2026-07-10 01:04:24.422 10 INFO neutron.wsgi [None req-5a94f718-62a9-49e9-89be-edc21cc4969f 93bb38056ea745e58d50bcc3901de230 fa442ff2038745fc9fdb718ea45a6e11 - - default default] 10.0.0.68 "GET /v2.0/subnetpools HTTP/1.1" status: 200 len: 193 time: 0.0120368
2026-07-10 01:04:24.442 10 INFO neutron.wsgi [None req-879951b3-263a-4f4b-a268-86281df02945 93bb38056ea745e58d50bcc3901de230 fa442ff2038745fc9fdb718ea45a6e11 - - default default] 10.0.0.68 "GET /v2.0/floatingips HTTP/1.1" status: 200 len: 193 time: 0.0198541
2026-07-10 01:04:24.506 10 INFO neutron.wsgi [None req-06043173-81a2-4138-99c8-3b5567133b55 93bb38056ea745e58d50bcc3901de230 fa442ff2038745fc9fdb718ea45a6e11 - - default default] 10.0.0.68 "GET /v2.0/security-groups HTTP/1.1" status: 200 len: 22359 time: 0.0630021
2026-07-10 01:04:24.527 9 WARNING neutron.scheduler.dhcp_agent_scheduler [None req-6202090f-3828-4271-bc96-b706640d73f7 b3b7fa4e4b334d3f89e7bbb92d45f1fd 92b04ea22e0543b6a8d24872650c2fa3 - - default default] No more DHCP agents
2026-07-10 01:04:24.533 9 INFO neutron.plugins.ml2.drivers.ovn.mech_driver.mech_driver [None req-7f73181f-a88a-4e4c-979b-89ea94793d49 - - - - - -] OVN reports status up for port: 87cf3848-0f8a-4ec6-a1f6-e54fcfcbd632
2026-07-10 01:04:24.533 9 WARNING neutron.api.rpc.agentnotifiers.dhcp_rpc_agent_api [None req-6202090f-3828-4271-bc96-b706640d73f7 b3b7fa4e4b334d3f89e7bbb92d45f1fd 92b04ea22e0543b6a8d24872650c2fa3 - - default default] Unable to schedule network dd76b96a-d945-4368-91a6-44c1b388fb76: no agents available; will retry on subsequent port and subnet creation events.
2026-07-10 01:04:24.581 9 INFO neutron.plugins.ml2.plugin [None req-7f73181f-a88a-4e4c-979b-89ea94793d49 - - - - - -] Attempt 1 to provision port 87cf3848-0f8a-4ec6-a1f6-e54fcfcbd632
2026-07-10 01:04:24.640 9 INFO neutron.db.ovn_revision_numbers_db [None req-968a63d1-5c79-467d-b161-9e87bcb6ae23 93bb38056ea745e58d50bcc3901de230 fa442ff2038745fc9fdb718ea45a6e11 - - default default] Successfully bumped revision number for resource 87cf3848-0f8a-4ec6-a1f6-e54fcfcbd632 (type: router_ports) to 1
2026-07-10 01:04:24.743 9 INFO neutron.db.ovn_revision_numbers_db [None req-6202090f-3828-4271-bc96-b706640d73f7 b3b7fa4e4b334d3f89e7bbb92d45f1fd 92b04ea22e0543b6a8d24872650c2fa3 - - default default] Successfully bumped revision number for resource 5a45af2e-afc3-4cfe-a650-69a7625d91d9 (type: ports) to 1
2026-07-10 01:04:24.790 9 INFO neutron.wsgi [None req-6202090f-3828-4271-bc96-b706640d73f7 b3b7fa4e4b334d3f89e7bbb92d45f1fd 92b04ea22e0543b6a8d24872650c2fa3 - - default default] 10.0.0.118 "POST /v2.0/networks HTTP/1.1" status: 201 len: 1444 time: 3.2563922
2026-07-10 01:04:24.801 9 INFO neutron.db.ovn_revision_numbers_db [None req-2a8feab5-d5d5-4fe5-bdd3-4fd2c462b3ee - - - - - -] Successfully bumped revision number for resource 4a96cf67-4204-4db9-8216-8ff172346c11 (type: ports) to 4
2026-07-10 01:04:24.916 10 INFO neutron.wsgi [None req-9b3f4544-cd7b-4259-a150-3d0267ac86c7 b3b7fa4e4b334d3f89e7bbb92d45f1fd 92b04ea22e0543b6a8d24872650c2fa3 - - default default] 10.0.0.118 "GET /v2.0/networks HTTP/1.1" status: 200 len: 2050 time: 0.1187763
2026-07-10 01:04:25.008 9 INFO neutron.db.ovn_revision_numbers_db [None req-968a63d1-5c79-467d-b161-9e87bcb6ae23 93bb38056ea745e58d50bcc3901de230 fa442ff2038745fc9fdb718ea45a6e11 - - default default] Successfully bumped revision number for resource 87cf3848-0f8a-4ec6-a1f6-e54fcfcbd632 (type: ports) to 1
2026-07-10 01:04:25.037 9 WARNING neutron_lib.context [None req-69756171-caef-4120-a53a-b63af2fbe602 ab3e561b06934e8a90eefec28e152942 996b6a4214d042b7a50109c6e9aeb449 - - default default] Method 'is_advsvc' is deprecated since 2023.2 release (neutron-lib 3.8.0) and will be removed once support for the old RBAC API policies will be removed from Neutron. Please use method 'is_service_role' instead.
2026-07-10 01:04:25.222 9 INFO neutron.db.ovn_revision_numbers_db [None req-2a8feab5-d5d5-4fe5-bdd3-4fd2c462b3ee - - - - - -] Successfully bumped revision number for resource 4a96cf67-4204-4db9-8216-8ff172346c11 (type: router_ports) to 4
2026-07-10 01:04:25.233 9 WARNING neutron.scheduler.dhcp_agent_scheduler [None req-968a63d1-5c79-467d-b161-9e87bcb6ae23 93bb38056ea745e58d50bcc3901de230 fa442ff2038745fc9fdb718ea45a6e11 - - default default] No more DHCP agents
2026-07-10 01:04:25.240 9 WARNING neutron.api.rpc.agentnotifiers.dhcp_rpc_agent_api [None req-968a63d1-5c79-467d-b161-9e87bcb6ae23 93bb38056ea745e58d50bcc3901de230 fa442ff2038745fc9fdb718ea45a6e11 - - default default] Unable to schedule network ead3b1c9-b20b-49e0-b1c3-77fbefc4f605: no agents available; will retry on subsequent port and subnet creation events.
2026-07-10 01:04:25.263 9 INFO neutron.db.ovn_revision_numbers_db [None req-7f73181f-a88a-4e4c-979b-89ea94793d49 - - - - - -] Successfully bumped revision number for resource 87cf3848-0f8a-4ec6-a1f6-e54fcfcbd632 (type: ports) to 2
2026-07-10 01:04:25.331 10 INFO neutron.services.segments.plugin [-] Segment edc66f52-1448-443d-b4cc-4d37f755d44d resource provider aggregate not found
2026-07-10 01:04:25.337 10 INFO neutron.services.segments.plugin [-] Segment edc66f52-1448-443d-b4cc-4d37f755d44d resource provider aggregate not found
2026-07-10 01:04:25.354 10 INFO neutron.services.segments.plugin [-] Segment edc66f52-1448-443d-b4cc-4d37f755d44d resource provider not found; error: Placement Client Error (4xx): {"errors": [{"status": 404, "title": "Not Found", "detail": "The resource could not be found.\n\n No resource provider with uuid edc66f52-1448-443d-b4cc-4d37f755d44d found for delete ", "request_id": "req-4d41b732-3741-4893-9244-ea589034c872"}]}
2026-07-10 01:04:25.356 10 INFO neutron.services.segments.plugin [-] Segment edc66f52-1448-443d-b4cc-4d37f755d44d resource provider not found; error: Placement Client Error (4xx): {"errors": [{"status": 404, "title": "Not Found", "detail": "The resource could not be found.\n\n No resource provider with uuid edc66f52-1448-443d-b4cc-4d37f755d44d found for delete ", "request_id": "req-aca8a834-8cc3-44c9-a84a-27abef7bbe1f"}]}
2026-07-10 01:04:25.387 10 INFO neutron.wsgi [None req-1c3098a9-8644-4816-b5c3-74504b90e802 b3b7fa4e4b334d3f89e7bbb92d45f1fd 92b04ea22e0543b6a8d24872650c2fa3 - - default default] 10.0.0.118 "DELETE /v2.0/networks/1b635715-8000-4fd8-b82b-cad964fc16d7 HTTP/1.1" status: 204 len: 168 time: 0.4587069
2026-07-10 01:04:25.413 9 INFO neutron.db.ovn_revision_numbers_db [None req-69756171-caef-4120-a53a-b63af2fbe602 ab3e561b06934e8a90eefec28e152942 996b6a4214d042b7a50109c6e9aeb449 - - default default] Successfully bumped revision number for resource 756f88fc-6a6c-48da-a49a-ef1a276813ac (type: security_groups) to 1
2026-07-10 01:04:25.423 9 INFO neutron.db.ovn_revision_numbers_db [None req-7f73181f-a88a-4e4c-979b-89ea94793d49 - - - - - -] Successfully bumped revision number for resource 87cf3848-0f8a-4ec6-a1f6-e54fcfcbd632 (type: router_ports) to 2
2026-07-10 01:04:25.439 9 INFO neutron.db.ovn_revision_numbers_db [None req-69756171-caef-4120-a53a-b63af2fbe602 ab3e561b06934e8a90eefec28e152942 996b6a4214d042b7a50109c6e9aeb449 - - default default] Successfully bumped revision number for resource 1430a240-4fa7-42e7-a25a-b8e79a6f96e7 (type: security_group_rules) to 0
2026-07-10 01:04:25.479 9 INFO neutron.db.ovn_revision_numbers_db [None req-69756171-caef-4120-a53a-b63af2fbe602 ab3e561b06934e8a90eefec28e152942 996b6a4214d042b7a50109c6e9aeb449 - - default default] Successfully bumped revision number for resource 4fc291fd-809e-42c4-935d-b70791090904 (type: security_group_rules) to 0
2026-07-10 01:04:25.498 9 INFO neutron.db.ovn_revision_numbers_db [None req-69756171-caef-4120-a53a-b63af2fbe602 ab3e561b06934e8a90eefec28e152942 996b6a4214d042b7a50109c6e9aeb449 - - default default] Successfully bumped revision number for resource bf30bd67-6188-4f38-a63d-bbb02371e2e2 (type: security_group_rules) to 0
2026-07-10 01:04:25.538 9 INFO neutron.db.ovn_revision_numbers_db [None req-69756171-caef-4120-a53a-b63af2fbe602 ab3e561b06934e8a90eefec28e152942 996b6a4214d042b7a50109c6e9aeb449 - - default default] Successfully bumped revision number for resource cc8baa64-5876-49a0-881c-60d7c7514c87 (type: security_group_rules) to 0
2026-07-10 01:04:25.597 9 INFO neutron.db.segments_db [None req-69756171-caef-4120-a53a-b63af2fbe602 ab3e561b06934e8a90eefec28e152942 996b6a4214d042b7a50109c6e9aeb449 - - default default] Added segment b47b4d25-ba7e-418e-9c0f-1defbc343df7 of type geneve for network 7111a296-dddd-4129-bec9-dbf4ba755e8c
2026-07-10 01:04:25.830 9 INFO neutron.db.ovn_revision_numbers_db [None req-69756171-caef-4120-a53a-b63af2fbe602 ab3e561b06934e8a90eefec28e152942 996b6a4214d042b7a50109c6e9aeb449 - - default default] Successfully bumped revision number for resource 7111a296-dddd-4129-bec9-dbf4ba755e8c (type: networks) to 1
2026-07-10 01:04:25.840 10 INFO neutron.wsgi [None req-20d0074f-a96e-472c-a692-e3f7b9d5d74a b3b7fa4e4b334d3f89e7bbb92d45f1fd 92b04ea22e0543b6a8d24872650c2fa3 - - default default] 10.0.0.118 "DELETE /v2.0/networks/dd76b96a-d945-4368-91a6-44c1b388fb76 HTTP/1.1" status: 204 len: 168 time: 0.4453363
2026-07-10 01:04:25.937 10 INFO neutron.wsgi [None req-6b21d732-35b6-4b4c-9111-11cd60cc24fb b3b7fa4e4b334d3f89e7bbb92d45f1fd 92b04ea22e0543b6a8d24872650c2fa3 - - default default] 10.0.0.118 "GET /v2.0/networks HTTP/1.1" status: 200 len: 845 time: 0.0875456
2026-07-10 01:04:25.937 9 INFO neutron.db.ovn_revision_numbers_db [None req-968a63d1-5c79-467d-b161-9e87bcb6ae23 93bb38056ea745e58d50bcc3901de230 fa442ff2038745fc9fdb718ea45a6e11 - - default default] Successfully bumped revision number for resource 87cf3848-0f8a-4ec6-a1f6-e54fcfcbd632 (type: router_ports) to 2
2026-07-10 01:04:25.940 9 INFO neutron.wsgi [None req-968a63d1-5c79-467d-b161-9e87bcb6ae23 93bb38056ea745e58d50bcc3901de230 fa442ff2038745fc9fdb718ea45a6e11 - - default default] 10.0.0.118 "PUT /v2.0/routers/829482f0-154c-490e-8685-ceb5c26b3825/add_router_interface HTTP/1.1" status: 200 len: 503 time: 4.0753894
2026-07-10 01:04:25.952 10 WARNING neutron_lib.context [None req-f25a2a46-df59-49bf-b33f-953b7ac9fc08 b3b7fa4e4b334d3f89e7bbb92d45f1fd 92b04ea22e0543b6a8d24872650c2fa3 - - default default] Method 'is_advsvc' is deprecated since 2023.2 release (neutron-lib 3.8.0) and will be removed once support for the old RBAC API policies will be removed from Neutron. Please use method 'is_service_role' instead.
2026-07-10 01:04:26.066 10 INFO neutron.db.segments_db [None req-f25a2a46-df59-49bf-b33f-953b7ac9fc08 b3b7fa4e4b334d3f89e7bbb92d45f1fd 92b04ea22e0543b6a8d24872650c2fa3 - - default default] Added segment 3fd71c68-fe0e-4c5b-857c-99edaefcfc92 of type geneve for network 9e6a59ed-0a92-453d-aa9e-515377a76ffb
2026-07-10 01:04:26.260 10 INFO neutron.db.ovn_revision_numbers_db [None req-f25a2a46-df59-49bf-b33f-953b7ac9fc08 b3b7fa4e4b334d3f89e7bbb92d45f1fd 92b04ea22e0543b6a8d24872650c2fa3 - - default default] Successfully bumped revision number for resource 9e6a59ed-0a92-453d-aa9e-515377a76ffb (type: networks) to 1
2026-07-10 01:04:26.302 9 WARNING neutron.scheduler.dhcp_agent_scheduler [None req-69756171-caef-4120-a53a-b63af2fbe602 ab3e561b06934e8a90eefec28e152942 996b6a4214d042b7a50109c6e9aeb449 - - default default] No more DHCP agents
2026-07-10 01:04:26.305 9 WARNING neutron.api.rpc.agentnotifiers.dhcp_rpc_agent_api [None req-69756171-caef-4120-a53a-b63af2fbe602 ab3e561b06934e8a90eefec28e152942 996b6a4214d042b7a50109c6e9aeb449 - - default default] Unable to schedule network 7111a296-dddd-4129-bec9-dbf4ba755e8c: no agents available; will retry on subsequent port and subnet creation events.
2026-07-10 01:04:26.398 9 INFO neutron.db.ovn_revision_numbers_db [None req-69756171-caef-4120-a53a-b63af2fbe602 ab3e561b06934e8a90eefec28e152942 996b6a4214d042b7a50109c6e9aeb449 - - default default] Successfully bumped revision number for resource ada097d6-e078-4030-90d5-129eb0e3c65c (type: ports) to 1
2026-07-10 01:04:26.433 9 INFO neutron.wsgi [None req-69756171-caef-4120-a53a-b63af2fbe602 ab3e561b06934e8a90eefec28e152942 996b6a4214d042b7a50109c6e9aeb449 - - default default] 10.0.0.118 "POST /v2.0/networks HTTP/1.1" status: 201 len: 843 time: 1.6046872
2026-07-10 01:04:26.448 9 WARNING neutron_lib.context [None req-dd5a7dfa-ba39-4e7b-b6d5-fbf599653da7 ab3e561b06934e8a90eefec28e152942 996b6a4214d042b7a50109c6e9aeb449 - - default default] Method 'is_advsvc' is deprecated since 2023.2 release (neutron-lib 3.8.0) and will be removed once support for the old RBAC API policies will be removed from Neutron. Please use method 'is_service_role' instead.
2026-07-10 01:04:26.492 10 WARNING neutron.scheduler.dhcp_agent_scheduler [None req-f25a2a46-df59-49bf-b33f-953b7ac9fc08 b3b7fa4e4b334d3f89e7bbb92d45f1fd 92b04ea22e0543b6a8d24872650c2fa3 - - default default] No more DHCP agents
2026-07-10 01:04:26.494 10 WARNING neutron.api.rpc.agentnotifiers.dhcp_rpc_agent_api [None req-f25a2a46-df59-49bf-b33f-953b7ac9fc08 b3b7fa4e4b334d3f89e7bbb92d45f1fd 92b04ea22e0543b6a8d24872650c2fa3 - - default default] Unable to schedule network 9e6a59ed-0a92-453d-aa9e-515377a76ffb: no agents available; will retry on subsequent port and subnet creation events.
2026-07-10 01:04:26.592 10 INFO neutron.db.ovn_revision_numbers_db [None req-f25a2a46-df59-49bf-b33f-953b7ac9fc08 b3b7fa4e4b334d3f89e7bbb92d45f1fd 92b04ea22e0543b6a8d24872650c2fa3 - - default default] Successfully bumped revision number for resource 9364484d-825b-4f67-aa68-61771c0c0334 (type: ports) to 1
2026-07-10 01:04:26.616 9 WARNING neutron_lib.context [None req-3d6f784a-0df6-4ea1-a6ab-64f2e9aa11b4 57aa477244e54a5ca7b27716ccec7cca 7b0a116c52dc448fa55e96cec5e57788 - - default default] Method 'is_advsvc' is deprecated since 2023.2 release (neutron-lib 3.8.0) and will be removed once support for the old RBAC API policies will be removed from Neutron. Please use method 'is_service_role' instead.
2026-07-10 01:04:26.620 10 INFO neutron.wsgi [None req-f25a2a46-df59-49bf-b33f-953b7ac9fc08 b3b7fa4e4b334d3f89e7bbb92d45f1fd 92b04ea22e0543b6a8d24872650c2fa3 - - default default] 10.0.0.118 "POST /v2.0/networks HTTP/1.1" status: 201 len: 853 time: 0.6738193
2026-07-10 01:04:26.634 10 WARNING neutron_lib.context [None req-0146571c-3f34-4428-b5f0-e93f6f2f0a5e b3b7fa4e4b334d3f89e7bbb92d45f1fd 92b04ea22e0543b6a8d24872650c2fa3 - - default default] Method 'is_advsvc' is deprecated since 2023.2 release (neutron-lib 3.8.0) and will be removed once support for the old RBAC API policies will be removed from Neutron. Please use method 'is_service_role' instead.
2026-07-10 01:04:26.721 10 INFO neutron.db.segments_db [None req-0146571c-3f34-4428-b5f0-e93f6f2f0a5e b3b7fa4e4b334d3f89e7bbb92d45f1fd 92b04ea22e0543b6a8d24872650c2fa3 - - default default] Added segment 56b3527e-f530-4b75-8690-885b46b96786 of type geneve for network c4af8148-33c2-417c-bd98-a3ed7d98eda8
2026-07-10 01:04:26.736 9 WARNING neutron.scheduler.dhcp_agent_scheduler [None req-dd5a7dfa-ba39-4e7b-b6d5-fbf599653da7 ab3e561b06934e8a90eefec28e152942 996b6a4214d042b7a50109c6e9aeb449 - - default default] No more DHCP agents
2026-07-10 01:04:26.741 9 WARNING neutron.api.rpc.agentnotifiers.dhcp_rpc_agent_api [None req-dd5a7dfa-ba39-4e7b-b6d5-fbf599653da7 ab3e561b06934e8a90eefec28e152942 996b6a4214d042b7a50109c6e9aeb449 - - default default] Unable to schedule network 7111a296-dddd-4129-bec9-dbf4ba755e8c: no agents available; will retry on subsequent port and subnet creation events.
2026-07-10 01:04:26.800 9 INFO neutron.db.ovn_revision_numbers_db [None req-3d6f784a-0df6-4ea1-a6ab-64f2e9aa11b4 57aa477244e54a5ca7b27716ccec7cca 7b0a116c52dc448fa55e96cec5e57788 - - default default] Successfully bumped revision number for resource 2f333012-64ac-4895-8741-9e2605c66d62 (type: security_groups) to 1
2026-07-10 01:04:26.828 9 INFO neutron.db.ovn_revision_numbers_db [None req-3d6f784a-0df6-4ea1-a6ab-64f2e9aa11b4 57aa477244e54a5ca7b27716ccec7cca 7b0a116c52dc448fa55e96cec5e57788 - - default default] Successfully bumped revision number for resource 19790198-6e2b-4b37-a06f-547dedd0a760 (type: security_group_rules) to 0
2026-07-10 01:04:26.840 9 INFO neutron.db.ovn_revision_numbers_db [None req-dd5a7dfa-ba39-4e7b-b6d5-fbf599653da7 ab3e561b06934e8a90eefec28e152942 996b6a4214d042b7a50109c6e9aeb449 - - default default] Successfully bumped revision number for resource e57b88b0-10e1-4a52-b8a8-594360a1439f (type: ports) to 1
2026-07-10 01:04:26.851 9 INFO neutron.db.ovn_revision_numbers_db [None req-3d6f784a-0df6-4ea1-a6ab-64f2e9aa11b4 57aa477244e54a5ca7b27716ccec7cca 7b0a116c52dc448fa55e96cec5e57788 - - default default] Successfully bumped revision number for resource c9badbea-334f-4548-baa0-c2cf8faffd4c (type: security_group_rules) to 0
2026-07-10 01:04:26.884 9 INFO neutron.wsgi [None req-3d6f784a-0df6-4ea1-a6ab-64f2e9aa11b4 57aa477244e54a5ca7b27716ccec7cca 7b0a116c52dc448fa55e96cec5e57788 - - default default] 10.0.0.118 "POST /v2.0/security-groups HTTP/1.1" status: 201 len: 1797 time: 0.2762897
2026-07-10 01:04:26.893 9 INFO neutron.wsgi [None req-dd5a7dfa-ba39-4e7b-b6d5-fbf599653da7 ab3e561b06934e8a90eefec28e152942 996b6a4214d042b7a50109c6e9aeb449 - - default default] 10.0.0.118 "POST /v2.0/ports HTTP/1.1" status: 201 len: 973 time: 0.4524021 /var/lib/openstack/lib/python3.10/site-packages/pycadf/identifier.py:71: UserWarning: Invalid uuid: neutron. To ensure interoperability, identifiers should be a valid uuid. warnings.warn(('Invalid uuid: %s. To ensure interoperability, '
2026-07-10 01:04:26.897 9 WARNING neutron_lib.context [None req-a66e2a4b-935e-485f-b25c-58d580869dff 57aa477244e54a5ca7b27716ccec7cca 7b0a116c52dc448fa55e96cec5e57788 - - default default] Method 'is_advsvc' is deprecated since 2023.2 release (neutron-lib 3.8.0) and will be removed once support for the old RBAC API policies will be removed from Neutron. Please use method 'is_service_role' instead.
2026-07-10 01:04:26.905 10 INFO neutron.db.ovn_revision_numbers_db [None req-0146571c-3f34-4428-b5f0-e93f6f2f0a5e b3b7fa4e4b334d3f89e7bbb92d45f1fd 92b04ea22e0543b6a8d24872650c2fa3 - - default default] Successfully bumped revision number for resource c4af8148-33c2-417c-bd98-a3ed7d98eda8 (type: networks) to 1
2026-07-10 01:04:26.905 9 WARNING neutron_lib.context [None req-5b36d6c2-9c51-49fc-8e0d-f7f4ec10f68a ab3e561b06934e8a90eefec28e152942 996b6a4214d042b7a50109c6e9aeb449 - - default default] Method 'is_advsvc' is deprecated since 2023.2 release (neutron-lib 3.8.0) and will be removed once support for the old RBAC API policies will be removed from Neutron. Please use method 'is_service_role' instead.
2026-07-10 01:04:27.004 9 INFO neutron.db.segments_db [None req-5b36d6c2-9c51-49fc-8e0d-f7f4ec10f68a ab3e561b06934e8a90eefec28e152942 996b6a4214d042b7a50109c6e9aeb449 - - default default] Added segment ac3f02c9-b30a-46dc-9862-c96997c4de97 of type geneve for network 5b4bfbaf-f334-4ad5-86f1-95a0ddc5b1a4
2026-07-10 01:04:27.142 9 INFO neutron.db.ovn_revision_numbers_db [None req-a66e2a4b-935e-485f-b25c-58d580869dff 57aa477244e54a5ca7b27716ccec7cca 7b0a116c52dc448fa55e96cec5e57788 - - default default] Successfully bumped revision number for resource 82699138-4911-44da-94d8-824dac1f16d9 (type: security_group_rules) to 0
2026-07-10 01:04:27.171 10 WARNING neutron.scheduler.dhcp_agent_scheduler [None req-0146571c-3f34-4428-b5f0-e93f6f2f0a5e b3b7fa4e4b334d3f89e7bbb92d45f1fd 92b04ea22e0543b6a8d24872650c2fa3 - - default default] No more DHCP agents
2026-07-10 01:04:27.175 10 WARNING neutron.api.rpc.agentnotifiers.dhcp_rpc_agent_api [None req-0146571c-3f34-4428-b5f0-e93f6f2f0a5e b3b7fa4e4b334d3f89e7bbb92d45f1fd 92b04ea22e0543b6a8d24872650c2fa3 - - default default] Unable to schedule network c4af8148-33c2-417c-bd98-a3ed7d98eda8: no agents available; will retry on subsequent port and subnet creation events.
2026-07-10 01:04:27.204 9 INFO neutron.wsgi [None req-a66e2a4b-935e-485f-b25c-58d580869dff 57aa477244e54a5ca7b27716ccec7cca 7b0a116c52dc448fa55e96cec5e57788 - - default default] 10.0.0.118 "POST /v2.0/security-group-rules HTTP/1.1" status: 201 len: 764 time: 0.3136244
2026-07-10 01:04:27.220 10 WARNING neutron_lib.context [None req-7084d211-76a2-42fd-9f95-1d94c5c20294 57aa477244e54a5ca7b27716ccec7cca 7b0a116c52dc448fa55e96cec5e57788 - - default default] Method 'is_advsvc' is deprecated since 2023.2 release (neutron-lib 3.8.0) and will be removed once support for the old RBAC API policies will be removed from Neutron. Please use method 'is_service_role' instead.
2026-07-10 01:04:27.244 9 INFO neutron.db.ovn_revision_numbers_db [None req-5b36d6c2-9c51-49fc-8e0d-f7f4ec10f68a ab3e561b06934e8a90eefec28e152942 996b6a4214d042b7a50109c6e9aeb449 - - default default] Successfully bumped revision number for resource 5b4bfbaf-f334-4ad5-86f1-95a0ddc5b1a4 (type: networks) to 1
2026-07-10 01:04:27.323 10 INFO neutron.db.ovn_revision_numbers_db [None req-0146571c-3f34-4428-b5f0-e93f6f2f0a5e b3b7fa4e4b334d3f89e7bbb92d45f1fd 92b04ea22e0543b6a8d24872650c2fa3 - - default default] Successfully bumped revision number for resource 530d0b87-f031-4bca-a100-8138ab1525ea (type: ports) to 1
2026-07-10 01:04:27.351 10 INFO neutron.wsgi [None req-0146571c-3f34-4428-b5f0-e93f6f2f0a5e b3b7fa4e4b334d3f89e7bbb92d45f1fd 92b04ea22e0543b6a8d24872650c2fa3 - - default default] 10.0.0.118 "POST /v2.0/networks HTTP/1.1" status: 201 len: 853 time: 0.7254407
2026-07-10 01:04:27.380 10 WARNING neutron_lib.context [None req-c39505ef-3586-46f8-bc5f-bfb6b3c40d82 b3b7fa4e4b334d3f89e7bbb92d45f1fd 92b04ea22e0543b6a8d24872650c2fa3 - - default default] Method 'is_advsvc' is deprecated since 2023.2 release (neutron-lib 3.8.0) and will be removed once support for the old RBAC API policies will be removed from Neutron. Please use method 'is_service_role' instead.
2026-07-10 01:04:27.388 10 INFO neutron.services.segments.plugin [-] Segment df89caad-ed2a-4d91-a4a8-0fa551873ad3 resource provider aggregate not found
2026-07-10 01:04:27.408 10 INFO neutron.services.segments.plugin [-] Segment df89caad-ed2a-4d91-a4a8-0fa551873ad3 resource provider aggregate not found
2026-07-10 01:04:27.419 10 INFO neutron.services.segments.plugin [-] Segment df89caad-ed2a-4d91-a4a8-0fa551873ad3 resource provider not found; error: Placement Client Error (4xx): {"errors": [{"status": 404, "title": "Not Found", "detail": "The resource could not be found.\n\n No resource provider with uuid df89caad-ed2a-4d91-a4a8-0fa551873ad3 found for delete ", "request_id": "req-c03c7dd6-c8b4-4dc1-b7c4-02567d7a5fe4"}]}
2026-07-10 01:04:27.441 10 INFO neutron.services.segments.plugin [-] Segment df89caad-ed2a-4d91-a4a8-0fa551873ad3 resource provider not found; error: Placement Client Error (4xx): {"errors": [{"status": 404, "title": "Not Found", "detail": "The resource could not be found.\n\n No resource provider with uuid df89caad-ed2a-4d91-a4a8-0fa551873ad3 found for delete ", "request_id": "req-696bb879-9498-4028-8281-cf036ea69e13"}]}
2026-07-10 01:04:27.462 10 WARNING neutron_lib.context [None req-c39505ef-3586-46f8-bc5f-bfb6b3c40d82 b3b7fa4e4b334d3f89e7bbb92d45f1fd 92b04ea22e0543b6a8d24872650c2fa3 - - default default] Method 'is_advsvc' is deprecated since 2023.2 release (neutron-lib 3.8.0) and will be removed once support for the old RBAC API policies will be removed from Neutron. Please use method 'is_service_role' instead.
2026-07-10 01:04:27.482 9 WARNING neutron.scheduler.dhcp_agent_scheduler [None req-5b36d6c2-9c51-49fc-8e0d-f7f4ec10f68a ab3e561b06934e8a90eefec28e152942 996b6a4214d042b7a50109c6e9aeb449 - - default default] No more DHCP agents
2026-07-10 01:04:27.488 9 WARNING neutron.api.rpc.agentnotifiers.dhcp_rpc_agent_api [None req-5b36d6c2-9c51-49fc-8e0d-f7f4ec10f68a ab3e561b06934e8a90eefec28e152942 996b6a4214d042b7a50109c6e9aeb449 - - default default] Unable to schedule network 5b4bfbaf-f334-4ad5-86f1-95a0ddc5b1a4: no agents available; will retry on subsequent port and subnet creation events.
2026-07-10 01:04:27.497 10 INFO neutron.db.ovn_revision_numbers_db [None req-7084d211-76a2-42fd-9f95-1d94c5c20294 57aa477244e54a5ca7b27716ccec7cca 7b0a116c52dc448fa55e96cec5e57788 - - default default] Successfully bumped revision number for resource f357bf69-09ee-4758-b789-43d5ddf2add6 (type: security_group_rules) to 0
2026-07-10 01:04:27.538 10 INFO neutron.wsgi [None req-7084d211-76a2-42fd-9f95-1d94c5c20294 57aa477244e54a5ca7b27716ccec7cca 7b0a116c52dc448fa55e96cec5e57788 - - default default] 10.0.0.118 "POST /v2.0/security-group-rules HTTP/1.1" status: 201 len: 769 time: 0.3258252
2026-07-10 01:04:27.550 9 WARNING neutron_lib.context [None req-73b6ace1-1016-49a7-a587-ab953c9d1fbc 57aa477244e54a5ca7b27716ccec7cca 7b0a116c52dc448fa55e96cec5e57788 - - default default] Method 'is_advsvc' is deprecated since 2023.2 release (neutron-lib 3.8.0) and will be removed once support for the old RBAC API policies will be removed from Neutron. Please use method 'is_service_role' instead.
2026-07-10 01:04:27.615 9 INFO neutron.db.ovn_revision_numbers_db [None req-5b36d6c2-9c51-49fc-8e0d-f7f4ec10f68a ab3e561b06934e8a90eefec28e152942 996b6a4214d042b7a50109c6e9aeb449 - - default default] Successfully bumped revision number for resource af76a32e-a55d-40df-bce5-006d4c71eb9a (type: ports) to 1
2026-07-10 01:04:27.653 9 INFO neutron.wsgi [None req-5b36d6c2-9c51-49fc-8e0d-f7f4ec10f68a ab3e561b06934e8a90eefec28e152942 996b6a4214d042b7a50109c6e9aeb449 - - default default] 10.0.0.118 "POST /v2.0/networks HTTP/1.1" status: 201 len: 830 time: 0.7533569
2026-07-10 01:04:27.668 10 WARNING neutron_lib.context [None req-d9bf9b95-9fc4-4eca-9fdb-ae051e357f50 ab3e561b06934e8a90eefec28e152942 996b6a4214d042b7a50109c6e9aeb449 - - default default] Method 'is_advsvc' is deprecated since 2023.2 release (neutron-lib 3.8.0) and will be removed once support for the old RBAC API policies will be removed from Neutron. Please use method 'is_service_role' instead.
2026-07-10 01:04:27.910 9 WARNING neutron.scheduler.dhcp_agent_scheduler [None req-73b6ace1-1016-49a7-a587-ab953c9d1fbc 57aa477244e54a5ca7b27716ccec7cca 7b0a116c52dc448fa55e96cec5e57788 - - default default] No more DHCP agents
2026-07-10 01:04:27.921 9 WARNING neutron.api.rpc.agentnotifiers.dhcp_rpc_agent_api [None req-73b6ace1-1016-49a7-a587-ab953c9d1fbc 57aa477244e54a5ca7b27716ccec7cca 7b0a116c52dc448fa55e96cec5e57788 - - default default] Unable to schedule network 101a8863-4512-4686-a02a-9f9ad7fb0755: no agents available; will retry on subsequent port and subnet creation events.
2026-07-10 01:04:28.018 10 WARNING neutron.scheduler.dhcp_agent_scheduler [None req-d9bf9b95-9fc4-4eca-9fdb-ae051e357f50 ab3e561b06934e8a90eefec28e152942 996b6a4214d042b7a50109c6e9aeb449 - - default default] No more DHCP agents
2026-07-10 01:04:28.021 10 WARNING neutron.api.rpc.agentnotifiers.dhcp_rpc_agent_api [None req-d9bf9b95-9fc4-4eca-9fdb-ae051e357f50 ab3e561b06934e8a90eefec28e152942 996b6a4214d042b7a50109c6e9aeb449 - - default default] Unable to schedule network 5b4bfbaf-f334-4ad5-86f1-95a0ddc5b1a4: no agents available; will retry on subsequent port and subnet creation events.
2026-07-10 01:04:28.137 10 WARNING neutron.scheduler.dhcp_agent_scheduler [None req-c39505ef-3586-46f8-bc5f-bfb6b3c40d82 b3b7fa4e4b334d3f89e7bbb92d45f1fd 92b04ea22e0543b6a8d24872650c2fa3 - - default default] No more DHCP agents
2026-07-10 01:04:28.141 10 WARNING neutron.api.rpc.agentnotifiers.dhcp_rpc_agent_api [None req-c39505ef-3586-46f8-bc5f-bfb6b3c40d82 b3b7fa4e4b334d3f89e7bbb92d45f1fd 92b04ea22e0543b6a8d24872650c2fa3 - - default default] Unable to schedule network 9e6a59ed-0a92-453d-aa9e-515377a76ffb: no agents available; will retry on subsequent port and subnet creation events.
2026-07-10 01:04:28.273 10 INFO neutron.db.ovn_revision_numbers_db [None req-c39505ef-3586-46f8-bc5f-bfb6b3c40d82 b3b7fa4e4b334d3f89e7bbb92d45f1fd 92b04ea22e0543b6a8d24872650c2fa3 - - default default] Successfully bumped revision number for resource f8e58291-bbac-4fa4-8df5-02cb14415950 (type: ports) to 1
2026-07-10 01:04:28.327 10 WARNING neutron.scheduler.dhcp_agent_scheduler [None req-c39505ef-3586-46f8-bc5f-bfb6b3c40d82 b3b7fa4e4b334d3f89e7bbb92d45f1fd 92b04ea22e0543b6a8d24872650c2fa3 - - default default] No more DHCP agents
2026-07-10 01:04:28.334 10 WARNING neutron.api.rpc.agentnotifiers.dhcp_rpc_agent_api [None req-c39505ef-3586-46f8-bc5f-bfb6b3c40d82 b3b7fa4e4b334d3f89e7bbb92d45f1fd 92b04ea22e0543b6a8d24872650c2fa3 - - default default] Unable to schedule network c4af8148-33c2-417c-bd98-a3ed7d98eda8: no agents available; will retry on subsequent port and subnet creation events.
2026-07-10 01:04:28.384 9 INFO neutron.db.ovn_revision_numbers_db [None req-73b6ace1-1016-49a7-a587-ab953c9d1fbc 57aa477244e54a5ca7b27716ccec7cca 7b0a116c52dc448fa55e96cec5e57788 - - default default] Successfully bumped revision number for resource 241c4bc2-3724-44b7-8b33-731f7dbb9cf7 (type: floatingips) to 0
2026-07-10 01:04:28.400 9 INFO neutron.wsgi [None req-73b6ace1-1016-49a7-a587-ab953c9d1fbc 57aa477244e54a5ca7b27716ccec7cca 7b0a116c52dc448fa55e96cec5e57788 - - default default] 10.0.0.118 "POST /v2.0/floatingips HTTP/1.1" status: 201 len: 751 time: 0.8563082
2026-07-10 01:04:28.453 10 INFO neutron.db.ovn_revision_numbers_db [None req-c39505ef-3586-46f8-bc5f-bfb6b3c40d82 b3b7fa4e4b334d3f89e7bbb92d45f1fd 92b04ea22e0543b6a8d24872650c2fa3 - - default default] Successfully bumped revision number for resource 6e12e1ca-20cb-497a-b2de-73cceaaa421e (type: ports) to 1
2026-07-10 01:04:28.457 9 INFO neutron.db.ovn_revision_numbers_db [None req-e219c58a-4a5a-4f3f-99fa-0b568fe337d8 93bb38056ea745e58d50bcc3901de230 fa442ff2038745fc9fdb718ea45a6e11 - - default default] Successfully bumped revision number for resource 500358f5-461c-4f96-8a35-0f87a6fbeab1 (type: security_groups) to 1
2026-07-10 01:04:28.477 9 INFO neutron.db.ovn_revision_numbers_db [None req-e219c58a-4a5a-4f3f-99fa-0b568fe337d8 93bb38056ea745e58d50bcc3901de230 fa442ff2038745fc9fdb718ea45a6e11 - - default default] Successfully bumped revision number for resource 6ba84349-57ad-455f-be2d-408fc463d4ea (type: security_group_rules) to 0
2026-07-10 01:04:28.492 9 INFO neutron.db.ovn_revision_numbers_db [None req-e219c58a-4a5a-4f3f-99fa-0b568fe337d8 93bb38056ea745e58d50bcc3901de230 fa442ff2038745fc9fdb718ea45a6e11 - - default default] Successfully bumped revision number for resource 6c81b588-e0ff-411e-baf5-9c979925651c (type: security_group_rules) to 0
2026-07-10 01:04:28.508 9 INFO neutron.db.ovn_revision_numbers_db [None req-e219c58a-4a5a-4f3f-99fa-0b568fe337d8 93bb38056ea745e58d50bcc3901de230 fa442ff2038745fc9fdb718ea45a6e11 - - default default] Successfully bumped revision number for resource 9907eb9b-2dc3-49fb-a6ae-fa9622a1f68d (type: security_group_rules) to 0
2026-07-10 01:04:28.526 9 INFO neutron.db.ovn_revision_numbers_db [None req-e219c58a-4a5a-4f3f-99fa-0b568fe337d8 93bb38056ea745e58d50bcc3901de230 fa442ff2038745fc9fdb718ea45a6e11 - - default default] Successfully bumped revision number for resource b6293734-fd34-45fd-8668-6f1ec6835c02 (type: security_group_rules) to 0
2026-07-10 01:04:28.549 9 INFO neutron.wsgi [None req-e219c58a-4a5a-4f3f-99fa-0b568fe337d8 93bb38056ea745e58d50bcc3901de230 fa442ff2038745fc9fdb718ea45a6e11 - - default default] 10.0.0.118 "GET /v2.0/security-groups?tenant_id=5151716bc23e42a1969c7a9c86b572b6&name=default HTTP/1.1" status: 200 len: 2996 time: 0.5135732
2026-07-10 01:04:28.737 10 INFO neutron.wsgi [None req-c39505ef-3586-46f8-bc5f-bfb6b3c40d82 b3b7fa4e4b334d3f89e7bbb92d45f1fd 92b04ea22e0543b6a8d24872650c2fa3 - - default default] 10.0.0.118 "POST /v2.0/ports HTTP/1.1" status: 201 len: 1705 time: 1.3630157
2026-07-10 01:04:28.817 9 INFO neutron.wsgi [None req-afac4a36-3a32-47a2-955c-6a0a27bf0eea 93bb38056ea745e58d50bcc3901de230 fa442ff2038745fc9fdb718ea45a6e11 - - default default] 10.0.0.118 "DELETE /v2.0/security-groups/500358f5-461c-4f96-8a35-0f87a6fbeab1 HTTP/1.1" status: 204 len: 168 time: 0.2610061
2026-07-10 01:04:28.924 9 INFO neutron.wsgi [None req-40746782-b918-4226-ba86-9e0de097810c b3b7fa4e4b334d3f89e7bbb92d45f1fd 92b04ea22e0543b6a8d24872650c2fa3 - - default default] 10.0.0.118 "GET /v2.0/ports HTTP/1.1" status: 200 len: 3212 time: 0.1795835
2026-07-10 01:04:28.952 10 INFO neutron.db.ovn_revision_numbers_db [None req-d9bf9b95-9fc4-4eca-9fdb-ae051e357f50 ab3e561b06934e8a90eefec28e152942 996b6a4214d042b7a50109c6e9aeb449 - - default default] Successfully bumped revision number for resource af76a32e-a55d-40df-bce5-006d4c71eb9a (type: ports) to 2
2026-07-10 01:04:28.989 10 INFO neutron.db.ovn_revision_numbers_db [None req-d9bf9b95-9fc4-4eca-9fdb-ae051e357f50 ab3e561b06934e8a90eefec28e152942 996b6a4214d042b7a50109c6e9aeb449 - - default default] Successfully bumped revision number for resource fd6fb034-502d-4e6e-aed2-7b959e925f75 (type: subnets) to 0
2026-07-10 01:04:29.007 10 INFO neutron.wsgi [None req-d9bf9b95-9fc4-4eca-9fdb-ae051e357f50 ab3e561b06934e8a90eefec28e152942 996b6a4214d042b7a50109c6e9aeb449 - - default default] 10.0.0.118 "POST /v2.0/subnets HTTP/1.1" status: 201 len: 801 time: 1.3449893 /var/lib/openstack/lib/python3.10/site-packages/pycadf/identifier.py:71: UserWarning: Invalid uuid: neutron. To ensure interoperability, identifiers should be a valid uuid. warnings.warn(('Invalid uuid: %s. To ensure interoperability, '
2026-07-10 01:04:29.019 10 WARNING neutron_lib.context [None req-6d73dfe5-f5d7-4e58-a762-4117d493fed2 ab3e561b06934e8a90eefec28e152942 996b6a4214d042b7a50109c6e9aeb449 - - default default] Method 'is_advsvc' is deprecated since 2023.2 release (neutron-lib 3.8.0) and will be removed once support for the old RBAC API policies will be removed from Neutron. Please use method 'is_service_role' instead.
2026-07-10 01:04:29.125 9 INFO neutron.db.ovn_revision_numbers_db [None req-c8695959-184e-4797-aabb-41cb86bf9884 93bb38056ea745e58d50bcc3901de230 fa442ff2038745fc9fdb718ea45a6e11 - - default default] Successfully bumped revision number for resource c09ab3c8-7998-4cc2-adf1-fae0554e6afc (type: security_groups) to 1
2026-07-10 01:04:29.147 9 INFO neutron.db.ovn_revision_numbers_db [None req-c8695959-184e-4797-aabb-41cb86bf9884 93bb38056ea745e58d50bcc3901de230 fa442ff2038745fc9fdb718ea45a6e11 - - default default] Successfully bumped revision number for resource 2293fa33-4c10-410b-b737-0da6e690f700 (type: security_group_rules) to 0
2026-07-10 01:04:29.193 9 INFO neutron.db.ovn_revision_numbers_db [None req-c8695959-184e-4797-aabb-41cb86bf9884 93bb38056ea745e58d50bcc3901de230 fa442ff2038745fc9fdb718ea45a6e11 - - default default] Successfully bumped revision number for resource 471be937-8cbf-4df8-b80f-668d982af99a (type: security_group_rules) to 0
2026-07-10 01:04:29.215 9 INFO neutron.db.ovn_revision_numbers_db [None req-c8695959-184e-4797-aabb-41cb86bf9884 93bb38056ea745e58d50bcc3901de230 fa442ff2038745fc9fdb718ea45a6e11 - - default default] Successfully bumped revision number for resource ce738a09-42fe-48be-a815-b12354911b89 (type: security_group_rules) to 0
2026-07-10 01:04:29.233 9 INFO neutron.db.ovn_revision_numbers_db [None req-c8695959-184e-4797-aabb-41cb86bf9884 93bb38056ea745e58d50bcc3901de230 fa442ff2038745fc9fdb718ea45a6e11 - - default default] Successfully bumped revision number for resource fbfb8333-bf42-4501-92ab-061d98315494 (type: security_group_rules) to 0
2026-07-10 01:04:29.277 9 INFO neutron.wsgi [None req-c8695959-184e-4797-aabb-41cb86bf9884 93bb38056ea745e58d50bcc3901de230 fa442ff2038745fc9fdb718ea45a6e11 - - default default] 10.0.0.118 "GET /v2.0/security-groups?tenant_id=40c52bfba2b149a58e19c92d87a91a8a&name=default HTTP/1.1" status: 200 len: 2996 time: 0.3415272
2026-07-10 01:04:29.315 9 INFO neutron.wsgi [None req-7ffcd8a6-3cf9-4fa8-98b2-a987b0cd0eea b3b7fa4e4b334d3f89e7bbb92d45f1fd 92b04ea22e0543b6a8d24872650c2fa3 - - default default] 10.0.0.118 "DELETE /v2.0/ports/f8e58291-bbac-4fa4-8df5-02cb14415950 HTTP/1.1" status: 204 len: 168 time: 0.3814330
2026-07-10 01:04:29.444 10 WARNING neutron.scheduler.dhcp_agent_scheduler [None req-6d73dfe5-f5d7-4e58-a762-4117d493fed2 ab3e561b06934e8a90eefec28e152942 996b6a4214d042b7a50109c6e9aeb449 - - default default] No more DHCP agents
2026-07-10 01:04:29.448 10 WARNING neutron.api.rpc.agentnotifiers.dhcp_rpc_agent_api [None req-6d73dfe5-f5d7-4e58-a762-4117d493fed2 ab3e561b06934e8a90eefec28e152942 996b6a4214d042b7a50109c6e9aeb449 - - default default] Unable to schedule network 5b4bfbaf-f334-4ad5-86f1-95a0ddc5b1a4: no agents available; will retry on subsequent port and subnet creation events.
2026-07-10 01:04:29.632 9 INFO neutron.wsgi [None req-434c6d9b-a472-40a5-ad14-23f1c9bfd02b 93bb38056ea745e58d50bcc3901de230 fa442ff2038745fc9fdb718ea45a6e11 - - default default] 10.0.0.118 "DELETE /v2.0/security-groups/c09ab3c8-7998-4cc2-adf1-fae0554e6afc HTTP/1.1" status: 204 len: 168 time: 0.3494415
2026-07-10 01:04:29.638 9 INFO neutron.wsgi [None req-d0cd766f-b6b3-46ca-a4dc-acc8ce29c02d b3b7fa4e4b334d3f89e7bbb92d45f1fd 92b04ea22e0543b6a8d24872650c2fa3 - - default default] 10.0.0.118 "DELETE /v2.0/ports/6e12e1ca-20cb-497a-b2de-73cceaaa421e HTTP/1.1" status: 204 len: 168 time: 0.3169782 /var/lib/openstack/lib/python3.10/site-packages/pycadf/identifier.py:71: UserWarning: Invalid uuid: neutron. To ensure interoperability, identifiers should be a valid uuid. warnings.warn(('Invalid uuid: %s. To ensure interoperability, '
2026-07-10 01:04:29.677 10 INFO neutron.db.ovn_revision_numbers_db [None req-6d73dfe5-f5d7-4e58-a762-4117d493fed2 ab3e561b06934e8a90eefec28e152942 996b6a4214d042b7a50109c6e9aeb449 - - default default] Successfully bumped revision number for resource 7246458d-b2b0-4e38-a43c-9d27dd2d3792 (type: ports) to 1
2026-07-10 01:04:29.706 10 INFO neutron.wsgi [None req-6d73dfe5-f5d7-4e58-a762-4117d493fed2 ab3e561b06934e8a90eefec28e152942 996b6a4214d042b7a50109c6e9aeb449 - - default default] 10.0.0.118 "POST /v2.0/ports HTTP/1.1" status: 201 len: 1150 time: 0.6936531
2026-07-10 01:04:29.794 10 INFO neutron.wsgi [None req-1546fc4e-1fda-4baa-a09f-d3ab27de1e3c b3b7fa4e4b334d3f89e7bbb92d45f1fd 92b04ea22e0543b6a8d24872650c2fa3 - - default default] 10.0.0.118 "GET /v2.0/ports HTTP/1.1" status: 200 len: 1718 time: 0.1501644
2026-07-10 01:04:29.818 10 WARNING neutron_lib.context [None req-b780c8b4-9a4f-4c4d-844c-70daae0dceb3 b3b7fa4e4b334d3f89e7bbb92d45f1fd 92b04ea22e0543b6a8d24872650c2fa3 - - default default] Method 'is_advsvc' is deprecated since 2023.2 release (neutron-lib 3.8.0) and will be removed once support for the old RBAC API policies will be removed from Neutron. Please use method 'is_service_role' instead.
2026-07-10 01:04:29.897 10 INFO neutron.db.segments_db [None req-b780c8b4-9a4f-4c4d-844c-70daae0dceb3 b3b7fa4e4b334d3f89e7bbb92d45f1fd 92b04ea22e0543b6a8d24872650c2fa3 - - default default] Added segment c4aeac8f-7d8c-444a-94f4-16cac3260d45 of type geneve for network 3ff57dbd-3db8-439f-884b-872853944e73
2026-07-10 01:04:30.092 10 INFO neutron.db.ovn_revision_numbers_db [None req-b780c8b4-9a4f-4c4d-844c-70daae0dceb3 b3b7fa4e4b334d3f89e7bbb92d45f1fd 92b04ea22e0543b6a8d24872650c2fa3 - - default default] Successfully bumped revision number for resource 3ff57dbd-3db8-439f-884b-872853944e73 (type: networks) to 1
2026-07-10 01:04:30.133 9 INFO neutron.wsgi [None req-b96cd661-4e36-4b37-87e4-4c6a67cf1783 ab3e561b06934e8a90eefec28e152942 996b6a4214d042b7a50109c6e9aeb449 - - default default] 10.0.0.118 "DELETE /v2.0/ports/7246458d-b2b0-4e38-a43c-9d27dd2d3792 HTTP/1.1" status: 204 len: 168 time: 0.4190016
2026-07-10 01:04:30.163 9 INFO neutron.pecan_wsgi.hooks.translation [None req-583f847b-444b-4f29-acc1-d64314a6148c ab3e561b06934e8a90eefec28e152942 996b6a4214d042b7a50109c6e9aeb449 - - default default] DELETE failed (client error): The resource could not be found.
2026-07-10 01:04:30.166 9 INFO neutron.wsgi [None req-583f847b-444b-4f29-acc1-d64314a6148c ab3e561b06934e8a90eefec28e152942 996b6a4214d042b7a50109c6e9aeb449 - - default default] 10.0.0.118 "DELETE /v2.0/ports/7246458d-b2b0-4e38-a43c-9d27dd2d3792 HTTP/1.1" status: 404 len: 333 time: 0.0274732
2026-07-10 01:04:30.200 10 INFO neutron.pecan_wsgi.hooks.translation [None req-ac801ee4-b430-4038-9195-7bc4a45835ce ab3e561b06934e8a90eefec28e152942 996b6a4214d042b7a50109c6e9aeb449 - - default default] GET failed (client error): The resource could not be found.
2026-07-10 01:04:30.202 10 INFO neutron.wsgi [None req-ac801ee4-b430-4038-9195-7bc4a45835ce ab3e561b06934e8a90eefec28e152942 996b6a4214d042b7a50109c6e9aeb449 - - default default] 10.0.0.118 "GET /v2.0/ports/7246458d-b2b0-4e38-a43c-9d27dd2d3792 HTTP/1.1" status: 404 len: 333 time: 0.0296915
2026-07-10 01:04:30.353 10 WARNING neutron.scheduler.dhcp_agent_scheduler [None req-b780c8b4-9a4f-4c4d-844c-70daae0dceb3 b3b7fa4e4b334d3f89e7bbb92d45f1fd 92b04ea22e0543b6a8d24872650c2fa3 - - default default] No more DHCP agents
2026-07-10 01:04:30.359 10 WARNING neutron.api.rpc.agentnotifiers.dhcp_rpc_agent_api [None req-b780c8b4-9a4f-4c4d-844c-70daae0dceb3 b3b7fa4e4b334d3f89e7bbb92d45f1fd 92b04ea22e0543b6a8d24872650c2fa3 - - default default] Unable to schedule network 3ff57dbd-3db8-439f-884b-872853944e73: no agents available; will retry on subsequent port and subnet creation events.
2026-07-10 01:04:30.419 9 INFO neutron.wsgi [-] 10.0.0.27 "GET / HTTP/1.1" status: 200 len: 247 time: 0.0017030
2026-07-10 01:04:30.421 9 INFO neutron.wsgi [-] 10.0.0.27 "GET / HTTP/1.1" status: 200 len: 247 time: 0.0010595
2026-07-10 01:04:30.493 10 INFO neutron.db.ovn_revision_numbers_db [None req-b780c8b4-9a4f-4c4d-844c-70daae0dceb3 b3b7fa4e4b334d3f89e7bbb92d45f1fd 92b04ea22e0543b6a8d24872650c2fa3 - - default default] Successfully bumped revision number for resource 3decde18-943a-46e9-8387-3b5580d3a3e8 (type: ports) to 1
2026-07-10 01:04:30.507 9 WARNING neutron.plugins.ml2.drivers.ovn.mech_driver.ovsdb.ovn_client [None req-7f73181f-a88a-4e4c-979b-89ea94793d49 - - - - - -] No hosting information found for port 87cf3848-0f8a-4ec6-a1f6-e54fcfcbd632: RuntimeError: No hosting information found for port 87cf3848-0f8a-4ec6-a1f6-e54fcfcbd632
2026-07-10 01:04:30.520 10 INFO neutron.wsgi [None req-b780c8b4-9a4f-4c4d-844c-70daae0dceb3 b3b7fa4e4b334d3f89e7bbb92d45f1fd 92b04ea22e0543b6a8d24872650c2fa3 - - default default] 10.0.0.118 "POST /v2.0/networks HTTP/1.1" status: 201 len: 853 time: 0.7094526
2026-07-10 01:04:30.530 10 INFO neutron.wsgi [None req-03bd6682-1126-4f55-a7cd-51f0d57825be ab3e561b06934e8a90eefec28e152942 996b6a4214d042b7a50109c6e9aeb449 - - default default] 10.0.0.118 "DELETE /v2.0/subnets/fd6fb034-502d-4e6e-aed2-7b959e925f75 HTTP/1.1" status: 204 len: 168 time: 0.3231559
2026-07-10 01:04:30.532 9 WARNING neutron_lib.context [None req-7086be4b-c5ae-483d-81ee-9288d2c66115 b3b7fa4e4b334d3f89e7bbb92d45f1fd 92b04ea22e0543b6a8d24872650c2fa3 - - default default] Method 'is_advsvc' is deprecated since 2023.2 release (neutron-lib 3.8.0) and will be removed once support for the old RBAC API policies will be removed from Neutron. Please use method 'is_service_role' instead.
2026-07-10 01:04:30.619 9 INFO neutron.db.segments_db [None req-7086be4b-c5ae-483d-81ee-9288d2c66115 b3b7fa4e4b334d3f89e7bbb92d45f1fd 92b04ea22e0543b6a8d24872650c2fa3 - - default default] Added segment 326a4938-1820-4c1c-a2b0-d37f8fb6e162 of type geneve for network 95e0df9a-d167-4f3f-a57c-d019ded26dca
2026-07-10 01:04:30.767 9 INFO neutron.db.ovn_revision_numbers_db [None req-7086be4b-c5ae-483d-81ee-9288d2c66115 b3b7fa4e4b334d3f89e7bbb92d45f1fd 92b04ea22e0543b6a8d24872650c2fa3 - - default default] Successfully bumped revision number for resource 95e0df9a-d167-4f3f-a57c-d019ded26dca (type: networks) to 1
2026-07-10 01:04:30.955 10 INFO neutron.services.segments.plugin [-] Segment ac3f02c9-b30a-46dc-9862-c96997c4de97 resource provider aggregate not found
2026-07-10 01:04:30.963 10 INFO neutron.services.segments.plugin [-] Segment ac3f02c9-b30a-46dc-9862-c96997c4de97 resource provider aggregate not found
2026-07-10 01:04:30.984 9 WARNING neutron.scheduler.dhcp_agent_scheduler [None req-7086be4b-c5ae-483d-81ee-9288d2c66115 b3b7fa4e4b334d3f89e7bbb92d45f1fd 92b04ea22e0543b6a8d24872650c2fa3 - - default default] No more DHCP agents
2026-07-10 01:04:30.987 9 WARNING neutron.api.rpc.agentnotifiers.dhcp_rpc_agent_api [None req-7086be4b-c5ae-483d-81ee-9288d2c66115 b3b7fa4e4b334d3f89e7bbb92d45f1fd 92b04ea22e0543b6a8d24872650c2fa3 - - default default] Unable to schedule network 95e0df9a-d167-4f3f-a57c-d019ded26dca: no agents available; will retry on subsequent port and subnet creation events.
2026-07-10 01:04:30.994 10 INFO neutron.services.segments.plugin [-] Segment ac3f02c9-b30a-46dc-9862-c96997c4de97 resource provider not found; error: Placement Client Error (4xx): {"errors": [{"status": 404, "title": "Not Found", "detail": "The resource could not be found.\n\n No resource provider with uuid ac3f02c9-b30a-46dc-9862-c96997c4de97 found for delete ", "request_id": "req-9327abc3-03c4-4f7e-a6f8-e4dadf34da11"}]}
2026-07-10 01:04:30.996 10 INFO neutron.services.segments.plugin [-] Segment ac3f02c9-b30a-46dc-9862-c96997c4de97 resource provider not found; error: Placement Client Error (4xx): {"errors": [{"status": 404, "title": "Not Found", "detail": "The resource could not be found.\n\n No resource provider with uuid ac3f02c9-b30a-46dc-9862-c96997c4de97 found for delete ", "request_id": "req-956f4d4a-cd52-48a1-8699-41ee030af191"}]}
2026-07-10 01:04:31.014 10 INFO neutron.wsgi [None req-8e2848be-a5a0-460d-85bd-a18bea54346a ab3e561b06934e8a90eefec28e152942 996b6a4214d042b7a50109c6e9aeb449 - - default default] 10.0.0.118 "DELETE /v2.0/networks/5b4bfbaf-f334-4ad5-86f1-95a0ddc5b1a4 HTTP/1.1" status: 204 len: 168 time: 0.4795461
2026-07-10 01:04:31.029 9 WARNING neutron_lib.context [None req-65be5ac4-9ed0-4e67-97b5-9da6f3ab064b ab3e561b06934e8a90eefec28e152942 996b6a4214d042b7a50109c6e9aeb449 - - default default] Method 'is_advsvc' is deprecated since 2023.2 release (neutron-lib 3.8.0) and will be removed once support for the old RBAC API policies will be removed from Neutron. Please use method 'is_service_role' instead.
2026-07-10 01:04:31.127 9 INFO neutron.db.ovn_revision_numbers_db [None req-7086be4b-c5ae-483d-81ee-9288d2c66115 b3b7fa4e4b334d3f89e7bbb92d45f1fd 92b04ea22e0543b6a8d24872650c2fa3 - - default default] Successfully bumped revision number for resource 10ba08f4-aa19-4487-b526-e29f25afb104 (type: ports) to 1
2026-07-10 01:04:31.162 9 INFO neutron.wsgi [None req-7086be4b-c5ae-483d-81ee-9288d2c66115 b3b7fa4e4b334d3f89e7bbb92d45f1fd 92b04ea22e0543b6a8d24872650c2fa3 - - default default] 10.0.0.118 "POST /v2.0/networks HTTP/1.1" status: 201 len: 852 time: 0.6365583
2026-07-10 01:04:31.163 9 INFO neutron.db.segments_db [None req-65be5ac4-9ed0-4e67-97b5-9da6f3ab064b ab3e561b06934e8a90eefec28e152942 996b6a4214d042b7a50109c6e9aeb449 - - default default] Added segment 9911fe4a-ccab-4db0-9905-765fc80e5f1d of type geneve for network 4ad8484c-ef0c-456b-a215-0a9c4958b442
2026-07-10 01:04:31.332 9 INFO neutron.db.ovn_revision_numbers_db [None req-65be5ac4-9ed0-4e67-97b5-9da6f3ab064b ab3e561b06934e8a90eefec28e152942 996b6a4214d042b7a50109c6e9aeb449 - - default default] Successfully bumped revision number for resource 4ad8484c-ef0c-456b-a215-0a9c4958b442 (type: networks) to 1
2026-07-10 01:04:31.530 9 WARNING neutron.scheduler.dhcp_agent_scheduler [None req-65be5ac4-9ed0-4e67-97b5-9da6f3ab064b ab3e561b06934e8a90eefec28e152942 996b6a4214d042b7a50109c6e9aeb449 - - default default] No more DHCP agents
2026-07-10 01:04:31.534 9 WARNING neutron.api.rpc.agentnotifiers.dhcp_rpc_agent_api [None req-65be5ac4-9ed0-4e67-97b5-9da6f3ab064b ab3e561b06934e8a90eefec28e152942 996b6a4214d042b7a50109c6e9aeb449 - - default default] Unable to schedule network 4ad8484c-ef0c-456b-a215-0a9c4958b442: no agents available; will retry on subsequent port and subnet creation events.
2026-07-10 01:04:31.642 9 INFO neutron.db.ovn_revision_numbers_db [None req-65be5ac4-9ed0-4e67-97b5-9da6f3ab064b ab3e561b06934e8a90eefec28e152942 996b6a4214d042b7a50109c6e9aeb449 - - default default] Successfully bumped revision number for resource a8d9c2a2-e5cb-4c5d-94cc-9e23136f78c4 (type: ports) to 1
2026-07-10 01:04:31.675 9 INFO neutron.wsgi [None req-65be5ac4-9ed0-4e67-97b5-9da6f3ab064b ab3e561b06934e8a90eefec28e152942 996b6a4214d042b7a50109c6e9aeb449 - - default default] 10.0.0.118 "POST /v2.0/networks HTTP/1.1" status: 201 len: 831 time: 0.6528580
2026-07-10 01:04:31.687 9 WARNING neutron_lib.context [None req-7c600cd2-393a-49c8-8c2d-d1f9970fc324 ab3e561b06934e8a90eefec28e152942 996b6a4214d042b7a50109c6e9aeb449 - - default default] Method 'is_advsvc' is deprecated since 2023.2 release (neutron-lib 3.8.0) and will be removed once support for the old RBAC API policies will be removed from Neutron. Please use method 'is_service_role' instead.
2026-07-10 01:04:31.742 10 WARNING neutron_lib.context [None req-94a6d801-578c-4f28-ae20-f33e5a4b0bc5 b3b7fa4e4b334d3f89e7bbb92d45f1fd 92b04ea22e0543b6a8d24872650c2fa3 - - default default] Method 'is_advsvc' is deprecated since 2023.2 release (neutron-lib 3.8.0) and will be removed once support for the old RBAC API policies will be removed from Neutron. Please use method 'is_service_role' instead.
2026-07-10 01:04:31.787 10 WARNING neutron_lib.context [None req-94a6d801-578c-4f28-ae20-f33e5a4b0bc5 b3b7fa4e4b334d3f89e7bbb92d45f1fd 92b04ea22e0543b6a8d24872650c2fa3 - - default default] Method 'is_advsvc' is deprecated since 2023.2 release (neutron-lib 3.8.0) and will be removed once support for the old RBAC API policies will be removed from Neutron. Please use method 'is_service_role' instead.
2026-07-10 01:04:32.016 9 WARNING neutron.scheduler.dhcp_agent_scheduler [None req-7c600cd2-393a-49c8-8c2d-d1f9970fc324 ab3e561b06934e8a90eefec28e152942 996b6a4214d042b7a50109c6e9aeb449 - - default default] No more DHCP agents
2026-07-10 01:04:32.018 9 WARNING neutron.api.rpc.agentnotifiers.dhcp_rpc_agent_api [None req-7c600cd2-393a-49c8-8c2d-d1f9970fc324 ab3e561b06934e8a90eefec28e152942 996b6a4214d042b7a50109c6e9aeb449 - - default default] Unable to schedule network 4ad8484c-ef0c-456b-a215-0a9c4958b442: no agents available; will retry on subsequent port and subnet creation events.
