2026-07-10 01:02:23.811 10 INFO neutron.wsgi [None req-8e910940-31d7-41d7-a1e1-7ef5b13f4c71 93bb38056ea745e58d50bcc3901de230 fa442ff2038745fc9fdb718ea45a6e11 - - default default] 10.0.0.68 "GET /v2.0/agents HTTP/1.1" status: 200 len: 997 time: 0.0440097
2026-07-10 01:02:23.835 10 INFO neutron.wsgi [None req-f21f2bd7-d357-4445-b60d-ba62cc3a4f24 93bb38056ea745e58d50bcc3901de230 fa442ff2038745fc9fdb718ea45a6e11 - - default default] 10.0.0.68 "GET /v2.0/floatingips HTTP/1.1" status: 200 len: 193 time: 0.0214818
2026-07-10 01:02:23.885 10 INFO neutron.wsgi [None req-a85c485b-9dd9-49b4-8493-343aa022a402 93bb38056ea745e58d50bcc3901de230 fa442ff2038745fc9fdb718ea45a6e11 - - default default] 10.0.0.68 "GET /v2.0/ports HTTP/1.1" status: 200 len: 5347 time: 0.0496230
2026-07-10 01:02:23.925 10 INFO neutron.wsgi [None req-1b75825c-6472-46cf-8bd5-79e88962f842 93bb38056ea745e58d50bcc3901de230 fa442ff2038745fc9fdb718ea45a6e11 - - default default] 10.0.0.68 "GET /v2.0/subnets HTTP/1.1" status: 200 len: 1437 time: 0.0349619
2026-07-10 01:02:23.934 10 INFO neutron.wsgi [None req-b38e1682-11ce-4cbd-8d6f-0a82c1788dfd 93bb38056ea745e58d50bcc3901de230 fa442ff2038745fc9fdb718ea45a6e11 - - default default] 10.0.0.68 "GET /v2.0/subnetpools HTTP/1.1" status: 200 len: 193 time: 0.0091457
2026-07-10 01:02:24.005 10 INFO neutron.wsgi [None req-376bea9f-5d87-478f-bf96-99e6e76123ca 93bb38056ea745e58d50bcc3901de230 fa442ff2038745fc9fdb718ea45a6e11 - - default default] 10.0.0.68 "GET /v2.0/networks HTTP/1.1" status: 200 len: 2350 time: 0.0702248
2026-07-10 01:02:24.047 10 INFO neutron.wsgi [None req-3d316fa9-8b33-4381-8d72-f5f7c370252f 93bb38056ea745e58d50bcc3901de230 fa442ff2038745fc9fdb718ea45a6e11 - - default default] 10.0.0.68 "GET /v2.0/subnets HTTP/1.1" status: 200 len: 1437 time: 0.0397546
2026-07-10 01:02:24.086 10 INFO neutron.wsgi [None req-140d2155-7021-4f7c-9e43-8a1c763a5258 93bb38056ea745e58d50bcc3901de230 fa442ff2038745fc9fdb718ea45a6e11 - - default default] 10.0.0.68 "GET /v2.0/routers HTTP/1.1" status: 200 len: 189 time: 0.0362518
2026-07-10 01:02:24.098 10 INFO neutron.wsgi [None req-00652486-a774-44a1-b991-fdb4c3499067 93bb38056ea745e58d50bcc3901de230 fa442ff2038745fc9fdb718ea45a6e11 - - default default] 10.0.0.68 "GET /v2.0/agents?binary=ovn-controller HTTP/1.1" status: 200 len: 591 time: 0.0122337
2026-07-10 01:02:24.118 10 INFO neutron.wsgi [None req-397d4f62-99cd-4f79-8259-33341a391842 93bb38056ea745e58d50bcc3901de230 fa442ff2038745fc9fdb718ea45a6e11 - - default default] 10.0.0.68 "GET /v2.0/network-ip-availabilities HTTP/1.1" status: 200 len: 1280 time: 0.0164428
2026-07-10 01:02:30.420 10 INFO neutron.wsgi [-] 10.0.0.27 "GET / HTTP/1.1" status: 200 len: 247 time: 0.0018020
2026-07-10 01:02:30.421 9 INFO neutron.wsgi [-] 10.0.0.27 "GET / HTTP/1.1" status: 200 len: 247 time: 0.0031328
2026-07-10 01:02:45.420 10 INFO neutron.wsgi [-] 10.0.0.27 "GET / HTTP/1.1" status: 200 len: 247 time: 0.0034287
2026-07-10 01:02:45.423 9 INFO neutron.wsgi [-] 10.0.0.27 "GET / HTTP/1.1" status: 200 len: 247 time: 0.0046456
2026-07-10 01:03:00.419 10 INFO neutron.wsgi [-] 10.0.0.27 "GET / HTTP/1.1" status: 200 len: 247 time: 0.0025165
2026-07-10 01:03:00.420 9 INFO neutron.wsgi [-] 10.0.0.27 "GET / HTTP/1.1" status: 200 len: 247 time: 0.0030303
2026-07-10 01:03:00.874 10 INFO neutron.wsgi [None req-70cb9fe4-6f29-4000-874d-5ae197ab8970 93bb38056ea745e58d50bcc3901de230 fa442ff2038745fc9fdb718ea45a6e11 - - default default] 10.0.0.118 "GET /v2.0/networks HTTP/1.1" status: 200 len: 2369 time: 0.2564330
2026-07-10 01:03:02.181 10 INFO neutron.wsgi [None req-afa79b57-4e5d-4dbd-8456-a764a7d198d4 93bb38056ea745e58d50bcc3901de230 fa442ff2038745fc9fdb718ea45a6e11 - - default default] 10.0.0.118 "GET /v2.0/floatingips HTTP/1.1" status: 200 len: 212 time: 0.0343199
2026-07-10 01:03:02.226 10 INFO neutron.wsgi [None req-9d9edb5b-dbfa-4bb8-95c5-ef8cfdf70e17 93bb38056ea745e58d50bcc3901de230 fa442ff2038745fc9fdb718ea45a6e11 - - default default] 10.0.0.118 "GET /v2.0/routers HTTP/1.1" status: 200 len: 208 time: 0.0385041
2026-07-10 01:03:02.282 10 INFO neutron.wsgi [None req-d77bd474-6f85-4c84-9e59-aad431f06582 93bb38056ea745e58d50bcc3901de230 fa442ff2038745fc9fdb718ea45a6e11 - - default default] 10.0.0.118 "GET /v2.0/ports HTTP/1.1" status: 200 len: 5366 time: 0.0513885
2026-07-10 01:03:02.321 10 INFO neutron.wsgi [None req-80685142-12e1-474c-a1e8-ed2ee8125729 93bb38056ea745e58d50bcc3901de230 fa442ff2038745fc9fdb718ea45a6e11 - - default default] 10.0.0.118 "GET /v2.0/subnets HTTP/1.1" status: 200 len: 1456 time: 0.0350320
2026-07-10 01:03:02.430 9 INFO neutron.wsgi [None req-f129765d-7141-417c-a2d6-376b90047cde 93bb38056ea745e58d50bcc3901de230 fa442ff2038745fc9fdb718ea45a6e11 - - default default] 10.0.0.118 "GET /v2.0/networks HTTP/1.1" status: 200 len: 2369 time: 0.1030211
2026-07-10 01:03:02.488 10 INFO neutron.wsgi [None req-742580ed-e673-47ac-83d5-d2e57e3bf35d 93bb38056ea745e58d50bcc3901de230 fa442ff2038745fc9fdb718ea45a6e11 - - default default] 10.0.0.118 "GET /v2.0/security-groups HTTP/1.1" status: 200 len: 16818 time: 0.0518312
2026-07-10 01:03:02.504 10 INFO neutron.wsgi [None req-c31197cc-6cb5-4576-9efc-e1f20ac7b2d8 93bb38056ea745e58d50bcc3901de230 fa442ff2038745fc9fdb718ea45a6e11 - - default default] 10.0.0.118 "GET /v2.0/subnetpools HTTP/1.1" status: 200 len: 212 time: 0.0090139
2026-07-10 01:03:15.418 9 INFO neutron.wsgi [-] 10.0.0.27 "GET / HTTP/1.1" status: 200 len: 247 time: 0.0014362
2026-07-10 01:03:15.419 10 INFO neutron.wsgi [-] 10.0.0.27 "GET / HTTP/1.1" status: 200 len: 247 time: 0.0023196
2026-07-10 01:03:15.922 9 INFO neutron.db.ovn_revision_numbers_db [None req-167c64b1-1fd3-4030-a2a0-3ce3fdd39b80 93bb38056ea745e58d50bcc3901de230 fa442ff2038745fc9fdb718ea45a6e11 - - default default] Successfully bumped revision number for resource a284b201-56ec-4545-9923-2bb0e7a68630 (type: security_groups) to 1
2026-07-10 01:03:15.924 9 INFO neutron.db.ovn_revision_numbers_db [None req-b4fe1621-e996-4a11-9e86-b7e2768817de 93bb38056ea745e58d50bcc3901de230 fa442ff2038745fc9fdb718ea45a6e11 - - default default] Successfully bumped revision number for resource f23cc645-a574-4d80-a0a6-841586288bbc (type: security_groups) to 1
2026-07-10 01:03:15.948 9 INFO neutron.db.ovn_revision_numbers_db [None req-b4fe1621-e996-4a11-9e86-b7e2768817de 93bb38056ea745e58d50bcc3901de230 fa442ff2038745fc9fdb718ea45a6e11 - - default default] Successfully bumped revision number for resource 817d27cb-0e3f-4d73-81ac-2c784f9c12ec (type: security_group_rules) to 0
2026-07-10 01:03:15.950 9 INFO neutron.db.ovn_revision_numbers_db [None req-167c64b1-1fd3-4030-a2a0-3ce3fdd39b80 93bb38056ea745e58d50bcc3901de230 fa442ff2038745fc9fdb718ea45a6e11 - - default default] Successfully bumped revision number for resource 14588bea-3094-4d8b-af98-1a3830841b39 (type: security_group_rules) to 0
2026-07-10 01:03:15.969 10 INFO neutron.db.ovn_revision_numbers_db [None req-b7d03467-f508-4041-b485-9e218e6c2dd0 93bb38056ea745e58d50bcc3901de230 fa442ff2038745fc9fdb718ea45a6e11 - - default default] Successfully bumped revision number for resource 238c1a14-0e61-45e4-a00d-f49d22e5b320 (type: security_groups) to 1
2026-07-10 01:03:15.970 9 INFO neutron.db.ovn_revision_numbers_db [None req-167c64b1-1fd3-4030-a2a0-3ce3fdd39b80 93bb38056ea745e58d50bcc3901de230 fa442ff2038745fc9fdb718ea45a6e11 - - default default] Successfully bumped revision number for resource 6d143f8f-f35c-4423-8dc8-d12fab3b8d91 (type: security_group_rules) to 0
2026-07-10 01:03:15.973 9 INFO neutron.db.ovn_revision_numbers_db [None req-b4fe1621-e996-4a11-9e86-b7e2768817de 93bb38056ea745e58d50bcc3901de230 fa442ff2038745fc9fdb718ea45a6e11 - - default default] Successfully bumped revision number for resource a135a43a-2a5d-4caf-8ae8-905f5e8222ba (type: security_group_rules) to 0
2026-07-10 01:03:15.985 10 INFO neutron.db.ovn_revision_numbers_db [None req-b7d03467-f508-4041-b485-9e218e6c2dd0 93bb38056ea745e58d50bcc3901de230 fa442ff2038745fc9fdb718ea45a6e11 - - default default] Successfully bumped revision number for resource 07d0f7be-a5ce-49b2-a761-2facc628a936 (type: security_group_rules) to 0
2026-07-10 01:03:15.990 9 INFO neutron.db.ovn_revision_numbers_db [None req-167c64b1-1fd3-4030-a2a0-3ce3fdd39b80 93bb38056ea745e58d50bcc3901de230 fa442ff2038745fc9fdb718ea45a6e11 - - default default] Successfully bumped revision number for resource b71eaedf-79a6-4a30-b1fd-573f52027505 (type: security_group_rules) to 0
2026-07-10 01:03:15.992 9 INFO neutron.db.ovn_revision_numbers_db [None req-b4fe1621-e996-4a11-9e86-b7e2768817de 93bb38056ea745e58d50bcc3901de230 fa442ff2038745fc9fdb718ea45a6e11 - - default default] Successfully bumped revision number for resource bd7853ef-3674-495f-ac8a-486d52621620 (type: security_group_rules) to 0
2026-07-10 01:03:15.997 10 INFO neutron.db.ovn_revision_numbers_db [None req-b7d03467-f508-4041-b485-9e218e6c2dd0 93bb38056ea745e58d50bcc3901de230 fa442ff2038745fc9fdb718ea45a6e11 - - default default] Successfully bumped revision number for resource 9cdea74c-0621-46bb-8a93-4d9d3abbc7f2 (type: security_group_rules) to 0
2026-07-10 01:03:16.009 9 INFO neutron.db.ovn_revision_numbers_db [None req-167c64b1-1fd3-4030-a2a0-3ce3fdd39b80 93bb38056ea745e58d50bcc3901de230 fa442ff2038745fc9fdb718ea45a6e11 - - default default] Successfully bumped revision number for resource fb24473f-1ea0-4a15-8e01-156050e7862f (type: security_group_rules) to 0
2026-07-10 01:03:16.012 10 INFO neutron.db.ovn_revision_numbers_db [None req-b7d03467-f508-4041-b485-9e218e6c2dd0 93bb38056ea745e58d50bcc3901de230 fa442ff2038745fc9fdb718ea45a6e11 - - default default] Successfully bumped revision number for resource b045de3c-f584-4eba-b4ee-5ca78125b5d8 (type: security_group_rules) to 0
2026-07-10 01:03:16.014 9 INFO neutron.db.ovn_revision_numbers_db [None req-b4fe1621-e996-4a11-9e86-b7e2768817de 93bb38056ea745e58d50bcc3901de230 fa442ff2038745fc9fdb718ea45a6e11 - - default default] Successfully bumped revision number for resource faf18a4c-0491-423e-a9b3-54b9c8e3ceff (type: security_group_rules) to 0
2026-07-10 01:03:16.026 10 INFO neutron.db.ovn_revision_numbers_db [None req-b7d03467-f508-4041-b485-9e218e6c2dd0 93bb38056ea745e58d50bcc3901de230 fa442ff2038745fc9fdb718ea45a6e11 - - default default] Successfully bumped revision number for resource f229591e-d2d0-4b13-a7cc-6c052c4c13e6 (type: security_group_rules) to 0
2026-07-10 01:03:16.078 9 INFO neutron.db.segments_db [None req-167c64b1-1fd3-4030-a2a0-3ce3fdd39b80 93bb38056ea745e58d50bcc3901de230 fa442ff2038745fc9fdb718ea45a6e11 - - default default] Added segment fbbf7ffd-9e1a-41b7-85bc-6c4eb5972639 of type geneve for network bcb70c46-1aef-4efd-9770-8a44c292722a
2026-07-10 01:03:16.084 9 INFO neutron.db.segments_db [None req-b4fe1621-e996-4a11-9e86-b7e2768817de 93bb38056ea745e58d50bcc3901de230 fa442ff2038745fc9fdb718ea45a6e11 - - default default] Added segment 7687182d-9827-453d-82da-b990042825f9 of type geneve for network 33e08325-fd1d-4ec4-a3a6-8fdaba09278e
2026-07-10 01:03:16.089 10 INFO neutron.db.segments_db [None req-b7d03467-f508-4041-b485-9e218e6c2dd0 93bb38056ea745e58d50bcc3901de230 fa442ff2038745fc9fdb718ea45a6e11 - - default default] Added segment c29bff26-ded4-47ca-ae34-bfb1bc6c3f3c of type geneve for network a4c396a4-cba4-471e-ac36-c1319f2c3e09
2026-07-10 01:03:16.240 10 INFO neutron.db.ovn_revision_numbers_db [None req-b7d03467-f508-4041-b485-9e218e6c2dd0 93bb38056ea745e58d50bcc3901de230 fa442ff2038745fc9fdb718ea45a6e11 - - default default] Successfully bumped revision number for resource a4c396a4-cba4-471e-ac36-c1319f2c3e09 (type: networks) to 1
2026-07-10 01:03:16.314 9 INFO neutron.db.ovn_revision_numbers_db [None req-167c64b1-1fd3-4030-a2a0-3ce3fdd39b80 93bb38056ea745e58d50bcc3901de230 fa442ff2038745fc9fdb718ea45a6e11 - - default default] Successfully bumped revision number for resource bcb70c46-1aef-4efd-9770-8a44c292722a (type: networks) to 1
2026-07-10 01:03:16.339 9 INFO neutron.db.ovn_revision_numbers_db [None req-b4fe1621-e996-4a11-9e86-b7e2768817de 93bb38056ea745e58d50bcc3901de230 fa442ff2038745fc9fdb718ea45a6e11 - - default default] Successfully bumped revision number for resource 33e08325-fd1d-4ec4-a3a6-8fdaba09278e (type: networks) to 1
2026-07-10 01:03:16.415 10 WARNING neutron.scheduler.dhcp_agent_scheduler [None req-b7d03467-f508-4041-b485-9e218e6c2dd0 93bb38056ea745e58d50bcc3901de230 fa442ff2038745fc9fdb718ea45a6e11 - - default default] No more DHCP agents
2026-07-10 01:03:16.417 10 WARNING neutron.api.rpc.agentnotifiers.dhcp_rpc_agent_api [None req-b7d03467-f508-4041-b485-9e218e6c2dd0 93bb38056ea745e58d50bcc3901de230 fa442ff2038745fc9fdb718ea45a6e11 - - default default] Unable to schedule network a4c396a4-cba4-471e-ac36-c1319f2c3e09: no agents available; will retry on subsequent port and subnet creation events.
2026-07-10 01:03:16.505 10 INFO neutron.db.ovn_revision_numbers_db [None req-b7d03467-f508-4041-b485-9e218e6c2dd0 93bb38056ea745e58d50bcc3901de230 fa442ff2038745fc9fdb718ea45a6e11 - - default default] Successfully bumped revision number for resource c08b801e-c026-485a-a98e-11c6c21936fb (type: ports) to 1
2026-07-10 01:03:16.531 10 INFO neutron.wsgi [None req-b7d03467-f508-4041-b485-9e218e6c2dd0 93bb38056ea745e58d50bcc3901de230 fa442ff2038745fc9fdb718ea45a6e11 - - default default] 10.0.0.118 "POST /v2.0/networks HTTP/1.1" status: 201 len: 947 time: 0.7519550
2026-07-10 01:03:16.535 9 WARNING neutron.scheduler.dhcp_agent_scheduler [None req-167c64b1-1fd3-4030-a2a0-3ce3fdd39b80 93bb38056ea745e58d50bcc3901de230 fa442ff2038745fc9fdb718ea45a6e11 - - default default] No more DHCP agents
2026-07-10 01:03:16.539 9 WARNING neutron.api.rpc.agentnotifiers.dhcp_rpc_agent_api [None req-167c64b1-1fd3-4030-a2a0-3ce3fdd39b80 93bb38056ea745e58d50bcc3901de230 fa442ff2038745fc9fdb718ea45a6e11 - - default default] Unable to schedule network bcb70c46-1aef-4efd-9770-8a44c292722a: no agents available; will retry on subsequent port and subnet creation events.
2026-07-10 01:03:16.549 9 WARNING neutron.scheduler.dhcp_agent_scheduler [None req-b4fe1621-e996-4a11-9e86-b7e2768817de 93bb38056ea745e58d50bcc3901de230 fa442ff2038745fc9fdb718ea45a6e11 - - default default] No more DHCP agents
2026-07-10 01:03:16.552 9 WARNING neutron.api.rpc.agentnotifiers.dhcp_rpc_agent_api [None req-b4fe1621-e996-4a11-9e86-b7e2768817de 93bb38056ea745e58d50bcc3901de230 fa442ff2038745fc9fdb718ea45a6e11 - - default default] Unable to schedule network 33e08325-fd1d-4ec4-a3a6-8fdaba09278e: no agents available; will retry on subsequent port and subnet creation events.
2026-07-10 01:03:16.713 10 WARNING neutron.scheduler.dhcp_agent_scheduler [None req-eb700acd-734d-4c40-b3ae-96a5aa0769b9 93bb38056ea745e58d50bcc3901de230 fa442ff2038745fc9fdb718ea45a6e11 - - default default] No more DHCP agents
2026-07-10 01:03:16.715 10 WARNING neutron.api.rpc.agentnotifiers.dhcp_rpc_agent_api [None req-eb700acd-734d-4c40-b3ae-96a5aa0769b9 93bb38056ea745e58d50bcc3901de230 fa442ff2038745fc9fdb718ea45a6e11 - - default default] Unable to schedule network a4c396a4-cba4-471e-ac36-c1319f2c3e09: no agents available; will retry on subsequent port and subnet creation events.
2026-07-10 01:03:16.730 9 INFO neutron.db.ovn_revision_numbers_db [None req-167c64b1-1fd3-4030-a2a0-3ce3fdd39b80 93bb38056ea745e58d50bcc3901de230 fa442ff2038745fc9fdb718ea45a6e11 - - default default] Successfully bumped revision number for resource aa83d2e7-1415-4fbe-96bf-1ba0aa8b08c7 (type: ports) to 1
2026-07-10 01:03:16.742 9 INFO neutron.db.ovn_revision_numbers_db [None req-b4fe1621-e996-4a11-9e86-b7e2768817de 93bb38056ea745e58d50bcc3901de230 fa442ff2038745fc9fdb718ea45a6e11 - - default default] Successfully bumped revision number for resource da62252c-49ae-41b3-bbb7-4beae0aa1e38 (type: ports) to 1
2026-07-10 01:03:16.757 9 INFO neutron.wsgi [None req-167c64b1-1fd3-4030-a2a0-3ce3fdd39b80 93bb38056ea745e58d50bcc3901de230 fa442ff2038745fc9fdb718ea45a6e11 - - default default] 10.0.0.118 "POST /v2.0/networks HTTP/1.1" status: 201 len: 946 time: 1.2801821
2026-07-10 01:03:16.765 9 INFO neutron.wsgi [None req-b4fe1621-e996-4a11-9e86-b7e2768817de 93bb38056ea745e58d50bcc3901de230 fa442ff2038745fc9fdb718ea45a6e11 - - default default] 10.0.0.118 "POST /v2.0/networks HTTP/1.1" status: 201 len: 951 time: 1.2748609
2026-07-10 01:03:16.925 9 WARNING neutron.scheduler.dhcp_agent_scheduler [None req-38fdbe8c-a142-4aab-b8d8-0757f45d421a 93bb38056ea745e58d50bcc3901de230 fa442ff2038745fc9fdb718ea45a6e11 - - default default] No more DHCP agents
2026-07-10 01:03:16.926 9 WARNING neutron.api.rpc.agentnotifiers.dhcp_rpc_agent_api [None req-38fdbe8c-a142-4aab-b8d8-0757f45d421a 93bb38056ea745e58d50bcc3901de230 fa442ff2038745fc9fdb718ea45a6e11 - - default default] Unable to schedule network 33e08325-fd1d-4ec4-a3a6-8fdaba09278e: no agents available; will retry on subsequent port and subnet creation events.
2026-07-10 01:03:17.255 10 INFO neutron.db.ovn_revision_numbers_db [None req-9169b182-1be7-4ad0-a012-a52b808eebf6 93bb38056ea745e58d50bcc3901de230 fa442ff2038745fc9fdb718ea45a6e11 - - default default] Successfully bumped revision number for resource a2309e69-b3cb-40ac-8688-37ceceea69a8 (type: security_groups) to 1
2026-07-10 01:03:17.259 10 WARNING neutron.scheduler.dhcp_agent_scheduler [None req-c58a3661-cfc1-412d-aaa1-a0ab9f5aa131 93bb38056ea745e58d50bcc3901de230 fa442ff2038745fc9fdb718ea45a6e11 - - default default] No more DHCP agents
2026-07-10 01:03:17.264 10 WARNING neutron.api.rpc.agentnotifiers.dhcp_rpc_agent_api [None req-c58a3661-cfc1-412d-aaa1-a0ab9f5aa131 93bb38056ea745e58d50bcc3901de230 fa442ff2038745fc9fdb718ea45a6e11 - - default default] Unable to schedule network bcb70c46-1aef-4efd-9770-8a44c292722a: no agents available; will retry on subsequent port and subnet creation events.
2026-07-10 01:03:17.295 10 INFO neutron.db.ovn_revision_numbers_db [None req-9169b182-1be7-4ad0-a012-a52b808eebf6 93bb38056ea745e58d50bcc3901de230 fa442ff2038745fc9fdb718ea45a6e11 - - default default] Successfully bumped revision number for resource 30c651d2-a961-4aa0-89d1-a8ba18e1fe0c (type: security_group_rules) to 0
2026-07-10 01:03:17.338 10 INFO neutron.db.ovn_revision_numbers_db [None req-9169b182-1be7-4ad0-a012-a52b808eebf6 93bb38056ea745e58d50bcc3901de230 fa442ff2038745fc9fdb718ea45a6e11 - - default default] Successfully bumped revision number for resource 81a0de5e-b61e-4cde-b3e7-3b9d11e6da6e (type: security_group_rules) to 0
2026-07-10 01:03:17.369 10 INFO neutron.db.ovn_revision_numbers_db [None req-9169b182-1be7-4ad0-a012-a52b808eebf6 93bb38056ea745e58d50bcc3901de230 fa442ff2038745fc9fdb718ea45a6e11 - - default default] Successfully bumped revision number for resource a62146ba-48a8-4faf-851a-dd6e717526f3 (type: security_group_rules) to 0
2026-07-10 01:03:17.411 10 INFO neutron.db.ovn_revision_numbers_db [None req-9169b182-1be7-4ad0-a012-a52b808eebf6 93bb38056ea745e58d50bcc3901de230 fa442ff2038745fc9fdb718ea45a6e11 - - default default] Successfully bumped revision number for resource b5f0a520-9a56-46a8-8bfd-13355e159921 (type: security_group_rules) to 0
2026-07-10 01:03:17.469 10 INFO neutron.wsgi [None req-9169b182-1be7-4ad0-a012-a52b808eebf6 93bb38056ea745e58d50bcc3901de230 fa442ff2038745fc9fdb718ea45a6e11 - - default default] 10.0.0.118 "GET /v2.0/security-groups?tenant_id=a4a05649ca9742b4b3b7754a51edb683&name=default HTTP/1.1" status: 200 len: 2992 time: 0.8177962
2026-07-10 01:03:17.519 9 INFO neutron.db.ovn_revision_numbers_db [None req-38fdbe8c-a142-4aab-b8d8-0757f45d421a 93bb38056ea745e58d50bcc3901de230 fa442ff2038745fc9fdb718ea45a6e11 - - default default] Successfully bumped revision number for resource da62252c-49ae-41b3-bbb7-4beae0aa1e38 (type: ports) to 2
2026-07-10 01:03:17.565 9 INFO neutron.db.ovn_revision_numbers_db [None req-38fdbe8c-a142-4aab-b8d8-0757f45d421a 93bb38056ea745e58d50bcc3901de230 fa442ff2038745fc9fdb718ea45a6e11 - - default default] Successfully bumped revision number for resource 9f444129-cb66-4048-b971-36abfe5e6bb9 (type: subnets) to 0
2026-07-10 01:03:17.587 9 INFO neutron.wsgi [None req-38fdbe8c-a142-4aab-b8d8-0757f45d421a 93bb38056ea745e58d50bcc3901de230 fa442ff2038745fc9fdb718ea45a6e11 - - default default] 10.0.0.118 "POST /v2.0/subnets HTTP/1.1" status: 201 len: 871 time: 0.8173525
2026-07-10 01:03:17.774 10 INFO neutron.db.ovn_revision_numbers_db [None req-eb700acd-734d-4c40-b3ae-96a5aa0769b9 93bb38056ea745e58d50bcc3901de230 fa442ff2038745fc9fdb718ea45a6e11 - - default default] Successfully bumped revision number for resource c08b801e-c026-485a-a98e-11c6c21936fb (type: ports) to 2
2026-07-10 01:03:17.826 10 INFO neutron.db.ovn_revision_numbers_db [None req-eb700acd-734d-4c40-b3ae-96a5aa0769b9 93bb38056ea745e58d50bcc3901de230 fa442ff2038745fc9fdb718ea45a6e11 - - default default] Successfully bumped revision number for resource 7fa3719c-d6e2-42d5-a87a-b1743bd84d98 (type: subnets) to 0
2026-07-10 01:03:17.831 9 INFO neutron.wsgi [None req-99a42599-3d70-4c53-ac2a-828a3805d8f1 93bb38056ea745e58d50bcc3901de230 fa442ff2038745fc9fdb718ea45a6e11 - - default default] 10.0.0.118 "DELETE /v2.0/security-groups/a2309e69-b3cb-40ac-8688-37ceceea69a8 HTTP/1.1" status: 204 len: 168 time: 0.3545399
2026-07-10 01:03:17.848 10 INFO neutron.wsgi [None req-eb700acd-734d-4c40-b3ae-96a5aa0769b9 93bb38056ea745e58d50bcc3901de230 fa442ff2038745fc9fdb718ea45a6e11 - - default default] 10.0.0.118 "POST /v2.0/subnets HTTP/1.1" status: 201 len: 867 time: 1.3081424
2026-07-10 01:03:18.072 10 INFO neutron.db.ovn_revision_numbers_db [None req-c58a3661-cfc1-412d-aaa1-a0ab9f5aa131 93bb38056ea745e58d50bcc3901de230 fa442ff2038745fc9fdb718ea45a6e11 - - default default] Successfully bumped revision number for resource aa83d2e7-1415-4fbe-96bf-1ba0aa8b08c7 (type: ports) to 2
2026-07-10 01:03:18.150 10 INFO neutron.db.ovn_revision_numbers_db [None req-c58a3661-cfc1-412d-aaa1-a0ab9f5aa131 93bb38056ea745e58d50bcc3901de230 fa442ff2038745fc9fdb718ea45a6e11 - - default default] Successfully bumped revision number for resource a6d10145-55e6-4e37-a0c4-17d3779dfbc1 (type: subnets) to 0
2026-07-10 01:03:18.185 10 INFO neutron.wsgi [None req-c58a3661-cfc1-412d-aaa1-a0ab9f5aa131 93bb38056ea745e58d50bcc3901de230 fa442ff2038745fc9fdb718ea45a6e11 - - default default] 10.0.0.118 "POST /v2.0/subnets HTTP/1.1" status: 201 len: 866 time: 1.4201834
2026-07-10 01:03:18.294 9 WARNING neutron.scheduler.dhcp_agent_scheduler [None req-d52ec838-fb26-4911-8944-97e93caa99da 93bb38056ea745e58d50bcc3901de230 fa442ff2038745fc9fdb718ea45a6e11 - - default default] No more DHCP agents
2026-07-10 01:03:18.297 9 WARNING neutron.api.rpc.agentnotifiers.dhcp_rpc_agent_api [None req-d52ec838-fb26-4911-8944-97e93caa99da 93bb38056ea745e58d50bcc3901de230 fa442ff2038745fc9fdb718ea45a6e11 - - default default] Unable to schedule network 101a8863-4512-4686-a02a-9f9ad7fb0755: no agents available; will retry on subsequent port and subnet creation events.
2026-07-10 01:03:18.451 9 INFO neutron.db.ovn_revision_numbers_db [None req-d52ec838-fb26-4911-8944-97e93caa99da 93bb38056ea745e58d50bcc3901de230 fa442ff2038745fc9fdb718ea45a6e11 - - default default] Successfully bumped revision number for resource adb52e38-af73-45b7-b0a9-765020c10273 (type: ports) to 1
2026-07-10 01:03:18.821 10 WARNING neutron.scheduler.dhcp_agent_scheduler [None req-e953ead7-14b9-4fc9-a346-6b8e5040205d 93bb38056ea745e58d50bcc3901de230 fa442ff2038745fc9fdb718ea45a6e11 - - default default] No more DHCP agents
2026-07-10 01:03:18.827 10 WARNING neutron.api.rpc.agentnotifiers.dhcp_rpc_agent_api [None req-e953ead7-14b9-4fc9-a346-6b8e5040205d 93bb38056ea745e58d50bcc3901de230 fa442ff2038745fc9fdb718ea45a6e11 - - default default] Unable to schedule network 101a8863-4512-4686-a02a-9f9ad7fb0755: no agents available; will retry on subsequent port and subnet creation events.
2026-07-10 01:03:18.891 9 INFO neutron.plugins.ml2.drivers.ovn.mech_driver.ovsdb.extensions.qos [None req-d52ec838-fb26-4911-8944-97e93caa99da 93bb38056ea745e58d50bcc3901de230 fa442ff2038745fc9fdb718ea45a6e11 - - default default] Starting OVNClientQosExtension
2026-07-10 01:03:19.021 10 WARNING neutron.scheduler.dhcp_agent_scheduler [None req-1d29b65e-54a1-416e-bcf6-07c3c4aaed09 93bb38056ea745e58d50bcc3901de230 fa442ff2038745fc9fdb718ea45a6e11 - - default default] No more DHCP agents
2026-07-10 01:03:19.025 10 WARNING neutron.api.rpc.agentnotifiers.dhcp_rpc_agent_api [None req-1d29b65e-54a1-416e-bcf6-07c3c4aaed09 93bb38056ea745e58d50bcc3901de230 fa442ff2038745fc9fdb718ea45a6e11 - - default default] Unable to schedule network 101a8863-4512-4686-a02a-9f9ad7fb0755: no agents available; will retry on subsequent port and subnet creation events.
2026-07-10 01:03:19.053 10 INFO neutron.db.ovn_revision_numbers_db [None req-e953ead7-14b9-4fc9-a346-6b8e5040205d 93bb38056ea745e58d50bcc3901de230 fa442ff2038745fc9fdb718ea45a6e11 - - default default] Successfully bumped revision number for resource 1abcf179-692f-4829-8429-4015b02eb117 (type: ports) to 1
2026-07-10 01:03:19.257 10 INFO neutron.plugins.ml2.drivers.ovn.mech_driver.mech_driver [None req-403480fb-0e4d-483a-a84d-faaafbc93f29 - - - - - -] OVN reports status up for port: adb52e38-af73-45b7-b0a9-765020c10273
2026-07-10 01:03:19.268 10 INFO neutron.plugins.ml2.drivers.ovn.mech_driver.ovsdb.ovsdb_monitor [-] Router 479613eb-0d5b-4337-ba1a-4df0923d8776 is bound to host instance
2026-07-10 01:03:19.303 9 INFO neutron.db.ovn_revision_numbers_db [None req-d52ec838-fb26-4911-8944-97e93caa99da 93bb38056ea745e58d50bcc3901de230 fa442ff2038745fc9fdb718ea45a6e11 - - default default] Successfully bumped revision number for resource adb52e38-af73-45b7-b0a9-765020c10273 (type: router_ports) to 1
2026-07-10 01:03:19.405 9 INFO neutron.db.ovn_revision_numbers_db [None req-d52ec838-fb26-4911-8944-97e93caa99da 93bb38056ea745e58d50bcc3901de230 fa442ff2038745fc9fdb718ea45a6e11 - - default default] Successfully bumped revision number for resource 479613eb-0d5b-4337-ba1a-4df0923d8776 (type: routers) to 2
2026-07-10 01:03:19.421 9 INFO neutron.wsgi [None req-d52ec838-fb26-4911-8944-97e93caa99da 93bb38056ea745e58d50bcc3901de230 fa442ff2038745fc9fdb718ea45a6e11 - - default default] 10.0.0.118 "POST /v2.0/routers HTTP/1.1" status: 201 len: 882 time: 1.8282228
2026-07-10 01:03:19.448 10 INFO neutron.plugins.ml2.plugin [None req-403480fb-0e4d-483a-a84d-faaafbc93f29 - - - - - -] Attempt 1 to provision port adb52e38-af73-45b7-b0a9-765020c10273
2026-07-10 01:03:19.474 10 INFO neutron.db.ovn_revision_numbers_db [None req-1d29b65e-54a1-416e-bcf6-07c3c4aaed09 93bb38056ea745e58d50bcc3901de230 fa442ff2038745fc9fdb718ea45a6e11 - - default default] Successfully bumped revision number for resource 13df04ba-9346-41dd-b5c1-d6cfdba080cd (type: ports) to 1
2026-07-10 01:03:19.857 10 INFO neutron.plugins.ml2.drivers.ovn.mech_driver.ovsdb.extensions.qos [None req-e953ead7-14b9-4fc9-a346-6b8e5040205d 93bb38056ea745e58d50bcc3901de230 fa442ff2038745fc9fdb718ea45a6e11 - - default default] Starting OVNClientQosExtension
2026-07-10 01:03:20.030 9 WARNING neutron.scheduler.dhcp_agent_scheduler [None req-6776635b-b8e6-4856-b6ca-c9afba0314f1 93bb38056ea745e58d50bcc3901de230 fa442ff2038745fc9fdb718ea45a6e11 - - default default] No more DHCP agents
2026-07-10 01:03:20.042 9 WARNING neutron.api.rpc.agentnotifiers.dhcp_rpc_agent_api [None req-6776635b-b8e6-4856-b6ca-c9afba0314f1 93bb38056ea745e58d50bcc3901de230 fa442ff2038745fc9fdb718ea45a6e11 - - default default] Unable to schedule network 33e08325-fd1d-4ec4-a3a6-8fdaba09278e: no agents available; will retry on subsequent port and subnet creation events.
2026-07-10 01:03:20.227 9 INFO neutron.db.ovn_revision_numbers_db [None req-6776635b-b8e6-4856-b6ca-c9afba0314f1 93bb38056ea745e58d50bcc3901de230 fa442ff2038745fc9fdb718ea45a6e11 - - default default] Successfully bumped revision number for resource cc16a327-edae-4c31-9a2e-310d3d1a4ab0 (type: ports) to 1
2026-07-10 01:03:20.482 10 INFO neutron.db.ovn_revision_numbers_db [None req-fee2d788-1cb7-41dc-89f2-57349fbee4c2 93bb38056ea745e58d50bcc3901de230 fa442ff2038745fc9fdb718ea45a6e11 - - default default] Successfully bumped revision number for resource 3b4baa1b-8ccf-448a-ba7a-3157d4c3461d (type: security_groups) to 1
2026-07-10 01:03:20.522 10 INFO neutron.db.ovn_revision_numbers_db [None req-fee2d788-1cb7-41dc-89f2-57349fbee4c2 93bb38056ea745e58d50bcc3901de230 fa442ff2038745fc9fdb718ea45a6e11 - - default default] Successfully bumped revision number for resource 6dcd9ef5-1e08-4db0-bf5d-c33486889177 (type: security_group_rules) to 0
2026-07-10 01:03:20.581 10 INFO neutron.db.ovn_revision_numbers_db [None req-fee2d788-1cb7-41dc-89f2-57349fbee4c2 93bb38056ea745e58d50bcc3901de230 fa442ff2038745fc9fdb718ea45a6e11 - - default default] Successfully bumped revision number for resource 898da2a4-70c2-48f6-8c37-2f8e45a93cf8 (type: security_group_rules) to 0
2026-07-10 01:03:20.600 9 INFO neutron.plugins.ml2.drivers.ovn.mech_driver.mech_driver [-] OVN reports status up for port: 1abcf179-692f-4829-8429-4015b02eb117
2026-07-10 01:03:20.629 9 INFO neutron.plugins.ml2.plugin [None req-7f73181f-a88a-4e4c-979b-89ea94793d49 - - - - - -] Attempt 1 to provision port 1abcf179-692f-4829-8429-4015b02eb117
2026-07-10 01:03:20.642 10 INFO neutron.db.ovn_revision_numbers_db [None req-224b0a3f-7556-4be8-a4a7-6d6b66d31ce3 - - - - - -] Successfully bumped revision number for resource adb52e38-af73-45b7-b0a9-765020c10273 (type: ports) to 1
2026-07-10 01:03:20.646 10 INFO neutron.db.ovn_revision_numbers_db [None req-fee2d788-1cb7-41dc-89f2-57349fbee4c2 93bb38056ea745e58d50bcc3901de230 fa442ff2038745fc9fdb718ea45a6e11 - - default default] Successfully bumped revision number for resource d9b20156-6148-4c7e-9f46-bce209919055 (type: security_group_rules) to 0
2026-07-10 01:03:20.676 10 INFO neutron.db.ovn_revision_numbers_db [None req-e953ead7-14b9-4fc9-a346-6b8e5040205d 93bb38056ea745e58d50bcc3901de230 fa442ff2038745fc9fdb718ea45a6e11 - - default default] Successfully bumped revision number for resource 1abcf179-692f-4829-8429-4015b02eb117 (type: router_ports) to 1
2026-07-10 01:03:20.679 10 INFO neutron.db.ovn_revision_numbers_db [None req-fee2d788-1cb7-41dc-89f2-57349fbee4c2 93bb38056ea745e58d50bcc3901de230 fa442ff2038745fc9fdb718ea45a6e11 - - default default] Successfully bumped revision number for resource e38dedef-2330-43c6-a577-16df2804b5ee (type: security_group_rules) to 0
2026-07-10 01:03:20.797 10 INFO neutron.db.segments_db [None req-fee2d788-1cb7-41dc-89f2-57349fbee4c2 93bb38056ea745e58d50bcc3901de230 fa442ff2038745fc9fdb718ea45a6e11 - - default default] Added segment e693bca2-ccb5-42c9-91d4-9d9ec7151763 of type geneve for network 7bb4ec3b-b08a-490c-83f5-803698796e5f
2026-07-10 01:03:20.834 9 INFO neutron.db.ovn_revision_numbers_db [None req-6776635b-b8e6-4856-b6ca-c9afba0314f1 93bb38056ea745e58d50bcc3901de230 fa442ff2038745fc9fdb718ea45a6e11 - - default default] Successfully bumped revision number for resource cc16a327-edae-4c31-9a2e-310d3d1a4ab0 (type: router_ports) to 1
2026-07-10 01:03:20.924 10 INFO neutron.db.ovn_revision_numbers_db [None req-e953ead7-14b9-4fc9-a346-6b8e5040205d 93bb38056ea745e58d50bcc3901de230 fa442ff2038745fc9fdb718ea45a6e11 - - default default] Successfully bumped revision number for resource 924842a0-74ff-4589-86f0-c05ee46323df (type: routers) to 2
2026-07-10 01:03:20.962 10 INFO neutron.wsgi [None req-e953ead7-14b9-4fc9-a346-6b8e5040205d 93bb38056ea745e58d50bcc3901de230 fa442ff2038745fc9fdb718ea45a6e11 - - default default] 10.0.0.118 "POST /v2.0/routers HTTP/1.1" status: 201 len: 878 time: 3.1068697
2026-07-10 01:03:21.020 10 INFO neutron.db.ovn_revision_numbers_db [None req-1d29b65e-54a1-416e-bcf6-07c3c4aaed09 93bb38056ea745e58d50bcc3901de230 fa442ff2038745fc9fdb718ea45a6e11 - - default default] Successfully bumped revision number for resource 13df04ba-9346-41dd-b5c1-d6cfdba080cd (type: router_ports) to 1
2026-07-10 01:03:21.026 9 INFO neutron.db.ovn_revision_numbers_db [None req-6776635b-b8e6-4856-b6ca-c9afba0314f1 93bb38056ea745e58d50bcc3901de230 fa442ff2038745fc9fdb718ea45a6e11 - - default default] Successfully bumped revision number for resource cc16a327-edae-4c31-9a2e-310d3d1a4ab0 (type: ports) to 1
2026-07-10 01:03:21.229 10 INFO neutron.db.ovn_revision_numbers_db [None req-1d29b65e-54a1-416e-bcf6-07c3c4aaed09 93bb38056ea745e58d50bcc3901de230 fa442ff2038745fc9fdb718ea45a6e11 - - default default] Successfully bumped revision number for resource 8896cb11-4a30-458a-a20e-e008da2d822d (type: routers) to 2
2026-07-10 01:03:21.261 10 INFO neutron.db.ovn_revision_numbers_db [None req-fee2d788-1cb7-41dc-89f2-57349fbee4c2 93bb38056ea745e58d50bcc3901de230 fa442ff2038745fc9fdb718ea45a6e11 - - default default] Successfully bumped revision number for resource 7bb4ec3b-b08a-490c-83f5-803698796e5f (type: networks) to 1
2026-07-10 01:03:21.279 10 INFO neutron.wsgi [None req-1d29b65e-54a1-416e-bcf6-07c3c4aaed09 93bb38056ea745e58d50bcc3901de230 fa442ff2038745fc9fdb718ea45a6e11 - - default default] 10.0.0.118 "POST /v2.0/routers HTTP/1.1" status: 201 len: 877 time: 3.0838675
2026-07-10 01:03:21.348 9 WARNING neutron.scheduler.dhcp_agent_scheduler [None req-6776635b-b8e6-4856-b6ca-c9afba0314f1 93bb38056ea745e58d50bcc3901de230 fa442ff2038745fc9fdb718ea45a6e11 - - default default] No more DHCP agents
2026-07-10 01:03:21.355 9 WARNING neutron.api.rpc.agentnotifiers.dhcp_rpc_agent_api [None req-6776635b-b8e6-4856-b6ca-c9afba0314f1 93bb38056ea745e58d50bcc3901de230 fa442ff2038745fc9fdb718ea45a6e11 - - default default] Unable to schedule network 33e08325-fd1d-4ec4-a3a6-8fdaba09278e: no agents available; will retry on subsequent port and subnet creation events.
2026-07-10 01:03:21.578 10 INFO neutron.db.ovn_revision_numbers_db [None req-224b0a3f-7556-4be8-a4a7-6d6b66d31ce3 - - - - - -] Successfully bumped revision number for resource adb52e38-af73-45b7-b0a9-765020c10273 (type: router_ports) to 3
2026-07-10 01:03:21.705 10 WARNING neutron.scheduler.dhcp_agent_scheduler [None req-fee2d788-1cb7-41dc-89f2-57349fbee4c2 93bb38056ea745e58d50bcc3901de230 fa442ff2038745fc9fdb718ea45a6e11 - - default default] No more DHCP agents
2026-07-10 01:03:21.710 10 WARNING neutron.api.rpc.agentnotifiers.dhcp_rpc_agent_api [None req-fee2d788-1cb7-41dc-89f2-57349fbee4c2 93bb38056ea745e58d50bcc3901de230 fa442ff2038745fc9fdb718ea45a6e11 - - default default] Unable to schedule network 7bb4ec3b-b08a-490c-83f5-803698796e5f: no agents available; will retry on subsequent port and subnet creation events.
2026-07-10 01:03:21.809 10 INFO neutron.plugins.ml2.drivers.ovn.mech_driver.mech_driver [None req-403480fb-0e4d-483a-a84d-faaafbc93f29 - - - - - -] OVN reports status up for port: cc16a327-edae-4c31-9a2e-310d3d1a4ab0
2026-07-10 01:03:21.819 10 INFO neutron.db.ovn_revision_numbers_db [None req-224b0a3f-7556-4be8-a4a7-6d6b66d31ce3 - - - - - -] Successfully bumped revision number for resource adb52e38-af73-45b7-b0a9-765020c10273 (type: ports) to 2
2026-07-10 01:03:21.829 10 INFO neutron.plugins.ml2.plugin [None req-403480fb-0e4d-483a-a84d-faaafbc93f29 - - - - - -] Attempt 1 to provision port cc16a327-edae-4c31-9a2e-310d3d1a4ab0
2026-07-10 01:03:21.857 10 INFO neutron.db.ovn_revision_numbers_db [None req-fee2d788-1cb7-41dc-89f2-57349fbee4c2 93bb38056ea745e58d50bcc3901de230 fa442ff2038745fc9fdb718ea45a6e11 - - default default] Successfully bumped revision number for resource 4ca2ede9-3609-4b6b-bb8b-c405720b3ee7 (type: ports) to 1
2026-07-10 01:03:21.903 10 INFO neutron.wsgi [None req-fee2d788-1cb7-41dc-89f2-57349fbee4c2 93bb38056ea745e58d50bcc3901de230 fa442ff2038745fc9fdb718ea45a6e11 - - default default] 10.0.0.118 "POST /v2.0/networks HTTP/1.1" status: 201 len: 953 time: 2.1670883
2026-07-10 01:03:22.066 9 WARNING neutron.scheduler.dhcp_agent_scheduler [None req-3bc5abd3-0aa1-4d0b-b8e8-444eae8d460d 93bb38056ea745e58d50bcc3901de230 fa442ff2038745fc9fdb718ea45a6e11 - - default default] No more DHCP agents
2026-07-10 01:03:22.079 9 WARNING neutron.api.rpc.agentnotifiers.dhcp_rpc_agent_api [None req-3bc5abd3-0aa1-4d0b-b8e8-444eae8d460d 93bb38056ea745e58d50bcc3901de230 fa442ff2038745fc9fdb718ea45a6e11 - - default default] Unable to schedule network a4c396a4-cba4-471e-ac36-c1319f2c3e09: no agents available; will retry on subsequent port and subnet creation events.
2026-07-10 01:03:22.184 10 INFO neutron.db.ovn_revision_numbers_db [None req-224b0a3f-7556-4be8-a4a7-6d6b66d31ce3 - - - - - -] Successfully bumped revision number for resource adb52e38-af73-45b7-b0a9-765020c10273 (type: ports) to 4
2026-07-10 01:03:22.308 10 INFO neutron.db.ovn_revision_numbers_db [None req-403480fb-0e4d-483a-a84d-faaafbc93f29 - - - - - -] Successfully bumped revision number for resource cc16a327-edae-4c31-9a2e-310d3d1a4ab0 (type: ports) to 2
2026-07-10 01:03:22.381 9 WARNING neutron.scheduler.dhcp_agent_scheduler [None req-8c4a4bc3-746b-4e71-a8de-be2c19597a01 93bb38056ea745e58d50bcc3901de230 fa442ff2038745fc9fdb718ea45a6e11 - - default default] No more DHCP agents
2026-07-10 01:03:22.402 9 WARNING neutron.api.rpc.agentnotifiers.dhcp_rpc_agent_api [None req-8c4a4bc3-746b-4e71-a8de-be2c19597a01 93bb38056ea745e58d50bcc3901de230 fa442ff2038745fc9fdb718ea45a6e11 - - default default] Unable to schedule network bcb70c46-1aef-4efd-9770-8a44c292722a: no agents available; will retry on subsequent port and subnet creation events.
2026-07-10 01:03:22.410 10 INFO neutron.db.ovn_revision_numbers_db [None req-403480fb-0e4d-483a-a84d-faaafbc93f29 - - - - - -] Successfully bumped revision number for resource cc16a327-edae-4c31-9a2e-310d3d1a4ab0 (type: router_ports) to 2
2026-07-10 01:03:22.480 10 INFO neutron.db.ovn_revision_numbers_db [None req-224b0a3f-7556-4be8-a4a7-6d6b66d31ce3 - - - - - -] Successfully bumped revision number for resource adb52e38-af73-45b7-b0a9-765020c10273 (type: router_ports) to 4
2026-07-10 01:03:22.509 10 INFO neutron.plugins.ml2.drivers.ovn.mech_driver.ovsdb.ovsdb_monitor [None req-224b0a3f-7556-4be8-a4a7-6d6b66d31ce3 - - - - - -] Router 924842a0-74ff-4589-86f0-c05ee46323df is bound to host instance
2026-07-10 01:03:22.531 9 WARNING neutron.scheduler.dhcp_agent_scheduler [None req-f9d67f9a-3c87-4614-830f-a664b1dd37ef 93bb38056ea745e58d50bcc3901de230 fa442ff2038745fc9fdb718ea45a6e11 - - default default] No more DHCP agents
2026-07-10 01:03:22.545 9 WARNING neutron.api.rpc.agentnotifiers.dhcp_rpc_agent_api [None req-f9d67f9a-3c87-4614-830f-a664b1dd37ef 93bb38056ea745e58d50bcc3901de230 fa442ff2038745fc9fdb718ea45a6e11 - - default default] Unable to schedule network 7bb4ec3b-b08a-490c-83f5-803698796e5f: no agents available; will retry on subsequent port and subnet creation events.
2026-07-10 01:03:22.652 9 INFO neutron.db.ovn_revision_numbers_db [None req-3bc5abd3-0aa1-4d0b-b8e8-444eae8d460d 93bb38056ea745e58d50bcc3901de230 fa442ff2038745fc9fdb718ea45a6e11 - - default default] Successfully bumped revision number for resource 473c7dae-2835-425b-925c-bfc420c97183 (type: ports) to 1
2026-07-10 01:03:22.709 9 INFO neutron.wsgi [None req-6776635b-b8e6-4856-b6ca-c9afba0314f1 93bb38056ea745e58d50bcc3901de230 fa442ff2038745fc9fdb718ea45a6e11 - - default default] 10.0.0.118 "PUT /v2.0/routers/479613eb-0d5b-4337-ba1a-4df0923d8776/add_router_interface HTTP/1.1" status: 200 len: 503 time: 3.2832050
2026-07-10 01:03:22.786 9 INFO neutron.db.ovn_revision_numbers_db [None req-8c4a4bc3-746b-4e71-a8de-be2c19597a01 93bb38056ea745e58d50bcc3901de230 fa442ff2038745fc9fdb718ea45a6e11 - - default default] Successfully bumped revision number for resource b4225150-20fb-4139-ae7d-d80e5afc66c7 (type: ports) to 1
2026-07-10 01:03:23.101 10 INFO neutron.db.ovn_revision_numbers_db [None req-224b0a3f-7556-4be8-a4a7-6d6b66d31ce3 - - - - - -] Successfully bumped revision number for resource 1abcf179-692f-4829-8429-4015b02eb117 (type: ports) to 1
2026-07-10 01:03:23.502 10 INFO neutron.db.ovn_revision_numbers_db [None req-224b0a3f-7556-4be8-a4a7-6d6b66d31ce3 - - - - - -] Successfully bumped revision number for resource 1abcf179-692f-4829-8429-4015b02eb117 (type: router_ports) to 3
2026-07-10 01:03:23.602 9 INFO neutron.plugins.ml2.drivers.ovn.mech_driver.mech_driver [None req-7f73181f-a88a-4e4c-979b-89ea94793d49 - - - - - -] OVN reports status up for port: 473c7dae-2835-425b-925c-bfc420c97183
2026-07-10 01:03:23.640 9 INFO neutron.plugins.ml2.plugin [None req-7f73181f-a88a-4e4c-979b-89ea94793d49 - - - - - -] Attempt 1 to provision port 473c7dae-2835-425b-925c-bfc420c97183
2026-07-10 01:03:23.675 10 INFO neutron.db.ovn_revision_numbers_db [None req-224b0a3f-7556-4be8-a4a7-6d6b66d31ce3 - - - - - -] Successfully bumped revision number for resource 1abcf179-692f-4829-8429-4015b02eb117 (type: ports) to 2
2026-07-10 01:03:23.684 9 INFO neutron.db.ovn_revision_numbers_db [None req-3bc5abd3-0aa1-4d0b-b8e8-444eae8d460d 93bb38056ea745e58d50bcc3901de230 fa442ff2038745fc9fdb718ea45a6e11 - - default default] Successfully bumped revision number for resource 473c7dae-2835-425b-925c-bfc420c97183 (type: router_ports) to 1
2026-07-10 01:03:23.690 10 WARNING neutron_lib.context [req-eefef81d-28e2-474b-914a-89df396b0fea req-ccb01104-9d97-4ca0-9cab-5788a8e599eb eb9c6f445da9476b88980ddba5d0d641 e9f14b012a984f4e8756ebecf29a4bab - - default default] Method 'is_advsvc' is deprecated since 2023.2 release (neutron-lib 3.8.0) and will be removed once support for the old RBAC API policies will be removed from Neutron. Please use method 'is_service_role' instead.
2026-07-10 01:03:23.736 9 INFO neutron.db.ovn_revision_numbers_db [None req-f9d67f9a-3c87-4614-830f-a664b1dd37ef 93bb38056ea745e58d50bcc3901de230 fa442ff2038745fc9fdb718ea45a6e11 - - default default] Successfully bumped revision number for resource 4ca2ede9-3609-4b6b-bb8b-c405720b3ee7 (type: ports) to 2
2026-07-10 01:03:23.769 10 INFO neutron.wsgi [None req-33fee933-9cdb-4d1f-a40b-12a5c4eb0245 93bb38056ea745e58d50bcc3901de230 fa442ff2038745fc9fdb718ea45a6e11 - - default default] 10.0.0.68 "GET /v2.0/network-ip-availabilities HTTP/1.1" status: 200 len: 3218 time: 0.0914636
2026-07-10 01:03:23.792 9 INFO neutron.db.ovn_revision_numbers_db [None req-8c4a4bc3-746b-4e71-a8de-be2c19597a01 93bb38056ea745e58d50bcc3901de230 fa442ff2038745fc9fdb718ea45a6e11 - - default default] Successfully bumped revision number for resource b4225150-20fb-4139-ae7d-d80e5afc66c7 (type: router_ports) to 1
2026-07-10 01:03:23.837 10 INFO neutron.wsgi [None req-550aec28-d102-4f23-8d6b-a21c7a56d883 93bb38056ea745e58d50bcc3901de230 fa442ff2038745fc9fdb718ea45a6e11 - - default default] 10.0.0.68 "GET /v2.0/subnets HTTP/1.1" status: 200 len: 4078 time: 0.0651364
2026-07-10 01:03:23.849 9 INFO neutron.db.ovn_revision_numbers_db [None req-f9d67f9a-3c87-4614-830f-a664b1dd37ef 93bb38056ea745e58d50bcc3901de230 fa442ff2038745fc9fdb718ea45a6e11 - - default default] Successfully bumped revision number for resource 03aa4960-e4d5-4c1a-97f2-008327743821 (type: subnets) to 0
2026-07-10 01:03:23.863 10 INFO neutron.wsgi [None req-64f18dbc-f068-45c2-9588-4510c9e04377 93bb38056ea745e58d50bcc3901de230 fa442ff2038745fc9fdb718ea45a6e11 - - default default] 10.0.0.68 "GET /v2.0/subnetpools HTTP/1.1" status: 200 len: 193 time: 0.0215826
2026-07-10 01:03:23.902 9 INFO neutron.wsgi [None req-f9d67f9a-3c87-4614-830f-a664b1dd37ef 93bb38056ea745e58d50bcc3901de230 fa442ff2038745fc9fdb718ea45a6e11 - - default default] 10.0.0.118 "POST /v2.0/subnets HTTP/1.1" status: 201 len: 873 time: 1.9914074
2026-07-10 01:03:23.984 10 INFO neutron.wsgi [None req-60769480-6d7b-4253-ad90-bffec5f23409 93bb38056ea745e58d50bcc3901de230 fa442ff2038745fc9fdb718ea45a6e11 - - default default] 10.0.0.68 "GET /v2.0/security-groups HTTP/1.1" status: 200 len: 29504 time: 0.1181059
2026-07-10 01:03:23.987 10 INFO neutron.db.ovn_revision_numbers_db [req-eefef81d-28e2-474b-914a-89df396b0fea req-ccb01104-9d97-4ca0-9cab-5788a8e599eb eb9c6f445da9476b88980ddba5d0d641 e9f14b012a984f4e8756ebecf29a4bab - - default default] Successfully bumped revision number for resource dce9f6e4-ad3a-4911-9acc-ba7c76863952 (type: security_groups) to 1
2026-07-10 01:03:24.005 9 INFO neutron.db.ovn_revision_numbers_db [None req-3bc5abd3-0aa1-4d0b-b8e8-444eae8d460d 93bb38056ea745e58d50bcc3901de230 fa442ff2038745fc9fdb718ea45a6e11 - - default default] Successfully bumped revision number for resource 473c7dae-2835-425b-925c-bfc420c97183 (type: ports) to 1
2026-07-10 01:03:24.036 10 INFO neutron.wsgi [None req-8c3f9934-9524-4f47-92b7-2acb38791688 93bb38056ea745e58d50bcc3901de230 fa442ff2038745fc9fdb718ea45a6e11 - - default default] 10.0.0.68 "GET /v2.0/agents HTTP/1.1" status: 200 len: 997 time: 0.0432966
2026-07-10 01:03:24.056 10 INFO neutron.db.ovn_revision_numbers_db [req-eefef81d-28e2-474b-914a-89df396b0fea req-ccb01104-9d97-4ca0-9cab-5788a8e599eb eb9c6f445da9476b88980ddba5d0d641 e9f14b012a984f4e8756ebecf29a4bab - - default default] Successfully bumped revision number for resource 7b44fb13-ef05-4640-b2e7-d381f10df99a (type: security_group_rules) to 0
2026-07-10 01:03:24.083 9 INFO neutron.db.ovn_revision_numbers_db [None req-8c4a4bc3-746b-4e71-a8de-be2c19597a01 93bb38056ea745e58d50bcc3901de230 fa442ff2038745fc9fdb718ea45a6e11 - - default default] Successfully bumped revision number for resource b4225150-20fb-4139-ae7d-d80e5afc66c7 (type: ports) to 1
2026-07-10 01:03:24.101 10 INFO neutron.wsgi [None req-9a43c3f8-a637-43f7-b469-fd427863b274 93bb38056ea745e58d50bcc3901de230 fa442ff2038745fc9fdb718ea45a6e11 - - default default] 10.0.0.68 "GET /v2.0/subnets HTTP/1.1" status: 200 len: 4078 time: 0.0566647
2026-07-10 01:03:24.117 10 INFO neutron.db.ovn_revision_numbers_db [req-eefef81d-28e2-474b-914a-89df396b0fea req-ccb01104-9d97-4ca0-9cab-5788a8e599eb eb9c6f445da9476b88980ddba5d0d641 e9f14b012a984f4e8756ebecf29a4bab - - default default] Successfully bumped revision number for resource ecc457ca-d4ec-4a11-8e32-fc3271b6c2d8 (type: security_group_rules) to 0
2026-07-10 01:03:24.181 10 INFO neutron.wsgi [None req-07508709-9f36-4119-8a3a-63ff24a998be 93bb38056ea745e58d50bcc3901de230 fa442ff2038745fc9fdb718ea45a6e11 - - default default] 10.0.0.68 "GET /v2.0/floatingips HTTP/1.1" status: 200 len: 193 time: 0.0648499
2026-07-10 01:03:24.198 9 WARNING neutron.scheduler.dhcp_agent_scheduler [None req-3bc5abd3-0aa1-4d0b-b8e8-444eae8d460d 93bb38056ea745e58d50bcc3901de230 fa442ff2038745fc9fdb718ea45a6e11 - - default default] No more DHCP agents
2026-07-10 01:03:24.200 10 INFO neutron.wsgi [req-eefef81d-28e2-474b-914a-89df396b0fea req-ccb01104-9d97-4ca0-9cab-5788a8e599eb eb9c6f445da9476b88980ddba5d0d641 e9f14b012a984f4e8756ebecf29a4bab - - default default] 10.0.0.102 "POST /v2.0/security-groups HTTP/1.1" status: 201 len: 1824 time: 0.5834963
2026-07-10 01:03:24.203 9 WARNING neutron.api.rpc.agentnotifiers.dhcp_rpc_agent_api [None req-3bc5abd3-0aa1-4d0b-b8e8-444eae8d460d 93bb38056ea745e58d50bcc3901de230 fa442ff2038745fc9fdb718ea45a6e11 - - default default] Unable to schedule network a4c396a4-cba4-471e-ac36-c1319f2c3e09: no agents available; will retry on subsequent port and subnet creation events.
2026-07-10 01:03:24.258 9 WARNING neutron.scheduler.dhcp_agent_scheduler [None req-8c4a4bc3-746b-4e71-a8de-be2c19597a01 93bb38056ea745e58d50bcc3901de230 fa442ff2038745fc9fdb718ea45a6e11 - - default default] No more DHCP agents
2026-07-10 01:03:24.262 9 WARNING neutron.api.rpc.agentnotifiers.dhcp_rpc_agent_api [None req-8c4a4bc3-746b-4e71-a8de-be2c19597a01 93bb38056ea745e58d50bcc3901de230 fa442ff2038745fc9fdb718ea45a6e11 - - default default] Unable to schedule network bcb70c46-1aef-4efd-9770-8a44c292722a: no agents available; will retry on subsequent port and subnet creation events.
2026-07-10 01:03:24.270 10 INFO neutron.db.ovn_revision_numbers_db [None req-224b0a3f-7556-4be8-a4a7-6d6b66d31ce3 - - - - - -] Successfully bumped revision number for resource 1abcf179-692f-4829-8429-4015b02eb117 (type: ports) to 4
2026-07-10 01:03:24.284 9 INFO neutron.db.ovn_revision_numbers_db [None req-7f73181f-a88a-4e4c-979b-89ea94793d49 - - - - - -] Successfully bumped revision number for resource 473c7dae-2835-425b-925c-bfc420c97183 (type: ports) to 2
2026-07-10 01:03:24.341 10 INFO neutron.wsgi [None req-70f64edd-007c-477b-9cb8-8516373fc866 93bb38056ea745e58d50bcc3901de230 fa442ff2038745fc9fdb718ea45a6e11 - - default default] 10.0.0.68 "GET /v2.0/networks HTTP/1.1" status: 200 len: 5407 time: 0.1563506
2026-07-10 01:03:24.480 10 INFO neutron.wsgi [None req-70dc5f6a-14eb-4688-9700-1223984d0304 93bb38056ea745e58d50bcc3901de230 fa442ff2038745fc9fdb718ea45a6e11 - - default default] 10.0.0.68 "GET /v2.0/ports HTTP/1.1" status: 200 len: 15952 time: 0.1288209
2026-07-10 01:03:24.603 9 INFO neutron.db.ovn_revision_numbers_db [None req-7f73181f-a88a-4e4c-979b-89ea94793d49 - - - - - -] Successfully bumped revision number for resource 473c7dae-2835-425b-925c-bfc420c97183 (type: router_ports) to 2
2026-07-10 01:03:24.734 9 INFO neutron.wsgi [req-ce391aaf-8418-4ebf-993c-515433a6c8be req-6cfea5f8-c643-44b0-9e91-f2332c39b2bd eb9c6f445da9476b88980ddba5d0d641 e9f14b012a984f4e8756ebecf29a4bab - - default default] 10.0.0.102 "GET /v2.0/security-groups/dce9f6e4-ad3a-4911-9acc-ba7c76863952 HTTP/1.1" status: 200 len: 1819 time: 0.1510141
2026-07-10 01:03:24.761 9 WARNING neutron_lib.context [req-ce391aaf-8418-4ebf-993c-515433a6c8be req-963e5618-184d-4bfb-976c-977881955811 eb9c6f445da9476b88980ddba5d0d641 e9f14b012a984f4e8756ebecf29a4bab - - default default] Method 'is_advsvc' is deprecated since 2023.2 release (neutron-lib 3.8.0) and will be removed once support for the old RBAC API policies will be removed from Neutron. Please use method 'is_service_role' instead.
2026-07-10 01:03:24.787 10 INFO neutron.wsgi [None req-85679906-bb81-4694-8340-52be23e9ce93 93bb38056ea745e58d50bcc3901de230 fa442ff2038745fc9fdb718ea45a6e11 - - default default] 10.0.0.68 "GET /v2.0/routers HTTP/1.1" status: 200 len: 2711 time: 0.2877355
2026-07-10 01:03:24.817 10 INFO neutron.wsgi [None req-9462b662-2aa8-4534-a840-97b3228edc84 93bb38056ea745e58d50bcc3901de230 fa442ff2038745fc9fdb718ea45a6e11 - - default default] 10.0.0.68 "GET /v2.0/agents?binary=ovn-controller HTTP/1.1" status: 200 len: 591 time: 0.0271988
