2026-07-10 01:08:16.661 9 WARNING neutron.api.rpc.agentnotifiers.dhcp_rpc_agent_api [None req-9c917c7f-042e-4c6d-9f2c-ed61340089c4 075943856b104f91bd3ea467a71c6f5a f2002af8c3fa40b190c07b8fb2d3d8bd - - default default] Unable to schedule network 0469228c-4338-45a8-b736-d1cc4b25458a: no agents available; will retry on subsequent port and subnet creation events.
2026-07-10 01:08:16.766 9 INFO neutron.db.ovn_revision_numbers_db [None req-9c917c7f-042e-4c6d-9f2c-ed61340089c4 075943856b104f91bd3ea467a71c6f5a f2002af8c3fa40b190c07b8fb2d3d8bd - - default default] Successfully bumped revision number for resource 22557f68-55b4-40a4-a832-fb747319f820 (type: ports) to 1
2026-07-10 01:08:16.792 9 INFO neutron.wsgi [None req-9c917c7f-042e-4c6d-9f2c-ed61340089c4 075943856b104f91bd3ea467a71c6f5a f2002af8c3fa40b190c07b8fb2d3d8bd - - default default] 10.0.0.118 "POST /v2.0/ports HTTP/1.1" status: 201 len: 942 time: 0.4077303
2026-07-10 01:08:16.804 10 WARNING neutron_lib.context [None req-a2eb92bf-9353-46ab-bf8f-9c6369ef21c2 075943856b104f91bd3ea467a71c6f5a f2002af8c3fa40b190c07b8fb2d3d8bd - - default default] Method 'is_advsvc' is deprecated since 2023.2 release (neutron-lib 3.8.0) and will be removed once support for the old RBAC API policies will be removed from Neutron. Please use method 'is_service_role' instead.
2026-07-10 01:08:16.875 10 INFO neutron.db.segments_db [None req-a2eb92bf-9353-46ab-bf8f-9c6369ef21c2 075943856b104f91bd3ea467a71c6f5a f2002af8c3fa40b190c07b8fb2d3d8bd - - default default] Added segment f4875f10-1ada-4658-87a8-03b1af38d800 of type geneve for network 8ab03a83-9cc0-4040-9dbc-80d3c481989c
2026-07-10 01:08:17.047 10 INFO neutron.db.ovn_revision_numbers_db [None req-a2eb92bf-9353-46ab-bf8f-9c6369ef21c2 075943856b104f91bd3ea467a71c6f5a f2002af8c3fa40b190c07b8fb2d3d8bd - - default default] Successfully bumped revision number for resource 8ab03a83-9cc0-4040-9dbc-80d3c481989c (type: networks) to 1
2026-07-10 01:08:17.281 10 WARNING neutron.scheduler.dhcp_agent_scheduler [None req-a2eb92bf-9353-46ab-bf8f-9c6369ef21c2 075943856b104f91bd3ea467a71c6f5a f2002af8c3fa40b190c07b8fb2d3d8bd - - default default] No more DHCP agents
2026-07-10 01:08:17.285 10 WARNING neutron.api.rpc.agentnotifiers.dhcp_rpc_agent_api [None req-a2eb92bf-9353-46ab-bf8f-9c6369ef21c2 075943856b104f91bd3ea467a71c6f5a f2002af8c3fa40b190c07b8fb2d3d8bd - - default default] Unable to schedule network 8ab03a83-9cc0-4040-9dbc-80d3c481989c: no agents available; will retry on subsequent port and subnet creation events.
2026-07-10 01:08:17.375 10 INFO neutron.db.ovn_revision_numbers_db [None req-a2eb92bf-9353-46ab-bf8f-9c6369ef21c2 075943856b104f91bd3ea467a71c6f5a f2002af8c3fa40b190c07b8fb2d3d8bd - - default default] Successfully bumped revision number for resource 2ff1f6fb-80cd-4e9d-a6c6-638b9f5e11a4 (type: ports) to 1
2026-07-10 01:08:17.408 10 INFO neutron.wsgi [None req-a2eb92bf-9353-46ab-bf8f-9c6369ef21c2 075943856b104f91bd3ea467a71c6f5a f2002af8c3fa40b190c07b8fb2d3d8bd - - default default] 10.0.0.118 "POST /v2.0/networks HTTP/1.1" status: 201 len: 831 time: 0.6107821 /var/lib/openstack/lib/python3.10/site-packages/pycadf/identifier.py:71: UserWarning: Invalid uuid: neutron. To ensure interoperability, identifiers should be a valid uuid. warnings.warn(('Invalid uuid: %s. To ensure interoperability, '
2026-07-10 01:08:17.424 9 WARNING neutron_lib.context [None req-20470da0-066e-49e6-9e78-d012d924c4c5 075943856b104f91bd3ea467a71c6f5a f2002af8c3fa40b190c07b8fb2d3d8bd - - default default] Method 'is_advsvc' is deprecated since 2023.2 release (neutron-lib 3.8.0) and will be removed once support for the old RBAC API policies will be removed from Neutron. Please use method 'is_service_role' instead.
2026-07-10 01:08:17.737 9 WARNING neutron.scheduler.dhcp_agent_scheduler [None req-20470da0-066e-49e6-9e78-d012d924c4c5 075943856b104f91bd3ea467a71c6f5a f2002af8c3fa40b190c07b8fb2d3d8bd - - default default] No more DHCP agents
2026-07-10 01:08:17.740 9 WARNING neutron.api.rpc.agentnotifiers.dhcp_rpc_agent_api [None req-20470da0-066e-49e6-9e78-d012d924c4c5 075943856b104f91bd3ea467a71c6f5a f2002af8c3fa40b190c07b8fb2d3d8bd - - default default] Unable to schedule network 8ab03a83-9cc0-4040-9dbc-80d3c481989c: no agents available; will retry on subsequent port and subnet creation events.
2026-07-10 01:08:17.853 9 INFO neutron.db.ovn_revision_numbers_db [None req-20470da0-066e-49e6-9e78-d012d924c4c5 075943856b104f91bd3ea467a71c6f5a f2002af8c3fa40b190c07b8fb2d3d8bd - - default default] Successfully bumped revision number for resource e8926119-c5aa-4d8f-b202-d200fe07b29d (type: ports) to 1
2026-07-10 01:08:17.881 9 INFO neutron.wsgi [None req-20470da0-066e-49e6-9e78-d012d924c4c5 075943856b104f91bd3ea467a71c6f5a f2002af8c3fa40b190c07b8fb2d3d8bd - - default default] 10.0.0.118 "POST /v2.0/ports HTTP/1.1" status: 201 len: 942 time: 0.4649434 /var/lib/openstack/lib/python3.10/site-packages/pycadf/identifier.py:71: UserWarning: Invalid uuid: neutron. To ensure interoperability, identifiers should be a valid uuid. warnings.warn(('Invalid uuid: %s. To ensure interoperability, '
2026-07-10 01:08:17.892 9 WARNING neutron_lib.context [None req-4aa0b3e5-1d71-4b05-805f-2dfdfcd88072 075943856b104f91bd3ea467a71c6f5a f2002af8c3fa40b190c07b8fb2d3d8bd - - default default] Method 'is_advsvc' is deprecated since 2023.2 release (neutron-lib 3.8.0) and will be removed once support for the old RBAC API policies will be removed from Neutron. Please use method 'is_service_role' instead.
2026-07-10 01:08:17.989 9 INFO neutron.db.segments_db [None req-4aa0b3e5-1d71-4b05-805f-2dfdfcd88072 075943856b104f91bd3ea467a71c6f5a f2002af8c3fa40b190c07b8fb2d3d8bd - - default default] Added segment 7e0d6c77-c33e-45da-a0d5-fc6a9ba90137 of type geneve for network c063865d-770b-489f-bd39-8e7a17de2f2d
2026-07-10 01:08:18.646 9 INFO neutron.db.ovn_revision_numbers_db [None req-4aa0b3e5-1d71-4b05-805f-2dfdfcd88072 075943856b104f91bd3ea467a71c6f5a f2002af8c3fa40b190c07b8fb2d3d8bd - - default default] Successfully bumped revision number for resource c063865d-770b-489f-bd39-8e7a17de2f2d (type: networks) to 1
2026-07-10 01:08:18.851 9 WARNING neutron.scheduler.dhcp_agent_scheduler [None req-4aa0b3e5-1d71-4b05-805f-2dfdfcd88072 075943856b104f91bd3ea467a71c6f5a f2002af8c3fa40b190c07b8fb2d3d8bd - - default default] No more DHCP agents
2026-07-10 01:08:18.856 9 WARNING neutron.api.rpc.agentnotifiers.dhcp_rpc_agent_api [None req-4aa0b3e5-1d71-4b05-805f-2dfdfcd88072 075943856b104f91bd3ea467a71c6f5a f2002af8c3fa40b190c07b8fb2d3d8bd - - default default] Unable to schedule network c063865d-770b-489f-bd39-8e7a17de2f2d: no agents available; will retry on subsequent port and subnet creation events.
2026-07-10 01:08:18.958 9 INFO neutron.db.ovn_revision_numbers_db [None req-4aa0b3e5-1d71-4b05-805f-2dfdfcd88072 075943856b104f91bd3ea467a71c6f5a f2002af8c3fa40b190c07b8fb2d3d8bd - - default default] Successfully bumped revision number for resource 4d96206b-f510-4240-b41c-c59e2fc02db3 (type: ports) to 1
2026-07-10 01:08:18.988 9 INFO neutron.wsgi [None req-4aa0b3e5-1d71-4b05-805f-2dfdfcd88072 075943856b104f91bd3ea467a71c6f5a f2002af8c3fa40b190c07b8fb2d3d8bd - - default default] 10.0.0.118 "POST /v2.0/networks HTTP/1.1" status: 201 len: 831 time: 1.1016252
2026-07-10 01:08:18.998 9 WARNING neutron_lib.context [None req-b5c837b6-a8f2-471c-a6d7-e05fde9e70ed 075943856b104f91bd3ea467a71c6f5a f2002af8c3fa40b190c07b8fb2d3d8bd - - default default] Method 'is_advsvc' is deprecated since 2023.2 release (neutron-lib 3.8.0) and will be removed once support for the old RBAC API policies will be removed from Neutron. Please use method 'is_service_role' instead.
2026-07-10 01:08:19.310 9 WARNING neutron.scheduler.dhcp_agent_scheduler [None req-b5c837b6-a8f2-471c-a6d7-e05fde9e70ed 075943856b104f91bd3ea467a71c6f5a f2002af8c3fa40b190c07b8fb2d3d8bd - - default default] No more DHCP agents
2026-07-10 01:08:19.329 9 WARNING neutron.api.rpc.agentnotifiers.dhcp_rpc_agent_api [None req-b5c837b6-a8f2-471c-a6d7-e05fde9e70ed 075943856b104f91bd3ea467a71c6f5a f2002af8c3fa40b190c07b8fb2d3d8bd - - default default] Unable to schedule network c063865d-770b-489f-bd39-8e7a17de2f2d: no agents available; will retry on subsequent port and subnet creation events.
2026-07-10 01:08:19.442 9 INFO neutron.db.ovn_revision_numbers_db [None req-b5c837b6-a8f2-471c-a6d7-e05fde9e70ed 075943856b104f91bd3ea467a71c6f5a f2002af8c3fa40b190c07b8fb2d3d8bd - - default default] Successfully bumped revision number for resource 7915d1f9-e00e-49ad-ad19-c23ac1c9b4c6 (type: ports) to 1
2026-07-10 01:08:19.474 9 INFO neutron.wsgi [None req-b5c837b6-a8f2-471c-a6d7-e05fde9e70ed 075943856b104f91bd3ea467a71c6f5a f2002af8c3fa40b190c07b8fb2d3d8bd - - default default] 10.0.0.118 "POST /v2.0/ports HTTP/1.1" status: 201 len: 942 time: 0.4819045 /var/lib/openstack/lib/python3.10/site-packages/pycadf/identifier.py:71: UserWarning: Invalid uuid: neutron. To ensure interoperability, identifiers should be a valid uuid. warnings.warn(('Invalid uuid: %s. To ensure interoperability, '
2026-07-10 01:08:19.489 9 WARNING neutron_lib.context [None req-fb7ac569-e616-4b28-b613-692bc544f27a 075943856b104f91bd3ea467a71c6f5a f2002af8c3fa40b190c07b8fb2d3d8bd - - default default] Method 'is_advsvc' is deprecated since 2023.2 release (neutron-lib 3.8.0) and will be removed once support for the old RBAC API policies will be removed from Neutron. Please use method 'is_service_role' instead.
2026-07-10 01:08:19.583 9 INFO neutron.db.segments_db [None req-fb7ac569-e616-4b28-b613-692bc544f27a 075943856b104f91bd3ea467a71c6f5a f2002af8c3fa40b190c07b8fb2d3d8bd - - default default] Added segment ba33013b-fb47-4ced-8295-253dafaa3a3e of type geneve for network e49b8ee0-69e9-44cd-840d-98f94f4cc4ec
2026-07-10 01:08:19.763 9 INFO neutron.db.ovn_revision_numbers_db [None req-fb7ac569-e616-4b28-b613-692bc544f27a 075943856b104f91bd3ea467a71c6f5a f2002af8c3fa40b190c07b8fb2d3d8bd - - default default] Successfully bumped revision number for resource e49b8ee0-69e9-44cd-840d-98f94f4cc4ec (type: networks) to 1
2026-07-10 01:08:19.975 9 WARNING neutron.scheduler.dhcp_agent_scheduler [None req-fb7ac569-e616-4b28-b613-692bc544f27a 075943856b104f91bd3ea467a71c6f5a f2002af8c3fa40b190c07b8fb2d3d8bd - - default default] No more DHCP agents
2026-07-10 01:08:19.978 9 WARNING neutron.api.rpc.agentnotifiers.dhcp_rpc_agent_api [None req-fb7ac569-e616-4b28-b613-692bc544f27a 075943856b104f91bd3ea467a71c6f5a f2002af8c3fa40b190c07b8fb2d3d8bd - - default default] Unable to schedule network e49b8ee0-69e9-44cd-840d-98f94f4cc4ec: no agents available; will retry on subsequent port and subnet creation events.
2026-07-10 01:08:20.075 9 INFO neutron.db.ovn_revision_numbers_db [None req-fb7ac569-e616-4b28-b613-692bc544f27a 075943856b104f91bd3ea467a71c6f5a f2002af8c3fa40b190c07b8fb2d3d8bd - - default default] Successfully bumped revision number for resource 74982786-0a8b-4d56-bb79-609094181dcd (type: ports) to 1
2026-07-10 01:08:20.101 9 INFO neutron.wsgi [None req-fb7ac569-e616-4b28-b613-692bc544f27a 075943856b104f91bd3ea467a71c6f5a f2002af8c3fa40b190c07b8fb2d3d8bd - - default default] 10.0.0.118 "POST /v2.0/networks HTTP/1.1" status: 201 len: 830 time: 0.6199901
2026-07-10 01:08:20.120 9 WARNING neutron_lib.context [None req-387821e3-a4ab-4f01-8719-114e1ec3ad7a 075943856b104f91bd3ea467a71c6f5a f2002af8c3fa40b190c07b8fb2d3d8bd - - default default] Method 'is_advsvc' is deprecated since 2023.2 release (neutron-lib 3.8.0) and will be removed once support for the old RBAC API policies will be removed from Neutron. Please use method 'is_service_role' instead.
2026-07-10 01:08:20.357 9 WARNING neutron.scheduler.dhcp_agent_scheduler [None req-387821e3-a4ab-4f01-8719-114e1ec3ad7a 075943856b104f91bd3ea467a71c6f5a f2002af8c3fa40b190c07b8fb2d3d8bd - - default default] No more DHCP agents
2026-07-10 01:08:20.362 9 WARNING neutron.api.rpc.agentnotifiers.dhcp_rpc_agent_api [None req-387821e3-a4ab-4f01-8719-114e1ec3ad7a 075943856b104f91bd3ea467a71c6f5a f2002af8c3fa40b190c07b8fb2d3d8bd - - default default] Unable to schedule network e49b8ee0-69e9-44cd-840d-98f94f4cc4ec: no agents available; will retry on subsequent port and subnet creation events.
2026-07-10 01:08:20.455 9 INFO neutron.db.ovn_revision_numbers_db [None req-387821e3-a4ab-4f01-8719-114e1ec3ad7a 075943856b104f91bd3ea467a71c6f5a f2002af8c3fa40b190c07b8fb2d3d8bd - - default default] Successfully bumped revision number for resource 86650020-eeee-4657-b202-229ab43bab9c (type: ports) to 1
2026-07-10 01:08:20.502 9 INFO neutron.wsgi [None req-387821e3-a4ab-4f01-8719-114e1ec3ad7a 075943856b104f91bd3ea467a71c6f5a f2002af8c3fa40b190c07b8fb2d3d8bd - - default default] 10.0.0.118 "POST /v2.0/ports HTTP/1.1" status: 201 len: 942 time: 0.3922405
2026-07-10 01:08:20.546 10 INFO neutron.db.ovn_revision_numbers_db [None req-f8a9b876-ae87-4d0d-ba64-9d920d2cc0d5 93bb38056ea745e58d50bcc3901de230 fa442ff2038745fc9fdb718ea45a6e11 - - default default] Successfully bumped revision number for resource 9610f195-5083-439d-a9ff-f90764a23dbf (type: security_groups) to 1
2026-07-10 01:08:20.566 10 INFO neutron.wsgi [None req-6c5d94ae-909f-4c55-ae2b-acd1fc67dfc3 075943856b104f91bd3ea467a71c6f5a f2002af8c3fa40b190c07b8fb2d3d8bd - - default default] 10.0.0.118 "PUT /v2.0/ports/6afd6edb-b536-4824-b5b0-b121165bda33/tags HTTP/1.1" status: 200 len: 210 time: 0.0532086
2026-07-10 01:08:20.568 10 INFO neutron.db.ovn_revision_numbers_db [None req-f8a9b876-ae87-4d0d-ba64-9d920d2cc0d5 93bb38056ea745e58d50bcc3901de230 fa442ff2038745fc9fdb718ea45a6e11 - - default default] Successfully bumped revision number for resource b990066e-7db3-48d2-9b1c-fa4f791b4226 (type: security_group_rules) to 0
2026-07-10 01:08:20.599 10 INFO neutron.db.ovn_revision_numbers_db [None req-f8a9b876-ae87-4d0d-ba64-9d920d2cc0d5 93bb38056ea745e58d50bcc3901de230 fa442ff2038745fc9fdb718ea45a6e11 - - default default] Successfully bumped revision number for resource d047da00-a3b8-408a-b726-76c8501c74e5 (type: security_group_rules) to 0
2026-07-10 01:08:20.625 10 INFO neutron.db.ovn_revision_numbers_db [None req-f8a9b876-ae87-4d0d-ba64-9d920d2cc0d5 93bb38056ea745e58d50bcc3901de230 fa442ff2038745fc9fdb718ea45a6e11 - - default default] Successfully bumped revision number for resource dc9d3d34-6ae4-4206-b52a-85fa2700dc75 (type: security_group_rules) to 0
2026-07-10 01:08:20.637 10 INFO neutron.wsgi [None req-63512117-15de-45d9-9c98-ca8737d59c85 075943856b104f91bd3ea467a71c6f5a f2002af8c3fa40b190c07b8fb2d3d8bd - - default default] 10.0.0.118 "PUT /v2.0/ports/22557f68-55b4-40a4-a832-fb747319f820/tags HTTP/1.1" status: 200 len: 218 time: 0.0636499
2026-07-10 01:08:20.651 10 INFO neutron.db.ovn_revision_numbers_db [None req-f8a9b876-ae87-4d0d-ba64-9d920d2cc0d5 93bb38056ea745e58d50bcc3901de230 fa442ff2038745fc9fdb718ea45a6e11 - - default default] Successfully bumped revision number for resource f25d8c9b-fff4-4c2e-8436-8081a431f50f (type: security_group_rules) to 0
2026-07-10 01:08:20.687 10 INFO neutron.wsgi [None req-f8a9b876-ae87-4d0d-ba64-9d920d2cc0d5 93bb38056ea745e58d50bcc3901de230 fa442ff2038745fc9fdb718ea45a6e11 - - default default] 10.0.0.118 "GET /v2.0/security-groups?tenant_id=915a52fa61bb4ce089ca759f903b5722&name=default HTTP/1.1" status: 200 len: 3000 time: 0.4920959 /var/lib/openstack/lib/python3.10/site-packages/pycadf/identifier.py:71: UserWarning: Invalid uuid: neutron. To ensure interoperability, identifiers should be a valid uuid. warnings.warn(('Invalid uuid: %s. To ensure interoperability, '
2026-07-10 01:08:20.713 10 INFO neutron.wsgi [None req-6e220bc5-39be-47d5-a5a6-779ea01fd2ac 075943856b104f91bd3ea467a71c6f5a f2002af8c3fa40b190c07b8fb2d3d8bd - - default default] 10.0.0.118 "PUT /v2.0/ports/e8926119-c5aa-4d8f-b202-d200fe07b29d/tags HTTP/1.1" status: 200 len: 227 time: 0.0698056
2026-07-10 01:08:20.764 10 INFO neutron.wsgi [None req-96ddc609-9f7a-40c8-add1-0c82a3d18914 075943856b104f91bd3ea467a71c6f5a f2002af8c3fa40b190c07b8fb2d3d8bd - - default default] 10.0.0.118 "PUT /v2.0/ports/7915d1f9-e00e-49ad-ad19-c23ac1c9b4c6/tags HTTP/1.1" status: 200 len: 212 time: 0.0452445
2026-07-10 01:08:20.993 9 INFO neutron.wsgi [None req-93c412fe-c695-40dc-b0d7-fda0df5bc5dc 075943856b104f91bd3ea467a71c6f5a f2002af8c3fa40b190c07b8fb2d3d8bd - - default default] 10.0.0.118 "GET /v2.0/ports?tags=red HTTP/1.1" status: 200 len: 2448 time: 0.2221851
2026-07-10 01:08:21.073 9 INFO neutron.wsgi [None req-f188a7b8-9770-4bbf-a556-be47aeb91f67 075943856b104f91bd3ea467a71c6f5a f2002af8c3fa40b190c07b8fb2d3d8bd - - default default] 10.0.0.118 "GET /v2.0/ports?tags=red%2Cblue HTTP/1.1" status: 200 len: 1708 time: 0.0751858
2026-07-10 01:08:21.080 9 INFO neutron.wsgi [None req-1b82c633-6503-4841-bfea-48fde13854d0 93bb38056ea745e58d50bcc3901de230 fa442ff2038745fc9fdb718ea45a6e11 - - default default] 10.0.0.118 "DELETE /v2.0/security-groups/9610f195-5083-439d-a9ff-f90764a23dbf HTTP/1.1" status: 204 len: 168 time: 0.3870263
2026-07-10 01:08:21.160 9 INFO neutron.wsgi [None req-28eb1c3f-17c3-434d-b213-9ff7eb49598c 075943856b104f91bd3ea467a71c6f5a f2002af8c3fa40b190c07b8fb2d3d8bd - - default default] 10.0.0.118 "GET /v2.0/ports?tags-any=blue HTTP/1.1" status: 200 len: 1708 time: 0.0787716
2026-07-10 01:08:21.220 9 INFO neutron.wsgi [None req-c7c02a7b-181f-4ec8-a27f-bbe6665c556a 075943856b104f91bd3ea467a71c6f5a f2002af8c3fa40b190c07b8fb2d3d8bd - - default default] 10.0.0.118 "GET /v2.0/ports?tags-any=red%2Cblue HTTP/1.1" status: 200 len: 2448 time: 0.0539639
2026-07-10 01:08:21.328 10 INFO neutron.db.ovn_revision_numbers_db [None req-992b7cb2-d6df-4f0b-ab34-44a5a3d3802c 93bb38056ea745e58d50bcc3901de230 fa442ff2038745fc9fdb718ea45a6e11 - - default default] Successfully bumped revision number for resource 4914b5b6-18a7-43df-964b-b071283ea598 (type: security_groups) to 1
2026-07-10 01:08:21.344 10 INFO neutron.db.ovn_revision_numbers_db [None req-992b7cb2-d6df-4f0b-ab34-44a5a3d3802c 93bb38056ea745e58d50bcc3901de230 fa442ff2038745fc9fdb718ea45a6e11 - - default default] Successfully bumped revision number for resource 014069c8-4da2-4a97-846b-a4f9948d87b6 (type: security_group_rules) to 0
2026-07-10 01:08:21.364 10 INFO neutron.db.ovn_revision_numbers_db [None req-992b7cb2-d6df-4f0b-ab34-44a5a3d3802c 93bb38056ea745e58d50bcc3901de230 fa442ff2038745fc9fdb718ea45a6e11 - - default default] Successfully bumped revision number for resource 02b0b0c6-bd43-405a-b2fe-d0de93517c5c (type: security_group_rules) to 0
2026-07-10 01:08:21.387 10 INFO neutron.db.ovn_revision_numbers_db [None req-992b7cb2-d6df-4f0b-ab34-44a5a3d3802c 93bb38056ea745e58d50bcc3901de230 fa442ff2038745fc9fdb718ea45a6e11 - - default default] Successfully bumped revision number for resource 36616b79-8f65-446b-b70c-b396df6381b8 (type: security_group_rules) to 0
2026-07-10 01:08:21.402 9 INFO neutron.wsgi [None req-0025777d-921a-405a-b7be-eb0a4aad10f0 075943856b104f91bd3ea467a71c6f5a f2002af8c3fa40b190c07b8fb2d3d8bd - - default default] 10.0.0.118 "GET /v2.0/ports?not-tags=red HTTP/1.1" status: 200 len: 5463 time: 0.1761451
2026-07-10 01:08:21.417 10 INFO neutron.db.ovn_revision_numbers_db [None req-992b7cb2-d6df-4f0b-ab34-44a5a3d3802c 93bb38056ea745e58d50bcc3901de230 fa442ff2038745fc9fdb718ea45a6e11 - - default default] Successfully bumped revision number for resource 4b3fab3d-f96e-4f8e-8d5d-58d242a1a462 (type: security_group_rules) to 0
2026-07-10 01:08:21.494 10 INFO neutron.wsgi [None req-992b7cb2-d6df-4f0b-ab34-44a5a3d3802c 93bb38056ea745e58d50bcc3901de230 fa442ff2038745fc9fdb718ea45a6e11 - - default default] 10.0.0.118 "GET /v2.0/security-groups?tenant_id=d2abb52d927a4e599ce9a2400bd67924&name=default HTTP/1.1" status: 200 len: 3000 time: 0.2933807
2026-07-10 01:08:21.706 9 INFO neutron.wsgi [None req-7d7a62e9-b8f8-4936-bb4c-b3666e6320ec 93bb38056ea745e58d50bcc3901de230 fa442ff2038745fc9fdb718ea45a6e11 - - default default] 10.0.0.118 "DELETE /v2.0/security-groups/4914b5b6-18a7-43df-964b-b071283ea598 HTTP/1.1" status: 204 len: 168 time: 0.2054467
2026-07-10 01:08:21.727 10 INFO neutron.wsgi [None req-835fe5c5-99e5-4df4-85ae-0c4cdeaf92a9 075943856b104f91bd3ea467a71c6f5a f2002af8c3fa40b190c07b8fb2d3d8bd - - default default] 10.0.0.118 "GET /v2.0/ports?not-tags=red%2Cblue HTTP/1.1" status: 200 len: 6203 time: 0.3206522
2026-07-10 01:08:21.818 9 INFO neutron.wsgi [None req-c36d6a06-eeba-4fc7-9498-9cb1f2678af9 075943856b104f91bd3ea467a71c6f5a f2002af8c3fa40b190c07b8fb2d3d8bd - - default default] 10.0.0.118 "GET /v2.0/ports?not-tags-any=blue HTTP/1.1" status: 200 len: 6203 time: 0.0844104
2026-07-10 01:08:21.881 9 INFO neutron.wsgi [None req-8850ad18-0913-4bb9-8eb8-8a76fa958e89 075943856b104f91bd3ea467a71c6f5a f2002af8c3fa40b190c07b8fb2d3d8bd - - default default] 10.0.0.118 "GET /v2.0/ports?not-tags-any=red%2Cblue HTTP/1.1" status: 200 len: 5463 time: 0.0565245
2026-07-10 01:08:22.106 9 INFO neutron.wsgi [None req-9d5526dd-0477-46c3-8971-a20f4ced12c5 075943856b104f91bd3ea467a71c6f5a f2002af8c3fa40b190c07b8fb2d3d8bd - - default default] 10.0.0.118 "DELETE /v2.0/ports/6afd6edb-b536-4824-b5b0-b121165bda33 HTTP/1.1" status: 204 len: 168 time: 0.2203283
2026-07-10 01:08:22.395 10 INFO neutron.wsgi [None req-bc8e150b-f8f7-495c-a606-a610c86b607f 075943856b104f91bd3ea467a71c6f5a f2002af8c3fa40b190c07b8fb2d3d8bd - - default default] 10.0.0.118 "DELETE /v2.0/ports/22557f68-55b4-40a4-a832-fb747319f820 HTTP/1.1" status: 204 len: 168 time: 0.2813804
2026-07-10 01:08:22.724 10 INFO neutron.wsgi [None req-ea7843ac-5260-4f69-9caf-166de811da09 075943856b104f91bd3ea467a71c6f5a f2002af8c3fa40b190c07b8fb2d3d8bd - - default default] 10.0.0.118 "DELETE /v2.0/ports/e8926119-c5aa-4d8f-b202-d200fe07b29d HTTP/1.1" status: 204 len: 168 time: 0.3239725
2026-07-10 01:08:22.979 10 INFO neutron.wsgi [None req-84166309-5bed-40df-b83c-ac4dbbc7e38d 075943856b104f91bd3ea467a71c6f5a f2002af8c3fa40b190c07b8fb2d3d8bd - - default default] 10.0.0.118 "DELETE /v2.0/ports/7915d1f9-e00e-49ad-ad19-c23ac1c9b4c6 HTTP/1.1" status: 204 len: 168 time: 0.2484481
2026-07-10 01:08:23.259 10 INFO neutron.wsgi [None req-057ce4db-3c8b-4635-b1fd-10ca4474ad9f 075943856b104f91bd3ea467a71c6f5a f2002af8c3fa40b190c07b8fb2d3d8bd - - default default] 10.0.0.118 "DELETE /v2.0/ports/86650020-eeee-4657-b202-229ab43bab9c HTTP/1.1" status: 204 len: 168 time: 0.2732308
2026-07-10 01:08:23.620 10 INFO neutron.services.segments.plugin [-] Segment 30258ae3-e4d4-45c0-be0c-587a2291f10e resource provider aggregate not found
2026-07-10 01:08:23.626 10 INFO neutron.services.segments.plugin [-] Segment 30258ae3-e4d4-45c0-be0c-587a2291f10e resource provider aggregate not found
2026-07-10 01:08:23.646 10 INFO neutron.services.segments.plugin [-] Segment 30258ae3-e4d4-45c0-be0c-587a2291f10e resource provider not found; error: Placement Client Error (4xx): {"errors": [{"status": 404, "title": "Not Found", "detail": "The resource could not be found.\n\n No resource provider with uuid 30258ae3-e4d4-45c0-be0c-587a2291f10e found for delete ", "request_id": "req-4ad1bd20-3ecd-4f4b-8cce-e3e01ba19893"}]}
2026-07-10 01:08:23.647 10 INFO neutron.services.segments.plugin [-] Segment 30258ae3-e4d4-45c0-be0c-587a2291f10e resource provider not found; error: Placement Client Error (4xx): {"errors": [{"status": 404, "title": "Not Found", "detail": "The resource could not be found.\n\n No resource provider with uuid 30258ae3-e4d4-45c0-be0c-587a2291f10e found for delete ", "request_id": "req-66539188-f181-4f86-beaf-fe55d6020ea6"}]}
2026-07-10 01:08:23.675 10 INFO neutron.wsgi [None req-babee03b-55e4-413e-aaea-e3dcfa469c08 075943856b104f91bd3ea467a71c6f5a f2002af8c3fa40b190c07b8fb2d3d8bd - - default default] 10.0.0.118 "DELETE /v2.0/networks/00f547ad-96e4-4c9c-8c65-b7f2166937d4 HTTP/1.1" status: 204 len: 168 time: 0.4114180
2026-07-10 01:08:24.032 10 INFO neutron.wsgi [None req-89d96b94-c187-4808-a558-b782c8e32c3b 93bb38056ea745e58d50bcc3901de230 fa442ff2038745fc9fdb718ea45a6e11 - - default default] 10.0.0.68 "GET /v2.0/security-groups HTTP/1.1" status: 200 len: 19583 time: 0.3134940
2026-07-10 01:08:24.111 9 INFO neutron.services.segments.plugin [-] Segment a0f9bb5f-9acc-4662-8729-2da7de6e9029 resource provider aggregate not found
2026-07-10 01:08:24.120 9 INFO neutron.services.segments.plugin [-] Segment a0f9bb5f-9acc-4662-8729-2da7de6e9029 resource provider aggregate not found
2026-07-10 01:08:24.124 10 INFO neutron.wsgi [None req-a7a98a15-00f9-423d-9ea4-05ef69e85abf 93bb38056ea745e58d50bcc3901de230 fa442ff2038745fc9fdb718ea45a6e11 - - default default] 10.0.0.68 "GET /v2.0/ports HTTP/1.1" status: 200 len: 7975 time: 0.0760009
2026-07-10 01:08:24.140 9 INFO neutron.services.segments.plugin [-] Segment a0f9bb5f-9acc-4662-8729-2da7de6e9029 resource provider not found; error: Placement Client Error (4xx): {"errors": [{"status": 404, "title": "Not Found", "detail": "The resource could not be found.\n\n No resource provider with uuid a0f9bb5f-9acc-4662-8729-2da7de6e9029 found for delete ", "request_id": "req-ac7cd40a-8b8a-4e59-bbad-e69cb29e2175"}]}
2026-07-10 01:08:24.141 9 INFO neutron.services.segments.plugin [-] Segment a0f9bb5f-9acc-4662-8729-2da7de6e9029 resource provider not found; error: Placement Client Error (4xx): {"errors": [{"status": 404, "title": "Not Found", "detail": "The resource could not be found.\n\n No resource provider with uuid a0f9bb5f-9acc-4662-8729-2da7de6e9029 found for delete ", "request_id": "req-48431a39-9b22-4d2e-9418-034aab614f67"}]}
2026-07-10 01:08:24.170 10 INFO neutron.wsgi [None req-76e96e52-55b9-481a-8396-7c0069f2f40e 93bb38056ea745e58d50bcc3901de230 fa442ff2038745fc9fdb718ea45a6e11 - - default default] 10.0.0.68 "GET /v2.0/routers HTTP/1.1" status: 200 len: 189 time: 0.0362937
2026-07-10 01:08:24.176 9 INFO neutron.wsgi [None req-a3e79bfa-6f9f-49bf-9d5b-cacd046f2086 075943856b104f91bd3ea467a71c6f5a f2002af8c3fa40b190c07b8fb2d3d8bd - - default default] 10.0.0.118 "DELETE /v2.0/networks/0469228c-4338-45a8-b736-d1cc4b25458a HTTP/1.1" status: 204 len: 168 time: 0.4956450
2026-07-10 01:08:24.199 10 INFO neutron.wsgi [None req-e47a9f46-b7e9-4984-8c81-e23bf6026512 93bb38056ea745e58d50bcc3901de230 fa442ff2038745fc9fdb718ea45a6e11 - - default default] 10.0.0.68 "GET /v2.0/agents?binary=ovn-controller HTTP/1.1" status: 200 len: 591 time: 0.0272968
2026-07-10 01:08:24.226 10 INFO neutron.wsgi [None req-132c7218-c002-44c6-b21a-744659fc8baf 93bb38056ea745e58d50bcc3901de230 fa442ff2038745fc9fdb718ea45a6e11 - - default default] 10.0.0.68 "GET /v2.0/floatingips HTTP/1.1" status: 200 len: 193 time: 0.0255985
2026-07-10 01:08:24.274 10 INFO neutron.wsgi [None req-f62de070-5e90-4e3a-8233-1049b76f2e35 93bb38056ea745e58d50bcc3901de230 fa442ff2038745fc9fdb718ea45a6e11 - - default default] 10.0.0.68 "GET /v2.0/subnets HTTP/1.1" status: 200 len: 1437 time: 0.0461431
2026-07-10 01:08:24.286 10 INFO neutron.wsgi [None req-94a4d33e-aff6-4a33-abef-f830e11b3f59 93bb38056ea745e58d50bcc3901de230 fa442ff2038745fc9fdb718ea45a6e11 - - default default] 10.0.0.68 "GET /v2.0/agents HTTP/1.1" status: 200 len: 997 time: 0.0104632
2026-07-10 01:08:24.389 10 INFO neutron.wsgi [None req-edd11fb1-3281-41fa-8b36-a6a2a2b342e6 93bb38056ea745e58d50bcc3901de230 fa442ff2038745fc9fdb718ea45a6e11 - - default default] 10.0.0.68 "GET /v2.0/networks HTTP/1.1" status: 200 len: 4470 time: 0.1021726
2026-07-10 01:08:24.419 10 INFO neutron.wsgi [None req-5946ad83-e3f0-4ce4-88e1-9610fb50e358 93bb38056ea745e58d50bcc3901de230 fa442ff2038745fc9fdb718ea45a6e11 - - default default] 10.0.0.68 "GET /v2.0/network-ip-availabilities HTTP/1.1" status: 200 len: 2083 time: 0.0244827
2026-07-10 01:08:24.477 10 INFO neutron.wsgi [None req-d16c580b-cb23-483c-a724-c313c4c993c0 93bb38056ea745e58d50bcc3901de230 fa442ff2038745fc9fdb718ea45a6e11 - - default default] 10.0.0.68 "GET /v2.0/subnets HTTP/1.1" status: 200 len: 1437 time: 0.0561912
2026-07-10 01:08:24.502 10 INFO neutron.wsgi [None req-7972707f-4c1f-46f4-a384-040d19bfa854 93bb38056ea745e58d50bcc3901de230 fa442ff2038745fc9fdb718ea45a6e11 - - default default] 10.0.0.68 "GET /v2.0/subnetpools HTTP/1.1" status: 200 len: 193 time: 0.0122776
2026-07-10 01:08:24.709 10 INFO neutron.wsgi [None req-1ab89113-4b22-4646-80ac-04a9a7f3be77 075943856b104f91bd3ea467a71c6f5a f2002af8c3fa40b190c07b8fb2d3d8bd - - default default] 10.0.0.118 "DELETE /v2.0/networks/8ab03a83-9cc0-4040-9dbc-80d3c481989c HTTP/1.1" status: 204 len: 168 time: 0.5250454
2026-07-10 01:08:25.130 9 INFO neutron.wsgi [None req-c00ae42f-da5a-4683-9930-dd3c291e4f08 075943856b104f91bd3ea467a71c6f5a f2002af8c3fa40b190c07b8fb2d3d8bd - - default default] 10.0.0.118 "DELETE /v2.0/networks/c063865d-770b-489f-bd39-8e7a17de2f2d HTTP/1.1" status: 204 len: 168 time: 0.4152992
2026-07-10 01:08:25.550 9 INFO neutron.wsgi [None req-486fd297-aadc-4cef-b547-e40625809a64 075943856b104f91bd3ea467a71c6f5a f2002af8c3fa40b190c07b8fb2d3d8bd - - default default] 10.0.0.118 "DELETE /v2.0/networks/e49b8ee0-69e9-44cd-840d-98f94f4cc4ec HTTP/1.1" status: 204 len: 168 time: 0.4119434
2026-07-10 01:08:25.668 10 INFO neutron.services.segments.plugin [-] Segment f4875f10-1ada-4658-87a8-03b1af38d800 resource provider aggregate not found
2026-07-10 01:08:25.678 10 INFO neutron.services.segments.plugin [-] Segment f4875f10-1ada-4658-87a8-03b1af38d800 resource provider aggregate not found
2026-07-10 01:08:25.689 10 INFO neutron.services.segments.plugin [-] Segment f4875f10-1ada-4658-87a8-03b1af38d800 resource provider not found; error: Placement Client Error (4xx): {"errors": [{"status": 404, "title": "Not Found", "detail": "The resource could not be found.\n\n No resource provider with uuid f4875f10-1ada-4658-87a8-03b1af38d800 found for delete ", "request_id": "req-95317fce-8921-42b6-8aff-425926837cdf"}]}
2026-07-10 01:08:25.701 10 INFO neutron.services.segments.plugin [-] Segment f4875f10-1ada-4658-87a8-03b1af38d800 resource provider not found; error: Placement Client Error (4xx): {"errors": [{"status": 404, "title": "Not Found", "detail": "The resource could not be found.\n\n No resource provider with uuid f4875f10-1ada-4658-87a8-03b1af38d800 found for delete ", "request_id": "req-261a700d-0f41-41dc-8183-b8652b8d2912"}]}
2026-07-10 01:08:26.170 9 INFO neutron.services.segments.plugin [-] Segment 7e0d6c77-c33e-45da-a0d5-fc6a9ba90137 resource provider aggregate not found
2026-07-10 01:08:26.188 9 INFO neutron.services.segments.plugin [-] Segment 7e0d6c77-c33e-45da-a0d5-fc6a9ba90137 resource provider not found; error: Placement Client Error (4xx): {"errors": [{"status": 404, "title": "Not Found", "detail": "The resource could not be found.\n\n No resource provider with uuid 7e0d6c77-c33e-45da-a0d5-fc6a9ba90137 found for delete ", "request_id": "req-46717cf7-bacc-46e0-ac66-845b25477bd9"}]}
2026-07-10 01:08:26.194 9 INFO neutron.services.segments.plugin [-] Segment 7e0d6c77-c33e-45da-a0d5-fc6a9ba90137 resource provider aggregate not found
2026-07-10 01:08:26.208 9 INFO neutron.services.segments.plugin [-] Segment ba33013b-fb47-4ced-8295-253dafaa3a3e resource provider aggregate not found
2026-07-10 01:08:26.220 9 INFO neutron.services.segments.plugin [-] Segment 7e0d6c77-c33e-45da-a0d5-fc6a9ba90137 resource provider not found; error: Placement Client Error (4xx): {"errors": [{"status": 404, "title": "Not Found", "detail": "The resource could not be found.\n\n No resource provider with uuid 7e0d6c77-c33e-45da-a0d5-fc6a9ba90137 found for delete ", "request_id": "req-7f8c9bf5-4eb0-445c-b4db-a6b8a142d639"}]}
2026-07-10 01:08:26.230 9 INFO neutron.services.segments.plugin [-] Segment ba33013b-fb47-4ced-8295-253dafaa3a3e resource provider not found; error: Placement Client Error (4xx): {"errors": [{"status": 404, "title": "Not Found", "detail": "The resource could not be found.\n\n No resource provider with uuid ba33013b-fb47-4ced-8295-253dafaa3a3e found for delete ", "request_id": "req-906ee54e-5193-4a45-9109-28077013995e"}]}
2026-07-10 01:08:26.238 9 INFO neutron.services.segments.plugin [-] Segment ba33013b-fb47-4ced-8295-253dafaa3a3e resource provider aggregate not found
2026-07-10 01:08:26.254 9 INFO neutron.services.segments.plugin [-] Segment ba33013b-fb47-4ced-8295-253dafaa3a3e resource provider not found; error: Placement Client Error (4xx): {"errors": [{"status": 404, "title": "Not Found", "detail": "The resource could not be found.\n\n No resource provider with uuid ba33013b-fb47-4ced-8295-253dafaa3a3e found for delete ", "request_id": "req-df090a10-ef9b-4b6f-807d-b5d76cf4b1da"}]}
2026-07-10 01:08:26.824 10 INFO neutron.db.ovn_revision_numbers_db [None req-0870c29b-92ee-49c7-8a8e-350d434152ed 93bb38056ea745e58d50bcc3901de230 fa442ff2038745fc9fdb718ea45a6e11 - - default default] Successfully bumped revision number for resource 7efcf1e4-c030-4675-9e21-76bad8bb18b8 (type: security_groups) to 1
2026-07-10 01:08:26.849 10 INFO neutron.db.ovn_revision_numbers_db [None req-0870c29b-92ee-49c7-8a8e-350d434152ed 93bb38056ea745e58d50bcc3901de230 fa442ff2038745fc9fdb718ea45a6e11 - - default default] Successfully bumped revision number for resource 0c496116-eac3-49cf-b375-4dbfc167b2d4 (type: security_group_rules) to 0
2026-07-10 01:08:26.891 10 INFO neutron.db.ovn_revision_numbers_db [None req-0870c29b-92ee-49c7-8a8e-350d434152ed 93bb38056ea745e58d50bcc3901de230 fa442ff2038745fc9fdb718ea45a6e11 - - default default] Successfully bumped revision number for resource 52ec7c67-74f8-40ae-ae44-d26ba318149b (type: security_group_rules) to 0
2026-07-10 01:08:26.916 10 INFO neutron.db.ovn_revision_numbers_db [None req-0870c29b-92ee-49c7-8a8e-350d434152ed 93bb38056ea745e58d50bcc3901de230 fa442ff2038745fc9fdb718ea45a6e11 - - default default] Successfully bumped revision number for resource 705f0b14-b282-4400-bf01-da05561deb1b (type: security_group_rules) to 0
2026-07-10 01:08:26.936 10 INFO neutron.db.ovn_revision_numbers_db [None req-0870c29b-92ee-49c7-8a8e-350d434152ed 93bb38056ea745e58d50bcc3901de230 fa442ff2038745fc9fdb718ea45a6e11 - - default default] Successfully bumped revision number for resource b03f36fe-1aa9-4c4b-a66e-830af737eb01 (type: security_group_rules) to 0
2026-07-10 01:08:26.959 10 INFO neutron.wsgi [None req-0870c29b-92ee-49c7-8a8e-350d434152ed 93bb38056ea745e58d50bcc3901de230 fa442ff2038745fc9fdb718ea45a6e11 - - default default] 10.0.0.118 "GET /v2.0/security-groups?tenant_id=9a7acaebbdb143d49e7ccda2ee739bea&name=default HTTP/1.1" status: 200 len: 3000 time: 0.5342627
2026-07-10 01:08:27.229 9 INFO neutron.wsgi [None req-d665f115-e9b0-44a7-b09b-e9f3b472572e 93bb38056ea745e58d50bcc3901de230 fa442ff2038745fc9fdb718ea45a6e11 - - default default] 10.0.0.118 "DELETE /v2.0/security-groups/7efcf1e4-c030-4675-9e21-76bad8bb18b8 HTTP/1.1" status: 204 len: 168 time: 0.2643008
2026-07-10 01:08:27.489 9 INFO neutron.db.ovn_revision_numbers_db [None req-88af2049-834c-442d-a55a-a3f56779aa00 93bb38056ea745e58d50bcc3901de230 fa442ff2038745fc9fdb718ea45a6e11 - - default default] Successfully bumped revision number for resource 1f787b79-b62c-4a37-bd1e-6ec875a94815 (type: security_groups) to 1
2026-07-10 01:08:27.525 9 INFO neutron.db.ovn_revision_numbers_db [None req-88af2049-834c-442d-a55a-a3f56779aa00 93bb38056ea745e58d50bcc3901de230 fa442ff2038745fc9fdb718ea45a6e11 - - default default] Successfully bumped revision number for resource 0a231fc7-cedd-4e1d-9597-ba89e4473ea9 (type: security_group_rules) to 0
2026-07-10 01:08:27.549 9 INFO neutron.db.ovn_revision_numbers_db [None req-88af2049-834c-442d-a55a-a3f56779aa00 93bb38056ea745e58d50bcc3901de230 fa442ff2038745fc9fdb718ea45a6e11 - - default default] Successfully bumped revision number for resource 60cfe8e8-6f66-42db-9ed8-ab4a00560321 (type: security_group_rules) to 0
2026-07-10 01:08:27.604 9 INFO neutron.db.ovn_revision_numbers_db [None req-88af2049-834c-442d-a55a-a3f56779aa00 93bb38056ea745e58d50bcc3901de230 fa442ff2038745fc9fdb718ea45a6e11 - - default default] Successfully bumped revision number for resource 9e05487a-a521-4240-9890-339578048d3b (type: security_group_rules) to 0
2026-07-10 01:08:27.640 9 INFO neutron.db.ovn_revision_numbers_db [None req-88af2049-834c-442d-a55a-a3f56779aa00 93bb38056ea745e58d50bcc3901de230 fa442ff2038745fc9fdb718ea45a6e11 - - default default] Successfully bumped revision number for resource f4e3a099-db78-47f7-9363-97e7520aa93b (type: security_group_rules) to 0
2026-07-10 01:08:27.670 9 INFO neutron.wsgi [None req-88af2049-834c-442d-a55a-a3f56779aa00 93bb38056ea745e58d50bcc3901de230 fa442ff2038745fc9fdb718ea45a6e11 - - default default] 10.0.0.118 "GET /v2.0/security-groups?tenant_id=2b51af14b35d4dd99df2caabb6d8e76c&name=default HTTP/1.1" status: 200 len: 3000 time: 0.3232536
2026-07-10 01:08:28.238 9 INFO neutron.wsgi [None req-edc8a03c-94c5-4328-9e7f-d2abb78d021c 93bb38056ea745e58d50bcc3901de230 fa442ff2038745fc9fdb718ea45a6e11 - - default default] 10.0.0.118 "DELETE /v2.0/security-groups/1f787b79-b62c-4a37-bd1e-6ec875a94815 HTTP/1.1" status: 204 len: 168 time: 0.5615556
2026-07-10 01:08:28.364 10 INFO neutron.wsgi [None req-de2eee31-8e83-44ba-8248-773538e32e4d 93bb38056ea745e58d50bcc3901de230 fa442ff2038745fc9fdb718ea45a6e11 - - default default] 10.0.0.118 "GET /v2.0/security-groups?tenant_id=f2002af8c3fa40b190c07b8fb2d3d8bd&name=default HTTP/1.1" status: 200 len: 3000 time: 0.0355339
2026-07-10 01:08:28.562 9 INFO neutron.wsgi [None req-6dc82385-f212-4de3-ba7b-b88b5750b721 93bb38056ea745e58d50bcc3901de230 fa442ff2038745fc9fdb718ea45a6e11 - - default default] 10.0.0.118 "DELETE /v2.0/security-groups/248ef168-bd25-420c-8454-e0a8b1ce918d HTTP/1.1" status: 204 len: 168 time: 0.1922162
2026-07-10 01:08:30.421 9 INFO neutron.wsgi [-] 10.0.0.27 "GET / HTTP/1.1" status: 200 len: 247 time: 0.0024469
2026-07-10 01:08:30.420 10 INFO neutron.wsgi [-] 10.0.0.27 "GET / HTTP/1.1" status: 200 len: 247 time: 0.0027063
2026-07-10 01:08:32.407 9 WARNING neutron_lib.context [None req-633de0d2-8261-4ce0-a558-d5984739a7ba a4c9977522874c5881ce02f31acce784 7629332fb880438392df1b8760310782 - - default default] Method 'is_advsvc' is deprecated since 2023.2 release (neutron-lib 3.8.0) and will be removed once support for the old RBAC API policies will be removed from Neutron. Please use method 'is_service_role' instead.
2026-07-10 01:08:32.558 9 INFO neutron.db.ovn_revision_numbers_db [None req-633de0d2-8261-4ce0-a558-d5984739a7ba a4c9977522874c5881ce02f31acce784 7629332fb880438392df1b8760310782 - - default default] Successfully bumped revision number for resource a84dda97-4e53-4780-b7ef-38db11a7e852 (type: security_groups) to 1
2026-07-10 01:08:32.584 9 INFO neutron.db.ovn_revision_numbers_db [None req-633de0d2-8261-4ce0-a558-d5984739a7ba a4c9977522874c5881ce02f31acce784 7629332fb880438392df1b8760310782 - - default default] Successfully bumped revision number for resource 5ea011b6-3237-4b5b-93a1-a17225019c38 (type: security_group_rules) to 0
2026-07-10 01:08:32.600 9 INFO neutron.db.ovn_revision_numbers_db [None req-633de0d2-8261-4ce0-a558-d5984739a7ba a4c9977522874c5881ce02f31acce784 7629332fb880438392df1b8760310782 - - default default] Successfully bumped revision number for resource 65943e9b-2aa7-4ec3-812a-ad476ebfe6e2 (type: security_group_rules) to 0
2026-07-10 01:08:32.615 9 INFO neutron.db.ovn_revision_numbers_db [None req-633de0d2-8261-4ce0-a558-d5984739a7ba a4c9977522874c5881ce02f31acce784 7629332fb880438392df1b8760310782 - - default default] Successfully bumped revision number for resource 857ab9a6-7ea9-4fe3-b6c0-83a73a21d730 (type: security_group_rules) to 0
2026-07-10 01:08:32.637 9 INFO neutron.db.ovn_revision_numbers_db [None req-633de0d2-8261-4ce0-a558-d5984739a7ba a4c9977522874c5881ce02f31acce784 7629332fb880438392df1b8760310782 - - default default] Successfully bumped revision number for resource e0d6e608-f66b-4dce-a237-27cc75244a9f (type: security_group_rules) to 0
2026-07-10 01:08:32.699 9 INFO neutron.db.segments_db [None req-633de0d2-8261-4ce0-a558-d5984739a7ba a4c9977522874c5881ce02f31acce784 7629332fb880438392df1b8760310782 - - default default] Added segment 5d154d92-69fc-41fe-8d43-d2855903b4ad of type geneve for network 776bb162-531b-4a75-ba02-0b79f1ffe5e1
2026-07-10 01:08:32.893 9 INFO neutron.db.ovn_revision_numbers_db [None req-633de0d2-8261-4ce0-a558-d5984739a7ba a4c9977522874c5881ce02f31acce784 7629332fb880438392df1b8760310782 - - default default] Successfully bumped revision number for resource 776bb162-531b-4a75-ba02-0b79f1ffe5e1 (type: networks) to 1
2026-07-10 01:08:33.106 9 WARNING neutron.scheduler.dhcp_agent_scheduler [None req-633de0d2-8261-4ce0-a558-d5984739a7ba a4c9977522874c5881ce02f31acce784 7629332fb880438392df1b8760310782 - - default default] No more DHCP agents
2026-07-10 01:08:33.110 9 WARNING neutron.api.rpc.agentnotifiers.dhcp_rpc_agent_api [None req-633de0d2-8261-4ce0-a558-d5984739a7ba a4c9977522874c5881ce02f31acce784 7629332fb880438392df1b8760310782 - - default default] Unable to schedule network 776bb162-531b-4a75-ba02-0b79f1ffe5e1: no agents available; will retry on subsequent port and subnet creation events.
2026-07-10 01:08:33.225 9 INFO neutron.db.ovn_revision_numbers_db [None req-633de0d2-8261-4ce0-a558-d5984739a7ba a4c9977522874c5881ce02f31acce784 7629332fb880438392df1b8760310782 - - default default] Successfully bumped revision number for resource fbbcffdd-170a-4e87-b9e8-265bfc64dfdf (type: ports) to 1
2026-07-10 01:08:33.253 9 INFO neutron.wsgi [None req-633de0d2-8261-4ce0-a558-d5984739a7ba a4c9977522874c5881ce02f31acce784 7629332fb880438392df1b8760310782 - - default default] 10.0.0.118 "POST /v2.0/networks HTTP/1.1" status: 201 len: 839 time: 1.1629748
2026-07-10 01:08:33.290 10 WARNING neutron_lib.context [None req-93cd189f-2618-4c74-958f-dd89f5b4c297 a4c9977522874c5881ce02f31acce784 7629332fb880438392df1b8760310782 - - default default] Method 'is_advsvc' is deprecated since 2023.2 release (neutron-lib 3.8.0) and will be removed once support for the old RBAC API policies will be removed from Neutron. Please use method 'is_service_role' instead.
2026-07-10 01:08:33.570 10 WARNING neutron.scheduler.dhcp_agent_scheduler [None req-93cd189f-2618-4c74-958f-dd89f5b4c297 a4c9977522874c5881ce02f31acce784 7629332fb880438392df1b8760310782 - - default default] No more DHCP agents
2026-07-10 01:08:33.572 10 WARNING neutron.api.rpc.agentnotifiers.dhcp_rpc_agent_api [None req-93cd189f-2618-4c74-958f-dd89f5b4c297 a4c9977522874c5881ce02f31acce784 7629332fb880438392df1b8760310782 - - default default] Unable to schedule network 776bb162-531b-4a75-ba02-0b79f1ffe5e1: no agents available; will retry on subsequent port and subnet creation events.
2026-07-10 01:08:33.592 9 WARNING neutron_lib.context [None req-da5f3178-d770-4b56-8325-77b10c7251d7 9a61a101775e436888e7e040f1b54b8f 02e84f771f3745ef91aa843d52c3978a - - default default] Method 'is_advsvc' is deprecated since 2023.2 release (neutron-lib 3.8.0) and will be removed once support for the old RBAC API policies will be removed from Neutron. Please use method 'is_service_role' instead.
2026-07-10 01:08:33.805 9 INFO neutron.db.ovn_revision_numbers_db [None req-da5f3178-d770-4b56-8325-77b10c7251d7 9a61a101775e436888e7e040f1b54b8f 02e84f771f3745ef91aa843d52c3978a - - default default] Successfully bumped revision number for resource efa82f62-3799-4a9d-a22c-afd77d5c9e06 (type: routers) to 1
2026-07-10 01:08:33.831 9 INFO neutron.wsgi [None req-da5f3178-d770-4b56-8325-77b10c7251d7 9a61a101775e436888e7e040f1b54b8f 02e84f771f3745ef91aa843d52c3978a - - default default] 10.0.0.118 "POST /v2.0/routers HTTP/1.1" status: 201 len: 654 time: 0.4388111
2026-07-10 01:08:33.844 9 WARNING neutron_lib.context [None req-035cfc97-8984-407b-a911-bda961ac767b 9a61a101775e436888e7e040f1b54b8f 02e84f771f3745ef91aa843d52c3978a - - default default] Method 'is_advsvc' is deprecated since 2023.2 release (neutron-lib 3.8.0) and will be removed once support for the old RBAC API policies will be removed from Neutron. Please use method 'is_service_role' instead.
2026-07-10 01:08:34.009 9 INFO neutron.db.ovn_revision_numbers_db [None req-035cfc97-8984-407b-a911-bda961ac767b 9a61a101775e436888e7e040f1b54b8f 02e84f771f3745ef91aa843d52c3978a - - default default] Successfully bumped revision number for resource 15ea6af2-04ba-4932-b354-77cd5412f30e (type: routers) to 1
2026-07-10 01:08:34.028 9 INFO neutron.wsgi [None req-035cfc97-8984-407b-a911-bda961ac767b 9a61a101775e436888e7e040f1b54b8f 02e84f771f3745ef91aa843d52c3978a - - default default] 10.0.0.118 "POST /v2.0/routers HTTP/1.1" status: 201 len: 654 time: 0.1895599
2026-07-10 01:08:34.038 9 WARNING neutron_lib.context [None req-883a4985-6e2b-47f3-92ae-067b97b9a379 9a61a101775e436888e7e040f1b54b8f 02e84f771f3745ef91aa843d52c3978a - - default default] Method 'is_advsvc' is deprecated since 2023.2 release (neutron-lib 3.8.0) and will be removed once support for the old RBAC API policies will be removed from Neutron. Please use method 'is_service_role' instead.
2026-07-10 01:08:34.230 9 INFO neutron.db.ovn_revision_numbers_db [None req-883a4985-6e2b-47f3-92ae-067b97b9a379 9a61a101775e436888e7e040f1b54b8f 02e84f771f3745ef91aa843d52c3978a - - default default] Successfully bumped revision number for resource 5b7ff426-6ff7-4e84-9055-abe078ac1ed2 (type: routers) to 1
2026-07-10 01:08:34.246 9 INFO neutron.wsgi [None req-883a4985-6e2b-47f3-92ae-067b97b9a379 9a61a101775e436888e7e040f1b54b8f 02e84f771f3745ef91aa843d52c3978a - - default default] 10.0.0.118 "POST /v2.0/routers HTTP/1.1" status: 201 len: 654 time: 0.2139072
2026-07-10 01:08:34.257 9 WARNING neutron_lib.context [None req-a0134c25-62f0-44af-bc9c-446f54e4d64d 9a61a101775e436888e7e040f1b54b8f 02e84f771f3745ef91aa843d52c3978a - - default default] Method 'is_advsvc' is deprecated since 2023.2 release (neutron-lib 3.8.0) and will be removed once support for the old RBAC API policies will be removed from Neutron. Please use method 'is_service_role' instead.
2026-07-10 01:08:34.437 9 INFO neutron.db.ovn_revision_numbers_db [None req-a0134c25-62f0-44af-bc9c-446f54e4d64d 9a61a101775e436888e7e040f1b54b8f 02e84f771f3745ef91aa843d52c3978a - - default default] Successfully bumped revision number for resource 94960da7-fdfe-442e-a99f-5edbe8219f4d (type: routers) to 1
2026-07-10 01:08:34.454 9 INFO neutron.wsgi [None req-a0134c25-62f0-44af-bc9c-446f54e4d64d 9a61a101775e436888e7e040f1b54b8f 02e84f771f3745ef91aa843d52c3978a - - default default] 10.0.0.118 "POST /v2.0/routers HTTP/1.1" status: 201 len: 654 time: 0.2016742
2026-07-10 01:08:34.465 9 WARNING neutron_lib.context [None req-21cc95b9-9e2c-4a07-a71b-3938fbc13859 9a61a101775e436888e7e040f1b54b8f 02e84f771f3745ef91aa843d52c3978a - - default default] Method 'is_advsvc' is deprecated since 2023.2 release (neutron-lib 3.8.0) and will be removed once support for the old RBAC API policies will be removed from Neutron. Please use method 'is_service_role' instead.
2026-07-10 01:08:34.572 10 INFO neutron.db.ovn_revision_numbers_db [None req-93cd189f-2618-4c74-958f-dd89f5b4c297 a4c9977522874c5881ce02f31acce784 7629332fb880438392df1b8760310782 - - default default] Successfully bumped revision number for resource fbbcffdd-170a-4e87-b9e8-265bfc64dfdf (type: ports) to 2
2026-07-10 01:08:34.617 10 INFO neutron.db.ovn_revision_numbers_db [None req-93cd189f-2618-4c74-958f-dd89f5b4c297 a4c9977522874c5881ce02f31acce784 7629332fb880438392df1b8760310782 - - default default] Successfully bumped revision number for resource f8748f58-ba0c-404d-aab2-8e486bbcf366 (type: subnets) to 0
2026-07-10 01:08:34.622 9 INFO neutron.db.ovn_revision_numbers_db [None req-21cc95b9-9e2c-4a07-a71b-3938fbc13859 9a61a101775e436888e7e040f1b54b8f 02e84f771f3745ef91aa843d52c3978a - - default default] Successfully bumped revision number for resource eb2ee363-18d0-4c99-abe4-d8c919ea7a5b (type: routers) to 1
2026-07-10 01:08:34.632 10 INFO neutron.wsgi [None req-93cd189f-2618-4c74-958f-dd89f5b4c297 a4c9977522874c5881ce02f31acce784 7629332fb880438392df1b8760310782 - - default default] 10.0.0.118 "POST /v2.0/subnets HTTP/1.1" status: 201 len: 832 time: 1.3727064
2026-07-10 01:08:34.646 9 INFO neutron.wsgi [None req-21cc95b9-9e2c-4a07-a71b-3938fbc13859 9a61a101775e436888e7e040f1b54b8f 02e84f771f3745ef91aa843d52c3978a - - default default] 10.0.0.118 "POST /v2.0/routers HTTP/1.1" status: 201 len: 654 time: 0.1859064
2026-07-10 01:08:34.719 10 INFO neutron.wsgi [None req-f4d1099a-2cb8-40d1-976a-5d041ab528bb 9a61a101775e436888e7e040f1b54b8f 02e84f771f3745ef91aa843d52c3978a - - default default] 10.0.0.118 "PUT /v2.0/routers/efa82f62-3799-4a9d-a22c-afd77d5c9e06/tags HTTP/1.1" status: 200 len: 210 time: 0.0679984
2026-07-10 01:08:34.795 10 INFO neutron.wsgi [None req-00233e9f-cf5c-4f25-84d4-db04caddea92 da209c7a906e461480810f74e077ed4e 166a75e3e77a47649a83028f5f47b513 - - default default] 10.0.0.118 "GET /v2.0/subnetpools?name=shared-default-subnetpool-v6 HTTP/1.1" status: 200 len: 212 time: 0.1568842
2026-07-10 01:08:34.810 10 INFO neutron.wsgi [None req-07b37eb0-4647-42f6-b532-4d1e2d7de18c 9a61a101775e436888e7e040f1b54b8f 02e84f771f3745ef91aa843d52c3978a - - default default] 10.0.0.118 "PUT /v2.0/routers/15ea6af2-04ba-4932-b354-77cd5412f30e/tags HTTP/1.1" status: 200 len: 218 time: 0.0846288
2026-07-10 01:08:34.812 9 WARNING neutron_lib.context [None req-730b4d3e-914e-475a-8c60-a67c79ca0fba a4c9977522874c5881ce02f31acce784 7629332fb880438392df1b8760310782 - - default default] Method 'is_advsvc' is deprecated since 2023.2 release (neutron-lib 3.8.0) and will be removed once support for the old RBAC API policies will be removed from Neutron. Please use method 'is_service_role' instead.
2026-07-10 01:08:34.897 10 INFO neutron.wsgi [None req-b271d810-8610-4854-85eb-1d838840d0e5 9a61a101775e436888e7e040f1b54b8f 02e84f771f3745ef91aa843d52c3978a - - default default] 10.0.0.118 "PUT /v2.0/routers/5b7ff426-6ff7-4e84-9055-abe078ac1ed2/tags HTTP/1.1" status: 200 len: 227 time: 0.0819476
