2026-07-10 01:07:15.321 10 INFO neutron.db.ovn_revision_numbers_db [None req-d5402790-21a8-41ce-aa64-c7dba1403159 c8746f24182a4ee884c9c02cf921f4d5 21c949944c694522966b208fdc4a4bdd - - default default] Successfully bumped revision number for resource fada9938-8eca-46f9-bd8c-bff78a22a7e1 (type: routers) to 3
2026-07-10 01:07:15.325 10 INFO neutron.wsgi [None req-d5402790-21a8-41ce-aa64-c7dba1403159 c8746f24182a4ee884c9c02cf921f4d5 21c949944c694522966b208fdc4a4bdd - - default default] 10.0.0.118 "PUT /v2.0/routers/fada9938-8eca-46f9-bd8c-bff78a22a7e1 HTTP/1.1" status: 200 len: 876 time: 0.8825445
2026-07-10 01:07:15.363 9 INFO neutron.wsgi [None req-6c85d7d3-636d-4543-baf8-371f925af7ab ddaf438929c241d0a766fc434abdf419 c58ea1578b294d88ba3abb46fdeadcd1 - - default default] 10.0.0.118 "GET /v2.0/subnets/4ac1ae76-c86d-4436-940f-31a9c8031700/tags HTTP/1.1" status: 200 len: 245 time: 0.0422573
2026-07-10 01:07:15.405 10 INFO neutron.wsgi [None req-7a357cde-5001-486f-b3a1-9d9378890970 c8746f24182a4ee884c9c02cf921f4d5 21c949944c694522966b208fdc4a4bdd - - default default] 10.0.0.118 "GET /v2.0/routers/fada9938-8eca-46f9-bd8c-bff78a22a7e1 HTTP/1.1" status: 200 len: 876 time: 0.0733886
2026-07-10 01:07:15.419 9 INFO neutron.wsgi [-] 10.0.0.27 "GET / HTTP/1.1" status: 200 len: 247 time: 0.0018888
2026-07-10 01:07:15.421 9 INFO neutron.wsgi [-] 10.0.0.27 "GET / HTTP/1.1" status: 200 len: 247 time: 0.0012825
2026-07-10 01:07:15.432 9 INFO neutron.wsgi [None req-f76abb0d-26b3-4907-ae6f-4ee00d49b81f ddaf438929c241d0a766fc434abdf419 c58ea1578b294d88ba3abb46fdeadcd1 - - default default] 10.0.0.118 "PUT /v2.0/subnets/4ac1ae76-c86d-4436-940f-31a9c8031700/tags HTTP/1.1" status: 200 len: 230 time: 0.0625472
2026-07-10 01:07:15.433 10 INFO neutron.wsgi [None req-db83e6b8-6abe-4c9e-b44a-ea022b4c0d39 c8746f24182a4ee884c9c02cf921f4d5 21c949944c694522966b208fdc4a4bdd - - default default] 10.0.0.118 "GET /v2.0/ports?device_id=fada9938-8eca-46f9-bd8c-bff78a22a7e1 HTTP/1.1" status: 200 len: 205 time: 0.0207076
2026-07-10 01:07:15.868 9 INFO neutron.wsgi [None req-c1b51aaa-9d6d-4d13-9a64-aeb60e3c0d0f ddaf438929c241d0a766fc434abdf419 c58ea1578b294d88ba3abb46fdeadcd1 - - default default] 10.0.0.118 "GET /v2.0/subnets/4ac1ae76-c86d-4436-940f-31a9c8031700/tags HTTP/1.1" status: 200 len: 230 time: 0.4309638
2026-07-10 01:07:15.870 10 INFO neutron.wsgi [req-88645d82-7ca9-468b-a914-dacb3c3aac92 req-28e0f14a-8e15-4511-b334-6d531ccabb21 86431de4f3194680bbc1fb1094e353c9 15215f42144e4c46b6ef3ac0a6a986ae - - default default] 10.0.0.102 "GET /v2.0/ports?device_id=06302669-8405-4fb4-bb16-a84eb5446bb0 HTTP/1.1" status: 200 len: 1214 time: 0.0996919
2026-07-10 01:07:15.990 10 INFO neutron.wsgi [req-88645d82-7ca9-468b-a914-dacb3c3aac92 req-a5569f75-276a-4574-9085-ecf6fe247c0e 86431de4f3194680bbc1fb1094e353c9 15215f42144e4c46b6ef3ac0a6a986ae - - default default] 10.0.0.102 "GET /v2.0/security-groups?id=d3378c11-9910-432e-91bc-e045e815a825&id=c76757b3-4d25-4cd2-847d-b9abaffad94c&fields=id&fields=name HTTP/1.1" status: 200 len: 406 time: 0.1022484
2026-07-10 01:07:15.992 10 INFO neutron.wsgi [None req-b5d29ba2-841f-4fcc-a336-0884e84021da ddaf438929c241d0a766fc434abdf419 c58ea1578b294d88ba3abb46fdeadcd1 - - default default] 10.0.0.118 "GET /v2.0/subnets/4ac1ae76-c86d-4436-940f-31a9c8031700/tags/red HTTP/1.1" status: 204 len: 168 time: 0.1175599
2026-07-10 01:07:16.046 10 INFO neutron.api.v2.resource [None req-23b3ed90-8365-441e-b9d9-2ed2557ebdf9 ddaf438929c241d0a766fc434abdf419 c58ea1578b294d88ba3abb46fdeadcd1 - - default default] show failed (client error): The resource could not be found.
2026-07-10 01:07:16.048 10 INFO neutron.wsgi [None req-23b3ed90-8365-441e-b9d9-2ed2557ebdf9 ddaf438929c241d0a766fc434abdf419 c58ea1578b294d88ba3abb46fdeadcd1 - - default default] 10.0.0.118 "GET /v2.0/subnets/4ac1ae76-c86d-4436-940f-31a9c8031700/tags/green HTTP/1.1" status: 404 len: 299 time: 0.0494127
2026-07-10 01:07:16.202 9 INFO neutron.wsgi [req-720345d2-c851-411b-828b-c1ed613b2cf4 req-d3751b69-cb27-44ab-8e6b-808751062743 86431de4f3194680bbc1fb1094e353c9 15215f42144e4c46b6ef3ac0a6a986ae - - default default] 199.204.45.216 "GET /v2.0/ports?device_id=06302669-8405-4fb4-bb16-a84eb5446bb0 HTTP/1.1" status: 200 len: 1214 time: 0.0789702
2026-07-10 01:07:16.235 9 INFO neutron.wsgi [None req-b98f355b-fe58-484a-8c15-ca7460d413ab ddaf438929c241d0a766fc434abdf419 c58ea1578b294d88ba3abb46fdeadcd1 - - default default] 10.0.0.118 "DELETE /v2.0/subnets/4ac1ae76-c86d-4436-940f-31a9c8031700/tags/red HTTP/1.1" status: 204 len: 168 time: 0.1806743
2026-07-10 01:07:16.291 10 INFO neutron.wsgi [None req-ac6d15d7-7e9e-488b-bce1-7b61bee0633c ddaf438929c241d0a766fc434abdf419 c58ea1578b294d88ba3abb46fdeadcd1 - - default default] 10.0.0.118 "GET /v2.0/subnets/4ac1ae76-c86d-4436-940f-31a9c8031700/tags HTTP/1.1" status: 200 len: 223 time: 0.0497930
2026-07-10 01:07:16.381 9 INFO neutron.api.v2.resource [None req-dba6deb9-324c-4861-8553-29eb48a8bbba ddaf438929c241d0a766fc434abdf419 c58ea1578b294d88ba3abb46fdeadcd1 - - default default] delete failed (client error): The resource could not be found.
2026-07-10 01:07:16.383 9 INFO neutron.wsgi [None req-dba6deb9-324c-4861-8553-29eb48a8bbba ddaf438929c241d0a766fc434abdf419 c58ea1578b294d88ba3abb46fdeadcd1 - - default default] 10.0.0.118 "DELETE /v2.0/subnets/4ac1ae76-c86d-4436-940f-31a9c8031700/tags/green HTTP/1.1" status: 404 len: 299 time: 0.0862215
2026-07-10 01:07:16.459 10 INFO neutron.wsgi [None req-805bf490-2478-44be-b070-21b635fc7285 ddaf438929c241d0a766fc434abdf419 c58ea1578b294d88ba3abb46fdeadcd1 - - default default] 10.0.0.118 "DELETE /v2.0/subnets/4ac1ae76-c86d-4436-940f-31a9c8031700/tags HTTP/1.1" status: 204 len: 168 time: 0.0682781
2026-07-10 01:07:16.539 10 INFO neutron.wsgi [None req-d80d4e54-7b2b-4a7b-b0ab-b5a90521a1fb ddaf438929c241d0a766fc434abdf419 c58ea1578b294d88ba3abb46fdeadcd1 - - default default] 10.0.0.118 "GET /v2.0/subnets/4ac1ae76-c86d-4436-940f-31a9c8031700/tags HTTP/1.1" status: 200 len: 205 time: 0.0739350
2026-07-10 01:07:16.747 9 INFO neutron.db.l3_db [req-720345d2-c851-411b-828b-c1ed613b2cf4 req-bf5725a3-741a-4b4c-ab62-98e116d7c93e 86431de4f3194680bbc1fb1094e353c9 15215f42144e4c46b6ef3ac0a6a986ae - - default default] Floating IP 8f63fe7a-9a91-4859-a5ba-c5da030a2661 disassociated. External IP: 10.96.250.217, port: da8174b3-6559-45e2-afd2-21fea5710ec8.
2026-07-10 01:07:16.805 10 INFO neutron.wsgi [None req-7e4747e9-be9f-405a-bfc3-307d938ec519 ddaf438929c241d0a766fc434abdf419 c58ea1578b294d88ba3abb46fdeadcd1 - - default default] 10.0.0.118 "DELETE /v2.0/subnets/4ac1ae76-c86d-4436-940f-31a9c8031700 HTTP/1.1" status: 204 len: 168 time: 0.2423847
2026-07-10 01:07:17.171 9 INFO neutron.wsgi [req-91491a3e-deaa-435d-bf02-61ae43d19fd9 req-4ec7bc87-4fe0-4c77-a735-f26d849fecdd 86431de4f3194680bbc1fb1094e353c9 15215f42144e4c46b6ef3ac0a6a986ae - - default default] 10.0.0.102 "GET /v2.0/ports?device_id=06302669-8405-4fb4-bb16-a84eb5446bb0 HTTP/1.1" status: 200 len: 1214 time: 0.0892458
2026-07-10 01:07:17.310 9 INFO neutron.wsgi [req-91491a3e-deaa-435d-bf02-61ae43d19fd9 req-84abefd7-aac9-49d7-a549-0e0bce3d4c43 86431de4f3194680bbc1fb1094e353c9 15215f42144e4c46b6ef3ac0a6a986ae - - default default] 10.0.0.102 "GET /v2.0/security-groups?id=d3378c11-9910-432e-91bc-e045e815a825&id=c76757b3-4d25-4cd2-847d-b9abaffad94c&fields=id&fields=name HTTP/1.1" status: 200 len: 406 time: 0.1318035
2026-07-10 01:07:17.343 9 INFO neutron.wsgi [req-720345d2-c851-411b-828b-c1ed613b2cf4 req-bf5725a3-741a-4b4c-ab62-98e116d7c93e 86431de4f3194680bbc1fb1094e353c9 15215f42144e4c46b6ef3ac0a6a986ae - - default default] 199.204.45.216 "DELETE /v2.0/ports/da8174b3-6559-45e2-afd2-21fea5710ec8 HTTP/1.1" status: 204 len: 173 time: 1.1212575
2026-07-10 01:07:17.400 9 INFO neutron.notifiers.nova [-] Nova event matching ['req-29fb3cd8-3fa2-4b91-8f2a-447b7198e189'] response: {'server_uuid': '06302669-8405-4fb4-bb16-a84eb5446bb0', 'name': 'network-vif-deleted', 'tag': 'da8174b3-6559-45e2-afd2-21fea5710ec8', 'status': 'completed', 'code': 200}
2026-07-10 01:07:17.510 10 INFO neutron.services.segments.plugin [-] Segment 40932d36-765f-460d-bd3d-7fb385b96dbf resource provider aggregate not found
2026-07-10 01:07:17.517 10 INFO neutron.services.segments.plugin [-] Segment 40932d36-765f-460d-bd3d-7fb385b96dbf resource provider aggregate not found
2026-07-10 01:07:17.537 10 INFO neutron.services.segments.plugin [-] Segment 40932d36-765f-460d-bd3d-7fb385b96dbf resource provider not found; error: Placement Client Error (4xx): {"errors": [{"status": 404, "title": "Not Found", "detail": "The resource could not be found.\n\n No resource provider with uuid 40932d36-765f-460d-bd3d-7fb385b96dbf found for delete ", "request_id": "req-e8f38578-f8f5-4fed-bf93-282bfe69c309"}]}
2026-07-10 01:07:17.538 10 INFO neutron.services.segments.plugin [-] Segment 40932d36-765f-460d-bd3d-7fb385b96dbf resource provider not found; error: Placement Client Error (4xx): {"errors": [{"status": 404, "title": "Not Found", "detail": "The resource could not be found.\n\n No resource provider with uuid 40932d36-765f-460d-bd3d-7fb385b96dbf found for delete ", "request_id": "req-50d9e96c-d48e-43e1-8dd3-ed23f308ccf5"}]}
2026-07-10 01:07:17.647 9 INFO neutron.wsgi [None req-e50a8fa5-6ff8-41f1-b52e-8df0c8011930 c8746f24182a4ee884c9c02cf921f4d5 21c949944c694522966b208fdc4a4bdd - - default default] 10.0.0.118 "DELETE /v2.0/routers/fada9938-8eca-46f9-bd8c-bff78a22a7e1 HTTP/1.1" status: 204 len: 168 time: 2.2091382
2026-07-10 01:07:17.664 10 INFO neutron.wsgi [None req-4218f32d-3088-41be-837b-09780efac560 ddaf438929c241d0a766fc434abdf419 c58ea1578b294d88ba3abb46fdeadcd1 - - default default] 10.0.0.118 "DELETE /v2.0/networks/1a561df6-b3e8-4c6c-8310-86a9ab8cba0e HTTP/1.1" status: 204 len: 168 time: 0.8506293
2026-07-10 01:07:17.681 9 INFO neutron.wsgi [None req-b84b1543-a53b-4226-87cd-00967b02a7d9 c8746f24182a4ee884c9c02cf921f4d5 21c949944c694522966b208fdc4a4bdd - - default default] 10.0.0.118 "GET /v2.0/ports?device_id=fada9938-8eca-46f9-bd8c-bff78a22a7e1 HTTP/1.1" status: 200 len: 205 time: 0.0238900
2026-07-10 01:07:17.731 10 INFO neutron.api.v2.resource [None req-7c820d23-608d-40a8-9641-45f03e207f89 c8746f24182a4ee884c9c02cf921f4d5 21c949944c694522966b208fdc4a4bdd - - default default] delete failed (client error): The resource could not be found.
2026-07-10 01:07:17.734 10 INFO neutron.wsgi [None req-7c820d23-608d-40a8-9641-45f03e207f89 c8746f24182a4ee884c9c02cf921f4d5 21c949944c694522966b208fdc4a4bdd - - default default] 10.0.0.118 "DELETE /v2.0/routers/fada9938-8eca-46f9-bd8c-bff78a22a7e1 HTTP/1.1" status: 404 len: 336 time: 0.0472200
2026-07-10 01:07:17.775 10 INFO neutron.wsgi [None req-ec8604c2-a6fc-4114-9f04-106214293dd8 c8746f24182a4ee884c9c02cf921f4d5 21c949944c694522966b208fdc4a4bdd - - default default] 10.0.0.118 "GET /v2.0/ports?device_id=cb92e6c7-d6dd-49c6-86e0-eb3af2e8b3c2 HTTP/1.1" status: 200 len: 205 time: 0.0357082
2026-07-10 01:07:17.804 10 INFO neutron.api.v2.resource [None req-1a930460-be40-4c10-9b98-1e1ecb875c4d c8746f24182a4ee884c9c02cf921f4d5 21c949944c694522966b208fdc4a4bdd - - default default] delete failed (client error): The resource could not be found.
2026-07-10 01:07:17.806 10 INFO neutron.wsgi [None req-1a930460-be40-4c10-9b98-1e1ecb875c4d c8746f24182a4ee884c9c02cf921f4d5 21c949944c694522966b208fdc4a4bdd - - default default] 10.0.0.118 "DELETE /v2.0/routers/cb92e6c7-d6dd-49c6-86e0-eb3af2e8b3c2 HTTP/1.1" status: 404 len: 336 time: 0.0264797
2026-07-10 01:07:17.835 9 INFO neutron.pecan_wsgi.hooks.translation [None req-ab0a8175-d781-4bc5-9a16-d254968d7892 c8746f24182a4ee884c9c02cf921f4d5 21c949944c694522966b208fdc4a4bdd - - default default] DELETE failed (client error): The resource could not be found.
2026-07-10 01:07:17.837 9 INFO neutron.wsgi [None req-ab0a8175-d781-4bc5-9a16-d254968d7892 c8746f24182a4ee884c9c02cf921f4d5 21c949944c694522966b208fdc4a4bdd - - default default] 10.0.0.118 "DELETE /v2.0/subnets/0a066d88-f63a-4a2e-a597-d75c005ca9aa HTTP/1.1" status: 404 len: 337 time: 0.0257642
2026-07-10 01:07:17.863 9 INFO neutron.wsgi [None req-4850689a-07c2-46a2-81b2-6341f866d029 c8746f24182a4ee884c9c02cf921f4d5 21c949944c694522966b208fdc4a4bdd - - default default] 10.0.0.118 "GET /v2.0/ports?device_id=6060bc55-b414-48b7-bdec-468923014c2a HTTP/1.1" status: 200 len: 205 time: 0.0197854
2026-07-10 01:07:17.900 10 INFO neutron.api.v2.resource [None req-be87e6f8-4048-497a-9dcd-666ebbf38ae9 c8746f24182a4ee884c9c02cf921f4d5 21c949944c694522966b208fdc4a4bdd - - default default] delete failed (client error): The resource could not be found.
2026-07-10 01:07:17.901 10 INFO neutron.wsgi [None req-be87e6f8-4048-497a-9dcd-666ebbf38ae9 c8746f24182a4ee884c9c02cf921f4d5 21c949944c694522966b208fdc4a4bdd - - default default] 10.0.0.118 "DELETE /v2.0/routers/6060bc55-b414-48b7-bdec-468923014c2a HTTP/1.1" status: 404 len: 336 time: 0.0316865
2026-07-10 01:07:17.929 10 INFO neutron.pecan_wsgi.hooks.translation [None req-be046361-098c-4d48-9e12-2ebce99254a4 c8746f24182a4ee884c9c02cf921f4d5 21c949944c694522966b208fdc4a4bdd - - default default] DELETE failed (client error): The resource could not be found.
2026-07-10 01:07:17.932 10 INFO neutron.wsgi [None req-be046361-098c-4d48-9e12-2ebce99254a4 c8746f24182a4ee884c9c02cf921f4d5 21c949944c694522966b208fdc4a4bdd - - default default] 10.0.0.118 "DELETE /v2.0/subnets/490440ff-7201-45a9-abf7-323e63ac3973 HTTP/1.1" status: 404 len: 337 time: 0.0245361
2026-07-10 01:07:17.957 10 INFO neutron.wsgi [None req-bbf0a234-6f85-46a7-afb5-b40dc03bbf5d c8746f24182a4ee884c9c02cf921f4d5 21c949944c694522966b208fdc4a4bdd - - default default] 10.0.0.118 "GET /v2.0/ports?device_id=2dcd77df-08b5-4980-be98-a55434be46ab HTTP/1.1" status: 200 len: 205 time: 0.0196104
2026-07-10 01:07:17.983 10 INFO neutron.api.v2.resource [None req-6bfb204c-d44f-4a69-aecb-be32bbc06f5e c8746f24182a4ee884c9c02cf921f4d5 21c949944c694522966b208fdc4a4bdd - - default default] delete failed (client error): The resource could not be found.
2026-07-10 01:07:17.985 10 INFO neutron.wsgi [None req-6bfb204c-d44f-4a69-aecb-be32bbc06f5e c8746f24182a4ee884c9c02cf921f4d5 21c949944c694522966b208fdc4a4bdd - - default default] 10.0.0.118 "DELETE /v2.0/routers/2dcd77df-08b5-4980-be98-a55434be46ab HTTP/1.1" status: 404 len: 336 time: 0.0228646
2026-07-10 01:07:18.007 10 INFO neutron.pecan_wsgi.hooks.translation [None req-d0039231-e2be-4d73-8a40-45450685d5c0 c8746f24182a4ee884c9c02cf921f4d5 21c949944c694522966b208fdc4a4bdd - - default default] DELETE failed (client error): The resource could not be found.
2026-07-10 01:07:18.010 10 INFO neutron.wsgi [None req-d0039231-e2be-4d73-8a40-45450685d5c0 c8746f24182a4ee884c9c02cf921f4d5 21c949944c694522966b208fdc4a4bdd - - default default] 10.0.0.118 "DELETE /v2.0/subnets/63190c25-5409-449e-a688-b62081b19462 HTTP/1.1" status: 404 len: 337 time: 0.0198989
2026-07-10 01:07:18.031 10 INFO neutron.pecan_wsgi.hooks.translation [None req-c6bdb15d-d99a-464b-b0e1-121e7eecc605 c8746f24182a4ee884c9c02cf921f4d5 21c949944c694522966b208fdc4a4bdd - - default default] DELETE failed (client error): The resource could not be found.
2026-07-10 01:07:18.037 10 INFO neutron.wsgi [None req-c6bdb15d-d99a-464b-b0e1-121e7eecc605 c8746f24182a4ee884c9c02cf921f4d5 21c949944c694522966b208fdc4a4bdd - - default default] 10.0.0.118 "DELETE /v2.0/subnets/0e3fe96e-f739-4714-bfbe-6eabc98716d6 HTTP/1.1" status: 404 len: 337 time: 0.0215399
2026-07-10 01:07:18.666 10 INFO neutron.wsgi [None req-539d5532-90ab-4850-9cfd-b3db888abd1e 86431de4f3194680bbc1fb1094e353c9 15215f42144e4c46b6ef3ac0a6a986ae - - default default] 10.0.0.118 "DELETE /v2.0/security-groups/c76757b3-4d25-4cd2-847d-b9abaffad94c HTTP/1.1" status: 204 len: 168 time: 0.1965406
2026-07-10 01:07:18.687 9 INFO neutron.api.v2.resource [None req-7b56f869-7250-4bb2-84e2-03332eb2d503 86431de4f3194680bbc1fb1094e353c9 15215f42144e4c46b6ef3ac0a6a986ae - - default default] show failed (client error): The resource could not be found.
2026-07-10 01:07:18.689 9 INFO neutron.wsgi [None req-7b56f869-7250-4bb2-84e2-03332eb2d503 86431de4f3194680bbc1fb1094e353c9 15215f42144e4c46b6ef3ac0a6a986ae - - default default] 10.0.0.118 "GET /v2.0/security-groups/c76757b3-4d25-4cd2-847d-b9abaffad94c HTTP/1.1" status: 404 len: 347 time: 0.0159020
2026-07-10 01:07:18.731 10 INFO neutron.wsgi [None req-bf241106-d30a-41fa-bb2d-0499fb10c65f 93bb38056ea745e58d50bcc3901de230 fa442ff2038745fc9fdb718ea45a6e11 - - default default] 10.0.0.118 "GET /v2.0/security-groups?tenant_id=21c949944c694522966b208fdc4a4bdd&name=default HTTP/1.1" status: 200 len: 2996 time: 0.1322622
2026-07-10 01:07:18.801 10 INFO neutron.db.ovn_revision_numbers_db [None req-d7928b68-86f3-467b-97f2-ff0901c06627 93bb38056ea745e58d50bcc3901de230 fa442ff2038745fc9fdb718ea45a6e11 - - default default] Successfully bumped revision number for resource 978f96c0-106c-42a4-8513-fae6645a12f0 (type: security_groups) to 1
2026-07-10 01:07:18.823 10 INFO neutron.db.ovn_revision_numbers_db [None req-d7928b68-86f3-467b-97f2-ff0901c06627 93bb38056ea745e58d50bcc3901de230 fa442ff2038745fc9fdb718ea45a6e11 - - default default] Successfully bumped revision number for resource 5a788fd7-fcd5-42a8-961b-a27678a2bb3d (type: security_group_rules) to 0
2026-07-10 01:07:18.846 10 INFO neutron.db.ovn_revision_numbers_db [None req-d7928b68-86f3-467b-97f2-ff0901c06627 93bb38056ea745e58d50bcc3901de230 fa442ff2038745fc9fdb718ea45a6e11 - - default default] Successfully bumped revision number for resource 8003bef9-df2c-4d16-8b88-862396b5cacc (type: security_group_rules) to 0
2026-07-10 01:07:18.864 10 INFO neutron.db.ovn_revision_numbers_db [None req-d7928b68-86f3-467b-97f2-ff0901c06627 93bb38056ea745e58d50bcc3901de230 fa442ff2038745fc9fdb718ea45a6e11 - - default default] Successfully bumped revision number for resource 94a43264-a0e3-4d19-b84a-2118f8e8084a (type: security_group_rules) to 0
2026-07-10 01:07:18.881 10 INFO neutron.db.ovn_revision_numbers_db [None req-d7928b68-86f3-467b-97f2-ff0901c06627 93bb38056ea745e58d50bcc3901de230 fa442ff2038745fc9fdb718ea45a6e11 - - default default] Successfully bumped revision number for resource d40d6f94-61c4-41dd-a707-72d9c4270fb1 (type: security_group_rules) to 0
2026-07-10 01:07:18.906 10 INFO neutron.wsgi [None req-d7928b68-86f3-467b-97f2-ff0901c06627 93bb38056ea745e58d50bcc3901de230 fa442ff2038745fc9fdb718ea45a6e11 - - default default] 10.0.0.118 "GET /v2.0/security-groups?tenant_id=95b622cdecb841e5b127eb6783e15c30&name=default HTTP/1.1" status: 200 len: 2996 time: 0.4709685
2026-07-10 01:07:19.207 9 INFO neutron.wsgi [None req-7a19646b-562f-49d0-946e-34f1e5df3284 93bb38056ea745e58d50bcc3901de230 fa442ff2038745fc9fdb718ea45a6e11 - - default default] 10.0.0.118 "DELETE /v2.0/security-groups/c66d668e-66c1-4f19-8e64-9719a4c718eb HTTP/1.1" status: 204 len: 168 time: 0.4713652
2026-07-10 01:07:19.271 9 INFO neutron.wsgi [None req-5d078645-85c9-4a30-82ea-baf975463ebf 86431de4f3194680bbc1fb1094e353c9 15215f42144e4c46b6ef3ac0a6a986ae - - default default] 10.0.0.118 "DELETE /v2.0/floatingips/8f63fe7a-9a91-4859-a5ba-c5da030a2661 HTTP/1.1" status: 204 len: 168 time: 0.5706511
2026-07-10 01:07:19.341 9 INFO neutron.wsgi [None req-f4a64499-fa97-4b85-8dd7-218f20d8371c 93bb38056ea745e58d50bcc3901de230 fa442ff2038745fc9fdb718ea45a6e11 - - default default] 10.0.0.118 "DELETE /v2.0/security-groups/978f96c0-106c-42a4-8513-fae6645a12f0 HTTP/1.1" status: 204 len: 168 time: 0.4294791
2026-07-10 01:07:19.445 9 INFO neutron.wsgi [None req-88aa4c4b-d4cd-4828-8577-7a21419b2e95 86431de4f3194680bbc1fb1094e353c9 15215f42144e4c46b6ef3ac0a6a986ae - - default default] 10.0.0.118 "DELETE /v2.0/security-groups/d3378c11-9910-432e-91bc-e045e815a825 HTTP/1.1" status: 204 len: 168 time: 0.1653543
2026-07-10 01:07:19.596 9 INFO neutron.wsgi [None req-c80f7a89-bb55-462b-8a67-1b190bde94f0 93bb38056ea745e58d50bcc3901de230 fa442ff2038745fc9fdb718ea45a6e11 - - default default] 10.0.0.118 "GET /v2.0/security-groups?tenant_id=c58ea1578b294d88ba3abb46fdeadcd1&name=default HTTP/1.1" status: 200 len: 2996 time: 0.0347149
2026-07-10 01:07:19.909 9 WARNING neutron.plugins.ml2.drivers.ovn.mech_driver.ovsdb.ovn_client [None req-7f73181f-a88a-4e4c-979b-89ea94793d49 - - - - - -] No port found with ID add73746-9548-400d-bf7c-ddcfdc09c471: RuntimeError: No port found with ID add73746-9548-400d-bf7c-ddcfdc09c471
2026-07-10 01:07:19.909 9 INFO neutron.plugins.ml2.drivers.ovn.mech_driver.mech_driver [None req-7f73181f-a88a-4e4c-979b-89ea94793d49 - - - - - -] OVN reports status down for port: da8174b3-6559-45e2-afd2-21fea5710ec8
2026-07-10 01:07:19.954 10 INFO neutron.wsgi [None req-35cfd6cc-40e4-4408-98b9-b65e48d3cfa1 93bb38056ea745e58d50bcc3901de230 fa442ff2038745fc9fdb718ea45a6e11 - - default default] 10.0.0.118 "DELETE /v2.0/security-groups/043ec447-d3cb-4867-bbdd-a5af48a582b8 HTTP/1.1" status: 204 len: 168 time: 0.3515079
2026-07-10 01:07:20.791 10 INFO neutron.wsgi [None req-434a69df-9fae-44d3-8927-da1a3b275d64 93bb38056ea745e58d50bcc3901de230 fa442ff2038745fc9fdb718ea45a6e11 - - default default] 10.0.0.118 "PUT /v2.0/routers/9637581b-1539-4f8a-af9c-b23a9244f501/remove_router_interface HTTP/1.1" status: 200 len: 503 time: 1.2876034 /var/lib/openstack/lib/python3.10/site-packages/pycadf/identifier.py:71: UserWarning: Invalid uuid: neutron. To ensure interoperability, identifiers should be a valid uuid. warnings.warn(('Invalid uuid: %s. To ensure interoperability, '
2026-07-10 01:07:21.830 10 INFO neutron.wsgi [None req-14ac5426-1f26-4b41-8ab4-27f11e6c4a5b 93bb38056ea745e58d50bcc3901de230 fa442ff2038745fc9fdb718ea45a6e11 - - default default] 10.0.0.118 "DELETE /v2.0/routers/9637581b-1539-4f8a-af9c-b23a9244f501 HTTP/1.1" status: 204 len: 168 time: 1.0311060 /var/lib/openstack/lib/python3.10/site-packages/pycadf/identifier.py:71: UserWarning: Invalid uuid: neutron. To ensure interoperability, identifiers should be a valid uuid. warnings.warn(('Invalid uuid: %s. To ensure interoperability, '
2026-07-10 01:07:22.152 9 INFO neutron.db.ovn_revision_numbers_db [None req-dc8e2053-1bca-4016-be39-086c1b3816d6 93bb38056ea745e58d50bcc3901de230 fa442ff2038745fc9fdb718ea45a6e11 - - default default] Successfully bumped revision number for resource 03176512-25c8-4a88-9957-264926193b1a (type: security_groups) to 1
2026-07-10 01:07:22.168 9 INFO neutron.wsgi [None req-2c2e3978-135e-4ff1-b785-52022b129dec 93bb38056ea745e58d50bcc3901de230 fa442ff2038745fc9fdb718ea45a6e11 - - default default] 10.0.0.118 "DELETE /v2.0/subnets/da4ab57b-5d8c-4b6c-8e1c-a9d77b89ca0a HTTP/1.1" status: 204 len: 168 time: 0.3318594
2026-07-10 01:07:22.205 9 INFO neutron.db.ovn_revision_numbers_db [None req-dc8e2053-1bca-4016-be39-086c1b3816d6 93bb38056ea745e58d50bcc3901de230 fa442ff2038745fc9fdb718ea45a6e11 - - default default] Successfully bumped revision number for resource 422f7cec-3447-4a17-81b5-c76301dd0ddd (type: security_group_rules) to 0
2026-07-10 01:07:22.230 9 INFO neutron.db.ovn_revision_numbers_db [None req-dc8e2053-1bca-4016-be39-086c1b3816d6 93bb38056ea745e58d50bcc3901de230 fa442ff2038745fc9fdb718ea45a6e11 - - default default] Successfully bumped revision number for resource 83c1834c-c6ac-4bb9-a368-cec766991e93 (type: security_group_rules) to 0
2026-07-10 01:07:22.264 9 INFO neutron.db.ovn_revision_numbers_db [None req-dc8e2053-1bca-4016-be39-086c1b3816d6 93bb38056ea745e58d50bcc3901de230 fa442ff2038745fc9fdb718ea45a6e11 - - default default] Successfully bumped revision number for resource d010f968-e11e-4928-b0a7-5ee41a3ecb58 (type: security_group_rules) to 0
2026-07-10 01:07:22.296 9 INFO neutron.db.ovn_revision_numbers_db [None req-dc8e2053-1bca-4016-be39-086c1b3816d6 93bb38056ea745e58d50bcc3901de230 fa442ff2038745fc9fdb718ea45a6e11 - - default default] Successfully bumped revision number for resource e92c3d31-4a7c-4ed3-8057-21c309f39a43 (type: security_group_rules) to 0
2026-07-10 01:07:22.329 9 INFO neutron.wsgi [None req-dc8e2053-1bca-4016-be39-086c1b3816d6 93bb38056ea745e58d50bcc3901de230 fa442ff2038745fc9fdb718ea45a6e11 - - default default] 10.0.0.118 "GET /v2.0/security-groups?tenant_id=8765f03c3e984bee8c90b5c9a0cc5cba&name=default HTTP/1.1" status: 200 len: 2996 time: 0.6111600
2026-07-10 01:07:22.703 9 INFO neutron.services.segments.plugin [-] Segment 31f4150b-fda8-46a2-a4e1-e3f50b05d72d resource provider aggregate not found
2026-07-10 01:07:22.709 9 INFO neutron.services.segments.plugin [-] Segment 31f4150b-fda8-46a2-a4e1-e3f50b05d72d resource provider aggregate not found
2026-07-10 01:07:22.728 9 INFO neutron.services.segments.plugin [-] Segment 31f4150b-fda8-46a2-a4e1-e3f50b05d72d resource provider not found; error: Placement Client Error (4xx): {"errors": [{"status": 404, "title": "Not Found", "detail": "The resource could not be found.\n\n No resource provider with uuid 31f4150b-fda8-46a2-a4e1-e3f50b05d72d found for delete ", "request_id": "req-a3d73416-b12e-4404-8663-2d276664692b"}]}
2026-07-10 01:07:22.733 9 INFO neutron.wsgi [None req-44dae90c-7665-47d6-b944-3fda73f7ed17 93bb38056ea745e58d50bcc3901de230 fa442ff2038745fc9fdb718ea45a6e11 - - default default] 10.0.0.118 "DELETE /v2.0/security-groups/03176512-25c8-4a88-9957-264926193b1a HTTP/1.1" status: 204 len: 168 time: 0.3965178
2026-07-10 01:07:22.735 9 INFO neutron.services.segments.plugin [-] Segment 31f4150b-fda8-46a2-a4e1-e3f50b05d72d resource provider not found; error: Placement Client Error (4xx): {"errors": [{"status": 404, "title": "Not Found", "detail": "The resource could not be found.\n\n No resource provider with uuid 31f4150b-fda8-46a2-a4e1-e3f50b05d72d found for delete ", "request_id": "req-421100af-89ac-4331-bb66-d5b375d7305f"}]}
2026-07-10 01:07:22.761 9 INFO neutron.wsgi [None req-18b242e8-f112-4151-9deb-ff83e0b2f806 93bb38056ea745e58d50bcc3901de230 fa442ff2038745fc9fdb718ea45a6e11 - - default default] 10.0.0.118 "DELETE /v2.0/networks/cb372729-28b9-41e4-9c3b-6a164d9a736d HTTP/1.1" status: 204 len: 168 time: 0.5703464
2026-07-10 01:07:24.087 10 INFO neutron.wsgi [None req-21b6b97f-9245-4bc0-8fdc-03f4561327c1 93bb38056ea745e58d50bcc3901de230 fa442ff2038745fc9fdb718ea45a6e11 - - default default] 10.0.0.68 "GET /v2.0/ports HTTP/1.1" status: 200 len: 7517 time: 0.2863333
2026-07-10 01:07:24.216 10 INFO neutron.wsgi [None req-f41c208f-9d06-462f-846f-c4f71edc3b9f 93bb38056ea745e58d50bcc3901de230 fa442ff2038745fc9fdb718ea45a6e11 - - default default] 10.0.0.68 "GET /v2.0/routers HTTP/1.1" status: 200 len: 859 time: 0.1212492
2026-07-10 01:07:24.231 10 INFO neutron.wsgi [None req-a6ec0a7f-1dad-4029-a54b-1f1097ec5062 93bb38056ea745e58d50bcc3901de230 fa442ff2038745fc9fdb718ea45a6e11 - - default default] 10.0.0.68 "GET /v2.0/agents?binary=ovn-controller HTTP/1.1" status: 200 len: 591 time: 0.0144610
2026-07-10 01:07:24.249 10 INFO neutron.wsgi [None req-bea84aa3-323d-4255-8807-0a779f837290 93bb38056ea745e58d50bcc3901de230 fa442ff2038745fc9fdb718ea45a6e11 - - default default] 10.0.0.68 "GET /v2.0/network-ip-availabilities HTTP/1.1" status: 200 len: 1752 time: 0.0158203
2026-07-10 01:07:24.281 10 INFO neutron.wsgi [None req-6841a4a3-bd2f-41ca-a67d-c80fdd593fe8 93bb38056ea745e58d50bcc3901de230 fa442ff2038745fc9fdb718ea45a6e11 - - default default] 10.0.0.68 "GET /v2.0/floatingips HTTP/1.1" status: 200 len: 193 time: 0.0309176
2026-07-10 01:07:24.308 9 INFO neutron.wsgi [None req-20135e87-ec0b-443a-b652-87b6a0e1f864 93bb38056ea745e58d50bcc3901de230 fa442ff2038745fc9fdb718ea45a6e11 - - default default] 10.0.0.118 "PUT /v2.0/routers/8ea28913-cef9-410d-878f-68a9d00b5518/remove_router_interface HTTP/1.1" status: 200 len: 503 time: 1.5401034
2026-07-10 01:07:24.392 10 INFO neutron.wsgi [None req-ac3619f9-4e38-43a5-be30-4ce9cc228086 93bb38056ea745e58d50bcc3901de230 fa442ff2038745fc9fdb718ea45a6e11 - - default default] 10.0.0.68 "GET /v2.0/security-groups HTTP/1.1" status: 200 len: 22359 time: 0.1091559
2026-07-10 01:07:24.425 10 INFO neutron.wsgi [None req-1593812c-cccf-4899-b2fd-0f9719a28f3f 93bb38056ea745e58d50bcc3901de230 fa442ff2038745fc9fdb718ea45a6e11 - - default default] 10.0.0.68 "GET /v2.0/agents HTTP/1.1" status: 200 len: 997 time: 0.0231431 /var/lib/openstack/lib/python3.10/site-packages/pycadf/identifier.py:71: UserWarning: Invalid uuid: neutron. To ensure interoperability, identifiers should be a valid uuid. warnings.warn(('Invalid uuid: %s. To ensure interoperability, '
2026-07-10 01:07:24.903 9 INFO neutron.db.ovn_revision_numbers_db [None req-a0b29bf3-150b-4b35-ac93-f7aed3badeae 93bb38056ea745e58d50bcc3901de230 fa442ff2038745fc9fdb718ea45a6e11 - - default default] Successfully bumped revision number for resource b3c7a611-4582-4d6b-aa73-5baa139d9d3f (type: security_groups) to 1
2026-07-10 01:07:24.920 9 INFO neutron.db.ovn_revision_numbers_db [None req-a0b29bf3-150b-4b35-ac93-f7aed3badeae 93bb38056ea745e58d50bcc3901de230 fa442ff2038745fc9fdb718ea45a6e11 - - default default] Successfully bumped revision number for resource 1ecaedfd-bb60-4234-9b6c-2674d367d003 (type: security_group_rules) to 0
2026-07-10 01:07:24.938 9 INFO neutron.db.ovn_revision_numbers_db [None req-a0b29bf3-150b-4b35-ac93-f7aed3badeae 93bb38056ea745e58d50bcc3901de230 fa442ff2038745fc9fdb718ea45a6e11 - - default default] Successfully bumped revision number for resource 311f5b42-4330-4b19-8e7c-7bb5472165bd (type: security_group_rules) to 0
2026-07-10 01:07:24.955 9 INFO neutron.db.ovn_revision_numbers_db [None req-a0b29bf3-150b-4b35-ac93-f7aed3badeae 93bb38056ea745e58d50bcc3901de230 fa442ff2038745fc9fdb718ea45a6e11 - - default default] Successfully bumped revision number for resource 3f46459a-9073-4507-b8d4-619c91550ff4 (type: security_group_rules) to 0
2026-07-10 01:07:24.974 9 INFO neutron.db.ovn_revision_numbers_db [None req-a0b29bf3-150b-4b35-ac93-f7aed3badeae 93bb38056ea745e58d50bcc3901de230 fa442ff2038745fc9fdb718ea45a6e11 - - default default] Successfully bumped revision number for resource c8cab8c5-1619-476d-ba74-283b998d3dd8 (type: security_group_rules) to 0
2026-07-10 01:07:24.975 10 INFO neutron.wsgi [None req-dd8cb76b-5017-4eb1-b64e-add7c57714f8 93bb38056ea745e58d50bcc3901de230 fa442ff2038745fc9fdb718ea45a6e11 - - default default] 10.0.0.68 "GET /v2.0/subnets HTTP/1.1" status: 200 len: 2091 time: 0.5479848
2026-07-10 01:07:24.999 10 INFO neutron.wsgi [None req-793db1a8-bc8b-4093-89b1-ad8684ecb614 93bb38056ea745e58d50bcc3901de230 fa442ff2038745fc9fdb718ea45a6e11 - - default default] 10.0.0.68 "GET /v2.0/subnetpools HTTP/1.1" status: 200 len: 193 time: 0.0221014
2026-07-10 01:07:25.049 9 INFO neutron.db.segments_db [None req-a0b29bf3-150b-4b35-ac93-f7aed3badeae 93bb38056ea745e58d50bcc3901de230 fa442ff2038745fc9fdb718ea45a6e11 - - default default] Added segment 61ba4a37-cb2e-4a56-972e-3da78676d869 of type geneve for network 702f2fb0-9011-4717-9466-4b24cb4c2465
2026-07-10 01:07:25.177 10 INFO neutron.wsgi [None req-4c5c809a-002d-42e6-a4e7-3e47ee96d715 93bb38056ea745e58d50bcc3901de230 fa442ff2038745fc9fdb718ea45a6e11 - - default default] 10.0.0.68 "GET /v2.0/networks HTTP/1.1" status: 200 len: 3108 time: 0.1761842
2026-07-10 01:07:25.220 10 INFO neutron.wsgi [None req-73da1684-071e-4168-97b1-6f01dab8d02f 93bb38056ea745e58d50bcc3901de230 fa442ff2038745fc9fdb718ea45a6e11 - - default default] 10.0.0.68 "GET /v2.0/subnets HTTP/1.1" status: 200 len: 2091 time: 0.0408893
2026-07-10 01:07:25.242 9 INFO neutron.db.ovn_revision_numbers_db [None req-a0b29bf3-150b-4b35-ac93-f7aed3badeae 93bb38056ea745e58d50bcc3901de230 fa442ff2038745fc9fdb718ea45a6e11 - - default default] Successfully bumped revision number for resource 702f2fb0-9011-4717-9466-4b24cb4c2465 (type: networks) to 1
2026-07-10 01:07:25.471 9 WARNING neutron.scheduler.dhcp_agent_scheduler [None req-a0b29bf3-150b-4b35-ac93-f7aed3badeae 93bb38056ea745e58d50bcc3901de230 fa442ff2038745fc9fdb718ea45a6e11 - - default default] No more DHCP agents
2026-07-10 01:07:25.474 9 WARNING neutron.api.rpc.agentnotifiers.dhcp_rpc_agent_api [None req-a0b29bf3-150b-4b35-ac93-f7aed3badeae 93bb38056ea745e58d50bcc3901de230 fa442ff2038745fc9fdb718ea45a6e11 - - default default] Unable to schedule network 702f2fb0-9011-4717-9466-4b24cb4c2465: no agents available; will retry on subsequent port and subnet creation events.
2026-07-10 01:07:25.588 9 INFO neutron.db.ovn_revision_numbers_db [None req-a0b29bf3-150b-4b35-ac93-f7aed3badeae 93bb38056ea745e58d50bcc3901de230 fa442ff2038745fc9fdb718ea45a6e11 - - default default] Successfully bumped revision number for resource 3aad748e-028a-4be8-a8f4-ec4df36c6919 (type: ports) to 1
2026-07-10 01:07:25.614 9 INFO neutron.wsgi [None req-a0b29bf3-150b-4b35-ac93-f7aed3badeae 93bb38056ea745e58d50bcc3901de230 fa442ff2038745fc9fdb718ea45a6e11 - - default default] 10.0.0.118 "POST /v2.0/networks HTTP/1.1" status: 201 len: 943 time: 1.0552938
2026-07-10 01:07:25.784 9 WARNING neutron.scheduler.dhcp_agent_scheduler [None req-f83c4bbc-fa64-4aed-a371-1d74b8603c8e 93bb38056ea745e58d50bcc3901de230 fa442ff2038745fc9fdb718ea45a6e11 - - default default] No more DHCP agents
2026-07-10 01:07:25.786 9 WARNING neutron.api.rpc.agentnotifiers.dhcp_rpc_agent_api [None req-f83c4bbc-fa64-4aed-a371-1d74b8603c8e 93bb38056ea745e58d50bcc3901de230 fa442ff2038745fc9fdb718ea45a6e11 - - default default] Unable to schedule network 702f2fb0-9011-4717-9466-4b24cb4c2465: no agents available; will retry on subsequent port and subnet creation events.
2026-07-10 01:07:25.971 10 INFO neutron.wsgi [None req-9428e45e-3b7a-4d23-9730-322d52e380e3 93bb38056ea745e58d50bcc3901de230 fa442ff2038745fc9fdb718ea45a6e11 - - default default] 10.0.0.118 "DELETE /v2.0/routers/8ea28913-cef9-410d-878f-68a9d00b5518 HTTP/1.1" status: 204 len: 168 time: 1.6557796
2026-07-10 01:07:26.239 10 INFO neutron.wsgi [None req-871e989f-4fda-40be-8363-4d7c650bab88 93bb38056ea745e58d50bcc3901de230 fa442ff2038745fc9fdb718ea45a6e11 - - default default] 10.0.0.118 "DELETE /v2.0/subnets/fc6463b9-90f6-4eef-b2a6-502fd0110f8c HTTP/1.1" status: 204 len: 168 time: 0.2645326
2026-07-10 01:07:26.384 9 INFO neutron.db.ovn_revision_numbers_db [None req-f83c4bbc-fa64-4aed-a371-1d74b8603c8e 93bb38056ea745e58d50bcc3901de230 fa442ff2038745fc9fdb718ea45a6e11 - - default default] Successfully bumped revision number for resource 3aad748e-028a-4be8-a8f4-ec4df36c6919 (type: ports) to 2
2026-07-10 01:07:26.434 9 INFO neutron.db.ovn_revision_numbers_db [None req-f83c4bbc-fa64-4aed-a371-1d74b8603c8e 93bb38056ea745e58d50bcc3901de230 fa442ff2038745fc9fdb718ea45a6e11 - - default default] Successfully bumped revision number for resource 3b8ec1d6-689a-46fd-b683-39465b08c4cd (type: subnets) to 0
2026-07-10 01:07:26.452 9 INFO neutron.wsgi [None req-f83c4bbc-fa64-4aed-a371-1d74b8603c8e 93bb38056ea745e58d50bcc3901de230 fa442ff2038745fc9fdb718ea45a6e11 - - default default] 10.0.0.118 "POST /v2.0/subnets HTTP/1.1" status: 201 len: 863 time: 0.8318183
2026-07-10 01:07:26.651 10 INFO neutron.services.segments.plugin [-] Segment 7e836fc9-5937-4adf-9d19-4e389315a399 resource provider aggregate not found
2026-07-10 01:07:26.658 10 INFO neutron.services.segments.plugin [-] Segment 7e836fc9-5937-4adf-9d19-4e389315a399 resource provider aggregate not found
2026-07-10 01:07:26.679 10 INFO neutron.services.segments.plugin [-] Segment 7e836fc9-5937-4adf-9d19-4e389315a399 resource provider not found; error: Placement Client Error (4xx): {"errors": [{"status": 404, "title": "Not Found", "detail": "The resource could not be found.\n\n No resource provider with uuid 7e836fc9-5937-4adf-9d19-4e389315a399 found for delete ", "request_id": "req-770df669-bf03-4c6f-b533-51a832c17cec"}]}
2026-07-10 01:07:26.681 10 INFO neutron.services.segments.plugin [-] Segment 7e836fc9-5937-4adf-9d19-4e389315a399 resource provider not found; error: Placement Client Error (4xx): {"errors": [{"status": 404, "title": "Not Found", "detail": "The resource could not be found.\n\n No resource provider with uuid 7e836fc9-5937-4adf-9d19-4e389315a399 found for delete ", "request_id": "req-87afb952-37f8-45ba-80d4-d557cb62ead5"}]}
2026-07-10 01:07:26.706 10 INFO neutron.wsgi [None req-b5bf3130-3da1-40be-a838-afb1449ece1b 93bb38056ea745e58d50bcc3901de230 fa442ff2038745fc9fdb718ea45a6e11 - - default default] 10.0.0.118 "DELETE /v2.0/networks/79848884-b014-46a0-b7cc-4a3293330cb8 HTTP/1.1" status: 204 len: 168 time: 0.4612985
2026-07-10 01:07:26.999 9 WARNING neutron.scheduler.dhcp_agent_scheduler [None req-f3efb8c7-ce5b-457a-b983-add574e6d8bf 93bb38056ea745e58d50bcc3901de230 fa442ff2038745fc9fdb718ea45a6e11 - - default default] No more DHCP agents
2026-07-10 01:07:27.004 9 WARNING neutron.api.rpc.agentnotifiers.dhcp_rpc_agent_api [None req-f3efb8c7-ce5b-457a-b983-add574e6d8bf 93bb38056ea745e58d50bcc3901de230 fa442ff2038745fc9fdb718ea45a6e11 - - default default] Unable to schedule network 101a8863-4512-4686-a02a-9f9ad7fb0755: no agents available; will retry on subsequent port and subnet creation events.
2026-07-10 01:07:27.112 9 INFO neutron.wsgi [None req-f1ffec76-8799-4030-9b40-36005ff0bcb7 93bb38056ea745e58d50bcc3901de230 fa442ff2038745fc9fdb718ea45a6e11 - - default default] 10.0.0.118 "GET /v2.0/security-groups?tenant_id=1716bdbd9584485fbe135ae5a2d66e84&name=default HTTP/1.1" status: 200 len: 2996 time: 0.0704069
2026-07-10 01:07:27.255 9 INFO neutron.db.ovn_revision_numbers_db [None req-f3efb8c7-ce5b-457a-b983-add574e6d8bf 93bb38056ea745e58d50bcc3901de230 fa442ff2038745fc9fdb718ea45a6e11 - - default default] Successfully bumped revision number for resource 3647a46f-3858-4fa2-a3d9-60b65c8ff70e (type: ports) to 1
2026-07-10 01:07:27.456 9 INFO neutron.wsgi [None req-d55864c4-97ab-4254-b169-b4fa90fdaed7 93bb38056ea745e58d50bcc3901de230 fa442ff2038745fc9fdb718ea45a6e11 - - default default] 10.0.0.118 "DELETE /v2.0/security-groups/603247b0-f8fd-41e9-a0d6-c09ca0c85405 HTTP/1.1" status: 204 len: 168 time: 0.3381581
2026-07-10 01:07:27.673 10 INFO neutron.wsgi [None req-20f4a547-b504-40c7-b8a4-00fcb4802475 93bb38056ea745e58d50bcc3901de230 fa442ff2038745fc9fdb718ea45a6e11 - - default default] 10.0.0.118 "GET /v2.0/security-groups?tenant_id=15215f42144e4c46b6ef3ac0a6a986ae&name=default HTTP/1.1" status: 200 len: 2996 time: 0.0452206
2026-07-10 01:07:27.928 10 INFO neutron.wsgi [None req-3141bdca-1749-440a-ad44-09b1f1550413 93bb38056ea745e58d50bcc3901de230 fa442ff2038745fc9fdb718ea45a6e11 - - default default] 10.0.0.118 "DELETE /v2.0/security-groups/1bfdd2e7-1bbf-4960-b7c1-31105774e553 HTTP/1.1" status: 204 len: 168 time: 0.2488239
2026-07-10 01:07:27.955 10 INFO neutron.plugins.ml2.drivers.ovn.mech_driver.mech_driver [None req-403480fb-0e4d-483a-a84d-faaafbc93f29 - - - - - -] OVN reports status up for port: 3647a46f-3858-4fa2-a3d9-60b65c8ff70e
2026-07-10 01:07:27.973 9 INFO neutron.plugins.ml2.drivers.ovn.mech_driver.ovsdb.ovsdb_monitor [None req-2a8feab5-d5d5-4fe5-bdd3-4fd2c462b3ee - - - - - -] Router e608e18c-e903-444e-9e38-3a934c0ac063 is bound to host instance
2026-07-10 01:07:27.974 10 INFO neutron.plugins.ml2.plugin [None req-403480fb-0e4d-483a-a84d-faaafbc93f29 - - - - - -] Attempt 1 to provision port 3647a46f-3858-4fa2-a3d9-60b65c8ff70e
2026-07-10 01:07:28.050 9 INFO neutron.db.ovn_revision_numbers_db [None req-f3efb8c7-ce5b-457a-b983-add574e6d8bf 93bb38056ea745e58d50bcc3901de230 fa442ff2038745fc9fdb718ea45a6e11 - - default default] Successfully bumped revision number for resource 3647a46f-3858-4fa2-a3d9-60b65c8ff70e (type: router_ports) to 1
2026-07-10 01:07:28.548 9 INFO neutron.db.ovn_revision_numbers_db [None req-f3efb8c7-ce5b-457a-b983-add574e6d8bf 93bb38056ea745e58d50bcc3901de230 fa442ff2038745fc9fdb718ea45a6e11 - - default default] Successfully bumped revision number for resource e608e18c-e903-444e-9e38-3a934c0ac063 (type: routers) to 2
2026-07-10 01:07:28.572 9 INFO neutron.wsgi [None req-f3efb8c7-ce5b-457a-b983-add574e6d8bf 93bb38056ea745e58d50bcc3901de230 fa442ff2038745fc9fdb718ea45a6e11 - - default default] 10.0.0.118 "POST /v2.0/routers HTTP/1.1" status: 201 len: 874 time: 2.1143756
2026-07-10 01:07:28.980 9 INFO neutron.db.ovn_revision_numbers_db [None req-2a8feab5-d5d5-4fe5-bdd3-4fd2c462b3ee - - - - - -] Successfully bumped revision number for resource 3647a46f-3858-4fa2-a3d9-60b65c8ff70e (type: ports) to 1
2026-07-10 01:07:29.213 10 WARNING neutron.scheduler.dhcp_agent_scheduler [None req-5f8dfe2c-72ad-4a32-a085-060d3f2330ed 93bb38056ea745e58d50bcc3901de230 fa442ff2038745fc9fdb718ea45a6e11 - - default default] No more DHCP agents
2026-07-10 01:07:29.219 10 WARNING neutron.api.rpc.agentnotifiers.dhcp_rpc_agent_api [None req-5f8dfe2c-72ad-4a32-a085-060d3f2330ed 93bb38056ea745e58d50bcc3901de230 fa442ff2038745fc9fdb718ea45a6e11 - - default default] Unable to schedule network 702f2fb0-9011-4717-9466-4b24cb4c2465: no agents available; will retry on subsequent port and subnet creation events.
2026-07-10 01:07:29.282 9 INFO neutron.db.ovn_revision_numbers_db [None req-2a8feab5-d5d5-4fe5-bdd3-4fd2c462b3ee - - - - - -] Successfully bumped revision number for resource 3647a46f-3858-4fa2-a3d9-60b65c8ff70e (type: router_ports) to 3
2026-07-10 01:07:29.414 10 INFO neutron.db.ovn_revision_numbers_db [None req-5f8dfe2c-72ad-4a32-a085-060d3f2330ed 93bb38056ea745e58d50bcc3901de230 fa442ff2038745fc9fdb718ea45a6e11 - - default default] Successfully bumped revision number for resource 8aba80f8-fddb-4d97-9abf-c66191099fe8 (type: ports) to 1
2026-07-10 01:07:29.491 9 INFO neutron.db.ovn_revision_numbers_db [None req-2a8feab5-d5d5-4fe5-bdd3-4fd2c462b3ee - - - - - -] Successfully bumped revision number for resource 3647a46f-3858-4fa2-a3d9-60b65c8ff70e (type: ports) to 2
2026-07-10 01:07:29.765 9 INFO neutron.db.ovn_revision_numbers_db [None req-2a8feab5-d5d5-4fe5-bdd3-4fd2c462b3ee - - - - - -] Successfully bumped revision number for resource 3647a46f-3858-4fa2-a3d9-60b65c8ff70e (type: ports) to 4
2026-07-10 01:07:29.975 9 INFO neutron.db.ovn_revision_numbers_db [None req-2a8feab5-d5d5-4fe5-bdd3-4fd2c462b3ee - - - - - -] Successfully bumped revision number for resource 3647a46f-3858-4fa2-a3d9-60b65c8ff70e (type: router_ports) to 4
2026-07-10 01:07:30.365 9 INFO neutron.plugins.ml2.drivers.ovn.mech_driver.mech_driver [None req-7f73181f-a88a-4e4c-979b-89ea94793d49 - - - - - -] OVN reports status up for port: 8aba80f8-fddb-4d97-9abf-c66191099fe8
2026-07-10 01:07:30.374 9 INFO neutron.plugins.ml2.plugin [None req-7f73181f-a88a-4e4c-979b-89ea94793d49 - - - - - -] Attempt 1 to provision port 8aba80f8-fddb-4d97-9abf-c66191099fe8
2026-07-10 01:07:30.402 10 INFO neutron.db.ovn_revision_numbers_db [None req-5f8dfe2c-72ad-4a32-a085-060d3f2330ed 93bb38056ea745e58d50bcc3901de230 fa442ff2038745fc9fdb718ea45a6e11 - - default default] Successfully bumped revision number for resource 8aba80f8-fddb-4d97-9abf-c66191099fe8 (type: router_ports) to 1
2026-07-10 01:07:30.419 10 INFO neutron.wsgi [-] 10.0.0.27 "GET / HTTP/1.1" status: 200 len: 247 time: 0.0019510
2026-07-10 01:07:30.421 10 INFO neutron.wsgi [-] 10.0.0.27 "GET / HTTP/1.1" status: 200 len: 247 time: 0.0013051
2026-07-10 01:07:30.587 10 INFO neutron.db.ovn_revision_numbers_db [None req-5f8dfe2c-72ad-4a32-a085-060d3f2330ed 93bb38056ea745e58d50bcc3901de230 fa442ff2038745fc9fdb718ea45a6e11 - - default default] Successfully bumped revision number for resource 8aba80f8-fddb-4d97-9abf-c66191099fe8 (type: ports) to 1
2026-07-10 01:07:30.660 10 WARNING neutron.scheduler.dhcp_agent_scheduler [None req-5f8dfe2c-72ad-4a32-a085-060d3f2330ed 93bb38056ea745e58d50bcc3901de230 fa442ff2038745fc9fdb718ea45a6e11 - - default default] No more DHCP agents
2026-07-10 01:07:30.661 10 WARNING neutron.api.rpc.agentnotifiers.dhcp_rpc_agent_api [None req-5f8dfe2c-72ad-4a32-a085-060d3f2330ed 93bb38056ea745e58d50bcc3901de230 fa442ff2038745fc9fdb718ea45a6e11 - - default default] Unable to schedule network 702f2fb0-9011-4717-9466-4b24cb4c2465: no agents available; will retry on subsequent port and subnet creation events.
2026-07-10 01:07:30.665 9 INFO neutron.db.ovn_revision_numbers_db [None req-7f73181f-a88a-4e4c-979b-89ea94793d49 - - - - - -] Successfully bumped revision number for resource 8aba80f8-fddb-4d97-9abf-c66191099fe8 (type: ports) to 2
2026-07-10 01:07:30.756 9 INFO neutron.db.ovn_revision_numbers_db [None req-7f73181f-a88a-4e4c-979b-89ea94793d49 - - - - - -] Successfully bumped revision number for resource 8aba80f8-fddb-4d97-9abf-c66191099fe8 (type: router_ports) to 2
2026-07-10 01:07:31.199 10 INFO neutron.db.ovn_revision_numbers_db [None req-5f8dfe2c-72ad-4a32-a085-060d3f2330ed 93bb38056ea745e58d50bcc3901de230 fa442ff2038745fc9fdb718ea45a6e11 - - default default] Successfully bumped revision number for resource 8aba80f8-fddb-4d97-9abf-c66191099fe8 (type: router_ports) to 2
2026-07-10 01:07:31.203 10 INFO neutron.wsgi [None req-5f8dfe2c-72ad-4a32-a085-060d3f2330ed 93bb38056ea745e58d50bcc3901de230 fa442ff2038745fc9fdb718ea45a6e11 - - default default] 10.0.0.118 "PUT /v2.0/routers/e608e18c-e903-444e-9e38-3a934c0ac063/add_router_interface HTTP/1.1" status: 200 len: 503 time: 2.6239169
2026-07-10 01:07:32.722 10 WARNING neutron_lib.context [None req-41608202-1e47-4dba-8036-da2fb717fa0e f3d8a93ff97a4a7e8f26e42e4665b744 0bd38790ed9a426996106b609975fa4c - - default default] Method 'is_advsvc' is deprecated since 2023.2 release (neutron-lib 3.8.0) and will be removed once support for the old RBAC API policies will be removed from Neutron. Please use method 'is_service_role' instead.
2026-07-10 01:07:32.876 10 INFO neutron.db.ovn_revision_numbers_db [None req-41608202-1e47-4dba-8036-da2fb717fa0e f3d8a93ff97a4a7e8f26e42e4665b744 0bd38790ed9a426996106b609975fa4c - - default default] Successfully bumped revision number for resource a29409d8-92ae-4e93-8c85-ff0e757afb12 (type: security_groups) to 1
2026-07-10 01:07:32.894 10 INFO neutron.db.ovn_revision_numbers_db [None req-41608202-1e47-4dba-8036-da2fb717fa0e f3d8a93ff97a4a7e8f26e42e4665b744 0bd38790ed9a426996106b609975fa4c - - default default] Successfully bumped revision number for resource 181e4f6b-223f-4cec-b229-26350ca1d06e (type: security_group_rules) to 0
2026-07-10 01:07:32.913 10 INFO neutron.db.ovn_revision_numbers_db [None req-41608202-1e47-4dba-8036-da2fb717fa0e f3d8a93ff97a4a7e8f26e42e4665b744 0bd38790ed9a426996106b609975fa4c - - default default] Successfully bumped revision number for resource 2f2b31b9-d270-4083-9a75-8d169fe448e5 (type: security_group_rules) to 0
2026-07-10 01:07:32.931 10 INFO neutron.db.ovn_revision_numbers_db [None req-41608202-1e47-4dba-8036-da2fb717fa0e f3d8a93ff97a4a7e8f26e42e4665b744 0bd38790ed9a426996106b609975fa4c - - default default] Successfully bumped revision number for resource 9e7dfb30-f293-459b-9a78-9746c913ebaf (type: security_group_rules) to 0
2026-07-10 01:07:32.955 10 INFO neutron.db.ovn_revision_numbers_db [None req-41608202-1e47-4dba-8036-da2fb717fa0e f3d8a93ff97a4a7e8f26e42e4665b744 0bd38790ed9a426996106b609975fa4c - - default default] Successfully bumped revision number for resource c87b89fc-0964-4129-949f-d005f3c79d18 (type: security_group_rules) to 0
2026-07-10 01:07:33.010 10 INFO neutron.db.segments_db [None req-41608202-1e47-4dba-8036-da2fb717fa0e f3d8a93ff97a4a7e8f26e42e4665b744 0bd38790ed9a426996106b609975fa4c - - default default] Added segment 2143c509-e09c-44a8-a699-2a22fbe873dc of type geneve for network 224c2604-3356-41de-a1e3-5c651011bfc3
2026-07-10 01:07:33.254 10 INFO neutron.db.ovn_revision_numbers_db [None req-41608202-1e47-4dba-8036-da2fb717fa0e f3d8a93ff97a4a7e8f26e42e4665b744 0bd38790ed9a426996106b609975fa4c - - default default] Successfully bumped revision number for resource 224c2604-3356-41de-a1e3-5c651011bfc3 (type: networks) to 1
2026-07-10 01:07:33.465 10 WARNING neutron.scheduler.dhcp_agent_scheduler [None req-41608202-1e47-4dba-8036-da2fb717fa0e f3d8a93ff97a4a7e8f26e42e4665b744 0bd38790ed9a426996106b609975fa4c - - default default] No more DHCP agents
2026-07-10 01:07:33.472 10 WARNING neutron.api.rpc.agentnotifiers.dhcp_rpc_agent_api [None req-41608202-1e47-4dba-8036-da2fb717fa0e f3d8a93ff97a4a7e8f26e42e4665b744 0bd38790ed9a426996106b609975fa4c - - default default] Unable to schedule network 224c2604-3356-41de-a1e3-5c651011bfc3: no agents available; will retry on subsequent port and subnet creation events.
2026-07-10 01:07:33.588 10 INFO neutron.db.ovn_revision_numbers_db [None req-41608202-1e47-4dba-8036-da2fb717fa0e f3d8a93ff97a4a7e8f26e42e4665b744 0bd38790ed9a426996106b609975fa4c - - default default] Successfully bumped revision number for resource 413c5089-91c2-42e8-9c7d-9beeef3bc69d (type: ports) to 1
2026-07-10 01:07:33.616 10 INFO neutron.wsgi [None req-41608202-1e47-4dba-8036-da2fb717fa0e f3d8a93ff97a4a7e8f26e42e4665b744 0bd38790ed9a426996106b609975fa4c - - default default] 10.0.0.118 "POST /v2.0/networks HTTP/1.1" status: 201 len: 831 time: 1.0245848
2026-07-10 01:07:33.633 9 WARNING neutron_lib.context [None req-c9eb6bd6-c9eb-4e1d-b59f-876713cfd3fb f3d8a93ff97a4a7e8f26e42e4665b744 0bd38790ed9a426996106b609975fa4c - - default default] Method 'is_advsvc' is deprecated since 2023.2 release (neutron-lib 3.8.0) and will be removed once support for the old RBAC API policies will be removed from Neutron. Please use method 'is_service_role' instead.
2026-07-10 01:07:33.738 9 INFO neutron.db.segments_db [None req-c9eb6bd6-c9eb-4e1d-b59f-876713cfd3fb f3d8a93ff97a4a7e8f26e42e4665b744 0bd38790ed9a426996106b609975fa4c - - default default] Added segment f19d5dd5-a99e-4662-bda5-dc73e06538ca of type geneve for network c38c92dd-7d14-4abf-94bc-42d31bb0e469
2026-07-10 01:07:33.923 9 INFO neutron.db.ovn_revision_numbers_db [None req-c9eb6bd6-c9eb-4e1d-b59f-876713cfd3fb f3d8a93ff97a4a7e8f26e42e4665b744 0bd38790ed9a426996106b609975fa4c - - default default] Successfully bumped revision number for resource c38c92dd-7d14-4abf-94bc-42d31bb0e469 (type: networks) to 1
2026-07-10 01:07:33.968 9 INFO neutron.wsgi [req-16789051-8b8d-420f-8fbf-cd01fab4c398 req-ac27de3c-721e-4733-8165-1e0481513d02 0b41060135a24d808c4a65c9386f7782 7679fa480d7e49aeb7365038c3861b97 - - default default] 10.0.0.102 "GET /v2.0/networks?id=702f2fb0-9011-4717-9466-4b24cb4c2465 HTTP/1.1" status: 200 len: 872 time: 0.0868547
