2026-07-10 01:06:27.906 10 INFO neutron.db.ovn_revision_numbers_db [None req-b12f2302-b608-4900-b8af-973fc207525d 360f0b2e937f4fc4804cc1669c944639 8741c324536948cab48993230268b537 - - default default] Successfully bumped revision number for resource 089f9674-44f6-402f-b00d-5f0c45f3ffeb (type: networks) to 2
2026-07-10 01:06:27.913 10 INFO neutron.wsgi [None req-b12f2302-b608-4900-b8af-973fc207525d 360f0b2e937f4fc4804cc1669c944639 8741c324536948cab48993230268b537 - - default default] 10.0.0.118 "PUT /v2.0/networks/089f9674-44f6-402f-b00d-5f0c45f3ffeb HTTP/1.1" status: 200 len: 792 time: 0.2460010
2026-07-10 01:06:27.925 10 WARNING neutron_lib.context [None req-673edada-8437-4037-a16e-31012a11cd8c 360f0b2e937f4fc4804cc1669c944639 8741c324536948cab48993230268b537 - - default default] Method 'is_advsvc' is deprecated since 2023.2 release (neutron-lib 3.8.0) and will be removed once support for the old RBAC API policies will be removed from Neutron. Please use method 'is_service_role' instead.
2026-07-10 01:06:27.987 9 INFO neutron.wsgi [None req-79d858e5-2923-4bf2-acd6-522803571e94 b2227542baae466fbf9e2759bea6ab3c 64d47632943b4d1a8038863829275c76 - - default default] 10.0.0.110 "GET /v2.0/extensions HTTP/1.1" status: 200 len: 16980 time: 0.0099440
2026-07-10 01:06:28.105 9 INFO neutron.db.ovn_revision_numbers_db [None req-124468e2-bf91-46d0-8814-1ed4ebac01db 93bb38056ea745e58d50bcc3901de230 fa442ff2038745fc9fdb718ea45a6e11 - - default default] Successfully bumped revision number for resource 43b5073c-7dff-4918-ae59-76abc47c4b4d (type: router_ports) to 2
2026-07-10 01:06:28.108 9 INFO neutron.wsgi [None req-124468e2-bf91-46d0-8814-1ed4ebac01db 93bb38056ea745e58d50bcc3901de230 fa442ff2038745fc9fdb718ea45a6e11 - - default default] 10.0.0.118 "PUT /v2.0/routers/9637581b-1539-4f8a-af9c-b23a9244f501/add_router_interface HTTP/1.1" status: 200 len: 503 time: 2.9703908
2026-07-10 01:06:28.196 10 INFO neutron.wsgi [None req-85fffeec-596a-4f86-b1cd-c4c23f59c029 b2227542baae466fbf9e2759bea6ab3c 64d47632943b4d1a8038863829275c76 - - default default] 10.0.0.110 "GET /v2.0/quotas/64d47632943b4d1a8038863829275c76/details HTTP/1.1" status: 200 len: 756 time: 0.1860874
2026-07-10 01:06:28.229 9 INFO neutron.db.ovn_revision_numbers_db [None req-ae6f40c0-adda-4015-bb46-2977e7732370 93bb38056ea745e58d50bcc3901de230 fa442ff2038745fc9fdb718ea45a6e11 - - default default] Successfully bumped revision number for resource dc212281-e5c6-43b2-a0f2-d8c7f429a910 (type: security_groups) to 1
2026-07-10 01:06:28.253 9 INFO neutron.db.ovn_revision_numbers_db [None req-ae6f40c0-adda-4015-bb46-2977e7732370 93bb38056ea745e58d50bcc3901de230 fa442ff2038745fc9fdb718ea45a6e11 - - default default] Successfully bumped revision number for resource 09ae931c-2a93-4773-9516-2de2041195a2 (type: security_group_rules) to 0
2026-07-10 01:06:28.269 9 INFO neutron.db.ovn_revision_numbers_db [None req-ae6f40c0-adda-4015-bb46-2977e7732370 93bb38056ea745e58d50bcc3901de230 fa442ff2038745fc9fdb718ea45a6e11 - - default default] Successfully bumped revision number for resource 44d69a5c-2c1f-4277-b9db-6f684f1b91cf (type: security_group_rules) to 0
2026-07-10 01:06:28.285 9 INFO neutron.db.ovn_revision_numbers_db [None req-ae6f40c0-adda-4015-bb46-2977e7732370 93bb38056ea745e58d50bcc3901de230 fa442ff2038745fc9fdb718ea45a6e11 - - default default] Successfully bumped revision number for resource 9d6e653a-becf-43ba-865f-06827ad067b2 (type: security_group_rules) to 0
2026-07-10 01:06:28.297 10 WARNING neutron.scheduler.dhcp_agent_scheduler [None req-673edada-8437-4037-a16e-31012a11cd8c 360f0b2e937f4fc4804cc1669c944639 8741c324536948cab48993230268b537 - - default default] No more DHCP agents
2026-07-10 01:06:28.298 10 WARNING neutron.api.rpc.agentnotifiers.dhcp_rpc_agent_api [None req-673edada-8437-4037-a16e-31012a11cd8c 360f0b2e937f4fc4804cc1669c944639 8741c324536948cab48993230268b537 - - default default] Unable to schedule network 089f9674-44f6-402f-b00d-5f0c45f3ffeb: no agents available; will retry on subsequent port and subnet creation events.
2026-07-10 01:06:28.303 9 INFO neutron.db.ovn_revision_numbers_db [None req-ae6f40c0-adda-4015-bb46-2977e7732370 93bb38056ea745e58d50bcc3901de230 fa442ff2038745fc9fdb718ea45a6e11 - - default default] Successfully bumped revision number for resource be2b6de2-21b8-4ee7-90e9-c85e8e6b01f5 (type: security_group_rules) to 0
2026-07-10 01:06:28.328 9 INFO neutron.wsgi [None req-ae6f40c0-adda-4015-bb46-2977e7732370 93bb38056ea745e58d50bcc3901de230 fa442ff2038745fc9fdb718ea45a6e11 - - default default] 10.0.0.118 "GET /v2.0/security-groups?tenant_id=661c22ad32da4c3abe74a6e50a31b772&name=default HTTP/1.1" status: 200 len: 2996 time: 0.4956574
2026-07-10 01:06:28.342 10 INFO neutron.db.ovn_revision_numbers_db [None req-673edada-8437-4037-a16e-31012a11cd8c 360f0b2e937f4fc4804cc1669c944639 8741c324536948cab48993230268b537 - - default default] Successfully bumped revision number for resource 12670236-155f-482a-ad74-8b5a5553c6dd (type: subnets) to 0
2026-07-10 01:06:28.369 10 INFO neutron.wsgi [None req-673edada-8437-4037-a16e-31012a11cd8c 360f0b2e937f4fc4804cc1669c944639 8741c324536948cab48993230268b537 - - default default] 10.0.0.118 "POST /v2.0/subnets HTTP/1.1" status: 201 len: 821 time: 0.4484375
2026-07-10 01:06:28.610 10 INFO neutron.wsgi [None req-0203f3df-4a30-4c9d-a415-3f397cb0039b 93bb38056ea745e58d50bcc3901de230 fa442ff2038745fc9fdb718ea45a6e11 - - default default] 10.0.0.118 "DELETE /v2.0/security-groups/dc212281-e5c6-43b2-a0f2-d8c7f429a910 HTTP/1.1" status: 204 len: 168 time: 0.2752759
2026-07-10 01:06:28.912 10 INFO neutron.db.ovn_revision_numbers_db [None req-6dbc4d08-05f6-48f2-91f4-51d633133432 93bb38056ea745e58d50bcc3901de230 fa442ff2038745fc9fdb718ea45a6e11 - - default default] Successfully bumped revision number for resource df26c9c1-5135-4517-96b0-6ac0a78a60bc (type: security_groups) to 1
2026-07-10 01:06:28.927 10 INFO neutron.db.ovn_revision_numbers_db [None req-6dbc4d08-05f6-48f2-91f4-51d633133432 93bb38056ea745e58d50bcc3901de230 fa442ff2038745fc9fdb718ea45a6e11 - - default default] Successfully bumped revision number for resource 2efb4923-a2b9-442f-94c1-ba9f0e5a2a87 (type: security_group_rules) to 0
2026-07-10 01:06:28.939 10 INFO neutron.db.ovn_revision_numbers_db [None req-6dbc4d08-05f6-48f2-91f4-51d633133432 93bb38056ea745e58d50bcc3901de230 fa442ff2038745fc9fdb718ea45a6e11 - - default default] Successfully bumped revision number for resource 3f93da07-4c75-427a-85a1-240c8a707ee6 (type: security_group_rules) to 0
2026-07-10 01:06:28.958 10 INFO neutron.db.ovn_revision_numbers_db [None req-6dbc4d08-05f6-48f2-91f4-51d633133432 93bb38056ea745e58d50bcc3901de230 fa442ff2038745fc9fdb718ea45a6e11 - - default default] Successfully bumped revision number for resource 6e2a27f7-483b-4a89-8083-0fd9102f87a3 (type: security_group_rules) to 0
2026-07-10 01:06:28.982 10 INFO neutron.db.ovn_revision_numbers_db [None req-6dbc4d08-05f6-48f2-91f4-51d633133432 93bb38056ea745e58d50bcc3901de230 fa442ff2038745fc9fdb718ea45a6e11 - - default default] Successfully bumped revision number for resource ec06c6fd-2860-40a8-8f91-42d57ea00336 (type: security_group_rules) to 0
2026-07-10 01:06:29.007 10 INFO neutron.wsgi [None req-6dbc4d08-05f6-48f2-91f4-51d633133432 93bb38056ea745e58d50bcc3901de230 fa442ff2038745fc9fdb718ea45a6e11 - - default default] 10.0.0.118 "GET /v2.0/security-groups?tenant_id=22a44d37f9784765a8bbbea3463422b2&name=default HTTP/1.1" status: 200 len: 2996 time: 0.2222877
2026-07-10 01:06:29.154 9 INFO neutron.db.ovn_revision_numbers_db [None req-f8d86b09-6b8d-4a50-aaa8-02e2795d4efd 360f0b2e937f4fc4804cc1669c944639 8741c324536948cab48993230268b537 - - default default] Successfully bumped revision number for resource 7a1f9d53-3c9c-465c-9bc1-39d661902a2b (type: ports) to 2
2026-07-10 01:06:29.216 9 INFO neutron.db.ovn_revision_numbers_db [None req-f8d86b09-6b8d-4a50-aaa8-02e2795d4efd 360f0b2e937f4fc4804cc1669c944639 8741c324536948cab48993230268b537 - - default default] Successfully bumped revision number for resource 12670236-155f-482a-ad74-8b5a5553c6dd (type: subnets) to 1
2026-07-10 01:06:29.221 9 INFO neutron.wsgi [None req-f8d86b09-6b8d-4a50-aaa8-02e2795d4efd 360f0b2e937f4fc4804cc1669c944639 8741c324536948cab48993230268b537 - - default default] 10.0.0.118 "PUT /v2.0/subnets/12670236-155f-482a-ad74-8b5a5553c6dd HTTP/1.1" status: 200 len: 826 time: 0.8451214
2026-07-10 01:06:29.236 10 INFO neutron.wsgi [None req-24ff8ace-d864-47be-8284-f180f043cc14 93bb38056ea745e58d50bcc3901de230 fa442ff2038745fc9fdb718ea45a6e11 - - default default] 10.0.0.118 "DELETE /v2.0/security-groups/df26c9c1-5135-4517-96b0-6ac0a78a60bc HTTP/1.1" status: 204 len: 168 time: 0.2226427
2026-07-10 01:06:29.550 10 INFO neutron.db.ovn_revision_numbers_db [None req-4be561b5-a1e4-4a6e-bf81-1bf2b08e4ab7 93bb38056ea745e58d50bcc3901de230 fa442ff2038745fc9fdb718ea45a6e11 - - default default] Successfully bumped revision number for resource 45725865-e61d-479e-a737-ab502f295b99 (type: security_groups) to 1
2026-07-10 01:06:29.561 9 INFO neutron.db.ovn_revision_numbers_db [None req-c3b96d5c-aa17-47e2-9c4b-3fdf27b257c7 93bb38056ea745e58d50bcc3901de230 fa442ff2038745fc9fdb718ea45a6e11 - - default default] Successfully bumped revision number for resource 603247b0-f8fd-41e9-a0d6-c09ca0c85405 (type: security_groups) to 1
2026-07-10 01:06:29.570 10 INFO neutron.db.ovn_revision_numbers_db [None req-4be561b5-a1e4-4a6e-bf81-1bf2b08e4ab7 93bb38056ea745e58d50bcc3901de230 fa442ff2038745fc9fdb718ea45a6e11 - - default default] Successfully bumped revision number for resource 0a8c4683-2d85-4666-9475-82d81233dd24 (type: security_group_rules) to 0
2026-07-10 01:06:29.590 9 INFO neutron.db.ovn_revision_numbers_db [None req-c3b96d5c-aa17-47e2-9c4b-3fdf27b257c7 93bb38056ea745e58d50bcc3901de230 fa442ff2038745fc9fdb718ea45a6e11 - - default default] Successfully bumped revision number for resource 657c6db6-22ec-4b76-9785-bf2dcc421212 (type: security_group_rules) to 0
2026-07-10 01:06:29.592 10 INFO neutron.db.ovn_revision_numbers_db [None req-4be561b5-a1e4-4a6e-bf81-1bf2b08e4ab7 93bb38056ea745e58d50bcc3901de230 fa442ff2038745fc9fdb718ea45a6e11 - - default default] Successfully bumped revision number for resource 374e88ea-dbb1-4f2c-9ed3-e64b0e80a6f8 (type: security_group_rules) to 0
2026-07-10 01:06:29.612 10 INFO neutron.db.ovn_revision_numbers_db [None req-4be561b5-a1e4-4a6e-bf81-1bf2b08e4ab7 93bb38056ea745e58d50bcc3901de230 fa442ff2038745fc9fdb718ea45a6e11 - - default default] Successfully bumped revision number for resource 6772de7a-5ad3-4a57-92af-6afb3864a7af (type: security_group_rules) to 0
2026-07-10 01:06:29.618 9 INFO neutron.db.ovn_revision_numbers_db [None req-c3b96d5c-aa17-47e2-9c4b-3fdf27b257c7 93bb38056ea745e58d50bcc3901de230 fa442ff2038745fc9fdb718ea45a6e11 - - default default] Successfully bumped revision number for resource 97b31d34-5ab2-451c-bdb3-022a6246ddd9 (type: security_group_rules) to 0
2026-07-10 01:06:29.639 10 INFO neutron.db.ovn_revision_numbers_db [None req-4be561b5-a1e4-4a6e-bf81-1bf2b08e4ab7 93bb38056ea745e58d50bcc3901de230 fa442ff2038745fc9fdb718ea45a6e11 - - default default] Successfully bumped revision number for resource a28e93e1-39dd-4b6b-a8e9-f2f819fcc824 (type: security_group_rules) to 0
2026-07-10 01:06:29.674 10 INFO neutron.wsgi [None req-4be561b5-a1e4-4a6e-bf81-1bf2b08e4ab7 93bb38056ea745e58d50bcc3901de230 fa442ff2038745fc9fdb718ea45a6e11 - - default default] 10.0.0.118 "GET /v2.0/security-groups?tenant_id=2989554e3a3f4eaeafa42456384848b5&name=default HTTP/1.1" status: 200 len: 2996 time: 0.2633951
2026-07-10 01:06:29.677 9 INFO neutron.db.ovn_revision_numbers_db [None req-c3b96d5c-aa17-47e2-9c4b-3fdf27b257c7 93bb38056ea745e58d50bcc3901de230 fa442ff2038745fc9fdb718ea45a6e11 - - default default] Successfully bumped revision number for resource c02cc2c5-4c78-480d-bbfa-4c2ca4c4a7ef (type: security_group_rules) to 0
2026-07-10 01:06:29.702 9 INFO neutron.db.ovn_revision_numbers_db [None req-c3b96d5c-aa17-47e2-9c4b-3fdf27b257c7 93bb38056ea745e58d50bcc3901de230 fa442ff2038745fc9fdb718ea45a6e11 - - default default] Successfully bumped revision number for resource ee35be84-5622-4213-95a7-dc0c46ea37c6 (type: security_group_rules) to 0
2026-07-10 01:06:29.772 9 INFO neutron.db.segments_db [None req-c3b96d5c-aa17-47e2-9c4b-3fdf27b257c7 93bb38056ea745e58d50bcc3901de230 fa442ff2038745fc9fdb718ea45a6e11 - - default default] Added segment 7e836fc9-5937-4adf-9d19-4e389315a399 of type geneve for network 79848884-b014-46a0-b7cc-4a3293330cb8
2026-07-10 01:06:29.920 10 INFO neutron.wsgi [None req-96984d8d-072f-4667-9b9b-54a0f876183b 93bb38056ea745e58d50bcc3901de230 fa442ff2038745fc9fdb718ea45a6e11 - - default default] 10.0.0.118 "DELETE /v2.0/security-groups/45725865-e61d-479e-a737-ab502f295b99 HTTP/1.1" status: 204 len: 168 time: 0.2325332
2026-07-10 01:06:29.923 9 INFO neutron.services.segments.plugin [-] Segment c561fbff-47d5-41ec-907e-e58992d1148b resource provider aggregate not found
2026-07-10 01:06:29.937 9 INFO neutron.services.segments.plugin [-] Segment c561fbff-47d5-41ec-907e-e58992d1148b resource provider aggregate not found
2026-07-10 01:06:29.960 9 INFO neutron.services.segments.plugin [-] Segment c561fbff-47d5-41ec-907e-e58992d1148b resource provider not found; error: Placement Client Error (4xx): {"errors": [{"status": 404, "title": "Not Found", "detail": "The resource could not be found.\n\n No resource provider with uuid c561fbff-47d5-41ec-907e-e58992d1148b found for delete ", "request_id": "req-d94e2f98-0566-4445-84b2-9d51882ae9e0"}]}
2026-07-10 01:06:29.965 9 INFO neutron.services.segments.plugin [-] Segment c561fbff-47d5-41ec-907e-e58992d1148b resource provider not found; error: Placement Client Error (4xx): {"errors": [{"status": 404, "title": "Not Found", "detail": "The resource could not be found.\n\n No resource provider with uuid c561fbff-47d5-41ec-907e-e58992d1148b found for delete ", "request_id": "req-2e8a4b25-2dba-4886-b299-240f4c4e537b"}]}
2026-07-10 01:06:30.004 9 INFO neutron.wsgi [None req-6f9d99b6-4bc4-47cd-831a-629a8c6de15e 360f0b2e937f4fc4804cc1669c944639 8741c324536948cab48993230268b537 - - default default] 10.0.0.118 "DELETE /v2.0/networks/089f9674-44f6-402f-b00d-5f0c45f3ffeb HTTP/1.1" status: 204 len: 168 time: 0.7771356
2026-07-10 01:06:30.017 9 INFO neutron.db.ovn_revision_numbers_db [None req-c3b96d5c-aa17-47e2-9c4b-3fdf27b257c7 93bb38056ea745e58d50bcc3901de230 fa442ff2038745fc9fdb718ea45a6e11 - - default default] Successfully bumped revision number for resource 79848884-b014-46a0-b7cc-4a3293330cb8 (type: networks) to 1
2026-07-10 01:06:30.028 10 INFO neutron.pecan_wsgi.hooks.translation [None req-a3c75b89-a299-4678-a2ef-86dc80cdfe87 360f0b2e937f4fc4804cc1669c944639 8741c324536948cab48993230268b537 - - default default] DELETE failed (client error): The resource could not be found.
2026-07-10 01:06:30.032 10 INFO neutron.wsgi [None req-a3c75b89-a299-4678-a2ef-86dc80cdfe87 360f0b2e937f4fc4804cc1669c944639 8741c324536948cab48993230268b537 - - default default] 10.0.0.118 "DELETE /v2.0/networks/089f9674-44f6-402f-b00d-5f0c45f3ffeb HTTP/1.1" status: 404 len: 339 time: 0.0223081
2026-07-10 01:06:30.184 10 INFO neutron.wsgi [None req-dfe41bb0-1113-4a39-966f-d7e6f3fa103e 360f0b2e937f4fc4804cc1669c944639 8741c324536948cab48993230268b537 - - default default] 10.0.0.118 "GET /v2.0/networks?router%3Aexternal=True HTTP/1.1" status: 200 len: 845 time: 0.1391706
2026-07-10 01:06:30.253 9 WARNING neutron.scheduler.dhcp_agent_scheduler [None req-c3b96d5c-aa17-47e2-9c4b-3fdf27b257c7 93bb38056ea745e58d50bcc3901de230 fa442ff2038745fc9fdb718ea45a6e11 - - default default] No more DHCP agents
2026-07-10 01:06:30.257 9 WARNING neutron.api.rpc.agentnotifiers.dhcp_rpc_agent_api [None req-c3b96d5c-aa17-47e2-9c4b-3fdf27b257c7 93bb38056ea745e58d50bcc3901de230 fa442ff2038745fc9fdb718ea45a6e11 - - default default] Unable to schedule network 79848884-b014-46a0-b7cc-4a3293330cb8: no agents available; will retry on subsequent port and subnet creation events.
2026-07-10 01:06:30.271 10 INFO neutron.wsgi [None req-fa238847-e271-473e-a187-86e10292e07f 360f0b2e937f4fc4804cc1669c944639 8741c324536948cab48993230268b537 - - default default] 10.0.0.118 "GET /v2.0/subnets?network_id=101a8863-4512-4686-a02a-9f9ad7fb0755 HTTP/1.1" status: 200 len: 820 time: 0.0810394
2026-07-10 01:06:30.282 10 INFO neutron.wsgi [None req-41064241-89d9-48c3-b857-a8384b1bf0cc 360f0b2e937f4fc4804cc1669c944639 8741c324536948cab48993230268b537 - - default default] 10.0.0.118 "GET /v2.0/extensions HTTP/1.1" status: 200 len: 16975 time: 0.0056450
2026-07-10 01:06:30.351 9 INFO neutron.db.ovn_revision_numbers_db [None req-c3b96d5c-aa17-47e2-9c4b-3fdf27b257c7 93bb38056ea745e58d50bcc3901de230 fa442ff2038745fc9fdb718ea45a6e11 - - default default] Successfully bumped revision number for resource 7d18e5a3-a292-4f08-aa75-1477975f1769 (type: ports) to 1
2026-07-10 01:06:30.372 10 INFO neutron.wsgi [None req-d6c535d6-2ca5-4ebc-a00a-afe0ed51a35d 360f0b2e937f4fc4804cc1669c944639 8741c324536948cab48993230268b537 - - default default] 10.0.0.118 "GET /v2.0/networks HTTP/1.1" status: 200 len: 1508 time: 0.0824304
2026-07-10 01:06:30.382 9 INFO neutron.wsgi [None req-c3b96d5c-aa17-47e2-9c4b-3fdf27b257c7 93bb38056ea745e58d50bcc3901de230 fa442ff2038745fc9fdb718ea45a6e11 - - default default] 10.0.0.118 "POST /v2.0/networks HTTP/1.1" status: 201 len: 943 time: 1.0525610
2026-07-10 01:06:30.417 9 INFO neutron.wsgi [-] 10.0.0.27 "GET / HTTP/1.1" status: 200 len: 247 time: 0.0014269
2026-07-10 01:06:30.419 10 INFO neutron.wsgi [-] 10.0.0.27 "GET / HTTP/1.1" status: 200 len: 247 time: 0.0021524
2026-07-10 01:06:30.427 9 INFO neutron.wsgi [None req-ada327bf-1012-4d0d-bcb4-4728306ed809 360f0b2e937f4fc4804cc1669c944639 8741c324536948cab48993230268b537 - - default default] 10.0.0.118 "GET /v2.0/subnets HTTP/1.1" status: 200 len: 1460 time: 0.0402088
2026-07-10 01:06:30.516 9 INFO neutron.wsgi [None req-da043307-6a37-4193-a2c8-924c4750dfdc 360f0b2e937f4fc4804cc1669c944639 8741c324536948cab48993230268b537 - - default default] 10.0.0.118 "GET /v2.0/networks/4c88fa95-008a-4bde-b664-168400450ed4 HTTP/1.1" status: 200 len: 867 time: 0.0791361
2026-07-10 01:06:30.567 9 INFO neutron.wsgi [None req-a42acc81-130f-4719-9596-b71b9b680b19 360f0b2e937f4fc4804cc1669c944639 8741c324536948cab48993230268b537 - - default default] 10.0.0.118 "GET /v2.0/subnets/7b7af772-b26f-4428-a88b-67ea6c429386 HTTP/1.1" status: 200 len: 843 time: 0.0423968
2026-07-10 01:06:30.583 10 WARNING neutron.scheduler.dhcp_agent_scheduler [None req-ba9f18dc-db91-4c30-9186-c691010623fc 93bb38056ea745e58d50bcc3901de230 fa442ff2038745fc9fdb718ea45a6e11 - - default default] No more DHCP agents
2026-07-10 01:06:30.587 10 WARNING neutron.api.rpc.agentnotifiers.dhcp_rpc_agent_api [None req-ba9f18dc-db91-4c30-9186-c691010623fc 93bb38056ea745e58d50bcc3901de230 fa442ff2038745fc9fdb718ea45a6e11 - - default default] Unable to schedule network 79848884-b014-46a0-b7cc-4a3293330cb8: no agents available; will retry on subsequent port and subnet creation events.
2026-07-10 01:06:30.597 9 INFO neutron.pecan_wsgi.hooks.translation [None req-46babaf3-451c-4fac-97e8-8d3338901274 360f0b2e937f4fc4804cc1669c944639 8741c324536948cab48993230268b537 - - default default] DELETE failed (client error): The resource could not be found.
2026-07-10 01:06:30.599 9 INFO neutron.wsgi [None req-46babaf3-451c-4fac-97e8-8d3338901274 360f0b2e937f4fc4804cc1669c944639 8741c324536948cab48993230268b537 - - default default] 10.0.0.118 "DELETE /v2.0/subnets/12670236-155f-482a-ad74-8b5a5553c6dd HTTP/1.1" status: 404 len: 337 time: 0.0202346
2026-07-10 01:06:30.618 9 INFO neutron.pecan_wsgi.hooks.translation [None req-e8a457f0-6795-4b11-92af-b0b155ff2182 360f0b2e937f4fc4804cc1669c944639 8741c324536948cab48993230268b537 - - default default] DELETE failed (client error): The resource could not be found.
2026-07-10 01:06:30.620 9 INFO neutron.wsgi [None req-e8a457f0-6795-4b11-92af-b0b155ff2182 360f0b2e937f4fc4804cc1669c944639 8741c324536948cab48993230268b537 - - default default] 10.0.0.118 "DELETE /v2.0/networks/089f9674-44f6-402f-b00d-5f0c45f3ffeb HTTP/1.1" status: 404 len: 339 time: 0.0156598
2026-07-10 01:06:31.170 9 INFO neutron.wsgi [None req-ec695650-06dd-4ade-bf78-cab4f3bcd918 360f0b2e937f4fc4804cc1669c944639 8741c324536948cab48993230268b537 - - default default] 10.0.0.118 "DELETE /v2.0/subnets/7b7af772-b26f-4428-a88b-67ea6c429386 HTTP/1.1" status: 204 len: 168 time: 0.5445981
2026-07-10 01:06:31.174 10 INFO neutron.db.ovn_revision_numbers_db [None req-ba9f18dc-db91-4c30-9186-c691010623fc 93bb38056ea745e58d50bcc3901de230 fa442ff2038745fc9fdb718ea45a6e11 - - default default] Successfully bumped revision number for resource 7d18e5a3-a292-4f08-aa75-1477975f1769 (type: ports) to 2
2026-07-10 01:06:31.257 10 INFO neutron.db.ovn_revision_numbers_db [None req-ba9f18dc-db91-4c30-9186-c691010623fc 93bb38056ea745e58d50bcc3901de230 fa442ff2038745fc9fdb718ea45a6e11 - - default default] Successfully bumped revision number for resource fc6463b9-90f6-4eef-b2a6-502fd0110f8c (type: subnets) to 0
2026-07-10 01:06:31.286 10 INFO neutron.wsgi [None req-ba9f18dc-db91-4c30-9186-c691010623fc 93bb38056ea745e58d50bcc3901de230 fa442ff2038745fc9fdb718ea45a6e11 - - default default] 10.0.0.118 "POST /v2.0/subnets HTTP/1.1" status: 201 len: 863 time: 0.8987634
2026-07-10 01:06:31.436 10 INFO neutron.db.ovn_revision_numbers_db [None req-f00200a4-4a92-4104-9898-e128344eadb9 93bb38056ea745e58d50bcc3901de230 fa442ff2038745fc9fdb718ea45a6e11 - - default default] Successfully bumped revision number for resource a925773e-5807-4440-ae9e-ac31a87522a7 (type: security_groups) to 1
2026-07-10 01:06:31.455 10 INFO neutron.db.ovn_revision_numbers_db [None req-f00200a4-4a92-4104-9898-e128344eadb9 93bb38056ea745e58d50bcc3901de230 fa442ff2038745fc9fdb718ea45a6e11 - - default default] Successfully bumped revision number for resource 0c1145d4-920c-47a0-944b-c096f1556d7e (type: security_group_rules) to 0
2026-07-10 01:06:31.487 10 INFO neutron.db.ovn_revision_numbers_db [None req-f00200a4-4a92-4104-9898-e128344eadb9 93bb38056ea745e58d50bcc3901de230 fa442ff2038745fc9fdb718ea45a6e11 - - default default] Successfully bumped revision number for resource 6dc8b612-88d6-411a-b9e7-34b0c07a778a (type: security_group_rules) to 0
2026-07-10 01:06:31.513 10 INFO neutron.db.ovn_revision_numbers_db [None req-f00200a4-4a92-4104-9898-e128344eadb9 93bb38056ea745e58d50bcc3901de230 fa442ff2038745fc9fdb718ea45a6e11 - - default default] Successfully bumped revision number for resource a2543180-e2a5-4f40-abd7-6cda2292110b (type: security_group_rules) to 0
2026-07-10 01:06:31.544 10 INFO neutron.db.ovn_revision_numbers_db [None req-f00200a4-4a92-4104-9898-e128344eadb9 93bb38056ea745e58d50bcc3901de230 fa442ff2038745fc9fdb718ea45a6e11 - - default default] Successfully bumped revision number for resource a6a76eeb-6b49-4d55-9644-dda0de821944 (type: security_group_rules) to 0
2026-07-10 01:06:31.576 10 INFO neutron.wsgi [None req-f00200a4-4a92-4104-9898-e128344eadb9 93bb38056ea745e58d50bcc3901de230 fa442ff2038745fc9fdb718ea45a6e11 - - default default] 10.0.0.118 "GET /v2.0/security-groups?tenant_id=64d47632943b4d1a8038863829275c76&name=default HTTP/1.1" status: 200 len: 2996 time: 0.5584836
2026-07-10 01:06:31.643 10 INFO neutron.services.segments.plugin [-] Segment f057adb0-741a-4b8e-99d8-41691feb737e resource provider aggregate not found
2026-07-10 01:06:31.649 10 INFO neutron.services.segments.plugin [-] Segment f057adb0-741a-4b8e-99d8-41691feb737e resource provider aggregate not found
2026-07-10 01:06:31.667 10 INFO neutron.services.segments.plugin [-] Segment f057adb0-741a-4b8e-99d8-41691feb737e resource provider not found; error: Placement Client Error (4xx): {"errors": [{"status": 404, "title": "Not Found", "detail": "The resource could not be found.\n\n No resource provider with uuid f057adb0-741a-4b8e-99d8-41691feb737e found for delete ", "request_id": "req-7bcdac14-ad96-4c14-b39b-ad7bd74dc69a"}]}
2026-07-10 01:06:31.670 10 INFO neutron.services.segments.plugin [-] Segment f057adb0-741a-4b8e-99d8-41691feb737e resource provider not found; error: Placement Client Error (4xx): {"errors": [{"status": 404, "title": "Not Found", "detail": "The resource could not be found.\n\n No resource provider with uuid f057adb0-741a-4b8e-99d8-41691feb737e found for delete ", "request_id": "req-a02594d4-eed8-4aef-8ddb-4708baa9de80"}]}
2026-07-10 01:06:31.711 10 INFO neutron.wsgi [None req-4c38058d-94e4-4efa-992d-86ab1e580505 360f0b2e937f4fc4804cc1669c944639 8741c324536948cab48993230268b537 - - default default] 10.0.0.118 "DELETE /v2.0/networks/4c88fa95-008a-4bde-b664-168400450ed4 HTTP/1.1" status: 204 len: 168 time: 0.5338542
2026-07-10 01:06:31.866 9 WARNING neutron.scheduler.dhcp_agent_scheduler [None req-40925708-309f-4279-9186-15afe670ac8f 93bb38056ea745e58d50bcc3901de230 fa442ff2038745fc9fdb718ea45a6e11 - - default default] No more DHCP agents
2026-07-10 01:06:31.871 9 WARNING neutron.api.rpc.agentnotifiers.dhcp_rpc_agent_api [None req-40925708-309f-4279-9186-15afe670ac8f 93bb38056ea745e58d50bcc3901de230 fa442ff2038745fc9fdb718ea45a6e11 - - default default] Unable to schedule network 101a8863-4512-4686-a02a-9f9ad7fb0755: no agents available; will retry on subsequent port and subnet creation events.
2026-07-10 01:06:31.944 9 INFO neutron.wsgi [None req-93f13651-56b7-455d-9341-95c36977638e 93bb38056ea745e58d50bcc3901de230 fa442ff2038745fc9fdb718ea45a6e11 - - default default] 10.0.0.118 "DELETE /v2.0/security-groups/a925773e-5807-4440-ae9e-ac31a87522a7 HTTP/1.1" status: 204 len: 168 time: 0.3618119
2026-07-10 01:06:32.083 9 INFO neutron.db.ovn_revision_numbers_db [None req-40925708-309f-4279-9186-15afe670ac8f 93bb38056ea745e58d50bcc3901de230 fa442ff2038745fc9fdb718ea45a6e11 - - default default] Successfully bumped revision number for resource 4cf7bb10-3e6a-4c78-b1b8-37b802d40810 (type: ports) to 1
2026-07-10 01:06:32.643 10 INFO neutron.wsgi [None req-09d46bdb-f955-4646-a861-1841ae4f5793 93bb38056ea745e58d50bcc3901de230 fa442ff2038745fc9fdb718ea45a6e11 - - default default] 10.0.0.118 "GET /v2.0/security-groups?tenant_id=8741c324536948cab48993230268b537&name=default HTTP/1.1" status: 200 len: 2996 time: 0.3021123
2026-07-10 01:06:32.824 9 INFO neutron.plugins.ml2.drivers.ovn.mech_driver.ovsdb.ovsdb_monitor [None req-2a8feab5-d5d5-4fe5-bdd3-4fd2c462b3ee - - - - - -] Router 8ea28913-cef9-410d-878f-68a9d00b5518 is bound to host instance
2026-07-10 01:06:32.825 10 INFO neutron.plugins.ml2.drivers.ovn.mech_driver.mech_driver [None req-403480fb-0e4d-483a-a84d-faaafbc93f29 - - - - - -] OVN reports status up for port: 4cf7bb10-3e6a-4c78-b1b8-37b802d40810
2026-07-10 01:06:32.844 10 INFO neutron.plugins.ml2.plugin [None req-403480fb-0e4d-483a-a84d-faaafbc93f29 - - - - - -] Attempt 1 to provision port 4cf7bb10-3e6a-4c78-b1b8-37b802d40810
2026-07-10 01:06:32.866 9 INFO neutron.db.ovn_revision_numbers_db [None req-40925708-309f-4279-9186-15afe670ac8f 93bb38056ea745e58d50bcc3901de230 fa442ff2038745fc9fdb718ea45a6e11 - - default default] Successfully bumped revision number for resource 4cf7bb10-3e6a-4c78-b1b8-37b802d40810 (type: router_ports) to 1
2026-07-10 01:06:32.955 10 INFO neutron.wsgi [None req-9383b8ce-8581-4783-b6f2-a3bcb38160b9 93bb38056ea745e58d50bcc3901de230 fa442ff2038745fc9fdb718ea45a6e11 - - default default] 10.0.0.118 "DELETE /v2.0/security-groups/799b7bee-4543-4ead-af10-3093645dc37a HTTP/1.1" status: 204 len: 168 time: 0.3034227
2026-07-10 01:06:32.963 9 WARNING neutron.plugins.ml2.drivers.ovn.mech_driver.ovsdb.ovn_client [None req-7f73181f-a88a-4e4c-979b-89ea94793d49 - - - - - -] No hosting information found for port 43b5073c-7dff-4918-ae59-76abc47c4b4d: RuntimeError: No hosting information found for port 43b5073c-7dff-4918-ae59-76abc47c4b4d
2026-07-10 01:06:32.998 9 INFO neutron.db.ovn_revision_numbers_db [None req-40925708-309f-4279-9186-15afe670ac8f 93bb38056ea745e58d50bcc3901de230 fa442ff2038745fc9fdb718ea45a6e11 - - default default] Successfully bumped revision number for resource 8ea28913-cef9-410d-878f-68a9d00b5518 (type: routers) to 2
2026-07-10 01:06:33.027 9 INFO neutron.wsgi [None req-40925708-309f-4279-9186-15afe670ac8f 93bb38056ea745e58d50bcc3901de230 fa442ff2038745fc9fdb718ea45a6e11 - - default default] 10.0.0.118 "POST /v2.0/routers HTTP/1.1" status: 201 len: 874 time: 1.7333655
2026-07-10 01:06:33.454 9 INFO neutron.db.ovn_revision_numbers_db [None req-2a8feab5-d5d5-4fe5-bdd3-4fd2c462b3ee - - - - - -] Successfully bumped revision number for resource 4cf7bb10-3e6a-4c78-b1b8-37b802d40810 (type: ports) to 1
2026-07-10 01:06:33.590 10 WARNING neutron.scheduler.dhcp_agent_scheduler [None req-07ac2467-5bcc-4676-bf70-0f494b1b4b8d 93bb38056ea745e58d50bcc3901de230 fa442ff2038745fc9fdb718ea45a6e11 - - default default] No more DHCP agents
2026-07-10 01:06:33.594 10 WARNING neutron.api.rpc.agentnotifiers.dhcp_rpc_agent_api [None req-07ac2467-5bcc-4676-bf70-0f494b1b4b8d 93bb38056ea745e58d50bcc3901de230 fa442ff2038745fc9fdb718ea45a6e11 - - default default] Unable to schedule network 79848884-b014-46a0-b7cc-4a3293330cb8: no agents available; will retry on subsequent port and subnet creation events.
2026-07-10 01:06:33.702 9 INFO neutron.db.ovn_revision_numbers_db [None req-2a8feab5-d5d5-4fe5-bdd3-4fd2c462b3ee - - - - - -] Successfully bumped revision number for resource 4cf7bb10-3e6a-4c78-b1b8-37b802d40810 (type: router_ports) to 3
2026-07-10 01:06:33.802 10 INFO neutron.db.ovn_revision_numbers_db [None req-07ac2467-5bcc-4676-bf70-0f494b1b4b8d 93bb38056ea745e58d50bcc3901de230 fa442ff2038745fc9fdb718ea45a6e11 - - default default] Successfully bumped revision number for resource bda371d5-3f69-4ca7-bfe6-085a0654fe65 (type: ports) to 1
2026-07-10 01:06:33.883 9 WARNING neutron_lib.context [None req-22c515e2-b421-4259-9048-29cb66800fd2 e6687e144f9b45168a73af0bf845d7e1 f690abf6582047b6b9932bb78df688ad - - default default] Method 'is_advsvc' is deprecated since 2023.2 release (neutron-lib 3.8.0) and will be removed once support for the old RBAC API policies will be removed from Neutron. Please use method 'is_service_role' instead.
2026-07-10 01:06:33.998 9 INFO neutron.db.ovn_revision_numbers_db [None req-2a8feab5-d5d5-4fe5-bdd3-4fd2c462b3ee - - - - - -] Successfully bumped revision number for resource 4cf7bb10-3e6a-4c78-b1b8-37b802d40810 (type: ports) to 2
2026-07-10 01:06:34.675 9 WARNING neutron.scheduler.dhcp_agent_scheduler [None req-22c515e2-b421-4259-9048-29cb66800fd2 e6687e144f9b45168a73af0bf845d7e1 f690abf6582047b6b9932bb78df688ad - - default default] No more DHCP agents
2026-07-10 01:06:34.684 9 WARNING neutron.api.rpc.agentnotifiers.dhcp_rpc_agent_api [None req-22c515e2-b421-4259-9048-29cb66800fd2 e6687e144f9b45168a73af0bf845d7e1 f690abf6582047b6b9932bb78df688ad - - default default] Unable to schedule network 101a8863-4512-4686-a02a-9f9ad7fb0755: no agents available; will retry on subsequent port and subnet creation events.
2026-07-10 01:06:34.789 9 INFO neutron.db.ovn_revision_numbers_db [None req-2a8feab5-d5d5-4fe5-bdd3-4fd2c462b3ee - - - - - -] Successfully bumped revision number for resource 4cf7bb10-3e6a-4c78-b1b8-37b802d40810 (type: ports) to 4
2026-07-10 01:06:34.916 10 INFO neutron.db.ovn_revision_numbers_db [None req-07ac2467-5bcc-4676-bf70-0f494b1b4b8d 93bb38056ea745e58d50bcc3901de230 fa442ff2038745fc9fdb718ea45a6e11 - - default default] Successfully bumped revision number for resource bda371d5-3f69-4ca7-bfe6-085a0654fe65 (type: router_ports) to 1
2026-07-10 01:06:35.144 9 INFO neutron.db.ovn_revision_numbers_db [None req-2a8feab5-d5d5-4fe5-bdd3-4fd2c462b3ee - - - - - -] Successfully bumped revision number for resource 4cf7bb10-3e6a-4c78-b1b8-37b802d40810 (type: router_ports) to 4
2026-07-10 01:06:35.189 10 WARNING neutron_lib.context [None req-209df6cf-7d4a-4d18-8af2-3b6fa0da3ebc c8746f24182a4ee884c9c02cf921f4d5 21c949944c694522966b208fdc4a4bdd - - default default] Method 'is_advsvc' is deprecated since 2023.2 release (neutron-lib 3.8.0) and will be removed once support for the old RBAC API policies will be removed from Neutron. Please use method 'is_service_role' instead.
2026-07-10 01:06:35.195 10 INFO neutron.db.ovn_revision_numbers_db [None req-07ac2467-5bcc-4676-bf70-0f494b1b4b8d 93bb38056ea745e58d50bcc3901de230 fa442ff2038745fc9fdb718ea45a6e11 - - default default] Successfully bumped revision number for resource bda371d5-3f69-4ca7-bfe6-085a0654fe65 (type: ports) to 1
2026-07-10 01:06:35.206 10 INFO neutron.plugins.ml2.drivers.ovn.mech_driver.mech_driver [None req-403480fb-0e4d-483a-a84d-faaafbc93f29 - - - - - -] OVN reports status up for port: bda371d5-3f69-4ca7-bfe6-085a0654fe65
2026-07-10 01:06:35.219 10 INFO neutron.plugins.ml2.plugin [None req-403480fb-0e4d-483a-a84d-faaafbc93f29 - - - - - -] Attempt 1 to provision port bda371d5-3f69-4ca7-bfe6-085a0654fe65
2026-07-10 01:06:35.233 9 INFO neutron.db.ovn_revision_numbers_db [None req-22c515e2-b421-4259-9048-29cb66800fd2 e6687e144f9b45168a73af0bf845d7e1 f690abf6582047b6b9932bb78df688ad - - default default] Successfully bumped revision number for resource 75a1a0d1-f6ba-4003-a640-7ea12529ba0a (type: floatingips) to 0
2026-07-10 01:06:35.249 9 INFO neutron.wsgi [None req-22c515e2-b421-4259-9048-29cb66800fd2 e6687e144f9b45168a73af0bf845d7e1 f690abf6582047b6b9932bb78df688ad - - default default] 10.0.0.118 "POST /v2.0/floatingips HTTP/1.1" status: 201 len: 751 time: 1.5562365
2026-07-10 01:06:35.318 10 WARNING neutron.scheduler.dhcp_agent_scheduler [None req-07ac2467-5bcc-4676-bf70-0f494b1b4b8d 93bb38056ea745e58d50bcc3901de230 fa442ff2038745fc9fdb718ea45a6e11 - - default default] No more DHCP agents
2026-07-10 01:06:35.320 10 WARNING neutron.api.rpc.agentnotifiers.dhcp_rpc_agent_api [None req-07ac2467-5bcc-4676-bf70-0f494b1b4b8d 93bb38056ea745e58d50bcc3901de230 fa442ff2038745fc9fdb718ea45a6e11 - - default default] Unable to schedule network 79848884-b014-46a0-b7cc-4a3293330cb8: no agents available; will retry on subsequent port and subnet creation events.
2026-07-10 01:06:35.323 9 INFO neutron.wsgi [None req-d716d368-a2ef-4f72-b084-d8af92390412 e6687e144f9b45168a73af0bf845d7e1 f690abf6582047b6b9932bb78df688ad - - default default] 10.0.0.118 "PUT /v2.0/floatingips/75a1a0d1-f6ba-4003-a640-7ea12529ba0a/tags HTTP/1.1" status: 200 len: 218 time: 0.0664287
2026-07-10 01:06:35.372 9 INFO neutron.wsgi [None req-778cf6a5-0a09-47d9-a99a-ea7696d9db28 e6687e144f9b45168a73af0bf845d7e1 f690abf6582047b6b9932bb78df688ad - - default default] 10.0.0.118 "GET /v2.0/floatingips/75a1a0d1-f6ba-4003-a640-7ea12529ba0a/tags HTTP/1.1" status: 200 len: 218 time: 0.0407507
2026-07-10 01:06:35.434 9 INFO neutron.wsgi [None req-dddd936d-9aeb-452e-95ac-c0ffd6edcc79 e6687e144f9b45168a73af0bf845d7e1 f690abf6582047b6b9932bb78df688ad - - default default] 10.0.0.118 "PUT /v2.0/floatingips/75a1a0d1-f6ba-4003-a640-7ea12529ba0a/tags/green HTTP/1.1" status: 201 len: 201 time: 0.0553122
2026-07-10 01:06:35.459 10 INFO neutron.db.ovn_revision_numbers_db [None req-209df6cf-7d4a-4d18-8af2-3b6fa0da3ebc c8746f24182a4ee884c9c02cf921f4d5 21c949944c694522966b208fdc4a4bdd - - default default] Successfully bumped revision number for resource c66d668e-66c1-4f19-8e64-9719a4c718eb (type: security_groups) to 1
2026-07-10 01:06:35.522 10 INFO neutron.db.ovn_revision_numbers_db [None req-209df6cf-7d4a-4d18-8af2-3b6fa0da3ebc c8746f24182a4ee884c9c02cf921f4d5 21c949944c694522966b208fdc4a4bdd - - default default] Successfully bumped revision number for resource 9106145f-e498-464b-ba12-d2533e717c55 (type: security_group_rules) to 0
2026-07-10 01:06:35.529 10 INFO neutron.wsgi [None req-e30bf5dc-066b-4b0c-b240-432369fbf698 e6687e144f9b45168a73af0bf845d7e1 f690abf6582047b6b9932bb78df688ad - - default default] 10.0.0.118 "GET /v2.0/floatingips/75a1a0d1-f6ba-4003-a640-7ea12529ba0a/tags HTTP/1.1" status: 200 len: 227 time: 0.0868831
2026-07-10 01:06:35.564 10 INFO neutron.db.ovn_revision_numbers_db [None req-209df6cf-7d4a-4d18-8af2-3b6fa0da3ebc c8746f24182a4ee884c9c02cf921f4d5 21c949944c694522966b208fdc4a4bdd - - default default] Successfully bumped revision number for resource 92b3824a-c722-46f5-845d-70603bad64f4 (type: security_group_rules) to 0
2026-07-10 01:06:35.598 9 INFO neutron.wsgi [None req-ab4b9a43-d11b-4a64-8e45-3bf5114486f2 e6687e144f9b45168a73af0bf845d7e1 f690abf6582047b6b9932bb78df688ad - - default default] 10.0.0.118 "PUT /v2.0/floatingips/75a1a0d1-f6ba-4003-a640-7ea12529ba0a/tags/red HTTP/1.1" status: 201 len: 201 time: 0.0617518
2026-07-10 01:06:35.614 10 INFO neutron.db.ovn_revision_numbers_db [None req-209df6cf-7d4a-4d18-8af2-3b6fa0da3ebc c8746f24182a4ee884c9c02cf921f4d5 21c949944c694522966b208fdc4a4bdd - - default default] Successfully bumped revision number for resource bef86e3c-7c16-497b-90e3-92b76500e1df (type: security_group_rules) to 0
2026-07-10 01:06:35.655 10 INFO neutron.db.ovn_revision_numbers_db [None req-209df6cf-7d4a-4d18-8af2-3b6fa0da3ebc c8746f24182a4ee884c9c02cf921f4d5 21c949944c694522966b208fdc4a4bdd - - default default] Successfully bumped revision number for resource f1d203c4-4495-43e0-a745-ead0323a0f51 (type: security_group_rules) to 0
2026-07-10 01:06:35.659 9 INFO neutron.wsgi [None req-e83158f8-e481-4aa4-9d90-b599b82abab6 e6687e144f9b45168a73af0bf845d7e1 f690abf6582047b6b9932bb78df688ad - - default default] 10.0.0.118 "GET /v2.0/floatingips/75a1a0d1-f6ba-4003-a640-7ea12529ba0a/tags HTTP/1.1" status: 200 len: 227 time: 0.0534861
2026-07-10 01:06:35.740 9 INFO neutron.wsgi [None req-4bb71c08-b829-42a5-889e-f2c60effc4ca e6687e144f9b45168a73af0bf845d7e1 f690abf6582047b6b9932bb78df688ad - - default default] 10.0.0.118 "PUT /v2.0/floatingips/75a1a0d1-f6ba-4003-a640-7ea12529ba0a/tags/black.or.white HTTP/1.1" status: 201 len: 201 time: 0.0724571
2026-07-10 01:06:35.759 10 INFO neutron.db.segments_db [None req-209df6cf-7d4a-4d18-8af2-3b6fa0da3ebc c8746f24182a4ee884c9c02cf921f4d5 21c949944c694522966b208fdc4a4bdd - - default default] Added segment 59c33849-6b1b-4b11-ad12-5de79f257030 of type geneve for network 215958a9-46ef-44c3-871e-aafbde38cc0f
2026-07-10 01:06:35.784 9 INFO neutron.wsgi [None req-cc4cc6b2-ac72-46df-8837-2f2dd0d465bf e6687e144f9b45168a73af0bf845d7e1 f690abf6582047b6b9932bb78df688ad - - default default] 10.0.0.118 "GET /v2.0/floatingips/75a1a0d1-f6ba-4003-a640-7ea12529ba0a/tags HTTP/1.1" status: 200 len: 245 time: 0.0396307
2026-07-10 01:06:35.888 10 INFO neutron.db.ovn_revision_numbers_db [None req-403480fb-0e4d-483a-a84d-faaafbc93f29 - - - - - -] Successfully bumped revision number for resource bda371d5-3f69-4ca7-bfe6-085a0654fe65 (type: ports) to 2
2026-07-10 01:06:35.897 9 INFO neutron.wsgi [None req-b00c1427-e195-4295-92f3-8497d2ccffe8 e6687e144f9b45168a73af0bf845d7e1 f690abf6582047b6b9932bb78df688ad - - default default] 10.0.0.118 "PUT /v2.0/floatingips/75a1a0d1-f6ba-4003-a640-7ea12529ba0a/tags HTTP/1.1" status: 200 len: 230 time: 0.1050842
2026-07-10 01:06:35.939 9 INFO neutron.wsgi [None req-dd8efa2c-84fe-49c8-a60c-df2cb481db7d e6687e144f9b45168a73af0bf845d7e1 f690abf6582047b6b9932bb78df688ad - - default default] 10.0.0.118 "GET /v2.0/floatingips/75a1a0d1-f6ba-4003-a640-7ea12529ba0a/tags HTTP/1.1" status: 200 len: 230 time: 0.0369458
2026-07-10 01:06:35.990 9 INFO neutron.wsgi [None req-121b1f55-bf74-4e82-b5c7-6e94298849d4 e6687e144f9b45168a73af0bf845d7e1 f690abf6582047b6b9932bb78df688ad - - default default] 10.0.0.118 "GET /v2.0/floatingips/75a1a0d1-f6ba-4003-a640-7ea12529ba0a/tags/red HTTP/1.1" status: 204 len: 168 time: 0.0425999
2026-07-10 01:06:36.028 9 INFO neutron.api.v2.resource [None req-b0e7c65d-47c4-4566-b9ac-22d5cec2cbad e6687e144f9b45168a73af0bf845d7e1 f690abf6582047b6b9932bb78df688ad - - default default] show failed (client error): The resource could not be found.
2026-07-10 01:06:36.030 9 INFO neutron.wsgi [None req-b0e7c65d-47c4-4566-b9ac-22d5cec2cbad e6687e144f9b45168a73af0bf845d7e1 f690abf6582047b6b9932bb78df688ad - - default default] 10.0.0.118 "GET /v2.0/floatingips/75a1a0d1-f6ba-4003-a640-7ea12529ba0a/tags/green HTTP/1.1" status: 404 len: 299 time: 0.0363474
2026-07-10 01:06:36.093 10 INFO neutron.db.ovn_revision_numbers_db [None req-403480fb-0e4d-483a-a84d-faaafbc93f29 - - - - - -] Successfully bumped revision number for resource bda371d5-3f69-4ca7-bfe6-085a0654fe65 (type: router_ports) to 2
2026-07-10 01:06:36.113 9 INFO neutron.wsgi [None req-bbc584ae-c1d0-451c-acb5-0e8a6dfb47eb e6687e144f9b45168a73af0bf845d7e1 f690abf6582047b6b9932bb78df688ad - - default default] 10.0.0.118 "DELETE /v2.0/floatingips/75a1a0d1-f6ba-4003-a640-7ea12529ba0a/tags/red HTTP/1.1" status: 204 len: 168 time: 0.0722489
2026-07-10 01:06:36.159 9 INFO neutron.wsgi [None req-54efb2cd-1db2-4a87-80f2-0c6388a48215 e6687e144f9b45168a73af0bf845d7e1 f690abf6582047b6b9932bb78df688ad - - default default] 10.0.0.118 "GET /v2.0/floatingips/75a1a0d1-f6ba-4003-a640-7ea12529ba0a/tags HTTP/1.1" status: 200 len: 223 time: 0.0386832
2026-07-10 01:06:36.162 10 INFO neutron.db.ovn_revision_numbers_db [None req-209df6cf-7d4a-4d18-8af2-3b6fa0da3ebc c8746f24182a4ee884c9c02cf921f4d5 21c949944c694522966b208fdc4a4bdd - - default default] Successfully bumped revision number for resource 215958a9-46ef-44c3-871e-aafbde38cc0f (type: networks) to 1
2026-07-10 01:06:36.221 9 INFO neutron.api.v2.resource [None req-978e5e0e-3ed0-421f-a501-b50062e9c9df e6687e144f9b45168a73af0bf845d7e1 f690abf6582047b6b9932bb78df688ad - - default default] delete failed (client error): The resource could not be found.
2026-07-10 01:06:36.223 9 INFO neutron.wsgi [None req-978e5e0e-3ed0-421f-a501-b50062e9c9df e6687e144f9b45168a73af0bf845d7e1 f690abf6582047b6b9932bb78df688ad - - default default] 10.0.0.118 "DELETE /v2.0/floatingips/75a1a0d1-f6ba-4003-a640-7ea12529ba0a/tags/green HTTP/1.1" status: 404 len: 299 time: 0.0575991
2026-07-10 01:06:36.302 9 INFO neutron.wsgi [None req-b632d759-1b34-4a6f-85f0-705114fd2562 e6687e144f9b45168a73af0bf845d7e1 f690abf6582047b6b9932bb78df688ad - - default default] 10.0.0.118 "DELETE /v2.0/floatingips/75a1a0d1-f6ba-4003-a640-7ea12529ba0a/tags HTTP/1.1" status: 204 len: 168 time: 0.0722864
2026-07-10 01:06:36.341 9 INFO neutron.wsgi [None req-4ab95ea0-298a-4a68-a8e2-a2df4a0b1769 e6687e144f9b45168a73af0bf845d7e1 f690abf6582047b6b9932bb78df688ad - - default default] 10.0.0.118 "GET /v2.0/floatingips/75a1a0d1-f6ba-4003-a640-7ea12529ba0a/tags HTTP/1.1" status: 200 len: 205 time: 0.0328183
2026-07-10 01:06:36.477 10 WARNING neutron.scheduler.dhcp_agent_scheduler [None req-209df6cf-7d4a-4d18-8af2-3b6fa0da3ebc c8746f24182a4ee884c9c02cf921f4d5 21c949944c694522966b208fdc4a4bdd - - default default] No more DHCP agents
2026-07-10 01:06:36.484 10 WARNING neutron.api.rpc.agentnotifiers.dhcp_rpc_agent_api [None req-209df6cf-7d4a-4d18-8af2-3b6fa0da3ebc c8746f24182a4ee884c9c02cf921f4d5 21c949944c694522966b208fdc4a4bdd - - default default] Unable to schedule network 215958a9-46ef-44c3-871e-aafbde38cc0f: no agents available; will retry on subsequent port and subnet creation events.
2026-07-10 01:06:36.491 10 INFO neutron.wsgi [None req-07ac2467-5bcc-4676-bf70-0f494b1b4b8d 93bb38056ea745e58d50bcc3901de230 fa442ff2038745fc9fdb718ea45a6e11 - - default default] 10.0.0.118 "PUT /v2.0/routers/8ea28913-cef9-410d-878f-68a9d00b5518/add_router_interface HTTP/1.1" status: 200 len: 503 time: 3.4535744
2026-07-10 01:06:36.608 10 INFO neutron.db.ovn_revision_numbers_db [None req-209df6cf-7d4a-4d18-8af2-3b6fa0da3ebc c8746f24182a4ee884c9c02cf921f4d5 21c949944c694522966b208fdc4a4bdd - - default default] Successfully bumped revision number for resource 96b1431c-eb79-44a0-88a0-319586a75e4d (type: ports) to 1
2026-07-10 01:06:36.635 10 INFO neutron.wsgi [None req-209df6cf-7d4a-4d18-8af2-3b6fa0da3ebc c8746f24182a4ee884c9c02cf921f4d5 21c949944c694522966b208fdc4a4bdd - - default default] 10.0.0.118 "POST /v2.0/networks HTTP/1.1" status: 201 len: 829 time: 1.7159204
2026-07-10 01:06:36.651 10 WARNING neutron_lib.context [None req-23c0ff1b-8dc5-4b00-a996-c7bcf891d637 c8746f24182a4ee884c9c02cf921f4d5 21c949944c694522966b208fdc4a4bdd - - default default] Method 'is_advsvc' is deprecated since 2023.2 release (neutron-lib 3.8.0) and will be removed once support for the old RBAC API policies will be removed from Neutron. Please use method 'is_service_role' instead.
2026-07-10 01:06:36.740 10 INFO neutron.db.segments_db [None req-23c0ff1b-8dc5-4b00-a996-c7bcf891d637 c8746f24182a4ee884c9c02cf921f4d5 21c949944c694522966b208fdc4a4bdd - - default default] Added segment 3e0d3693-3bcb-4636-b8dd-f0c6a105017d of type geneve for network 15e620bb-6431-4f2f-ac1b-32f51313b38b
2026-07-10 01:06:36.775 9 INFO neutron.wsgi [None req-9d05091e-3b6a-497a-b2c5-48568b0fff63 e6687e144f9b45168a73af0bf845d7e1 f690abf6582047b6b9932bb78df688ad - - default default] 10.0.0.118 "DELETE /v2.0/floatingips/75a1a0d1-f6ba-4003-a640-7ea12529ba0a HTTP/1.1" status: 204 len: 168 time: 0.4259164
2026-07-10 01:06:36.905 10 INFO neutron.db.ovn_revision_numbers_db [None req-23c0ff1b-8dc5-4b00-a996-c7bcf891d637 c8746f24182a4ee884c9c02cf921f4d5 21c949944c694522966b208fdc4a4bdd - - default default] Successfully bumped revision number for resource 15e620bb-6431-4f2f-ac1b-32f51313b38b (type: networks) to 1
2026-07-10 01:06:37.117 10 WARNING neutron.scheduler.dhcp_agent_scheduler [None req-23c0ff1b-8dc5-4b00-a996-c7bcf891d637 c8746f24182a4ee884c9c02cf921f4d5 21c949944c694522966b208fdc4a4bdd - - default default] No more DHCP agents
2026-07-10 01:06:37.123 10 WARNING neutron.api.rpc.agentnotifiers.dhcp_rpc_agent_api [None req-23c0ff1b-8dc5-4b00-a996-c7bcf891d637 c8746f24182a4ee884c9c02cf921f4d5 21c949944c694522966b208fdc4a4bdd - - default default] Unable to schedule network 15e620bb-6431-4f2f-ac1b-32f51313b38b: no agents available; will retry on subsequent port and subnet creation events.
2026-07-10 01:06:37.237 10 INFO neutron.db.ovn_revision_numbers_db [None req-23c0ff1b-8dc5-4b00-a996-c7bcf891d637 c8746f24182a4ee884c9c02cf921f4d5 21c949944c694522966b208fdc4a4bdd - - default default] Successfully bumped revision number for resource b6b3af64-a27b-4683-b023-00a03ecf87d9 (type: ports) to 1
2026-07-10 01:06:37.262 10 INFO neutron.wsgi [None req-23c0ff1b-8dc5-4b00-a996-c7bcf891d637 c8746f24182a4ee884c9c02cf921f4d5 21c949944c694522966b208fdc4a4bdd - - default default] 10.0.0.118 "POST /v2.0/networks HTTP/1.1" status: 201 len: 829 time: 0.6163368
2026-07-10 01:06:37.274 10 WARNING neutron_lib.context [None req-e0d0021b-3780-427c-9692-a683edde35e8 c8746f24182a4ee884c9c02cf921f4d5 21c949944c694522966b208fdc4a4bdd - - default default] Method 'is_advsvc' is deprecated since 2023.2 release (neutron-lib 3.8.0) and will be removed once support for the old RBAC API policies will be removed from Neutron. Please use method 'is_service_role' instead.
2026-07-10 01:06:37.274 9 WARNING neutron_lib.context [None req-4bdf654e-c772-46a4-9491-a9fcfa1545b7 86431de4f3194680bbc1fb1094e353c9 15215f42144e4c46b6ef3ac0a6a986ae - - default default] Method 'is_advsvc' is deprecated since 2023.2 release (neutron-lib 3.8.0) and will be removed once support for the old RBAC API policies will be removed from Neutron. Please use method 'is_service_role' instead.
2026-07-10 01:06:37.449 9 INFO neutron.wsgi [None req-ca64df08-1194-4aac-a41c-5515c57b8cec 1885f2c327f9475dbd93ba13fffd75ec 3dd3730e35a84cc6a49585e79c1a7fc4 - - default default] 10.0.0.118 "POST /v2.0/qos/policies HTTP/1.1" status: 201 len: 558 time: 0.4101181
2026-07-10 01:06:37.469 9 INFO neutron.db.ovn_revision_numbers_db [None req-4bdf654e-c772-46a4-9491-a9fcfa1545b7 86431de4f3194680bbc1fb1094e353c9 15215f42144e4c46b6ef3ac0a6a986ae - - default default] Successfully bumped revision number for resource d3378c11-9910-432e-91bc-e045e815a825 (type: security_groups) to 1
2026-07-10 01:06:37.490 9 INFO neutron.db.ovn_revision_numbers_db [None req-4bdf654e-c772-46a4-9491-a9fcfa1545b7 86431de4f3194680bbc1fb1094e353c9 15215f42144e4c46b6ef3ac0a6a986ae - - default default] Successfully bumped revision number for resource 199c4ed7-9504-4d3f-b759-21c84f8dda61 (type: security_group_rules) to 0
2026-07-10 01:06:37.509 9 INFO neutron.db.ovn_revision_numbers_db [None req-4bdf654e-c772-46a4-9491-a9fcfa1545b7 86431de4f3194680bbc1fb1094e353c9 15215f42144e4c46b6ef3ac0a6a986ae - - default default] Successfully bumped revision number for resource 29e1d958-b4cd-4c84-b8b4-875dacc18584 (type: security_group_rules) to 0
2026-07-10 01:06:37.538 9 INFO neutron.wsgi [None req-ca549848-a69f-494c-884b-50b9fcfb11d1 1885f2c327f9475dbd93ba13fffd75ec 3dd3730e35a84cc6a49585e79c1a7fc4 - - default default] 10.0.0.118 "POST /v2.0/qos/policies HTTP/1.1" status: 201 len: 558 time: 0.0785613
2026-07-10 01:06:37.542 9 INFO neutron.wsgi [None req-4bdf654e-c772-46a4-9491-a9fcfa1545b7 86431de4f3194680bbc1fb1094e353c9 15215f42144e4c46b6ef3ac0a6a986ae - - default default] 10.0.0.118 "POST /v2.0/security-groups HTTP/1.1" status: 201 len: 1811 time: 0.2728949
2026-07-10 01:06:37.551 10 WARNING neutron_lib.context [None req-1b28a0f8-8511-4efa-b386-6efb15c244b6 86431de4f3194680bbc1fb1094e353c9 15215f42144e4c46b6ef3ac0a6a986ae - - default default] Method 'is_advsvc' is deprecated since 2023.2 release (neutron-lib 3.8.0) and will be removed once support for the old RBAC API policies will be removed from Neutron. Please use method 'is_service_role' instead.
2026-07-10 01:06:37.601 10 WARNING neutron.scheduler.dhcp_agent_scheduler [None req-e0d0021b-3780-427c-9692-a683edde35e8 c8746f24182a4ee884c9c02cf921f4d5 21c949944c694522966b208fdc4a4bdd - - default default] No more DHCP agents
2026-07-10 01:06:37.604 10 WARNING neutron.api.rpc.agentnotifiers.dhcp_rpc_agent_api [None req-e0d0021b-3780-427c-9692-a683edde35e8 c8746f24182a4ee884c9c02cf921f4d5 21c949944c694522966b208fdc4a4bdd - - default default] Unable to schedule network 215958a9-46ef-44c3-871e-aafbde38cc0f: no agents available; will retry on subsequent port and subnet creation events.
