2026-07-10 01:08:59.788 10 INFO neutron.wsgi [None req-d9d35af2-099f-4a92-8fbe-9a6b915a8749 4455553e8b904bc2b08940df17235467 da8c0a68dfb241f58a5b9d028ac56985 - - default default] 10.0.0.118 "GET /v2.0/trunks?not-tags-any=blue HTTP/1.1" status: 200 len: 1419 time: 0.0319467 /var/lib/openstack/lib/python3.10/site-packages/pycadf/identifier.py:71: UserWarning: Invalid uuid: neutron. To ensure interoperability, identifiers should be a valid uuid. warnings.warn(('Invalid uuid: %s. To ensure interoperability, '
2026-07-10 01:08:59.825 10 INFO neutron.wsgi [None req-a9b86c7a-e334-4ce2-88fe-560932fa7f2c 4455553e8b904bc2b08940df17235467 da8c0a68dfb241f58a5b9d028ac56985 - - default default] 10.0.0.118 "GET /v2.0/trunks?not-tags-any=red%2Cblue HTTP/1.1" status: 200 len: 1013 time: 0.0304224
2026-07-10 01:08:59.854 9 INFO neutron.wsgi [None req-0e8ac46c-da46-429d-8a6f-303264edfa54 4455553e8b904bc2b08940df17235467 da8c0a68dfb241f58a5b9d028ac56985 - - default default] 10.0.0.118 "GET /v2.0/trunks/3d8ba6a3-9709-40dc-bb1d-f5fa7da81e59 HTTP/1.1" status: 200 len: 608 time: 0.0225136
2026-07-10 01:08:59.968 9 INFO neutron.wsgi [None req-9521f61f-a847-4df8-b522-19212051ae89 4455553e8b904bc2b08940df17235467 da8c0a68dfb241f58a5b9d028ac56985 - - default default] 10.0.0.118 "GET /v2.0/ports/f7747413-d17e-4f16-b9dd-1bc410758848 HTTP/1.1" status: 200 len: 1020 time: 0.1069233
2026-07-10 01:09:00.068 9 INFO neutron.wsgi [None req-1925c131-82f3-4403-9413-be5f9c14b018 4455553e8b904bc2b08940df17235467 da8c0a68dfb241f58a5b9d028ac56985 - - default default] 10.0.0.118 "DELETE /v2.0/trunks/3d8ba6a3-9709-40dc-bb1d-f5fa7da81e59 HTTP/1.1" status: 204 len: 168 time: 0.0953846
2026-07-10 01:09:00.106 9 INFO neutron.wsgi [None req-cb533292-0d16-4b47-adf7-12be6377dbc0 4455553e8b904bc2b08940df17235467 da8c0a68dfb241f58a5b9d028ac56985 - - default default] 10.0.0.118 "GET /v2.0/trunks/2ab0becb-a27f-4d83-abe2-ef004c43927b HTTP/1.1" status: 200 len: 616 time: 0.0300617
2026-07-10 01:09:00.419 10 INFO neutron.wsgi [-] 10.0.0.27 "GET / HTTP/1.1" status: 200 len: 247 time: 0.0021868
2026-07-10 01:09:00.423 10 INFO neutron.wsgi [-] 10.0.0.27 "GET / HTTP/1.1" status: 200 len: 247 time: 0.0025463
2026-07-10 01:09:00.529 9 INFO neutron.wsgi [None req-f6c4e11f-a106-4c08-aa07-12de1a47a81e 4455553e8b904bc2b08940df17235467 da8c0a68dfb241f58a5b9d028ac56985 - - default default] 10.0.0.118 "GET /v2.0/ports/beaaefff-9c7f-4445-9aa3-f4035ed3392c HTTP/1.1" status: 200 len: 1020 time: 0.4171784
2026-07-10 01:09:00.647 9 INFO neutron.wsgi [None req-42317527-af39-4881-9283-de5fd671d179 4455553e8b904bc2b08940df17235467 da8c0a68dfb241f58a5b9d028ac56985 - - default default] 10.0.0.118 "DELETE /v2.0/trunks/2ab0becb-a27f-4d83-abe2-ef004c43927b HTTP/1.1" status: 204 len: 168 time: 0.1126564
2026-07-10 01:09:00.670 9 INFO neutron.wsgi [None req-9a9c3f96-b625-48b6-ab6b-0c0b6af770eb 4455553e8b904bc2b08940df17235467 da8c0a68dfb241f58a5b9d028ac56985 - - default default] 10.0.0.118 "GET /v2.0/trunks/f60d4513-461c-4f9e-a6d4-bea16e5d5049 HTTP/1.1" status: 200 len: 625 time: 0.0175769
2026-07-10 01:09:00.777 9 INFO neutron.wsgi [None req-f60f042b-18bf-49d5-a1c5-a57a36ef3c55 4455553e8b904bc2b08940df17235467 da8c0a68dfb241f58a5b9d028ac56985 - - default default] 10.0.0.118 "GET /v2.0/ports/3acdd832-b505-4407-a387-5d14b799e48b HTTP/1.1" status: 200 len: 1020 time: 0.1004078
2026-07-10 01:09:00.914 9 INFO neutron.wsgi [None req-a4130d08-b88c-41d8-9a8d-ba8d7ee7aab5 4455553e8b904bc2b08940df17235467 da8c0a68dfb241f58a5b9d028ac56985 - - default default] 10.0.0.118 "DELETE /v2.0/trunks/f60d4513-461c-4f9e-a6d4-bea16e5d5049 HTTP/1.1" status: 204 len: 168 time: 0.1310315
2026-07-10 01:09:00.942 10 INFO neutron.wsgi [None req-625ca062-3db7-44ea-a0b8-f33014ce4051 4455553e8b904bc2b08940df17235467 da8c0a68dfb241f58a5b9d028ac56985 - - default default] 10.0.0.118 "GET /v2.0/trunks/e0d0178c-8828-4b33-a062-b875b9bf42dc HTTP/1.1" status: 200 len: 610 time: 0.0223491
2026-07-10 01:09:00.947 10 INFO neutron.wsgi [req-54ece970-b630-44b9-a6bf-0e7102626060 req-f4087f4c-9e42-447a-bd64-653a7a880d5a a4c9977522874c5881ce02f31acce784 7629332fb880438392df1b8760310782 - - default default] 10.0.0.102 "GET /v2.0/ports?device_id=1760a77a-20dc-4eb3-a538-8f383e276020 HTTP/1.1" status: 200 len: 1396 time: 0.1110380
2026-07-10 01:09:01.062 10 INFO neutron.wsgi [req-54ece970-b630-44b9-a6bf-0e7102626060 req-6803d9ba-8956-4f9f-86b0-3a36ae081883 a4c9977522874c5881ce02f31acce784 7629332fb880438392df1b8760310782 - - default default] 10.0.0.102 "GET /v2.0/security-groups?id=e37be98b-b040-4efd-bf76-cbc667248ad8&fields=id&fields=name HTTP/1.1" status: 200 len: 311 time: 0.1063950
2026-07-10 01:09:01.110 10 INFO neutron.wsgi [None req-97e597b2-1d9b-4839-9c54-1cdfe9b8b27a 4455553e8b904bc2b08940df17235467 da8c0a68dfb241f58a5b9d028ac56985 - - default default] 10.0.0.118 "GET /v2.0/ports/bf5f13cf-21b1-454b-bd64-443f765a10bc HTTP/1.1" status: 200 len: 1020 time: 0.1618280
2026-07-10 01:09:01.192 10 INFO neutron.wsgi [None req-71a1837c-5901-4815-9d2b-e52f44e0fc6b a4c9977522874c5881ce02f31acce784 7629332fb880438392df1b8760310782 - - default default] 10.0.0.118 "GET /v2.0/ports?network_id=0d3bc137-e5b5-4458-a3b9-f9c00217db90&mac_address=fa%3A16%3A3e%3Acf%3A02%3A0c HTTP/1.1" status: 200 len: 1391 time: 0.0759213
2026-07-10 01:09:01.208 10 WARNING neutron_lib.context [None req-e3fa0b83-f615-4208-b62f-24198753b876 a4c9977522874c5881ce02f31acce784 7629332fb880438392df1b8760310782 - - default default] Method 'is_advsvc' is deprecated since 2023.2 release (neutron-lib 3.8.0) and will be removed once support for the old RBAC API policies will be removed from Neutron. Please use method 'is_service_role' instead.
2026-07-10 01:09:01.279 10 INFO neutron.wsgi [None req-b1d19d05-82e9-4963-a9e4-a8d1df2d069b 4455553e8b904bc2b08940df17235467 da8c0a68dfb241f58a5b9d028ac56985 - - default default] 10.0.0.118 "DELETE /v2.0/trunks/e0d0178c-8828-4b33-a062-b875b9bf42dc HTTP/1.1" status: 204 len: 168 time: 0.1526313
2026-07-10 01:09:01.305 9 INFO neutron.wsgi [None req-8d6174bd-eff7-4314-a0cd-94cf5b9a3cbe 4455553e8b904bc2b08940df17235467 da8c0a68dfb241f58a5b9d028ac56985 - - default default] 10.0.0.118 "GET /v2.0/trunks/625e1a5f-6e19-421a-b4aa-646fb66853ab HTTP/1.1" status: 200 len: 603 time: 0.0209594
2026-07-10 01:09:01.442 10 INFO neutron.wsgi [None req-05955e4d-0f8e-43c4-bd4f-e5c6aea52f6f 4455553e8b904bc2b08940df17235467 da8c0a68dfb241f58a5b9d028ac56985 - - default default] 10.0.0.118 "GET /v2.0/ports/37972509-68e4-435b-8a44-3a48aeebbb34 HTTP/1.1" status: 200 len: 1020 time: 0.1175129
2026-07-10 01:09:01.540 10 INFO neutron.notifiers.nova [-] Nova event matching ['req-189a9821-48b1-4e13-a63f-87bd9ebab5ad'] response: {'server_uuid': '1760a77a-20dc-4eb3-a538-8f383e276020', 'name': 'network-vif-plugged', 'status': 'completed', 'tag': 'd1f7a476-1649-4b6d-b901-30c28d8e9b43', 'code': 200}
2026-07-10 01:09:01.541 9 INFO neutron.wsgi [None req-1ad6672f-3d31-4767-b5a1-b6c756925a93 4455553e8b904bc2b08940df17235467 da8c0a68dfb241f58a5b9d028ac56985 - - default default] 10.0.0.118 "DELETE /v2.0/trunks/625e1a5f-6e19-421a-b4aa-646fb66853ab HTTP/1.1" status: 204 len: 168 time: 0.0918596
2026-07-10 01:09:01.574 10 WARNING neutron.scheduler.dhcp_agent_scheduler [None req-e3fa0b83-f615-4208-b62f-24198753b876 a4c9977522874c5881ce02f31acce784 7629332fb880438392df1b8760310782 - - default default] No more DHCP agents
2026-07-10 01:09:01.577 10 WARNING neutron.api.rpc.agentnotifiers.dhcp_rpc_agent_api [None req-e3fa0b83-f615-4208-b62f-24198753b876 a4c9977522874c5881ce02f31acce784 7629332fb880438392df1b8760310782 - - default default] Unable to schedule network 101a8863-4512-4686-a02a-9f9ad7fb0755: no agents available; will retry on subsequent port and subnet creation events.
2026-07-10 01:09:01.819 9 INFO neutron.wsgi [None req-aaf8c5ee-5123-4217-8055-e080b7530b41 4455553e8b904bc2b08940df17235467 da8c0a68dfb241f58a5b9d028ac56985 - - default default] 10.0.0.118 "DELETE /v2.0/ports/f7747413-d17e-4f16-b9dd-1bc410758848 HTTP/1.1" status: 204 len: 168 time: 0.2730622
2026-07-10 01:09:02.129 9 INFO neutron.wsgi [None req-dbcc9f85-5e8b-411e-8508-cac6f9462844 4455553e8b904bc2b08940df17235467 da8c0a68dfb241f58a5b9d028ac56985 - - default default] 10.0.0.118 "DELETE /v2.0/ports/beaaefff-9c7f-4445-9aa3-f4035ed3392c HTTP/1.1" status: 204 len: 168 time: 0.3001053
2026-07-10 01:09:02.247 10 INFO neutron.db.l3_db [None req-e3fa0b83-f615-4208-b62f-24198753b876 a4c9977522874c5881ce02f31acce784 7629332fb880438392df1b8760310782 - - default default] Floating IP a11c909c-b953-4351-aa7f-d37de6b34a64 associated. External IP: 10.96.250.214, port: d1f7a476-1649-4b6d-b901-30c28d8e9b43.
2026-07-10 01:09:02.425 9 INFO neutron.wsgi [None req-63feea2e-98a0-43c7-9cc9-840d773e98d3 4455553e8b904bc2b08940df17235467 da8c0a68dfb241f58a5b9d028ac56985 - - default default] 10.0.0.118 "DELETE /v2.0/ports/3acdd832-b505-4407-a387-5d14b799e48b HTTP/1.1" status: 204 len: 168 time: 0.2921429
2026-07-10 01:09:02.716 9 INFO neutron.wsgi [None req-f50192f1-6b04-49da-8cad-e818c3201987 4455553e8b904bc2b08940df17235467 da8c0a68dfb241f58a5b9d028ac56985 - - default default] 10.0.0.118 "DELETE /v2.0/ports/bf5f13cf-21b1-454b-bd64-443f765a10bc HTTP/1.1" status: 204 len: 168 time: 0.2856448
2026-07-10 01:09:02.938 10 INFO neutron.db.ovn_revision_numbers_db [None req-e3fa0b83-f615-4208-b62f-24198753b876 a4c9977522874c5881ce02f31acce784 7629332fb880438392df1b8760310782 - - default default] Successfully bumped revision number for resource a11c909c-b953-4351-aa7f-d37de6b34a64 (type: floatingips) to 0
2026-07-10 01:09:03.022 9 INFO neutron.wsgi [None req-0dd1f393-5a95-4282-9298-16c295e27c9b 4455553e8b904bc2b08940df17235467 da8c0a68dfb241f58a5b9d028ac56985 - - default default] 10.0.0.118 "DELETE /v2.0/ports/37972509-68e4-435b-8a44-3a48aeebbb34 HTTP/1.1" status: 204 len: 168 time: 0.2997074 /var/lib/openstack/lib/python3.10/site-packages/pycadf/identifier.py:71: UserWarning: Invalid uuid: neutron. To ensure interoperability, identifiers should be a valid uuid. warnings.warn(('Invalid uuid: %s. To ensure interoperability, '
2026-07-10 01:09:03.061 10 INFO neutron.db.ovn_revision_numbers_db [None req-e3fa0b83-f615-4208-b62f-24198753b876 a4c9977522874c5881ce02f31acce784 7629332fb880438392df1b8760310782 - - default default] Successfully bumped revision number for resource a11c909c-b953-4351-aa7f-d37de6b34a64 (type: floatingips) to 1
2026-07-10 01:09:03.106 10 INFO neutron.wsgi [None req-e3fa0b83-f615-4208-b62f-24198753b876 a4c9977522874c5881ce02f31acce784 7629332fb880438392df1b8760310782 - - default default] 10.0.0.118 "POST /v2.0/floatingips HTTP/1.1" status: 201 len: 1054 time: 1.9082284
2026-07-10 01:09:03.240 10 INFO neutron.wsgi [req-125da76a-b39a-441a-a21f-674ea6434c97 req-86172e9c-7d2f-4ee9-bb2e-d72ac9196483 a4c9977522874c5881ce02f31acce784 7629332fb880438392df1b8760310782 - - default default] 10.0.0.102 "GET /v2.0/security-groups?name=tempest-lb_member_SG-1145280101&fields=id&tenant_id=7629332fb880438392df1b8760310782 HTTP/1.1" status: 200 len: 267 time: 0.0449216
2026-07-10 01:09:03.319 10 INFO neutron.wsgi [req-125da76a-b39a-441a-a21f-674ea6434c97 req-263469a9-3b7a-49c8-891b-7fd99ad5a305 a4c9977522874c5881ce02f31acce784 7629332fb880438392df1b8760310782 - - default default] 10.0.0.102 "GET /v2.0/networks?id=3fcd3345-2dc3-460b-9d18-d54bbdfca98c HTTP/1.1" status: 200 len: 904 time: 0.0694571
2026-07-10 01:09:03.334 10 INFO neutron.wsgi [req-125da76a-b39a-441a-a21f-674ea6434c97 req-59365ee9-0cc4-4dfb-ab16-baa19e463b9f a4c9977522874c5881ce02f31acce784 7629332fb880438392df1b8760310782 - - default default] 10.0.0.102 "GET /v2.0/quotas/7629332fb880438392df1b8760310782 HTTP/1.1" status: 200 len: 386 time: 0.0090818
2026-07-10 01:09:03.483 9 INFO neutron.wsgi [None req-3b61da07-5eb2-438c-b047-fd2e2aa946ee 4455553e8b904bc2b08940df17235467 da8c0a68dfb241f58a5b9d028ac56985 - - default default] 10.0.0.118 "DELETE /v2.0/networks/6b4e90ea-0e08-469b-b9b4-4f61f4b79ad6 HTTP/1.1" status: 204 len: 168 time: 0.4554791
2026-07-10 01:09:03.494 9 INFO neutron.services.segments.plugin [-] Segment 0e96e73e-928e-47f4-a9ca-409203223d20 resource provider aggregate not found
2026-07-10 01:09:03.506 10 INFO neutron.wsgi [req-125da76a-b39a-441a-a21f-674ea6434c97 req-8b8b6d1a-1b92-4fb7-a104-944eec03ea49 a4c9977522874c5881ce02f31acce784 7629332fb880438392df1b8760310782 - - default default] 10.0.0.102 "GET /v2.0/ports?tenant_id=7629332fb880438392df1b8760310782&fields=id HTTP/1.1" status: 200 len: 532 time: 0.1631002
2026-07-10 01:09:03.518 9 INFO neutron.services.segments.plugin [-] Segment 0e96e73e-928e-47f4-a9ca-409203223d20 resource provider aggregate not found
2026-07-10 01:09:03.527 9 INFO neutron.services.segments.plugin [-] Segment 0e96e73e-928e-47f4-a9ca-409203223d20 resource provider not found; error: Placement Client Error (4xx): {"errors": [{"status": 404, "title": "Not Found", "detail": "The resource could not be found.\n\n No resource provider with uuid 0e96e73e-928e-47f4-a9ca-409203223d20 found for delete ", "request_id": "req-c8a451d8-16f5-4cb5-9aff-d77283896580"}]}
2026-07-10 01:09:03.548 9 INFO neutron.services.segments.plugin [-] Segment 0e96e73e-928e-47f4-a9ca-409203223d20 resource provider not found; error: Placement Client Error (4xx): {"errors": [{"status": 404, "title": "Not Found", "detail": "The resource could not be found.\n\n No resource provider with uuid 0e96e73e-928e-47f4-a9ca-409203223d20 found for delete ", "request_id": "req-d0d8e744-aeb1-4a90-ac48-f861338cfe93"}]}
2026-07-10 01:09:03.586 10 INFO neutron.notifiers.nova [-] Nova event matching ['req-b376969d-f360-4680-b81e-542969d18a8f'] response: {'name': 'network-changed', 'server_uuid': '1760a77a-20dc-4eb3-a538-8f383e276020', 'tag': 'd1f7a476-1649-4b6d-b901-30c28d8e9b43', 'status': 'completed', 'code': 200}
2026-07-10 01:09:03.605 10 INFO neutron.wsgi [req-125da76a-b39a-441a-a21f-674ea6434c97 req-27ab6ffa-3a60-4b6e-88a2-8dbed4c464e7 eb79f73c0f5749aab82ee27bf96dbe94 3b569ebf686d4c2893016419eb686d2c - - a51fbe806b724e22ac39c240f7703ce0 a51fbe806b724e22ac39c240f7703ce0] 10.0.0.102 "GET /v2.0/networks/3fcd3345-2dc3-460b-9d18-d54bbdfca98c?fields=segments HTTP/1.1" status: 200 len: 212 time: 0.0837951
2026-07-10 01:09:03.648 9 INFO neutron.wsgi [req-b6f9d5b8-d291-4cfa-b437-40ee1ab79a84 req-500a136f-4a33-49f9-82a5-c4a774bd1750 eb79f73c0f5749aab82ee27bf96dbe94 3b569ebf686d4c2893016419eb686d2c - - a51fbe806b724e22ac39c240f7703ce0 a51fbe806b724e22ac39c240f7703ce0] 199.204.45.216 "GET /v2.0/ports?tenant_id=7629332fb880438392df1b8760310782&device_id=1760a77a-20dc-4eb3-a538-8f383e276020 HTTP/1.1" status: 200 len: 1634 time: 0.0368936
2026-07-10 01:09:03.676 10 INFO neutron.wsgi [req-125da76a-b39a-441a-a21f-674ea6434c97 req-cb5f6f8d-a1e9-43cc-a6d5-9a7ab45aa6c2 eb79f73c0f5749aab82ee27bf96dbe94 3b569ebf686d4c2893016419eb686d2c - - a51fbe806b724e22ac39c240f7703ce0 a51fbe806b724e22ac39c240f7703ce0] 10.0.0.102 "GET /v2.0/networks/3fcd3345-2dc3-460b-9d18-d54bbdfca98c?fields=provider%3Aphysical_network&fields=provider%3Anetwork_type HTTP/1.1" status: 200 len: 277 time: 0.0646622
2026-07-10 01:09:03.761 9 INFO neutron.wsgi [req-b6f9d5b8-d291-4cfa-b437-40ee1ab79a84 req-2cf746b7-2422-4875-ae39-969c869bd5ae eb79f73c0f5749aab82ee27bf96dbe94 3b569ebf686d4c2893016419eb686d2c - - a51fbe806b724e22ac39c240f7703ce0 a51fbe806b724e22ac39c240f7703ce0] 199.204.45.216 "GET /v2.0/networks?id=0d3bc137-e5b5-4458-a3b9-f9c00217db90 HTTP/1.1" status: 200 len: 1003 time: 0.1014056
2026-07-10 01:09:03.859 9 INFO neutron.wsgi [req-924e44f7-914e-42f9-943b-7a18c538be67 req-27a43804-c05f-461c-9755-457addd50e94 a4c9977522874c5881ce02f31acce784 7629332fb880438392df1b8760310782 - - default default] 10.0.0.102 "GET /v2.0/ports?device_id=975c2e96-7514-400c-b45b-cda50028bf01 HTTP/1.1" status: 200 len: 210 time: 0.0376298
2026-07-10 01:09:03.862 9 INFO neutron.wsgi [req-b6f9d5b8-d291-4cfa-b437-40ee1ab79a84 req-d743e29a-af50-413b-9bfe-b28ba3968f39 eb79f73c0f5749aab82ee27bf96dbe94 3b569ebf686d4c2893016419eb686d2c - - a51fbe806b724e22ac39c240f7703ce0 a51fbe806b724e22ac39c240f7703ce0] 199.204.45.216 "GET /v2.0/floatingips?fixed_ip_address=10.2.1.204&port_id=d1f7a476-1649-4b6d-b901-30c28d8e9b43 HTTP/1.1" status: 200 len: 1059 time: 0.0922651
2026-07-10 01:09:03.908 9 INFO neutron.wsgi [req-b6f9d5b8-d291-4cfa-b437-40ee1ab79a84 req-4e8b6f83-3dd0-446d-8a76-c792c586fcc4 eb79f73c0f5749aab82ee27bf96dbe94 3b569ebf686d4c2893016419eb686d2c - - a51fbe806b724e22ac39c240f7703ce0 a51fbe806b724e22ac39c240f7703ce0] 199.204.45.216 "GET /v2.0/floatingips?fixed_ip_address=fd7b%3Af9f7%3Afff%3A4eca%3A%3A3d&port_id=d1f7a476-1649-4b6d-b901-30c28d8e9b43 HTTP/1.1" status: 200 len: 217 time: 0.0319407
2026-07-10 01:09:03.972 9 INFO neutron.wsgi [req-b6f9d5b8-d291-4cfa-b437-40ee1ab79a84 req-02401cb2-0ab1-4217-b5fa-59c7cd2ff0ef eb79f73c0f5749aab82ee27bf96dbe94 3b569ebf686d4c2893016419eb686d2c - - a51fbe806b724e22ac39c240f7703ce0 a51fbe806b724e22ac39c240f7703ce0] 199.204.45.216 "GET /v2.0/subnets?id=b2aa2de0-fb30-4d28-9110-158b4419f60f&id=3e887507-040f-432e-8833-06b1ce4bb332 HTTP/1.1" status: 200 len: 1561 time: 0.0606403
2026-07-10 01:09:04.015 9 INFO neutron.wsgi [req-b6f9d5b8-d291-4cfa-b437-40ee1ab79a84 req-e8aec890-7cb0-4efd-87aa-35839c7171e5 eb79f73c0f5749aab82ee27bf96dbe94 3b569ebf686d4c2893016419eb686d2c - - a51fbe806b724e22ac39c240f7703ce0 a51fbe806b724e22ac39c240f7703ce0] 199.204.45.216 "GET /v2.0/ports?network_id=0d3bc137-e5b5-4458-a3b9-f9c00217db90&device_owner=network%3Adhcp HTTP/1.1" status: 200 len: 210 time: 0.0356030
2026-07-10 01:09:04.060 9 INFO neutron.wsgi [req-b6f9d5b8-d291-4cfa-b437-40ee1ab79a84 req-25690ff7-bc6f-4489-ba66-1318a43b84d6 eb79f73c0f5749aab82ee27bf96dbe94 3b569ebf686d4c2893016419eb686d2c - - a51fbe806b724e22ac39c240f7703ce0 a51fbe806b724e22ac39c240f7703ce0] 199.204.45.216 "GET /v2.0/ports?network_id=0d3bc137-e5b5-4458-a3b9-f9c00217db90&device_owner=network%3Adhcp HTTP/1.1" status: 200 len: 210 time: 0.0333309
2026-07-10 01:09:04.166 9 INFO neutron.wsgi [None req-30ae9c39-4d83-4806-b1d6-1853b68f0955 4455553e8b904bc2b08940df17235467 da8c0a68dfb241f58a5b9d028ac56985 - - default default] 10.0.0.118 "DELETE /v2.0/networks/209e33fd-e87f-4638-ab55-3e6994b4c8ac HTTP/1.1" status: 204 len: 168 time: 0.6733034
2026-07-10 01:09:04.188 9 INFO neutron.wsgi [req-b6f9d5b8-d291-4cfa-b437-40ee1ab79a84 req-1f6cdabe-f57c-4739-86e1-8080ec2860cb eb79f73c0f5749aab82ee27bf96dbe94 3b569ebf686d4c2893016419eb686d2c - - a51fbe806b724e22ac39c240f7703ce0 a51fbe806b724e22ac39c240f7703ce0] 199.204.45.216 "GET /v2.0/networks/0d3bc137-e5b5-4458-a3b9-f9c00217db90?fields=segments HTTP/1.1" status: 200 len: 212 time: 0.0942278
2026-07-10 01:09:04.273 9 INFO neutron.wsgi [req-b6f9d5b8-d291-4cfa-b437-40ee1ab79a84 req-b4990e7d-8a36-4f15-a7ed-e04628fc2ed2 eb79f73c0f5749aab82ee27bf96dbe94 3b569ebf686d4c2893016419eb686d2c - - a51fbe806b724e22ac39c240f7703ce0 a51fbe806b724e22ac39c240f7703ce0] 199.204.45.216 "GET /v2.0/networks/0d3bc137-e5b5-4458-a3b9-f9c00217db90?fields=provider%3Aphysical_network&fields=provider%3Anetwork_type HTTP/1.1" status: 200 len: 277 time: 0.0778279
2026-07-10 01:09:04.626 10 INFO neutron.wsgi [None req-2a3a4958-3888-408d-bd11-12c17bf49119 4455553e8b904bc2b08940df17235467 da8c0a68dfb241f58a5b9d028ac56985 - - default default] 10.0.0.118 "DELETE /v2.0/networks/651e2337-bb1e-4838-ad4b-59da7b2c75df HTTP/1.1" status: 204 len: 168 time: 0.4462628
2026-07-10 01:09:04.644 10 INFO neutron.services.segments.plugin [-] Segment 1e5652c6-94e2-4891-9a06-932f9b58baf0 resource provider aggregate not found
2026-07-10 01:09:04.651 10 INFO neutron.services.segments.plugin [-] Segment 1e5652c6-94e2-4891-9a06-932f9b58baf0 resource provider aggregate not found
2026-07-10 01:09:04.666 10 INFO neutron.services.segments.plugin [-] Segment 1e5652c6-94e2-4891-9a06-932f9b58baf0 resource provider not found; error: Placement Client Error (4xx): {"errors": [{"status": 404, "title": "Not Found", "detail": "The resource could not be found.\n\n No resource provider with uuid 1e5652c6-94e2-4891-9a06-932f9b58baf0 found for delete ", "request_id": "req-6138b7e4-e01d-4b1a-b64d-fac6346c0a6d"}]}
2026-07-10 01:09:04.673 10 INFO neutron.services.segments.plugin [-] Segment 1e5652c6-94e2-4891-9a06-932f9b58baf0 resource provider not found; error: Placement Client Error (4xx): {"errors": [{"status": 404, "title": "Not Found", "detail": "The resource could not be found.\n\n No resource provider with uuid 1e5652c6-94e2-4891-9a06-932f9b58baf0 found for delete ", "request_id": "req-978058a5-ae8a-48ee-8f2e-4f2f74b9296f"}]}
2026-07-10 01:09:04.706 9 INFO neutron.wsgi [req-125da76a-b39a-441a-a21f-674ea6434c97 req-42008ece-ee3e-4b5e-b11f-2332332792f1 a4c9977522874c5881ce02f31acce784 7629332fb880438392df1b8760310782 - - default default] 199.204.45.216 "GET /v2.0/networks?id=3fcd3345-2dc3-460b-9d18-d54bbdfca98c HTTP/1.1" status: 200 len: 904 time: 0.0818560
2026-07-10 01:09:04.767 9 INFO neutron.wsgi [req-125da76a-b39a-441a-a21f-674ea6434c97 req-e4e67532-5dff-4875-8c1e-47947862f1a4 a4c9977522874c5881ce02f31acce784 7629332fb880438392df1b8760310782 - - default default] 199.204.45.216 "GET /v2.0/security-groups?fields=id&fields=name&tenant_id=7629332fb880438392df1b8760310782 HTTP/1.1" status: 200 len: 378 time: 0.0539825
2026-07-10 01:09:04.776 9 WARNING neutron_lib.context [req-125da76a-b39a-441a-a21f-674ea6434c97 req-e1c20631-df6e-4551-9e17-7036d2d0e807 a4c9977522874c5881ce02f31acce784 7629332fb880438392df1b8760310782 - - default default] Method 'is_advsvc' is deprecated since 2023.2 release (neutron-lib 3.8.0) and will be removed once support for the old RBAC API policies will be removed from Neutron. Please use method 'is_service_role' instead.
2026-07-10 01:09:05.133 10 INFO neutron.wsgi [None req-2876ee93-3c9d-4663-8fb7-4141c7597e2c 4455553e8b904bc2b08940df17235467 da8c0a68dfb241f58a5b9d028ac56985 - - default default] 10.0.0.118 "DELETE /v2.0/networks/6172f851-9d09-44cd-adbd-66f05b68ed7a HTTP/1.1" status: 204 len: 168 time: 0.4997704
2026-07-10 01:09:05.250 9 WARNING neutron.scheduler.dhcp_agent_scheduler [req-125da76a-b39a-441a-a21f-674ea6434c97 req-e1c20631-df6e-4551-9e17-7036d2d0e807 a4c9977522874c5881ce02f31acce784 7629332fb880438392df1b8760310782 - - default default] No more DHCP agents
2026-07-10 01:09:05.253 9 WARNING neutron.api.rpc.agentnotifiers.dhcp_rpc_agent_api [req-125da76a-b39a-441a-a21f-674ea6434c97 req-e1c20631-df6e-4551-9e17-7036d2d0e807 a4c9977522874c5881ce02f31acce784 7629332fb880438392df1b8760310782 - - default default] Unable to schedule network 3fcd3345-2dc3-460b-9d18-d54bbdfca98c: no agents available; will retry on subsequent port and subnet creation events.
2026-07-10 01:09:05.439 9 INFO neutron.db.ovn_revision_numbers_db [req-125da76a-b39a-441a-a21f-674ea6434c97 req-e1c20631-df6e-4551-9e17-7036d2d0e807 a4c9977522874c5881ce02f31acce784 7629332fb880438392df1b8760310782 - - default default] Successfully bumped revision number for resource cd071c7a-6238-4d55-8f14-1f3e400da00c (type: ports) to 1
2026-07-10 01:09:05.465 9 INFO neutron.wsgi [req-125da76a-b39a-441a-a21f-674ea6434c97 req-e1c20631-df6e-4551-9e17-7036d2d0e807 a4c9977522874c5881ce02f31acce784 7629332fb880438392df1b8760310782 - - default default] 199.204.45.216 "POST /v2.0/ports HTTP/1.1" status: 201 len: 1392 time: 0.6943729 /var/lib/openstack/lib/python3.10/site-packages/pycadf/identifier.py:71: UserWarning: Invalid uuid: neutron. To ensure interoperability, identifiers should be a valid uuid. warnings.warn(('Invalid uuid: %s. To ensure interoperability, '
2026-07-10 01:09:05.549 10 INFO neutron.wsgi [None req-57757e18-2a00-4452-80e2-cfe9b11efc60 4455553e8b904bc2b08940df17235467 da8c0a68dfb241f58a5b9d028ac56985 - - default default] 10.0.0.118 "DELETE /v2.0/networks/6e8b7fd7-6fa7-40ce-84e9-a911940372e7 HTTP/1.1" status: 204 len: 168 time: 0.4073052
2026-07-10 01:09:05.556 9 INFO neutron.services.segments.plugin [-] Segment 7e8ddace-744a-496d-aacb-f89c1b37df08 resource provider aggregate not found
2026-07-10 01:09:05.570 9 INFO neutron.services.segments.plugin [-] Segment 7e8ddace-744a-496d-aacb-f89c1b37df08 resource provider aggregate not found
2026-07-10 01:09:05.583 9 INFO neutron.services.segments.plugin [-] Segment 7e8ddace-744a-496d-aacb-f89c1b37df08 resource provider not found; error: Placement Client Error (4xx): {"errors": [{"status": 404, "title": "Not Found", "detail": "The resource could not be found.\n\n No resource provider with uuid 7e8ddace-744a-496d-aacb-f89c1b37df08 found for delete ", "request_id": "req-60684b22-0d15-40e2-9e07-060073dbb2f8"}]}
2026-07-10 01:09:05.593 9 INFO neutron.services.segments.plugin [-] Segment 7e8ddace-744a-496d-aacb-f89c1b37df08 resource provider not found; error: Placement Client Error (4xx): {"errors": [{"status": 404, "title": "Not Found", "detail": "The resource could not be found.\n\n No resource provider with uuid 7e8ddace-744a-496d-aacb-f89c1b37df08 found for delete ", "request_id": "req-d812a48e-3d21-4e83-a86e-8423a74a3a31"}]}
2026-07-10 01:09:06.687 10 INFO neutron.services.segments.plugin [-] Segment a6b62127-0223-4d04-8b82-0fe28c79faf2 resource provider aggregate not found
2026-07-10 01:09:06.693 10 INFO neutron.services.segments.plugin [-] Segment a6b62127-0223-4d04-8b82-0fe28c79faf2 resource provider aggregate not found
2026-07-10 01:09:06.709 10 INFO neutron.services.segments.plugin [-] Segment a6b62127-0223-4d04-8b82-0fe28c79faf2 resource provider not found; error: Placement Client Error (4xx): {"errors": [{"status": 404, "title": "Not Found", "detail": "The resource could not be found.\n\n No resource provider with uuid a6b62127-0223-4d04-8b82-0fe28c79faf2 found for delete ", "request_id": "req-0872bb5c-6beb-452c-8721-60ce16fd1758"}]}
2026-07-10 01:09:06.715 10 INFO neutron.services.segments.plugin [-] Segment a6b62127-0223-4d04-8b82-0fe28c79faf2 resource provider not found; error: Placement Client Error (4xx): {"errors": [{"status": 404, "title": "Not Found", "detail": "The resource could not be found.\n\n No resource provider with uuid a6b62127-0223-4d04-8b82-0fe28c79faf2 found for delete ", "request_id": "req-9899f37f-5fde-4aa7-a72e-75e730122e5f"}]}
2026-07-10 01:09:06.732 10 INFO neutron.services.segments.plugin [-] Segment c4526eef-b58c-4258-8b31-1414bc156cad resource provider aggregate not found
2026-07-10 01:09:06.740 10 INFO neutron.services.segments.plugin [-] Segment c4526eef-b58c-4258-8b31-1414bc156cad resource provider aggregate not found
2026-07-10 01:09:06.755 10 INFO neutron.services.segments.plugin [-] Segment c4526eef-b58c-4258-8b31-1414bc156cad resource provider not found; error: Placement Client Error (4xx): {"errors": [{"status": 404, "title": "Not Found", "detail": "The resource could not be found.\n\n No resource provider with uuid c4526eef-b58c-4258-8b31-1414bc156cad found for delete ", "request_id": "req-993b967d-c090-4caa-82c3-063f2ce8d921"}]}
2026-07-10 01:09:06.756 10 INFO neutron.services.segments.plugin [-] Segment c4526eef-b58c-4258-8b31-1414bc156cad resource provider not found; error: Placement Client Error (4xx): {"errors": [{"status": 404, "title": "Not Found", "detail": "The resource could not be found.\n\n No resource provider with uuid c4526eef-b58c-4258-8b31-1414bc156cad found for delete ", "request_id": "req-11c59350-d26a-4687-8631-019630880f40"}]}
2026-07-10 01:09:06.827 9 INFO neutron.db.ovn_revision_numbers_db [req-125da76a-b39a-441a-a21f-674ea6434c97 req-6843184e-a497-4f9f-b188-60f99b0d2364 eb79f73c0f5749aab82ee27bf96dbe94 3b569ebf686d4c2893016419eb686d2c - - a51fbe806b724e22ac39c240f7703ce0 a51fbe806b724e22ac39c240f7703ce0] Successfully bumped revision number for resource cd071c7a-6238-4d55-8f14-1f3e400da00c (type: ports) to 2
2026-07-10 01:09:07.399 9 INFO neutron.db.ovn_revision_numbers_db [req-125da76a-b39a-441a-a21f-674ea6434c97 req-6843184e-a497-4f9f-b188-60f99b0d2364 eb79f73c0f5749aab82ee27bf96dbe94 3b569ebf686d4c2893016419eb686d2c - - a51fbe806b724e22ac39c240f7703ce0 a51fbe806b724e22ac39c240f7703ce0] Successfully bumped revision number for resource cd071c7a-6238-4d55-8f14-1f3e400da00c (type: ports) to 2
2026-07-10 01:09:07.420 9 INFO neutron.wsgi [req-125da76a-b39a-441a-a21f-674ea6434c97 req-6843184e-a497-4f9f-b188-60f99b0d2364 eb79f73c0f5749aab82ee27bf96dbe94 3b569ebf686d4c2893016419eb686d2c - - a51fbe806b724e22ac39c240f7703ce0 a51fbe806b724e22ac39c240f7703ce0] 199.204.45.216 "PUT /v2.0/ports/cd071c7a-6238-4d55-8f14-1f3e400da00c HTTP/1.1" status: 200 len: 1609 time: 1.9464009
2026-07-10 01:09:07.457 9 INFO neutron.notifiers.nova [-] Nova event matching ['req-ba6fb49e-19b9-4c5a-bb7d-ef1f8911d3e2'] response: {'name': 'network-changed', 'server_uuid': '975c2e96-7514-400c-b45b-cda50028bf01', 'tag': 'cd071c7a-6238-4d55-8f14-1f3e400da00c', 'status': 'completed', 'code': 200} /var/lib/openstack/lib/python3.10/site-packages/pycadf/identifier.py:71: UserWarning: Invalid uuid: neutron. To ensure interoperability, identifiers should be a valid uuid. warnings.warn(('Invalid uuid: %s. To ensure interoperability, '
2026-07-10 01:09:07.523 9 INFO neutron.wsgi [req-125da76a-b39a-441a-a21f-674ea6434c97 req-ad8306cf-98cd-4159-ada5-8e46a4766ef7 eb79f73c0f5749aab82ee27bf96dbe94 3b569ebf686d4c2893016419eb686d2c - - a51fbe806b724e22ac39c240f7703ce0 a51fbe806b724e22ac39c240f7703ce0] 199.204.45.216 "GET /v2.0/ports?tenant_id=7629332fb880438392df1b8760310782&device_id=975c2e96-7514-400c-b45b-cda50028bf01 HTTP/1.1" status: 200 len: 1640 time: 0.0425346
2026-07-10 01:09:07.560 9 INFO neutron.wsgi [req-125da76a-b39a-441a-a21f-674ea6434c97 req-e79059d0-1021-44d1-8be0-50256017e51d eb79f73c0f5749aab82ee27bf96dbe94 3b569ebf686d4c2893016419eb686d2c - - a51fbe806b724e22ac39c240f7703ce0 a51fbe806b724e22ac39c240f7703ce0] 199.204.45.216 "GET /v2.0/floatingips?fixed_ip_address=10.2.2.110&port_id=cd071c7a-6238-4d55-8f14-1f3e400da00c HTTP/1.1" status: 200 len: 217 time: 0.0271232
2026-07-10 01:09:07.594 9 INFO neutron.wsgi [req-125da76a-b39a-441a-a21f-674ea6434c97 req-23a5e4b6-97e7-4c55-9d09-479a2b66a438 eb79f73c0f5749aab82ee27bf96dbe94 3b569ebf686d4c2893016419eb686d2c - - a51fbe806b724e22ac39c240f7703ce0 a51fbe806b724e22ac39c240f7703ce0] 199.204.45.216 "GET /v2.0/floatingips?fixed_ip_address=fd77%3A1457%3A4cf0%3A26a8%3A%3A153&port_id=cd071c7a-6238-4d55-8f14-1f3e400da00c HTTP/1.1" status: 200 len: 217 time: 0.0276558
2026-07-10 01:09:07.651 9 INFO neutron.wsgi [req-125da76a-b39a-441a-a21f-674ea6434c97 req-642e9dc8-b96e-4e16-9cc1-3184dbbe3429 eb79f73c0f5749aab82ee27bf96dbe94 3b569ebf686d4c2893016419eb686d2c - - a51fbe806b724e22ac39c240f7703ce0 a51fbe806b724e22ac39c240f7703ce0] 199.204.45.216 "GET /v2.0/subnets?id=65729c05-e6de-4b5d-97d9-7707316279d6&id=89010af1-3a60-4767-b80f-4119d78ab36f HTTP/1.1" status: 200 len: 1567 time: 0.0495167
2026-07-10 01:09:07.683 9 INFO neutron.wsgi [req-125da76a-b39a-441a-a21f-674ea6434c97 req-ab75cc2a-56ff-4c00-af24-38a898a46302 eb79f73c0f5749aab82ee27bf96dbe94 3b569ebf686d4c2893016419eb686d2c - - a51fbe806b724e22ac39c240f7703ce0 a51fbe806b724e22ac39c240f7703ce0] 199.204.45.216 "GET /v2.0/ports?network_id=3fcd3345-2dc3-460b-9d18-d54bbdfca98c&device_owner=network%3Adhcp HTTP/1.1" status: 200 len: 210 time: 0.0242393
2026-07-10 01:09:07.708 9 INFO neutron.wsgi [req-125da76a-b39a-441a-a21f-674ea6434c97 req-5faf6822-9772-4522-adb8-e2d88d8070df eb79f73c0f5749aab82ee27bf96dbe94 3b569ebf686d4c2893016419eb686d2c - - a51fbe806b724e22ac39c240f7703ce0 a51fbe806b724e22ac39c240f7703ce0] 199.204.45.216 "GET /v2.0/ports?network_id=3fcd3345-2dc3-460b-9d18-d54bbdfca98c&device_owner=network%3Adhcp HTTP/1.1" status: 200 len: 210 time: 0.0184443
2026-07-10 01:09:07.777 9 INFO neutron.wsgi [req-125da76a-b39a-441a-a21f-674ea6434c97 req-9ce8b83a-3922-4137-8d60-1fd7b47699f8 eb79f73c0f5749aab82ee27bf96dbe94 3b569ebf686d4c2893016419eb686d2c - - a51fbe806b724e22ac39c240f7703ce0 a51fbe806b724e22ac39c240f7703ce0] 199.204.45.216 "GET /v2.0/networks/3fcd3345-2dc3-460b-9d18-d54bbdfca98c?fields=segments HTTP/1.1" status: 200 len: 212 time: 0.0629284
2026-07-10 01:09:07.851 9 INFO neutron.wsgi [req-125da76a-b39a-441a-a21f-674ea6434c97 req-9a38076f-051f-4a7b-adea-d4f9f6352f1a eb79f73c0f5749aab82ee27bf96dbe94 3b569ebf686d4c2893016419eb686d2c - - a51fbe806b724e22ac39c240f7703ce0 a51fbe806b724e22ac39c240f7703ce0] 199.204.45.216 "GET /v2.0/networks/3fcd3345-2dc3-460b-9d18-d54bbdfca98c?fields=provider%3Aphysical_network&fields=provider%3Anetwork_type HTTP/1.1" status: 200 len: 277 time: 0.0666287
2026-07-10 01:09:07.938 9 INFO neutron.wsgi [req-146d27c7-d372-4f4a-8590-d4e586c00ce4 req-31a0b0f6-d8a3-4ba1-850d-53cdadaa4c4d eb79f73c0f5749aab82ee27bf96dbe94 3b569ebf686d4c2893016419eb686d2c - - a51fbe806b724e22ac39c240f7703ce0 a51fbe806b724e22ac39c240f7703ce0] 199.204.45.216 "GET /v2.0/ports?tenant_id=7629332fb880438392df1b8760310782&device_id=975c2e96-7514-400c-b45b-cda50028bf01 HTTP/1.1" status: 200 len: 1640 time: 0.0429938
2026-07-10 01:09:08.011 9 INFO neutron.wsgi [req-146d27c7-d372-4f4a-8590-d4e586c00ce4 req-c8db018e-85eb-4b57-98f1-2d1ad05e88df eb79f73c0f5749aab82ee27bf96dbe94 3b569ebf686d4c2893016419eb686d2c - - a51fbe806b724e22ac39c240f7703ce0 a51fbe806b724e22ac39c240f7703ce0] 199.204.45.216 "GET /v2.0/networks?id=3fcd3345-2dc3-460b-9d18-d54bbdfca98c HTTP/1.1" status: 200 len: 1003 time: 0.0668576
2026-07-10 01:09:08.060 9 INFO neutron.wsgi [req-146d27c7-d372-4f4a-8590-d4e586c00ce4 req-06215e2c-6f29-496d-8594-d3d4d41e153c eb79f73c0f5749aab82ee27bf96dbe94 3b569ebf686d4c2893016419eb686d2c - - a51fbe806b724e22ac39c240f7703ce0 a51fbe806b724e22ac39c240f7703ce0] 199.204.45.216 "GET /v2.0/floatingips?fixed_ip_address=10.2.2.110&port_id=cd071c7a-6238-4d55-8f14-1f3e400da00c HTTP/1.1" status: 200 len: 217 time: 0.0377238
2026-07-10 01:09:08.065 9 INFO neutron.plugins.ml2.drivers.ovn.mech_driver.mech_driver [None req-7f73181f-a88a-4e4c-979b-89ea94793d49 - - - - - -] OVN reports status up for port: cd071c7a-6238-4d55-8f14-1f3e400da00c
2026-07-10 01:09:08.093 9 INFO neutron.wsgi [req-146d27c7-d372-4f4a-8590-d4e586c00ce4 req-5f5ff046-d696-435e-9dd3-19333d6847fd eb79f73c0f5749aab82ee27bf96dbe94 3b569ebf686d4c2893016419eb686d2c - - a51fbe806b724e22ac39c240f7703ce0 a51fbe806b724e22ac39c240f7703ce0] 199.204.45.216 "GET /v2.0/floatingips?fixed_ip_address=fd77%3A1457%3A4cf0%3A26a8%3A%3A153&port_id=cd071c7a-6238-4d55-8f14-1f3e400da00c HTTP/1.1" status: 200 len: 217 time: 0.0233169
2026-07-10 01:09:08.104 9 INFO neutron.plugins.ml2.plugin [None req-7f73181f-a88a-4e4c-979b-89ea94793d49 - - - - - -] Attempt 1 to provision port cd071c7a-6238-4d55-8f14-1f3e400da00c
2026-07-10 01:09:08.156 9 INFO neutron.wsgi [req-146d27c7-d372-4f4a-8590-d4e586c00ce4 req-5f9f5671-897b-4007-97d5-3a55df4584f4 eb79f73c0f5749aab82ee27bf96dbe94 3b569ebf686d4c2893016419eb686d2c - - a51fbe806b724e22ac39c240f7703ce0 a51fbe806b724e22ac39c240f7703ce0] 199.204.45.216 "GET /v2.0/subnets?id=65729c05-e6de-4b5d-97d9-7707316279d6&id=89010af1-3a60-4767-b80f-4119d78ab36f HTTP/1.1" status: 200 len: 1567 time: 0.0594146
2026-07-10 01:09:08.197 9 INFO neutron.wsgi [req-146d27c7-d372-4f4a-8590-d4e586c00ce4 req-b0ccfd30-5579-47c3-bf99-899fb109bc34 eb79f73c0f5749aab82ee27bf96dbe94 3b569ebf686d4c2893016419eb686d2c - - a51fbe806b724e22ac39c240f7703ce0 a51fbe806b724e22ac39c240f7703ce0] 199.204.45.216 "GET /v2.0/ports?network_id=3fcd3345-2dc3-460b-9d18-d54bbdfca98c&device_owner=network%3Adhcp HTTP/1.1" status: 200 len: 210 time: 0.0321894
2026-07-10 01:09:08.219 10 INFO neutron.db.ovn_revision_numbers_db [None req-d34889e1-b66c-41a0-93e3-3effb1821bbf 93bb38056ea745e58d50bcc3901de230 fa442ff2038745fc9fdb718ea45a6e11 - - default default] Successfully bumped revision number for resource 634c87b5-4358-45c0-b44d-7dc417f761ab (type: security_groups) to 1
2026-07-10 01:09:08.234 9 INFO neutron.wsgi [req-146d27c7-d372-4f4a-8590-d4e586c00ce4 req-88950142-9be7-4693-a29e-5fc4509c3dd7 eb79f73c0f5749aab82ee27bf96dbe94 3b569ebf686d4c2893016419eb686d2c - - a51fbe806b724e22ac39c240f7703ce0 a51fbe806b724e22ac39c240f7703ce0] 199.204.45.216 "GET /v2.0/ports?network_id=3fcd3345-2dc3-460b-9d18-d54bbdfca98c&device_owner=network%3Adhcp HTTP/1.1" status: 200 len: 210 time: 0.0234437
2026-07-10 01:09:08.236 10 INFO neutron.db.ovn_revision_numbers_db [None req-d34889e1-b66c-41a0-93e3-3effb1821bbf 93bb38056ea745e58d50bcc3901de230 fa442ff2038745fc9fdb718ea45a6e11 - - default default] Successfully bumped revision number for resource 015d9049-95bd-4592-b9ad-e21d199238ca (type: security_group_rules) to 0
2026-07-10 01:09:08.254 10 INFO neutron.db.ovn_revision_numbers_db [None req-d34889e1-b66c-41a0-93e3-3effb1821bbf 93bb38056ea745e58d50bcc3901de230 fa442ff2038745fc9fdb718ea45a6e11 - - default default] Successfully bumped revision number for resource 7077f3e7-1cbc-4a45-8787-78be37e60f20 (type: security_group_rules) to 0
2026-07-10 01:09:08.270 10 INFO neutron.db.ovn_revision_numbers_db [None req-d34889e1-b66c-41a0-93e3-3effb1821bbf 93bb38056ea745e58d50bcc3901de230 fa442ff2038745fc9fdb718ea45a6e11 - - default default] Successfully bumped revision number for resource a3b0c0e8-2713-4add-968a-fd3c98fb57d6 (type: security_group_rules) to 0
2026-07-10 01:09:08.286 10 INFO neutron.db.ovn_revision_numbers_db [None req-d34889e1-b66c-41a0-93e3-3effb1821bbf 93bb38056ea745e58d50bcc3901de230 fa442ff2038745fc9fdb718ea45a6e11 - - default default] Successfully bumped revision number for resource bfe630e6-89ff-4bdf-9ce8-da3b73654153 (type: security_group_rules) to 0
2026-07-10 01:09:08.315 10 INFO neutron.wsgi [None req-d34889e1-b66c-41a0-93e3-3effb1821bbf 93bb38056ea745e58d50bcc3901de230 fa442ff2038745fc9fdb718ea45a6e11 - - default default] 10.0.0.118 "GET /v2.0/security-groups?tenant_id=1acf8c86937f41c59ae7804f71321e94&name=default HTTP/1.1" status: 200 len: 3000 time: 0.4866524
2026-07-10 01:09:08.317 9 INFO neutron.wsgi [req-146d27c7-d372-4f4a-8590-d4e586c00ce4 req-9815037e-3357-4c58-8f22-740b1096b9be eb79f73c0f5749aab82ee27bf96dbe94 3b569ebf686d4c2893016419eb686d2c - - a51fbe806b724e22ac39c240f7703ce0 a51fbe806b724e22ac39c240f7703ce0] 199.204.45.216 "GET /v2.0/networks/3fcd3345-2dc3-460b-9d18-d54bbdfca98c?fields=segments HTTP/1.1" status: 200 len: 212 time: 0.0768499
2026-07-10 01:09:08.436 9 INFO neutron.wsgi [req-146d27c7-d372-4f4a-8590-d4e586c00ce4 req-65e7f016-d0ca-424a-95df-5b289637e6fc eb79f73c0f5749aab82ee27bf96dbe94 3b569ebf686d4c2893016419eb686d2c - - a51fbe806b724e22ac39c240f7703ce0 a51fbe806b724e22ac39c240f7703ce0] 199.204.45.216 "GET /v2.0/networks/3fcd3345-2dc3-460b-9d18-d54bbdfca98c?fields=provider%3Aphysical_network&fields=provider%3Anetwork_type HTTP/1.1" status: 200 len: 277 time: 0.1064818
2026-07-10 01:09:08.566 9 INFO neutron.db.ovn_revision_numbers_db [None req-7f73181f-a88a-4e4c-979b-89ea94793d49 - - - - - -] Successfully bumped revision number for resource cd071c7a-6238-4d55-8f14-1f3e400da00c (type: ports) to 4
2026-07-10 01:09:08.595 10 INFO neutron.wsgi [None req-1e209d55-ebb1-4b2c-ae70-d187d34ce9ac 93bb38056ea745e58d50bcc3901de230 fa442ff2038745fc9fdb718ea45a6e11 - - default default] 10.0.0.118 "DELETE /v2.0/security-groups/634c87b5-4358-45c0-b44d-7dc417f761ab HTTP/1.1" status: 204 len: 168 time: 0.2751389 /var/lib/openstack/lib/python3.10/site-packages/pycadf/identifier.py:71: UserWarning: Invalid uuid: neutron. To ensure interoperability, identifiers should be a valid uuid. warnings.warn(('Invalid uuid: %s. To ensure interoperability, '
2026-07-10 01:09:08.797 9 INFO neutron.wsgi [None req-645d96b7-fd96-4659-b553-c12eedbb3a5d 93bb38056ea745e58d50bcc3901de230 fa442ff2038745fc9fdb718ea45a6e11 - - default default] 10.0.0.118 "GET /v2.0/security-groups?tenant_id=da8c0a68dfb241f58a5b9d028ac56985&name=default HTTP/1.1" status: 200 len: 3000 time: 0.0451398
2026-07-10 01:09:09.049 9 INFO neutron.wsgi [req-338d6fb1-4505-49be-9a46-ee0fff715fbd req-2ce43244-f02c-414d-a23c-82d7b1918e0a a4c9977522874c5881ce02f31acce784 7629332fb880438392df1b8760310782 - - default default] 10.0.0.102 "GET /v2.0/ports?device_id=975c2e96-7514-400c-b45b-cda50028bf01 HTTP/1.1" status: 200 len: 1404 time: 0.1049600
2026-07-10 01:09:09.080 9 INFO neutron.wsgi [None req-47f2016a-03ca-41c7-8651-771179ce0a7c 93bb38056ea745e58d50bcc3901de230 fa442ff2038745fc9fdb718ea45a6e11 - - default default] 10.0.0.118 "DELETE /v2.0/security-groups/056d6fa8-e4b8-48b6-9b01-a24db5197a38 HTTP/1.1" status: 204 len: 168 time: 0.2773471
2026-07-10 01:09:09.129 9 INFO neutron.wsgi [req-338d6fb1-4505-49be-9a46-ee0fff715fbd req-1934e7e2-63a3-4753-87c9-638481432f7c a4c9977522874c5881ce02f31acce784 7629332fb880438392df1b8760310782 - - default default] 10.0.0.102 "GET /v2.0/security-groups?id=e37be98b-b040-4efd-bf76-cbc667248ad8&fields=id&fields=name HTTP/1.1" status: 200 len: 311 time: 0.0707438
2026-07-10 01:09:09.436 10 INFO neutron.db.ovn_revision_numbers_db [None req-048769dc-e50f-4d31-864a-f4af4414681b 93bb38056ea745e58d50bcc3901de230 fa442ff2038745fc9fdb718ea45a6e11 - - default default] Successfully bumped revision number for resource cfbd8250-e8c3-4a02-8e73-a185df54d02c (type: security_groups) to 1
2026-07-10 01:09:09.452 10 INFO neutron.db.ovn_revision_numbers_db [None req-048769dc-e50f-4d31-864a-f4af4414681b 93bb38056ea745e58d50bcc3901de230 fa442ff2038745fc9fdb718ea45a6e11 - - default default] Successfully bumped revision number for resource 0a532fff-6e35-435a-8184-718c957edefc (type: security_group_rules) to 0
2026-07-10 01:09:09.467 10 INFO neutron.db.ovn_revision_numbers_db [None req-048769dc-e50f-4d31-864a-f4af4414681b 93bb38056ea745e58d50bcc3901de230 fa442ff2038745fc9fdb718ea45a6e11 - - default default] Successfully bumped revision number for resource ba873412-5649-4b7e-b6f7-4fce6b6c1700 (type: security_group_rules) to 0
2026-07-10 01:09:09.482 10 INFO neutron.db.ovn_revision_numbers_db [None req-048769dc-e50f-4d31-864a-f4af4414681b 93bb38056ea745e58d50bcc3901de230 fa442ff2038745fc9fdb718ea45a6e11 - - default default] Successfully bumped revision number for resource df38b5d8-ee89-4232-a21e-1fbea82569e8 (type: security_group_rules) to 0
2026-07-10 01:09:09.497 10 INFO neutron.db.ovn_revision_numbers_db [None req-048769dc-e50f-4d31-864a-f4af4414681b 93bb38056ea745e58d50bcc3901de230 fa442ff2038745fc9fdb718ea45a6e11 - - default default] Successfully bumped revision number for resource e65b31e4-1f95-4e06-a0c6-b94fddd51918 (type: security_group_rules) to 0
2026-07-10 01:09:09.501 9 INFO neutron.notifiers.nova [-] Nova event matching ['req-e9b5275c-ce71-4ef9-97be-5f0862d374b6'] response: {'server_uuid': '975c2e96-7514-400c-b45b-cda50028bf01', 'name': 'network-vif-plugged', 'status': 'completed', 'tag': 'cd071c7a-6238-4d55-8f14-1f3e400da00c', 'code': 200}
2026-07-10 01:09:09.502 9 INFO neutron.notifiers.nova [-] Nova event matching ['req-e9b5275c-ce71-4ef9-97be-5f0862d374b6'] response: {'server_uuid': '975c2e96-7514-400c-b45b-cda50028bf01', 'name': 'network-vif-plugged', 'status': 'completed', 'tag': 'cd071c7a-6238-4d55-8f14-1f3e400da00c', 'code': 200}
2026-07-10 01:09:09.532 10 INFO neutron.wsgi [None req-048769dc-e50f-4d31-864a-f4af4414681b 93bb38056ea745e58d50bcc3901de230 fa442ff2038745fc9fdb718ea45a6e11 - - default default] 10.0.0.118 "GET /v2.0/security-groups?tenant_id=970741d34102407885afdbd46d719743&name=default HTTP/1.1" status: 200 len: 3000 time: 0.2305908
2026-07-10 01:09:09.803 10 INFO neutron.wsgi [None req-9f44a738-7937-42e8-9602-e23820547cac 93bb38056ea745e58d50bcc3901de230 fa442ff2038745fc9fdb718ea45a6e11 - - default default] 10.0.0.118 "DELETE /v2.0/security-groups/cfbd8250-e8c3-4a02-8e73-a185df54d02c HTTP/1.1" status: 204 len: 168 time: 0.2657688
2026-07-10 01:09:10.987 10 INFO neutron.wsgi [req-a3b980b6-de86-48fe-a401-bcb7f6920d2d req-2747199f-517b-44a4-8e59-4a2b038aa860 eb79f73c0f5749aab82ee27bf96dbe94 3b569ebf686d4c2893016419eb686d2c - - a51fbe806b724e22ac39c240f7703ce0 a51fbe806b724e22ac39c240f7703ce0] 10.0.0.56 "GET /v2.0/ports?device_id=1760a77a-20dc-4eb3-a538-8f383e276020 HTTP/1.1" status: 200 len: 1634 time: 0.0689199
2026-07-10 01:09:11.041 10 INFO neutron.wsgi [req-a3b980b6-de86-48fe-a401-bcb7f6920d2d req-fd74e2fd-95ab-49dd-85bc-a71b3f2d3f1d eb79f73c0f5749aab82ee27bf96dbe94 3b569ebf686d4c2893016419eb686d2c - - a51fbe806b724e22ac39c240f7703ce0 a51fbe806b724e22ac39c240f7703ce0] 10.0.0.56 "GET /v2.0/security-groups?id=e37be98b-b040-4efd-bf76-cbc667248ad8&fields=id&fields=name HTTP/1.1" status: 200 len: 311 time: 0.0469780
2026-07-10 01:09:13.769 9 INFO neutron.wsgi [None req-d975cdc2-1e40-467a-ae87-b18d4d6494b4 0a69c639e67444b298fee15c46c58d7a 59bc3bf4f2f04f19a58015038dabc02e - - default default] 10.0.0.118 "POST /v2.0/qos/policies HTTP/1.1" status: 201 len: 558 time: 0.3012807
2026-07-10 01:09:13.813 9 INFO neutron.wsgi [None req-dc04b4ff-9f69-4445-ae29-83583259eab2 0a69c639e67444b298fee15c46c58d7a 59bc3bf4f2f04f19a58015038dabc02e - - default default] 10.0.0.118 "PUT /v2.0/policies/a7960a48-2840-406a-812d-52353930a4ce/tags HTTP/1.1" status: 200 len: 218 time: 0.0351114
2026-07-10 01:09:13.851 9 INFO neutron.wsgi [None req-5ee865d9-269c-4e48-8011-9856eaffb688 0a69c639e67444b298fee15c46c58d7a 59bc3bf4f2f04f19a58015038dabc02e - - default default] 10.0.0.118 "GET /v2.0/policies/a7960a48-2840-406a-812d-52353930a4ce/tags HTTP/1.1" status: 200 len: 218 time: 0.0286655
2026-07-10 01:09:13.892 9 INFO neutron.wsgi [None req-97b9006c-932f-4d96-b30f-ba10757393b9 0a69c639e67444b298fee15c46c58d7a 59bc3bf4f2f04f19a58015038dabc02e - - default default] 10.0.0.118 "PUT /v2.0/policies/a7960a48-2840-406a-812d-52353930a4ce/tags/green HTTP/1.1" status: 201 len: 201 time: 0.0356967
2026-07-10 01:09:13.916 9 INFO neutron.wsgi [None req-3f39e062-6bb1-4b6c-8dc6-2a235816b6f9 0a69c639e67444b298fee15c46c58d7a 59bc3bf4f2f04f19a58015038dabc02e - - default default] 10.0.0.118 "GET /v2.0/policies/a7960a48-2840-406a-812d-52353930a4ce/tags HTTP/1.1" status: 200 len: 227 time: 0.0180538
2026-07-10 01:09:13.942 9 INFO neutron.wsgi [None req-52295c96-91cc-4355-8b2b-4ed8348c4bbd 0a69c639e67444b298fee15c46c58d7a 59bc3bf4f2f04f19a58015038dabc02e - - default default] 10.0.0.118 "PUT /v2.0/policies/a7960a48-2840-406a-812d-52353930a4ce/tags/red HTTP/1.1" status: 201 len: 201 time: 0.0216131
2026-07-10 01:09:14.353 9 INFO neutron.wsgi [None req-6d1b62f3-4878-4de5-bc2b-506b038717f7 0a69c639e67444b298fee15c46c58d7a 59bc3bf4f2f04f19a58015038dabc02e - - default default] 10.0.0.118 "GET /v2.0/policies/a7960a48-2840-406a-812d-52353930a4ce/tags HTTP/1.1" status: 200 len: 227 time: 0.4056356
2026-07-10 01:09:14.403 10 INFO neutron.wsgi [None req-9cd02e32-4d64-4e49-bac8-3971131fcbfb 0a69c639e67444b298fee15c46c58d7a 59bc3bf4f2f04f19a58015038dabc02e - - default default] 10.0.0.118 "PUT /v2.0/policies/a7960a48-2840-406a-812d-52353930a4ce/tags/black.or.white HTTP/1.1" status: 201 len: 201 time: 0.0434017
2026-07-10 01:09:14.433 10 INFO neutron.wsgi [None req-93b4bcbc-d21f-4646-b378-2aeb90563dfa 0a69c639e67444b298fee15c46c58d7a 59bc3bf4f2f04f19a58015038dabc02e - - default default] 10.0.0.118 "GET /v2.0/policies/a7960a48-2840-406a-812d-52353930a4ce/tags HTTP/1.1" status: 200 len: 245 time: 0.0233974
2026-07-10 01:09:14.462 9 INFO neutron.wsgi [req-406bfa40-6839-479f-adff-fd301d2a099a req-55158a69-3178-4a9b-abd5-2d66ca0affbf a4c9977522874c5881ce02f31acce784 7629332fb880438392df1b8760310782 - - default default] 10.0.0.102 "GET /v2.0/ports?device_id=975c2e96-7514-400c-b45b-cda50028bf01 HTTP/1.1" status: 200 len: 1404 time: 0.1200962
2026-07-10 01:09:14.474 10 INFO neutron.wsgi [None req-214428a9-c691-4a50-b166-74ff2db10631 0a69c639e67444b298fee15c46c58d7a 59bc3bf4f2f04f19a58015038dabc02e - - default default] 10.0.0.118 "PUT /v2.0/policies/a7960a48-2840-406a-812d-52353930a4ce/tags HTTP/1.1" status: 200 len: 230 time: 0.0368254
2026-07-10 01:09:14.496 10 INFO neutron.wsgi [None req-030bf05a-bccc-4a05-8ddf-0239bef725a6 0a69c639e67444b298fee15c46c58d7a 59bc3bf4f2f04f19a58015038dabc02e - - default default] 10.0.0.118 "GET /v2.0/policies/a7960a48-2840-406a-812d-52353930a4ce/tags HTTP/1.1" status: 200 len: 230 time: 0.0178261
2026-07-10 01:09:14.519 10 INFO neutron.wsgi [None req-938d9c77-e9ee-4db9-8ca0-f4233695f6e4 0a69c639e67444b298fee15c46c58d7a 59bc3bf4f2f04f19a58015038dabc02e - - default default] 10.0.0.118 "GET /v2.0/policies/a7960a48-2840-406a-812d-52353930a4ce/tags/red HTTP/1.1" status: 204 len: 168 time: 0.0173297
2026-07-10 01:09:14.528 9 INFO neutron.wsgi [req-406bfa40-6839-479f-adff-fd301d2a099a req-a2c8e528-6e3e-4283-80eb-d9a4e3c8ddc5 a4c9977522874c5881ce02f31acce784 7629332fb880438392df1b8760310782 - - default default] 10.0.0.102 "GET /v2.0/security-groups?id=e37be98b-b040-4efd-bf76-cbc667248ad8&fields=id&fields=name HTTP/1.1" status: 200 len: 311 time: 0.0577981
2026-07-10 01:09:14.546 10 INFO neutron.api.v2.resource [None req-1a16a180-cea3-4bb0-aa23-b0f77969ba31 0a69c639e67444b298fee15c46c58d7a 59bc3bf4f2f04f19a58015038dabc02e - - default default] show failed (client error): The resource could not be found.
2026-07-10 01:09:14.547 10 INFO neutron.wsgi [None req-1a16a180-cea3-4bb0-aa23-b0f77969ba31 0a69c639e67444b298fee15c46c58d7a 59bc3bf4f2f04f19a58015038dabc02e - - default default] 10.0.0.118 "GET /v2.0/policies/a7960a48-2840-406a-812d-52353930a4ce/tags/green HTTP/1.1" status: 404 len: 299 time: 0.0232141
2026-07-10 01:09:14.597 10 INFO neutron.wsgi [None req-01846a35-7794-4aaf-86ba-e0c31bc37a0a 0a69c639e67444b298fee15c46c58d7a 59bc3bf4f2f04f19a58015038dabc02e - - default default] 10.0.0.118 "DELETE /v2.0/policies/a7960a48-2840-406a-812d-52353930a4ce/tags/red HTTP/1.1" status: 204 len: 168 time: 0.0400827
2026-07-10 01:09:14.641 9 INFO neutron.wsgi [None req-e55ec1ab-d440-4bec-81f6-b473bb396a1a 0a69c639e67444b298fee15c46c58d7a 59bc3bf4f2f04f19a58015038dabc02e - - default default] 10.0.0.118 "GET /v2.0/policies/a7960a48-2840-406a-812d-52353930a4ce/tags HTTP/1.1" status: 200 len: 223 time: 0.0331643
2026-07-10 01:09:14.646 9 INFO neutron.wsgi [None req-e4ee0af7-cd44-4fee-9ae9-e0f2c473f329 a4c9977522874c5881ce02f31acce784 7629332fb880438392df1b8760310782 - - default default] 10.0.0.118 "GET /v2.0/ports?network_id=3fcd3345-2dc3-460b-9d18-d54bbdfca98c&mac_address=fa%3A16%3A3e%3Aea%3A00%3Aa6 HTTP/1.1" status: 200 len: 1399 time: 0.0871820
