2026-07-10 01:03:24.905 10 INFO neutron.db.ovn_revision_numbers_db [None req-224b0a3f-7556-4be8-a4a7-6d6b66d31ce3 - - - - - -] Successfully bumped revision number for resource 1abcf179-692f-4829-8429-4015b02eb117 (type: router_ports) to 4
2026-07-10 01:03:24.933 10 INFO neutron.plugins.ml2.drivers.ovn.mech_driver.ovsdb.ovsdb_monitor [None req-224b0a3f-7556-4be8-a4a7-6d6b66d31ce3 - - - - - -] Router 8896cb11-4a30-458a-a20e-e008da2d822d is bound to host instance
2026-07-10 01:03:25.011 10 WARNING neutron.scheduler.dhcp_agent_scheduler [None req-9525ab28-9322-4f15-aa64-51e55e19532a 93bb38056ea745e58d50bcc3901de230 fa442ff2038745fc9fdb718ea45a6e11 - - default default] No more DHCP agents
2026-07-10 01:03:25.017 10 WARNING neutron.api.rpc.agentnotifiers.dhcp_rpc_agent_api [None req-9525ab28-9322-4f15-aa64-51e55e19532a 93bb38056ea745e58d50bcc3901de230 fa442ff2038745fc9fdb718ea45a6e11 - - default default] Unable to schedule network 101a8863-4512-4686-a02a-9f9ad7fb0755: no agents available; will retry on subsequent port and subnet creation events.
2026-07-10 01:03:25.120 9 INFO neutron.db.ovn_revision_numbers_db [req-ce391aaf-8418-4ebf-993c-515433a6c8be req-963e5618-184d-4bfb-976c-977881955811 eb9c6f445da9476b88980ddba5d0d641 e9f14b012a984f4e8756ebecf29a4bab - - default default] Successfully bumped revision number for resource 1152fec0-f3db-46bf-b953-cc2fe1de9f73 (type: security_group_rules) to 0
2026-07-10 01:03:25.193 9 INFO neutron.wsgi [req-ce391aaf-8418-4ebf-993c-515433a6c8be req-963e5618-184d-4bfb-976c-977881955811 eb9c6f445da9476b88980ddba5d0d641 e9f14b012a984f4e8756ebecf29a4bab - - default default] 10.0.0.102 "POST /v2.0/security-group-rules HTTP/1.1" status: 201 len: 786 time: 0.4462123
2026-07-10 01:03:25.241 10 WARNING neutron_lib.context [req-fe3c8f29-4bf0-4352-ba87-0cfdda7048c7 req-83eb4101-5b40-4621-8968-60637ff4dce6 eb9c6f445da9476b88980ddba5d0d641 e9f14b012a984f4e8756ebecf29a4bab - - default default] Method 'is_advsvc' is deprecated since 2023.2 release (neutron-lib 3.8.0) and will be removed once support for the old RBAC API policies will be removed from Neutron. Please use method 'is_service_role' instead.
2026-07-10 01:03:25.351 10 INFO neutron.db.ovn_revision_numbers_db [None req-9525ab28-9322-4f15-aa64-51e55e19532a 93bb38056ea745e58d50bcc3901de230 fa442ff2038745fc9fdb718ea45a6e11 - - default default] Successfully bumped revision number for resource 0973cdf1-1d97-423b-97d3-a500751f5b13 (type: ports) to 1
2026-07-10 01:03:25.557 10 INFO neutron.db.ovn_revision_numbers_db [req-fe3c8f29-4bf0-4352-ba87-0cfdda7048c7 req-83eb4101-5b40-4621-8968-60637ff4dce6 eb9c6f445da9476b88980ddba5d0d641 e9f14b012a984f4e8756ebecf29a4bab - - default default] Successfully bumped revision number for resource 4f711e2b-89eb-4599-8aff-243f96978514 (type: security_groups) to 1
2026-07-10 01:03:25.605 10 INFO neutron.db.ovn_revision_numbers_db [req-fe3c8f29-4bf0-4352-ba87-0cfdda7048c7 req-83eb4101-5b40-4621-8968-60637ff4dce6 eb9c6f445da9476b88980ddba5d0d641 e9f14b012a984f4e8756ebecf29a4bab - - default default] Successfully bumped revision number for resource 792571cc-474c-4d5e-86af-7afb8a1703ca (type: security_group_rules) to 0
2026-07-10 01:03:25.632 9 INFO neutron.db.ovn_revision_numbers_db [None req-3bc5abd3-0aa1-4d0b-b8e8-444eae8d460d 93bb38056ea745e58d50bcc3901de230 fa442ff2038745fc9fdb718ea45a6e11 - - default default] Successfully bumped revision number for resource 473c7dae-2835-425b-925c-bfc420c97183 (type: router_ports) to 2
2026-07-10 01:03:25.635 9 INFO neutron.wsgi [None req-3bc5abd3-0aa1-4d0b-b8e8-444eae8d460d 93bb38056ea745e58d50bcc3901de230 fa442ff2038745fc9fdb718ea45a6e11 - - default default] 10.0.0.118 "PUT /v2.0/routers/924842a0-74ff-4589-86f0-c05ee46323df/add_router_interface HTTP/1.1" status: 200 len: 503 time: 4.6663246
2026-07-10 01:03:25.655 9 INFO neutron.db.ovn_revision_numbers_db [None req-8c4a4bc3-746b-4e71-a8de-be2c19597a01 93bb38056ea745e58d50bcc3901de230 fa442ff2038745fc9fdb718ea45a6e11 - - default default] Successfully bumped revision number for resource b4225150-20fb-4139-ae7d-d80e5afc66c7 (type: router_ports) to 1
2026-07-10 01:03:25.658 9 INFO neutron.wsgi [None req-8c4a4bc3-746b-4e71-a8de-be2c19597a01 93bb38056ea745e58d50bcc3901de230 fa442ff2038745fc9fdb718ea45a6e11 - - default default] 10.0.0.118 "PUT /v2.0/routers/8896cb11-4a30-458a-a20e-e008da2d822d/add_router_interface HTTP/1.1" status: 200 len: 503 time: 4.3658860
2026-07-10 01:03:25.676 10 INFO neutron.db.ovn_revision_numbers_db [req-fe3c8f29-4bf0-4352-ba87-0cfdda7048c7 req-83eb4101-5b40-4621-8968-60637ff4dce6 eb9c6f445da9476b88980ddba5d0d641 e9f14b012a984f4e8756ebecf29a4bab - - default default] Successfully bumped revision number for resource 84b44ba4-f828-4dfb-bc28-3ec68845621d (type: security_group_rules) to 0
2026-07-10 01:03:25.714 10 INFO neutron.wsgi [req-fe3c8f29-4bf0-4352-ba87-0cfdda7048c7 req-83eb4101-5b40-4621-8968-60637ff4dce6 eb9c6f445da9476b88980ddba5d0d641 e9f14b012a984f4e8756ebecf29a4bab - - default default] 10.0.0.102 "POST /v2.0/security-groups HTTP/1.1" status: 201 len: 1825 time: 0.4835436
2026-07-10 01:03:25.785 9 INFO neutron.wsgi [req-bd4e80dd-bdc6-4d19-b2fe-eac6c4d5e9bf req-7b28d20e-4f9e-4b29-8ddf-a50b105bd2d7 eb9c6f445da9476b88980ddba5d0d641 e9f14b012a984f4e8756ebecf29a4bab - - default default] 10.0.0.102 "GET /v2.0/security-groups/4f711e2b-89eb-4599-8aff-243f96978514 HTTP/1.1" status: 200 len: 1820 time: 0.0394690
2026-07-10 01:03:25.808 9 WARNING neutron_lib.context [req-bd4e80dd-bdc6-4d19-b2fe-eac6c4d5e9bf req-bb92c893-2dca-4f3a-8a8f-5bf53b8072f0 eb9c6f445da9476b88980ddba5d0d641 e9f14b012a984f4e8756ebecf29a4bab - - default default] Method 'is_advsvc' is deprecated since 2023.2 release (neutron-lib 3.8.0) and will be removed once support for the old RBAC API policies will be removed from Neutron. Please use method 'is_service_role' instead.
2026-07-10 01:03:25.942 9 INFO neutron.db.ovn_revision_numbers_db [req-bd4e80dd-bdc6-4d19-b2fe-eac6c4d5e9bf req-bb92c893-2dca-4f3a-8a8f-5bf53b8072f0 eb9c6f445da9476b88980ddba5d0d641 e9f14b012a984f4e8756ebecf29a4bab - - default default] Successfully bumped revision number for resource 61f4a6e1-0481-4085-b5be-7aeb832770ef (type: security_group_rules) to 0
2026-07-10 01:03:25.968 9 INFO neutron.wsgi [req-bd4e80dd-bdc6-4d19-b2fe-eac6c4d5e9bf req-bb92c893-2dca-4f3a-8a8f-5bf53b8072f0 eb9c6f445da9476b88980ddba5d0d641 e9f14b012a984f4e8756ebecf29a4bab - - default default] 10.0.0.102 "POST /v2.0/security-group-rules HTTP/1.1" status: 201 len: 786 time: 0.1707761
2026-07-10 01:03:26.108 10 INFO neutron.wsgi [req-5b013f53-5d48-485a-ad4b-317a2d7e9f35 req-6613bfdc-f3c2-4ea1-9b83-973becb77e3d eb9c6f445da9476b88980ddba5d0d641 e9f14b012a984f4e8756ebecf29a4bab - - default default] 10.0.0.102 "GET /v2.0/security-groups/4f711e2b-89eb-4599-8aff-243f96978514 HTTP/1.1" status: 200 len: 2413 time: 0.0680203
2026-07-10 01:03:26.125 10 WARNING neutron_lib.context [req-5b013f53-5d48-485a-ad4b-317a2d7e9f35 req-84bf76d7-4bb0-4d24-b232-bc4fc938246c eb9c6f445da9476b88980ddba5d0d641 e9f14b012a984f4e8756ebecf29a4bab - - default default] Method 'is_advsvc' is deprecated since 2023.2 release (neutron-lib 3.8.0) and will be removed once support for the old RBAC API policies will be removed from Neutron. Please use method 'is_service_role' instead.
2026-07-10 01:03:26.145 10 INFO neutron.db.ovn_revision_numbers_db [None req-224b0a3f-7556-4be8-a4a7-6d6b66d31ce3 - - - - - -] Successfully bumped revision number for resource 13df04ba-9346-41dd-b5c1-d6cfdba080cd (type: ports) to 1
2026-07-10 01:03:26.228 9 WARNING neutron_lib.context [None req-0ecbf971-f5c5-40b3-8150-9d41751c839f 0b5984f755bd48299531fd6d59519688 f669c275b2774ae18109236667f0f59a - - default default] Method 'is_advsvc' is deprecated since 2023.2 release (neutron-lib 3.8.0) and will be removed once support for the old RBAC API policies will be removed from Neutron. Please use method 'is_service_role' instead.
2026-07-10 01:03:26.356 9 INFO neutron.db.ovn_revision_numbers_db [None req-0ecbf971-f5c5-40b3-8150-9d41751c839f 0b5984f755bd48299531fd6d59519688 f669c275b2774ae18109236667f0f59a - - default default] Successfully bumped revision number for resource bc3a0cce-8b63-453e-8fcb-22fb486eefe7 (type: security_groups) to 1
2026-07-10 01:03:26.376 9 INFO neutron.db.ovn_revision_numbers_db [None req-0ecbf971-f5c5-40b3-8150-9d41751c839f 0b5984f755bd48299531fd6d59519688 f669c275b2774ae18109236667f0f59a - - default default] Successfully bumped revision number for resource 5d199d4d-3ea3-43dc-82e2-2d3fbbed1819 (type: security_group_rules) to 0
2026-07-10 01:03:26.399 9 INFO neutron.db.ovn_revision_numbers_db [None req-0ecbf971-f5c5-40b3-8150-9d41751c839f 0b5984f755bd48299531fd6d59519688 f669c275b2774ae18109236667f0f59a - - default default] Successfully bumped revision number for resource e6c854ae-808c-4363-b513-7c9845a1d81c (type: security_group_rules) to 0
2026-07-10 01:03:26.440 9 INFO neutron.wsgi [None req-0ecbf971-f5c5-40b3-8150-9d41751c839f 0b5984f755bd48299531fd6d59519688 f669c275b2774ae18109236667f0f59a - - default default] 10.0.0.118 "POST /v2.0/security-groups HTTP/1.1" status: 201 len: 1796 time: 0.2193418
2026-07-10 01:03:26.450 9 WARNING neutron_lib.context [None req-a8207909-4917-454f-8154-cedc5455826d 0b5984f755bd48299531fd6d59519688 f669c275b2774ae18109236667f0f59a - - default default] Method 'is_advsvc' is deprecated since 2023.2 release (neutron-lib 3.8.0) and will be removed once support for the old RBAC API policies will be removed from Neutron. Please use method 'is_service_role' instead.
2026-07-10 01:03:26.475 10 INFO neutron.db.ovn_revision_numbers_db [req-5b013f53-5d48-485a-ad4b-317a2d7e9f35 req-84bf76d7-4bb0-4d24-b232-bc4fc938246c eb9c6f445da9476b88980ddba5d0d641 e9f14b012a984f4e8756ebecf29a4bab - - default default] Successfully bumped revision number for resource e4639b49-7ccc-4bcd-8a6a-66787b5b7be6 (type: security_group_rules) to 0
2026-07-10 01:03:26.525 10 INFO neutron.wsgi [req-5b013f53-5d48-485a-ad4b-317a2d7e9f35 req-84bf76d7-4bb0-4d24-b232-bc4fc938246c eb9c6f445da9476b88980ddba5d0d641 e9f14b012a984f4e8756ebecf29a4bab - - default default] 10.0.0.102 "POST /v2.0/security-group-rules HTTP/1.1" status: 201 len: 791 time: 0.4090691
2026-07-10 01:03:26.617 10 INFO neutron.wsgi [req-01154ccc-bb76-48ae-9515-de815ad557f2 req-ab67d9e7-ea08-4bc5-b7de-a2e602af7c21 eb9c6f445da9476b88980ddba5d0d641 e9f14b012a984f4e8756ebecf29a4bab - - default default] 10.0.0.102 "GET /v2.0/security-groups/4f711e2b-89eb-4599-8aff-243f96978514 HTTP/1.1" status: 200 len: 3011 time: 0.0629265
2026-07-10 01:03:26.649 9 INFO neutron.plugins.ml2.drivers.ovn.mech_driver.ovsdb.ovsdb_monitor [-] Router 7417457d-e71c-4c2b-a4f5-bf214176e084 is bound to host instance
2026-07-10 01:03:26.662 10 INFO neutron.db.ovn_revision_numbers_db [None req-224b0a3f-7556-4be8-a4a7-6d6b66d31ce3 - - - - - -] Successfully bumped revision number for resource 13df04ba-9346-41dd-b5c1-d6cfdba080cd (type: router_ports) to 3
2026-07-10 01:03:26.667 10 INFO neutron.wsgi [req-d69e3536-4275-4268-9161-fff6e6c648dd req-2e099019-18c7-4581-a801-e5fb85f127bf eb9c6f445da9476b88980ddba5d0d641 e9f14b012a984f4e8756ebecf29a4bab - - default default] 10.0.0.102 "GET /v2.0/security-group-rules/e4639b49-7ccc-4bcd-8a6a-66787b5b7be6 HTTP/1.1" status: 200 len: 783 time: 0.0226281
2026-07-10 01:03:26.697 10 INFO neutron.db.ovn_revision_numbers_db [None req-9525ab28-9322-4f15-aa64-51e55e19532a 93bb38056ea745e58d50bcc3901de230 fa442ff2038745fc9fdb718ea45a6e11 - - default default] Successfully bumped revision number for resource 0973cdf1-1d97-423b-97d3-a500751f5b13 (type: router_ports) to 1
2026-07-10 01:03:26.699 9 INFO neutron.db.ovn_revision_numbers_db [None req-a8207909-4917-454f-8154-cedc5455826d 0b5984f755bd48299531fd6d59519688 f669c275b2774ae18109236667f0f59a - - default default] Successfully bumped revision number for resource 9e1a6627-26ee-4475-9ac0-bd2272ad451d (type: security_group_rules) to 0
2026-07-10 01:03:26.715 9 INFO neutron.wsgi [req-2fd8fd12-80bc-4eca-b928-be74cb261d10 req-1f5af8dd-0458-4369-9eb8-72ca4d61bdf5 5e127d43e6db4f24959506b4e448afd6 59dfe1e095a44f048979ffc9a12886f8 - - default default] 10.0.0.102 "GET /v2.0/networks?id=a4c396a4-cba4-471e-ac36-c1319f2c3e09 HTTP/1.1" status: 200 len: 876 time: 0.1503263
2026-07-10 01:03:26.745 9 INFO neutron.wsgi [req-2fd8fd12-80bc-4eca-b928-be74cb261d10 req-5c8c3bf7-2cae-4da4-ad39-1c26048fec00 5e127d43e6db4f24959506b4e448afd6 59dfe1e095a44f048979ffc9a12886f8 - - default default] 10.0.0.102 "GET /v2.0/quotas/59dfe1e095a44f048979ffc9a12886f8 HTTP/1.1" status: 200 len: 386 time: 0.0185816
2026-07-10 01:03:26.751 9 INFO neutron.wsgi [None req-a8207909-4917-454f-8154-cedc5455826d 0b5984f755bd48299531fd6d59519688 f669c275b2774ae18109236667f0f59a - - default default] 10.0.0.118 "POST /v2.0/security-group-rules HTTP/1.1" status: 201 len: 764 time: 0.3069522
2026-07-10 01:03:26.756 10 INFO neutron.wsgi [req-d69e3536-4275-4268-9161-fff6e6c648dd req-09aa1ac5-0658-4eed-b2e0-9936e4b8ef88 eb9c6f445da9476b88980ddba5d0d641 e9f14b012a984f4e8756ebecf29a4bab - - default default] 10.0.0.102 "GET /v2.0/security-groups/4f711e2b-89eb-4599-8aff-243f96978514 HTTP/1.1" status: 200 len: 3011 time: 0.0775831
2026-07-10 01:03:26.764 10 WARNING neutron_lib.context [None req-af531a26-02e6-4835-8241-fdbc4ec19376 0b5984f755bd48299531fd6d59519688 f669c275b2774ae18109236667f0f59a - - default default] Method 'is_advsvc' is deprecated since 2023.2 release (neutron-lib 3.8.0) and will be removed once support for the old RBAC API policies will be removed from Neutron. Please use method 'is_service_role' instead.
2026-07-10 01:03:26.834 10 INFO neutron.db.ovn_revision_numbers_db [None req-9525ab28-9322-4f15-aa64-51e55e19532a 93bb38056ea745e58d50bcc3901de230 fa442ff2038745fc9fdb718ea45a6e11 - - default default] Successfully bumped revision number for resource 7417457d-e71c-4c2b-a4f5-bf214176e084 (type: routers) to 2
2026-07-10 01:03:26.858 10 INFO neutron.wsgi [None req-9525ab28-9322-4f15-aa64-51e55e19532a 93bb38056ea745e58d50bcc3901de230 fa442ff2038745fc9fdb718ea45a6e11 - - default default] 10.0.0.118 "POST /v2.0/routers HTTP/1.1" status: 201 len: 884 time: 2.9463246
2026-07-10 01:03:26.914 9 INFO neutron.wsgi [req-2fd8fd12-80bc-4eca-b928-be74cb261d10 req-8d199854-a9e7-49d8-93ee-0eb56ca1959d 5e127d43e6db4f24959506b4e448afd6 59dfe1e095a44f048979ffc9a12886f8 - - default default] 10.0.0.102 "GET /v2.0/ports?tenant_id=59dfe1e095a44f048979ffc9a12886f8&fields=id HTTP/1.1" status: 200 len: 302 time: 0.1616292
2026-07-10 01:03:27.007 10 INFO neutron.db.ovn_revision_numbers_db [None req-224b0a3f-7556-4be8-a4a7-6d6b66d31ce3 - - - - - -] Successfully bumped revision number for resource 13df04ba-9346-41dd-b5c1-d6cfdba080cd (type: ports) to 2
2026-07-10 01:03:27.313 9 INFO neutron.db.ovn_revision_numbers_db [None req-2a8feab5-d5d5-4fe5-bdd3-4fd2c462b3ee - - - - - -] Successfully bumped revision number for resource 0973cdf1-1d97-423b-97d3-a500751f5b13 (type: ports) to 1
2026-07-10 01:03:27.345 9 INFO neutron.wsgi [req-2fd8fd12-80bc-4eca-b928-be74cb261d10 req-4a0d0be9-9f1f-4c1f-8f00-0312561e4066 eb79f73c0f5749aab82ee27bf96dbe94 3b569ebf686d4c2893016419eb686d2c - - a51fbe806b724e22ac39c240f7703ce0 a51fbe806b724e22ac39c240f7703ce0] 10.0.0.102 "GET /v2.0/extensions HTTP/1.1" status: 200 len: 16980 time: 0.0754647
2026-07-10 01:03:27.382 10 WARNING neutron.plugins.ml2.drivers.ovn.mech_driver.ovsdb.ovn_client [None req-403480fb-0e4d-483a-a84d-faaafbc93f29 - - - - - -] No hosting information found for port cc16a327-edae-4c31-9a2e-310d3d1a4ab0: RuntimeError: No hosting information found for port cc16a327-edae-4c31-9a2e-310d3d1a4ab0
2026-07-10 01:03:27.382 10 INFO neutron.plugins.ml2.drivers.ovn.mech_driver.mech_driver [None req-403480fb-0e4d-483a-a84d-faaafbc93f29 - - - - - -] OVN reports status up for port: 13df04ba-9346-41dd-b5c1-d6cfdba080cd
2026-07-10 01:03:27.408 10 INFO neutron.plugins.ml2.plugin [None req-403480fb-0e4d-483a-a84d-faaafbc93f29 - - - - - -] Attempt 1 to provision port 13df04ba-9346-41dd-b5c1-d6cfdba080cd
2026-07-10 01:03:27.416 10 INFO neutron.db.ovn_revision_numbers_db [None req-af531a26-02e6-4835-8241-fdbc4ec19376 0b5984f755bd48299531fd6d59519688 f669c275b2774ae18109236667f0f59a - - default default] Successfully bumped revision number for resource 237e1e75-290c-4ece-8418-5912c28c9008 (type: security_group_rules) to 0
2026-07-10 01:03:27.434 10 INFO neutron.wsgi [req-d69e3536-4275-4268-9161-fff6e6c648dd req-0748296b-565d-487f-b61e-86ec5663df6c eb9c6f445da9476b88980ddba5d0d641 e9f14b012a984f4e8756ebecf29a4bab - - default default] 10.0.0.102 "DELETE /v2.0/security-group-rules/e4639b49-7ccc-4bcd-8a6a-66787b5b7be6 HTTP/1.1" status: 204 len: 173 time: 0.6646416
2026-07-10 01:03:27.457 9 INFO neutron.wsgi [req-2fd8fd12-80bc-4eca-b928-be74cb261d10 req-db8536d6-7065-46dd-b3cc-52720916a90c eb79f73c0f5749aab82ee27bf96dbe94 3b569ebf686d4c2893016419eb686d2c - - a51fbe806b724e22ac39c240f7703ce0 a51fbe806b724e22ac39c240f7703ce0] 10.0.0.102 "GET /v2.0/networks/a4c396a4-cba4-471e-ac36-c1319f2c3e09?fields=segments HTTP/1.1" status: 200 len: 212 time: 0.1024895
2026-07-10 01:03:27.483 10 INFO neutron.wsgi [None req-af531a26-02e6-4835-8241-fdbc4ec19376 0b5984f755bd48299531fd6d59519688 f669c275b2774ae18109236667f0f59a - - default default] 10.0.0.118 "POST /v2.0/security-group-rules HTTP/1.1" status: 201 len: 769 time: 0.7243407
2026-07-10 01:03:27.502 10 WARNING neutron_lib.context [None req-6e2b5963-2648-47c0-b04b-315ac7c30757 0b5984f755bd48299531fd6d59519688 f669c275b2774ae18109236667f0f59a - - default default] Method 'is_advsvc' is deprecated since 2023.2 release (neutron-lib 3.8.0) and will be removed once support for the old RBAC API policies will be removed from Neutron. Please use method 'is_service_role' instead.
2026-07-10 01:03:27.541 10 INFO neutron.wsgi [req-79ffa8a0-b7d0-477d-af3e-8c5bd6caf0de req-9f693168-2d82-41db-9557-0da47e8e39f7 eb9c6f445da9476b88980ddba5d0d641 e9f14b012a984f4e8756ebecf29a4bab - - default default] 10.0.0.102 "GET /v2.0/security-groups/4f711e2b-89eb-4599-8aff-243f96978514 HTTP/1.1" status: 200 len: 2413 time: 0.0812893
2026-07-10 01:03:27.709 10 INFO neutron.plugins.ml2.drivers.ovn.mech_driver.mech_driver [None req-403480fb-0e4d-483a-a84d-faaafbc93f29 - - - - - -] OVN reports status up for port: 0973cdf1-1d97-423b-97d3-a500751f5b13
2026-07-10 01:03:27.727 9 INFO neutron.wsgi [req-2fd8fd12-80bc-4eca-b928-be74cb261d10 req-52104c32-78eb-4da4-a4e2-feff44ec19e1 eb79f73c0f5749aab82ee27bf96dbe94 3b569ebf686d4c2893016419eb686d2c - - a51fbe806b724e22ac39c240f7703ce0 a51fbe806b724e22ac39c240f7703ce0] 10.0.0.102 "GET /v2.0/networks/a4c396a4-cba4-471e-ac36-c1319f2c3e09?fields=provider%3Aphysical_network&fields=provider%3Anetwork_type HTTP/1.1" status: 200 len: 277 time: 0.2601736
2026-07-10 01:03:27.741 10 INFO neutron.plugins.ml2.plugin [None req-403480fb-0e4d-483a-a84d-faaafbc93f29 - - - - - -] Attempt 1 to provision port 0973cdf1-1d97-423b-97d3-a500751f5b13
2026-07-10 01:03:27.769 9 INFO neutron.db.ovn_revision_numbers_db [None req-2a8feab5-d5d5-4fe5-bdd3-4fd2c462b3ee - - - - - -] Successfully bumped revision number for resource 0973cdf1-1d97-423b-97d3-a500751f5b13 (type: router_ports) to 3
2026-07-10 01:03:27.972 9 INFO neutron.wsgi [req-f89752f3-2eba-459f-bc50-b6b7e942cd60 req-86214881-3b9e-49d2-b02a-ad9f6e45dc10 5e127d43e6db4f24959506b4e448afd6 59dfe1e095a44f048979ffc9a12886f8 - - default default] 10.0.0.102 "GET /v2.0/ports?device_id=337a0ab4-344e-4603-afaf-7ec650571a23 HTTP/1.1" status: 200 len: 210 time: 0.0572078
2026-07-10 01:03:27.991 9 INFO neutron.db.ovn_revision_numbers_db [None req-2a8feab5-d5d5-4fe5-bdd3-4fd2c462b3ee - - - - - -] Successfully bumped revision number for resource 0973cdf1-1d97-423b-97d3-a500751f5b13 (type: ports) to 2
2026-07-10 01:03:28.013 10 INFO neutron.db.ovn_revision_numbers_db [None req-224b0a3f-7556-4be8-a4a7-6d6b66d31ce3 - - - - - -] Successfully bumped revision number for resource 13df04ba-9346-41dd-b5c1-d6cfdba080cd (type: ports) to 4
2026-07-10 01:03:28.051 10 INFO neutron.wsgi [req-79ffa8a0-b7d0-477d-af3e-8c5bd6caf0de req-bf3be48e-e1ce-4c5a-842f-aeb37ff3d8cd eb9c6f445da9476b88980ddba5d0d641 e9f14b012a984f4e8756ebecf29a4bab - - default default] 10.0.0.102 "DELETE /v2.0/security-groups/4f711e2b-89eb-4599-8aff-243f96978514 HTTP/1.1" status: 204 len: 173 time: 0.5008795
2026-07-10 01:03:28.127 9 INFO neutron.wsgi [req-4d7ce02e-661f-4795-8449-aa1a8642c81b req-c5d9704f-ee42-41ca-ada9-32230014ee80 eb9c6f445da9476b88980ddba5d0d641 e9f14b012a984f4e8756ebecf29a4bab - - default default] 10.0.0.102 "GET /v2.0/security-groups/dce9f6e4-ad3a-4911-9acc-ba7c76863952 HTTP/1.1" status: 200 len: 2412 time: 0.0472891
2026-07-10 01:03:28.161 10 WARNING neutron.scheduler.dhcp_agent_scheduler [None req-e2a587b2-7c7d-4d97-bb26-11cd78e94630 93bb38056ea745e58d50bcc3901de230 fa442ff2038745fc9fdb718ea45a6e11 - - default default] No more DHCP agents
2026-07-10 01:03:28.169 10 WARNING neutron.api.rpc.agentnotifiers.dhcp_rpc_agent_api [None req-e2a587b2-7c7d-4d97-bb26-11cd78e94630 93bb38056ea745e58d50bcc3901de230 fa442ff2038745fc9fdb718ea45a6e11 - - default default] Unable to schedule network 7bb4ec3b-b08a-490c-83f5-803698796e5f: no agents available; will retry on subsequent port and subnet creation events.
2026-07-10 01:03:28.240 10 WARNING neutron.scheduler.dhcp_agent_scheduler [None req-6e2b5963-2648-47c0-b04b-315ac7c30757 0b5984f755bd48299531fd6d59519688 f669c275b2774ae18109236667f0f59a - - default default] No more DHCP agents
2026-07-10 01:03:28.245 10 WARNING neutron.api.rpc.agentnotifiers.dhcp_rpc_agent_api [None req-6e2b5963-2648-47c0-b04b-315ac7c30757 0b5984f755bd48299531fd6d59519688 f669c275b2774ae18109236667f0f59a - - default default] Unable to schedule network 101a8863-4512-4686-a02a-9f9ad7fb0755: no agents available; will retry on subsequent port and subnet creation events.
2026-07-10 01:03:28.289 9 INFO neutron.wsgi [req-4d7ce02e-661f-4795-8449-aa1a8642c81b req-056cc044-512b-4737-a335-8550b5a6e472 eb9c6f445da9476b88980ddba5d0d641 e9f14b012a984f4e8756ebecf29a4bab - - default default] 10.0.0.102 "DELETE /v2.0/security-groups/dce9f6e4-ad3a-4911-9acc-ba7c76863952 HTTP/1.1" status: 204 len: 173 time: 0.1573641
2026-07-10 01:03:28.685 10 INFO neutron.db.ovn_revision_numbers_db [None req-224b0a3f-7556-4be8-a4a7-6d6b66d31ce3 - - - - - -] Successfully bumped revision number for resource 13df04ba-9346-41dd-b5c1-d6cfdba080cd (type: router_ports) to 4
2026-07-10 01:03:28.699 10 INFO neutron.db.ovn_revision_numbers_db [None req-403480fb-0e4d-483a-a84d-faaafbc93f29 - - - - - -] Successfully bumped revision number for resource 0973cdf1-1d97-423b-97d3-a500751f5b13 (type: ports) to 4
2026-07-10 01:03:28.709 10 INFO neutron.db.ovn_revision_numbers_db [None req-e2a587b2-7c7d-4d97-bb26-11cd78e94630 93bb38056ea745e58d50bcc3901de230 fa442ff2038745fc9fdb718ea45a6e11 - - default default] Successfully bumped revision number for resource 8fea86a2-9290-4ad2-8c6a-abac387ccf2a (type: ports) to 1
2026-07-10 01:03:29.052 10 INFO neutron.db.ovn_revision_numbers_db [None req-403480fb-0e4d-483a-a84d-faaafbc93f29 - - - - - -] Successfully bumped revision number for resource 0973cdf1-1d97-423b-97d3-a500751f5b13 (type: router_ports) to 4
2026-07-10 01:03:29.134 10 INFO neutron.db.ovn_revision_numbers_db [None req-6e2b5963-2648-47c0-b04b-315ac7c30757 0b5984f755bd48299531fd6d59519688 f669c275b2774ae18109236667f0f59a - - default default] Successfully bumped revision number for resource 660bbab1-9002-425c-8e21-35a783f06d26 (type: floatingips) to 0
2026-07-10 01:03:29.166 10 INFO neutron.wsgi [None req-6e2b5963-2648-47c0-b04b-315ac7c30757 0b5984f755bd48299531fd6d59519688 f669c275b2774ae18109236667f0f59a - - default default] 10.0.0.118 "POST /v2.0/floatingips HTTP/1.1" status: 201 len: 751 time: 1.6737213
2026-07-10 01:03:29.387 9 WARNING neutron.plugins.ml2.drivers.ovn.mech_driver.ovsdb.ovn_client [None req-7f73181f-a88a-4e4c-979b-89ea94793d49 - - - - - -] No hosting information found for port 473c7dae-2835-425b-925c-bfc420c97183: RuntimeError: No hosting information found for port 473c7dae-2835-425b-925c-bfc420c97183
2026-07-10 01:03:29.388 9 INFO neutron.plugins.ml2.drivers.ovn.mech_driver.mech_driver [None req-7f73181f-a88a-4e4c-979b-89ea94793d49 - - - - - -] OVN reports status up for port: b4225150-20fb-4139-ae7d-d80e5afc66c7
2026-07-10 01:03:29.398 9 INFO neutron.plugins.ml2.plugin [None req-7f73181f-a88a-4e4c-979b-89ea94793d49 - - - - - -] Attempt 1 to provision port b4225150-20fb-4139-ae7d-d80e5afc66c7
2026-07-10 01:03:29.495 10 INFO neutron.wsgi [req-335d5efa-59be-43fc-8b4f-e90d9cb34a9f req-f9ba6a0c-c081-4f66-a829-3826c84d1dad 5e127d43e6db4f24959506b4e448afd6 59dfe1e095a44f048979ffc9a12886f8 - - default default] 10.0.0.102 "GET /v2.0/ports?device_id=337a0ab4-344e-4603-afaf-7ec650571a23 HTTP/1.1" status: 200 len: 210 time: 0.2001879
2026-07-10 01:03:29.593 10 INFO neutron.db.ovn_revision_numbers_db [None req-e2a587b2-7c7d-4d97-bb26-11cd78e94630 93bb38056ea745e58d50bcc3901de230 fa442ff2038745fc9fdb718ea45a6e11 - - default default] Successfully bumped revision number for resource 8fea86a2-9290-4ad2-8c6a-abac387ccf2a (type: router_ports) to 1
2026-07-10 01:03:29.751 10 INFO neutron.wsgi [req-2fd8fd12-80bc-4eca-b928-be74cb261d10 req-c91bdb00-88b5-4816-a139-e2792a6110c1 5e127d43e6db4f24959506b4e448afd6 59dfe1e095a44f048979ffc9a12886f8 - - default default] 199.204.45.216 "GET /v2.0/networks?id=a4c396a4-cba4-471e-ac36-c1319f2c3e09 HTTP/1.1" status: 200 len: 876 time: 0.1910138
2026-07-10 01:03:29.771 9 INFO neutron.wsgi [req-e175db85-07a4-46f5-be16-a4b34e7a642a req-d840c737-2eed-4cfe-94b4-fa4f6fc29e30 0b5984f755bd48299531fd6d59519688 f669c275b2774ae18109236667f0f59a - - default default] 10.0.0.102 "GET /v2.0/security-groups?name=tempest-securitygroup--1539452328&fields=id&tenant_id=f669c275b2774ae18109236667f0f59a HTTP/1.1" status: 200 len: 267 time: 0.0805576
2026-07-10 01:03:29.783 10 WARNING neutron_lib.context [req-2fd8fd12-80bc-4eca-b928-be74cb261d10 req-2246f3df-0b87-429c-9667-50c6b021d2a3 5e127d43e6db4f24959506b4e448afd6 59dfe1e095a44f048979ffc9a12886f8 - - default default] Method 'is_advsvc' is deprecated since 2023.2 release (neutron-lib 3.8.0) and will be removed once support for the old RBAC API policies will be removed from Neutron. Please use method 'is_service_role' instead.
2026-07-10 01:03:29.837 10 INFO neutron.db.ovn_revision_numbers_db [None req-e2a587b2-7c7d-4d97-bb26-11cd78e94630 93bb38056ea745e58d50bcc3901de230 fa442ff2038745fc9fdb718ea45a6e11 - - default default] Successfully bumped revision number for resource 8fea86a2-9290-4ad2-8c6a-abac387ccf2a (type: ports) to 1
2026-07-10 01:03:29.935 9 INFO neutron.wsgi [req-e175db85-07a4-46f5-be16-a4b34e7a642a req-90b2b09c-8fd6-47e2-be32-11cfb47f90d7 0b5984f755bd48299531fd6d59519688 f669c275b2774ae18109236667f0f59a - - default default] 10.0.0.102 "GET /v2.0/networks?id=bcb70c46-1aef-4efd-9770-8a44c292722a HTTP/1.1" status: 200 len: 875 time: 0.1534033
2026-07-10 01:03:29.992 9 INFO neutron.wsgi [req-e175db85-07a4-46f5-be16-a4b34e7a642a req-5d47a2dd-163a-4c94-a5ae-0cb75ffd15e5 0b5984f755bd48299531fd6d59519688 f669c275b2774ae18109236667f0f59a - - default default] 10.0.0.102 "GET /v2.0/quotas/f669c275b2774ae18109236667f0f59a HTTP/1.1" status: 200 len: 386 time: 0.0473773
2026-07-10 01:03:29.999 10 WARNING neutron.scheduler.dhcp_agent_scheduler [None req-e2a587b2-7c7d-4d97-bb26-11cd78e94630 93bb38056ea745e58d50bcc3901de230 fa442ff2038745fc9fdb718ea45a6e11 - - default default] No more DHCP agents
2026-07-10 01:03:30.008 10 WARNING neutron.api.rpc.agentnotifiers.dhcp_rpc_agent_api [None req-e2a587b2-7c7d-4d97-bb26-11cd78e94630 93bb38056ea745e58d50bcc3901de230 fa442ff2038745fc9fdb718ea45a6e11 - - default default] Unable to schedule network 7bb4ec3b-b08a-490c-83f5-803698796e5f: no agents available; will retry on subsequent port and subnet creation events.
2026-07-10 01:03:30.102 9 INFO neutron.db.ovn_revision_numbers_db [None req-7f73181f-a88a-4e4c-979b-89ea94793d49 - - - - - -] Successfully bumped revision number for resource b4225150-20fb-4139-ae7d-d80e5afc66c7 (type: ports) to 2
2026-07-10 01:03:30.214 9 INFO neutron.wsgi [req-e175db85-07a4-46f5-be16-a4b34e7a642a req-819a3a5a-4c16-483f-8fbb-2c1772359757 0b5984f755bd48299531fd6d59519688 f669c275b2774ae18109236667f0f59a - - default default] 10.0.0.102 "GET /v2.0/ports?tenant_id=f669c275b2774ae18109236667f0f59a&fields=id HTTP/1.1" status: 200 len: 302 time: 0.2131023
2026-07-10 01:03:30.275 9 INFO neutron.db.ovn_revision_numbers_db [None req-7f73181f-a88a-4e4c-979b-89ea94793d49 - - - - - -] Successfully bumped revision number for resource b4225150-20fb-4139-ae7d-d80e5afc66c7 (type: router_ports) to 2
2026-07-10 01:03:30.331 9 INFO neutron.wsgi [None req-67c4e3e0-392d-4d15-8697-62f6a59b8644 93bb38056ea745e58d50bcc3901de230 fa442ff2038745fc9fdb718ea45a6e11 - - default default] 10.0.0.118 "PUT /v2.0/routers/479613eb-0d5b-4337-ba1a-4df0923d8776/remove_router_interface HTTP/1.1" status: 200 len: 503 time: 2.0332537
2026-07-10 01:03:30.345 9 INFO neutron.wsgi [req-e175db85-07a4-46f5-be16-a4b34e7a642a req-bbf4efd9-2542-4cb5-bf71-45b908b787c7 eb79f73c0f5749aab82ee27bf96dbe94 3b569ebf686d4c2893016419eb686d2c - - a51fbe806b724e22ac39c240f7703ce0 a51fbe806b724e22ac39c240f7703ce0] 10.0.0.102 "GET /v2.0/networks/bcb70c46-1aef-4efd-9770-8a44c292722a?fields=segments HTTP/1.1" status: 200 len: 212 time: 0.1152337 /var/lib/openstack/lib/python3.10/site-packages/pycadf/identifier.py:71: UserWarning: Invalid uuid: neutron. To ensure interoperability, identifiers should be a valid uuid. warnings.warn(('Invalid uuid: %s. To ensure interoperability, '
2026-07-10 01:03:30.413 9 INFO neutron.wsgi [req-e175db85-07a4-46f5-be16-a4b34e7a642a req-eb929a1d-fdcf-4849-89e1-37425e5b26e7 eb79f73c0f5749aab82ee27bf96dbe94 3b569ebf686d4c2893016419eb686d2c - - a51fbe806b724e22ac39c240f7703ce0 a51fbe806b724e22ac39c240f7703ce0] 10.0.0.102 "GET /v2.0/networks/bcb70c46-1aef-4efd-9770-8a44c292722a?fields=provider%3Aphysical_network&fields=provider%3Anetwork_type HTTP/1.1" status: 200 len: 277 time: 0.0575840
2026-07-10 01:03:30.418 9 INFO neutron.wsgi [-] 10.0.0.27 "GET / HTTP/1.1" status: 200 len: 247 time: 0.0015936
2026-07-10 01:03:30.420 9 INFO neutron.wsgi [-] 10.0.0.27 "GET / HTTP/1.1" status: 200 len: 247 time: 0.0012851
2026-07-10 01:03:30.430 10 WARNING neutron.scheduler.dhcp_agent_scheduler [req-2fd8fd12-80bc-4eca-b928-be74cb261d10 req-2246f3df-0b87-429c-9667-50c6b021d2a3 5e127d43e6db4f24959506b4e448afd6 59dfe1e095a44f048979ffc9a12886f8 - - default default] No more DHCP agents
2026-07-10 01:03:30.438 10 WARNING neutron.api.rpc.agentnotifiers.dhcp_rpc_agent_api [req-2fd8fd12-80bc-4eca-b928-be74cb261d10 req-2246f3df-0b87-429c-9667-50c6b021d2a3 5e127d43e6db4f24959506b4e448afd6 59dfe1e095a44f048979ffc9a12886f8 - - default default] Unable to schedule network a4c396a4-cba4-471e-ac36-c1319f2c3e09: no agents available; will retry on subsequent port and subnet creation events.
2026-07-10 01:03:30.609 9 INFO neutron.wsgi [req-4ac63d08-89b7-4b09-b1d3-1a0506c8e36d req-536482b3-477b-422b-8b9a-a2cc1349a6fe 0b5984f755bd48299531fd6d59519688 f669c275b2774ae18109236667f0f59a - - default default] 10.0.0.102 "GET /v2.0/ports?device_id=4d8c20c3-a1e5-41b3-9ca8-2364c3bf388a HTTP/1.1" status: 200 len: 210 time: 0.0229909 /var/lib/openstack/lib/python3.10/site-packages/pycadf/identifier.py:71: UserWarning: Invalid uuid: neutron. To ensure interoperability, identifiers should be a valid uuid. warnings.warn(('Invalid uuid: %s. To ensure interoperability, '
2026-07-10 01:03:30.905 10 INFO neutron.wsgi [req-92868ad2-8282-4b90-9539-dc399dd59f35 req-c7ae5b16-a886-401d-a47a-52d268283684 5e127d43e6db4f24959506b4e448afd6 59dfe1e095a44f048979ffc9a12886f8 - - default default] 10.0.0.102 "GET /v2.0/ports?device_id=337a0ab4-344e-4603-afaf-7ec650571a23 HTTP/1.1" status: 200 len: 1160 time: 0.2511451
2026-07-10 01:03:30.942 10 INFO neutron.db.ovn_revision_numbers_db [req-2fd8fd12-80bc-4eca-b928-be74cb261d10 req-2246f3df-0b87-429c-9667-50c6b021d2a3 5e127d43e6db4f24959506b4e448afd6 59dfe1e095a44f048979ffc9a12886f8 - - default default] Successfully bumped revision number for resource 965db179-6b20-4f5e-a3a5-fbd298d1a51d (type: ports) to 1
2026-07-10 01:03:30.992 10 INFO neutron.wsgi [req-2fd8fd12-80bc-4eca-b928-be74cb261d10 req-2246f3df-0b87-429c-9667-50c6b021d2a3 5e127d43e6db4f24959506b4e448afd6 59dfe1e095a44f048979ffc9a12886f8 - - default default] 199.204.45.216 "POST /v2.0/ports HTTP/1.1" status: 201 len: 1162 time: 1.2162826
2026-07-10 01:03:30.996 10 INFO neutron.wsgi [req-92868ad2-8282-4b90-9539-dc399dd59f35 req-68c076bd-abc3-4875-8d47-83a46de83c8e 5e127d43e6db4f24959506b4e448afd6 59dfe1e095a44f048979ffc9a12886f8 - - default default] 10.0.0.102 "GET /v2.0/security-groups?id=238c1a14-0e61-45e4-a00d-f49d22e5b320&fields=id&fields=name HTTP/1.1" status: 200 len: 286 time: 0.0764987
2026-07-10 01:03:31.022 10 INFO neutron.wsgi [req-2fd8fd12-80bc-4eca-b928-be74cb261d10 req-4c8149cd-aa25-410c-a500-044b51d962ac 5e127d43e6db4f24959506b4e448afd6 59dfe1e095a44f048979ffc9a12886f8 - - default default] 199.204.45.216 "GET /v2.0/extensions HTTP/1.1" status: 200 len: 16980 time: 0.0221043
2026-07-10 01:03:31.627 9 INFO neutron.wsgi [req-e175db85-07a4-46f5-be16-a4b34e7a642a req-8b0313e1-e9f2-4dd2-b5d0-811f1f69aa1d 0b5984f755bd48299531fd6d59519688 f669c275b2774ae18109236667f0f59a - - default default] 199.204.45.216 "GET /v2.0/networks?id=bcb70c46-1aef-4efd-9770-8a44c292722a HTTP/1.1" status: 200 len: 875 time: 0.0949190
2026-07-10 01:03:31.682 10 INFO neutron.db.ovn_revision_numbers_db [None req-e2a587b2-7c7d-4d97-bb26-11cd78e94630 93bb38056ea745e58d50bcc3901de230 fa442ff2038745fc9fdb718ea45a6e11 - - default default] Successfully bumped revision number for resource 8fea86a2-9290-4ad2-8c6a-abac387ccf2a (type: router_ports) to 1
2026-07-10 01:03:31.684 10 INFO neutron.wsgi [None req-e2a587b2-7c7d-4d97-bb26-11cd78e94630 93bb38056ea745e58d50bcc3901de230 fa442ff2038745fc9fdb718ea45a6e11 - - default default] 10.0.0.118 "PUT /v2.0/routers/7417457d-e71c-4c2b-a4f5-bf214176e084/add_router_interface HTTP/1.1" status: 200 len: 503 time: 4.8167596
2026-07-10 01:03:31.686 9 INFO neutron.wsgi [req-e175db85-07a4-46f5-be16-a4b34e7a642a req-d11cfab7-6007-4a22-a3dc-2dccca70c300 0b5984f755bd48299531fd6d59519688 f669c275b2774ae18109236667f0f59a - - default default] 199.204.45.216 "GET /v2.0/security-groups?fields=id&fields=name&tenant_id=f669c275b2774ae18109236667f0f59a HTTP/1.1" status: 200 len: 380 time: 0.0522091
2026-07-10 01:03:31.699 9 WARNING neutron_lib.context [req-e175db85-07a4-46f5-be16-a4b34e7a642a req-5e5f6975-6855-4f62-9dd3-909acad108ef 0b5984f755bd48299531fd6d59519688 f669c275b2774ae18109236667f0f59a - - default default] Method 'is_advsvc' is deprecated since 2023.2 release (neutron-lib 3.8.0) and will be removed once support for the old RBAC API policies will be removed from Neutron. Please use method 'is_service_role' instead.
2026-07-10 01:03:31.781 9 INFO neutron.wsgi [req-fde6cea4-3cde-4a62-bb1c-c7a74f5266bd req-412e0742-b014-4c6c-b5d1-3981673e9437 0b5984f755bd48299531fd6d59519688 f669c275b2774ae18109236667f0f59a - - default default] 10.0.0.102 "GET /v2.0/ports?device_id=4d8c20c3-a1e5-41b3-9ca8-2364c3bf388a HTTP/1.1" status: 200 len: 210 time: 0.0312090 /var/lib/openstack/lib/python3.10/site-packages/pycadf/identifier.py:71: UserWarning: Invalid uuid: neutron. To ensure interoperability, identifiers should be a valid uuid. warnings.warn(('Invalid uuid: %s. To ensure interoperability, '
2026-07-10 01:03:32.220 10 INFO neutron.wsgi [req-54d759dd-08dc-4096-8b53-c6b357af22de req-66500838-d379-4aea-b3c9-6437977c6944 5e127d43e6db4f24959506b4e448afd6 59dfe1e095a44f048979ffc9a12886f8 - - default default] 10.0.0.102 "GET /v2.0/ports?device_id=337a0ab4-344e-4603-afaf-7ec650571a23 HTTP/1.1" status: 200 len: 1172 time: 0.1228092
2026-07-10 01:03:32.227 10 INFO neutron.wsgi [None req-7f137d24-c165-42b0-ae7e-fe05124bc396 93bb38056ea745e58d50bcc3901de230 fa442ff2038745fc9fdb718ea45a6e11 - - default default] 10.0.0.118 "DELETE /v2.0/routers/479613eb-0d5b-4337-ba1a-4df0923d8776 HTTP/1.1" status: 204 len: 168 time: 1.8891826
2026-07-10 01:03:32.289 10 INFO neutron.wsgi [req-54d759dd-08dc-4096-8b53-c6b357af22de req-375cdc86-f71e-4e7d-b760-31c364c302f4 5e127d43e6db4f24959506b4e448afd6 59dfe1e095a44f048979ffc9a12886f8 - - default default] 10.0.0.102 "GET /v2.0/security-groups?id=238c1a14-0e61-45e4-a00d-f49d22e5b320&fields=id&fields=name HTTP/1.1" status: 200 len: 286 time: 0.0610597 /var/lib/openstack/lib/python3.10/site-packages/pycadf/identifier.py:71: UserWarning: Invalid uuid: neutron. To ensure interoperability, identifiers should be a valid uuid. warnings.warn(('Invalid uuid: %s. To ensure interoperability, '
2026-07-10 01:03:32.346 9 WARNING neutron_lib.context [None req-cc8e54ae-bfc9-422d-8803-5fcccfefb5f0 aac9d773b03a4422acf419a4be3088ac b1dcc003ac42465da2c9e27489b85322 - - default default] Method 'is_advsvc' is deprecated since 2023.2 release (neutron-lib 3.8.0) and will be removed once support for the old RBAC API policies will be removed from Neutron. Please use method 'is_service_role' instead.
2026-07-10 01:03:32.373 10 INFO neutron.db.ovn_revision_numbers_db [req-2fd8fd12-80bc-4eca-b928-be74cb261d10 req-4edccc4a-751b-4450-8f73-d8cec34c9feb eb79f73c0f5749aab82ee27bf96dbe94 3b569ebf686d4c2893016419eb686d2c - - a51fbe806b724e22ac39c240f7703ce0 a51fbe806b724e22ac39c240f7703ce0] Successfully bumped revision number for resource 965db179-6b20-4f5e-a3a5-fbd298d1a51d (type: ports) to 2
2026-07-10 01:03:32.412 9 WARNING neutron.scheduler.dhcp_agent_scheduler [req-e175db85-07a4-46f5-be16-a4b34e7a642a req-5e5f6975-6855-4f62-9dd3-909acad108ef 0b5984f755bd48299531fd6d59519688 f669c275b2774ae18109236667f0f59a - - default default] No more DHCP agents
2026-07-10 01:03:32.416 9 WARNING neutron.api.rpc.agentnotifiers.dhcp_rpc_agent_api [req-e175db85-07a4-46f5-be16-a4b34e7a642a req-5e5f6975-6855-4f62-9dd3-909acad108ef 0b5984f755bd48299531fd6d59519688 f669c275b2774ae18109236667f0f59a - - default default] Unable to schedule network bcb70c46-1aef-4efd-9770-8a44c292722a: no agents available; will retry on subsequent port and subnet creation events.
2026-07-10 01:03:32.568 9 INFO neutron.wsgi [None req-475c29b4-e3e9-4ca3-b1a8-c8063f7fed85 93bb38056ea745e58d50bcc3901de230 fa442ff2038745fc9fdb718ea45a6e11 - - default default] 10.0.0.118 "DELETE /v2.0/subnets/9f444129-cb66-4048-b971-36abfe5e6bb9 HTTP/1.1" status: 204 len: 168 time: 0.3310604 /var/lib/openstack/lib/python3.10/site-packages/pycadf/identifier.py:71: UserWarning: Invalid uuid: neutron. To ensure interoperability, identifiers should be a valid uuid. warnings.warn(('Invalid uuid: %s. To ensure interoperability, '
2026-07-10 01:03:32.629 9 INFO neutron.db.ovn_revision_numbers_db [None req-cc8e54ae-bfc9-422d-8803-5fcccfefb5f0 aac9d773b03a4422acf419a4be3088ac b1dcc003ac42465da2c9e27489b85322 - - default default] Successfully bumped revision number for resource 524a5f45-8a7a-425b-b9de-ce1d064f2782 (type: security_groups) to 1
2026-07-10 01:03:32.674 10 INFO neutron.db.ovn_revision_numbers_db [req-2fd8fd12-80bc-4eca-b928-be74cb261d10 req-4edccc4a-751b-4450-8f73-d8cec34c9feb eb79f73c0f5749aab82ee27bf96dbe94 3b569ebf686d4c2893016419eb686d2c - - a51fbe806b724e22ac39c240f7703ce0 a51fbe806b724e22ac39c240f7703ce0] Successfully bumped revision number for resource 965db179-6b20-4f5e-a3a5-fbd298d1a51d (type: ports) to 2
2026-07-10 01:03:32.697 9 INFO neutron.db.ovn_revision_numbers_db [None req-cc8e54ae-bfc9-422d-8803-5fcccfefb5f0 aac9d773b03a4422acf419a4be3088ac b1dcc003ac42465da2c9e27489b85322 - - default default] Successfully bumped revision number for resource 2306f7ef-d0c4-4535-9fd4-d6ef0f823be9 (type: security_group_rules) to 0
2026-07-10 01:03:32.737 9 INFO neutron.db.ovn_revision_numbers_db [req-e175db85-07a4-46f5-be16-a4b34e7a642a req-5e5f6975-6855-4f62-9dd3-909acad108ef 0b5984f755bd48299531fd6d59519688 f669c275b2774ae18109236667f0f59a - - default default] Successfully bumped revision number for resource 56eeef4f-adb2-4bcd-8663-bbc494f24747 (type: ports) to 1
2026-07-10 01:03:32.741 9 INFO neutron.db.ovn_revision_numbers_db [None req-cc8e54ae-bfc9-422d-8803-5fcccfefb5f0 aac9d773b03a4422acf419a4be3088ac b1dcc003ac42465da2c9e27489b85322 - - default default] Successfully bumped revision number for resource bfbaca03-1aca-4dc0-a2fc-55164d563205 (type: security_group_rules) to 0
2026-07-10 01:03:32.752 10 INFO neutron.wsgi [req-2fd8fd12-80bc-4eca-b928-be74cb261d10 req-4edccc4a-751b-4450-8f73-d8cec34c9feb eb79f73c0f5749aab82ee27bf96dbe94 3b569ebf686d4c2893016419eb686d2c - - a51fbe806b724e22ac39c240f7703ce0 a51fbe806b724e22ac39c240f7703ce0] 199.204.45.216 "PUT /v2.0/ports/965db179-6b20-4f5e-a3a5-fbd298d1a51d HTTP/1.1" status: 200 len: 1380 time: 1.3834653
2026-07-10 01:03:32.771 9 INFO neutron.wsgi [None req-cc8e54ae-bfc9-422d-8803-5fcccfefb5f0 aac9d773b03a4422acf419a4be3088ac b1dcc003ac42465da2c9e27489b85322 - - default default] 10.0.0.118 "POST /v2.0/security-groups HTTP/1.1" status: 201 len: 1796 time: 0.4298253
2026-07-10 01:03:32.781 9 INFO neutron.wsgi [req-e175db85-07a4-46f5-be16-a4b34e7a642a req-5e5f6975-6855-4f62-9dd3-909acad108ef 0b5984f755bd48299531fd6d59519688 f669c275b2774ae18109236667f0f59a - - default default] 199.204.45.216 "POST /v2.0/ports HTTP/1.1" status: 201 len: 1158 time: 1.0891542 /var/lib/openstack/lib/python3.10/site-packages/pycadf/identifier.py:71: UserWarning: Invalid uuid: neutron. To ensure interoperability, identifiers should be a valid uuid. warnings.warn(('Invalid uuid: %s. To ensure interoperability, '
2026-07-10 01:03:32.791 10 WARNING neutron_lib.context [None req-ce2db94e-6a7a-45bb-8496-842e929f5a4f aac9d773b03a4422acf419a4be3088ac b1dcc003ac42465da2c9e27489b85322 - - default default] Method 'is_advsvc' is deprecated since 2023.2 release (neutron-lib 3.8.0) and will be removed once support for the old RBAC API policies will be removed from Neutron. Please use method 'is_service_role' instead.
2026-07-10 01:03:32.902 10 INFO neutron.wsgi [req-2fd8fd12-80bc-4eca-b928-be74cb261d10 req-f784d97a-616c-47cd-b9a9-3ce8caf2c967 eb79f73c0f5749aab82ee27bf96dbe94 3b569ebf686d4c2893016419eb686d2c - - a51fbe806b724e22ac39c240f7703ce0 a51fbe806b724e22ac39c240f7703ce0] 199.204.45.216 "GET /v2.0/ports?tenant_id=59dfe1e095a44f048979ffc9a12886f8&device_id=337a0ab4-344e-4603-afaf-7ec650571a23 HTTP/1.1" status: 200 len: 1411 time: 0.0747955
2026-07-10 01:03:32.972 10 INFO neutron.wsgi [req-2fd8fd12-80bc-4eca-b928-be74cb261d10 req-763c3d93-9a74-4dd5-be2b-09ac42610672 eb79f73c0f5749aab82ee27bf96dbe94 3b569ebf686d4c2893016419eb686d2c - - a51fbe806b724e22ac39c240f7703ce0 a51fbe806b724e22ac39c240f7703ce0] 199.204.45.216 "GET /v2.0/floatingips?fixed_ip_address=10.100.0.11&port_id=965db179-6b20-4f5e-a3a5-fbd298d1a51d HTTP/1.1" status: 200 len: 217 time: 0.0444350
2026-07-10 01:03:33.010 10 INFO neutron.wsgi [req-11283009-b9a6-4bb7-bb34-8187acd8230f req-b6ce5617-2ee5-4d0f-9ba8-92fb2761b5b1 0b5984f755bd48299531fd6d59519688 f669c275b2774ae18109236667f0f59a - - default default] 10.0.0.102 "GET /v2.0/ports?device_id=4d8c20c3-a1e5-41b3-9ca8-2364c3bf388a HTTP/1.1" status: 200 len: 1156 time: 0.1482663
2026-07-10 01:03:33.054 10 INFO neutron.wsgi [req-2fd8fd12-80bc-4eca-b928-be74cb261d10 req-4bc28d63-0833-4ce4-a095-6ae381e4040e eb79f73c0f5749aab82ee27bf96dbe94 3b569ebf686d4c2893016419eb686d2c - - a51fbe806b724e22ac39c240f7703ce0 a51fbe806b724e22ac39c240f7703ce0] 199.204.45.216 "GET /v2.0/subnets?id=7fa3719c-d6e2-42d5-a87a-b1743bd84d98 HTTP/1.1" status: 200 len: 870 time: 0.0610414
2026-07-10 01:03:33.059 10 INFO neutron.db.ovn_revision_numbers_db [None req-ce2db94e-6a7a-45bb-8496-842e929f5a4f aac9d773b03a4422acf419a4be3088ac b1dcc003ac42465da2c9e27489b85322 - - default default] Successfully bumped revision number for resource bb916680-5017-4f42-99c4-ea5a0b5ca885 (type: security_group_rules) to 0
2026-07-10 01:03:33.120 10 INFO neutron.wsgi [req-11283009-b9a6-4bb7-bb34-8187acd8230f req-a1137297-4aa8-4b55-a94d-b8a2f8bc02f4 0b5984f755bd48299531fd6d59519688 f669c275b2774ae18109236667f0f59a - - default default] 10.0.0.102 "GET /v2.0/security-groups?id=bc3a0cce-8b63-453e-8fcb-22fb486eefe7&fields=id&fields=name HTTP/1.1" status: 200 len: 313 time: 0.0949934
2026-07-10 01:03:33.122 10 INFO neutron.wsgi [req-2fd8fd12-80bc-4eca-b928-be74cb261d10 req-141728bd-a323-47cf-b36e-cc4a8830a8db eb79f73c0f5749aab82ee27bf96dbe94 3b569ebf686d4c2893016419eb686d2c - - a51fbe806b724e22ac39c240f7703ce0 a51fbe806b724e22ac39c240f7703ce0] 199.204.45.216 "GET /v2.0/ports?network_id=a4c396a4-cba4-471e-ac36-c1319f2c3e09&device_owner=network%3Adhcp HTTP/1.1" status: 200 len: 210 time: 0.0532081
2026-07-10 01:03:33.128 10 INFO neutron.wsgi [None req-ce2db94e-6a7a-45bb-8496-842e929f5a4f aac9d773b03a4422acf419a4be3088ac b1dcc003ac42465da2c9e27489b85322 - - default default] 10.0.0.118 "POST /v2.0/security-group-rules HTTP/1.1" status: 201 len: 764 time: 0.3448892
2026-07-10 01:03:33.159 9 WARNING neutron_lib.context [None req-d19956fe-e7a5-4038-963f-9f810b9abd7f aac9d773b03a4422acf419a4be3088ac b1dcc003ac42465da2c9e27489b85322 - - default default] Method 'is_advsvc' is deprecated since 2023.2 release (neutron-lib 3.8.0) and will be removed once support for the old RBAC API policies will be removed from Neutron. Please use method 'is_service_role' instead.
2026-07-10 01:03:33.213 10 INFO neutron.wsgi [req-2fd8fd12-80bc-4eca-b928-be74cb261d10 req-f0bc531e-d62b-40e4-9616-563e0a238585 eb79f73c0f5749aab82ee27bf96dbe94 3b569ebf686d4c2893016419eb686d2c - - a51fbe806b724e22ac39c240f7703ce0 a51fbe806b724e22ac39c240f7703ce0] 199.204.45.216 "GET /v2.0/networks/a4c396a4-cba4-471e-ac36-c1319f2c3e09?fields=segments HTTP/1.1" status: 200 len: 212 time: 0.0779390
2026-07-10 01:03:33.257 9 INFO neutron.wsgi [None req-d4d16e0b-736e-4f96-8040-5dc529fc07a2 93bb38056ea745e58d50bcc3901de230 fa442ff2038745fc9fdb718ea45a6e11 - - default default] 10.0.0.118 "DELETE /v2.0/networks/33e08325-fd1d-4ec4-a3a6-8fdaba09278e HTTP/1.1" status: 204 len: 168 time: 0.6816299
2026-07-10 01:03:33.284 10 INFO neutron.wsgi [req-2fd8fd12-80bc-4eca-b928-be74cb261d10 req-14fcc5e1-eadf-403b-874c-f1bbdfaecccb eb79f73c0f5749aab82ee27bf96dbe94 3b569ebf686d4c2893016419eb686d2c - - a51fbe806b724e22ac39c240f7703ce0 a51fbe806b724e22ac39c240f7703ce0] 199.204.45.216 "GET /v2.0/networks/a4c396a4-cba4-471e-ac36-c1319f2c3e09?fields=provider%3Aphysical_network&fields=provider%3Anetwork_type HTTP/1.1" status: 200 len: 277 time: 0.0631700
2026-07-10 01:03:33.396 9 INFO neutron.db.ovn_revision_numbers_db [req-e175db85-07a4-46f5-be16-a4b34e7a642a req-b38b1a2a-92fd-4e67-817c-8739c4409d9f eb79f73c0f5749aab82ee27bf96dbe94 3b569ebf686d4c2893016419eb686d2c - - a51fbe806b724e22ac39c240f7703ce0 a51fbe806b724e22ac39c240f7703ce0] Successfully bumped revision number for resource 56eeef4f-adb2-4bcd-8663-bbc494f24747 (type: ports) to 2 /var/lib/openstack/lib/python3.10/site-packages/pycadf/identifier.py:71: UserWarning: Invalid uuid: neutron. To ensure interoperability, identifiers should be a valid uuid. warnings.warn(('Invalid uuid: %s. To ensure interoperability, '
2026-07-10 01:03:33.441 10 INFO neutron.wsgi [req-58b748c9-96fe-4684-b5b1-6246839ea062 req-e95d5143-223e-4d3d-ae46-7a562a6c342e 5e127d43e6db4f24959506b4e448afd6 59dfe1e095a44f048979ffc9a12886f8 - - default default] 10.0.0.102 "GET /v2.0/ports?device_id=337a0ab4-344e-4603-afaf-7ec650571a23 HTTP/1.1" status: 200 len: 1172 time: 0.0589054
2026-07-10 01:03:33.478 9 INFO neutron.db.ovn_revision_numbers_db [None req-d19956fe-e7a5-4038-963f-9f810b9abd7f aac9d773b03a4422acf419a4be3088ac b1dcc003ac42465da2c9e27489b85322 - - default default] Successfully bumped revision number for resource 747ff0c2-1ec6-4d2a-8f3c-7b7f1ec01c7e (type: security_group_rules) to 0
2026-07-10 01:03:33.485 9 INFO neutron.wsgi [None req-b2ff5a27-1912-45b3-bb9b-56771f6f18c8 93bb38056ea745e58d50bcc3901de230 fa442ff2038745fc9fdb718ea45a6e11 - - default default] 10.0.0.118 "GET /v2.0/security-groups?tenant_id=e9f14b012a984f4e8756ebecf29a4bab&name=default HTTP/1.1" status: 200 len: 2992 time: 0.0657549
2026-07-10 01:03:33.527 9 INFO neutron.wsgi [None req-d19956fe-e7a5-4038-963f-9f810b9abd7f aac9d773b03a4422acf419a4be3088ac b1dcc003ac42465da2c9e27489b85322 - - default default] 10.0.0.118 "POST /v2.0/security-group-rules HTTP/1.1" status: 201 len: 769 time: 0.3840826
2026-07-10 01:03:33.548 9 WARNING neutron_lib.context [None req-d217c231-f5df-434e-97c9-db58bb8dbc94 aac9d773b03a4422acf419a4be3088ac b1dcc003ac42465da2c9e27489b85322 - - default default] Method 'is_advsvc' is deprecated since 2023.2 release (neutron-lib 3.8.0) and will be removed once support for the old RBAC API policies will be removed from Neutron. Please use method 'is_service_role' instead.
2026-07-10 01:03:33.710 10 INFO neutron.notifiers.nova [-] Nova event matching ['req-2898310b-1320-4992-9d28-3480bcd7341e'] response: {'name': 'network-changed', 'server_uuid': '337a0ab4-344e-4603-afaf-7ec650571a23', 'tag': '965db179-6b20-4f5e-a3a5-fbd298d1a51d', 'status': 'completed', 'code': 200}
2026-07-10 01:03:33.739 10 INFO neutron.wsgi [req-58b748c9-96fe-4684-b5b1-6246839ea062 req-a376862a-893e-4dfc-a839-05f885ffc9fb 5e127d43e6db4f24959506b4e448afd6 59dfe1e095a44f048979ffc9a12886f8 - - default default] 10.0.0.102 "GET /v2.0/security-groups?id=238c1a14-0e61-45e4-a00d-f49d22e5b320&fields=id&fields=name HTTP/1.1" status: 200 len: 286 time: 0.2879908
2026-07-10 01:03:33.748 9 INFO neutron.services.segments.plugin [-] Segment 7687182d-9827-453d-82da-b990042825f9 resource provider aggregate not found
2026-07-10 01:03:33.756 9 INFO neutron.services.segments.plugin [-] Segment 7687182d-9827-453d-82da-b990042825f9 resource provider aggregate not found
