2026-07-10 01:06:57.366 9 INFO neutron.db.ovn_revision_numbers_db [None req-96243ace-ea31-48bb-9a0a-af0c388a97b5 93bb38056ea745e58d50bcc3901de230 fa442ff2038745fc9fdb718ea45a6e11 - - default default] Successfully bumped revision number for resource eb492fc8-ed7d-493e-bfc1-d43d37fca7ee (type: security_groups) to 1
2026-07-10 01:06:57.382 9 INFO neutron.wsgi [req-8d00330a-d973-4679-a7b8-2adfb9881fe8 req-b6caa6ce-0488-4bf9-bb5a-ce94f9a61cc4 eb79f73c0f5749aab82ee27bf96dbe94 3b569ebf686d4c2893016419eb686d2c - - a51fbe806b724e22ac39c240f7703ce0 a51fbe806b724e22ac39c240f7703ce0] 199.204.45.216 "GET /v2.0/floatingips?fixed_ip_address=10.100.0.13&port_id=da8174b3-6559-45e2-afd2-21fea5710ec8 HTTP/1.1" status: 200 len: 1060 time: 0.0538595
2026-07-10 01:06:57.388 9 INFO neutron.db.ovn_revision_numbers_db [None req-96243ace-ea31-48bb-9a0a-af0c388a97b5 93bb38056ea745e58d50bcc3901de230 fa442ff2038745fc9fdb718ea45a6e11 - - default default] Successfully bumped revision number for resource b731aff8-c519-4e6e-afa8-cc73b7ed867f (type: security_group_rules) to 0
2026-07-10 01:06:57.419 9 INFO neutron.db.ovn_revision_numbers_db [None req-96243ace-ea31-48bb-9a0a-af0c388a97b5 93bb38056ea745e58d50bcc3901de230 fa442ff2038745fc9fdb718ea45a6e11 - - default default] Successfully bumped revision number for resource c36c872a-a409-42ed-a005-144795c8a441 (type: security_group_rules) to 0
2026-07-10 01:06:57.434 9 INFO neutron.wsgi [req-8d00330a-d973-4679-a7b8-2adfb9881fe8 req-5ffa8c8d-d29e-4420-876c-c6d424a1c579 eb79f73c0f5749aab82ee27bf96dbe94 3b569ebf686d4c2893016419eb686d2c - - a51fbe806b724e22ac39c240f7703ce0 a51fbe806b724e22ac39c240f7703ce0] 199.204.45.216 "GET /v2.0/subnets?id=da4ab57b-5d8c-4b6c-8e1c-a9d77b89ca0a HTTP/1.1" status: 200 len: 865 time: 0.0440300
2026-07-10 01:06:57.448 9 INFO neutron.db.ovn_revision_numbers_db [None req-96243ace-ea31-48bb-9a0a-af0c388a97b5 93bb38056ea745e58d50bcc3901de230 fa442ff2038745fc9fdb718ea45a6e11 - - default default] Successfully bumped revision number for resource ed0ed9d5-2ef8-4d19-823f-968855ec95c9 (type: security_group_rules) to 0
2026-07-10 01:06:57.461 9 INFO neutron.wsgi [req-8d00330a-d973-4679-a7b8-2adfb9881fe8 req-c9cc86bb-32af-4917-8789-ce33ad40d3ef eb79f73c0f5749aab82ee27bf96dbe94 3b569ebf686d4c2893016419eb686d2c - - a51fbe806b724e22ac39c240f7703ce0 a51fbe806b724e22ac39c240f7703ce0] 199.204.45.216 "GET /v2.0/ports?network_id=cb372729-28b9-41e4-9c3b-6a164d9a736d&device_owner=network%3Adhcp HTTP/1.1" status: 200 len: 210 time: 0.0220077
2026-07-10 01:06:57.476 9 INFO neutron.db.ovn_revision_numbers_db [None req-96243ace-ea31-48bb-9a0a-af0c388a97b5 93bb38056ea745e58d50bcc3901de230 fa442ff2038745fc9fdb718ea45a6e11 - - default default] Successfully bumped revision number for resource ef020c29-c680-4c88-b613-e731b389e0b9 (type: security_group_rules) to 0
2026-07-10 01:06:57.521 9 INFO neutron.wsgi [None req-96243ace-ea31-48bb-9a0a-af0c388a97b5 93bb38056ea745e58d50bcc3901de230 fa442ff2038745fc9fdb718ea45a6e11 - - default default] 10.0.0.118 "GET /v2.0/security-groups?tenant_id=4cbbd18006334afc970fc44f3188e213&name=default HTTP/1.1" status: 200 len: 2996 time: 0.3537095
2026-07-10 01:06:57.557 9 INFO neutron.wsgi [req-8d00330a-d973-4679-a7b8-2adfb9881fe8 req-c13c1cac-7860-4ddc-a03c-17c22272aa2b eb79f73c0f5749aab82ee27bf96dbe94 3b569ebf686d4c2893016419eb686d2c - - a51fbe806b724e22ac39c240f7703ce0 a51fbe806b724e22ac39c240f7703ce0] 199.204.45.216 "GET /v2.0/networks/cb372729-28b9-41e4-9c3b-6a164d9a736d?fields=segments HTTP/1.1" status: 200 len: 212 time: 0.0838377
2026-07-10 01:06:57.638 9 INFO neutron.wsgi [req-8d00330a-d973-4679-a7b8-2adfb9881fe8 req-2da157c3-4e8c-4f18-a10a-1c7bccdd6a64 eb79f73c0f5749aab82ee27bf96dbe94 3b569ebf686d4c2893016419eb686d2c - - a51fbe806b724e22ac39c240f7703ce0 a51fbe806b724e22ac39c240f7703ce0] 199.204.45.216 "GET /v2.0/networks/cb372729-28b9-41e4-9c3b-6a164d9a736d?fields=provider%3Aphysical_network&fields=provider%3Anetwork_type HTTP/1.1" status: 200 len: 277 time: 0.0738404
2026-07-10 01:06:57.680 10 WARNING neutron.scheduler.dhcp_agent_scheduler [None req-ac0706de-fe79-488f-9098-7614756218f8 c8746f24182a4ee884c9c02cf921f4d5 21c949944c694522966b208fdc4a4bdd - - default default] No more DHCP agents
2026-07-10 01:06:57.683 10 WARNING neutron.api.rpc.agentnotifiers.dhcp_rpc_agent_api [None req-ac0706de-fe79-488f-9098-7614756218f8 c8746f24182a4ee884c9c02cf921f4d5 21c949944c694522966b208fdc4a4bdd - - default default] Unable to schedule network 49fbddfc-2c6d-4840-be98-e4bdd88ca515: no agents available; will retry on subsequent port and subnet creation events.
2026-07-10 01:06:57.788 9 INFO neutron.wsgi [None req-875e56d0-2dbb-4d16-9dec-05fb6588c45b 93bb38056ea745e58d50bcc3901de230 fa442ff2038745fc9fdb718ea45a6e11 - - default default] 10.0.0.118 "DELETE /v2.0/security-groups/eb492fc8-ed7d-493e-bfc1-d43d37fca7ee HTTP/1.1" status: 204 len: 168 time: 0.2603631
2026-07-10 01:06:57.914 10 INFO neutron.db.ovn_revision_numbers_db [None req-ac0706de-fe79-488f-9098-7614756218f8 c8746f24182a4ee884c9c02cf921f4d5 21c949944c694522966b208fdc4a4bdd - - default default] Successfully bumped revision number for resource 509661cd-a383-4c5e-a36a-10baf8d9db2b (type: ports) to 1
2026-07-10 01:06:57.943 10 INFO neutron.wsgi [None req-ac0706de-fe79-488f-9098-7614756218f8 c8746f24182a4ee884c9c02cf921f4d5 21c949944c694522966b208fdc4a4bdd - - default default] 10.0.0.118 "POST /v2.0/ports HTTP/1.1" status: 201 len: 1146 time: 0.7073715
2026-07-10 01:06:58.373 9 INFO neutron.plugins.ml2.drivers.ovn.mech_driver.mech_driver [None req-7f73181f-a88a-4e4c-979b-89ea94793d49 - - - - - -] OVN reports status up for port: 509661cd-a383-4c5e-a36a-10baf8d9db2b
2026-07-10 01:06:58.395 9 INFO neutron.plugins.ml2.plugin [None req-7f73181f-a88a-4e4c-979b-89ea94793d49 - - - - - -] Attempt 1 to provision port 509661cd-a383-4c5e-a36a-10baf8d9db2b
2026-07-10 01:06:58.421 9 INFO neutron.db.ovn_revision_numbers_db [None req-4087469b-2996-4e6f-8aee-a72facfd6c81 c8746f24182a4ee884c9c02cf921f4d5 21c949944c694522966b208fdc4a4bdd - - default default] Successfully bumped revision number for resource 509661cd-a383-4c5e-a36a-10baf8d9db2b (type: router_ports) to 2
2026-07-10 01:06:58.711 9 INFO neutron.db.ovn_revision_numbers_db [None req-4087469b-2996-4e6f-8aee-a72facfd6c81 c8746f24182a4ee884c9c02cf921f4d5 21c949944c694522966b208fdc4a4bdd - - default default] Successfully bumped revision number for resource 509661cd-a383-4c5e-a36a-10baf8d9db2b (type: ports) to 2
2026-07-10 01:06:59.245 9 INFO neutron.db.ovn_revision_numbers_db [None req-7f73181f-a88a-4e4c-979b-89ea94793d49 - - - - - -] Successfully bumped revision number for resource 509661cd-a383-4c5e-a36a-10baf8d9db2b (type: ports) to 3
2026-07-10 01:06:59.382 9 INFO neutron.db.ovn_revision_numbers_db [None req-7f73181f-a88a-4e4c-979b-89ea94793d49 - - - - - -] Successfully bumped revision number for resource 509661cd-a383-4c5e-a36a-10baf8d9db2b (type: router_ports) to 3
2026-07-10 01:06:59.852 9 INFO neutron.db.ovn_revision_numbers_db [None req-4087469b-2996-4e6f-8aee-a72facfd6c81 c8746f24182a4ee884c9c02cf921f4d5 21c949944c694522966b208fdc4a4bdd - - default default] Successfully bumped revision number for resource 509661cd-a383-4c5e-a36a-10baf8d9db2b (type: ports) to 3
2026-07-10 01:06:59.937 9 WARNING neutron.scheduler.dhcp_agent_scheduler [None req-4087469b-2996-4e6f-8aee-a72facfd6c81 c8746f24182a4ee884c9c02cf921f4d5 21c949944c694522966b208fdc4a4bdd - - default default] No more DHCP agents
2026-07-10 01:06:59.938 9 WARNING neutron.api.rpc.agentnotifiers.dhcp_rpc_agent_api [None req-4087469b-2996-4e6f-8aee-a72facfd6c81 c8746f24182a4ee884c9c02cf921f4d5 21c949944c694522966b208fdc4a4bdd - - default default] Unable to schedule network 49fbddfc-2c6d-4840-be98-e4bdd88ca515: no agents available; will retry on subsequent port and subnet creation events.
2026-07-10 01:07:00.103 9 INFO neutron.db.ovn_revision_numbers_db [None req-4087469b-2996-4e6f-8aee-a72facfd6c81 c8746f24182a4ee884c9c02cf921f4d5 21c949944c694522966b208fdc4a4bdd - - default default] Successfully bumped revision number for resource 509661cd-a383-4c5e-a36a-10baf8d9db2b (type: router_ports) to 3
2026-07-10 01:07:00.106 9 INFO neutron.wsgi [None req-4087469b-2996-4e6f-8aee-a72facfd6c81 c8746f24182a4ee884c9c02cf921f4d5 21c949944c694522966b208fdc4a4bdd - - default default] 10.0.0.118 "PUT /v2.0/routers/6060bc55-b414-48b7-bdec-468923014c2a/add_router_interface HTTP/1.1" status: 200 len: 503 time: 2.1576478 /var/lib/openstack/lib/python3.10/site-packages/pycadf/identifier.py:71: UserWarning: Invalid uuid: neutron. To ensure interoperability, identifiers should be a valid uuid. warnings.warn(('Invalid uuid: %s. To ensure interoperability, '
2026-07-10 01:07:00.149 9 INFO neutron.wsgi [None req-417f7a15-2e11-443b-b97e-5361bf66cb98 c8746f24182a4ee884c9c02cf921f4d5 21c949944c694522966b208fdc4a4bdd - - default default] 10.0.0.118 "GET /v2.0/ports/509661cd-a383-4c5e-a36a-10baf8d9db2b HTTP/1.1" status: 200 len: 1204 time: 0.0370243 /var/lib/openstack/lib/python3.10/site-packages/pycadf/identifier.py:71: UserWarning: Invalid uuid: neutron. To ensure interoperability, identifiers should be a valid uuid. warnings.warn(('Invalid uuid: %s. To ensure interoperability, '
2026-07-10 01:07:00.419 9 INFO neutron.wsgi [-] 10.0.0.27 "GET / HTTP/1.1" status: 200 len: 247 time: 0.0021827
2026-07-10 01:07:00.421 9 INFO neutron.wsgi [-] 10.0.0.27 "GET / HTTP/1.1" status: 200 len: 247 time: 0.0013978
2026-07-10 01:07:00.875 10 INFO neutron.wsgi [None req-8466fa76-7ff3-4423-8997-de3ee9d11959 c8746f24182a4ee884c9c02cf921f4d5 21c949944c694522966b208fdc4a4bdd - - default default] 10.0.0.118 "PUT /v2.0/routers/6060bc55-b414-48b7-bdec-468923014c2a/remove_router_interface HTTP/1.1" status: 200 len: 503 time: 0.7197454
2026-07-10 01:07:01.005 9 INFO neutron.api.v2.resource [None req-e1c9cd48-b39d-4fad-be97-9f602f09b2a1 c8746f24182a4ee884c9c02cf921f4d5 21c949944c694522966b208fdc4a4bdd - - default default] remove_router_interface failed (client error): The resource could not be found.
2026-07-10 01:07:01.007 9 INFO neutron.wsgi [None req-e1c9cd48-b39d-4fad-be97-9f602f09b2a1 c8746f24182a4ee884c9c02cf921f4d5 21c949944c694522966b208fdc4a4bdd - - default default] 10.0.0.118 "PUT /v2.0/routers/6060bc55-b414-48b7-bdec-468923014c2a/remove_router_interface HTTP/1.1" status: 404 len: 398 time: 0.1263163
2026-07-10 01:07:01.043 9 INFO neutron.wsgi [None req-322ace66-e903-4d7a-a6d9-21a3f5284840 c8746f24182a4ee884c9c02cf921f4d5 21c949944c694522966b208fdc4a4bdd - - default default] 10.0.0.118 "GET /v2.0/ports?device_id=6060bc55-b414-48b7-bdec-468923014c2a HTTP/1.1" status: 200 len: 205 time: 0.0289958
2026-07-10 01:07:01.441 9 INFO neutron.wsgi [None req-4aeb7245-26c9-4244-b950-9c2e31152ebe c8746f24182a4ee884c9c02cf921f4d5 21c949944c694522966b208fdc4a4bdd - - default default] 10.0.0.118 "DELETE /v2.0/routers/6060bc55-b414-48b7-bdec-468923014c2a HTTP/1.1" status: 204 len: 168 time: 0.3905981 /var/lib/openstack/lib/python3.10/site-packages/pycadf/identifier.py:71: UserWarning: Invalid uuid: neutron. To ensure interoperability, identifiers should be a valid uuid. warnings.warn(('Invalid uuid: %s. To ensure interoperability, '
2026-07-10 01:07:01.591 9 WARNING neutron_lib.context [None req-9200d151-d26c-4c3b-b54d-1e2da74800c6 6874b795b9194c5293fe41090e1674eb b0664f66323b4efab3cf897816a08190 - - default default] Method 'is_advsvc' is deprecated since 2023.2 release (neutron-lib 3.8.0) and will be removed once support for the old RBAC API policies will be removed from Neutron. Please use method 'is_service_role' instead.
2026-07-10 01:07:01.669 9 INFO neutron.wsgi [None req-9200d151-d26c-4c3b-b54d-1e2da74800c6 6874b795b9194c5293fe41090e1674eb b0664f66323b4efab3cf897816a08190 - - default default] 10.0.0.118 "POST /v2.0/subnetpools HTTP/1.1" status: 201 len: 715 time: 0.3631816
2026-07-10 01:07:01.739 9 INFO neutron.wsgi [None req-69a0b4c3-dda9-4fcc-b85e-643213416f32 6874b795b9194c5293fe41090e1674eb b0664f66323b4efab3cf897816a08190 - - default default] 10.0.0.118 "PUT /v2.0/subnetpools/f33b39fd-06b4-41ab-b071-1f7bedf49c70/tags HTTP/1.1" status: 200 len: 218 time: 0.0636709
2026-07-10 01:07:01.765 10 INFO neutron.wsgi [None req-0a31fb0b-9484-4120-8c45-435ada36a143 c8746f24182a4ee884c9c02cf921f4d5 21c949944c694522966b208fdc4a4bdd - - default default] 10.0.0.118 "DELETE /v2.0/subnets/490440ff-7201-45a9-abf7-323e63ac3973 HTTP/1.1" status: 204 len: 168 time: 0.3166137
2026-07-10 01:07:01.783 9 INFO neutron.wsgi [None req-eb99f440-f4f3-4249-bf5b-285814024196 6874b795b9194c5293fe41090e1674eb b0664f66323b4efab3cf897816a08190 - - default default] 10.0.0.118 "GET /v2.0/subnetpools/f33b39fd-06b4-41ab-b071-1f7bedf49c70/tags HTTP/1.1" status: 200 len: 218 time: 0.0377564
2026-07-10 01:07:01.850 9 INFO neutron.wsgi [None req-6d36acb1-03e3-44b4-9b86-27f0cb8feded 6874b795b9194c5293fe41090e1674eb b0664f66323b4efab3cf897816a08190 - - default default] 10.0.0.118 "PUT /v2.0/subnetpools/f33b39fd-06b4-41ab-b071-1f7bedf49c70/tags/green HTTP/1.1" status: 201 len: 201 time: 0.0622091
2026-07-10 01:07:01.906 9 INFO neutron.wsgi [None req-527e53f1-5f21-42e5-9abb-0394466478a7 6874b795b9194c5293fe41090e1674eb b0664f66323b4efab3cf897816a08190 - - default default] 10.0.0.118 "GET /v2.0/subnetpools/f33b39fd-06b4-41ab-b071-1f7bedf49c70/tags HTTP/1.1" status: 200 len: 227 time: 0.0424819
2026-07-10 01:07:01.965 9 INFO neutron.wsgi [None req-ae3201e0-5f9d-4c2f-827c-5b6b7469104b 6874b795b9194c5293fe41090e1674eb b0664f66323b4efab3cf897816a08190 - - default default] 10.0.0.118 "PUT /v2.0/subnetpools/f33b39fd-06b4-41ab-b071-1f7bedf49c70/tags/red HTTP/1.1" status: 201 len: 201 time: 0.0498230
2026-07-10 01:07:02.002 9 INFO neutron.wsgi [None req-109fb55c-f5cc-48ee-a907-c07cf8f75cd4 6874b795b9194c5293fe41090e1674eb b0664f66323b4efab3cf897816a08190 - - default default] 10.0.0.118 "GET /v2.0/subnetpools/f33b39fd-06b4-41ab-b071-1f7bedf49c70/tags HTTP/1.1" status: 200 len: 227 time: 0.0314090
2026-07-10 01:07:02.116 9 INFO neutron.wsgi [None req-4f0b0c83-f651-4715-a0d5-f030dfd01aad 6874b795b9194c5293fe41090e1674eb b0664f66323b4efab3cf897816a08190 - - default default] 10.0.0.118 "PUT /v2.0/subnetpools/f33b39fd-06b4-41ab-b071-1f7bedf49c70/tags/black.or.white HTTP/1.1" status: 201 len: 201 time: 0.1050513
2026-07-10 01:07:02.204 9 INFO neutron.wsgi [None req-8eada250-cfa4-4e52-ab28-70c94ad6367a 6874b795b9194c5293fe41090e1674eb b0664f66323b4efab3cf897816a08190 - - default default] 10.0.0.118 "GET /v2.0/subnetpools/f33b39fd-06b4-41ab-b071-1f7bedf49c70/tags HTTP/1.1" status: 200 len: 245 time: 0.0828385
2026-07-10 01:07:02.273 9 INFO neutron.wsgi [None req-bd4faf53-5382-4f61-b2f4-274fa7c5c66c 6874b795b9194c5293fe41090e1674eb b0664f66323b4efab3cf897816a08190 - - default default] 10.0.0.118 "PUT /v2.0/subnetpools/f33b39fd-06b4-41ab-b071-1f7bedf49c70/tags HTTP/1.1" status: 200 len: 230 time: 0.0534790
2026-07-10 01:07:02.324 9 INFO neutron.wsgi [None req-e5dfd855-42e6-4ca9-94b2-fd6d0fa01134 6874b795b9194c5293fe41090e1674eb b0664f66323b4efab3cf897816a08190 - - default default] 10.0.0.118 "GET /v2.0/subnetpools/f33b39fd-06b4-41ab-b071-1f7bedf49c70/tags HTTP/1.1" status: 200 len: 230 time: 0.0444126
2026-07-10 01:07:02.343 10 INFO neutron.services.segments.plugin [-] Segment ee9b6dd2-780f-4f71-9b9a-2b8aea30c78d resource provider aggregate not found
2026-07-10 01:07:02.365 10 INFO neutron.services.segments.plugin [-] Segment ee9b6dd2-780f-4f71-9b9a-2b8aea30c78d resource provider aggregate not found
2026-07-10 01:07:02.371 10 INFO neutron.services.segments.plugin [-] Segment ee9b6dd2-780f-4f71-9b9a-2b8aea30c78d resource provider not found; error: Placement Client Error (4xx): {"errors": [{"status": 404, "title": "Not Found", "detail": "The resource could not be found.\n\n No resource provider with uuid ee9b6dd2-780f-4f71-9b9a-2b8aea30c78d found for delete ", "request_id": "req-ea1ee8c3-383f-4aa9-b73c-94111db72cf3"}]}
2026-07-10 01:07:02.379 9 INFO neutron.wsgi [None req-fda5f388-4f0b-47a2-8436-09f344eb3dca 6874b795b9194c5293fe41090e1674eb b0664f66323b4efab3cf897816a08190 - - default default] 10.0.0.118 "GET /v2.0/subnetpools/f33b39fd-06b4-41ab-b071-1f7bedf49c70/tags/red HTTP/1.1" status: 204 len: 168 time: 0.0497079
2026-07-10 01:07:02.388 10 INFO neutron.services.segments.plugin [-] Segment ee9b6dd2-780f-4f71-9b9a-2b8aea30c78d resource provider not found; error: Placement Client Error (4xx): {"errors": [{"status": 404, "title": "Not Found", "detail": "The resource could not be found.\n\n No resource provider with uuid ee9b6dd2-780f-4f71-9b9a-2b8aea30c78d found for delete ", "request_id": "req-96e5d466-97b9-4082-b671-4e97d67527be"}]}
2026-07-10 01:07:02.423 10 INFO neutron.wsgi [None req-484da90f-6745-4c90-88c4-0902a91ba127 c8746f24182a4ee884c9c02cf921f4d5 21c949944c694522966b208fdc4a4bdd - - default default] 10.0.0.118 "DELETE /v2.0/networks/49fbddfc-2c6d-4840-be98-e4bdd88ca515 HTTP/1.1" status: 204 len: 168 time: 0.6496665
2026-07-10 01:07:02.424 9 INFO neutron.api.v2.resource [None req-4f1f728d-a101-4ebe-8124-d6abdd037985 6874b795b9194c5293fe41090e1674eb b0664f66323b4efab3cf897816a08190 - - default default] show failed (client error): The resource could not be found.
2026-07-10 01:07:02.427 9 INFO neutron.wsgi [None req-4f1f728d-a101-4ebe-8124-d6abdd037985 6874b795b9194c5293fe41090e1674eb b0664f66323b4efab3cf897816a08190 - - default default] 10.0.0.118 "GET /v2.0/subnetpools/f33b39fd-06b4-41ab-b071-1f7bedf49c70/tags/green HTTP/1.1" status: 404 len: 299 time: 0.0421877
2026-07-10 01:07:02.438 10 WARNING neutron_lib.context [None req-1a059147-b781-43d4-aa4c-434db6d377c9 c8746f24182a4ee884c9c02cf921f4d5 21c949944c694522966b208fdc4a4bdd - - default default] Method 'is_advsvc' is deprecated since 2023.2 release (neutron-lib 3.8.0) and will be removed once support for the old RBAC API policies will be removed from Neutron. Please use method 'is_service_role' instead.
2026-07-10 01:07:02.485 9 INFO neutron.wsgi [None req-f4e9853e-bf0f-4da2-944f-93916b5415be 6874b795b9194c5293fe41090e1674eb b0664f66323b4efab3cf897816a08190 - - default default] 10.0.0.118 "DELETE /v2.0/subnetpools/f33b39fd-06b4-41ab-b071-1f7bedf49c70/tags/red HTTP/1.1" status: 204 len: 168 time: 0.0537603
2026-07-10 01:07:02.514 10 INFO neutron.wsgi [None req-334ca646-6c0a-4539-8e80-2c6e0721439b 6874b795b9194c5293fe41090e1674eb b0664f66323b4efab3cf897816a08190 - - default default] 10.0.0.118 "GET /v2.0/subnetpools/f33b39fd-06b4-41ab-b071-1f7bedf49c70/tags HTTP/1.1" status: 200 len: 223 time: 0.0229633
2026-07-10 01:07:02.549 10 INFO neutron.db.segments_db [None req-1a059147-b781-43d4-aa4c-434db6d377c9 c8746f24182a4ee884c9c02cf921f4d5 21c949944c694522966b208fdc4a4bdd - - default default] Added segment f1a24ffb-8237-4090-b417-3796129e52dc of type geneve for network a099f0cb-15d6-4959-bcf3-6c0bd48cf2e0
2026-07-10 01:07:02.555 10 INFO neutron.api.v2.resource [None req-2ca5a20d-b9cc-406c-9495-06fb980f884a 6874b795b9194c5293fe41090e1674eb b0664f66323b4efab3cf897816a08190 - - default default] delete failed (client error): The resource could not be found.
2026-07-10 01:07:02.557 10 INFO neutron.wsgi [None req-2ca5a20d-b9cc-406c-9495-06fb980f884a 6874b795b9194c5293fe41090e1674eb b0664f66323b4efab3cf897816a08190 - - default default] 10.0.0.118 "DELETE /v2.0/subnetpools/f33b39fd-06b4-41ab-b071-1f7bedf49c70/tags/green HTTP/1.1" status: 404 len: 299 time: 0.0369523
2026-07-10 01:07:02.614 9 INFO neutron.wsgi [None req-25284e2a-0ec3-4a8e-a280-4bba9a80edee 6874b795b9194c5293fe41090e1674eb b0664f66323b4efab3cf897816a08190 - - default default] 10.0.0.118 "DELETE /v2.0/subnetpools/f33b39fd-06b4-41ab-b071-1f7bedf49c70/tags HTTP/1.1" status: 204 len: 168 time: 0.0483882
2026-07-10 01:07:02.647 9 INFO neutron.wsgi [None req-b2761fb1-8b8d-4d43-9f9e-cfa4de8eb4cf 6874b795b9194c5293fe41090e1674eb b0664f66323b4efab3cf897816a08190 - - default default] 10.0.0.118 "GET /v2.0/subnetpools/f33b39fd-06b4-41ab-b071-1f7bedf49c70/tags HTTP/1.1" status: 200 len: 205 time: 0.0262814
2026-07-10 01:07:02.719 10 INFO neutron.db.ovn_revision_numbers_db [None req-1a059147-b781-43d4-aa4c-434db6d377c9 c8746f24182a4ee884c9c02cf921f4d5 21c949944c694522966b208fdc4a4bdd - - default default] Successfully bumped revision number for resource a099f0cb-15d6-4959-bcf3-6c0bd48cf2e0 (type: networks) to 1
2026-07-10 01:07:02.727 9 INFO neutron.wsgi [None req-28477f49-267f-4ddf-9ba8-7ab95bdd9ff8 6874b795b9194c5293fe41090e1674eb b0664f66323b4efab3cf897816a08190 - - default default] 10.0.0.118 "DELETE /v2.0/subnetpools/f33b39fd-06b4-41ab-b071-1f7bedf49c70 HTTP/1.1" status: 204 len: 168 time: 0.0738268
2026-07-10 01:07:03.196 10 WARNING neutron.scheduler.dhcp_agent_scheduler [None req-1a059147-b781-43d4-aa4c-434db6d377c9 c8746f24182a4ee884c9c02cf921f4d5 21c949944c694522966b208fdc4a4bdd - - default default] No more DHCP agents
2026-07-10 01:07:03.198 10 WARNING neutron.api.rpc.agentnotifiers.dhcp_rpc_agent_api [None req-1a059147-b781-43d4-aa4c-434db6d377c9 c8746f24182a4ee884c9c02cf921f4d5 21c949944c694522966b208fdc4a4bdd - - default default] Unable to schedule network a099f0cb-15d6-4959-bcf3-6c0bd48cf2e0: no agents available; will retry on subsequent port and subnet creation events.
2026-07-10 01:07:03.289 10 INFO neutron.db.ovn_revision_numbers_db [None req-1a059147-b781-43d4-aa4c-434db6d377c9 c8746f24182a4ee884c9c02cf921f4d5 21c949944c694522966b208fdc4a4bdd - - default default] Successfully bumped revision number for resource a99e989b-1944-4861-acf8-7f9a474d1933 (type: ports) to 1
2026-07-10 01:07:04.248 10 INFO neutron.wsgi [None req-1a059147-b781-43d4-aa4c-434db6d377c9 c8746f24182a4ee884c9c02cf921f4d5 21c949944c694522966b208fdc4a4bdd - - default default] 10.0.0.118 "POST /v2.0/networks HTTP/1.1" status: 201 len: 828 time: 1.8167930
2026-07-10 01:07:04.268 9 WARNING neutron_lib.context [None req-5958b5be-0fc4-4cb3-b098-3f16af99c9b6 c8746f24182a4ee884c9c02cf921f4d5 21c949944c694522966b208fdc4a4bdd - - default default] Method 'is_advsvc' is deprecated since 2023.2 release (neutron-lib 3.8.0) and will be removed once support for the old RBAC API policies will be removed from Neutron. Please use method 'is_service_role' instead.
2026-07-10 01:07:04.477 9 WARNING neutron.plugins.ml2.drivers.ovn.mech_driver.ovsdb.ovn_client [None req-7f73181f-a88a-4e4c-979b-89ea94793d49 - - - - - -] No port found with ID 509661cd-a383-4c5e-a36a-10baf8d9db2b: RuntimeError: No port found with ID 509661cd-a383-4c5e-a36a-10baf8d9db2b
2026-07-10 01:07:04.634 9 WARNING neutron.scheduler.dhcp_agent_scheduler [None req-5958b5be-0fc4-4cb3-b098-3f16af99c9b6 c8746f24182a4ee884c9c02cf921f4d5 21c949944c694522966b208fdc4a4bdd - - default default] No more DHCP agents
2026-07-10 01:07:04.637 9 WARNING neutron.api.rpc.agentnotifiers.dhcp_rpc_agent_api [None req-5958b5be-0fc4-4cb3-b098-3f16af99c9b6 c8746f24182a4ee884c9c02cf921f4d5 21c949944c694522966b208fdc4a4bdd - - default default] Unable to schedule network a099f0cb-15d6-4959-bcf3-6c0bd48cf2e0: no agents available; will retry on subsequent port and subnet creation events.
2026-07-10 01:07:05.186 10 INFO neutron.db.ovn_revision_numbers_db [None req-c3f1bfab-0935-4a49-9714-5121200fa10f 93bb38056ea745e58d50bcc3901de230 fa442ff2038745fc9fdb718ea45a6e11 - - default default] Successfully bumped revision number for resource 4456c26e-be2e-495c-84f4-1d010bbbdf3c (type: security_groups) to 1
2026-07-10 01:07:05.209 10 INFO neutron.db.ovn_revision_numbers_db [None req-c3f1bfab-0935-4a49-9714-5121200fa10f 93bb38056ea745e58d50bcc3901de230 fa442ff2038745fc9fdb718ea45a6e11 - - default default] Successfully bumped revision number for resource 0caedf46-e3e4-4b03-94ca-9d2f44684b70 (type: security_group_rules) to 0
2026-07-10 01:07:05.228 10 INFO neutron.db.ovn_revision_numbers_db [None req-c3f1bfab-0935-4a49-9714-5121200fa10f 93bb38056ea745e58d50bcc3901de230 fa442ff2038745fc9fdb718ea45a6e11 - - default default] Successfully bumped revision number for resource b24a1cb9-5d6b-4dc8-aedd-ef8c4c419dea (type: security_group_rules) to 0
2026-07-10 01:07:05.234 9 INFO neutron.db.ovn_revision_numbers_db [None req-5958b5be-0fc4-4cb3-b098-3f16af99c9b6 c8746f24182a4ee884c9c02cf921f4d5 21c949944c694522966b208fdc4a4bdd - - default default] Successfully bumped revision number for resource a99e989b-1944-4861-acf8-7f9a474d1933 (type: ports) to 2
2026-07-10 01:07:05.246 10 INFO neutron.db.ovn_revision_numbers_db [None req-c3f1bfab-0935-4a49-9714-5121200fa10f 93bb38056ea745e58d50bcc3901de230 fa442ff2038745fc9fdb718ea45a6e11 - - default default] Successfully bumped revision number for resource e2814597-7326-4b07-85c3-9e691b407e7a (type: security_group_rules) to 0
2026-07-10 01:07:05.264 10 INFO neutron.db.ovn_revision_numbers_db [None req-c3f1bfab-0935-4a49-9714-5121200fa10f 93bb38056ea745e58d50bcc3901de230 fa442ff2038745fc9fdb718ea45a6e11 - - default default] Successfully bumped revision number for resource f391d925-ef09-41de-ab38-e5d1b326e1ad (type: security_group_rules) to 0
2026-07-10 01:07:05.275 9 INFO neutron.db.ovn_revision_numbers_db [None req-5958b5be-0fc4-4cb3-b098-3f16af99c9b6 c8746f24182a4ee884c9c02cf921f4d5 21c949944c694522966b208fdc4a4bdd - - default default] Successfully bumped revision number for resource 0a066d88-f63a-4a2e-a597-d75c005ca9aa (type: subnets) to 0
2026-07-10 01:07:05.291 10 INFO neutron.wsgi [None req-c3f1bfab-0935-4a49-9714-5121200fa10f 93bb38056ea745e58d50bcc3901de230 fa442ff2038745fc9fdb718ea45a6e11 - - default default] 10.0.0.118 "GET /v2.0/security-groups?tenant_id=b0664f66323b4efab3cf897816a08190&name=default HTTP/1.1" status: 200 len: 2996 time: 0.3760023
2026-07-10 01:07:05.292 9 INFO neutron.wsgi [None req-5958b5be-0fc4-4cb3-b098-3f16af99c9b6 c8746f24182a4ee884c9c02cf921f4d5 21c949944c694522966b208fdc4a4bdd - - default default] 10.0.0.118 "POST /v2.0/subnets HTTP/1.1" status: 201 len: 801 time: 1.0299113
2026-07-10 01:07:05.306 9 WARNING neutron_lib.context [None req-25ce5c06-9d6f-4012-bfd2-d1c16628e60d c8746f24182a4ee884c9c02cf921f4d5 21c949944c694522966b208fdc4a4bdd - - default default] Method 'is_advsvc' is deprecated since 2023.2 release (neutron-lib 3.8.0) and will be removed once support for the old RBAC API policies will be removed from Neutron. Please use method 'is_service_role' instead.
2026-07-10 01:07:06.755 9 INFO neutron.db.ovn_revision_numbers_db [None req-25ce5c06-9d6f-4012-bfd2-d1c16628e60d c8746f24182a4ee884c9c02cf921f4d5 21c949944c694522966b208fdc4a4bdd - - default default] Successfully bumped revision number for resource cb92e6c7-d6dd-49c6-86e0-eb3af2e8b3c2 (type: routers) to 1
2026-07-10 01:07:06.816 9 INFO neutron.wsgi [None req-25ce5c06-9d6f-4012-bfd2-d1c16628e60d c8746f24182a4ee884c9c02cf921f4d5 21c949944c694522966b208fdc4a4bdd - - default default] 10.0.0.118 "POST /v2.0/routers HTTP/1.1" status: 201 len: 686 time: 1.5171227
2026-07-10 01:07:06.909 10 INFO neutron.wsgi [None req-8aac5676-5e47-4965-96a0-b95f0e2e9aa5 93bb38056ea745e58d50bcc3901de230 fa442ff2038745fc9fdb718ea45a6e11 - - default default] 10.0.0.118 "DELETE /v2.0/security-groups/4456c26e-be2e-495c-84f4-1d010bbbdf3c HTTP/1.1" status: 204 len: 168 time: 1.6118801
2026-07-10 01:07:07.291 10 INFO neutron.db.ovn_revision_numbers_db [None req-79038fc5-0ef3-47e2-93b5-21f4318aa610 93bb38056ea745e58d50bcc3901de230 fa442ff2038745fc9fdb718ea45a6e11 - - default default] Successfully bumped revision number for resource cedc4236-fa2d-43f5-8f29-ef6ba640061e (type: security_groups) to 1
2026-07-10 01:07:07.406 10 INFO neutron.db.ovn_revision_numbers_db [None req-79038fc5-0ef3-47e2-93b5-21f4318aa610 93bb38056ea745e58d50bcc3901de230 fa442ff2038745fc9fdb718ea45a6e11 - - default default] Successfully bumped revision number for resource 4e46fcf4-e351-4ca8-a9ca-a89c57770b7f (type: security_group_rules) to 0
2026-07-10 01:07:07.426 9 WARNING neutron.scheduler.dhcp_agent_scheduler [None req-170ca5c7-5b43-418f-819e-8eb76480e353 c8746f24182a4ee884c9c02cf921f4d5 21c949944c694522966b208fdc4a4bdd - - default default] No more DHCP agents
2026-07-10 01:07:07.427 9 WARNING neutron.api.rpc.agentnotifiers.dhcp_rpc_agent_api [None req-170ca5c7-5b43-418f-819e-8eb76480e353 c8746f24182a4ee884c9c02cf921f4d5 21c949944c694522966b208fdc4a4bdd - - default default] Unable to schedule network a099f0cb-15d6-4959-bcf3-6c0bd48cf2e0: no agents available; will retry on subsequent port and subnet creation events.
2026-07-10 01:07:07.501 10 INFO neutron.db.ovn_revision_numbers_db [None req-79038fc5-0ef3-47e2-93b5-21f4318aa610 93bb38056ea745e58d50bcc3901de230 fa442ff2038745fc9fdb718ea45a6e11 - - default default] Successfully bumped revision number for resource 89aa7f15-95ca-4abf-a5fc-7fa4369fe786 (type: security_group_rules) to 0
2026-07-10 01:07:07.595 10 INFO neutron.db.ovn_revision_numbers_db [None req-79038fc5-0ef3-47e2-93b5-21f4318aa610 93bb38056ea745e58d50bcc3901de230 fa442ff2038745fc9fdb718ea45a6e11 - - default default] Successfully bumped revision number for resource 9e3c14ab-f9f8-4c38-9295-bc73983e03e0 (type: security_group_rules) to 0
2026-07-10 01:07:07.669 9 INFO neutron.db.ovn_revision_numbers_db [None req-170ca5c7-5b43-418f-819e-8eb76480e353 c8746f24182a4ee884c9c02cf921f4d5 21c949944c694522966b208fdc4a4bdd - - default default] Successfully bumped revision number for resource 65cf0426-c5cf-4916-a244-9bdcc56de193 (type: ports) to 1
2026-07-10 01:07:07.723 10 INFO neutron.db.ovn_revision_numbers_db [None req-79038fc5-0ef3-47e2-93b5-21f4318aa610 93bb38056ea745e58d50bcc3901de230 fa442ff2038745fc9fdb718ea45a6e11 - - default default] Successfully bumped revision number for resource a7f9b50e-cb1f-4db9-8edd-fb0baec62021 (type: security_group_rules) to 0
2026-07-10 01:07:07.749 10 INFO neutron.wsgi [None req-79038fc5-0ef3-47e2-93b5-21f4318aa610 93bb38056ea745e58d50bcc3901de230 fa442ff2038745fc9fdb718ea45a6e11 - - default default] 10.0.0.118 "GET /v2.0/security-groups?tenant_id=7ab4f7528e3e44568fde1ab5be6d436a&name=default HTTP/1.1" status: 200 len: 2996 time: 0.6991732
2026-07-10 01:07:08.220 10 INFO neutron.wsgi [None req-86de483f-23b1-4418-94f6-e5ace374978d 93bb38056ea745e58d50bcc3901de230 fa442ff2038745fc9fdb718ea45a6e11 - - default default] 10.0.0.118 "DELETE /v2.0/security-groups/cedc4236-fa2d-43f5-8f29-ef6ba640061e HTTP/1.1" status: 204 len: 168 time: 0.4658062
2026-07-10 01:07:08.314 9 INFO neutron.plugins.ml2.drivers.ovn.mech_driver.mech_driver [None req-7f73181f-a88a-4e4c-979b-89ea94793d49 - - - - - -] OVN reports status up for port: 65cf0426-c5cf-4916-a244-9bdcc56de193
2026-07-10 01:07:08.369 9 INFO neutron.db.ovn_revision_numbers_db [None req-170ca5c7-5b43-418f-819e-8eb76480e353 c8746f24182a4ee884c9c02cf921f4d5 21c949944c694522966b208fdc4a4bdd - - default default] Successfully bumped revision number for resource 65cf0426-c5cf-4916-a244-9bdcc56de193 (type: router_ports) to 1
2026-07-10 01:07:08.422 9 INFO neutron.plugins.ml2.plugin [None req-7f73181f-a88a-4e4c-979b-89ea94793d49 - - - - - -] Attempt 1 to provision port 65cf0426-c5cf-4916-a244-9bdcc56de193
2026-07-10 01:07:09.022 9 INFO neutron.db.ovn_revision_numbers_db [None req-170ca5c7-5b43-418f-819e-8eb76480e353 c8746f24182a4ee884c9c02cf921f4d5 21c949944c694522966b208fdc4a4bdd - - default default] Successfully bumped revision number for resource 65cf0426-c5cf-4916-a244-9bdcc56de193 (type: ports) to 1
2026-07-10 01:07:09.178 9 WARNING neutron.scheduler.dhcp_agent_scheduler [None req-170ca5c7-5b43-418f-819e-8eb76480e353 c8746f24182a4ee884c9c02cf921f4d5 21c949944c694522966b208fdc4a4bdd - - default default] No more DHCP agents
2026-07-10 01:07:09.182 9 WARNING neutron.api.rpc.agentnotifiers.dhcp_rpc_agent_api [None req-170ca5c7-5b43-418f-819e-8eb76480e353 c8746f24182a4ee884c9c02cf921f4d5 21c949944c694522966b208fdc4a4bdd - - default default] Unable to schedule network a099f0cb-15d6-4959-bcf3-6c0bd48cf2e0: no agents available; will retry on subsequent port and subnet creation events.
2026-07-10 01:07:09.486 9 INFO neutron.db.ovn_revision_numbers_db [None req-170ca5c7-5b43-418f-819e-8eb76480e353 c8746f24182a4ee884c9c02cf921f4d5 21c949944c694522966b208fdc4a4bdd - - default default] Successfully bumped revision number for resource 65cf0426-c5cf-4916-a244-9bdcc56de193 (type: router_ports) to 2
2026-07-10 01:07:09.492 9 INFO neutron.wsgi [None req-170ca5c7-5b43-418f-819e-8eb76480e353 c8746f24182a4ee884c9c02cf921f4d5 21c949944c694522966b208fdc4a4bdd - - default default] 10.0.0.118 "PUT /v2.0/routers/cb92e6c7-d6dd-49c6-86e0-eb3af2e8b3c2/add_router_interface HTTP/1.1" status: 200 len: 503 time: 2.6649618
2026-07-10 01:07:09.496 9 INFO neutron.db.ovn_revision_numbers_db [None req-7f73181f-a88a-4e4c-979b-89ea94793d49 - - - - - -] Successfully bumped revision number for resource 65cf0426-c5cf-4916-a244-9bdcc56de193 (type: ports) to 2
2026-07-10 01:07:09.588 9 INFO neutron.db.ovn_revision_numbers_db [None req-7f73181f-a88a-4e4c-979b-89ea94793d49 - - - - - -] Successfully bumped revision number for resource 65cf0426-c5cf-4916-a244-9bdcc56de193 (type: router_ports) to 2
2026-07-10 01:07:09.602 10 INFO neutron.wsgi [None req-a153c48a-e45c-4e1b-b47b-986f23a34646 c8746f24182a4ee884c9c02cf921f4d5 21c949944c694522966b208fdc4a4bdd - - default default] 10.0.0.118 "GET /v2.0/ports/65cf0426-c5cf-4916-a244-9bdcc56de193 HTTP/1.1" status: 200 len: 1137 time: 0.0997796
2026-07-10 01:07:09.662 10 INFO neutron.wsgi [None req-fd10e3db-dd02-4979-8ce7-bf987f855d19 c8746f24182a4ee884c9c02cf921f4d5 21c949944c694522966b208fdc4a4bdd - - default default] 10.0.0.118 "GET /v2.0/ports/65cf0426-c5cf-4916-a244-9bdcc56de193 HTTP/1.1" status: 200 len: 1137 time: 0.0517840
2026-07-10 01:07:10.631 10 INFO neutron.wsgi [None req-5828c6c7-9e55-4cff-8a7a-fa866b9d3826 c8746f24182a4ee884c9c02cf921f4d5 21c949944c694522966b208fdc4a4bdd - - default default] 10.0.0.118 "PUT /v2.0/routers/cb92e6c7-d6dd-49c6-86e0-eb3af2e8b3c2/remove_router_interface HTTP/1.1" status: 200 len: 503 time: 0.9614229 /var/lib/openstack/lib/python3.10/site-packages/pycadf/identifier.py:71: UserWarning: Invalid uuid: neutron. To ensure interoperability, identifiers should be a valid uuid. warnings.warn(('Invalid uuid: %s. To ensure interoperability, '
2026-07-10 01:07:10.668 10 INFO neutron.wsgi [None req-1c2fc750-a905-4a2e-876d-780d5ea226f0 c8746f24182a4ee884c9c02cf921f4d5 21c949944c694522966b208fdc4a4bdd - - default default] 10.0.0.118 "GET /v2.0/ports?device_id=cb92e6c7-d6dd-49c6-86e0-eb3af2e8b3c2 HTTP/1.1" status: 200 len: 205 time: 0.0309131
2026-07-10 01:07:11.214 10 INFO neutron.wsgi [None req-da8ca150-0939-4d29-8e18-076d473ab0eb c8746f24182a4ee884c9c02cf921f4d5 21c949944c694522966b208fdc4a4bdd - - default default] 10.0.0.118 "DELETE /v2.0/routers/cb92e6c7-d6dd-49c6-86e0-eb3af2e8b3c2 HTTP/1.1" status: 204 len: 168 time: 0.5402980
2026-07-10 01:07:11.836 10 INFO neutron.wsgi [None req-1b440476-1e32-4d47-abd1-e8f6a2b482f5 c8746f24182a4ee884c9c02cf921f4d5 21c949944c694522966b208fdc4a4bdd - - default default] 10.0.0.118 "DELETE /v2.0/subnets/0a066d88-f63a-4a2e-a597-d75c005ca9aa HTTP/1.1" status: 204 len: 168 time: 0.6151564
2026-07-10 01:07:12.300 10 INFO neutron.services.segments.plugin [-] Segment f1a24ffb-8237-4090-b417-3796129e52dc resource provider aggregate not found
2026-07-10 01:07:12.317 10 INFO neutron.services.segments.plugin [-] Segment f1a24ffb-8237-4090-b417-3796129e52dc resource provider aggregate not found
2026-07-10 01:07:12.353 10 INFO neutron.services.segments.plugin [-] Segment f1a24ffb-8237-4090-b417-3796129e52dc resource provider not found; error: Placement Client Error (4xx): {"errors": [{"status": 404, "title": "Not Found", "detail": "The resource could not be found.\n\n No resource provider with uuid f1a24ffb-8237-4090-b417-3796129e52dc found for delete ", "request_id": "req-b9fc3425-b5de-4983-a54d-ad7c6355dfb4"}]}
2026-07-10 01:07:12.355 10 INFO neutron.services.segments.plugin [-] Segment f1a24ffb-8237-4090-b417-3796129e52dc resource provider not found; error: Placement Client Error (4xx): {"errors": [{"status": 404, "title": "Not Found", "detail": "The resource could not be found.\n\n No resource provider with uuid f1a24ffb-8237-4090-b417-3796129e52dc found for delete ", "request_id": "req-d21e00cd-2a48-4b98-a21b-cee5943a65a9"}]}
2026-07-10 01:07:12.374 10 INFO neutron.wsgi [None req-35ac055f-241b-4ace-9f16-3e498d689927 c8746f24182a4ee884c9c02cf921f4d5 21c949944c694522966b208fdc4a4bdd - - default default] 10.0.0.118 "DELETE /v2.0/networks/a099f0cb-15d6-4959-bcf3-6c0bd48cf2e0 HTTP/1.1" status: 204 len: 168 time: 0.5304360
2026-07-10 01:07:12.390 9 WARNING neutron_lib.context [None req-12658366-bb7d-44e1-a33b-fe2217d8e729 c8746f24182a4ee884c9c02cf921f4d5 21c949944c694522966b208fdc4a4bdd - - default default] Method 'is_advsvc' is deprecated since 2023.2 release (neutron-lib 3.8.0) and will be removed once support for the old RBAC API policies will be removed from Neutron. Please use method 'is_service_role' instead.
2026-07-10 01:07:12.785 10 WARNING neutron_lib.context [None req-1e1a26e8-9ea0-4c30-9d45-0546811c2d13 ddaf438929c241d0a766fc434abdf419 c58ea1578b294d88ba3abb46fdeadcd1 - - default default] Method 'is_advsvc' is deprecated since 2023.2 release (neutron-lib 3.8.0) and will be removed once support for the old RBAC API policies will be removed from Neutron. Please use method 'is_service_role' instead.
2026-07-10 01:07:12.873 9 INFO neutron.wsgi [req-6152a42e-b35b-4ea5-9709-bac7d5e502dd req-8e7b0e48-2e11-436d-bb88-f1b467b64366 86431de4f3194680bbc1fb1094e353c9 15215f42144e4c46b6ef3ac0a6a986ae - - default default] 10.0.0.102 "GET /v2.0/ports?device_id=06302669-8405-4fb4-bb16-a84eb5446bb0 HTTP/1.1" status: 200 len: 1214 time: 0.1322637
2026-07-10 01:07:12.931 10 INFO neutron.db.ovn_revision_numbers_db [None req-1e1a26e8-9ea0-4c30-9d45-0546811c2d13 ddaf438929c241d0a766fc434abdf419 c58ea1578b294d88ba3abb46fdeadcd1 - - default default] Successfully bumped revision number for resource 043ec447-d3cb-4867-bbdd-a5af48a582b8 (type: security_groups) to 1
2026-07-10 01:07:12.947 9 INFO neutron.wsgi [req-6152a42e-b35b-4ea5-9709-bac7d5e502dd req-e7b4f674-eb9e-4800-8549-f44b8ebf7b16 86431de4f3194680bbc1fb1094e353c9 15215f42144e4c46b6ef3ac0a6a986ae - - default default] 10.0.0.102 "GET /v2.0/security-groups?id=d3378c11-9910-432e-91bc-e045e815a825&id=c76757b3-4d25-4cd2-847d-b9abaffad94c&fields=id&fields=name HTTP/1.1" status: 200 len: 406 time: 0.0640697
2026-07-10 01:07:12.957 10 INFO neutron.db.ovn_revision_numbers_db [None req-1e1a26e8-9ea0-4c30-9d45-0546811c2d13 ddaf438929c241d0a766fc434abdf419 c58ea1578b294d88ba3abb46fdeadcd1 - - default default] Successfully bumped revision number for resource 2a5dbe1a-3527-4529-895e-12af561a8dec (type: security_group_rules) to 0
2026-07-10 01:07:12.984 10 INFO neutron.db.ovn_revision_numbers_db [None req-1e1a26e8-9ea0-4c30-9d45-0546811c2d13 ddaf438929c241d0a766fc434abdf419 c58ea1578b294d88ba3abb46fdeadcd1 - - default default] Successfully bumped revision number for resource 9288dcbe-97e3-4514-b25f-ad4595eb16ac (type: security_group_rules) to 0
2026-07-10 01:07:13.002 10 INFO neutron.db.ovn_revision_numbers_db [None req-1e1a26e8-9ea0-4c30-9d45-0546811c2d13 ddaf438929c241d0a766fc434abdf419 c58ea1578b294d88ba3abb46fdeadcd1 - - default default] Successfully bumped revision number for resource a5ab3f88-be65-4636-913e-a3e62e49f30a (type: security_group_rules) to 0
2026-07-10 01:07:13.026 9 WARNING neutron.scheduler.dhcp_agent_scheduler [None req-12658366-bb7d-44e1-a33b-fe2217d8e729 c8746f24182a4ee884c9c02cf921f4d5 21c949944c694522966b208fdc4a4bdd - - default default] No more DHCP agents
2026-07-10 01:07:13.026 10 INFO neutron.db.ovn_revision_numbers_db [None req-1e1a26e8-9ea0-4c30-9d45-0546811c2d13 ddaf438929c241d0a766fc434abdf419 c58ea1578b294d88ba3abb46fdeadcd1 - - default default] Successfully bumped revision number for resource d2e120a4-d32e-4388-a8eb-1b44e1cb09a5 (type: security_group_rules) to 0
2026-07-10 01:07:13.028 9 WARNING neutron.api.rpc.agentnotifiers.dhcp_rpc_agent_api [None req-12658366-bb7d-44e1-a33b-fe2217d8e729 c8746f24182a4ee884c9c02cf921f4d5 21c949944c694522966b208fdc4a4bdd - - default default] Unable to schedule network 101a8863-4512-4686-a02a-9f9ad7fb0755: no agents available; will retry on subsequent port and subnet creation events.
2026-07-10 01:07:13.079 10 INFO neutron.db.segments_db [None req-1e1a26e8-9ea0-4c30-9d45-0546811c2d13 ddaf438929c241d0a766fc434abdf419 c58ea1578b294d88ba3abb46fdeadcd1 - - default default] Added segment 40932d36-765f-460d-bd3d-7fb385b96dbf of type geneve for network 1a561df6-b3e8-4c6c-8310-86a9ab8cba0e
2026-07-10 01:07:13.180 10 INFO neutron.wsgi [None req-43295a12-84cd-47ca-adb2-f667cfb1af8d 978e22292bcb44498fd40b4f695372f1 1716bdbd9584485fbe135ae5a2d66e84 - - default default] 10.0.0.118 "GET /v2.0/ports?device_id=06302669-8405-4fb4-bb16-a84eb5446bb0 HTTP/1.1" status: 200 len: 1447 time: 0.2049747
2026-07-10 01:07:13.264 9 INFO neutron.db.ovn_revision_numbers_db [None req-12658366-bb7d-44e1-a33b-fe2217d8e729 c8746f24182a4ee884c9c02cf921f4d5 21c949944c694522966b208fdc4a4bdd - - default default] Successfully bumped revision number for resource add73746-9548-400d-bf7c-ddcfdc09c471 (type: ports) to 1
2026-07-10 01:07:13.315 10 INFO neutron.wsgi [None req-3f394f05-b23b-4987-814a-c51ec71bb8a7 86431de4f3194680bbc1fb1094e353c9 15215f42144e4c46b6ef3ac0a6a986ae - - default default] 10.0.0.118 "GET /v2.0/floatingips?floating_network_id=101a8863-4512-4686-a02a-9f9ad7fb0755&port_id=da8174b3-6559-45e2-afd2-21fea5710ec8 HTTP/1.1" status: 200 len: 1055 time: 0.1243474
2026-07-10 01:07:13.338 10 INFO neutron.db.ovn_revision_numbers_db [None req-1e1a26e8-9ea0-4c30-9d45-0546811c2d13 ddaf438929c241d0a766fc434abdf419 c58ea1578b294d88ba3abb46fdeadcd1 - - default default] Successfully bumped revision number for resource 1a561df6-b3e8-4c6c-8310-86a9ab8cba0e (type: networks) to 1
2026-07-10 01:07:13.559 10 WARNING neutron.scheduler.dhcp_agent_scheduler [None req-1e1a26e8-9ea0-4c30-9d45-0546811c2d13 ddaf438929c241d0a766fc434abdf419 c58ea1578b294d88ba3abb46fdeadcd1 - - default default] No more DHCP agents
2026-07-10 01:07:13.576 10 WARNING neutron.api.rpc.agentnotifiers.dhcp_rpc_agent_api [None req-1e1a26e8-9ea0-4c30-9d45-0546811c2d13 ddaf438929c241d0a766fc434abdf419 c58ea1578b294d88ba3abb46fdeadcd1 - - default default] Unable to schedule network 1a561df6-b3e8-4c6c-8310-86a9ab8cba0e: no agents available; will retry on subsequent port and subnet creation events.
2026-07-10 01:07:13.626 10 INFO neutron.wsgi [req-0e78cb12-ac1d-4aa6-9d70-00fc3084a46b req-b0e8f168-2821-4961-ac58-39f6245ef8e6 eb79f73c0f5749aab82ee27bf96dbe94 3b569ebf686d4c2893016419eb686d2c - - a51fbe806b724e22ac39c240f7703ce0 a51fbe806b724e22ac39c240f7703ce0] 10.0.0.56 "GET /v2.0/ports?device_id=06302669-8405-4fb4-bb16-a84eb5446bb0 HTTP/1.1" status: 200 len: 1452 time: 0.0657823
2026-07-10 01:07:13.704 10 INFO neutron.wsgi [req-0e78cb12-ac1d-4aa6-9d70-00fc3084a46b req-52a9c925-ac04-43b0-abf1-b5080b8509f9 eb79f73c0f5749aab82ee27bf96dbe94 3b569ebf686d4c2893016419eb686d2c - - a51fbe806b724e22ac39c240f7703ce0 a51fbe806b724e22ac39c240f7703ce0] 10.0.0.56 "GET /v2.0/security-groups?id=c76757b3-4d25-4cd2-847d-b9abaffad94c&id=d3378c11-9910-432e-91bc-e045e815a825&fields=id&fields=name HTTP/1.1" status: 200 len: 406 time: 0.0693958
2026-07-10 01:07:13.716 10 INFO neutron.db.ovn_revision_numbers_db [None req-1e1a26e8-9ea0-4c30-9d45-0546811c2d13 ddaf438929c241d0a766fc434abdf419 c58ea1578b294d88ba3abb46fdeadcd1 - - default default] Successfully bumped revision number for resource 0ad1baa1-768f-4a6e-ae58-09ed061260a8 (type: ports) to 1
2026-07-10 01:07:13.742 10 INFO neutron.wsgi [None req-1e1a26e8-9ea0-4c30-9d45-0546811c2d13 ddaf438929c241d0a766fc434abdf419 c58ea1578b294d88ba3abb46fdeadcd1 - - default default] 10.0.0.118 "POST /v2.0/networks HTTP/1.1" status: 201 len: 830 time: 1.1718895
2026-07-10 01:07:13.761 9 WARNING neutron_lib.context [None req-3bb9b060-326c-49c1-ae39-6d6dd8a4f27b ddaf438929c241d0a766fc434abdf419 c58ea1578b294d88ba3abb46fdeadcd1 - - default default] Method 'is_advsvc' is deprecated since 2023.2 release (neutron-lib 3.8.0) and will be removed once support for the old RBAC API policies will be removed from Neutron. Please use method 'is_service_role' instead.
2026-07-10 01:07:14.030 9 INFO neutron.db.ovn_revision_numbers_db [None req-12658366-bb7d-44e1-a33b-fe2217d8e729 c8746f24182a4ee884c9c02cf921f4d5 21c949944c694522966b208fdc4a4bdd - - default default] Successfully bumped revision number for resource add73746-9548-400d-bf7c-ddcfdc09c471 (type: router_ports) to 1
2026-07-10 01:07:14.131 9 WARNING neutron.scheduler.dhcp_agent_scheduler [None req-3bb9b060-326c-49c1-ae39-6d6dd8a4f27b ddaf438929c241d0a766fc434abdf419 c58ea1578b294d88ba3abb46fdeadcd1 - - default default] No more DHCP agents
2026-07-10 01:07:14.136 9 WARNING neutron.api.rpc.agentnotifiers.dhcp_rpc_agent_api [None req-3bb9b060-326c-49c1-ae39-6d6dd8a4f27b ddaf438929c241d0a766fc434abdf419 c58ea1578b294d88ba3abb46fdeadcd1 - - default default] Unable to schedule network 1a561df6-b3e8-4c6c-8310-86a9ab8cba0e: no agents available; will retry on subsequent port and subnet creation events.
2026-07-10 01:07:14.178 9 INFO neutron.db.ovn_revision_numbers_db [None req-12658366-bb7d-44e1-a33b-fe2217d8e729 c8746f24182a4ee884c9c02cf921f4d5 21c949944c694522966b208fdc4a4bdd - - default default] Successfully bumped revision number for resource fada9938-8eca-46f9-bd8c-bff78a22a7e1 (type: routers) to 2
2026-07-10 01:07:14.212 9 INFO neutron.wsgi [None req-12658366-bb7d-44e1-a33b-fe2217d8e729 c8746f24182a4ee884c9c02cf921f4d5 21c949944c694522966b208fdc4a4bdd - - default default] 10.0.0.118 "POST /v2.0/routers HTTP/1.1" status: 201 len: 868 time: 1.8294964
2026-07-10 01:07:14.318 9 INFO neutron.wsgi [None req-eda2f6b5-a538-493b-8d12-ae53d298deee c8746f24182a4ee884c9c02cf921f4d5 21c949944c694522966b208fdc4a4bdd - - default default] 10.0.0.118 "GET /v2.0/routers/fada9938-8eca-46f9-bd8c-bff78a22a7e1 HTTP/1.1" status: 200 len: 869 time: 0.0989659
2026-07-10 01:07:14.436 10 INFO neutron.wsgi [None req-57db2a45-089f-42cd-b217-66d4c9c36798 c8746f24182a4ee884c9c02cf921f4d5 21c949944c694522966b208fdc4a4bdd - - default default] 10.0.0.118 "GET /v2.0/routers HTTP/1.1" status: 200 len: 872 time: 0.1118000
2026-07-10 01:07:14.727 9 INFO neutron.db.ovn_revision_numbers_db [None req-3bb9b060-326c-49c1-ae39-6d6dd8a4f27b ddaf438929c241d0a766fc434abdf419 c58ea1578b294d88ba3abb46fdeadcd1 - - default default] Successfully bumped revision number for resource 0ad1baa1-768f-4a6e-ae58-09ed061260a8 (type: ports) to 2
2026-07-10 01:07:14.766 9 WARNING neutron.plugins.ml2.drivers.ovn.mech_driver.ovsdb.ovn_client [None req-7f73181f-a88a-4e4c-979b-89ea94793d49 - - - - - -] No port found with ID 65cf0426-c5cf-4916-a244-9bdcc56de193: RuntimeError: No port found with ID 65cf0426-c5cf-4916-a244-9bdcc56de193
2026-07-10 01:07:14.766 9 INFO neutron.plugins.ml2.drivers.ovn.mech_driver.mech_driver [None req-7f73181f-a88a-4e4c-979b-89ea94793d49 - - - - - -] OVN reports status up for port: add73746-9548-400d-bf7c-ddcfdc09c471
2026-07-10 01:07:14.779 9 INFO neutron.plugins.ml2.plugin [None req-7f73181f-a88a-4e4c-979b-89ea94793d49 - - - - - -] Attempt 1 to provision port add73746-9548-400d-bf7c-ddcfdc09c471
2026-07-10 01:07:14.792 9 INFO neutron.db.ovn_revision_numbers_db [None req-3bb9b060-326c-49c1-ae39-6d6dd8a4f27b ddaf438929c241d0a766fc434abdf419 c58ea1578b294d88ba3abb46fdeadcd1 - - default default] Successfully bumped revision number for resource 4ac1ae76-c86d-4436-940f-31a9c8031700 (type: subnets) to 0
2026-07-10 01:07:14.813 9 INFO neutron.wsgi [None req-3bb9b060-326c-49c1-ae39-6d6dd8a4f27b ddaf438929c241d0a766fc434abdf419 c58ea1578b294d88ba3abb46fdeadcd1 - - default default] 10.0.0.118 "POST /v2.0/subnets HTTP/1.1" status: 201 len: 801 time: 1.0633185
2026-07-10 01:07:14.930 9 INFO neutron.wsgi [None req-65479219-6e58-49a5-a10c-957456b6e82f ddaf438929c241d0a766fc434abdf419 c58ea1578b294d88ba3abb46fdeadcd1 - - default default] 10.0.0.118 "PUT /v2.0/subnets/4ac1ae76-c86d-4436-940f-31a9c8031700/tags HTTP/1.1" status: 200 len: 218 time: 0.0992401
2026-07-10 01:07:14.983 9 INFO neutron.wsgi [None req-431d70e3-0b71-4fcc-a183-b0bf1cdc1902 ddaf438929c241d0a766fc434abdf419 c58ea1578b294d88ba3abb46fdeadcd1 - - default default] 10.0.0.118 "GET /v2.0/subnets/4ac1ae76-c86d-4436-940f-31a9c8031700/tags HTTP/1.1" status: 200 len: 218 time: 0.0460570
2026-07-10 01:07:15.054 9 INFO neutron.wsgi [None req-85d96ed8-dcac-4f64-b2aa-eda1c30526ff ddaf438929c241d0a766fc434abdf419 c58ea1578b294d88ba3abb46fdeadcd1 - - default default] 10.0.0.118 "PUT /v2.0/subnets/4ac1ae76-c86d-4436-940f-31a9c8031700/tags/green HTTP/1.1" status: 201 len: 201 time: 0.0640619
2026-07-10 01:07:15.119 9 INFO neutron.wsgi [None req-97e2b005-9aca-46e9-8b81-ca53b3d69186 ddaf438929c241d0a766fc434abdf419 c58ea1578b294d88ba3abb46fdeadcd1 - - default default] 10.0.0.118 "GET /v2.0/subnets/4ac1ae76-c86d-4436-940f-31a9c8031700/tags HTTP/1.1" status: 200 len: 227 time: 0.0568261
2026-07-10 01:07:15.192 9 INFO neutron.wsgi [None req-f7061e82-324f-43ba-8fdf-f6969a454fa6 ddaf438929c241d0a766fc434abdf419 c58ea1578b294d88ba3abb46fdeadcd1 - - default default] 10.0.0.118 "PUT /v2.0/subnets/4ac1ae76-c86d-4436-940f-31a9c8031700/tags/red HTTP/1.1" status: 201 len: 201 time: 0.0618563
2026-07-10 01:07:15.252 9 INFO neutron.wsgi [None req-8404539c-3c0c-4376-994a-522fb0505ebe ddaf438929c241d0a766fc434abdf419 c58ea1578b294d88ba3abb46fdeadcd1 - - default default] 10.0.0.118 "GET /v2.0/subnets/4ac1ae76-c86d-4436-940f-31a9c8031700/tags HTTP/1.1" status: 200 len: 227 time: 0.0530045
2026-07-10 01:07:15.315 9 INFO neutron.wsgi [None req-608eaaf4-0b01-4cda-8d03-5eec3e9792a2 ddaf438929c241d0a766fc434abdf419 c58ea1578b294d88ba3abb46fdeadcd1 - - default default] 10.0.0.118 "PUT /v2.0/subnets/4ac1ae76-c86d-4436-940f-31a9c8031700/tags/black.or.white HTTP/1.1" status: 201 len: 201 time: 0.0564559
