Jun 17 02:21:28.579885 np0000180810 devstack@neutron-api.service[107806]: INFO neutron.api.extensions [None req-92c5d1d6-656d-49f2-82e1-77cb01c85e3b None None] Extension floating-ip-port-forwarding-description not supported by any of loaded plugins
Jun 17 02:21:28.579885 np0000180810 devstack@neutron-api.service[107806]: DEBUG neutron.api.extensions [None req-92c5d1d6-656d-49f2-82e1-77cb01c85e3b None None] Loading extension file: fip_pf_detail.py {{(pid=107806) _load_all_extensions_from_path /opt/stack/neutron/neutron/api/extensions.py:449}}
Jun 17 02:21:28.579885 np0000180810 devstack@neutron-api.service[107806]: DEBUG neutron.api.extensions [None req-92c5d1d6-656d-49f2-82e1-77cb01c85e3b None None] Ext name="Floating IP port forwarding detail" alias="floating-ip-port-forwarding-detail" description="Allow list floating ip return more port forwarding data, include'id' and 'internal_port_id'" updated="2022-05-06T10:00:00-00:00" {{(pid=107806) _check_extension /opt/stack/neutron/neutron/api/extensions.py:415}}
Jun 17 02:21:28.579885 np0000180810 devstack@neutron-api.service[107806]: INFO neutron.api.extensions [None req-92c5d1d6-656d-49f2-82e1-77cb01c85e3b None None] Loaded extension: floating-ip-port-forwarding-detail
Jun 17 02:21:28.579885 np0000180810 devstack@neutron-api.service[107806]: DEBUG neutron.api.extensions [None req-92c5d1d6-656d-49f2-82e1-77cb01c85e3b None None] Loading extension file: fip_pf_port_range.py {{(pid=107806) _load_all_extensions_from_path /opt/stack/neutron/neutron/api/extensions.py:449}}
Jun 17 02:21:28.580137 np0000180810 devstack@neutron-api.service[107807]: INFO neutron.plugins.ml2.drivers.type_vlan [None req-8768408e-c33c-4ee9-b528-543052006552 None None] VlanTypeDriver initialization complete
Jun 17 02:21:28.580455 np0000180810 devstack@neutron-api.service[107806]: DEBUG neutron.api.extensions [None req-92c5d1d6-656d-49f2-82e1-77cb01c85e3b None None] Ext name="Floating IP Port Forwarding support port ranges" alias="floating-ip-port-forwarding-port-ranges" description="Add support to port ranges" updated="2020-07-01T10:00:00-00:00" {{(pid=107806) _check_extension /opt/stack/neutron/neutron/api/extensions.py:415}}
Jun 17 02:21:28.580554 np0000180810 devstack@neutron-api.service[107807]: INFO neutron.plugins.ml2.managers [None req-8768408e-c33c-4ee9-b528-543052006552 None None] Initializing extension driver 'port_security'
Jun 17 02:21:28.580826 np0000180810 devstack@neutron-api.service[107806]: INFO neutron.api.extensions [None req-92c5d1d6-656d-49f2-82e1-77cb01c85e3b None None] Extension floating-ip-port-forwarding-port-ranges not supported by any of loaded plugins
Jun 17 02:21:28.581130 np0000180810 devstack@neutron-api.service[107807]: INFO neutron.plugins.ml2.extensions.port_security [None req-8768408e-c33c-4ee9-b528-543052006552 None None] PortSecurityExtensionDriver initialization complete
Jun 17 02:21:28.581396 np0000180810 devstack@neutron-api.service[107806]: DEBUG neutron.api.extensions [None req-92c5d1d6-656d-49f2-82e1-77cb01c85e3b None None] Loading extension file: fip_port_details.py {{(pid=107806) _load_all_extensions_from_path /opt/stack/neutron/neutron/api/extensions.py:449}}
Jun 17 02:21:28.581507 np0000180810 devstack@neutron-api.service[107807]: INFO neutron.plugins.ml2.managers [None req-8768408e-c33c-4ee9-b528-543052006552 None None] Initializing extension driver 'qos'
Jun 17 02:21:28.581507 np0000180810 devstack@neutron-api.service[107807]: DEBUG neutron.plugins.ml2.extensions.qos [None req-8768408e-c33c-4ee9-b528-543052006552 None None] QosExtensionDriver initialization complete {{(pid=107807) initialize /opt/stack/neutron/neutron/plugins/ml2/extensions/qos.py:31}}
Jun 17 02:21:28.581507 np0000180810 devstack@neutron-api.service[107807]: INFO neutron.plugins.ml2.managers [None req-8768408e-c33c-4ee9-b528-543052006552 None None] Initializing mechanism driver 'ovn'
Jun 17 02:21:28.581673 np0000180810 devstack@neutron-api.service[107806]: DEBUG neutron.api.extensions [None req-92c5d1d6-656d-49f2-82e1-77cb01c85e3b None None] Ext name="Floating IP Port Details Extension" alias="fip-port-details" description="Add port_details attribute to Floating IP resource" updated="2018-04-09T10:00:00-00:00" {{(pid=107806) _check_extension /opt/stack/neutron/neutron/api/extensions.py:415}}
Jun 17 02:21:28.581773 np0000180810 devstack@neutron-api.service[107807]: INFO neutron.plugins.ml2.drivers.ovn.mech_driver.mech_driver [None req-8768408e-c33c-4ee9-b528-543052006552 None None] Starting OVNMechanismDriver
Jun 17 02:21:28.582189 np0000180810 devstack@neutron-api.service[107806]: INFO neutron.api.extensions [None req-92c5d1d6-656d-49f2-82e1-77cb01c85e3b None None] Loaded extension: fip-port-details
Jun 17 02:21:28.582189 np0000180810 devstack@neutron-api.service[107806]: DEBUG neutron.api.extensions [None req-92c5d1d6-656d-49f2-82e1-77cb01c85e3b None None] Loading extension file: flavors.py {{(pid=107806) _load_all_extensions_from_path /opt/stack/neutron/neutron/api/extensions.py:449}}
Jun 17 02:21:28.582189 np0000180810 devstack@neutron-api.service[107806]: DEBUG neutron.api.extensions [None req-92c5d1d6-656d-49f2-82e1-77cb01c85e3b None None] Ext name="Neutron Service Flavors" alias="flavors" description="Flavor specification for Neutron advanced services." updated="2015-09-17T10:00:00-00:00" {{(pid=107806) _check_extension /opt/stack/neutron/neutron/api/extensions.py:415}}
Jun 17 02:21:28.582189 np0000180810 devstack@neutron-api.service[107806]: INFO neutron.api.extensions [None req-92c5d1d6-656d-49f2-82e1-77cb01c85e3b None None] Loaded extension: flavors
Jun 17 02:21:28.582189 np0000180810 devstack@neutron-api.service[107806]: DEBUG neutron.api.extensions [None req-92c5d1d6-656d-49f2-82e1-77cb01c85e3b None None] Loading extension file: floating_ip_port_forwarding.py {{(pid=107806) _load_all_extensions_from_path /opt/stack/neutron/neutron/api/extensions.py:449}}
Jun 17 02:21:28.582189 np0000180810 devstack@neutron-api.service[107806]: DEBUG neutron.api.extensions [None req-92c5d1d6-656d-49f2-82e1-77cb01c85e3b None None] Ext name="Floating IP Port Forwarding" alias="floating-ip-port-forwarding" description="Allow port forwarding from floating IP port to an internal port" updated="2018-01-19T10:00:00-00:00" {{(pid=107806) _check_extension /opt/stack/neutron/neutron/api/extensions.py:415}}
Jun 17 02:21:28.582189 np0000180810 devstack@neutron-api.service[107806]: INFO neutron.api.extensions [None req-92c5d1d6-656d-49f2-82e1-77cb01c85e3b None None] Extension floating-ip-port-forwarding not supported by any of loaded plugins
Jun 17 02:21:28.582453 np0000180810 devstack@neutron-api.service[107806]: DEBUG neutron.api.extensions [None req-92c5d1d6-656d-49f2-82e1-77cb01c85e3b None None] Loading extension file: floatingip_pools.py {{(pid=107806) _load_all_extensions_from_path /opt/stack/neutron/neutron/api/extensions.py:449}}
Jun 17 02:21:28.582453 np0000180810 devstack@neutron-api.service[107806]: DEBUG neutron.api.extensions [None req-92c5d1d6-656d-49f2-82e1-77cb01c85e3b None None] Ext name="Floating IP Pools Extension" alias="floatingip-pools" description="Provides a floating IP pools API." updated="2018-03-21T10:00:00-00:00" {{(pid=107806) _check_extension /opt/stack/neutron/neutron/api/extensions.py:415}}
Jun 17 02:21:28.582596 np0000180810 devstack@neutron-api.service[107807]: DEBUG neutron_lib.callbacks.manager [None req-8768408e-c33c-4ee9-b528-543052006552 None None] Subscribe: > process before_spawn 55550000, False {{(pid=107807) subscribe /opt/stack/data/venv/lib/python3.12/site-packages/neutron_lib/callbacks/manager.py:52}}
Jun 17 02:21:28.582742 np0000180810 devstack@neutron-api.service[107806]: INFO neutron.api.extensions [None req-92c5d1d6-656d-49f2-82e1-77cb01c85e3b None None] Loaded extension: floatingip-pools
Jun 17 02:21:28.582880 np0000180810 devstack@neutron-api.service[107807]: DEBUG neutron_lib.callbacks.manager [None req-8768408e-c33c-4ee9-b528-543052006552 None None] Subscribe: > process after_init 55550000, True {{(pid=107807) subscribe /opt/stack/data/venv/lib/python3.12/site-packages/neutron_lib/callbacks/manager.py:52}}
Jun 17 02:21:28.583062 np0000180810 devstack@neutron-api.service[107806]: DEBUG neutron.api.extensions [None req-92c5d1d6-656d-49f2-82e1-77cb01c85e3b None None] Loading extension file: ip_allocation.py {{(pid=107806) _load_all_extensions_from_path /opt/stack/neutron/neutron/api/extensions.py:449}}
Jun 17 02:21:28.583157 np0000180810 devstack@neutron-api.service[107807]: DEBUG neutron_lib.callbacks.manager [None req-8768408e-c33c-4ee9-b528-543052006552 None None] Subscribe: > segment after_create 55550000, False {{(pid=107807) subscribe /opt/stack/data/venv/lib/python3.12/site-packages/neutron_lib/callbacks/manager.py:52}}
Jun 17 02:21:28.583157 np0000180810 devstack@neutron-api.service[107807]: DEBUG neutron_lib.callbacks.manager [None req-8768408e-c33c-4ee9-b528-543052006552 None None] Subscribe: > segment after_create 55550000, False {{(pid=107807) subscribe /opt/stack/data/venv/lib/python3.12/site-packages/neutron_lib/callbacks/manager.py:52}}
Jun 17 02:21:28.583275 np0000180810 devstack@neutron-api.service[107806]: DEBUG neutron.api.extensions [None req-92c5d1d6-656d-49f2-82e1-77cb01c85e3b None None] Ext name="IP Allocation" alias="ip_allocation" description="IP allocation extension." updated="2016-06-10T23:00:00-00:00" {{(pid=107806) _check_extension /opt/stack/neutron/neutron/api/extensions.py:415}}
Jun 17 02:21:28.583397 np0000180810 devstack@neutron-api.service[107807]: DEBUG neutron_lib.callbacks.manager [None req-8768408e-c33c-4ee9-b528-543052006552 None None] Subscribe: > segment after_delete 55550000, False {{(pid=107807) subscribe /opt/stack/data/venv/lib/python3.12/site-packages/neutron_lib/callbacks/manager.py:52}}
Jun 17 02:21:28.583489 np0000180810 devstack@neutron-api.service[107806]: INFO neutron.api.extensions [None req-92c5d1d6-656d-49f2-82e1-77cb01c85e3b None None] Extension ip_allocation not supported by any of loaded plugins
Jun 17 02:21:28.583619 np0000180810 devstack@neutron-api.service[107807]: DEBUG neutron_lib.callbacks.manager [None req-8768408e-c33c-4ee9-b528-543052006552 None None] Subscribe: > allowed_address_pair before_create 55550000, False {{(pid=107807) subscribe /opt/stack/data/venv/lib/python3.12/site-packages/neutron_lib/callbacks/manager.py:52}}
Jun 17 02:21:28.583721 np0000180810 devstack@neutron-api.service[107806]: DEBUG neutron.api.extensions [None req-92c5d1d6-656d-49f2-82e1-77cb01c85e3b None None] Loading extension file: ip_substring_port_filtering.py {{(pid=107806) _load_all_extensions_from_path /opt/stack/neutron/neutron/api/extensions.py:449}}
Jun 17 02:21:28.583835 np0000180810 devstack@neutron-api.service[107807]: DEBUG neutron_lib.callbacks.manager [None req-8768408e-c33c-4ee9-b528-543052006552 None None] Subscribe: > security_group precommit_create 55550000, False {{(pid=107807) subscribe /opt/stack/data/venv/lib/python3.12/site-packages/neutron_lib/callbacks/manager.py:52}}
Jun 17 02:21:28.583835 np0000180810 devstack@neutron-api.service[107807]: DEBUG neutron_lib.callbacks.manager [None req-8768408e-c33c-4ee9-b528-543052006552 None None] Subscribe: > security_group after_update 55550000, False {{(pid=107807) subscribe /opt/stack/data/venv/lib/python3.12/site-packages/neutron_lib/callbacks/manager.py:52}}
Jun 17 02:21:28.583835 np0000180810 devstack@neutron-api.service[107807]: DEBUG neutron_lib.callbacks.manager [None req-8768408e-c33c-4ee9-b528-543052006552 None None] Subscribe: > security_group after_create 55550000, False {{(pid=107807) subscribe /opt/stack/data/venv/lib/python3.12/site-packages/neutron_lib/callbacks/manager.py:52}}
Jun 17 02:21:28.584039 np0000180810 devstack@neutron-api.service[107806]: DEBUG neutron.api.extensions [None req-92c5d1d6-656d-49f2-82e1-77cb01c85e3b None None] Ext name="IP address substring filtering" alias="ip-substring-filtering" description="Provides IP address substring filtering when listing ports" updated="2017-11-28T09:00:00-00:00" {{(pid=107806) _check_extension /opt/stack/neutron/neutron/api/extensions.py:415}}
Jun 17 02:21:28.584159 np0000180810 devstack@neutron-api.service[107807]: DEBUG neutron_lib.callbacks.manager [None req-8768408e-c33c-4ee9-b528-543052006552 None None] Subscribe: > security_group precommit_delete 55550000, False {{(pid=107807) subscribe /opt/stack/data/venv/lib/python3.12/site-packages/neutron_lib/callbacks/manager.py:52}}
Jun 17 02:21:28.584322 np0000180810 devstack@neutron-api.service[107806]: INFO neutron.api.extensions [None req-92c5d1d6-656d-49f2-82e1-77cb01c85e3b None None] Extension ip-substring-filtering not supported by any of loaded plugins
Jun 17 02:21:28.584322 np0000180810 devstack@neutron-api.service[107806]: DEBUG neutron.api.extensions [None req-92c5d1d6-656d-49f2-82e1-77cb01c85e3b None None] Loading extension file: l2_adjacency.py {{(pid=107806) _load_all_extensions_from_path /opt/stack/neutron/neutron/api/extensions.py:449}}
Jun 17 02:21:28.584322 np0000180810 devstack@neutron-api.service[107806]: DEBUG neutron.api.extensions [None req-92c5d1d6-656d-49f2-82e1-77cb01c85e3b None None] Ext name="L2 Adjacency" alias="l2_adjacency" description="Display L2 Adjacency for Neutron Networks." updated="2016-04-12T16:00:00-00:00" {{(pid=107806) _check_extension /opt/stack/neutron/neutron/api/extensions.py:415}}
Jun 17 02:21:28.584322 np0000180810 devstack@neutron-api.service[107806]: INFO neutron.api.extensions [None req-92c5d1d6-656d-49f2-82e1-77cb01c85e3b None None] Extension l2_adjacency not supported by any of loaded plugins
Jun 17 02:21:28.584322 np0000180810 devstack@neutron-api.service[107806]: DEBUG neutron.api.extensions [None req-92c5d1d6-656d-49f2-82e1-77cb01c85e3b None None] Loading extension file: l3.py {{(pid=107806) _load_all_extensions_from_path /opt/stack/neutron/neutron/api/extensions.py:449}}
Jun 17 02:21:28.584322 np0000180810 devstack@neutron-api.service[107806]: DEBUG neutron.api.extensions [None req-92c5d1d6-656d-49f2-82e1-77cb01c85e3b None None] Ext name="Neutron L3 Router" alias="router" description="Router abstraction for basic L3 forwarding between L2 Neutron networks and access to external networks via a NAT gateway." updated="2012-07-20T10:00:00-00:00" {{(pid=107806) _check_extension /opt/stack/neutron/neutron/api/extensions.py:415}}
Jun 17 02:21:28.584322 np0000180810 devstack@neutron-api.service[107806]: INFO neutron.api.extensions [None req-92c5d1d6-656d-49f2-82e1-77cb01c85e3b None None] Loaded extension: router
Jun 17 02:21:28.584560 np0000180810 devstack@neutron-api.service[107806]: DEBUG neutron.api.extensions [None req-92c5d1d6-656d-49f2-82e1-77cb01c85e3b None None] Loading extension file: l3_agent_scheduler_ha_chassis_priority.py {{(pid=107806) _load_all_extensions_from_path /opt/stack/neutron/neutron/api/extensions.py:449}}
Jun 17 02:21:28.584560 np0000180810 devstack@neutron-api.service[107806]: DEBUG neutron.api.extensions [None req-92c5d1d6-656d-49f2-82e1-77cb01c85e3b None None] Ext name="L3 Agent Scheduler HA Chassis Priority" alias="l3-agent-scheduler-ha-chassis-priority" description="Exposes the HA_Chassis priority in the L3 Agent Scheduler API responses and allows setting priority when scheduling a router to a chassis." updated="2026-03-31T00:00:00-00:00" {{(pid=107806) _check_extension /opt/stack/neutron/neutron/api/extensions.py:415}}
Jun 17 02:21:28.584560 np0000180810 devstack@neutron-api.service[107806]: INFO neutron.api.extensions [None req-92c5d1d6-656d-49f2-82e1-77cb01c85e3b None None] Loaded extension: l3-agent-scheduler-ha-chassis-priority
Jun 17 02:21:28.584560 np0000180810 devstack@neutron-api.service[107806]: DEBUG neutron.api.extensions [None req-92c5d1d6-656d-49f2-82e1-77cb01c85e3b None None] Loading extension file: l3_conntrack_helper.py {{(pid=107806) _load_all_extensions_from_path /opt/stack/neutron/neutron/api/extensions.py:449}}
Jun 17 02:21:28.584560 np0000180810 devstack@neutron-api.service[107806]: DEBUG neutron.api.extensions [None req-92c5d1d6-656d-49f2-82e1-77cb01c85e3b None None] Ext name="L3 Conntrack helper" alias="l3-conntrack-helper" description="Allow adding CT target rules for conntrack helper" updated="2019-04-04T10:00:00-00:00" {{(pid=107806) _check_extension /opt/stack/neutron/neutron/api/extensions.py:415}}
Jun 17 02:21:28.584760 np0000180810 devstack@neutron-api.service[107808]: DEBUG neutron_lib.callbacks.manager [None req-98ce12db-86f7-4b44-bd50-37277f549e2b None None] Subscribe: > router before_delete 55550000, False {{(pid=107808) subscribe /opt/stack/data/venv/lib/python3.12/site-packages/neutron_lib/callbacks/manager.py:52}}
Jun 17 02:21:28.584957 np0000180810 devstack@neutron-api.service[107806]: INFO neutron.api.extensions [None req-92c5d1d6-656d-49f2-82e1-77cb01c85e3b None None] Extension l3-conntrack-helper not supported by any of loaded plugins
Jun 17 02:21:28.584957 np0000180810 devstack@neutron-api.service[107806]: DEBUG neutron.api.extensions [None req-92c5d1d6-656d-49f2-82e1-77cb01c85e3b None None] Loading extension file: l3_enable_default_route_bfd.py {{(pid=107806) _load_all_extensions_from_path /opt/stack/neutron/neutron/api/extensions.py:449}}
Jun 17 02:21:28.585132 np0000180810 devstack@neutron-api.service[107808]: DEBUG neutron_lib.callbacks.manager [None req-98ce12db-86f7-4b44-bd50-37277f549e2b None None] Subscribe: port before_update 55550000, False {{(pid=107808) subscribe /opt/stack/data/venv/lib/python3.12/site-packages/neutron_lib/callbacks/manager.py:52}}
Jun 17 02:21:28.585132 np0000180810 devstack@neutron-api.service[107808]: DEBUG neutron_lib.callbacks.manager [None req-98ce12db-86f7-4b44-bd50-37277f549e2b None None] Subscribe: port after_update 55550000, False {{(pid=107808) subscribe /opt/stack/data/venv/lib/python3.12/site-packages/neutron_lib/callbacks/manager.py:52}}
Jun 17 02:21:28.585269 np0000180810 devstack@neutron-api.service[107806]: DEBUG neutron.api.extensions [None req-92c5d1d6-656d-49f2-82e1-77cb01c85e3b None None] Ext name="Enable Default Route BFD" alias="enable-default-route-bfd" description="Enables configurable BFD behavior for default routes" updated="2023-02-27T00:00:00-00:00" {{(pid=107806) _check_extension /opt/stack/neutron/neutron/api/extensions.py:415}}
Jun 17 02:21:28.585371 np0000180810 devstack@neutron-api.service[107808]: DEBUG neutron_lib.callbacks.manager [None req-98ce12db-86f7-4b44-bd50-37277f549e2b None None] Subscribe: > port precommit_delete 55550000, False {{(pid=107808) subscribe /opt/stack/data/venv/lib/python3.12/site-packages/neutron_lib/callbacks/manager.py:52}}
Jun 17 02:21:28.585488 np0000180810 devstack@neutron-api.service[107806]: INFO neutron.api.extensions [None req-92c5d1d6-656d-49f2-82e1-77cb01c85e3b None None] Loaded extension: enable-default-route-bfd
Jun 17 02:21:28.585581 np0000180810 devstack@neutron-api.service[107808]: DEBUG neutron_lib.callbacks.manager [None req-98ce12db-86f7-4b44-bd50-37277f549e2b None None] Subscribe: port before_update 55550000, False {{(pid=107808) subscribe /opt/stack/data/venv/lib/python3.12/site-packages/neutron_lib/callbacks/manager.py:52}}
Jun 17 02:21:28.585684 np0000180810 devstack@neutron-api.service[107806]: DEBUG neutron.api.extensions [None req-92c5d1d6-656d-49f2-82e1-77cb01c85e3b None None] Loading extension file: l3_enable_default_route_ecmp.py {{(pid=107806) _load_all_extensions_from_path /opt/stack/neutron/neutron/api/extensions.py:449}}
Jun 17 02:21:28.585779 np0000180810 devstack@neutron-api.service[107808]: DEBUG neutron_lib.callbacks.manager [None req-98ce12db-86f7-4b44-bd50-37277f549e2b None None] Subscribe: port before_delete 55550000, False {{(pid=107808) subscribe /opt/stack/data/venv/lib/python3.12/site-packages/neutron_lib/callbacks/manager.py:52}}
Jun 17 02:21:28.585779 np0000180810 devstack@neutron-api.service[107808]: DEBUG neutron_lib.callbacks.manager [None req-98ce12db-86f7-4b44-bd50-37277f549e2b None None] Subscribe: > router precommit_create 55550000, False {{(pid=107808) subscribe /opt/stack/data/venv/lib/python3.12/site-packages/neutron_lib/callbacks/manager.py:52}}
Jun 17 02:21:28.585956 np0000180810 devstack@neutron-api.service[107806]: DEBUG neutron.api.extensions [None req-92c5d1d6-656d-49f2-82e1-77cb01c85e3b None None] Ext name="Enable Default Route ECMP" alias="enable-default-route-ecmp" description="Enables configurable ECMP behavior for default routes" updated="2023-02-27T00:00:00-00:00" {{(pid=107806) _check_extension /opt/stack/neutron/neutron/api/extensions.py:415}}
Jun 17 02:21:28.586060 np0000180810 devstack@neutron-api.service[107808]: DEBUG neutron_lib.callbacks.manager [None req-98ce12db-86f7-4b44-bd50-37277f549e2b None None] Subscribe: > router precommit_create 55550000, False {{(pid=107808) subscribe /opt/stack/data/venv/lib/python3.12/site-packages/neutron_lib/callbacks/manager.py:52}}
Jun 17 02:21:28.586166 np0000180810 devstack@neutron-api.service[107806]: INFO neutron.api.extensions [None req-92c5d1d6-656d-49f2-82e1-77cb01c85e3b None None] Loaded extension: enable-default-route-ecmp
Jun 17 02:21:28.586266 np0000180810 devstack@neutron-api.service[107808]: DEBUG neutron_lib.callbacks.manager [None req-98ce12db-86f7-4b44-bd50-37277f549e2b None None] Subscribe: > router precommit_update 55550000, False {{(pid=107808) subscribe /opt/stack/data/venv/lib/python3.12/site-packages/neutron_lib/callbacks/manager.py:52}}
Jun 17 02:21:28.586365 np0000180810 devstack@neutron-api.service[107806]: DEBUG neutron.api.extensions [None req-92c5d1d6-656d-49f2-82e1-77cb01c85e3b None None] Loading extension file: l3_ext_gw_mode.py {{(pid=107806) _load_all_extensions_from_path /opt/stack/neutron/neutron/api/extensions.py:449}}
Jun 17 02:21:28.586485 np0000180810 devstack@neutron-api.service[107808]: DEBUG neutron_lib.callbacks.manager [None req-98ce12db-86f7-4b44-bd50-37277f549e2b None None] Subscribe: subnet after_update 55550000, False {{(pid=107808) subscribe /opt/stack/data/venv/lib/python3.12/site-packages/neutron_lib/callbacks/manager.py:52}}
Jun 17 02:21:28.586578 np0000180810 devstack@neutron-api.service[107807]: DEBUG neutron_lib.callbacks.manager [None req-8768408e-c33c-4ee9-b528-543052006552 None None] Subscribe: > security_group after_delete 55550000, False {{(pid=107807) subscribe /opt/stack/data/venv/lib/python3.12/site-packages/neutron_lib/callbacks/manager.py:52}}
Jun 17 02:21:28.586714 np0000180810 devstack@neutron-api.service[107806]: DEBUG neutron.api.extensions [None req-92c5d1d6-656d-49f2-82e1-77cb01c85e3b None None] Ext name="Neutron L3 Configurable external gateway mode" alias="ext-gw-mode" description="Extension of the router abstraction for specifying whether SNAT should occur on the external gateway" updated="2013-03-28T10:00:00-00:00" {{(pid=107806) _check_extension /opt/stack/neutron/neutron/api/extensions.py:415}}
Jun 17 02:21:28.586818 np0000180810 devstack@neutron-api.service[107808]: DEBUG neutron.quota.resource_registry [None req-98ce12db-86f7-4b44-bd50-37277f549e2b None None] Tracking information for resource: router configured {{(pid=107808) set_tracked_resource /opt/stack/neutron/neutron/quota/resource_registry.py:203}}
Jun 17 02:21:28.587062 np0000180810 devstack@neutron-api.service[107807]: DEBUG neutron_lib.callbacks.manager [None req-8768408e-c33c-4ee9-b528-543052006552 None None] Subscribe: > security_group_rule precommit_create 55550000, False {{(pid=107807) subscribe /opt/stack/data/venv/lib/python3.12/site-packages/neutron_lib/callbacks/manager.py:52}}
Jun 17 02:21:28.587208 np0000180810 devstack@neutron-api.service[107808]: DEBUG neutron.quota.resource_registry [None req-98ce12db-86f7-4b44-bd50-37277f549e2b None None] Tracking information for resource: floatingip configured {{(pid=107808) set_tracked_resource /opt/stack/neutron/neutron/quota/resource_registry.py:203}}
Jun 17 02:21:28.587329 np0000180810 devstack@neutron-api.service[107807]: DEBUG neutron_lib.callbacks.manager [None req-8768408e-c33c-4ee9-b528-543052006552 None None] Subscribe: > security_group_rule after_create 55550000, False {{(pid=107807) subscribe /opt/stack/data/venv/lib/python3.12/site-packages/neutron_lib/callbacks/manager.py:52}}
Jun 17 02:21:28.587466 np0000180810 devstack@neutron-api.service[107806]: INFO neutron.api.extensions [None req-92c5d1d6-656d-49f2-82e1-77cb01c85e3b None None] Loaded extension: ext-gw-mode
Jun 17 02:21:28.587614 np0000180810 devstack@neutron-api.service[107808]: INFO neutron.services.ovn_l3.plugin [None req-98ce12db-86f7-4b44-bd50-37277f549e2b None None] Starting OVNL3RouterPlugin
Jun 17 02:21:28.587742 np0000180810 devstack@neutron-api.service[107807]: DEBUG neutron_lib.callbacks.manager [None req-8768408e-c33c-4ee9-b528-543052006552 None None] Subscribe: > security_group_rule before_delete 55550000, False {{(pid=107807) subscribe /opt/stack/data/venv/lib/python3.12/site-packages/neutron_lib/callbacks/manager.py:52}}
Jun 17 02:21:28.587977 np0000180810 devstack@neutron-api.service[107806]: DEBUG neutron.api.extensions [None req-92c5d1d6-656d-49f2-82e1-77cb01c85e3b None None] Loading extension file: l3_ext_ha_mode.py {{(pid=107806) _load_all_extensions_from_path /opt/stack/neutron/neutron/api/extensions.py:449}}
Jun 17 02:21:28.588101 np0000180810 devstack@neutron-api.service[107807]: DEBUG neutron_lib.callbacks.manager [None req-8768408e-c33c-4ee9-b528-543052006552 None None] Subscribe: > address_group after_create 55550000, False {{(pid=107807) subscribe /opt/stack/data/venv/lib/python3.12/site-packages/neutron_lib/callbacks/manager.py:52}}
Jun 17 02:21:28.588444 np0000180810 devstack@neutron-api.service[107808]: DEBUG neutron_lib.callbacks.manager [None req-98ce12db-86f7-4b44-bd50-37277f549e2b None None] Subscribe: > port_forwarding_plugin after_init 55550000, False {{(pid=107808) subscribe /opt/stack/data/venv/lib/python3.12/site-packages/neutron_lib/callbacks/manager.py:52}}
Jun 17 02:21:28.588748 np0000180810 devstack@neutron-api.service[107807]: DEBUG neutron_lib.callbacks.manager [None req-8768408e-c33c-4ee9-b528-543052006552 None None] Subscribe: > address_group after_update 55550000, False {{(pid=107807) subscribe /opt/stack/data/venv/lib/python3.12/site-packages/neutron_lib/callbacks/manager.py:52}}
Jun 17 02:21:28.588966 np0000180810 devstack@neutron-api.service[107806]: DEBUG neutron.api.extensions [None req-92c5d1d6-656d-49f2-82e1-77cb01c85e3b None None] Ext name="HA Router extension" alias="l3-ha" description="Adds HA capability to routers." updated="2014-04-26T00:00:00-00:00" {{(pid=107806) _check_extension /opt/stack/neutron/neutron/api/extensions.py:415}}
Jun 17 02:21:28.589099 np0000180810 devstack@neutron-api.service[107807]: DEBUG neutron_lib.callbacks.manager [None req-8768408e-c33c-4ee9-b528-543052006552 None None] Subscribe: > address_group after_delete 55550000, False {{(pid=107807) subscribe /opt/stack/data/venv/lib/python3.12/site-packages/neutron_lib/callbacks/manager.py:52}}
Jun 17 02:21:28.589244 np0000180810 devstack@neutron-api.service[107808]: DEBUG neutron_lib.callbacks.manager [None req-98ce12db-86f7-4b44-bd50-37277f549e2b None None] Subscribe: > router before_create 55550100, False {{(pid=107808) subscribe /opt/stack/data/venv/lib/python3.12/site-packages/neutron_lib/callbacks/manager.py:52}}
Jun 17 02:21:28.589389 np0000180810 devstack@neutron-api.service[107807]: DEBUG neutron_lib.callbacks.manager [None req-8768408e-c33c-4ee9-b528-543052006552 None None] Subscribe: > qos_plugin after_init 55550000, False {{(pid=107807) subscribe /opt/stack/data/venv/lib/python3.12/site-packages/neutron_lib/callbacks/manager.py:52}}
Jun 17 02:21:28.589520 np0000180810 devstack@neutron-api.service[107806]: INFO neutron.api.extensions [None req-92c5d1d6-656d-49f2-82e1-77cb01c85e3b None None] Loaded extension: l3-ha
Jun 17 02:21:28.589650 np0000180810 devstack@neutron-api.service[107807]: DEBUG neutron_lib.callbacks.manager [None req-8768408e-c33c-4ee9-b528-543052006552 None None] Subscribe: > trunk_plugin after_init 55550000, False {{(pid=107807) subscribe /opt/stack/data/venv/lib/python3.12/site-packages/neutron_lib/callbacks/manager.py:52}}
Jun 17 02:21:28.589810 np0000180810 devstack@neutron-api.service[107808]: DEBUG neutron_lib.callbacks.manager [None req-98ce12db-86f7-4b44-bd50-37277f549e2b None None] Subscribe: > router precommit_delete 55550100, False {{(pid=107808) subscribe /opt/stack/data/venv/lib/python3.12/site-packages/neutron_lib/callbacks/manager.py:52}}
Jun 17 02:21:28.589961 np0000180810 devstack@neutron-api.service[107806]: DEBUG neutron.api.extensions [None req-92c5d1d6-656d-49f2-82e1-77cb01c85e3b None None] Loading extension file: l3_ext_ndp_proxy.py {{(pid=107806) _load_all_extensions_from_path /opt/stack/neutron/neutron/api/extensions.py:449}}
Jun 17 02:21:28.590135 np0000180810 devstack@neutron-api.service[107808]: DEBUG neutron_lib.callbacks.manager [None req-98ce12db-86f7-4b44-bd50-37277f549e2b None None] Subscribe: > router precommit_create 55550100, False {{(pid=107808) subscribe /opt/stack/data/venv/lib/python3.12/site-packages/neutron_lib/callbacks/manager.py:52}}
Jun 17 02:21:28.590279 np0000180810 devstack@neutron-api.service[107807]: DEBUG neutron_lib.callbacks.manager [None req-8768408e-c33c-4ee9-b528-543052006552 None None] Subscribe: > logging-plugin after_init 55550000, False {{(pid=107807) subscribe /opt/stack/data/venv/lib/python3.12/site-packages/neutron_lib/callbacks/manager.py:52}}
Jun 17 02:21:28.590443 np0000180810 devstack@neutron-api.service[107808]: DEBUG neutron_lib.callbacks.manager [None req-98ce12db-86f7-4b44-bd50-37277f549e2b None None] Subscribe: > router precommit_update 55550100, False {{(pid=107808) subscribe /opt/stack/data/venv/lib/python3.12/site-packages/neutron_lib/callbacks/manager.py:52}}
Jun 17 02:21:28.590586 np0000180810 devstack@neutron-api.service[107806]: DEBUG neutron.api.extensions [None req-92c5d1d6-656d-49f2-82e1-77cb01c85e3b None None] Ext name="Router support to enable NDP proxy" alias="l3-ext-ndp-proxy" description="Router extension to enable ndp proxy" updated="2020-08-25T00:00:00-00:00" {{(pid=107806) _check_extension /opt/stack/neutron/neutron/api/extensions.py:415}}
Jun 17 02:21:28.590586 np0000180810 devstack@neutron-api.service[107806]: INFO neutron.api.extensions [None req-92c5d1d6-656d-49f2-82e1-77cb01c85e3b None None] Extension l3-ext-ndp-proxy not supported by any of loaded plugins
Jun 17 02:21:28.590586 np0000180810 devstack@neutron-api.service[107806]: DEBUG neutron.api.extensions [None req-92c5d1d6-656d-49f2-82e1-77cb01c85e3b None None] Loading extension file: l3_extra_gws.py {{(pid=107806) _load_all_extensions_from_path /opt/stack/neutron/neutron/api/extensions.py:449}}
Jun 17 02:21:28.591214 np0000180810 devstack@neutron-api.service[107807]: INFO neutron.services.logapi.drivers.ovn.driver [None req-8768408e-c33c-4ee9-b528-543052006552 None None] OVN logging driver registered
Jun 17 02:21:28.591563 np0000180810 devstack@neutron-api.service[107806]: DEBUG neutron.api.extensions [None req-92c5d1d6-656d-49f2-82e1-77cb01c85e3b None None] Ext name="Neutron L3 External Gateway Multihoming" alias="external-gateway-multihoming" description="Allow multiple external gateway ports per router" updated="2023-01-18T00:00:00-00:00" {{(pid=107806) _check_extension /opt/stack/neutron/neutron/api/extensions.py:415}}
Jun 17 02:21:28.591712 np0000180810 devstack@neutron-api.service[107807]: DEBUG neutron_lib.callbacks.manager [None req-8768408e-c33c-4ee9-b528-543052006552 None None] Subscribe: ._register_pvlan_driver at 0x792874048400> pvlan_plugin before_spawn 55550000, False {{(pid=107807) subscribe /opt/stack/data/venv/lib/python3.12/site-packages/neutron_lib/callbacks/manager.py:52}}
Jun 17 02:21:28.591712 np0000180810 devstack@neutron-api.service[107807]: DEBUG neutron_lib.callbacks.manager [None req-8768408e-c33c-4ee9-b528-543052006552 None None] Subscribe: process after_init 55550000, False {{(pid=107807) subscribe /opt/stack/data/venv/lib/python3.12/site-packages/neutron_lib/callbacks/manager.py:52}}
Jun 17 02:21:28.591958 np0000180810 devstack@neutron-api.service[107806]: INFO neutron.api.extensions [None req-92c5d1d6-656d-49f2-82e1-77cb01c85e3b None None] Loaded extension: external-gateway-multihoming
Jun 17 02:21:28.591958 np0000180810 devstack@neutron-api.service[107806]: DEBUG neutron.api.extensions [None req-92c5d1d6-656d-49f2-82e1-77cb01c85e3b None None] Loading extension file: l3_flavors.py {{(pid=107806) _load_all_extensions_from_path /opt/stack/neutron/neutron/api/extensions.py:449}}
Jun 17 02:21:28.591958 np0000180810 devstack@neutron-api.service[107806]: DEBUG neutron.api.extensions [None req-92c5d1d6-656d-49f2-82e1-77cb01c85e3b None None] Ext name="Router Flavor Extension" alias="l3-flavors" description="Flavor support for routers." updated="2016-05-17T00:00:00-00:00" {{(pid=107806) _check_extension /opt/stack/neutron/neutron/api/extensions.py:415}}
Jun 17 02:21:28.591958 np0000180810 devstack@neutron-api.service[107806]: INFO neutron.api.extensions [None req-92c5d1d6-656d-49f2-82e1-77cb01c85e3b None None] Loaded extension: l3-flavors
Jun 17 02:21:28.591958 np0000180810 devstack@neutron-api.service[107806]: DEBUG neutron.api.extensions [None req-92c5d1d6-656d-49f2-82e1-77cb01c85e3b None None] Loading extension file: l3_ndp_proxy.py {{(pid=107806) _load_all_extensions_from_path /opt/stack/neutron/neutron/api/extensions.py:449}}
Jun 17 02:21:28.591958 np0000180810 devstack@neutron-api.service[107806]: DEBUG neutron.api.extensions [None req-92c5d1d6-656d-49f2-82e1-77cb01c85e3b None None] Ext name="name" alias="l3-ndp-proxy" description="description" updated="2021-06-29T10:00:00-00:00" {{(pid=107806) _check_extension /opt/stack/neutron/neutron/api/extensions.py:415}}
Jun 17 02:21:28.591958 np0000180810 devstack@neutron-api.service[107806]: INFO neutron.api.extensions [None req-92c5d1d6-656d-49f2-82e1-77cb01c85e3b None None] Extension l3-ndp-proxy not supported by any of loaded plugins
Jun 17 02:21:28.591958 np0000180810 devstack@neutron-api.service[107806]: DEBUG neutron.api.extensions [None req-92c5d1d6-656d-49f2-82e1-77cb01c85e3b None None] Loading extension file: l3_port_ip_change_not_allowed.py {{(pid=107806) _load_all_extensions_from_path /opt/stack/neutron/neutron/api/extensions.py:449}}
Jun 17 02:21:28.592351 np0000180810 devstack@neutron-api.service[107806]: DEBUG neutron.api.extensions [None req-92c5d1d6-656d-49f2-82e1-77cb01c85e3b None None] Ext name="Prevent L3 router ports IP address change extension" alias="l3-port-ip-change-not-allowed" description="Prevent change of IP address for some L3 router ports" updated="2018-10-09T10:00:00-00:00" {{(pid=107806) _check_extension /opt/stack/neutron/neutron/api/extensions.py:415}}
Jun 17 02:21:28.592351 np0000180810 devstack@neutron-api.service[107806]: INFO neutron.api.extensions [None req-92c5d1d6-656d-49f2-82e1-77cb01c85e3b None None] Extension l3-port-ip-change-not-allowed not supported by any of loaded plugins
Jun 17 02:21:28.592351 np0000180810 devstack@neutron-api.service[107806]: DEBUG neutron.api.extensions [None req-92c5d1d6-656d-49f2-82e1-77cb01c85e3b None None] Loading extension file: l3agentscheduler.py {{(pid=107806) _load_all_extensions_from_path /opt/stack/neutron/neutron/api/extensions.py:449}}
Jun 17 02:21:28.592351 np0000180810 devstack@neutron-api.service[107806]: DEBUG neutron.api.extensions [None req-92c5d1d6-656d-49f2-82e1-77cb01c85e3b None None] Ext name="L3 Agent Scheduler" alias="l3_agent_scheduler" description="Schedule routers among l3 agents" updated="2013-02-07T10:00:00-00:00" {{(pid=107806) _check_extension /opt/stack/neutron/neutron/api/extensions.py:415}}
Jun 17 02:21:28.592351 np0000180810 devstack@neutron-api.service[107806]: INFO neutron.api.extensions [None req-92c5d1d6-656d-49f2-82e1-77cb01c85e3b None None] Loaded extension: l3_agent_scheduler
Jun 17 02:21:28.592351 np0000180810 devstack@neutron-api.service[107806]: DEBUG neutron.api.extensions [None req-92c5d1d6-656d-49f2-82e1-77cb01c85e3b None None] Loading extension file: local_ip.py {{(pid=107806) _load_all_extensions_from_path /opt/stack/neutron/neutron/api/extensions.py:449}}
Jun 17 02:21:28.592351 np0000180810 devstack@neutron-api.service[107806]: DEBUG neutron.api.extensions [None req-92c5d1d6-656d-49f2-82e1-77cb01c85e3b None None] Ext name="Local IP" alias="local_ip" description="Support Node Local Virtual IP" updated="2021-07-26T10:00:00-00:00" {{(pid=107806) _check_extension /opt/stack/neutron/neutron/api/extensions.py:415}}
Jun 17 02:21:28.592714 np0000180810 devstack@neutron-api.service[107808]: DEBUG neutron.services.provider_configuration [None req-98ce12db-86f7-4b44-bd50-37277f549e2b None None] Service providers = [] {{(pid=107808) parse_service_provider_opt /opt/stack/neutron/neutron/services/provider_configuration.py:170}}
Jun 17 02:21:28.592854 np0000180810 devstack@neutron-api.service[107806]: INFO neutron.api.extensions [None req-92c5d1d6-656d-49f2-82e1-77cb01c85e3b None None] Extension local_ip not supported by any of loaded plugins
Jun 17 02:21:28.593050 np0000180810 devstack@neutron-api.service[107808]: DEBUG neutron.db.servicetype_db [None req-98ce12db-86f7-4b44-bd50-37277f549e2b None None] Adding provider configuration for service L3_ROUTER_NAT {{(pid=107808) add_provider_configuration /opt/stack/neutron/neutron/db/servicetype_db.py:45}}
Jun 17 02:21:28.593201 np0000180810 devstack@neutron-api.service[107806]: DEBUG neutron.api.extensions [None req-92c5d1d6-656d-49f2-82e1-77cb01c85e3b None None] Loading extension file: logging.py {{(pid=107806) _load_all_extensions_from_path /opt/stack/neutron/neutron/api/extensions.py:449}}
Jun 17 02:21:28.593201 np0000180810 devstack@neutron-api.service[107806]: DEBUG neutron.api.extensions [None req-92c5d1d6-656d-49f2-82e1-77cb01c85e3b None None] Ext name="Logging API Extension" alias="logging" description="Provides a logging API for resources such as security group and firewall." updated="2017-01-01T10:00:00-00:00" {{(pid=107806) _check_extension /opt/stack/neutron/neutron/api/extensions.py:415}}
Jun 17 02:21:28.593201 np0000180810 devstack@neutron-api.service[107806]: INFO neutron.api.extensions [None req-92c5d1d6-656d-49f2-82e1-77cb01c85e3b None None] Extension logging not supported by any of loaded plugins
Jun 17 02:21:28.593201 np0000180810 devstack@neutron-api.service[107806]: DEBUG neutron.api.extensions [None req-92c5d1d6-656d-49f2-82e1-77cb01c85e3b None None] Loading extension file: metering.py {{(pid=107806) _load_all_extensions_from_path /opt/stack/neutron/neutron/api/extensions.py:449}}
Jun 17 02:21:28.593201 np0000180810 devstack@neutron-api.service[107806]: DEBUG neutron.api.extensions [None req-92c5d1d6-656d-49f2-82e1-77cb01c85e3b None None] Ext name="Neutron Metering" alias="metering" description="Neutron Metering extension." updated="2013-06-12T10:00:00-00:00" {{(pid=107806) _check_extension /opt/stack/neutron/neutron/api/extensions.py:415}}
Jun 17 02:21:28.593201 np0000180810 devstack@neutron-api.service[107806]: INFO neutron.api.extensions [None req-92c5d1d6-656d-49f2-82e1-77cb01c85e3b None None] Extension metering not supported by any of loaded plugins
Jun 17 02:21:28.593201 np0000180810 devstack@neutron-api.service[107806]: DEBUG neutron.api.extensions [None req-92c5d1d6-656d-49f2-82e1-77cb01c85e3b None None] Loading extension file: metering_source_and_destination_fields.py {{(pid=107806) _load_all_extensions_from_path /opt/stack/neutron/neutron/api/extensions.py:449}}
Jun 17 02:21:28.593551 np0000180810 devstack@neutron-api.service[107807]: DEBUG neutron.plugins.ml2.plugin [None req-8768408e-c33c-4ee9-b528-543052006552 None None] neutron.plugins.ml2.plugin.Ml2Plugin method _start_rpc_notifiers called with arguments () {} {{(pid=107807) wrapper /opt/stack/data/venv/lib/python3.12/site-packages/oslo_log/helpers.py:77}}
Jun 17 02:21:28.593693 np0000180810 devstack@neutron-api.service[107806]: DEBUG neutron.api.extensions [None req-92c5d1d6-656d-49f2-82e1-77cb01c85e3b None None] Ext name="Neutron Metering with source and destination filtering" alias="metering_source_and_destination_fields" description="Neutron Metering extension that enables the use of source and destination IP prefixes to create metering label rules." updated="2020-08-21T08:12:00-00:00" {{(pid=107806) _check_extension /opt/stack/neutron/neutron/api/extensions.py:415}}
Jun 17 02:21:28.594122 np0000180810 devstack@neutron-api.service[107808]: DEBUG neutron_lib.callbacks.manager [None req-98ce12db-86f7-4b44-bd50-37277f549e2b None None] Subscribe: > router precommit_create 55549900, False {{(pid=107808) subscribe /opt/stack/data/venv/lib/python3.12/site-packages/neutron_lib/callbacks/manager.py:52}}
Jun 17 02:21:28.594528 np0000180810 devstack@neutron-api.service[107807]: DEBUG neutron_lib.callbacks.manager [None req-8768408e-c33c-4ee9-b528-543052006552 None None] Subscribe: > port after_create 55550000, False {{(pid=107807) subscribe /opt/stack/data/venv/lib/python3.12/site-packages/neutron_lib/callbacks/manager.py:52}}
Jun 17 02:21:28.594937 np0000180810 devstack@neutron-api.service[107808]: DEBUG neutron_lib.callbacks.manager [None req-98ce12db-86f7-4b44-bd50-37277f549e2b None None] Subscribe: > router_interface after_create 55550000, False {{(pid=107808) subscribe /opt/stack/data/venv/lib/python3.12/site-packages/neutron_lib/callbacks/manager.py:52}}
Jun 17 02:21:28.595082 np0000180810 devstack@neutron-api.service[107807]: DEBUG neutron_lib.callbacks.manager [None req-8768408e-c33c-4ee9-b528-543052006552 None None] Subscribe: > port after_update 55550000, False {{(pid=107807) subscribe /opt/stack/data/venv/lib/python3.12/site-packages/neutron_lib/callbacks/manager.py:52}}
Jun 17 02:21:28.595271 np0000180810 devstack@neutron-api.service[107806]: INFO neutron.api.extensions [None req-92c5d1d6-656d-49f2-82e1-77cb01c85e3b None None] Extension metering_source_and_destination_fields not supported by any of loaded plugins
Jun 17 02:21:28.595465 np0000180810 devstack@neutron-api.service[107808]: DEBUG neutron_lib.callbacks.manager [None req-98ce12db-86f7-4b44-bd50-37277f549e2b None None] Subscribe: > floatingip after_create 55550000, False {{(pid=107808) subscribe /opt/stack/data/venv/lib/python3.12/site-packages/neutron_lib/callbacks/manager.py:52}}
Jun 17 02:21:28.595669 np0000180810 devstack@neutron-api.service[107806]: DEBUG neutron.api.extensions [None req-92c5d1d6-656d-49f2-82e1-77cb01c85e3b None None] Loading extension file: multiprovidernet.py {{(pid=107806) _load_all_extensions_from_path /opt/stack/neutron/neutron/api/extensions.py:449}}
Jun 17 02:21:28.595878 np0000180810 devstack@neutron-api.service[107807]: DEBUG neutron_lib.callbacks.manager [None req-8768408e-c33c-4ee9-b528-543052006552 None None] Subscribe: > port after_delete 55550000, False {{(pid=107807) subscribe /opt/stack/data/venv/lib/python3.12/site-packages/neutron_lib/callbacks/manager.py:52}}
Jun 17 02:21:28.596047 np0000180810 devstack@neutron-api.service[107808]: DEBUG neutron_lib.callbacks.manager [None req-98ce12db-86f7-4b44-bd50-37277f549e2b None None] Subscribe: > floatingip precommit_create 55550000, False {{(pid=107808) subscribe /opt/stack/data/venv/lib/python3.12/site-packages/neutron_lib/callbacks/manager.py:52}}
Jun 17 02:21:28.596182 np0000180810 devstack@neutron-api.service[107807]: DEBUG neutron_lib.callbacks.manager [None req-8768408e-c33c-4ee9-b528-543052006552 None None] Subscribe: > subnet after_create 55550000, False {{(pid=107807) subscribe /opt/stack/data/venv/lib/python3.12/site-packages/neutron_lib/callbacks/manager.py:52}}
Jun 17 02:21:28.596455 np0000180810 devstack@neutron-api.service[107808]: DEBUG neutron_lib.callbacks.manager [None req-98ce12db-86f7-4b44-bd50-37277f549e2b None None] Subscribe: > floatingip precommit_update 55550000, False {{(pid=107808) subscribe /opt/stack/data/venv/lib/python3.12/site-packages/neutron_lib/callbacks/manager.py:52}}
Jun 17 02:21:28.596595 np0000180810 devstack@neutron-api.service[107807]: DEBUG neutron_lib.callbacks.manager [None req-8768408e-c33c-4ee9-b528-543052006552 None None] Subscribe: > subnet after_update 55550000, False {{(pid=107807) subscribe /opt/stack/data/venv/lib/python3.12/site-packages/neutron_lib/callbacks/manager.py:52}}
Jun 17 02:21:28.596732 np0000180810 devstack@neutron-api.service[107806]: DEBUG neutron.api.extensions [None req-92c5d1d6-656d-49f2-82e1-77cb01c85e3b None None] Ext name="Multi Provider Network" alias="multi-provider" description="Expose mapping of virtual networks to multiple physical networks" updated="2013-06-27T10:00:00-00:00" {{(pid=107806) _check_extension /opt/stack/neutron/neutron/api/extensions.py:415}}
Jun 17 02:21:28.596981 np0000180810 devstack@neutron-api.service[107807]: DEBUG neutron_lib.callbacks.manager [None req-8768408e-c33c-4ee9-b528-543052006552 None None] Subscribe: > subnet after_delete 55550000, False {{(pid=107807) subscribe /opt/stack/data/venv/lib/python3.12/site-packages/neutron_lib/callbacks/manager.py:52}}
Jun 17 02:21:28.596981 np0000180810 devstack@neutron-api.service[107807]: DEBUG neutron_lib.callbacks.manager [None req-8768408e-c33c-4ee9-b528-543052006552 None None] Subscribe: > network after_create 55550000, False {{(pid=107807) subscribe /opt/stack/data/venv/lib/python3.12/site-packages/neutron_lib/callbacks/manager.py:52}}
Jun 17 02:21:28.597140 np0000180810 devstack@neutron-api.service[107808]: DEBUG neutron_lib.callbacks.manager [None req-98ce12db-86f7-4b44-bd50-37277f549e2b None None] Subscribe: > floatingip after_delete 55550000, False {{(pid=107808) subscribe /opt/stack/data/venv/lib/python3.12/site-packages/neutron_lib/callbacks/manager.py:52}}
Jun 17 02:21:28.597242 np0000180810 devstack@neutron-api.service[107806]: INFO neutron.api.extensions [None req-92c5d1d6-656d-49f2-82e1-77cb01c85e3b None None] Loaded extension: multi-provider
Jun 17 02:21:28.597397 np0000180810 devstack@neutron-api.service[107807]: DEBUG neutron_lib.callbacks.manager [None req-8768408e-c33c-4ee9-b528-543052006552 None None] Subscribe: > network after_update 55550000, False {{(pid=107807) subscribe /opt/stack/data/venv/lib/python3.12/site-packages/neutron_lib/callbacks/manager.py:52}}
Jun 17 02:21:28.597485 np0000180810 devstack@neutron-api.service[107808]: DEBUG neutron_lib.callbacks.manager [None req-98ce12db-86f7-4b44-bd50-37277f549e2b None None] Subscribe: > floatingip after_status_update 55550000, False {{(pid=107808) subscribe /opt/stack/data/venv/lib/python3.12/site-packages/neutron_lib/callbacks/manager.py:52}}
Jun 17 02:21:28.597587 np0000180810 devstack@neutron-api.service[107806]: DEBUG neutron.api.extensions [None req-92c5d1d6-656d-49f2-82e1-77cb01c85e3b None None] Loading extension file: netmtu.py {{(pid=107806) _load_all_extensions_from_path /opt/stack/neutron/neutron/api/extensions.py:449}}
Jun 17 02:21:28.597834 np0000180810 devstack@neutron-api.service[107807]: DEBUG neutron_lib.callbacks.manager [None req-8768408e-c33c-4ee9-b528-543052006552 None None] Subscribe: > network after_delete 55550000, False {{(pid=107807) subscribe /opt/stack/data/venv/lib/python3.12/site-packages/neutron_lib/callbacks/manager.py:52}}
Jun 17 02:21:28.597974 np0000180810 devstack@neutron-api.service[107808]: DEBUG neutron_lib.callbacks.manager [None req-98ce12db-86f7-4b44-bd50-37277f549e2b None None] Subscribe: > floatingip after_update 55550000, False {{(pid=107808) subscribe /opt/stack/data/venv/lib/python3.12/site-packages/neutron_lib/callbacks/manager.py:52}}
Jun 17 02:21:28.598072 np0000180810 devstack@neutron-api.service[107807]: DEBUG neutron_lib.callbacks.manager [None req-8768408e-c33c-4ee9-b528-543052006552 None None] Subscribe: > security_group after_create 55550000, False {{(pid=107807) subscribe /opt/stack/data/venv/lib/python3.12/site-packages/neutron_lib/callbacks/manager.py:52}}
Jun 17 02:21:28.598169 np0000180810 devstack@neutron-api.service[107808]: DEBUG neutron_lib.callbacks.manager [None req-98ce12db-86f7-4b44-bd50-37277f549e2b None None] Subscribe: > port_forwarding after_create 55550000, False {{(pid=107808) subscribe /opt/stack/data/venv/lib/python3.12/site-packages/neutron_lib/callbacks/manager.py:52}}
Jun 17 02:21:28.598385 np0000180810 devstack@neutron-api.service[107806]: DEBUG neutron.api.extensions [None req-92c5d1d6-656d-49f2-82e1-77cb01c85e3b None None] Ext name="Network MTU" alias="net-mtu" description="Provides MTU attribute for a network resource." updated="2015-03-25T10:00:00-00:00" {{(pid=107806) _check_extension /opt/stack/neutron/neutron/api/extensions.py:415}}
Jun 17 02:21:28.598477 np0000180810 devstack@neutron-api.service[107807]: DEBUG neutron_lib.callbacks.manager [None req-8768408e-c33c-4ee9-b528-543052006552 None None] Subscribe: > security_group after_update 55550000, False {{(pid=107807) subscribe /opt/stack/data/venv/lib/python3.12/site-packages/neutron_lib/callbacks/manager.py:52}}
Jun 17 02:21:28.598733 np0000180810 devstack@neutron-api.service[107808]: DEBUG neutron_lib.callbacks.manager [None req-98ce12db-86f7-4b44-bd50-37277f549e2b None None] Subscribe: > router_interface after_delete 55550000, False {{(pid=107808) subscribe /opt/stack/data/venv/lib/python3.12/site-packages/neutron_lib/callbacks/manager.py:52}}
Jun 17 02:21:28.598906 np0000180810 devstack@neutron-api.service[107807]: DEBUG neutron_lib.callbacks.manager [None req-8768408e-c33c-4ee9-b528-543052006552 None None] Subscribe: > security_group after_delete 55550000, False {{(pid=107807) subscribe /opt/stack/data/venv/lib/python3.12/site-packages/neutron_lib/callbacks/manager.py:52}}
Jun 17 02:21:28.599007 np0000180810 devstack@neutron-api.service[107808]: DEBUG neutron_lib.callbacks.manager [None req-98ce12db-86f7-4b44-bd50-37277f549e2b None None] Subscribe: > router after_create 55550000, False {{(pid=107808) subscribe /opt/stack/data/venv/lib/python3.12/site-packages/neutron_lib/callbacks/manager.py:52}}
