Jun 17 02:24:13.849432 np0000180810 devstack@neutron-api.service[107807]: DEBUG neutron.plugins.ml2.drivers.ovn.mech_driver.ovsdb.maintenance [-] Touching Hash Ring node "6f51651439215c6ea6125c6ddb72fa07" from periodic health check thread {{(pid=107807) touch_hash_ring_node /opt/stack/neutron/neutron/plugins/ml2/drivers/ovn/mech_driver/ovsdb/maintenance.py:1419}}
Jun 17 02:24:22.898115 np0000180810 devstack@neutron-api.service[107805]: DEBUG dbcounter [-] [107805] Writing DB stats neutron:UPDATE=1,neutron:SELECT=1 {{(pid=107805) stat_writer /opt/stack/data/venv/lib/python3.12/site-packages/dbcounter.py:115}}
Jun 17 02:24:23.789105 np0000180810 devstack@neutron-api.service[107806]: DEBUG dbcounter [-] [107806] Writing DB stats neutron:UPDATE=1,neutron:SELECT=1 {{(pid=107806) stat_writer /opt/stack/data/venv/lib/python3.12/site-packages/dbcounter.py:115}}
Jun 17 02:24:23.849593 np0000180810 devstack@neutron-api.service[107808]: DEBUG dbcounter [-] [107808] Writing DB stats neutron:UPDATE=1,neutron:SELECT=1 {{(pid=107808) stat_writer /opt/stack/data/venv/lib/python3.12/site-packages/dbcounter.py:115}}
Jun 17 02:24:23.860091 np0000180810 devstack@neutron-api.service[107807]: DEBUG dbcounter [-] [107807] Writing DB stats neutron:UPDATE=1,neutron:SELECT=1 {{(pid=107807) stat_writer /opt/stack/data/venv/lib/python3.12/site-packages/dbcounter.py:115}}
Jun 17 02:24:27.887090 np0000180810 devstack@neutron-api.service[107805]: DEBUG futurist.periodics [-] Submitting periodic callback 'neutron.plugins.ml2.drivers.ovn.mech_driver.ovsdb.maintenance.HashRingHealthCheckPeriodics.touch_hash_ring_node' {{(pid=107805) _process_scheduled /opt/stack/data/venv/lib/python3.12/site-packages/futurist/periodics.py:784}}
Jun 17 02:24:27.887765 np0000180810 devstack@neutron-api.service[107805]: DEBUG neutron.plugins.ml2.drivers.ovn.mech_driver.ovsdb.maintenance [-] Touching Hash Ring node "84bd6d0510ad5555919785de3244da9f" from periodic health check thread {{(pid=107805) touch_hash_ring_node /opt/stack/neutron/neutron/plugins/ml2/drivers/ovn/mech_driver/ovsdb/maintenance.py:1419}}
Jun 17 02:24:28.777762 np0000180810 devstack@neutron-api.service[107806]: DEBUG futurist.periodics [-] Submitting periodic callback 'neutron.plugins.ml2.drivers.ovn.mech_driver.ovsdb.maintenance.HashRingHealthCheckPeriodics.touch_hash_ring_node' {{(pid=107806) _process_scheduled /opt/stack/data/venv/lib/python3.12/site-packages/futurist/periodics.py:784}}
Jun 17 02:24:28.778502 np0000180810 devstack@neutron-api.service[107806]: DEBUG neutron.plugins.ml2.drivers.ovn.mech_driver.ovsdb.maintenance [-] Touching Hash Ring node "f2ed74606f9c53aebfec1aed4c2dd464" from periodic health check thread {{(pid=107806) touch_hash_ring_node /opt/stack/neutron/neutron/plugins/ml2/drivers/ovn/mech_driver/ovsdb/maintenance.py:1419}}
Jun 17 02:24:28.839435 np0000180810 devstack@neutron-api.service[107808]: DEBUG futurist.periodics [-] Submitting periodic callback 'neutron.plugins.ml2.drivers.ovn.mech_driver.ovsdb.maintenance.HashRingHealthCheckPeriodics.touch_hash_ring_node' {{(pid=107808) _process_scheduled /opt/stack/data/venv/lib/python3.12/site-packages/futurist/periodics.py:784}}
Jun 17 02:24:28.840194 np0000180810 devstack@neutron-api.service[107808]: DEBUG neutron.plugins.ml2.drivers.ovn.mech_driver.ovsdb.maintenance [-] Touching Hash Ring node "0a4a3f18f8be5b919f5889221ca00474" from periodic health check thread {{(pid=107808) touch_hash_ring_node /opt/stack/neutron/neutron/plugins/ml2/drivers/ovn/mech_driver/ovsdb/maintenance.py:1419}}
Jun 17 02:24:28.849628 np0000180810 devstack@neutron-api.service[107807]: DEBUG futurist.periodics [-] Submitting periodic callback 'neutron.plugins.ml2.drivers.ovn.mech_driver.ovsdb.maintenance.HashRingHealthCheckPeriodics.touch_hash_ring_node' {{(pid=107807) _process_scheduled /opt/stack/data/venv/lib/python3.12/site-packages/futurist/periodics.py:784}}
Jun 17 02:24:28.850345 np0000180810 devstack@neutron-api.service[107807]: DEBUG neutron.plugins.ml2.drivers.ovn.mech_driver.ovsdb.maintenance [-] Touching Hash Ring node "6f51651439215c6ea6125c6ddb72fa07" from periodic health check thread {{(pid=107807) touch_hash_ring_node /opt/stack/neutron/neutron/plugins/ml2/drivers/ovn/mech_driver/ovsdb/maintenance.py:1419}}
Jun 17 02:24:37.897671 np0000180810 devstack@neutron-api.service[107805]: DEBUG dbcounter [-] [107805] Writing DB stats neutron:UPDATE=1,neutron:SELECT=1 {{(pid=107805) stat_writer /opt/stack/data/venv/lib/python3.12/site-packages/dbcounter.py:115}}
Jun 17 02:24:38.790974 np0000180810 devstack@neutron-api.service[107806]: DEBUG dbcounter [-] [107806] Writing DB stats neutron:UPDATE=1,neutron:SELECT=1 {{(pid=107806) stat_writer /opt/stack/data/venv/lib/python3.12/site-packages/dbcounter.py:115}}
Jun 17 02:24:38.850650 np0000180810 devstack@neutron-api.service[107808]: DEBUG dbcounter [-] [107808] Writing DB stats neutron:UPDATE=1,neutron:SELECT=1 {{(pid=107808) stat_writer /opt/stack/data/venv/lib/python3.12/site-packages/dbcounter.py:115}}
Jun 17 02:24:38.860664 np0000180810 devstack@neutron-api.service[107807]: DEBUG dbcounter [-] [107807] Writing DB stats neutron:UPDATE=1,neutron:SELECT=1 {{(pid=107807) stat_writer /opt/stack/data/venv/lib/python3.12/site-packages/dbcounter.py:115}}
Jun 17 02:24:42.888041 np0000180810 devstack@neutron-api.service[107805]: DEBUG futurist.periodics [-] Submitting periodic callback 'neutron.plugins.ml2.drivers.ovn.mech_driver.ovsdb.maintenance.HashRingHealthCheckPeriodics.touch_hash_ring_node' {{(pid=107805) _process_scheduled /opt/stack/data/venv/lib/python3.12/site-packages/futurist/periodics.py:784}}
Jun 17 02:24:42.889042 np0000180810 devstack@neutron-api.service[107805]: DEBUG neutron.plugins.ml2.drivers.ovn.mech_driver.ovsdb.maintenance [-] Touching Hash Ring node "84bd6d0510ad5555919785de3244da9f" from periodic health check thread {{(pid=107805) touch_hash_ring_node /opt/stack/neutron/neutron/plugins/ml2/drivers/ovn/mech_driver/ovsdb/maintenance.py:1419}}
Jun 17 02:24:43.778615 np0000180810 devstack@neutron-api.service[107806]: DEBUG futurist.periodics [-] Submitting periodic callback 'neutron.plugins.ml2.drivers.ovn.mech_driver.ovsdb.maintenance.HashRingHealthCheckPeriodics.touch_hash_ring_node' {{(pid=107806) _process_scheduled /opt/stack/data/venv/lib/python3.12/site-packages/futurist/periodics.py:784}}
Jun 17 02:24:43.779689 np0000180810 devstack@neutron-api.service[107806]: DEBUG neutron.plugins.ml2.drivers.ovn.mech_driver.ovsdb.maintenance [-] Touching Hash Ring node "f2ed74606f9c53aebfec1aed4c2dd464" from periodic health check thread {{(pid=107806) touch_hash_ring_node /opt/stack/neutron/neutron/plugins/ml2/drivers/ovn/mech_driver/ovsdb/maintenance.py:1419}}
Jun 17 02:24:43.840347 np0000180810 devstack@neutron-api.service[107808]: DEBUG futurist.periodics [-] Submitting periodic callback 'neutron.plugins.ml2.drivers.ovn.mech_driver.ovsdb.maintenance.HashRingHealthCheckPeriodics.touch_hash_ring_node' {{(pid=107808) _process_scheduled /opt/stack/data/venv/lib/python3.12/site-packages/futurist/periodics.py:784}}
Jun 17 02:24:43.841090 np0000180810 devstack@neutron-api.service[107808]: DEBUG neutron.plugins.ml2.drivers.ovn.mech_driver.ovsdb.maintenance [-] Touching Hash Ring node "0a4a3f18f8be5b919f5889221ca00474" from periodic health check thread {{(pid=107808) touch_hash_ring_node /opt/stack/neutron/neutron/plugins/ml2/drivers/ovn/mech_driver/ovsdb/maintenance.py:1419}}
Jun 17 02:24:43.850294 np0000180810 devstack@neutron-api.service[107807]: DEBUG futurist.periodics [-] Submitting periodic callback 'neutron.plugins.ml2.drivers.ovn.mech_driver.ovsdb.maintenance.HashRingHealthCheckPeriodics.touch_hash_ring_node' {{(pid=107807) _process_scheduled /opt/stack/data/venv/lib/python3.12/site-packages/futurist/periodics.py:784}}
Jun 17 02:24:43.850789 np0000180810 devstack@neutron-api.service[107807]: DEBUG neutron.plugins.ml2.drivers.ovn.mech_driver.ovsdb.maintenance [-] Touching Hash Ring node "6f51651439215c6ea6125c6ddb72fa07" from periodic health check thread {{(pid=107807) touch_hash_ring_node /opt/stack/neutron/neutron/plugins/ml2/drivers/ovn/mech_driver/ovsdb/maintenance.py:1419}}
Jun 17 02:24:52.900196 np0000180810 devstack@neutron-api.service[107805]: DEBUG dbcounter [-] [107805] Writing DB stats neutron:UPDATE=1,neutron:SELECT=1 {{(pid=107805) stat_writer /opt/stack/data/venv/lib/python3.12/site-packages/dbcounter.py:115}}
Jun 17 02:24:53.791355 np0000180810 devstack@neutron-api.service[107806]: DEBUG dbcounter [-] [107806] Writing DB stats neutron:UPDATE=1,neutron:SELECT=1 {{(pid=107806) stat_writer /opt/stack/data/venv/lib/python3.12/site-packages/dbcounter.py:115}}
Jun 17 02:24:53.851270 np0000180810 devstack@neutron-api.service[107808]: DEBUG dbcounter [-] [107808] Writing DB stats neutron:UPDATE=1,neutron:SELECT=1 {{(pid=107808) stat_writer /opt/stack/data/venv/lib/python3.12/site-packages/dbcounter.py:115}}
Jun 17 02:24:53.864485 np0000180810 devstack@neutron-api.service[107807]: DEBUG dbcounter [-] [107807] Writing DB stats neutron:UPDATE=1,neutron:SELECT=1 {{(pid=107807) stat_writer /opt/stack/data/venv/lib/python3.12/site-packages/dbcounter.py:115}}
Jun 17 02:24:57.888664 np0000180810 devstack@neutron-api.service[107805]: DEBUG futurist.periodics [-] Submitting periodic callback 'neutron.plugins.ml2.drivers.ovn.mech_driver.ovsdb.maintenance.HashRingHealthCheckPeriodics.touch_hash_ring_node' {{(pid=107805) _process_scheduled /opt/stack/data/venv/lib/python3.12/site-packages/futurist/periodics.py:784}}
Jun 17 02:24:57.889318 np0000180810 devstack@neutron-api.service[107805]: DEBUG neutron.plugins.ml2.drivers.ovn.mech_driver.ovsdb.maintenance [-] Touching Hash Ring node "84bd6d0510ad5555919785de3244da9f" from periodic health check thread {{(pid=107805) touch_hash_ring_node /opt/stack/neutron/neutron/plugins/ml2/drivers/ovn/mech_driver/ovsdb/maintenance.py:1419}}
Jun 17 02:24:58.779704 np0000180810 devstack@neutron-api.service[107806]: DEBUG futurist.periodics [-] Submitting periodic callback 'neutron.plugins.ml2.drivers.ovn.mech_driver.ovsdb.maintenance.HashRingHealthCheckPeriodics.touch_hash_ring_node' {{(pid=107806) _process_scheduled /opt/stack/data/venv/lib/python3.12/site-packages/futurist/periodics.py:784}}
Jun 17 02:24:58.781400 np0000180810 devstack@neutron-api.service[107806]: DEBUG neutron.plugins.ml2.drivers.ovn.mech_driver.ovsdb.maintenance [-] Touching Hash Ring node "f2ed74606f9c53aebfec1aed4c2dd464" from periodic health check thread {{(pid=107806) touch_hash_ring_node /opt/stack/neutron/neutron/plugins/ml2/drivers/ovn/mech_driver/ovsdb/maintenance.py:1419}}
Jun 17 02:24:58.841577 np0000180810 devstack@neutron-api.service[107808]: DEBUG futurist.periodics [-] Submitting periodic callback 'neutron.plugins.ml2.drivers.ovn.mech_driver.ovsdb.maintenance.HashRingHealthCheckPeriodics.touch_hash_ring_node' {{(pid=107808) _process_scheduled /opt/stack/data/venv/lib/python3.12/site-packages/futurist/periodics.py:784}}
Jun 17 02:24:58.842073 np0000180810 devstack@neutron-api.service[107808]: DEBUG neutron.plugins.ml2.drivers.ovn.mech_driver.ovsdb.maintenance [-] Touching Hash Ring node "0a4a3f18f8be5b919f5889221ca00474" from periodic health check thread {{(pid=107808) touch_hash_ring_node /opt/stack/neutron/neutron/plugins/ml2/drivers/ovn/mech_driver/ovsdb/maintenance.py:1419}}
Jun 17 02:24:58.850993 np0000180810 devstack@neutron-api.service[107807]: DEBUG futurist.periodics [-] Submitting periodic callback 'neutron.plugins.ml2.drivers.ovn.mech_driver.ovsdb.maintenance.HashRingHealthCheckPeriodics.touch_hash_ring_node' {{(pid=107807) _process_scheduled /opt/stack/data/venv/lib/python3.12/site-packages/futurist/periodics.py:784}}
Jun 17 02:24:58.851544 np0000180810 devstack@neutron-api.service[107807]: DEBUG neutron.plugins.ml2.drivers.ovn.mech_driver.ovsdb.maintenance [-] Touching Hash Ring node "6f51651439215c6ea6125c6ddb72fa07" from periodic health check thread {{(pid=107807) touch_hash_ring_node /opt/stack/neutron/neutron/plugins/ml2/drivers/ovn/mech_driver/ovsdb/maintenance.py:1419}}
Jun 17 02:25:04.120674 np0000180810 devstack@neutron-api.service[107806]: /opt/stack/neutron/neutron/extensions/quotasv2.py:134: UserWarning: "--check-limit" parameter is no longer needed since Epoxy (2025.1) release. By default, Neutron quota engine checks the resource usage before updating the limits
Jun 17 02:25:04.120674 np0000180810 devstack@neutron-api.service[107806]: warnings.warn('"--check-limit" parameter is no longer needed '
Jun 17 02:25:04.121488 np0000180810 devstack@neutron-api.service[107806]: DEBUG neutron.api.v2.base [None req-03a76402-98be-496a-91cd-425b4d76a343 admin admin] Request body: {'quota': {'security_group': 100}} {{(pid=107806) prepare_request_body /opt/stack/neutron/neutron/api/v2/base.py:727}}
Jun 17 02:25:04.144178 np0000180810 devstack@neutron-api.service[107806]: [pid: 107806|app: 0|req: 22/88] 199.204.45.250 () {68 vars in 1449 bytes} [Wed Jun 17 02:25:04 2026] PUT /networking/v2.0/quotas/99b11e2f7e7447279b2a1cb13b103c6b => generated 175 bytes in 30 msecs (HTTP/1.1 200) 4 headers in 157 bytes (1 switches on core 0)
Jun 17 02:25:04.422232 np0000180810 devstack@neutron-api.service[107807]: /opt/stack/neutron/neutron/extensions/quotasv2.py:134: UserWarning: "--check-limit" parameter is no longer needed since Epoxy (2025.1) release. By default, Neutron quota engine checks the resource usage before updating the limits
Jun 17 02:25:04.422232 np0000180810 devstack@neutron-api.service[107807]: warnings.warn('"--check-limit" parameter is no longer needed '
Jun 17 02:25:04.423064 np0000180810 devstack@neutron-api.service[107807]: DEBUG neutron.api.v2.base [None req-c9b1621e-4e9b-42e8-af51-129b97f7e651 admin admin] Request body: {'quota': {'security_group_rule': 1000}} {{(pid=107807) prepare_request_body /opt/stack/neutron/neutron/api/v2/base.py:727}}
Jun 17 02:25:04.443016 np0000180810 devstack@neutron-api.service[107807]: [pid: 107807|app: 0|req: 22/89] 199.204.45.250 () {68 vars in 1449 bytes} [Wed Jun 17 02:25:04 2026] PUT /networking/v2.0/quotas/99b11e2f7e7447279b2a1cb13b103c6b => generated 176 bytes in 27 msecs (HTTP/1.1 200) 4 headers in 157 bytes (1 switches on core 0)
Jun 17 02:25:07.898996 np0000180810 devstack@neutron-api.service[107805]: DEBUG dbcounter [-] [107805] Writing DB stats neutron:UPDATE=1,neutron:SELECT=1 {{(pid=107805) stat_writer /opt/stack/data/venv/lib/python3.12/site-packages/dbcounter.py:115}}
Jun 17 02:25:08.854183 np0000180810 devstack@neutron-api.service[107808]: DEBUG dbcounter [-] [107808] Writing DB stats neutron:UPDATE=1,neutron:SELECT=1 {{(pid=107808) stat_writer /opt/stack/data/venv/lib/python3.12/site-packages/dbcounter.py:115}}
Jun 17 02:25:12.889475 np0000180810 devstack@neutron-api.service[107805]: DEBUG futurist.periodics [-] Submitting periodic callback 'neutron.plugins.ml2.drivers.ovn.mech_driver.ovsdb.maintenance.HashRingHealthCheckPeriodics.touch_hash_ring_node' {{(pid=107805) _process_scheduled /opt/stack/data/venv/lib/python3.12/site-packages/futurist/periodics.py:784}}
Jun 17 02:25:12.891947 np0000180810 devstack@neutron-api.service[107805]: DEBUG neutron.plugins.ml2.drivers.ovn.mech_driver.ovsdb.maintenance [-] Touching Hash Ring node "84bd6d0510ad5555919785de3244da9f" from periodic health check thread {{(pid=107805) touch_hash_ring_node /opt/stack/neutron/neutron/plugins/ml2/drivers/ovn/mech_driver/ovsdb/maintenance.py:1419}}
Jun 17 02:25:13.780529 np0000180810 devstack@neutron-api.service[107806]: DEBUG futurist.periodics [-] Submitting periodic callback 'neutron.plugins.ml2.drivers.ovn.mech_driver.ovsdb.maintenance.HashRingHealthCheckPeriodics.touch_hash_ring_node' {{(pid=107806) _process_scheduled /opt/stack/data/venv/lib/python3.12/site-packages/futurist/periodics.py:784}}
Jun 17 02:25:13.781194 np0000180810 devstack@neutron-api.service[107806]: DEBUG neutron.plugins.ml2.drivers.ovn.mech_driver.ovsdb.maintenance [-] Touching Hash Ring node "f2ed74606f9c53aebfec1aed4c2dd464" from periodic health check thread {{(pid=107806) touch_hash_ring_node /opt/stack/neutron/neutron/plugins/ml2/drivers/ovn/mech_driver/ovsdb/maintenance.py:1419}}
Jun 17 02:25:13.842309 np0000180810 devstack@neutron-api.service[107808]: DEBUG futurist.periodics [-] Submitting periodic callback 'neutron.plugins.ml2.drivers.ovn.mech_driver.ovsdb.maintenance.HashRingHealthCheckPeriodics.touch_hash_ring_node' {{(pid=107808) _process_scheduled /opt/stack/data/venv/lib/python3.12/site-packages/futurist/periodics.py:784}}
Jun 17 02:25:13.843031 np0000180810 devstack@neutron-api.service[107808]: DEBUG neutron.plugins.ml2.drivers.ovn.mech_driver.ovsdb.maintenance [-] Touching Hash Ring node "0a4a3f18f8be5b919f5889221ca00474" from periodic health check thread {{(pid=107808) touch_hash_ring_node /opt/stack/neutron/neutron/plugins/ml2/drivers/ovn/mech_driver/ovsdb/maintenance.py:1419}}
Jun 17 02:25:13.852838 np0000180810 devstack@neutron-api.service[107807]: DEBUG futurist.periodics [-] Submitting periodic callback 'neutron.plugins.ml2.drivers.ovn.mech_driver.ovsdb.maintenance.HashRingHealthCheckPeriodics.touch_hash_ring_node' {{(pid=107807) _process_scheduled /opt/stack/data/venv/lib/python3.12/site-packages/futurist/periodics.py:784}}
Jun 17 02:25:13.853626 np0000180810 devstack@neutron-api.service[107807]: DEBUG neutron.plugins.ml2.drivers.ovn.mech_driver.ovsdb.maintenance [-] Touching Hash Ring node "6f51651439215c6ea6125c6ddb72fa07" from periodic health check thread {{(pid=107807) touch_hash_ring_node /opt/stack/neutron/neutron/plugins/ml2/drivers/ovn/mech_driver/ovsdb/maintenance.py:1419}}
Jun 17 02:25:18.812935 np0000180810 devstack@neutron-api.service[107805]: DEBUG neutron.pecan_wsgi.hooks.policy_enforcement [None req-64db34ae-397a-4a74-afc9-98cb431cc4d4 admin admin] Attributes excluded by policy engine: ['standard_attr_id'] {{(pid=107805) _exclude_attributes_by_policy /opt/stack/neutron/neutron/pecan_wsgi/hooks/policy_enforcement.py:259}}
Jun 17 02:25:18.814823 np0000180810 devstack@neutron-api.service[107805]: [pid: 107805|app: 0|req: 24/90] 199.204.45.250 () {64 vars in 1378 bytes} [Wed Jun 17 02:25:18 2026] GET /networking/v2.0/ports?device_owner=network%3Adistributed => generated 1650 bytes in 99 msecs (HTTP/1.1 200) 4 headers in 158 bytes (2 switches on core 0)
Jun 17 02:25:20.256634 np0000180810 devstack@neutron-api.service[107806]: DEBUG neutron.common.ovn.hash_ring_manager [None req-14009a91-34ed-495f-877d-5bad3820d01c None None] Hash Ring loaded. 4 active nodes. 0 offline nodes {{(pid=107806) _load_hash_ring /opt/stack/neutron/neutron/common/ovn/hash_ring_manager.py:110}}
Jun 17 02:25:20.257444 np0000180810 devstack@neutron-api.service[107805]: DEBUG neutron.common.ovn.hash_ring_manager [None req-499ceb04-bcf7-4be1-9486-6dedadb92280 None None] Hash Ring loaded. 4 active nodes. 0 offline nodes {{(pid=107805) _load_hash_ring /opt/stack/neutron/neutron/common/ovn/hash_ring_manager.py:110}}
Jun 17 02:25:20.257679 np0000180810 devstack@neutron-api.service[107806]: DEBUG neutron.plugins.ml2.drivers.ovn.mech_driver.ovsdb.ovsdb_monitor [None req-14009a91-34ed-495f-877d-5bad3820d01c None None] Hash Ring: Node f2ed74606f9c53aebfec1aed4c2dd464 (host: np0000180810) handling event "update" for row d5e0ea11-deda-47e1-8923-c201684a7409 (table: Connection) {{(pid=107806) notify /opt/stack/neutron/neutron/plugins/ml2/drivers/ovn/mech_driver/ovsdb/ovsdb_monitor.py:1015}}
Jun 17 02:25:20.257962 np0000180810 devstack@neutron-api.service[107807]: DEBUG neutron.common.ovn.hash_ring_manager [None req-e01884ee-493a-4599-8ce7-ba34984fa9c1 None None] Hash Ring loaded. 4 active nodes. 0 offline nodes {{(pid=107807) _load_hash_ring /opt/stack/neutron/neutron/common/ovn/hash_ring_manager.py:110}}
Jun 17 02:25:20.259557 np0000180810 devstack@neutron-api.service[107808]: DEBUG neutron.common.ovn.hash_ring_manager [None req-79b24702-ab2d-442e-9392-33fe4af9c402 None None] Hash Ring loaded. 4 active nodes. 0 offline nodes {{(pid=107808) _load_hash_ring /opt/stack/neutron/neutron/common/ovn/hash_ring_manager.py:110}}
Jun 17 02:25:27.890623 np0000180810 devstack@neutron-api.service[107805]: DEBUG futurist.periodics [-] Submitting periodic callback 'neutron.plugins.ml2.drivers.ovn.mech_driver.ovsdb.maintenance.HashRingHealthCheckPeriodics.touch_hash_ring_node' {{(pid=107805) _process_scheduled /opt/stack/data/venv/lib/python3.12/site-packages/futurist/periodics.py:784}}
Jun 17 02:25:27.891324 np0000180810 devstack@neutron-api.service[107805]: DEBUG neutron.plugins.ml2.drivers.ovn.mech_driver.ovsdb.maintenance [-] Touching Hash Ring node "84bd6d0510ad5555919785de3244da9f" from periodic health check thread {{(pid=107805) touch_hash_ring_node /opt/stack/neutron/neutron/plugins/ml2/drivers/ovn/mech_driver/ovsdb/maintenance.py:1419}}
Jun 17 02:25:28.781311 np0000180810 devstack@neutron-api.service[107806]: DEBUG futurist.periodics [-] Submitting periodic callback 'neutron.plugins.ml2.drivers.ovn.mech_driver.ovsdb.maintenance.HashRingHealthCheckPeriodics.touch_hash_ring_node' {{(pid=107806) _process_scheduled /opt/stack/data/venv/lib/python3.12/site-packages/futurist/periodics.py:784}}
Jun 17 02:25:28.782061 np0000180810 devstack@neutron-api.service[107806]: DEBUG neutron.plugins.ml2.drivers.ovn.mech_driver.ovsdb.maintenance [-] Touching Hash Ring node "f2ed74606f9c53aebfec1aed4c2dd464" from periodic health check thread {{(pid=107806) touch_hash_ring_node /opt/stack/neutron/neutron/plugins/ml2/drivers/ovn/mech_driver/ovsdb/maintenance.py:1419}}
Jun 17 02:25:28.843132 np0000180810 devstack@neutron-api.service[107808]: DEBUG futurist.periodics [-] Submitting periodic callback 'neutron.plugins.ml2.drivers.ovn.mech_driver.ovsdb.maintenance.HashRingHealthCheckPeriodics.touch_hash_ring_node' {{(pid=107808) _process_scheduled /opt/stack/data/venv/lib/python3.12/site-packages/futurist/periodics.py:784}}
Jun 17 02:25:28.843753 np0000180810 devstack@neutron-api.service[107808]: DEBUG neutron.plugins.ml2.drivers.ovn.mech_driver.ovsdb.maintenance [-] Touching Hash Ring node "0a4a3f18f8be5b919f5889221ca00474" from periodic health check thread {{(pid=107808) touch_hash_ring_node /opt/stack/neutron/neutron/plugins/ml2/drivers/ovn/mech_driver/ovsdb/maintenance.py:1419}}
Jun 17 02:25:28.853849 np0000180810 devstack@neutron-api.service[107807]: DEBUG futurist.periodics [-] Submitting periodic callback 'neutron.plugins.ml2.drivers.ovn.mech_driver.ovsdb.maintenance.HashRingHealthCheckPeriodics.touch_hash_ring_node' {{(pid=107807) _process_scheduled /opt/stack/data/venv/lib/python3.12/site-packages/futurist/periodics.py:784}}
Jun 17 02:25:28.854504 np0000180810 devstack@neutron-api.service[107807]: DEBUG neutron.plugins.ml2.drivers.ovn.mech_driver.ovsdb.maintenance [-] Touching Hash Ring node "6f51651439215c6ea6125c6ddb72fa07" from periodic health check thread {{(pid=107807) touch_hash_ring_node /opt/stack/neutron/neutron/plugins/ml2/drivers/ovn/mech_driver/ovsdb/maintenance.py:1419}}
Jun 17 02:25:30.631229 np0000180810 devstack@neutron-api.service[107808]: INFO neutron.pecan_wsgi.hooks.translation [None req-988883c2-4282-49a4-ae75-d44f6b516c8a admin admin] GET failed (client error): The resource could not be found.
Jun 17 02:25:30.631854 np0000180810 devstack@neutron-api.service[107808]: [pid: 107808|app: 0|req: 23/91] 199.204.45.250 () {64 vars in 1334 bytes} [Wed Jun 17 02:25:30 2026] GET /networking/v2.0/networks/admin_net => generated 111 bytes in 12 msecs (HTTP/1.1 404) 4 headers in 164 bytes (1 switches on core 0)
Jun 17 02:25:30.661728 np0000180810 devstack@neutron-api.service[107806]: [pid: 107806|app: 0|req: 23/92] 199.204.45.250 () {64 vars in 1346 bytes} [Wed Jun 17 02:25:30 2026] GET /networking/v2.0/networks?name=admin_net => generated 15 bytes in 20 msecs (HTTP/1.1 200) 4 headers in 156 bytes (1 switches on core 0)
Jun 17 02:25:30.897612 np0000180810 devstack@neutron-api.service[107807]: DEBUG neutron.api.v2.base [None req-5eba03b7-26cb-47f5-8680-24543c8d263b admin admin] Request body: {'network': {'project_id': 'd19ebe96d7464fa1a69b5771079d4886', 'name': 'admin_net', 'admin_state_up': True}} {{(pid=107807) prepare_request_body /opt/stack/neutron/neutron/api/v2/base.py:727}}
Jun 17 02:25:30.976727 np0000180810 devstack@neutron-api.service[107807]: DEBUG neutron.pecan_wsgi.hooks.quota_enforcement [None req-5eba03b7-26cb-47f5-8680-24543c8d263b admin admin] Made reservation on behalf of d19ebe96d7464fa1a69b5771079d4886 for: {'network': 1} {{(pid=107807) before /opt/stack/neutron/neutron/pecan_wsgi/hooks/quota_enforcement.py:66}}
Jun 17 02:25:30.981425 np0000180810 devstack@neutron-api.service[107807]: DEBUG neutron_lib.callbacks.manager [None req-5eba03b7-26cb-47f5-8680-24543c8d263b admin admin] Publish callbacks ['neutron.plugins.ml2.plugin.SecurityGroupDbMixin._ensure_default_security_group_handler-54840'] for network (None), before_create {{(pid=107807) _notify_loop /opt/stack/data/venv/lib/python3.12/site-packages/neutron_lib/callbacks/manager.py:184}}
Jun 17 02:25:30.986491 np0000180810 devstack@neutron-api.service[107807]: DEBUG neutron_lib.callbacks.manager [None req-5eba03b7-26cb-47f5-8680-24543c8d263b admin admin] Publish callbacks [] for security_group (None), before_create {{(pid=107807) _notify_loop /opt/stack/data/venv/lib/python3.12/site-packages/neutron_lib/callbacks/manager.py:184}}
Jun 17 02:25:31.045265 np0000180810 devstack@neutron-api.service[107807]: DEBUG neutron_lib.callbacks.manager [None req-5eba03b7-26cb-47f5-8680-24543c8d263b admin admin] Publish callbacks ['neutron.plugins.ml2.drivers.ovn.mech_driver.mech_driver.OVNMechanismDriver._create_security_group_precommit-491229'] for security_group (fe05024b-b1c3-48bc-b84f-917027608bcd), precommit_create {{(pid=107807) _notify_loop /opt/stack/data/venv/lib/python3.12/site-packages/neutron_lib/callbacks/manager.py:184}}
Jun 17 02:25:31.045386 np0000180810 devstack@neutron-api.service[107807]: DEBUG neutron.db.ovn_revision_numbers_db [None req-5eba03b7-26cb-47f5-8680-24543c8d263b admin admin] create_initial_revision uuid=fe05024b-b1c3-48bc-b84f-917027608bcd, type=security_groups, rev=-1 {{(pid=107807) create_initial_revision /opt/stack/neutron/neutron/db/ovn_revision_numbers_db.py:98}}
Jun 17 02:25:31.046570 np0000180810 devstack@neutron-api.service[107807]: DEBUG neutron.db.ovn_revision_numbers_db [None req-5eba03b7-26cb-47f5-8680-24543c8d263b admin admin] create_initial_revision uuid=5455160c-7839-4042-860f-4d32f20c9950, type=security_group_rules, rev=-1 {{(pid=107807) create_initial_revision /opt/stack/neutron/neutron/db/ovn_revision_numbers_db.py:98}}
Jun 17 02:25:31.047600 np0000180810 devstack@neutron-api.service[107807]: DEBUG neutron.db.ovn_revision_numbers_db [None req-5eba03b7-26cb-47f5-8680-24543c8d263b admin admin] create_initial_revision uuid=b4c0368f-b796-4b44-a724-0b4cc3ec99f6, type=security_group_rules, rev=-1 {{(pid=107807) create_initial_revision /opt/stack/neutron/neutron/db/ovn_revision_numbers_db.py:98}}
Jun 17 02:25:31.048716 np0000180810 devstack@neutron-api.service[107807]: DEBUG neutron.db.ovn_revision_numbers_db [None req-5eba03b7-26cb-47f5-8680-24543c8d263b admin admin] create_initial_revision uuid=b6c5ce05-ab0e-43d9-8aab-70094e20605a, type=security_group_rules, rev=-1 {{(pid=107807) create_initial_revision /opt/stack/neutron/neutron/db/ovn_revision_numbers_db.py:98}}
Jun 17 02:25:31.049955 np0000180810 devstack@neutron-api.service[107807]: DEBUG neutron.db.ovn_revision_numbers_db [None req-5eba03b7-26cb-47f5-8680-24543c8d263b admin admin] create_initial_revision uuid=f9c62e2f-1f07-42b1-893b-5e721ba031d8, type=security_group_rules, rev=-1 {{(pid=107807) create_initial_revision /opt/stack/neutron/neutron/db/ovn_revision_numbers_db.py:98}}
Jun 17 02:25:31.250235 np0000180810 devstack@neutron-api.service[107807]: DEBUG neutron_lib.callbacks.manager [None req-5eba03b7-26cb-47f5-8680-24543c8d263b admin admin] Publish callbacks ['neutron.plugins.ml2.drivers.ovn.mech_driver.mech_driver.OVNMechanismDriver._create_security_group-491223', 'neutron.plugins.ml2.ovo_rpc._ObjectChangeHandler.handle_event-6812833'] for security_group (fe05024b-b1c3-48bc-b84f-917027608bcd), after_create {{(pid=107807) _notify_loop /opt/stack/data/venv/lib/python3.12/site-packages/neutron_lib/callbacks/manager.py:184}}
Jun 17 02:25:31.252005 np0000180810 devstack@neutron-api.service[107807]: DEBUG ovsdbapp.backend.ovs_idl.transaction [None req-e01884ee-493a-4599-8ce7-ba34984fa9c1 None None] Running txn n=1 command(idx=0): PgAddCommand(_result=None, name=pg_fe05024b_b1c3_48bc_b84f_917027608bcd, may_exist=False, columns={'acls': [], 'external_ids': {'neutron:security_group_id': 'fe05024b-b1c3-48bc-b84f-917027608bcd'}}) {{(pid=107807) do_commit /opt/stack/data/venv/lib/python3.12/site-packages/ovsdbapp/backend/ovs_idl/transaction.py:89}}
Jun 17 02:25:31.252446 np0000180810 devstack@neutron-api.service[107807]: DEBUG ovsdbapp.backend.ovs_idl.transaction [None req-e01884ee-493a-4599-8ce7-ba34984fa9c1 None None] Running txn n=1 command(idx=1): PgAclAddCommand(_result=None, entity=pg_fe05024b_b1c3_48bc_b84f_917027608bcd, direction=to-lport, priority=1002, match=outport == @pg_fe05024b_b1c3_48bc_b84f_917027608bcd && ip6 && ip6.src == $pg_fe05024b_b1c3_48bc_b84f_917027608bcd_ip6, action=allow-related, log=False, may_exist=True, severity=[], name=[], meter=[], external_ids={'neutron:security_group_rule_id': '5455160c-7839-4042-860f-4d32f20c9950'}) {{(pid=107807) do_commit /opt/stack/data/venv/lib/python3.12/site-packages/ovsdbapp/backend/ovs_idl/transaction.py:89}}
Jun 17 02:25:31.253172 np0000180810 devstack@neutron-api.service[107807]: DEBUG ovsdbapp.backend.ovs_idl.transaction [None req-e01884ee-493a-4599-8ce7-ba34984fa9c1 None None] Running txn n=1 command(idx=2): PgAclAddCommand(_result=None, entity=pg_fe05024b_b1c3_48bc_b84f_917027608bcd, direction=from-lport, priority=1002, match=inport == @pg_fe05024b_b1c3_48bc_b84f_917027608bcd && ip6, action=allow-related, log=False, may_exist=True, severity=[], name=[], meter=[], external_ids={'neutron:security_group_rule_id': 'b4c0368f-b796-4b44-a724-0b4cc3ec99f6'}) {{(pid=107807) do_commit /opt/stack/data/venv/lib/python3.12/site-packages/ovsdbapp/backend/ovs_idl/transaction.py:89}}
Jun 17 02:25:31.253779 np0000180810 devstack@neutron-api.service[107807]: DEBUG ovsdbapp.backend.ovs_idl.transaction [None req-e01884ee-493a-4599-8ce7-ba34984fa9c1 None None] Running txn n=1 command(idx=3): PgAclAddCommand(_result=None, entity=pg_fe05024b_b1c3_48bc_b84f_917027608bcd, direction=from-lport, priority=1002, match=inport == @pg_fe05024b_b1c3_48bc_b84f_917027608bcd && ip4, action=allow-related, log=False, may_exist=True, severity=[], name=[], meter=[], external_ids={'neutron:security_group_rule_id': 'b6c5ce05-ab0e-43d9-8aab-70094e20605a'}) {{(pid=107807) do_commit /opt/stack/data/venv/lib/python3.12/site-packages/ovsdbapp/backend/ovs_idl/transaction.py:89}}
Jun 17 02:25:31.254395 np0000180810 devstack@neutron-api.service[107807]: DEBUG ovsdbapp.backend.ovs_idl.transaction [None req-e01884ee-493a-4599-8ce7-ba34984fa9c1 None None] Running txn n=1 command(idx=4): PgAclAddCommand(_result=None, entity=pg_fe05024b_b1c3_48bc_b84f_917027608bcd, direction=to-lport, priority=1002, match=outport == @pg_fe05024b_b1c3_48bc_b84f_917027608bcd && ip4 && ip4.src == $pg_fe05024b_b1c3_48bc_b84f_917027608bcd_ip4, action=allow-related, log=False, may_exist=True, severity=[], name=[], meter=[], external_ids={'neutron:security_group_rule_id': 'f9c62e2f-1f07-42b1-893b-5e721ba031d8'}) {{(pid=107807) do_commit /opt/stack/data/venv/lib/python3.12/site-packages/ovsdbapp/backend/ovs_idl/transaction.py:89}}
Jun 17 02:25:31.295568 np0000180810 devstack@neutron-api.service[107805]: DEBUG neutron.plugins.ml2.drivers.ovn.mech_driver.ovsdb.ovsdb_monitor [None req-499ceb04-bcf7-4be1-9486-6dedadb92280 None None] Touching Hash Ring node "84bd6d0510ad5555919785de3244da9f" from IDL notify handler {{(pid=107805) notify /opt/stack/neutron/neutron/plugins/ml2/drivers/ovn/mech_driver/ovsdb/ovsdb_monitor.py:1007}}
Jun 17 02:25:31.301248 np0000180810 devstack@neutron-api.service[107807]: DEBUG neutron.plugins.ml2.drivers.ovn.mech_driver.ovsdb.ovsdb_monitor [None req-e01884ee-493a-4599-8ce7-ba34984fa9c1 None None] Touching Hash Ring node "6f51651439215c6ea6125c6ddb72fa07" from IDL notify handler {{(pid=107807) notify /opt/stack/neutron/neutron/plugins/ml2/drivers/ovn/mech_driver/ovsdb/ovsdb_monitor.py:1007}}
Jun 17 02:25:31.302711 np0000180810 devstack@neutron-api.service[107808]: DEBUG neutron.plugins.ml2.drivers.ovn.mech_driver.ovsdb.ovsdb_monitor [None req-79b24702-ab2d-442e-9392-33fe4af9c402 None None] Touching Hash Ring node "0a4a3f18f8be5b919f5889221ca00474" from IDL notify handler {{(pid=107808) notify /opt/stack/neutron/neutron/plugins/ml2/drivers/ovn/mech_driver/ovsdb/ovsdb_monitor.py:1007}}
Jun 17 02:25:31.305269 np0000180810 devstack@neutron-api.service[107806]: DEBUG neutron.plugins.ml2.drivers.ovn.mech_driver.ovsdb.ovsdb_monitor [None req-14009a91-34ed-495f-877d-5bad3820d01c None None] Touching Hash Ring node "f2ed74606f9c53aebfec1aed4c2dd464" from IDL notify handler {{(pid=107806) notify /opt/stack/neutron/neutron/plugins/ml2/drivers/ovn/mech_driver/ovsdb/ovsdb_monitor.py:1007}}
Jun 17 02:25:31.400960 np0000180810 devstack@neutron-api.service[107805]: DEBUG neutron.plugins.ml2.drivers.ovn.mech_driver.ovsdb.ovsdb_monitor [None req-499ceb04-bcf7-4be1-9486-6dedadb92280 None None] Hash Ring: Node 84bd6d0510ad5555919785de3244da9f (host: np0000180810) handling event "create" for row 32de5bc1-c4bf-4eb2-9df5-5c084b9d4472 (table: ACL) {{(pid=107805) notify /opt/stack/neutron/neutron/plugins/ml2/drivers/ovn/mech_driver/ovsdb/ovsdb_monitor.py:1015}}
Jun 17 02:25:31.419125 np0000180810 devstack@neutron-api.service[107808]: DEBUG neutron.plugins.ml2.drivers.ovn.mech_driver.ovsdb.ovsdb_monitor [None req-79b24702-ab2d-442e-9392-33fe4af9c402 None None] Hash Ring: Node 0a4a3f18f8be5b919f5889221ca00474 (host: np0000180810) handling event "create" for row d9322732-ef1a-4098-a876-99e662f5016b (table: ACL) {{(pid=107808) notify /opt/stack/neutron/neutron/plugins/ml2/drivers/ovn/mech_driver/ovsdb/ovsdb_monitor.py:1015}}
Jun 17 02:25:31.419327 np0000180810 devstack@neutron-api.service[107806]: DEBUG neutron.plugins.ml2.drivers.ovn.mech_driver.ovsdb.ovsdb_monitor [None req-14009a91-34ed-495f-877d-5bad3820d01c None None] Hash Ring: Node f2ed74606f9c53aebfec1aed4c2dd464 (host: np0000180810) handling event "create" for row e63e4e2f-26d6-417f-b5b7-532de73c8e6f (table: ACL) {{(pid=107806) notify /opt/stack/neutron/neutron/plugins/ml2/drivers/ovn/mech_driver/ovsdb/ovsdb_monitor.py:1015}}
Jun 17 02:25:31.419452 np0000180810 devstack@neutron-api.service[107807]: DEBUG neutron.plugins.ml2.drivers.ovn.mech_driver.ovsdb.ovsdb_monitor [None req-e01884ee-493a-4599-8ce7-ba34984fa9c1 None None] Hash Ring: Node 6f51651439215c6ea6125c6ddb72fa07 (host: np0000180810) handling event "create" for row 6284065a-7b8d-4cef-a396-ad8e11f3c5a1 (table: ACL) {{(pid=107807) notify /opt/stack/neutron/neutron/plugins/ml2/drivers/ovn/mech_driver/ovsdb/ovsdb_monitor.py:1015}}
Jun 17 02:25:31.420992 np0000180810 devstack@neutron-api.service[107807]: DEBUG neutron.plugins.ml2.drivers.ovn.mech_driver.ovsdb.ovsdb_monitor [None req-e01884ee-493a-4599-8ce7-ba34984fa9c1 None None] Touching Hash Ring node "6f51651439215c6ea6125c6ddb72fa07" from IDL notify handler {{(pid=107807) notify /opt/stack/neutron/neutron/plugins/ml2/drivers/ovn/mech_driver/ovsdb/ovsdb_monitor.py:1007}}
Jun 17 02:25:31.426221 np0000180810 devstack@neutron-api.service[107807]: DEBUG neutron.plugins.ml2.drivers.ovn.mech_driver.ovsdb.ovsdb_monitor [None req-e01884ee-493a-4599-8ce7-ba34984fa9c1 None None] Hash Ring: Node 6f51651439215c6ea6125c6ddb72fa07 (host: np0000180810) handling event "create" for row d391c2b3-1741-4bc3-8851-4db66109bea8 (table: Port_Group) {{(pid=107807) notify /opt/stack/neutron/neutron/plugins/ml2/drivers/ovn/mech_driver/ovsdb/ovsdb_monitor.py:1015}}
Jun 17 02:25:31.646888 np0000180810 devstack@neutron-api.service[107807]: INFO neutron.db.ovn_revision_numbers_db [None req-5eba03b7-26cb-47f5-8680-24543c8d263b admin admin] Successfully bumped revision number for resource fe05024b-b1c3-48bc-b84f-917027608bcd (type: security_groups) to 1
Jun 17 02:25:31.767520 np0000180810 devstack@neutron-api.service[107807]: INFO neutron.db.ovn_revision_numbers_db [None req-5eba03b7-26cb-47f5-8680-24543c8d263b admin admin] Successfully bumped revision number for resource 5455160c-7839-4042-860f-4d32f20c9950 (type: security_group_rules) to 0
Jun 17 02:25:31.952621 np0000180810 devstack@neutron-api.service[107807]: INFO neutron.db.ovn_revision_numbers_db [None req-5eba03b7-26cb-47f5-8680-24543c8d263b admin admin] Successfully bumped revision number for resource b4c0368f-b796-4b44-a724-0b4cc3ec99f6 (type: security_group_rules) to 0
Jun 17 02:25:32.216916 np0000180810 devstack@neutron-api.service[107807]: INFO neutron.db.ovn_revision_numbers_db [None req-5eba03b7-26cb-47f5-8680-24543c8d263b admin admin] Successfully bumped revision number for resource b6c5ce05-ab0e-43d9-8aab-70094e20605a (type: security_group_rules) to 0
Jun 17 02:25:32.607064 np0000180810 devstack@neutron-api.service[107807]: INFO neutron.db.ovn_revision_numbers_db [None req-5eba03b7-26cb-47f5-8680-24543c8d263b admin admin] Successfully bumped revision number for resource f9c62e2f-1f07-42b1-893b-5e721ba031d8 (type: security_group_rules) to 0
Jun 17 02:25:32.634124 np0000180810 devstack@neutron-api.service[107807]: DEBUG neutron.api.rpc.handlers.resources_rpc [None req-5eba03b7-26cb-47f5-8680-24543c8d263b admin admin] Pushing event updated for resources: {'SecurityGroup': ['ID=fe05024b-b1c3-48bc-b84f-917027608bcd,revision_number=1']} {{(pid=107807) push /opt/stack/neutron/neutron/api/rpc/handlers/resources_rpc.py:237}}
Jun 17 02:25:32.639327 np0000180810 devstack@neutron-api.service[107807]: DEBUG ovsdbapp.backend.ovs_idl.transaction [None req-e01884ee-493a-4599-8ce7-ba34984fa9c1 None None] Running txn n=1 command(idx=0): CheckLivenessCommand(_result=None) {{(pid=107807) do_commit /opt/stack/data/venv/lib/python3.12/site-packages/ovsdbapp/backend/ovs_idl/transaction.py:89}}
Jun 17 02:25:32.730886 np0000180810 devstack@neutron-api.service[107807]: DEBUG neutron.api.rpc.callbacks.version_manager [None req-5eba03b7-26cb-47f5-8680-24543c8d263b admin admin] Tracked resource versions report:
Jun 17 02:25:32.730886 np0000180810 devstack@neutron-api.service[107807]: pushed versions:
Jun 17 02:25:32.730886 np0000180810 devstack@neutron-api.service[107807]: { 'AddressGroup': {'1.2'},
Jun 17 02:25:32.730886 np0000180810 devstack@neutron-api.service[107807]: 'Agent': {'1.1'},
Jun 17 02:25:32.730886 np0000180810 devstack@neutron-api.service[107807]: 'ConntrackHelper': {'1.0'},
Jun 17 02:25:32.730886 np0000180810 devstack@neutron-api.service[107807]: 'LocalIPAssociation': {'1.0'},
Jun 17 02:25:32.730886 np0000180810 devstack@neutron-api.service[107807]: 'Log': {'1.0'},
Jun 17 02:25:32.730886 np0000180810 devstack@neutron-api.service[107807]: 'NDPProxy': {'1.0'},
Jun 17 02:25:32.730886 np0000180810 devstack@neutron-api.service[107807]: 'Network': {'1.3'},
Jun 17 02:25:32.730886 np0000180810 devstack@neutron-api.service[107807]: 'Port': {'1.11'},
Jun 17 02:25:32.730886 np0000180810 devstack@neutron-api.service[107807]: 'PortForwarding': {'1.3'},
Jun 17 02:25:32.730886 np0000180810 devstack@neutron-api.service[107807]: 'QosPolicy': {'1.10'},
Jun 17 02:25:32.730886 np0000180810 devstack@neutron-api.service[107807]: 'SecurityGroup': {'1.6'},
Jun 17 02:25:32.730886 np0000180810 devstack@neutron-api.service[107807]: 'SecurityGroupRule': {'1.3'},
Jun 17 02:25:32.730886 np0000180810 devstack@neutron-api.service[107807]: 'SubPort': {'1.0'},
Jun 17 02:25:32.730886 np0000180810 devstack@neutron-api.service[107807]: 'Subnet': {'1.2'},
Jun 17 02:25:32.730886 np0000180810 devstack@neutron-api.service[107807]: 'Trunk': {'1.1'}}
Jun 17 02:25:32.730886 np0000180810 devstack@neutron-api.service[107807]: consumer versions:
Jun 17 02:25:32.730886 np0000180810 devstack@neutron-api.service[107807]: { OVN Neutron agent@np0000180810: {},
Jun 17 02:25:32.730886 np0000180810 devstack@neutron-api.service[107807]: OVN Controller Gateway agent@np0000180810: {}}
Jun 17 02:25:32.730886 np0000180810 devstack@neutron-api.service[107807]: {{(pid=107807) report /opt/stack/neutron/neutron/api/rpc/callbacks/version_manager.py:183}}
Jun 17 02:25:32.733568 np0000180810 devstack@neutron-api.service[107805]: DEBUG neutron.plugins.ml2.drivers.ovn.mech_driver.ovsdb.ovsdb_monitor [None req-a13d7dd7-bcad-4989-9d84-527c3d500102 None None] ChassisAgentWriteEvent : Matched Chassis_Private, update, None None {{(pid=107805) matches /opt/stack/neutron/neutron/plugins/ml2/drivers/ovn/mech_driver/ovsdb/ovsdb_monitor.py:64}}
Jun 17 02:25:32.734504 np0000180810 devstack@neutron-api.service[107808]: DEBUG neutron.plugins.ml2.drivers.ovn.mech_driver.ovsdb.ovsdb_monitor [None req-fdee9501-f2c9-46f6-9ee1-633b6a85c3ee None None] ChassisAgentWriteEvent : Matched Chassis_Private, update, None None {{(pid=107808) matches /opt/stack/neutron/neutron/plugins/ml2/drivers/ovn/mech_driver/ovsdb/ovsdb_monitor.py:64}}
Jun 17 02:25:32.735363 np0000180810 devstack@neutron-api.service[107806]: DEBUG neutron.plugins.ml2.drivers.ovn.mech_driver.ovsdb.ovsdb_monitor [None req-58b17afa-55d5-4a48-a81b-7819b674c6e0 None None] ChassisAgentWriteEvent : Matched Chassis_Private, update, None None {{(pid=107806) matches /opt/stack/neutron/neutron/plugins/ml2/drivers/ovn/mech_driver/ovsdb/ovsdb_monitor.py:64}}
Jun 17 02:25:32.736347 np0000180810 devstack@neutron-api.service[107808]: DEBUG neutron.plugins.ml2.drivers.ovn.mech_driver.ovsdb.ovsdb_monitor [None req-79b24702-ab2d-442e-9392-33fe4af9c402 None None] Touching Hash Ring node "0a4a3f18f8be5b919f5889221ca00474" from IDL notify handler {{(pid=107808) notify /opt/stack/neutron/neutron/plugins/ml2/drivers/ovn/mech_driver/ovsdb/ovsdb_monitor.py:1007}}
Jun 17 02:25:32.737240 np0000180810 devstack@neutron-api.service[107807]: DEBUG neutron.plugins.ml2.drivers.ovn.mech_driver.ovsdb.ovsdb_monitor [-] ChassisAgentWriteEvent : Matched Chassis_Private, update, None None {{(pid=107807) matches /opt/stack/neutron/neutron/plugins/ml2/drivers/ovn/mech_driver/ovsdb/ovsdb_monitor.py:64}}
Jun 17 02:25:32.738087 np0000180810 devstack@neutron-api.service[107806]: DEBUG neutron.common.ovn.hash_ring_manager [None req-58b17afa-55d5-4a48-a81b-7819b674c6e0 None None] Hash Ring loaded. 4 active nodes. 0 offline nodes {{(pid=107806) _load_hash_ring /opt/stack/neutron/neutron/common/ovn/hash_ring_manager.py:110}}
Jun 17 02:25:32.738641 np0000180810 devstack@neutron-api.service[107805]: DEBUG neutron.common.ovn.hash_ring_manager [None req-a13d7dd7-bcad-4989-9d84-527c3d500102 None None] Hash Ring loaded. 4 active nodes. 0 offline nodes {{(pid=107805) _load_hash_ring /opt/stack/neutron/neutron/common/ovn/hash_ring_manager.py:110}}
Jun 17 02:25:32.738641 np0000180810 devstack@neutron-api.service[107805]: DEBUG neutron.plugins.ml2.drivers.ovn.mech_driver.ovsdb.ovsdb_monitor [None req-a13d7dd7-bcad-4989-9d84-527c3d500102 None None] Hash Ring: Node 84bd6d0510ad5555919785de3244da9f (host: np0000180810) handling event "update" for row 0de46a21-d636-4cdf-8735-145e5d42746e (table: Chassis_Private) {{(pid=107805) notify /opt/stack/neutron/neutron/plugins/ml2/drivers/ovn/mech_driver/ovsdb/ovsdb_monitor.py:1015}}
Jun 17 02:25:32.739441 np0000180810 devstack@neutron-api.service[107808]: DEBUG neutron.common.ovn.hash_ring_manager [None req-fdee9501-f2c9-46f6-9ee1-633b6a85c3ee None None] Hash Ring loaded. 4 active nodes. 0 offline nodes {{(pid=107808) _load_hash_ring /opt/stack/neutron/neutron/common/ovn/hash_ring_manager.py:110}}
Jun 17 02:25:32.740010 np0000180810 devstack@neutron-api.service[107807]: DEBUG neutron.common.ovn.hash_ring_manager [-] Hash Ring loaded. 4 active nodes. 0 offline nodes {{(pid=107807) _load_hash_ring /opt/stack/neutron/neutron/common/ovn/hash_ring_manager.py:110}}
Jun 17 02:25:32.753044 np0000180810 devstack@neutron-api.service[107807]: DEBUG neutron.plugins.ml2.drivers.helpers [None req-5eba03b7-26cb-47f5-8680-24543c8d263b admin admin] geneve segment allocate from pool success with {'geneve_vni': 33322} {{(pid=107807) allocate_partially_specified_segment /opt/stack/neutron/neutron/plugins/ml2/drivers/helpers.py:142}}
Jun 17 02:25:32.763276 np0000180810 devstack@neutron-api.service[107807]: DEBUG neutron_lib.callbacks.manager [None req-5eba03b7-26cb-47f5-8680-24543c8d263b admin admin] Publish callbacks ['neutron.services.segments.db._add_segment_host_mapping_for_segment-8325916846164', 'neutron.plugins.ml2.plugin.Ml2Plugin._handle_segment_change-1881262'] for segment (f5a462e5-6a36-481c-a303-a09e8f94cb8e), precommit_create {{(pid=107807) _notify_loop /opt/stack/data/venv/lib/python3.12/site-packages/neutron_lib/callbacks/manager.py:184}}
Jun 17 02:25:32.763393 np0000180810 devstack@neutron-api.service[107807]: INFO neutron.db.segments_db [None req-5eba03b7-26cb-47f5-8680-24543c8d263b admin admin] Added segment f5a462e5-6a36-481c-a303-a09e8f94cb8e of type geneve for network ae4ae4a4-b172-4862-b269-a4b633a86a84
Jun 17 02:25:32.777492 np0000180810 devstack@neutron-api.service[107807]: DEBUG neutron_lib.callbacks.manager [None req-5eba03b7-26cb-47f5-8680-24543c8d263b admin admin] Publish callbacks ['neutron.services.auto_allocate.db._ensure_external_network_default_value_callback-8325915774806'] for network (ae4ae4a4-b172-4862-b269-a4b633a86a84), precommit_create {{(pid=107807) _notify_loop /opt/stack/data/venv/lib/python3.12/site-packages/neutron_lib/callbacks/manager.py:184}}
Jun 17 02:25:32.782761 np0000180810 devstack@neutron-api.service[107808]: DEBUG neutron.plugins.ml2.drivers.ovn.mech_driver.ovsdb.ovsdb_monitor [None req-79b24702-ab2d-442e-9392-33fe4af9c402 None None] Hash Ring: Node 0a4a3f18f8be5b919f5889221ca00474 (host: np0000180810) handling event "update" for row fe1faa8e-7d52-4f9a-ba6a-13c491c8fc5b (table: NB_Global) {{(pid=107808) notify /opt/stack/neutron/neutron/plugins/ml2/drivers/ovn/mech_driver/ovsdb/ovsdb_monitor.py:1015}}
Jun 17 02:25:32.784717 np0000180810 devstack@neutron-api.service[107808]: DEBUG neutron.plugins.ml2.drivers.ovn.mech_driver.ovsdb.ovsdb_monitor [None req-79b24702-ab2d-442e-9392-33fe4af9c402 None None] Touching Hash Ring node "0a4a3f18f8be5b919f5889221ca00474" from IDL notify handler {{(pid=107808) notify /opt/stack/neutron/neutron/plugins/ml2/drivers/ovn/mech_driver/ovsdb/ovsdb_monitor.py:1007}}
Jun 17 02:25:32.788987 np0000180810 devstack@neutron-api.service[107808]: DEBUG neutron.plugins.ml2.drivers.ovn.mech_driver.ovsdb.ovsdb_monitor [None req-79b24702-ab2d-442e-9392-33fe4af9c402 None None] Hash Ring: Node 0a4a3f18f8be5b919f5889221ca00474 (host: np0000180810) handling event "update" for row fe1faa8e-7d52-4f9a-ba6a-13c491c8fc5b (table: NB_Global) {{(pid=107808) notify /opt/stack/neutron/neutron/plugins/ml2/drivers/ovn/mech_driver/ovsdb/ovsdb_monitor.py:1015}}
Jun 17 02:25:32.789251 np0000180810 devstack@neutron-api.service[107807]: DEBUG neutron.plugins.ml2.drivers.ovn.mech_driver.mech_driver [None req-5eba03b7-26cb-47f5-8680-24543c8d263b admin admin] Validating network segment with type geneve, segmentation ID 33322, physical network None {{(pid=107807) _validate_network_segments /opt/stack/neutron/neutron/plugins/ml2/drivers/ovn/mech_driver/mech_driver.py:643}}
Jun 17 02:25:32.789424 np0000180810 devstack@neutron-api.service[107807]: DEBUG neutron.db.ovn_revision_numbers_db [None req-5eba03b7-26cb-47f5-8680-24543c8d263b admin admin] create_initial_revision uuid=ae4ae4a4-b172-4862-b269-a4b633a86a84, type=networks, rev=-1 {{(pid=107807) create_initial_revision /opt/stack/neutron/neutron/db/ovn_revision_numbers_db.py:98}}
Jun 17 02:25:32.790444 np0000180810 devstack@neutron-api.service[107808]: DEBUG neutron.plugins.ml2.drivers.ovn.mech_driver.ovsdb.ovsdb_monitor [None req-79b24702-ab2d-442e-9392-33fe4af9c402 None None] Touching Hash Ring node "0a4a3f18f8be5b919f5889221ca00474" from IDL notify handler {{(pid=107808) notify /opt/stack/neutron/neutron/plugins/ml2/drivers/ovn/mech_driver/ovsdb/ovsdb_monitor.py:1007}}
Jun 17 02:25:32.793061 np0000180810 devstack@neutron-api.service[107808]: DEBUG neutron.plugins.ml2.drivers.ovn.mech_driver.ovsdb.ovsdb_monitor [None req-79b24702-ab2d-442e-9392-33fe4af9c402 None None] Hash Ring: Node 0a4a3f18f8be5b919f5889221ca00474 (host: np0000180810) handling event "update" for row fe1faa8e-7d52-4f9a-ba6a-13c491c8fc5b (table: NB_Global) {{(pid=107808) notify /opt/stack/neutron/neutron/plugins/ml2/drivers/ovn/mech_driver/ovsdb/ovsdb_monitor.py:1015}}
Jun 17 02:25:32.794427 np0000180810 devstack@neutron-api.service[107808]: DEBUG neutron.plugins.ml2.drivers.ovn.mech_driver.ovsdb.ovsdb_monitor [None req-79b24702-ab2d-442e-9392-33fe4af9c402 None None] Touching Hash Ring node "0a4a3f18f8be5b919f5889221ca00474" from IDL notify handler {{(pid=107808) notify /opt/stack/neutron/neutron/plugins/ml2/drivers/ovn/mech_driver/ovsdb/ovsdb_monitor.py:1007}}
Jun 17 02:25:32.797041 np0000180810 devstack@neutron-api.service[107808]: DEBUG neutron.plugins.ml2.drivers.ovn.mech_driver.ovsdb.ovsdb_monitor [None req-79b24702-ab2d-442e-9392-33fe4af9c402 None None] Hash Ring: Node 0a4a3f18f8be5b919f5889221ca00474 (host: np0000180810) handling event "update" for row fe1faa8e-7d52-4f9a-ba6a-13c491c8fc5b (table: NB_Global) {{(pid=107808) notify /opt/stack/neutron/neutron/plugins/ml2/drivers/ovn/mech_driver/ovsdb/ovsdb_monitor.py:1015}}
Jun 17 02:25:32.802473 np0000180810 devstack@neutron-api.service[107807]: DEBUG neutron_lib.callbacks.manager [None req-5eba03b7-26cb-47f5-8680-24543c8d263b admin admin] Publish callbacks ['neutron.plugins.ml2.ovo_rpc._ObjectChangeHandler.handle_event-6812834'] for network (ae4ae4a4-b172-4862-b269-a4b633a86a84), after_create {{(pid=107807) _notify_loop /opt/stack/data/venv/lib/python3.12/site-packages/neutron_lib/callbacks/manager.py:184}}
