2026-06-16 02:12:06.591 7 INFO neutron.db.ovn_revision_numbers_db [None req-6ce95722-47a8-4d49-98d3-1460c0226553 74214efb0f7546689f4a47b37b03142f ac29ae76204f4cf9a3eb528122af4d2c - - default default] Successfully bumped revision number for resource 33d3f0d8-1ad3-4e7f-894b-c7ab255aabbb (type: ports) to 1
2026-06-16 02:12:06.635 8 INFO neutron.db.ovn_revision_numbers_db [None req-5b4e92af-4251-4511-877d-21467eb32b76 2ced68cd25954074ad56b2be03be63e6 2463a311332a459e9e16756b32974772 - - default default] Successfully bumped revision number for resource 0c6b44d9-dc6c-4145-b943-3b0f81033c09 (type: ports) to 1 [pid: 7|app: 0|req: 962/2213] 10.0.0.37 () {34 vars in 670 bytes} [Tue Jun 16 02:12:05 2026] POST /v2.0/networks => generated 762 bytes in 952 msecs (HTTP/1.1 201) 4 headers in 162 bytes (1 switches on core 0) [pid: 8|app: 0|req: 1252/2214] 10.0.0.37 () {34 vars in 663 bytes} [Tue Jun 16 02:12:06 2026] POST /v2.0/ports => generated 743 bytes in 441 msecs (HTTP/1.1 201) 4 headers in 162 bytes (1 switches on core 0) /var/lib/openstack/lib/python3.12/site-packages/pycadf/identifier.py:70: UserWarning: Invalid uuid: neutron. To ensure interoperability, identifiers should be a valid uuid. warnings.warn(('Invalid uuid: %s. To ensure interoperability, ' [pid: 7|app: 0|req: 963/2215] 10.0.0.37 () {34 vars in 680 bytes} [Tue Jun 16 02:12:06 2026] POST /v2.0/rbac-policies => generated 324 bytes in 273 msecs (HTTP/1.1 201) 4 headers in 162 bytes (1 switches on core 0) [pid: 8|app: 0|req: 1253/2216] 10.0.0.37 () {32 vars in 739 bytes} [Tue Jun 16 02:12:06 2026] DELETE /v2.0/security-groups/cd90cc0b-eaed-405d-baac-e3774f10ec53 => generated 0 bytes in 236 msecs (HTTP/1.1 204) 2 headers in 112 bytes (1 switches on core 0)
2026-06-16 02:12:07.104 7 WARNING neutron.scheduler.dhcp_agent_scheduler [None req-daa0eda2-53ee-4e3d-9ae4-1f84b3d69aae 74214efb0f7546689f4a47b37b03142f ac29ae76204f4cf9a3eb528122af4d2c - - default default] No more DHCP agents
2026-06-16 02:12:07.106 7 WARNING neutron.api.rpc.agentnotifiers.dhcp_rpc_agent_api [None req-daa0eda2-53ee-4e3d-9ae4-1f84b3d69aae 74214efb0f7546689f4a47b37b03142f ac29ae76204f4cf9a3eb528122af4d2c - - default default] Unable to schedule network c87a828f-8b4f-4012-ac15-3f8deabf5b0c: no agents available; will retry on subsequent port and subnet creation events. [pid: 8|app: 0|req: 1254/2217] 10.0.0.37 () {34 vars in 665 bytes} [Tue Jun 16 02:12:06 2026] POST /v2.0/trunks => generated 409 bytes in 249 msecs (HTTP/1.1 201) 4 headers in 162 bytes (1 switches on core 0)
2026-06-16 02:12:07.288 8 INFO neutron.db.segments_db [None req-45e3bf79-22cc-4d40-97c9-493e08fc28f5 2ced68cd25954074ad56b2be03be63e6 2463a311332a459e9e16756b32974772 - - default default] Added segment 2f436a75-87d5-4f22-beb8-e2c7b4ffd9df of type geneve for network ba14705b-532a-43b1-b86f-e34d167edb68
2026-06-16 02:12:07.393 8 INFO neutron.db.ovn_revision_numbers_db [None req-45e3bf79-22cc-4d40-97c9-493e08fc28f5 2ced68cd25954074ad56b2be03be63e6 2463a311332a459e9e16756b32974772 - - default default] Successfully bumped revision number for resource ba14705b-532a-43b1-b86f-e34d167edb68 (type: networks) to 1
2026-06-16 02:12:07.615 8 WARNING neutron.scheduler.dhcp_agent_scheduler [None req-45e3bf79-22cc-4d40-97c9-493e08fc28f5 2ced68cd25954074ad56b2be03be63e6 2463a311332a459e9e16756b32974772 - - default default] No more DHCP agents
2026-06-16 02:12:07.617 8 WARNING neutron.api.rpc.agentnotifiers.dhcp_rpc_agent_api [None req-45e3bf79-22cc-4d40-97c9-493e08fc28f5 2ced68cd25954074ad56b2be03be63e6 2463a311332a459e9e16756b32974772 - - default default] Unable to schedule network ba14705b-532a-43b1-b86f-e34d167edb68: no agents available; will retry on subsequent port and subnet creation events.
2026-06-16 02:12:07.634 7 INFO neutron.db.ovn_revision_numbers_db [None req-ddc99266-1ba3-4fec-b71a-452cc39c7b4e - - - - - -] Successfully bumped revision number for resource 33d3f0d8-1ad3-4e7f-894b-c7ab255aabbb (type: ports) to 2
2026-06-16 02:12:07.677 8 INFO neutron.plugins.ml2.drivers.ovn.mech_driver.mech_driver [None req-6be840c4-23e0-46ac-a4fb-f92064b44832 - - - - - -] OVN reports status down for port: a990fe10-7672-403d-ae75-ef97296be2a5
2026-06-16 02:12:07.708 7 INFO neutron.db.ovn_revision_numbers_db [None req-ddc99266-1ba3-4fec-b71a-452cc39c7b4e - - - - - -] Successfully bumped revision number for resource 08c5e1f7-e3b8-4bb5-a8d4-79022e9ef552 (type: subnets) to 0 [pid: 7|app: 0|req: 964/2218] 10.0.0.37 () {34 vars in 668 bytes} [Tue Jun 16 02:12:06 2026] POST /v2.0/subnets => generated 687 bytes in 807 msecs (HTTP/1.1 201) 4 headers in 162 bytes (1 switches on core 0)
2026-06-16 02:12:07.741 8 INFO neutron.db.ovn_revision_numbers_db [None req-45e3bf79-22cc-4d40-97c9-493e08fc28f5 2ced68cd25954074ad56b2be03be63e6 2463a311332a459e9e16756b32974772 - - default default] Successfully bumped revision number for resource a990fe10-7672-403d-ae75-ef97296be2a5 (type: ports) to 1 [pid: 8|app: 0|req: 1255/2219] 10.0.0.37 () {34 vars in 669 bytes} [Tue Jun 16 02:12:07 2026] POST /v2.0/networks => generated 651 bytes in 577 msecs (HTTP/1.1 201) 4 headers in 162 bytes (1 switches on core 0) [pid: 7|app: 0|req: 965/2220] 10.0.0.37 () {32 vars in 722 bytes} [Tue Jun 16 02:12:07 2026] GET /v2.0/networks/7ccf1716-c245-4283-a802-cefa38f666b1 => generated 692 bytes in 125 msecs (HTTP/1.1 200) 4 headers in 157 bytes (1 switches on core 0)
2026-06-16 02:12:08.078 7 WARNING neutron.scheduler.dhcp_agent_scheduler [None req-2714b6ab-c387-4d5d-aea1-04b14ccc822b 2ced68cd25954074ad56b2be03be63e6 2463a311332a459e9e16756b32974772 - - default default] No more DHCP agents
2026-06-16 02:12:08.080 7 WARNING neutron.api.rpc.agentnotifiers.dhcp_rpc_agent_api [None req-2714b6ab-c387-4d5d-aea1-04b14ccc822b 2ced68cd25954074ad56b2be03be63e6 2463a311332a459e9e16756b32974772 - - default default] Unable to schedule network ba14705b-532a-43b1-b86f-e34d167edb68: no agents available; will retry on subsequent port and subnet creation events.
2026-06-16 02:12:08.169 8 INFO neutron.plugins.ml2.drivers.ovn.mech_driver.mech_driver [None req-6be840c4-23e0-46ac-a4fb-f92064b44832 - - - - - -] OVN reports status down for port: f22f05e5-d73a-4e97-b182-625f37ce7de7
2026-06-16 02:12:08.195 7 INFO neutron.db.ovn_revision_numbers_db [None req-2714b6ab-c387-4d5d-aea1-04b14ccc822b 2ced68cd25954074ad56b2be03be63e6 2463a311332a459e9e16756b32974772 - - default default] Successfully bumped revision number for resource f22f05e5-d73a-4e97-b182-625f37ce7de7 (type: ports) to 1
2026-06-16 02:12:08.230 8 WARNING neutron.scheduler.dhcp_agent_scheduler [None req-bb3a8617-9b64-4f4f-87c1-2c59a750fbb1 74214efb0f7546689f4a47b37b03142f ac29ae76204f4cf9a3eb528122af4d2c - - default default] No more DHCP agents
2026-06-16 02:12:08.232 8 WARNING neutron.api.rpc.agentnotifiers.dhcp_rpc_agent_api [None req-bb3a8617-9b64-4f4f-87c1-2c59a750fbb1 74214efb0f7546689f4a47b37b03142f ac29ae76204f4cf9a3eb528122af4d2c - - default default] Unable to schedule network c55bc141-595b-4ffb-bfbf-1eb2c221f1a5: no agents available; will retry on subsequent port and subnet creation events. [pid: 7|app: 0|req: 966/2221] 10.0.0.37 () {34 vars in 663 bytes} [Tue Jun 16 02:12:07 2026] POST /v2.0/ports => generated 743 bytes in 402 msecs (HTTP/1.1 201) 4 headers in 162 bytes (1 switches on core 0) /var/lib/openstack/lib/python3.12/site-packages/pycadf/identifier.py:70: UserWarning: Invalid uuid: neutron. To ensure interoperability, identifiers should be a valid uuid. warnings.warn(('Invalid uuid: %s. To ensure interoperability, '
2026-06-16 02:12:08.374 7 INFO neutron.pecan_wsgi.hooks.translation [None req-7f346f51-2896-4ebc-a1e9-18828e6e15b8 5fc8f6047f2e47d1a101556bfaee535d 388c5bbfb64e4fa7a4cd6fce7450badb - - default default] GET failed (client error): The resource could not be found. [pid: 7|app: 0|req: 967/2222] 10.0.0.37 () {32 vars in 722 bytes} [Tue Jun 16 02:12:08 2026] GET /v2.0/networks/7ccf1716-c245-4283-a802-cefa38f666b1 => generated 138 bytes in 124 msecs (HTTP/1.1 404) 4 headers in 164 bytes (1 switches on core 0)
2026-06-16 02:12:08.379 7 INFO neutron.plugins.ml2.drivers.ovn.mech_driver.mech_driver [None req-aeadd098-496c-4428-afaa-4b719f0d493a - - - - - -] OVN reports status down for port: a0e5b999-3241-49dc-8382-8d5bd61b35de
2026-06-16 02:12:08.396 8 INFO neutron.db.ovn_revision_numbers_db [None req-bb3a8617-9b64-4f4f-87c1-2c59a750fbb1 74214efb0f7546689f4a47b37b03142f ac29ae76204f4cf9a3eb528122af4d2c - - default default] Successfully bumped revision number for resource a0e5b999-3241-49dc-8382-8d5bd61b35de (type: ports) to 1 [pid: 7|app: 0|req: 968/2223] 10.0.0.37 () {34 vars in 665 bytes} [Tue Jun 16 02:12:08 2026] POST /v2.0/trunks => generated 409 bytes in 300 msecs (HTTP/1.1 201) 4 headers in 162 bytes (1 switches on core 0)
2026-06-16 02:12:08.821 7 INFO neutron_taas.services.taas.taas_plugin [None req-c28e80d3-64e6-48b6-9622-ff29f6983247 2848b88d17f4467ab867a5b1176a0991 fbffb65cf5df432f8b8b0f155895309b - - default default] TaaS: Handle Delete Port: f62d8eb3-dc10-4811-832e-39bac4cfdd8e
2026-06-16 02:12:08.824 7 INFO neutron_taas.services.taas.tap_mirror_plugin [None req-c28e80d3-64e6-48b6-9622-ff29f6983247 2848b88d17f4467ab867a5b1176a0991 fbffb65cf5df432f8b8b0f155895309b - - default default] Tap Mirror: Handle Delete Port: f62d8eb3-dc10-4811-832e-39bac4cfdd8e
2026-06-16 02:12:09.028 8 INFO neutron.plugins.ml2.drivers.ovn.mech_driver.ovsdb.commands [None req-206b3c9a-bdeb-4adb-a6b8-9ddf853b2a15 - - - - - -] Schedule LRP lrp-a0e5b999-3241-49dc-8382-8d5bd61b35de on gateway c23b8b33-83cc-4f9e-a9a0-004c23093e21 with priority 1
2026-06-16 02:12:09.100 7 INFO neutron.plugins.ml2.drivers.ovn.mech_driver.mech_driver [None req-aeadd098-496c-4428-afaa-4b719f0d493a - - - - - -] OVN reports status up for port: a0e5b999-3241-49dc-8382-8d5bd61b35de
2026-06-16 02:12:09.108 7 INFO neutron.plugins.ml2.drivers.ovn.mech_driver.ovsdb.ovsdb_monitor [None req-ca95f092-1a70-40de-b0e9-bc2dc7415288 - - - - - -] Router 05926a77-2381-4a0a-8a23-d49fdf34b4c8 is bound to host instance
2026-06-16 02:12:09.122 8 INFO neutron.db.ovn_revision_numbers_db [None req-bb3a8617-9b64-4f4f-87c1-2c59a750fbb1 74214efb0f7546689f4a47b37b03142f ac29ae76204f4cf9a3eb528122af4d2c - - default default] Successfully bumped revision number for resource a0e5b999-3241-49dc-8382-8d5bd61b35de (type: router_ports) to 1
2026-06-16 02:12:09.131 7 INFO neutron.plugins.ml2.plugin [None req-aeadd098-496c-4428-afaa-4b719f0d493a - - - - - -] Attempt 1 to provision port a0e5b999-3241-49dc-8382-8d5bd61b35de
2026-06-16 02:12:09.209 8 INFO neutron.db.ovn_revision_numbers_db [None req-bb3a8617-9b64-4f4f-87c1-2c59a750fbb1 74214efb0f7546689f4a47b37b03142f ac29ae76204f4cf9a3eb528122af4d2c - - default default] Successfully bumped revision number for resource 05926a77-2381-4a0a-8a23-d49fdf34b4c8 (type: routers) to 2 [pid: 8|app: 0|req: 1256/2224] 10.0.0.37 () {34 vars in 668 bytes} [Tue Jun 16 02:12:07 2026] POST /v2.0/routers => generated 965 bytes in 1450 msecs (HTTP/1.1 201) 4 headers in 162 bytes (1 switches on core 0)
2026-06-16 02:12:09.321 8 INFO neutron.db.segments_db [None req-26e8f6f1-7a6a-43b4-8564-d388d9dc9a01 2ced68cd25954074ad56b2be03be63e6 2463a311332a459e9e16756b32974772 - - default default] Added segment 47a77d63-19e2-4f99-bcfd-7aaf871fa57a of type geneve for network a0013728-5579-4304-b408-66406806b1bc
2026-06-16 02:12:09.381 7 INFO neutron.services.segments.plugin [-] Segment 52ea37bf-5c87-4833-9811-5f0f4c35da59 resource provider aggregate not found
2026-06-16 02:12:09.404 7 INFO neutron.services.segments.plugin [-] Segment 52ea37bf-5c87-4833-9811-5f0f4c35da59 resource provider aggregate not found
2026-06-16 02:12:09.406 7 INFO neutron.services.segments.plugin [-] Segment 52ea37bf-5c87-4833-9811-5f0f4c35da59 resource provider not found; error: Placement Client Error (4xx): {"errors": [{"status": 404, "title": "Not Found", "detail": "The resource could not be found.\n\n No resource provider with uuid 52ea37bf-5c87-4833-9811-5f0f4c35da59 found for delete ", "request_id": "req-bc9d025d-237a-4331-8832-59041090d2b3"}]}
2026-06-16 02:12:09.424 7 INFO neutron.services.segments.plugin [-] Segment 52ea37bf-5c87-4833-9811-5f0f4c35da59 resource provider not found; error: Placement Client Error (4xx): {"errors": [{"status": 404, "title": "Not Found", "detail": "The resource could not be found.\n\n No resource provider with uuid 52ea37bf-5c87-4833-9811-5f0f4c35da59 found for delete ", "request_id": "req-556317a2-5c43-40ea-8ef6-e8a0124e7800"}]}
2026-06-16 02:12:09.455 8 INFO neutron.db.ovn_revision_numbers_db [None req-26e8f6f1-7a6a-43b4-8564-d388d9dc9a01 2ced68cd25954074ad56b2be03be63e6 2463a311332a459e9e16756b32974772 - - default default] Successfully bumped revision number for resource a0013728-5579-4304-b408-66406806b1bc (type: networks) to 1 [pid: 7|app: 0|req: 969/2225] 10.0.0.37 () {32 vars in 725 bytes} [Tue Jun 16 02:12:08 2026] DELETE /v2.0/networks/7ccf1716-c245-4283-a802-cefa38f666b1 => generated 0 bytes in 807 msecs (HTTP/1.1 204) 3 headers in 131 bytes (1 switches on core 0)
2026-06-16 02:12:09.648 8 WARNING neutron.scheduler.dhcp_agent_scheduler [None req-26e8f6f1-7a6a-43b4-8564-d388d9dc9a01 2ced68cd25954074ad56b2be03be63e6 2463a311332a459e9e16756b32974772 - - default default] No more DHCP agents
2026-06-16 02:12:09.650 8 WARNING neutron.api.rpc.agentnotifiers.dhcp_rpc_agent_api [None req-26e8f6f1-7a6a-43b4-8564-d388d9dc9a01 2ced68cd25954074ad56b2be03be63e6 2463a311332a459e9e16756b32974772 - - default default] Unable to schedule network a0013728-5579-4304-b408-66406806b1bc: no agents available; will retry on subsequent port and subnet creation events.
2026-06-16 02:12:09.711 8 INFO neutron.plugins.ml2.drivers.ovn.mech_driver.mech_driver [None req-6be840c4-23e0-46ac-a4fb-f92064b44832 - - - - - -] OVN reports status down for port: 8e31cacf-9542-46ca-8570-921ef105c6d1
2026-06-16 02:12:09.768 8 INFO neutron.db.ovn_revision_numbers_db [None req-26e8f6f1-7a6a-43b4-8564-d388d9dc9a01 2ced68cd25954074ad56b2be03be63e6 2463a311332a459e9e16756b32974772 - - default default] Successfully bumped revision number for resource 8e31cacf-9542-46ca-8570-921ef105c6d1 (type: ports) to 1 [pid: 8|app: 0|req: 1257/2226] 10.0.0.37 () {34 vars in 669 bytes} [Tue Jun 16 02:12:09 2026] POST /v2.0/networks => generated 651 bytes in 572 msecs (HTTP/1.1 201) 4 headers in 162 bytes (1 switches on core 0)
2026-06-16 02:12:10.059 8 INFO neutron.db.ovn_revision_numbers_db [None req-8a791cb8-6b28-4f47-8d4c-8cdd02225b20 74214efb0f7546689f4a47b37b03142f ac29ae76204f4cf9a3eb528122af4d2c - - default default] Successfully bumped revision number for resource a93c55ca-bbcb-49f5-8dd5-2b6bd5377a1d (type: security_groups) to 1
2026-06-16 02:12:10.070 8 INFO neutron.db.ovn_revision_numbers_db [None req-8a791cb8-6b28-4f47-8d4c-8cdd02225b20 74214efb0f7546689f4a47b37b03142f ac29ae76204f4cf9a3eb528122af4d2c - - default default] Successfully bumped revision number for resource 3cfceabe-20aa-407e-9c3f-9280ddc2cb96 (type: security_group_rules) to 0
2026-06-16 02:12:10.084 8 INFO neutron.db.ovn_revision_numbers_db [None req-8a791cb8-6b28-4f47-8d4c-8cdd02225b20 74214efb0f7546689f4a47b37b03142f ac29ae76204f4cf9a3eb528122af4d2c - - default default] Successfully bumped revision number for resource 4640981b-bcde-4e33-b2bd-739e490e69ea (type: security_group_rules) to 0
2026-06-16 02:12:10.097 8 INFO neutron.db.ovn_revision_numbers_db [None req-8a791cb8-6b28-4f47-8d4c-8cdd02225b20 74214efb0f7546689f4a47b37b03142f ac29ae76204f4cf9a3eb528122af4d2c - - default default] Successfully bumped revision number for resource 56f7aff0-928e-4ec4-9a12-ea37fe8edd86 (type: security_group_rules) to 0
2026-06-16 02:12:10.109 8 INFO neutron.db.ovn_revision_numbers_db [None req-8a791cb8-6b28-4f47-8d4c-8cdd02225b20 74214efb0f7546689f4a47b37b03142f ac29ae76204f4cf9a3eb528122af4d2c - - default default] Successfully bumped revision number for resource e56c9150-c9e2-4100-8545-6b0db0636565 (type: security_group_rules) to 0 [pid: 8|app: 0|req: 1258/2227] 10.0.0.37 () {32 vars in 773 bytes} [Tue Jun 16 02:12:09 2026] GET /v2.0/security-groups?tenant_id=7bd2dac15c684a35b0ca6308236dcf88&name=default => generated 2925 bytes in 351 msecs (HTTP/1.1 200) 4 headers in 158 bytes (1 switches on core 0)
2026-06-16 02:12:10.167 8 INFO neutron.pecan_wsgi.hooks.translation [None req-8d3976fa-de49-4f28-bffb-691041f64148 2848b88d17f4467ab867a5b1176a0991 fbffb65cf5df432f8b8b0f155895309b - - default default] DELETE failed (client error): The resource could not be found. [pid: 8|app: 0|req: 1259/2228] 10.0.0.37 () {32 vars in 723 bytes} [Tue Jun 16 02:12:10 2026] DELETE /v2.0/subnets/5d969d31-e9df-4bee-847a-ca414d32d054 => generated 136 bytes in 12 msecs (HTTP/1.1 404) 4 headers in 164 bytes (1 switches on core 0)
2026-06-16 02:12:10.353 7 WARNING neutron.scheduler.dhcp_agent_scheduler [None req-fc298985-a960-4ddb-a9bc-2bc6758cf660 74214efb0f7546689f4a47b37b03142f ac29ae76204f4cf9a3eb528122af4d2c - - default default] No more DHCP agents
2026-06-16 02:12:10.358 7 WARNING neutron.api.rpc.agentnotifiers.dhcp_rpc_agent_api [None req-fc298985-a960-4ddb-a9bc-2bc6758cf660 74214efb0f7546689f4a47b37b03142f ac29ae76204f4cf9a3eb528122af4d2c - - default default] Unable to schedule network c87a828f-8b4f-4012-ac15-3f8deabf5b0c: no agents available; will retry on subsequent port and subnet creation events.
2026-06-16 02:12:10.441 8 WARNING neutron.scheduler.dhcp_agent_scheduler [None req-b4244f66-e443-457b-a03c-80204837db60 2ced68cd25954074ad56b2be03be63e6 2463a311332a459e9e16756b32974772 - - default default] No more DHCP agents
2026-06-16 02:12:10.443 8 WARNING neutron.api.rpc.agentnotifiers.dhcp_rpc_agent_api [None req-b4244f66-e443-457b-a03c-80204837db60 2ced68cd25954074ad56b2be03be63e6 2463a311332a459e9e16756b32974772 - - default default] Unable to schedule network a0013728-5579-4304-b408-66406806b1bc: no agents available; will retry on subsequent port and subnet creation events.
2026-06-16 02:12:10.518 8 INFO neutron.plugins.ml2.drivers.ovn.mech_driver.mech_driver [None req-6be840c4-23e0-46ac-a4fb-f92064b44832 - - - - - -] OVN reports status down for port: 6318f5af-908e-4c18-9785-3434a91124fb
2026-06-16 02:12:10.631 8 INFO neutron.db.ovn_revision_numbers_db [None req-b4244f66-e443-457b-a03c-80204837db60 2ced68cd25954074ad56b2be03be63e6 2463a311332a459e9e16756b32974772 - - default default] Successfully bumped revision number for resource 6318f5af-908e-4c18-9785-3434a91124fb (type: ports) to 1
2026-06-16 02:12:10.660 7 INFO neutron.db.ovn_revision_numbers_db [None req-fc298985-a960-4ddb-a9bc-2bc6758cf660 74214efb0f7546689f4a47b37b03142f ac29ae76204f4cf9a3eb528122af4d2c - - default default] Successfully bumped revision number for resource 0c1dc089-ff12-49ed-9fae-7c1d5329d477 (type: ports) to 1
2026-06-16 02:12:10.685 7 INFO neutron.db.ovn_revision_numbers_db [None req-3c7350d8-adb5-4208-a9a5-4a4f0850306a - - - - - -] Successfully bumped revision number for resource a0e5b999-3241-49dc-8382-8d5bd61b35de (type: ports) to 4
2026-06-16 02:12:10.689 8 INFO neutron.plugins.ml2.drivers.ovn.mech_driver.mech_driver [None req-6be840c4-23e0-46ac-a4fb-f92064b44832 - - - - - -] OVN reports status down for port: 0c1dc089-ff12-49ed-9fae-7c1d5329d477 [pid: 8|app: 0|req: 1260/2229] 10.0.0.37 () {34 vars in 663 bytes} [Tue Jun 16 02:12:10 2026] POST /v2.0/ports => generated 743 bytes in 583 msecs (HTTP/1.1 201) 4 headers in 162 bytes (1 switches on core 0) /var/lib/openstack/lib/python3.12/site-packages/pycadf/identifier.py:70: UserWarning: Invalid uuid: neutron. To ensure interoperability, identifiers should be a valid uuid. warnings.warn(('Invalid uuid: %s. To ensure interoperability, ' [pid: 8|app: 0|req: 1261/2230] 10.0.0.37 () {32 vars in 739 bytes} [Tue Jun 16 02:12:10 2026] DELETE /v2.0/security-groups/a93c55ca-bbcb-49f5-8dd5-2b6bd5377a1d => generated 0 bytes in 246 msecs (HTTP/1.1 204) 2 headers in 112 bytes (1 switches on core 0)
2026-06-16 02:12:11.014 8 INFO neutron.pecan_wsgi.hooks.translation [None req-26c6dff8-c29c-41b4-a70d-4f77f1190d2d 2848b88d17f4467ab867a5b1176a0991 fbffb65cf5df432f8b8b0f155895309b - - default default] DELETE failed (client error): The resource could not be found. [pid: 8|app: 0|req: 1262/2231] 10.0.0.37 () {32 vars in 723 bytes} [Tue Jun 16 02:12:11 2026] DELETE /v2.0/subnets/8d64299a-0d9e-4e2e-a5f1-67aa5619a2b7 => generated 136 bytes in 18 msecs (HTTP/1.1 404) 4 headers in 164 bytes (1 switches on core 0) [pid: 8|app: 0|req: 1263/2232] 10.0.0.37 () {34 vars in 665 bytes} [Tue Jun 16 02:12:11 2026] POST /v2.0/trunks => generated 409 bytes in 181 msecs (HTTP/1.1 201) 4 headers in 162 bytes (1 switches on core 0)
2026-06-16 02:12:11.210 8 INFO neutron.pecan_wsgi.hooks.translation [None req-8bfef5c2-4464-4a74-bc9a-88d54a93c590 2848b88d17f4467ab867a5b1176a0991 fbffb65cf5df432f8b8b0f155895309b - - default default] DELETE failed (client error): The resource could not be found. [pid: 8|app: 0|req: 1264/2233] 10.0.0.37 () {32 vars in 723 bytes} [Tue Jun 16 02:12:11 2026] DELETE /v2.0/subnets/6e7ef082-502b-45fe-8372-02ddac19b43a => generated 136 bytes in 12 msecs (HTTP/1.1 404) 4 headers in 164 bytes (1 switches on core 0)
2026-06-16 02:12:11.297 8 INFO neutron.db.segments_db [None req-13f190fe-6e02-427e-be74-858908bee471 2ced68cd25954074ad56b2be03be63e6 2463a311332a459e9e16756b32974772 - - default default] Added segment 07d51ffd-4b3a-4357-995b-c5fb4b279bb7 of type geneve for network d2a244b2-cf2f-4063-9cef-b166ae1778f2
2026-06-16 02:12:11.362 7 INFO neutron.db.ovn_revision_numbers_db [None req-3c7350d8-adb5-4208-a9a5-4a4f0850306a - - - - - -] Successfully bumped revision number for resource a0e5b999-3241-49dc-8382-8d5bd61b35de (type: ports) to 5
2026-06-16 02:12:11.412 8 INFO neutron.db.ovn_revision_numbers_db [None req-13f190fe-6e02-427e-be74-858908bee471 2ced68cd25954074ad56b2be03be63e6 2463a311332a459e9e16756b32974772 - - default default] Successfully bumped revision number for resource d2a244b2-cf2f-4063-9cef-b166ae1778f2 (type: networks) to 1
2026-06-16 02:12:11.617 8 WARNING neutron.scheduler.dhcp_agent_scheduler [None req-13f190fe-6e02-427e-be74-858908bee471 2ced68cd25954074ad56b2be03be63e6 2463a311332a459e9e16756b32974772 - - default default] No more DHCP agents
2026-06-16 02:12:11.619 8 WARNING neutron.api.rpc.agentnotifiers.dhcp_rpc_agent_api [None req-13f190fe-6e02-427e-be74-858908bee471 2ced68cd25954074ad56b2be03be63e6 2463a311332a459e9e16756b32974772 - - default default] Unable to schedule network d2a244b2-cf2f-4063-9cef-b166ae1778f2: no agents available; will retry on subsequent port and subnet creation events.
2026-06-16 02:12:11.692 8 INFO neutron.db.ovn_revision_numbers_db [None req-13f190fe-6e02-427e-be74-858908bee471 2ced68cd25954074ad56b2be03be63e6 2463a311332a459e9e16756b32974772 - - default default] Successfully bumped revision number for resource 3811ef3c-e376-4bb6-b8c2-1c2f4d154110 (type: ports) to 1
2026-06-16 02:12:11.695 7 INFO neutron.plugins.ml2.drivers.ovn.mech_driver.mech_driver [None req-aeadd098-496c-4428-afaa-4b719f0d493a - - - - - -] OVN reports status down for port: 3811ef3c-e376-4bb6-b8c2-1c2f4d154110 [pid: 8|app: 0|req: 1265/2234] 10.0.0.37 () {34 vars in 669 bytes} [Tue Jun 16 02:12:11 2026] POST /v2.0/networks => generated 650 bytes in 535 msecs (HTTP/1.1 201) 4 headers in 162 bytes (1 switches on core 0)
2026-06-16 02:12:11.750 8 INFO neutron.plugins.ml2.drivers.ovn.mech_driver.mech_driver [None req-6be840c4-23e0-46ac-a4fb-f92064b44832 - - - - - -] OVN reports status up for port: 0c1dc089-ff12-49ed-9fae-7c1d5329d477
2026-06-16 02:12:11.766 8 INFO neutron.plugins.ml2.plugin [None req-6be840c4-23e0-46ac-a4fb-f92064b44832 - - - - - -] Attempt 1 to provision port 0c1dc089-ff12-49ed-9fae-7c1d5329d477
2026-06-16 02:12:11.843 7 WARNING neutron.scheduler.dhcp_agent_scheduler [None req-fc298985-a960-4ddb-a9bc-2bc6758cf660 74214efb0f7546689f4a47b37b03142f ac29ae76204f4cf9a3eb528122af4d2c - - default default] No more DHCP agents
2026-06-16 02:12:11.846 7 WARNING neutron.api.rpc.agentnotifiers.dhcp_rpc_agent_api [None req-fc298985-a960-4ddb-a9bc-2bc6758cf660 74214efb0f7546689f4a47b37b03142f ac29ae76204f4cf9a3eb528122af4d2c - - default default] Unable to schedule network c87a828f-8b4f-4012-ac15-3f8deabf5b0c: no agents available; will retry on subsequent port and subnet creation events.
2026-06-16 02:12:12.162 8 WARNING neutron.scheduler.dhcp_agent_scheduler [None req-71de9722-4ac1-41c9-bf1e-1200b3f2a4e0 2ced68cd25954074ad56b2be03be63e6 2463a311332a459e9e16756b32974772 - - default default] No more DHCP agents
2026-06-16 02:12:12.164 8 WARNING neutron.api.rpc.agentnotifiers.dhcp_rpc_agent_api [None req-71de9722-4ac1-41c9-bf1e-1200b3f2a4e0 2ced68cd25954074ad56b2be03be63e6 2463a311332a459e9e16756b32974772 - - default default] Unable to schedule network d2a244b2-cf2f-4063-9cef-b166ae1778f2: no agents available; will retry on subsequent port and subnet creation events.
2026-06-16 02:12:12.278 7 INFO neutron.plugins.ml2.drivers.ovn.mech_driver.mech_driver [None req-aeadd098-496c-4428-afaa-4b719f0d493a - - - - - -] OVN reports status down for port: 743674dd-3a49-4989-8e5b-5af847df375d
2026-06-16 02:12:12.300 8 INFO neutron.db.ovn_revision_numbers_db [None req-71de9722-4ac1-41c9-bf1e-1200b3f2a4e0 2ced68cd25954074ad56b2be03be63e6 2463a311332a459e9e16756b32974772 - - default default] Successfully bumped revision number for resource 743674dd-3a49-4989-8e5b-5af847df375d (type: ports) to 1
2026-06-16 02:12:12.423 7 INFO neutron.db.ovn_revision_numbers_db [None req-fc298985-a960-4ddb-a9bc-2bc6758cf660 74214efb0f7546689f4a47b37b03142f ac29ae76204f4cf9a3eb528122af4d2c - - default default] Successfully bumped revision number for resource 0c1dc089-ff12-49ed-9fae-7c1d5329d477 (type: router_ports) to 1 [pid: 7|app: 0|req: 970/2235] 10.0.0.37 () {34 vars in 782 bytes} [Tue Jun 16 02:12:09 2026] PUT /v2.0/routers/05926a77-2381-4a0a-8a23-d49fdf34b4c8/add_router_interface => generated 309 bytes in 2942 msecs (HTTP/1.1 200) 4 headers in 157 bytes (1 switches on core 0) [pid: 8|app: 0|req: 1266/2236] 10.0.0.37 () {34 vars in 663 bytes} [Tue Jun 16 02:12:11 2026] POST /v2.0/ports => generated 743 bytes in 733 msecs (HTTP/1.1 201) 4 headers in 162 bytes (1 switches on core 0)
2026-06-16 02:12:12.492 8 INFO neutron.db.ovn_revision_numbers_db [None req-6be840c4-23e0-46ac-a4fb-f92064b44832 - - - - - -] Successfully bumped revision number for resource 0c1dc089-ff12-49ed-9fae-7c1d5329d477 (type: ports) to 2 /var/lib/openstack/lib/python3.12/site-packages/pycadf/identifier.py:70: UserWarning: Invalid uuid: neutron. To ensure interoperability, identifiers should be a valid uuid. warnings.warn(('Invalid uuid: %s. To ensure interoperability, '
2026-06-16 02:12:12.759 7 INFO neutron.db.ovn_revision_numbers_db [None req-b6d662b1-b506-4cca-8155-33697d8e8499 74214efb0f7546689f4a47b37b03142f ac29ae76204f4cf9a3eb528122af4d2c - - default default] Successfully bumped revision number for resource e9ba5bca-4b20-4b87-a98b-37b551eeb780 (type: security_groups) to 1 [pid: 8|app: 0|req: 1267/2237] 10.0.0.37 () {34 vars in 665 bytes} [Tue Jun 16 02:12:12 2026] POST /v2.0/trunks => generated 409 bytes in 264 msecs (HTTP/1.1 201) 4 headers in 162 bytes (1 switches on core 0)
2026-06-16 02:12:12.773 7 INFO neutron.db.ovn_revision_numbers_db [None req-b6d662b1-b506-4cca-8155-33697d8e8499 74214efb0f7546689f4a47b37b03142f ac29ae76204f4cf9a3eb528122af4d2c - - default default] Successfully bumped revision number for resource 2c428d0c-b79f-4a24-8b81-afe03a236715 (type: security_group_rules) to 0
2026-06-16 02:12:12.786 7 INFO neutron.db.ovn_revision_numbers_db [None req-b6d662b1-b506-4cca-8155-33697d8e8499 74214efb0f7546689f4a47b37b03142f ac29ae76204f4cf9a3eb528122af4d2c - - default default] Successfully bumped revision number for resource a1f73df7-b590-4270-8dd7-10a0a13094c8 (type: security_group_rules) to 0
2026-06-16 02:12:12.797 7 INFO neutron.db.ovn_revision_numbers_db [None req-b6d662b1-b506-4cca-8155-33697d8e8499 74214efb0f7546689f4a47b37b03142f ac29ae76204f4cf9a3eb528122af4d2c - - default default] Successfully bumped revision number for resource c508a94e-eb17-4ec7-98d0-c615ab03a746 (type: security_group_rules) to 0
2026-06-16 02:12:12.813 7 INFO neutron.db.ovn_revision_numbers_db [None req-b6d662b1-b506-4cca-8155-33697d8e8499 74214efb0f7546689f4a47b37b03142f ac29ae76204f4cf9a3eb528122af4d2c - - default default] Successfully bumped revision number for resource f75beeba-10f6-48ad-a860-054bc39cde9d (type: security_group_rules) to 0
2026-06-16 02:12:12.842 8 INFO neutron.db.segments_db [None req-183f3b40-70f8-4548-9514-28c3e53d1f2a 2ced68cd25954074ad56b2be03be63e6 2463a311332a459e9e16756b32974772 - - default default] Added segment 3a3c0ccc-2d92-4fab-b009-60f75fab5352 of type geneve for network 4c3f2329-3097-4d74-a557-ed6eb0b1f641 [pid: 7|app: 0|req: 971/2238] 10.0.0.37 () {32 vars in 773 bytes} [Tue Jun 16 02:12:12 2026] GET /v2.0/security-groups?tenant_id=68e67cb2accf49c29191b66482925adb&name=default => generated 2925 bytes in 415 msecs (HTTP/1.1 200) 4 headers in 158 bytes (1 switches on core 0)
2026-06-16 02:12:12.953 8 INFO neutron.db.ovn_revision_numbers_db [None req-183f3b40-70f8-4548-9514-28c3e53d1f2a 2ced68cd25954074ad56b2be03be63e6 2463a311332a459e9e16756b32974772 - - default default] Successfully bumped revision number for resource 4c3f2329-3097-4d74-a557-ed6eb0b1f641 (type: networks) to 1
2026-06-16 02:12:13.112 8 WARNING neutron.scheduler.dhcp_agent_scheduler [None req-183f3b40-70f8-4548-9514-28c3e53d1f2a 2ced68cd25954074ad56b2be03be63e6 2463a311332a459e9e16756b32974772 - - default default] No more DHCP agents
2026-06-16 02:12:13.113 8 WARNING neutron.api.rpc.agentnotifiers.dhcp_rpc_agent_api [None req-183f3b40-70f8-4548-9514-28c3e53d1f2a 2ced68cd25954074ad56b2be03be63e6 2463a311332a459e9e16756b32974772 - - default default] Unable to schedule network 4c3f2329-3097-4d74-a557-ed6eb0b1f641: no agents available; will retry on subsequent port and subnet creation events. [pid: 7|app: 0|req: 972/2239] 10.0.0.37 () {32 vars in 739 bytes} [Tue Jun 16 02:12:12 2026] DELETE /v2.0/security-groups/e9ba5bca-4b20-4b87-a98b-37b551eeb780 => generated 0 bytes in 271 msecs (HTTP/1.1 204) 2 headers in 112 bytes (1 switches on core 0)
2026-06-16 02:12:13.161 7 INFO neutron.plugins.ml2.drivers.ovn.mech_driver.mech_driver [None req-aeadd098-496c-4428-afaa-4b719f0d493a - - - - - -] OVN reports status down for port: 97e7a1ee-dd75-4044-8ea9-48c502e8d5b4
2026-06-16 02:12:13.191 8 INFO neutron.db.ovn_revision_numbers_db [None req-183f3b40-70f8-4548-9514-28c3e53d1f2a 2ced68cd25954074ad56b2be03be63e6 2463a311332a459e9e16756b32974772 - - default default] Successfully bumped revision number for resource 97e7a1ee-dd75-4044-8ea9-48c502e8d5b4 (type: ports) to 1 [pid: 8|app: 0|req: 1268/2240] 10.0.0.37 () {34 vars in 669 bytes} [Tue Jun 16 02:12:12 2026] POST /v2.0/networks => generated 651 bytes in 452 msecs (HTTP/1.1 201) 4 headers in 162 bytes (1 switches on core 0)
2026-06-16 02:12:13.363 7 INFO neutron.db.ovn_revision_numbers_db [None req-0d733b0c-a4c8-4ca9-bee5-254696a92996 74214efb0f7546689f4a47b37b03142f ac29ae76204f4cf9a3eb528122af4d2c - - default default] Successfully bumped revision number for resource 6e61a255-75ec-4903-9236-e841e9fd7544 (type: security_groups) to 1
2026-06-16 02:12:13.373 7 INFO neutron.db.ovn_revision_numbers_db [None req-0d733b0c-a4c8-4ca9-bee5-254696a92996 74214efb0f7546689f4a47b37b03142f ac29ae76204f4cf9a3eb528122af4d2c - - default default] Successfully bumped revision number for resource 00ba60be-c92b-4bc0-9fd4-9e0d07b6dc9c (type: security_group_rules) to 0
2026-06-16 02:12:13.383 7 INFO neutron.db.ovn_revision_numbers_db [None req-0d733b0c-a4c8-4ca9-bee5-254696a92996 74214efb0f7546689f4a47b37b03142f ac29ae76204f4cf9a3eb528122af4d2c - - default default] Successfully bumped revision number for resource 0dc80dbb-d658-4532-bca2-acf81ed79b96 (type: security_group_rules) to 0
2026-06-16 02:12:13.394 7 INFO neutron.db.ovn_revision_numbers_db [None req-0d733b0c-a4c8-4ca9-bee5-254696a92996 74214efb0f7546689f4a47b37b03142f ac29ae76204f4cf9a3eb528122af4d2c - - default default] Successfully bumped revision number for resource 3bd2d194-adee-40d7-a4ad-89a51c05757c (type: security_group_rules) to 0
2026-06-16 02:12:13.409 7 INFO neutron.db.ovn_revision_numbers_db [None req-0d733b0c-a4c8-4ca9-bee5-254696a92996 74214efb0f7546689f4a47b37b03142f ac29ae76204f4cf9a3eb528122af4d2c - - default default] Successfully bumped revision number for resource af7cf63d-ee06-4656-915d-6012500a0602 (type: security_group_rules) to 0 [pid: 7|app: 0|req: 973/2241] 10.0.0.37 () {32 vars in 773 bytes} [Tue Jun 16 02:12:13 2026] GET /v2.0/security-groups?tenant_id=388c5bbfb64e4fa7a4cd6fce7450badb&name=default => generated 2925 bytes in 247 msecs (HTTP/1.1 200) 4 headers in 158 bytes (1 switches on core 0)
2026-06-16 02:12:13.474 8 WARNING neutron.scheduler.dhcp_agent_scheduler [None req-e35612ef-2a3f-4aa3-a781-3bcd141f9bd1 2ced68cd25954074ad56b2be03be63e6 2463a311332a459e9e16756b32974772 - - default default] No more DHCP agents
2026-06-16 02:12:13.477 8 WARNING neutron.api.rpc.agentnotifiers.dhcp_rpc_agent_api [None req-e35612ef-2a3f-4aa3-a781-3bcd141f9bd1 2ced68cd25954074ad56b2be03be63e6 2463a311332a459e9e16756b32974772 - - default default] Unable to schedule network 4c3f2329-3097-4d74-a557-ed6eb0b1f641: no agents available; will retry on subsequent port and subnet creation events.
2026-06-16 02:12:13.588 7 INFO neutron.plugins.ml2.drivers.ovn.mech_driver.mech_driver [None req-aeadd098-496c-4428-afaa-4b719f0d493a - - - - - -] OVN reports status down for port: 998f3114-777e-40b0-beb2-fc86e9bdfd62
2026-06-16 02:12:13.608 8 INFO neutron.db.ovn_revision_numbers_db [None req-e35612ef-2a3f-4aa3-a781-3bcd141f9bd1 2ced68cd25954074ad56b2be03be63e6 2463a311332a459e9e16756b32974772 - - default default] Successfully bumped revision number for resource 998f3114-777e-40b0-beb2-fc86e9bdfd62 (type: ports) to 1 [pid: 8|app: 0|req: 1269/2242] 10.0.0.37 () {34 vars in 663 bytes} [Tue Jun 16 02:12:13 2026] POST /v2.0/ports => generated 743 bytes in 440 msecs (HTTP/1.1 201) 4 headers in 162 bytes (1 switches on core 0) /var/lib/openstack/lib/python3.12/site-packages/pycadf/identifier.py:70: UserWarning: Invalid uuid: neutron. To ensure interoperability, identifiers should be a valid uuid. warnings.warn(('Invalid uuid: %s. To ensure interoperability, '
2026-06-16 02:12:13.818 8 INFO neutron.db.ovn_revision_numbers_db [None req-e5f28a72-a86a-4f6e-ad50-2b534804c275 74214efb0f7546689f4a47b37b03142f ac29ae76204f4cf9a3eb528122af4d2c - - default default] Successfully bumped revision number for resource a11deea7-f637-4c32-b4b5-29f2e88c1b38 (type: security_groups) to 1 [pid: 7|app: 0|req: 974/2243] 10.0.0.37 () {32 vars in 739 bytes} [Tue Jun 16 02:12:13 2026] DELETE /v2.0/security-groups/6e61a255-75ec-4903-9236-e841e9fd7544 => generated 0 bytes in 361 msecs (HTTP/1.1 204) 2 headers in 112 bytes (1 switches on core 0)
2026-06-16 02:12:13.834 8 INFO neutron.db.ovn_revision_numbers_db [None req-e5f28a72-a86a-4f6e-ad50-2b534804c275 74214efb0f7546689f4a47b37b03142f ac29ae76204f4cf9a3eb528122af4d2c - - default default] Successfully bumped revision number for resource 2c2c9119-7f66-4e8e-af05-404cc24bba23 (type: security_group_rules) to 0
2026-06-16 02:12:13.848 8 INFO neutron.db.ovn_revision_numbers_db [None req-e5f28a72-a86a-4f6e-ad50-2b534804c275 74214efb0f7546689f4a47b37b03142f ac29ae76204f4cf9a3eb528122af4d2c - - default default] Successfully bumped revision number for resource 4e74476f-b987-4fda-9275-2bf051c69c41 (type: security_group_rules) to 0
2026-06-16 02:12:13.866 8 INFO neutron.db.ovn_revision_numbers_db [None req-e5f28a72-a86a-4f6e-ad50-2b534804c275 74214efb0f7546689f4a47b37b03142f ac29ae76204f4cf9a3eb528122af4d2c - - default default] Successfully bumped revision number for resource 7130f5af-ac18-4cda-a34a-4dd8f05a1242 (type: security_group_rules) to 0
2026-06-16 02:12:13.880 8 INFO neutron.db.ovn_revision_numbers_db [None req-e5f28a72-a86a-4f6e-ad50-2b534804c275 74214efb0f7546689f4a47b37b03142f ac29ae76204f4cf9a3eb528122af4d2c - - default default] Successfully bumped revision number for resource a2cb8f8a-2075-4079-901e-ca2696c5a3e1 (type: security_group_rules) to 0
2026-06-16 02:12:13.947 8 INFO neutron.db.segments_db [None req-e5f28a72-a86a-4f6e-ad50-2b534804c275 74214efb0f7546689f4a47b37b03142f ac29ae76204f4cf9a3eb528122af4d2c - - default default] Added segment 44c31fe5-c7aa-4030-9d6b-4d12cdb5cb01 of type geneve for network 8eeb433e-9d9b-4d64-b5b6-9102b66a60d7 [pid: 7|app: 0|req: 975/2244] 10.0.0.37 () {34 vars in 665 bytes} [Tue Jun 16 02:12:13 2026] POST /v2.0/trunks => generated 409 bytes in 194 msecs (HTTP/1.1 201) 4 headers in 162 bytes (1 switches on core 0) [pid: 7|app: 0|req: 976/2245] 10.0.0.37 () {32 vars in 773 bytes} [Tue Jun 16 02:12:14 2026] GET /v2.0/security-groups?tenant_id=fbffb65cf5df432f8b8b0f155895309b&name=default => generated 2925 bytes in 36 msecs (HTTP/1.1 200) 4 headers in 158 bytes (1 switches on core 0)
2026-06-16 02:12:14.053 8 INFO neutron.db.ovn_revision_numbers_db [None req-e5f28a72-a86a-4f6e-ad50-2b534804c275 74214efb0f7546689f4a47b37b03142f ac29ae76204f4cf9a3eb528122af4d2c - - default default] Successfully bumped revision number for resource 8eeb433e-9d9b-4d64-b5b6-9102b66a60d7 (type: networks) to 1 [pid: 7|app: 0|req: 977/2246] 10.0.0.37 () {34 vars in 748 bytes} [Tue Jun 16 02:12:14 2026] PUT /v2.0/trunks/76475808-d2d1-483f-9961-0f576c32122f/tags => generated 17 bytes in 27 msecs (HTTP/1.1 200) 4 headers in 156 bytes (1 switches on core 0)
2026-06-16 02:12:14.210 8 WARNING neutron.scheduler.dhcp_agent_scheduler [None req-e5f28a72-a86a-4f6e-ad50-2b534804c275 74214efb0f7546689f4a47b37b03142f ac29ae76204f4cf9a3eb528122af4d2c - - default default] No more DHCP agents
2026-06-16 02:12:14.212 8 WARNING neutron.api.rpc.agentnotifiers.dhcp_rpc_agent_api [None req-e5f28a72-a86a-4f6e-ad50-2b534804c275 74214efb0f7546689f4a47b37b03142f ac29ae76204f4cf9a3eb528122af4d2c - - default default] Unable to schedule network 8eeb433e-9d9b-4d64-b5b6-9102b66a60d7: no agents available; will retry on subsequent port and subnet creation events.
2026-06-16 02:12:14.276 7 INFO neutron.plugins.ml2.drivers.ovn.mech_driver.mech_driver [None req-aeadd098-496c-4428-afaa-4b719f0d493a - - - - - -] OVN reports status down for port: 2e9a52d8-8822-49d7-a560-c8ea7917afd0
2026-06-16 02:12:14.302 8 INFO neutron.db.ovn_revision_numbers_db [None req-e5f28a72-a86a-4f6e-ad50-2b534804c275 74214efb0f7546689f4a47b37b03142f ac29ae76204f4cf9a3eb528122af4d2c - - default default] Successfully bumped revision number for resource 2e9a52d8-8822-49d7-a560-c8ea7917afd0 (type: ports) to 1 [pid: 8|app: 0|req: 1270/2247] 10.0.0.37 () {34 vars in 670 bytes} [Tue Jun 16 02:12:13 2026] POST /v2.0/networks => generated 762 bytes in 719 msecs (HTTP/1.1 201) 4 headers in 162 bytes (1 switches on core 0) [pid: 7|app: 0|req: 978/2248] 10.0.0.37 () {32 vars in 739 bytes} [Tue Jun 16 02:12:14 2026] DELETE /v2.0/security-groups/2ab5b9c3-e8a6-40ae-ac04-d931636844b1 => generated 0 bytes in 346 msecs (HTTP/1.1 204) 2 headers in 112 bytes (1 switches on core 0) [pid: 8|app: 0|req: 1271/2249] 10.0.0.37 () {34 vars in 748 bytes} [Tue Jun 16 02:12:14 2026] PUT /v2.0/trunks/ddcf32b5-9283-4601-8df8-6989ba46ebf6/tags => generated 25 bytes in 63 msecs (HTTP/1.1 200) 4 headers in 156 bytes (1 switches on core 0) [pid: 8|app: 0|req: 1272/2250] 10.0.0.37 () {34 vars in 748 bytes} [Tue Jun 16 02:12:14 2026] PUT /v2.0/trunks/b9d5621b-2cb4-4844-a2d6-67e6b6340894/tags => generated 34 bytes in 33 msecs (HTTP/1.1 200) 4 headers in 156 bytes (1 switches on core 0) [pid: 8|app: 0|req: 1273/2251] 10.0.0.37 () {34 vars in 748 bytes} [Tue Jun 16 02:12:14 2026] PUT /v2.0/trunks/be076cfe-6149-4cd4-b3ad-2595f683d2d2/tags => generated 19 bytes in 44 msecs (HTTP/1.1 200) 4 headers in 156 bytes (1 switches on core 0) [pid: 8|app: 0|req: 1274/2252] 10.0.0.37 () {32 vars in 661 bytes} [Tue Jun 16 02:12:14 2026] GET /v2.0/trunks?tags=red => generated 1252 bytes in 30 msecs (HTTP/1.1 200) 4 headers in 158 bytes (1 switches on core 0)
2026-06-16 02:12:14.571 7 WARNING neutron.scheduler.dhcp_agent_scheduler [None req-916feedd-fd06-4d92-83ad-a63f400f1300 74214efb0f7546689f4a47b37b03142f ac29ae76204f4cf9a3eb528122af4d2c - - default default] No more DHCP agents
2026-06-16 02:12:14.573 7 WARNING neutron.api.rpc.agentnotifiers.dhcp_rpc_agent_api [None req-916feedd-fd06-4d92-83ad-a63f400f1300 74214efb0f7546689f4a47b37b03142f ac29ae76204f4cf9a3eb528122af4d2c - - default default] Unable to schedule network 8eeb433e-9d9b-4d64-b5b6-9102b66a60d7: no agents available; will retry on subsequent port and subnet creation events. [pid: 8|app: 0|req: 1275/2253] 10.0.0.37 () {32 vars in 675 bytes} [Tue Jun 16 02:12:14 2026] GET /v2.0/trunks?tags=red%2Cblue => generated 847 bytes in 39 msecs (HTTP/1.1 200) 4 headers in 157 bytes (1 switches on core 0) [pid: 8|app: 0|req: 1276/2254] 10.0.0.37 () {32 vars in 671 bytes} [Tue Jun 16 02:12:14 2026] GET /v2.0/trunks?tags-any=blue => generated 847 bytes in 20 msecs (HTTP/1.1 200) 4 headers in 157 bytes (1 switches on core 0) [pid: 8|app: 0|req: 1277/2255] 10.0.0.37 () {32 vars in 683 bytes} [Tue Jun 16 02:12:14 2026] GET /v2.0/trunks?tags-any=red%2Cblue => generated 1252 bytes in 26 msecs (HTTP/1.1 200) 4 headers in 158 bytes (1 switches on core 0) [pid: 8|app: 0|req: 1278/2256] 10.0.0.37 () {32 vars in 669 bytes} [Tue Jun 16 02:12:14 2026] GET /v2.0/trunks?not-tags=red => generated 819 bytes in 27 msecs (HTTP/1.1 200) 4 headers in 157 bytes (1 switches on core 0) [pid: 8|app: 0|req: 1279/2257] 10.0.0.37 () {32 vars in 683 bytes} [Tue Jun 16 02:12:14 2026] GET /v2.0/trunks?not-tags=red%2Cblue => generated 1224 bytes in 22 msecs (HTTP/1.1 200) 4 headers in 158 bytes (1 switches on core 0) [pid: 8|app: 0|req: 1280/2258] 10.0.0.37 () {32 vars in 679 bytes} [Tue Jun 16 02:12:14 2026] GET /v2.0/trunks?not-tags-any=blue => generated 1224 bytes in 18 msecs (HTTP/1.1 200) 4 headers in 158 bytes (1 switches on core 0) [pid: 8|app: 0|req: 1281/2259] 10.0.0.37 () {32 vars in 691 bytes} [Tue Jun 16 02:12:14 2026] GET /v2.0/trunks?not-tags-any=red%2Cblue => generated 819 bytes in 33 msecs (HTTP/1.1 200) 4 headers in 157 bytes (1 switches on core 0) [pid: 8|app: 0|req: 1282/2260] 10.0.0.37 () {32 vars in 718 bytes} [Tue Jun 16 02:12:14 2026] GET /v2.0/trunks/76475808-d2d1-483f-9961-0f576c32122f => generated 414 bytes in 11 msecs (HTTP/1.1 200) 4 headers in 157 bytes (1 switches on core 0) [pid: 8|app: 0|req: 1283/2261] 10.0.0.37 () {32 vars in 716 bytes} [Tue Jun 16 02:12:14 2026] GET /v2.0/ports/0c6b44d9-dc6c-4145-b943-3b0f81033c09 => generated 826 bytes in 122 msecs (HTTP/1.1 200) 4 headers in 157 bytes (1 switches on core 0) [pid: 8|app: 0|req: 1284/2262] 10.0.0.37 () {32 vars in 721 bytes} [Tue Jun 16 02:12:14 2026] DELETE /v2.0/trunks/76475808-d2d1-483f-9961-0f576c32122f => generated 0 bytes in 111 msecs (HTTP/1.1 204) 2 headers in 112 bytes (1 switches on core 0) [pid: 8|app: 0|req: 1285/2263] 10.0.0.37 () {32 vars in 718 bytes} [Tue Jun 16 02:12:15 2026] GET /v2.0/trunks/ddcf32b5-9283-4601-8df8-6989ba46ebf6 => generated 422 bytes in 13 msecs (HTTP/1.1 200) 4 headers in 157 bytes (1 switches on core 0)
2026-06-16 02:12:15.070 7 INFO neutron.db.ovn_revision_numbers_db [None req-2af9ae0f-2bfa-4bd9-a670-055ebfcd309e - - - - - -] Successfully bumped revision number for resource 2e9a52d8-8822-49d7-a560-c8ea7917afd0 (type: ports) to 2
2026-06-16 02:12:15.099 7 INFO neutron.db.ovn_revision_numbers_db [None req-2af9ae0f-2bfa-4bd9-a670-055ebfcd309e - - - - - -] Successfully bumped revision number for resource f13255de-1765-46d5-812e-4fac1430f762 (type: subnets) to 0 [pid: 7|app: 0|req: 979/2264] 10.0.0.37 () {34 vars in 668 bytes} [Tue Jun 16 02:12:14 2026] POST /v2.0/subnets => generated 687 bytes in 690 msecs (HTTP/1.1 201) 4 headers in 162 bytes (1 switches on core 0) [pid: 8|app: 0|req: 1286/2265] 10.0.0.37 () {32 vars in 716 bytes} [Tue Jun 16 02:12:15 2026] GET /v2.0/ports/f22f05e5-d73a-4e97-b182-625f37ce7de7 => generated 826 bytes in 88 msecs (HTTP/1.1 200) 4 headers in 157 bytes (1 switches on core 0) [pid: 8|app: 0|req: 1287/2266] 10.0.0.37 () {32 vars in 721 bytes} [Tue Jun 16 02:12:15 2026] DELETE /v2.0/trunks/ddcf32b5-9283-4601-8df8-6989ba46ebf6 => generated 0 bytes in 77 msecs (HTTP/1.1 204) 2 headers in 112 bytes (1 switches on core 0)
2026-06-16 02:12:15.517 7 WARNING neutron.scheduler.dhcp_agent_scheduler [None req-e8075152-e83f-4d8a-a132-b7a87b6dc8e7 74214efb0f7546689f4a47b37b03142f ac29ae76204f4cf9a3eb528122af4d2c - - default default] No more DHCP agents
2026-06-16 02:12:15.518 7 WARNING neutron.api.rpc.agentnotifiers.dhcp_rpc_agent_api [None req-e8075152-e83f-4d8a-a132-b7a87b6dc8e7 74214efb0f7546689f4a47b37b03142f ac29ae76204f4cf9a3eb528122af4d2c - - default default] Unable to schedule network c55bc141-595b-4ffb-bfbf-1eb2c221f1a5: no agents available; will retry on subsequent port and subnet creation events.
2026-06-16 02:12:15.583 8 WARNING neutron.scheduler.dhcp_agent_scheduler [None req-0b6bf3cc-ee5b-4fc4-bfc0-2b31203975e8 bdf806faedab42f38dd1cc7d3a8fbfb2 d1763b3ae91e408b96ac476731bd7148 - - default default] No more DHCP agents
2026-06-16 02:12:15.584 8 WARNING neutron.api.rpc.agentnotifiers.dhcp_rpc_agent_api [None req-0b6bf3cc-ee5b-4fc4-bfc0-2b31203975e8 bdf806faedab42f38dd1cc7d3a8fbfb2 d1763b3ae91e408b96ac476731bd7148 - - default default] Unable to schedule network c55bc141-595b-4ffb-bfbf-1eb2c221f1a5: no agents available; will retry on subsequent port and subnet creation events.
2026-06-16 02:12:15.710 7 INFO neutron.plugins.ml2.drivers.ovn.mech_driver.mech_driver [None req-aeadd098-496c-4428-afaa-4b719f0d493a - - - - - -] OVN reports status down for port: 12e3827f-b545-4351-a3ee-7111a53506d3
2026-06-16 02:12:15.773 7 INFO neutron.db.ovn_revision_numbers_db [None req-e8075152-e83f-4d8a-a132-b7a87b6dc8e7 74214efb0f7546689f4a47b37b03142f ac29ae76204f4cf9a3eb528122af4d2c - - default default] Successfully bumped revision number for resource 12e3827f-b545-4351-a3ee-7111a53506d3 (type: ports) to 1 [pid: 8|app: 0|req: 1288/2267] 10.0.0.37 () {34 vars in 675 bytes} [Tue Jun 16 02:12:15 2026] POST /v2.0/floatingips => generated 552 bytes in 707 msecs (HTTP/1.1 201) 4 headers in 162 bytes (1 switches on core 0) [pid: 8|app: 0|req: 1289/2268] 10.0.0.37 () {32 vars in 718 bytes} [Tue Jun 16 02:12:15 2026] GET /v2.0/trunks/b9d5621b-2cb4-4844-a2d6-67e6b6340894 => generated 431 bytes in 12 msecs (HTTP/1.1 200) 4 headers in 157 bytes (1 switches on core 0)
2026-06-16 02:12:16.150 8 WARNING neutron.scheduler.dhcp_agent_scheduler [None req-a89f54d3-d8bd-4d9d-9719-0f8d08f7a603 bdf806faedab42f38dd1cc7d3a8fbfb2 d1763b3ae91e408b96ac476731bd7148 - - default default] No more DHCP agents
2026-06-16 02:12:16.151 8 WARNING neutron.api.rpc.agentnotifiers.dhcp_rpc_agent_api [None req-a89f54d3-d8bd-4d9d-9719-0f8d08f7a603 bdf806faedab42f38dd1cc7d3a8fbfb2 d1763b3ae91e408b96ac476731bd7148 - - default default] Unable to schedule network c55bc141-595b-4ffb-bfbf-1eb2c221f1a5: no agents available; will retry on subsequent port and subnet creation events. [pid: 8|app: 0|req: 1290/2269] 10.0.0.37 () {34 vars in 675 bytes} [Tue Jun 16 02:12:15 2026] POST /v2.0/floatingips => generated 552 bytes in 515 msecs (HTTP/1.1 201) 4 headers in 162 bytes (1 switches on core 0)
2026-06-16 02:12:16.472 7 INFO neutron.plugins.ml2.drivers.ovn.mech_driver.ovsdb.commands [None req-32dd9aca-c864-4539-904e-e3a9d713f205 - - - - - -] Schedule LRP lrp-12e3827f-b545-4351-a3ee-7111a53506d3 on gateway c23b8b33-83cc-4f9e-a9a0-004c23093e21 with priority 1
2026-06-16 02:12:16.540 7 INFO neutron.plugins.ml2.drivers.ovn.mech_driver.mech_driver [None req-aeadd098-496c-4428-afaa-4b719f0d493a - - - - - -] OVN reports status up for port: 12e3827f-b545-4351-a3ee-7111a53506d3
2026-06-16 02:12:16.551 7 INFO neutron.plugins.ml2.drivers.ovn.mech_driver.ovsdb.ovsdb_monitor [None req-3c7350d8-adb5-4208-a9a5-4a4f0850306a - - - - - -] Router 44f3517b-9856-40e2-816b-3d7476f8f601 is bound to host instance [pid: 8|app: 0|req: 1291/2270] 10.0.0.37 () {32 vars in 716 bytes} [Tue Jun 16 02:12:16 2026] GET /v2.0/ports/6318f5af-908e-4c18-9785-3434a91124fb => generated 826 bytes in 112 msecs (HTTP/1.1 200) 4 headers in 157 bytes (1 switches on core 0)
2026-06-16 02:12:16.608 7 INFO neutron.plugins.ml2.plugin [None req-aeadd098-496c-4428-afaa-4b719f0d493a - - - - - -] Attempt 1 to provision port 12e3827f-b545-4351-a3ee-7111a53506d3
2026-06-16 02:12:16.627 7 INFO neutron.db.ovn_revision_numbers_db [None req-e8075152-e83f-4d8a-a132-b7a87b6dc8e7 74214efb0f7546689f4a47b37b03142f ac29ae76204f4cf9a3eb528122af4d2c - - default default] Successfully bumped revision number for resource 12e3827f-b545-4351-a3ee-7111a53506d3 (type: router_ports) to 1 [pid: 8|app: 0|req: 1292/2271] 10.0.0.155 () {28 vars in 619 bytes} [Tue Jun 16 02:12:16 2026] GET /v2.0/network-ip-availabilities => generated 3382 bytes in 173 msecs (HTTP/1.1 200) 4 headers in 158 bytes (1 switches on core 0)
2026-06-16 02:12:16.820 7 INFO neutron.db.ovn_revision_numbers_db [None req-e8075152-e83f-4d8a-a132-b7a87b6dc8e7 74214efb0f7546689f4a47b37b03142f ac29ae76204f4cf9a3eb528122af4d2c - - default default] Successfully bumped revision number for resource 44f3517b-9856-40e2-816b-3d7476f8f601 (type: routers) to 2 [pid: 7|app: 0|req: 980/2272] 10.0.0.37 () {34 vars in 668 bytes} [Tue Jun 16 02:12:15 2026] POST /v2.0/routers => generated 965 bytes in 1742 msecs (HTTP/1.1 201) 4 headers in 162 bytes (1 switches on core 0)
2026-06-16 02:12:16.977 8 WARNING neutron.scheduler.dhcp_agent_scheduler [None req-abc97974-bf39-4163-9e59-d4b501a66728 bdf806faedab42f38dd1cc7d3a8fbfb2 d1763b3ae91e408b96ac476731bd7148 - - default default] No more DHCP agents
