2026-06-16 02:11:56.351 7 INFO neutron.db.ovn_revision_numbers_db [None req-d4b3ecf9-b801-44ce-bedb-1a4687701d98 74214efb0f7546689f4a47b37b03142f ac29ae76204f4cf9a3eb528122af4d2c - - default default] Successfully bumped revision number for resource cbc9918d-3003-4082-bb0e-a66bcbf01a4f (type: security_group_rules) to 0 [pid: 8|app: 0|req: 1235/2178] 10.0.0.37 () {32 vars in 723 bytes} [Tue Jun 16 02:11:56 2026] DELETE /v2.0/subnets/af0aee03-f575-44d3-a1a0-d5269fc7b206 => generated 0 bytes in 179 msecs (HTTP/1.1 204) 3 headers in 131 bytes (1 switches on core 0)
2026-06-16 02:11:56.366 7 INFO neutron.db.ovn_revision_numbers_db [None req-d4b3ecf9-b801-44ce-bedb-1a4687701d98 74214efb0f7546689f4a47b37b03142f ac29ae76204f4cf9a3eb528122af4d2c - - default default] Successfully bumped revision number for resource e88b8913-3ce3-420b-abd5-75a2065906e6 (type: security_group_rules) to 0 [pid: 7|app: 0|req: 944/2179] 10.0.0.37 () {32 vars in 773 bytes} [Tue Jun 16 02:11:56 2026] GET /v2.0/security-groups?tenant_id=4afb826632f446fa8085195c1300803a&name=default => generated 2925 bytes in 223 msecs (HTTP/1.1 200) 4 headers in 158 bytes (1 switches on core 0)
2026-06-16 02:11:56.536 7 INFO neutron_taas.services.taas.taas_plugin [None req-78cce932-dfd1-4813-89b0-82a926f015c1 be1633df28164d8ba5b2db079d061598 7c5501086fb643b3a0feb0018532254c - - default default] TaaS: Handle Delete Port: d7dfd7e9-89ea-4dba-a9f8-3d2a9b69cf56
2026-06-16 02:11:56.538 7 INFO neutron_taas.services.taas.tap_mirror_plugin [None req-78cce932-dfd1-4813-89b0-82a926f015c1 be1633df28164d8ba5b2db079d061598 7c5501086fb643b3a0feb0018532254c - - default default] Tap Mirror: Handle Delete Port: d7dfd7e9-89ea-4dba-a9f8-3d2a9b69cf56 [pid: 8|app: 0|req: 1236/2180] 10.0.0.37 () {32 vars in 739 bytes} [Tue Jun 16 02:11:56 2026] DELETE /v2.0/security-groups/92c17065-2ec5-48b0-92b7-ac489a9900df => generated 0 bytes in 222 msecs (HTTP/1.1 204) 2 headers in 112 bytes (1 switches on core 0)
2026-06-16 02:11:56.752 7 INFO neutron.services.segments.plugin [-] Segment e9d15aa9-b3c2-43c0-bf7e-71808eb8c723 resource provider aggregate not found
2026-06-16 02:11:56.759 7 INFO neutron.services.segments.plugin [-] Segment e9d15aa9-b3c2-43c0-bf7e-71808eb8c723 resource provider aggregate not found [pid: 7|app: 0|req: 945/2181] 10.0.0.37 () {32 vars in 725 bytes} [Tue Jun 16 02:11:56 2026] DELETE /v2.0/networks/fcb9abf5-e00d-4041-839c-97e183fc3e1f => generated 0 bytes in 365 msecs (HTTP/1.1 204) 3 headers in 131 bytes (1 switches on core 0)
2026-06-16 02:11:56.771 7 INFO neutron.services.segments.plugin [-] Segment e9d15aa9-b3c2-43c0-bf7e-71808eb8c723 resource provider not found; error: Placement Client Error (4xx): {"errors": [{"status": 404, "title": "Not Found", "detail": "The resource could not be found.\n\n No resource provider with uuid e9d15aa9-b3c2-43c0-bf7e-71808eb8c723 found for delete ", "request_id": "req-5b8a6f2c-3bcd-4cde-9931-53dafb0bb574"}]}
2026-06-16 02:11:56.780 7 INFO neutron.services.segments.plugin [-] Segment e9d15aa9-b3c2-43c0-bf7e-71808eb8c723 resource provider not found; error: Placement Client Error (4xx): {"errors": [{"status": 404, "title": "Not Found", "detail": "The resource could not be found.\n\n No resource provider with uuid e9d15aa9-b3c2-43c0-bf7e-71808eb8c723 found for delete ", "request_id": "req-6951d601-90c3-4248-8cb5-b7a241345ef2"}]} [pid: 8|app: 0|req: 1237/2182] 10.0.0.37 () {32 vars in 739 bytes} [Tue Jun 16 02:11:56 2026] DELETE /v2.0/security-groups/60aeac92-c0ea-4604-b61f-4ee60f395596 => generated 0 bytes in 227 msecs (HTTP/1.1 204) 2 headers in 112 bytes (1 switches on core 0)
2026-06-16 02:11:56.889 7 INFO neutron_taas.services.taas.taas_plugin [None req-f0e8c56f-e127-45a9-81be-71491a60e381 be1633df28164d8ba5b2db079d061598 7c5501086fb643b3a0feb0018532254c - - default default] TaaS: Handle Delete Port: 62dd57c5-be61-4876-8de9-f6cbb584d012
2026-06-16 02:11:56.892 7 INFO neutron_taas.services.taas.tap_mirror_plugin [None req-f0e8c56f-e127-45a9-81be-71491a60e381 be1633df28164d8ba5b2db079d061598 7c5501086fb643b3a0feb0018532254c - - default default] Tap Mirror: Handle Delete Port: 62dd57c5-be61-4876-8de9-f6cbb584d012 [pid: 7|app: 0|req: 946/2183] 10.0.0.37 () {32 vars in 725 bytes} [Tue Jun 16 02:11:56 2026] DELETE /v2.0/networks/e5e67236-8b73-4c45-8819-76d27907e92b => generated 0 bytes in 331 msecs (HTTP/1.1 204) 3 headers in 131 bytes (1 switches on core 0)
2026-06-16 02:11:57.199 8 INFO neutron_taas.services.taas.taas_plugin [None req-6320786a-4518-46bc-9ee8-879f70aa08de be1633df28164d8ba5b2db079d061598 7c5501086fb643b3a0feb0018532254c - - default default] TaaS: Handle Delete Port: 92179453-3678-4fe4-8c96-617c650f6cc8
2026-06-16 02:11:57.201 8 INFO neutron_taas.services.taas.tap_mirror_plugin [None req-6320786a-4518-46bc-9ee8-879f70aa08de be1633df28164d8ba5b2db079d061598 7c5501086fb643b3a0feb0018532254c - - default default] Tap Mirror: Handle Delete Port: 92179453-3678-4fe4-8c96-617c650f6cc8
2026-06-16 02:11:57.357 8 INFO neutron.services.segments.plugin [-] Segment 249e3591-0fb1-4815-801e-b0364fbe61fe resource provider aggregate not found
2026-06-16 02:11:57.358 8 INFO neutron.services.segments.plugin [-] Segment 249e3591-0fb1-4815-801e-b0364fbe61fe resource provider aggregate not found
2026-06-16 02:11:57.387 8 INFO neutron.services.segments.plugin [-] Segment 249e3591-0fb1-4815-801e-b0364fbe61fe resource provider not found; error: Placement Client Error (4xx): {"errors": [{"status": 404, "title": "Not Found", "detail": "The resource could not be found.\n\n No resource provider with uuid 249e3591-0fb1-4815-801e-b0364fbe61fe found for delete ", "request_id": "req-ce532088-a370-4837-ab8a-e73532d4091a"}]}
2026-06-16 02:11:57.390 8 INFO neutron.services.segments.plugin [-] Segment 249e3591-0fb1-4815-801e-b0364fbe61fe resource provider not found; error: Placement Client Error (4xx): {"errors": [{"status": 404, "title": "Not Found", "detail": "The resource could not be found.\n\n No resource provider with uuid 249e3591-0fb1-4815-801e-b0364fbe61fe found for delete ", "request_id": "req-e298b1c5-ad13-4f2c-a70d-f885b59f7a4e"}]} [pid: 8|app: 0|req: 1238/2184] 10.0.0.37 () {32 vars in 725 bytes} [Tue Jun 16 02:11:57 2026] DELETE /v2.0/networks/1da87af6-5e9e-4602-8ea4-20b731ac6a01 => generated 0 bytes in 297 msecs (HTTP/1.1 204) 3 headers in 131 bytes (1 switches on core 0)
2026-06-16 02:11:57.524 7 INFO neutron_taas.services.taas.taas_plugin [None req-961e8c21-9b71-47a7-8f80-5508e033cd38 be1633df28164d8ba5b2db079d061598 7c5501086fb643b3a0feb0018532254c - - default default] TaaS: Handle Delete Port: 84a77d75-c9ec-4d5f-baca-15c199a35854
2026-06-16 02:11:57.527 7 INFO neutron_taas.services.taas.tap_mirror_plugin [None req-961e8c21-9b71-47a7-8f80-5508e033cd38 be1633df28164d8ba5b2db079d061598 7c5501086fb643b3a0feb0018532254c - - default default] Tap Mirror: Handle Delete Port: 84a77d75-c9ec-4d5f-baca-15c199a35854 [pid: 7|app: 0|req: 947/2185] 10.0.0.37 () {32 vars in 725 bytes} [Tue Jun 16 02:11:57 2026] DELETE /v2.0/networks/13738798-741b-45aa-9f93-ecf082dc3a9f => generated 0 bytes in 360 msecs (HTTP/1.1 204) 3 headers in 131 bytes (1 switches on core 0)
2026-06-16 02:11:57.888 8 INFO neutron_taas.services.taas.taas_plugin [None req-00c4b3b3-0071-4fb6-b8ff-95024fe9427a be1633df28164d8ba5b2db079d061598 7c5501086fb643b3a0feb0018532254c - - default default] TaaS: Handle Delete Port: af24135e-5bf2-49b9-bbfd-8ced3e6cda7f
2026-06-16 02:11:57.890 8 INFO neutron_taas.services.taas.tap_mirror_plugin [None req-00c4b3b3-0071-4fb6-b8ff-95024fe9427a be1633df28164d8ba5b2db079d061598 7c5501086fb643b3a0feb0018532254c - - default default] Tap Mirror: Handle Delete Port: af24135e-5bf2-49b9-bbfd-8ced3e6cda7f [pid: 8|app: 0|req: 1239/2186] 10.0.0.37 () {32 vars in 725 bytes} [Tue Jun 16 02:11:57 2026] DELETE /v2.0/networks/1ca40bef-aa50-41ce-ac0e-b375d4b61486 => generated 0 bytes in 316 msecs (HTTP/1.1 204) 3 headers in 131 bytes (1 switches on core 0)
2026-06-16 02:11:58.790 7 INFO neutron.services.segments.plugin [-] Segment 044b78db-7c97-4fa9-b188-50e615b28f3b resource provider aggregate not found
2026-06-16 02:11:58.798 7 INFO neutron.services.segments.plugin [-] Segment 044b78db-7c97-4fa9-b188-50e615b28f3b resource provider aggregate not found
2026-06-16 02:11:58.805 7 INFO neutron.services.segments.plugin [-] Segment 044b78db-7c97-4fa9-b188-50e615b28f3b resource provider not found; error: Placement Client Error (4xx): {"errors": [{"status": 404, "title": "Not Found", "detail": "The resource could not be found.\n\n No resource provider with uuid 044b78db-7c97-4fa9-b188-50e615b28f3b found for delete ", "request_id": "req-83a424ea-906e-4828-a0f1-9be13f4cfe40"}]}
2026-06-16 02:11:58.810 7 INFO neutron.services.segments.plugin [-] Segment 044b78db-7c97-4fa9-b188-50e615b28f3b resource provider not found; error: Placement Client Error (4xx): {"errors": [{"status": 404, "title": "Not Found", "detail": "The resource could not be found.\n\n No resource provider with uuid 044b78db-7c97-4fa9-b188-50e615b28f3b found for delete ", "request_id": "req-7cbeb97a-9ee3-452b-b608-e108f54287b4"}]}
2026-06-16 02:11:58.823 7 INFO neutron.services.segments.plugin [-] Segment b37a2c51-519f-4a29-8f37-06e19be97db2 resource provider aggregate not found
2026-06-16 02:11:58.835 7 INFO neutron.services.segments.plugin [-] Segment b37a2c51-519f-4a29-8f37-06e19be97db2 resource provider aggregate not found
2026-06-16 02:11:58.840 7 INFO neutron.services.segments.plugin [-] Segment b37a2c51-519f-4a29-8f37-06e19be97db2 resource provider not found; error: Placement Client Error (4xx): {"errors": [{"status": 404, "title": "Not Found", "detail": "The resource could not be found.\n\n No resource provider with uuid b37a2c51-519f-4a29-8f37-06e19be97db2 found for delete ", "request_id": "req-f5fdfc3b-cf28-4922-a538-bd9d94019eec"}]}
2026-06-16 02:11:58.858 7 INFO neutron.services.segments.plugin [-] Segment b37a2c51-519f-4a29-8f37-06e19be97db2 resource provider not found; error: Placement Client Error (4xx): {"errors": [{"status": 404, "title": "Not Found", "detail": "The resource could not be found.\n\n No resource provider with uuid b37a2c51-519f-4a29-8f37-06e19be97db2 found for delete ", "request_id": "req-1a2defd6-a7b8-41a8-b282-c76714335fcb"}]}
2026-06-16 02:11:59.254 7 INFO neutron.db.ovn_revision_numbers_db [None req-33c3a291-e7a8-4f02-bc0f-0a0f81d2b356 74214efb0f7546689f4a47b37b03142f ac29ae76204f4cf9a3eb528122af4d2c - - default default] Successfully bumped revision number for resource bc3b702c-8b73-4b28-bd4e-dec49373b7e9 (type: security_groups) to 1
2026-06-16 02:11:59.265 7 INFO neutron.db.ovn_revision_numbers_db [None req-33c3a291-e7a8-4f02-bc0f-0a0f81d2b356 74214efb0f7546689f4a47b37b03142f ac29ae76204f4cf9a3eb528122af4d2c - - default default] Successfully bumped revision number for resource 0473df30-e651-49ae-bdc6-49bde46012aa (type: security_group_rules) to 0
2026-06-16 02:11:59.277 7 INFO neutron.db.ovn_revision_numbers_db [None req-33c3a291-e7a8-4f02-bc0f-0a0f81d2b356 74214efb0f7546689f4a47b37b03142f ac29ae76204f4cf9a3eb528122af4d2c - - default default] Successfully bumped revision number for resource 5db4ab74-650a-403e-b2f9-5a957f323c79 (type: security_group_rules) to 0
2026-06-16 02:11:59.295 7 INFO neutron.db.ovn_revision_numbers_db [None req-33c3a291-e7a8-4f02-bc0f-0a0f81d2b356 74214efb0f7546689f4a47b37b03142f ac29ae76204f4cf9a3eb528122af4d2c - - default default] Successfully bumped revision number for resource dc81cc9e-6057-4ac6-aaf9-349a6db031bd (type: security_group_rules) to 0
2026-06-16 02:11:59.307 7 INFO neutron.db.ovn_revision_numbers_db [None req-33c3a291-e7a8-4f02-bc0f-0a0f81d2b356 74214efb0f7546689f4a47b37b03142f ac29ae76204f4cf9a3eb528122af4d2c - - default default] Successfully bumped revision number for resource ed1c68e0-7631-48b2-87c9-465721058f03 (type: security_group_rules) to 0 [pid: 7|app: 0|req: 948/2187] 10.0.0.37 () {32 vars in 773 bytes} [Tue Jun 16 02:11:58 2026] GET /v2.0/security-groups?tenant_id=507308cc8db242e6b337a3b956712218&name=default => generated 2925 bytes in 469 msecs (HTTP/1.1 200) 4 headers in 158 bytes (1 switches on core 0)
2026-06-16 02:11:59.407 8 INFO neutron.services.segments.plugin [-] Segment c4fd8843-ffe4-42e4-9d67-d3343e35b113 resource provider aggregate not found
2026-06-16 02:11:59.408 8 INFO neutron.services.segments.plugin [-] Segment c4fd8843-ffe4-42e4-9d67-d3343e35b113 resource provider aggregate not found
2026-06-16 02:11:59.429 8 INFO neutron.services.segments.plugin [-] Segment c4fd8843-ffe4-42e4-9d67-d3343e35b113 resource provider not found; error: Placement Client Error (4xx): {"errors": [{"status": 404, "title": "Not Found", "detail": "The resource could not be found.\n\n No resource provider with uuid c4fd8843-ffe4-42e4-9d67-d3343e35b113 found for delete ", "request_id": "req-aa771f35-c8c8-4b76-933d-594dad97ebd2"}]}
2026-06-16 02:11:59.433 8 INFO neutron.services.segments.plugin [-] Segment c4fd8843-ffe4-42e4-9d67-d3343e35b113 resource provider not found; error: Placement Client Error (4xx): {"errors": [{"status": 404, "title": "Not Found", "detail": "The resource could not be found.\n\n No resource provider with uuid c4fd8843-ffe4-42e4-9d67-d3343e35b113 found for delete ", "request_id": "req-23a6c8bf-66a8-43af-ac03-402d7feffdc3"}]} [pid: 8|app: 0|req: 1240/2188] 10.0.0.37 () {32 vars in 739 bytes} [Tue Jun 16 02:11:59 2026] DELETE /v2.0/security-groups/bc3b702c-8b73-4b28-bd4e-dec49373b7e9 => generated 0 bytes in 236 msecs (HTTP/1.1 204) 2 headers in 112 bytes (1 switches on core 0)
2026-06-16 02:11:59.891 7 INFO neutron.db.ovn_revision_numbers_db [None req-010e49cb-f2fc-4c23-9b66-4e992ee8acf3 74214efb0f7546689f4a47b37b03142f ac29ae76204f4cf9a3eb528122af4d2c - - default default] Successfully bumped revision number for resource 40db0fcd-33cb-4420-8b1b-804fb514069f (type: security_groups) to 1
2026-06-16 02:11:59.905 7 INFO neutron.db.ovn_revision_numbers_db [None req-010e49cb-f2fc-4c23-9b66-4e992ee8acf3 74214efb0f7546689f4a47b37b03142f ac29ae76204f4cf9a3eb528122af4d2c - - default default] Successfully bumped revision number for resource 1b277491-7c21-45e3-9fc4-3913a6ce3632 (type: security_group_rules) to 0
2026-06-16 02:11:59.916 7 INFO neutron.db.ovn_revision_numbers_db [None req-010e49cb-f2fc-4c23-9b66-4e992ee8acf3 74214efb0f7546689f4a47b37b03142f ac29ae76204f4cf9a3eb528122af4d2c - - default default] Successfully bumped revision number for resource 37fd4bea-4648-44bb-a97f-c52cba4a096b (type: security_group_rules) to 0
2026-06-16 02:11:59.928 7 INFO neutron.db.ovn_revision_numbers_db [None req-010e49cb-f2fc-4c23-9b66-4e992ee8acf3 74214efb0f7546689f4a47b37b03142f ac29ae76204f4cf9a3eb528122af4d2c - - default default] Successfully bumped revision number for resource 504d5473-2ac6-43d7-b7c5-a5946aeec34f (type: security_group_rules) to 0
2026-06-16 02:11:59.939 7 INFO neutron.db.ovn_revision_numbers_db [None req-010e49cb-f2fc-4c23-9b66-4e992ee8acf3 74214efb0f7546689f4a47b37b03142f ac29ae76204f4cf9a3eb528122af4d2c - - default default] Successfully bumped revision number for resource d0f2378d-fc0f-4c1a-bb6d-18be35ed84bf (type: security_group_rules) to 0 [pid: 7|app: 0|req: 949/2189] 10.0.0.37 () {32 vars in 773 bytes} [Tue Jun 16 02:11:59 2026] GET /v2.0/security-groups?tenant_id=ebe10cc8d72942e1ab62844615011d37&name=default => generated 2925 bytes in 239 msecs (HTTP/1.1 200) 4 headers in 158 bytes (1 switches on core 0) [pid: 8|app: 0|req: 1241/2190] 10.0.0.37 () {32 vars in 739 bytes} [Tue Jun 16 02:11:59 2026] DELETE /v2.0/security-groups/40db0fcd-33cb-4420-8b1b-804fb514069f => generated 0 bytes in 255 msecs (HTTP/1.1 204) 2 headers in 112 bytes (1 switches on core 0) [pid: 7|app: 0|req: 950/2191] 10.0.0.37 () {32 vars in 773 bytes} [Tue Jun 16 02:12:00 2026] GET /v2.0/security-groups?tenant_id=7c5501086fb643b3a0feb0018532254c&name=default => generated 2925 bytes in 34 msecs (HTTP/1.1 200) 4 headers in 158 bytes (1 switches on core 0) [pid: 8|app: 0|req: 1242/2192] 10.0.0.37 () {32 vars in 739 bytes} [Tue Jun 16 02:12:00 2026] DELETE /v2.0/security-groups/f8bc55a8-bc60-49a8-af33-43723e8d9874 => generated 0 bytes in 239 msecs (HTTP/1.1 204) 2 headers in 112 bytes (1 switches on core 0)
2026-06-16 02:12:01.296 8 INFO neutron.db.ovn_revision_numbers_db [None req-91a4ab6a-4194-4e02-b84d-abfa66fbfa0b 2848b88d17f4467ab867a5b1176a0991 fbffb65cf5df432f8b8b0f155895309b - - default default] Successfully bumped revision number for resource 2ab5b9c3-e8a6-40ae-ac04-d931636844b1 (type: security_groups) to 1
2026-06-16 02:12:01.310 7 INFO neutron.db.ovn_revision_numbers_db [None req-a20b3fac-2ffb-48ef-9833-0e8a4b108f75 74214efb0f7546689f4a47b37b03142f ac29ae76204f4cf9a3eb528122af4d2c - - default default] Successfully bumped revision number for resource 80bf6f98-f620-4e5f-bc1f-97f0e750e203 (type: security_groups) to 1
2026-06-16 02:12:01.323 8 INFO neutron.db.ovn_revision_numbers_db [None req-91a4ab6a-4194-4e02-b84d-abfa66fbfa0b 2848b88d17f4467ab867a5b1176a0991 fbffb65cf5df432f8b8b0f155895309b - - default default] Successfully bumped revision number for resource 1c3f8931-254a-45c6-94b0-e1cda2f06986 (type: security_group_rules) to 0
2026-06-16 02:12:01.334 7 INFO neutron.db.ovn_revision_numbers_db [None req-a20b3fac-2ffb-48ef-9833-0e8a4b108f75 74214efb0f7546689f4a47b37b03142f ac29ae76204f4cf9a3eb528122af4d2c - - default default] Successfully bumped revision number for resource 416f3976-cdb8-449b-9553-a2fae5a0617e (type: security_group_rules) to 0
2026-06-16 02:12:01.341 8 INFO neutron.db.ovn_revision_numbers_db [None req-91a4ab6a-4194-4e02-b84d-abfa66fbfa0b 2848b88d17f4467ab867a5b1176a0991 fbffb65cf5df432f8b8b0f155895309b - - default default] Successfully bumped revision number for resource a931bfa5-d2e6-40dd-bda5-9214a266f5b7 (type: security_group_rules) to 0
2026-06-16 02:12:01.352 7 INFO neutron.db.ovn_revision_numbers_db [None req-a20b3fac-2ffb-48ef-9833-0e8a4b108f75 74214efb0f7546689f4a47b37b03142f ac29ae76204f4cf9a3eb528122af4d2c - - default default] Successfully bumped revision number for resource a08b9878-b663-49dd-874a-119bc6857e38 (type: security_group_rules) to 0
2026-06-16 02:12:01.354 8 INFO neutron.db.ovn_revision_numbers_db [None req-91a4ab6a-4194-4e02-b84d-abfa66fbfa0b 2848b88d17f4467ab867a5b1176a0991 fbffb65cf5df432f8b8b0f155895309b - - default default] Successfully bumped revision number for resource c9e29ea3-d9e7-4e37-a8ef-c540422ee473 (type: security_group_rules) to 0
2026-06-16 02:12:01.364 7 INFO neutron.db.ovn_revision_numbers_db [None req-a20b3fac-2ffb-48ef-9833-0e8a4b108f75 74214efb0f7546689f4a47b37b03142f ac29ae76204f4cf9a3eb528122af4d2c - - default default] Successfully bumped revision number for resource f222febd-8d33-41e4-857a-ea6dbeb04bc3 (type: security_group_rules) to 0
2026-06-16 02:12:01.367 8 INFO neutron.db.ovn_revision_numbers_db [None req-91a4ab6a-4194-4e02-b84d-abfa66fbfa0b 2848b88d17f4467ab867a5b1176a0991 fbffb65cf5df432f8b8b0f155895309b - - default default] Successfully bumped revision number for resource ece803f5-6ae1-4f8b-bd80-e83f99a1a97a (type: security_group_rules) to 0
2026-06-16 02:12:01.376 7 INFO neutron.db.ovn_revision_numbers_db [None req-a20b3fac-2ffb-48ef-9833-0e8a4b108f75 74214efb0f7546689f4a47b37b03142f ac29ae76204f4cf9a3eb528122af4d2c - - default default] Successfully bumped revision number for resource f7319f62-0e32-459d-861c-fbf00c5e7f9f (type: security_group_rules) to 0 [pid: 7|app: 0|req: 951/2193] 10.0.0.37 () {32 vars in 773 bytes} [Tue Jun 16 02:12:01 2026] GET /v2.0/security-groups?tenant_id=742d701032bc46f38994704cc23bfacb&name=default => generated 2925 bytes in 382 msecs (HTTP/1.1 200) 4 headers in 158 bytes (1 switches on core 0)
2026-06-16 02:12:01.446 8 INFO neutron.db.segments_db [None req-91a4ab6a-4194-4e02-b84d-abfa66fbfa0b 2848b88d17f4467ab867a5b1176a0991 fbffb65cf5df432f8b8b0f155895309b - - default default] Added segment 68a4a56d-2282-4205-a212-151b782ef7a9 of type geneve for network 1d400099-496c-47db-9f8f-962e6aed1f9a
2026-06-16 02:12:01.583 8 INFO neutron.db.ovn_revision_numbers_db [None req-91a4ab6a-4194-4e02-b84d-abfa66fbfa0b 2848b88d17f4467ab867a5b1176a0991 fbffb65cf5df432f8b8b0f155895309b - - default default] Successfully bumped revision number for resource 1d400099-496c-47db-9f8f-962e6aed1f9a (type: networks) to 1 [pid: 7|app: 0|req: 952/2194] 10.0.0.37 () {32 vars in 739 bytes} [Tue Jun 16 02:12:01 2026] DELETE /v2.0/security-groups/80bf6f98-f620-4e5f-bc1f-97f0e750e203 => generated 0 bytes in 252 msecs (HTTP/1.1 204) 2 headers in 112 bytes (1 switches on core 0)
2026-06-16 02:12:01.762 8 WARNING neutron.scheduler.dhcp_agent_scheduler [None req-91a4ab6a-4194-4e02-b84d-abfa66fbfa0b 2848b88d17f4467ab867a5b1176a0991 fbffb65cf5df432f8b8b0f155895309b - - default default] No more DHCP agents
2026-06-16 02:12:01.764 8 WARNING neutron.api.rpc.agentnotifiers.dhcp_rpc_agent_api [None req-91a4ab6a-4194-4e02-b84d-abfa66fbfa0b 2848b88d17f4467ab867a5b1176a0991 fbffb65cf5df432f8b8b0f155895309b - - default default] Unable to schedule network 1d400099-496c-47db-9f8f-962e6aed1f9a: no agents available; will retry on subsequent port and subnet creation events.
2026-06-16 02:12:01.838 8 INFO neutron.plugins.ml2.drivers.ovn.mech_driver.mech_driver [None req-6be840c4-23e0-46ac-a4fb-f92064b44832 - - - - - -] OVN reports status down for port: 301eff23-e7e1-4741-99ac-50ce2ee66b2d
2026-06-16 02:12:01.890 8 INFO neutron.db.ovn_revision_numbers_db [None req-91a4ab6a-4194-4e02-b84d-abfa66fbfa0b 2848b88d17f4467ab867a5b1176a0991 fbffb65cf5df432f8b8b0f155895309b - - default default] Successfully bumped revision number for resource 301eff23-e7e1-4741-99ac-50ce2ee66b2d (type: ports) to 1
2026-06-16 02:12:01.940 7 INFO neutron.db.ovn_revision_numbers_db [None req-0e67faaa-1dfd-4619-ae79-2f0ce9f8d27e 74214efb0f7546689f4a47b37b03142f ac29ae76204f4cf9a3eb528122af4d2c - - default default] Successfully bumped revision number for resource 784fcba3-3522-40f6-892e-3a499952cd7f (type: security_groups) to 1 [pid: 8|app: 0|req: 1243/2195] 10.0.0.37 () {34 vars in 669 bytes} [Tue Jun 16 02:12:01 2026] POST /v2.0/networks => generated 748 bytes in 906 msecs (HTTP/1.1 201) 4 headers in 162 bytes (1 switches on core 0)
2026-06-16 02:12:01.955 7 INFO neutron.db.ovn_revision_numbers_db [None req-0e67faaa-1dfd-4619-ae79-2f0ce9f8d27e 74214efb0f7546689f4a47b37b03142f ac29ae76204f4cf9a3eb528122af4d2c - - default default] Successfully bumped revision number for resource 0153a5ee-48ea-4859-95d6-dfbab560942d (type: security_group_rules) to 0
2026-06-16 02:12:01.967 7 INFO neutron.db.ovn_revision_numbers_db [None req-0e67faaa-1dfd-4619-ae79-2f0ce9f8d27e 74214efb0f7546689f4a47b37b03142f ac29ae76204f4cf9a3eb528122af4d2c - - default default] Successfully bumped revision number for resource 0985f9c9-ada2-4694-9127-de7e0369428f (type: security_group_rules) to 0
2026-06-16 02:12:01.980 7 INFO neutron.db.ovn_revision_numbers_db [None req-0e67faaa-1dfd-4619-ae79-2f0ce9f8d27e 74214efb0f7546689f4a47b37b03142f ac29ae76204f4cf9a3eb528122af4d2c - - default default] Successfully bumped revision number for resource 52e1838c-ef0b-4440-9fa5-c75ce0757a80 (type: security_group_rules) to 0
2026-06-16 02:12:01.993 7 INFO neutron.db.ovn_revision_numbers_db [None req-0e67faaa-1dfd-4619-ae79-2f0ce9f8d27e 74214efb0f7546689f4a47b37b03142f ac29ae76204f4cf9a3eb528122af4d2c - - default default] Successfully bumped revision number for resource a297ab92-004a-4a88-b41f-f131169c5ce3 (type: security_group_rules) to 0 [pid: 7|app: 0|req: 953/2196] 10.0.0.37 () {32 vars in 773 bytes} [Tue Jun 16 02:12:01 2026] GET /v2.0/security-groups?tenant_id=f04bd09330d14dadbc76159184235272&name=default => generated 2925 bytes in 261 msecs (HTTP/1.1 200) 4 headers in 158 bytes (1 switches on core 0)
2026-06-16 02:12:02.070 8 WARNING neutron.scheduler.dhcp_agent_scheduler [None req-c95aef89-67f6-4d83-a63a-9db197d451f3 2848b88d17f4467ab867a5b1176a0991 fbffb65cf5df432f8b8b0f155895309b - - default default] No more DHCP agents
2026-06-16 02:12:02.071 8 WARNING neutron.api.rpc.agentnotifiers.dhcp_rpc_agent_api [None req-c95aef89-67f6-4d83-a63a-9db197d451f3 2848b88d17f4467ab867a5b1176a0991 fbffb65cf5df432f8b8b0f155895309b - - default default] Unable to schedule network 1d400099-496c-47db-9f8f-962e6aed1f9a: no agents available; will retry on subsequent port and subnet creation events. [pid: 7|app: 0|req: 954/2197] 10.0.0.37 () {32 vars in 739 bytes} [Tue Jun 16 02:12:02 2026] DELETE /v2.0/security-groups/784fcba3-3522-40f6-892e-3a499952cd7f => generated 0 bytes in 234 msecs (HTTP/1.1 204) 2 headers in 112 bytes (1 switches on core 0)
2026-06-16 02:12:02.511 8 INFO neutron.db.ovn_revision_numbers_db [None req-782f40f6-bf25-40ca-a56f-799745432112 - - - - - -] Successfully bumped revision number for resource 301eff23-e7e1-4741-99ac-50ce2ee66b2d (type: ports) to 2
2026-06-16 02:12:02.555 8 INFO neutron.db.ovn_revision_numbers_db [None req-782f40f6-bf25-40ca-a56f-799745432112 - - - - - -] Successfully bumped revision number for resource 5d969d31-e9df-4bee-847a-ca414d32d054 (type: subnets) to 0 [pid: 8|app: 0|req: 1244/2198] 10.0.0.37 () {34 vars in 668 bytes} [Tue Jun 16 02:12:01 2026] POST /v2.0/subnets => generated 644 bytes in 628 msecs (HTTP/1.1 201) 4 headers in 162 bytes (1 switches on core 0)
2026-06-16 02:12:02.585 7 WARNING neutron.api.v2.base [None req-96c5b157-4f5f-46c8-8858-436c3612a023 2848b88d17f4467ab867a5b1176a0991 fbffb65cf5df432f8b8b0f155895309b - - default default] An exception happened while processing the request body. The exception message is [Invalid input for target_tenant. Reason: 'None' is not a valid string.].: webob.exc.HTTPBadRequest: Invalid input for target_tenant. Reason: 'None' is not a valid string.
2026-06-16 02:12:02.586 7 INFO neutron.api.v2.resource [None req-96c5b157-4f5f-46c8-8858-436c3612a023 2848b88d17f4467ab867a5b1176a0991 fbffb65cf5df432f8b8b0f155895309b - - default default] create failed (client error): Invalid input for target_tenant. Reason: 'None' is not a valid string. [pid: 7|app: 0|req: 955/2199] 10.0.0.37 () {34 vars in 680 bytes} [Tue Jun 16 02:12:02 2026] POST /v2.0/rbac-policies => generated 143 bytes in 7 msecs (HTTP/1.1 400) 4 headers in 166 bytes (1 switches on core 0)
2026-06-16 02:12:02.723 8 INFO neutron_taas.services.taas.taas_plugin [None req-034d68a3-220d-492d-b45d-a42d9eee19fd 2848b88d17f4467ab867a5b1176a0991 fbffb65cf5df432f8b8b0f155895309b - - default default] TaaS: Handle Delete Port: 301eff23-e7e1-4741-99ac-50ce2ee66b2d
2026-06-16 02:12:02.727 8 INFO neutron_taas.services.taas.tap_mirror_plugin [None req-034d68a3-220d-492d-b45d-a42d9eee19fd 2848b88d17f4467ab867a5b1176a0991 fbffb65cf5df432f8b8b0f155895309b - - default default] Tap Mirror: Handle Delete Port: 301eff23-e7e1-4741-99ac-50ce2ee66b2d
2026-06-16 02:12:03.052 8 INFO neutron.services.segments.plugin [-] Segment 68a4a56d-2282-4205-a212-151b782ef7a9 resource provider aggregate not found
2026-06-16 02:12:03.058 8 INFO neutron.services.segments.plugin [-] Segment 68a4a56d-2282-4205-a212-151b782ef7a9 resource provider aggregate not found
2026-06-16 02:12:03.074 8 INFO neutron.services.segments.plugin [-] Segment 68a4a56d-2282-4205-a212-151b782ef7a9 resource provider not found; error: Placement Client Error (4xx): {"errors": [{"status": 404, "title": "Not Found", "detail": "The resource could not be found.\n\n No resource provider with uuid 68a4a56d-2282-4205-a212-151b782ef7a9 found for delete ", "request_id": "req-a086f616-1b52-4533-a0cd-648d555ed1e3"}]}
2026-06-16 02:12:03.077 8 INFO neutron.services.segments.plugin [-] Segment 68a4a56d-2282-4205-a212-151b782ef7a9 resource provider not found; error: Placement Client Error (4xx): {"errors": [{"status": 404, "title": "Not Found", "detail": "The resource could not be found.\n\n No resource provider with uuid 68a4a56d-2282-4205-a212-151b782ef7a9 found for delete ", "request_id": "req-782d73e8-bb6b-4db9-b9ed-20aa62082260"}]} [pid: 8|app: 0|req: 1245/2202] 10.0.0.37 () {32 vars in 725 bytes} [Tue Jun 16 02:12:02 2026] DELETE /v2.0/networks/1d400099-496c-47db-9f8f-962e6aed1f9a => generated 0 bytes in 521 msecs (HTTP/1.1 204) 3 headers in 131 bytes (1 switches on core 0)
2026-06-16 02:12:03.199 8 INFO neutron.db.segments_db [None req-723f2d3a-fb41-47bc-a86b-820f0212c3f5 2848b88d17f4467ab867a5b1176a0991 fbffb65cf5df432f8b8b0f155895309b - - default default] Added segment 08a362f9-cb79-4bb4-b608-7de8499ea263 of type geneve for network ed5079f8-83a3-4190-9b55-c647a9ad1836
2026-06-16 02:12:03.240 7 INFO neutron.db.ovn_revision_numbers_db [None req-e2f2a2d0-980d-488b-a053-1299edab3580 74214efb0f7546689f4a47b37b03142f ac29ae76204f4cf9a3eb528122af4d2c - - default default] Successfully bumped revision number for resource 09f51de0-7d3c-46b1-8fcd-91e86dc8c3c3 (type: security_groups) to 1
2026-06-16 02:12:03.251 7 INFO neutron.db.ovn_revision_numbers_db [None req-e2f2a2d0-980d-488b-a053-1299edab3580 74214efb0f7546689f4a47b37b03142f ac29ae76204f4cf9a3eb528122af4d2c - - default default] Successfully bumped revision number for resource 1cb3826f-fbdc-41d8-bdf1-bb177c3500a1 (type: security_group_rules) to 0
2026-06-16 02:12:03.263 7 INFO neutron.db.ovn_revision_numbers_db [None req-e2f2a2d0-980d-488b-a053-1299edab3580 74214efb0f7546689f4a47b37b03142f ac29ae76204f4cf9a3eb528122af4d2c - - default default] Successfully bumped revision number for resource 824d42f3-548b-46bc-9029-1a2658c5148d (type: security_group_rules) to 0
2026-06-16 02:12:03.274 7 INFO neutron.db.ovn_revision_numbers_db [None req-e2f2a2d0-980d-488b-a053-1299edab3580 74214efb0f7546689f4a47b37b03142f ac29ae76204f4cf9a3eb528122af4d2c - - default default] Successfully bumped revision number for resource 94796f3d-d0c9-49b6-899d-37032423a43a (type: security_group_rules) to 0
2026-06-16 02:12:03.289 7 INFO neutron.db.ovn_revision_numbers_db [None req-e2f2a2d0-980d-488b-a053-1299edab3580 74214efb0f7546689f4a47b37b03142f ac29ae76204f4cf9a3eb528122af4d2c - - default default] Successfully bumped revision number for resource e072bd6a-410d-479a-9d99-cfa6fbdf9de3 (type: security_group_rules) to 0
2026-06-16 02:12:03.326 8 INFO neutron.db.ovn_revision_numbers_db [None req-723f2d3a-fb41-47bc-a86b-820f0212c3f5 2848b88d17f4467ab867a5b1176a0991 fbffb65cf5df432f8b8b0f155895309b - - default default] Successfully bumped revision number for resource ed5079f8-83a3-4190-9b55-c647a9ad1836 (type: networks) to 1 [pid: 7|app: 0|req: 958/2203] 10.0.0.37 () {32 vars in 773 bytes} [Tue Jun 16 02:12:02 2026] GET /v2.0/security-groups?tenant_id=5f71cbee44dd4ffc9a9ebc4c94b36c30&name=default => generated 2925 bytes in 446 msecs (HTTP/1.1 200) 4 headers in 158 bytes (1 switches on core 0)
2026-06-16 02:12:03.510 8 WARNING neutron.scheduler.dhcp_agent_scheduler [None req-723f2d3a-fb41-47bc-a86b-820f0212c3f5 2848b88d17f4467ab867a5b1176a0991 fbffb65cf5df432f8b8b0f155895309b - - default default] No more DHCP agents
2026-06-16 02:12:03.511 8 WARNING neutron.api.rpc.agentnotifiers.dhcp_rpc_agent_api [None req-723f2d3a-fb41-47bc-a86b-820f0212c3f5 2848b88d17f4467ab867a5b1176a0991 fbffb65cf5df432f8b8b0f155895309b - - default default] Unable to schedule network ed5079f8-83a3-4190-9b55-c647a9ad1836: no agents available; will retry on subsequent port and subnet creation events.
2026-06-16 02:12:03.573 7 INFO neutron.plugins.ml2.drivers.ovn.mech_driver.mech_driver [None req-aeadd098-496c-4428-afaa-4b719f0d493a - - - - - -] OVN reports status down for port: bfea121b-cfff-4f38-9d6d-af417bb13a23
2026-06-16 02:12:03.608 8 INFO neutron.db.ovn_revision_numbers_db [None req-723f2d3a-fb41-47bc-a86b-820f0212c3f5 2848b88d17f4467ab867a5b1176a0991 fbffb65cf5df432f8b8b0f155895309b - - default default] Successfully bumped revision number for resource bfea121b-cfff-4f38-9d6d-af417bb13a23 (type: ports) to 1 [pid: 8|app: 0|req: 1246/2204] 10.0.0.37 () {34 vars in 669 bytes} [Tue Jun 16 02:12:03 2026] POST /v2.0/networks => generated 748 bytes in 519 msecs (HTTP/1.1 201) 4 headers in 162 bytes (1 switches on core 0) [pid: 7|app: 0|req: 959/2205] 10.0.0.37 () {32 vars in 739 bytes} [Tue Jun 16 02:12:03 2026] DELETE /v2.0/security-groups/09f51de0-7d3c-46b1-8fcd-91e86dc8c3c3 => generated 0 bytes in 318 msecs (HTTP/1.1 204) 2 headers in 112 bytes (1 switches on core 0)
2026-06-16 02:12:03.762 8 WARNING neutron.scheduler.dhcp_agent_scheduler [None req-6aa8f03e-ec24-433c-af76-d4b4fe7909d2 2848b88d17f4467ab867a5b1176a0991 fbffb65cf5df432f8b8b0f155895309b - - default default] No more DHCP agents
2026-06-16 02:12:03.763 8 WARNING neutron.api.rpc.agentnotifiers.dhcp_rpc_agent_api [None req-6aa8f03e-ec24-433c-af76-d4b4fe7909d2 2848b88d17f4467ab867a5b1176a0991 fbffb65cf5df432f8b8b0f155895309b - - default default] Unable to schedule network ed5079f8-83a3-4190-9b55-c647a9ad1836: no agents available; will retry on subsequent port and subnet creation events.
2026-06-16 02:12:04.207 8 INFO neutron.db.ovn_revision_numbers_db [None req-931aa282-fabb-4194-a79d-1e48e0e61b17 - - - - - -] Successfully bumped revision number for resource bfea121b-cfff-4f38-9d6d-af417bb13a23 (type: ports) to 2
2026-06-16 02:12:04.236 8 INFO neutron.db.ovn_revision_numbers_db [None req-931aa282-fabb-4194-a79d-1e48e0e61b17 - - - - - -] Successfully bumped revision number for resource 8d64299a-0d9e-4e2e-a5f1-67aa5619a2b7 (type: subnets) to 0 [pid: 8|app: 0|req: 1247/2206] 10.0.0.37 () {34 vars in 668 bytes} [Tue Jun 16 02:12:03 2026] POST /v2.0/subnets => generated 647 bytes in 612 msecs (HTTP/1.1 201) 4 headers in 162 bytes (1 switches on core 0)
2026-06-16 02:12:04.263 7 WARNING neutron.api.v2.base [None req-83e4b001-65a5-4f40-8f03-7cb81d267760 2848b88d17f4467ab867a5b1176a0991 fbffb65cf5df432f8b8b0f155895309b - - default default] An exception happened while processing the request body. The exception message is [Invalid input for target_tenant. Reason: '1234123412341234123412341234123412341234123412341234123412341234123412341234123412341234123412341234123412341234123412341234123412341234123412341234123412341234123412341234123412341234123412341234123412341234123412341234123412341234123412341234123412341234123412341234123412341234123412341234123412341234123412341234123412341234123412341234123412341234123412341234123412341234123412341234123412341234' exceeds maximum length of 255.].: webob.exc.HTTPBadRequest: Invalid input for target_tenant. Reason: '1234123412341234123412341234123412341234123412341234123412341234123412341234123412341234123412341234123412341234123412341234123412341234123412341234123412341234123412341234123412341234123412341234123412341234123412341234123412341234123412341234123412341234123412341234123412341234123412341234123412341234123412341234123412341234123412341234123412341234123412341234123412341234123412341234123412341234' exceeds maximum length of 255.
2026-06-16 02:12:04.263 7 INFO neutron.api.v2.resource [None req-83e4b001-65a5-4f40-8f03-7cb81d267760 2848b88d17f4467ab867a5b1176a0991 fbffb65cf5df432f8b8b0f155895309b - - default default] create failed (client error): Invalid input for target_tenant. Reason: '1234123412341234123412341234123412341234123412341234123412341234123412341234123412341234123412341234123412341234123412341234123412341234123412341234123412341234123412341234123412341234123412341234123412341234123412341234123412341234123412341234123412341234123412341234123412341234123412341234123412341234123412341234123412341234123412341234123412341234123412341234123412341234123412341234123412341234' exceeds maximum length of 255. [pid: 7|app: 0|req: 960/2207] 10.0.0.37 () {34 vars in 680 bytes} [Tue Jun 16 02:12:04 2026] POST /v2.0/rbac-policies => generated 547 bytes in 6 msecs (HTTP/1.1 400) 4 headers in 166 bytes (1 switches on core 0)
2026-06-16 02:12:04.390 8 INFO neutron_taas.services.taas.taas_plugin [None req-8bf58f60-d996-4170-bb34-4e85728d7538 2848b88d17f4467ab867a5b1176a0991 fbffb65cf5df432f8b8b0f155895309b - - default default] TaaS: Handle Delete Port: bfea121b-cfff-4f38-9d6d-af417bb13a23
2026-06-16 02:12:04.393 8 INFO neutron_taas.services.taas.tap_mirror_plugin [None req-8bf58f60-d996-4170-bb34-4e85728d7538 2848b88d17f4467ab867a5b1176a0991 fbffb65cf5df432f8b8b0f155895309b - - default default] Tap Mirror: Handle Delete Port: bfea121b-cfff-4f38-9d6d-af417bb13a23 [pid: 8|app: 0|req: 1248/2208] 10.0.0.37 () {32 vars in 725 bytes} [Tue Jun 16 02:12:04 2026] DELETE /v2.0/networks/ed5079f8-83a3-4190-9b55-c647a9ad1836 => generated 0 bytes in 540 msecs (HTTP/1.1 204) 3 headers in 131 bytes (1 switches on core 0)
2026-06-16 02:12:04.905 8 INFO neutron.db.segments_db [None req-3f79c9b5-8ad7-4b40-9184-93ff562cda74 2848b88d17f4467ab867a5b1176a0991 fbffb65cf5df432f8b8b0f155895309b - - default default] Added segment 52ea37bf-5c87-4833-9811-5f0f4c35da59 of type geneve for network 7ccf1716-c245-4283-a802-cefa38f666b1
2026-06-16 02:12:05.033 7 INFO neutron.db.ovn_revision_numbers_db [None req-1dfcf14b-accc-417e-84f0-68f05c2ac959 2ced68cd25954074ad56b2be03be63e6 2463a311332a459e9e16756b32974772 - - default default] Successfully bumped revision number for resource f3259e82-b81a-4c9b-b42c-b23dcbc16248 (type: security_groups) to 1
2026-06-16 02:12:05.058 7 INFO neutron.db.ovn_revision_numbers_db [None req-1dfcf14b-accc-417e-84f0-68f05c2ac959 2ced68cd25954074ad56b2be03be63e6 2463a311332a459e9e16756b32974772 - - default default] Successfully bumped revision number for resource a1ed6a14-0ba7-40ea-8d7d-37eb6a0db954 (type: security_group_rules) to 0
2026-06-16 02:12:05.062 8 INFO neutron.db.ovn_revision_numbers_db [None req-3f79c9b5-8ad7-4b40-9184-93ff562cda74 2848b88d17f4467ab867a5b1176a0991 fbffb65cf5df432f8b8b0f155895309b - - default default] Successfully bumped revision number for resource 7ccf1716-c245-4283-a802-cefa38f666b1 (type: networks) to 1
2026-06-16 02:12:05.073 7 INFO neutron.db.ovn_revision_numbers_db [None req-1dfcf14b-accc-417e-84f0-68f05c2ac959 2ced68cd25954074ad56b2be03be63e6 2463a311332a459e9e16756b32974772 - - default default] Successfully bumped revision number for resource bbd4c64e-3376-4d0e-b7c9-c5cbd73ceb5f (type: security_group_rules) to 0
2026-06-16 02:12:05.085 7 INFO neutron.db.ovn_revision_numbers_db [None req-1dfcf14b-accc-417e-84f0-68f05c2ac959 2ced68cd25954074ad56b2be03be63e6 2463a311332a459e9e16756b32974772 - - default default] Successfully bumped revision number for resource d5e0606f-db4b-4e34-aa38-a88b7bd26e88 (type: security_group_rules) to 0
2026-06-16 02:12:05.096 7 INFO neutron.db.ovn_revision_numbers_db [None req-1dfcf14b-accc-417e-84f0-68f05c2ac959 2ced68cd25954074ad56b2be03be63e6 2463a311332a459e9e16756b32974772 - - default default] Successfully bumped revision number for resource e8bbb087-5de4-42b2-a0b3-590cc762e0a7 (type: security_group_rules) to 0
2026-06-16 02:12:05.101 8 INFO neutron.services.segments.plugin [-] Segment 08a362f9-cb79-4bb4-b608-7de8499ea263 resource provider aggregate not found
2026-06-16 02:12:05.109 8 INFO neutron.services.segments.plugin [-] Segment 08a362f9-cb79-4bb4-b608-7de8499ea263 resource provider aggregate not found
2026-06-16 02:12:05.127 8 INFO neutron.services.segments.plugin [-] Segment 08a362f9-cb79-4bb4-b608-7de8499ea263 resource provider not found; error: Placement Client Error (4xx): {"errors": [{"status": 404, "title": "Not Found", "detail": "The resource could not be found.\n\n No resource provider with uuid 08a362f9-cb79-4bb4-b608-7de8499ea263 found for delete ", "request_id": "req-95aea1fa-3547-4b4f-aedf-bf2aa28ed7d4"}]}
2026-06-16 02:12:05.127 8 INFO neutron.services.segments.plugin [-] Segment 08a362f9-cb79-4bb4-b608-7de8499ea263 resource provider not found; error: Placement Client Error (4xx): {"errors": [{"status": 404, "title": "Not Found", "detail": "The resource could not be found.\n\n No resource provider with uuid 08a362f9-cb79-4bb4-b608-7de8499ea263 found for delete ", "request_id": "req-fbbf2c6a-f0c5-46b7-a1cf-2daabb2b60d7"}]}
2026-06-16 02:12:05.179 7 INFO neutron.db.segments_db [None req-1dfcf14b-accc-417e-84f0-68f05c2ac959 2ced68cd25954074ad56b2be03be63e6 2463a311332a459e9e16756b32974772 - - default default] Added segment 8fff9e90-5336-4249-b6d5-0e313fa6d385 of type geneve for network c7296405-5727-4d4a-8412-c92ed3d2277b
2026-06-16 02:12:05.244 8 WARNING neutron.scheduler.dhcp_agent_scheduler [None req-3f79c9b5-8ad7-4b40-9184-93ff562cda74 2848b88d17f4467ab867a5b1176a0991 fbffb65cf5df432f8b8b0f155895309b - - default default] No more DHCP agents
2026-06-16 02:12:05.245 8 WARNING neutron.api.rpc.agentnotifiers.dhcp_rpc_agent_api [None req-3f79c9b5-8ad7-4b40-9184-93ff562cda74 2848b88d17f4467ab867a5b1176a0991 fbffb65cf5df432f8b8b0f155895309b - - default default] Unable to schedule network 7ccf1716-c245-4283-a802-cefa38f666b1: no agents available; will retry on subsequent port and subnet creation events.
2026-06-16 02:12:05.300 7 INFO neutron.db.ovn_revision_numbers_db [None req-1dfcf14b-accc-417e-84f0-68f05c2ac959 2ced68cd25954074ad56b2be03be63e6 2463a311332a459e9e16756b32974772 - - default default] Successfully bumped revision number for resource c7296405-5727-4d4a-8412-c92ed3d2277b (type: networks) to 1
2026-06-16 02:12:05.320 7 INFO neutron.plugins.ml2.drivers.ovn.mech_driver.mech_driver [None req-aeadd098-496c-4428-afaa-4b719f0d493a - - - - - -] OVN reports status down for port: f62d8eb3-dc10-4811-832e-39bac4cfdd8e
2026-06-16 02:12:05.332 8 INFO neutron.db.ovn_revision_numbers_db [None req-3f79c9b5-8ad7-4b40-9184-93ff562cda74 2848b88d17f4467ab867a5b1176a0991 fbffb65cf5df432f8b8b0f155895309b - - default default] Successfully bumped revision number for resource f62d8eb3-dc10-4811-832e-39bac4cfdd8e (type: ports) to 1 [pid: 8|app: 0|req: 1249/2209] 10.0.0.37 () {34 vars in 669 bytes} [Tue Jun 16 02:12:04 2026] POST /v2.0/networks => generated 748 bytes in 541 msecs (HTTP/1.1 201) 4 headers in 162 bytes (1 switches on core 0)
2026-06-16 02:12:05.481 8 WARNING neutron.scheduler.dhcp_agent_scheduler [None req-b4e257dd-a8bd-4ef1-872b-3744b1249389 2848b88d17f4467ab867a5b1176a0991 fbffb65cf5df432f8b8b0f155895309b - - default default] No more DHCP agents
2026-06-16 02:12:05.482 8 WARNING neutron.api.rpc.agentnotifiers.dhcp_rpc_agent_api [None req-b4e257dd-a8bd-4ef1-872b-3744b1249389 2848b88d17f4467ab867a5b1176a0991 fbffb65cf5df432f8b8b0f155895309b - - default default] Unable to schedule network 7ccf1716-c245-4283-a802-cefa38f666b1: no agents available; will retry on subsequent port and subnet creation events.
2026-06-16 02:12:05.564 7 WARNING neutron.scheduler.dhcp_agent_scheduler [None req-1dfcf14b-accc-417e-84f0-68f05c2ac959 2ced68cd25954074ad56b2be03be63e6 2463a311332a459e9e16756b32974772 - - default default] No more DHCP agents
2026-06-16 02:12:05.567 7 WARNING neutron.api.rpc.agentnotifiers.dhcp_rpc_agent_api [None req-1dfcf14b-accc-417e-84f0-68f05c2ac959 2ced68cd25954074ad56b2be03be63e6 2463a311332a459e9e16756b32974772 - - default default] Unable to schedule network c7296405-5727-4d4a-8412-c92ed3d2277b: no agents available; will retry on subsequent port and subnet creation events.
2026-06-16 02:12:05.653 8 INFO neutron.plugins.ml2.drivers.ovn.mech_driver.mech_driver [None req-6be840c4-23e0-46ac-a4fb-f92064b44832 - - - - - -] OVN reports status down for port: e4eebd0b-fb2d-46b9-9e29-53ad3549bc5e
2026-06-16 02:12:05.666 7 INFO neutron.db.ovn_revision_numbers_db [None req-1dfcf14b-accc-417e-84f0-68f05c2ac959 2ced68cd25954074ad56b2be03be63e6 2463a311332a459e9e16756b32974772 - - default default] Successfully bumped revision number for resource e4eebd0b-fb2d-46b9-9e29-53ad3549bc5e (type: ports) to 1 [pid: 7|app: 0|req: 961/2210] 10.0.0.37 () {34 vars in 669 bytes} [Tue Jun 16 02:12:04 2026] POST /v2.0/networks => generated 650 bytes in 971 msecs (HTTP/1.1 201) 4 headers in 162 bytes (1 switches on core 0)
2026-06-16 02:12:06.001 8 INFO neutron.db.ovn_revision_numbers_db [None req-5d7d2256-20d2-4efa-8d68-b61464e4e16a - - - - - -] Successfully bumped revision number for resource f62d8eb3-dc10-4811-832e-39bac4cfdd8e (type: ports) to 2
2026-06-16 02:12:06.026 7 INFO neutron.db.ovn_revision_numbers_db [None req-6ce95722-47a8-4d49-98d3-1460c0226553 74214efb0f7546689f4a47b37b03142f ac29ae76204f4cf9a3eb528122af4d2c - - default default] Successfully bumped revision number for resource f1dcd5fd-165d-4d1e-8b8f-8fbdb5776616 (type: security_groups) to 1
2026-06-16 02:12:06.033 8 INFO neutron.db.ovn_revision_numbers_db [None req-5d7d2256-20d2-4efa-8d68-b61464e4e16a - - - - - -] Successfully bumped revision number for resource 6e7ef082-502b-45fe-8372-02ddac19b43a (type: subnets) to 0
2026-06-16 02:12:06.038 7 INFO neutron.db.ovn_revision_numbers_db [None req-6ce95722-47a8-4d49-98d3-1460c0226553 74214efb0f7546689f4a47b37b03142f ac29ae76204f4cf9a3eb528122af4d2c - - default default] Successfully bumped revision number for resource 2cea2174-2a29-4c06-87c1-fda90744dfe3 (type: security_group_rules) to 0 [pid: 8|app: 0|req: 1250/2211] 10.0.0.37 () {34 vars in 668 bytes} [Tue Jun 16 02:12:05 2026] POST /v2.0/subnets => generated 647 bytes in 689 msecs (HTTP/1.1 201) 4 headers in 162 bytes (1 switches on core 0)
2026-06-16 02:12:06.050 7 INFO neutron.db.ovn_revision_numbers_db [None req-6ce95722-47a8-4d49-98d3-1460c0226553 74214efb0f7546689f4a47b37b03142f ac29ae76204f4cf9a3eb528122af4d2c - - default default] Successfully bumped revision number for resource 40cf2eb6-864e-48c7-a9e2-b512d2fd8450 (type: security_group_rules) to 0
2026-06-16 02:12:06.064 7 INFO neutron.db.ovn_revision_numbers_db [None req-6ce95722-47a8-4d49-98d3-1460c0226553 74214efb0f7546689f4a47b37b03142f ac29ae76204f4cf9a3eb528122af4d2c - - default default] Successfully bumped revision number for resource d58f3474-5531-4ac6-adea-05f78b2a7fb7 (type: security_group_rules) to 0
2026-06-16 02:12:06.080 7 INFO neutron.db.ovn_revision_numbers_db [None req-6ce95722-47a8-4d49-98d3-1460c0226553 74214efb0f7546689f4a47b37b03142f ac29ae76204f4cf9a3eb528122af4d2c - - default default] Successfully bumped revision number for resource f3a6ab0b-df79-42f0-bce0-e2362c3bbbd2 (type: security_group_rules) to 0
2026-06-16 02:12:06.155 7 INFO neutron.db.segments_db [None req-6ce95722-47a8-4d49-98d3-1460c0226553 74214efb0f7546689f4a47b37b03142f ac29ae76204f4cf9a3eb528122af4d2c - - default default] Added segment a14a9d2a-f4e7-40b2-a989-5e19e0c09dad of type geneve for network c87a828f-8b4f-4012-ac15-3f8deabf5b0c
2026-06-16 02:12:06.191 8 INFO neutron.db.ovn_revision_numbers_db [None req-6e72b7a1-b726-4e1f-8c0d-88c37286d72d 74214efb0f7546689f4a47b37b03142f ac29ae76204f4cf9a3eb528122af4d2c - - default default] Successfully bumped revision number for resource cd90cc0b-eaed-405d-baac-e3774f10ec53 (type: security_groups) to 1
2026-06-16 02:12:06.200 8 INFO neutron.db.ovn_revision_numbers_db [None req-6e72b7a1-b726-4e1f-8c0d-88c37286d72d 74214efb0f7546689f4a47b37b03142f ac29ae76204f4cf9a3eb528122af4d2c - - default default] Successfully bumped revision number for resource 1a290e81-093f-4d8a-95c4-1a445412387c (type: security_group_rules) to 0
2026-06-16 02:12:06.209 8 INFO neutron.db.ovn_revision_numbers_db [None req-6e72b7a1-b726-4e1f-8c0d-88c37286d72d 74214efb0f7546689f4a47b37b03142f ac29ae76204f4cf9a3eb528122af4d2c - - default default] Successfully bumped revision number for resource 706f06da-d902-4252-8c3b-a1fb218fdc22 (type: security_group_rules) to 0
2026-06-16 02:12:06.220 8 INFO neutron.db.ovn_revision_numbers_db [None req-6e72b7a1-b726-4e1f-8c0d-88c37286d72d 74214efb0f7546689f4a47b37b03142f ac29ae76204f4cf9a3eb528122af4d2c - - default default] Successfully bumped revision number for resource 8664999c-e020-4779-b285-df1c346dddcc (type: security_group_rules) to 0
2026-06-16 02:12:06.232 8 INFO neutron.db.ovn_revision_numbers_db [None req-6e72b7a1-b726-4e1f-8c0d-88c37286d72d 74214efb0f7546689f4a47b37b03142f ac29ae76204f4cf9a3eb528122af4d2c - - default default] Successfully bumped revision number for resource b99482de-7fa6-4607-84b3-7c9a76f10708 (type: security_group_rules) to 0 [pid: 8|app: 0|req: 1251/2212] 10.0.0.37 () {32 vars in 773 bytes} [Tue Jun 16 02:12:06 2026] GET /v2.0/security-groups?tenant_id=d11d241e8d2d4c0883bc28080f1d6782&name=default => generated 2925 bytes in 223 msecs (HTTP/1.1 200) 4 headers in 158 bytes (1 switches on core 0)
2026-06-16 02:12:06.278 7 INFO neutron.db.ovn_revision_numbers_db [None req-6ce95722-47a8-4d49-98d3-1460c0226553 74214efb0f7546689f4a47b37b03142f ac29ae76204f4cf9a3eb528122af4d2c - - default default] Successfully bumped revision number for resource c87a828f-8b4f-4012-ac15-3f8deabf5b0c (type: networks) to 1
2026-06-16 02:12:06.436 7 WARNING neutron.scheduler.dhcp_agent_scheduler [None req-6ce95722-47a8-4d49-98d3-1460c0226553 74214efb0f7546689f4a47b37b03142f ac29ae76204f4cf9a3eb528122af4d2c - - default default] No more DHCP agents
2026-06-16 02:12:06.437 7 WARNING neutron.api.rpc.agentnotifiers.dhcp_rpc_agent_api [None req-6ce95722-47a8-4d49-98d3-1460c0226553 74214efb0f7546689f4a47b37b03142f ac29ae76204f4cf9a3eb528122af4d2c - - default default] Unable to schedule network c87a828f-8b4f-4012-ac15-3f8deabf5b0c: no agents available; will retry on subsequent port and subnet creation events.
2026-06-16 02:12:06.464 8 WARNING neutron.scheduler.dhcp_agent_scheduler [None req-5b4e92af-4251-4511-877d-21467eb32b76 2ced68cd25954074ad56b2be03be63e6 2463a311332a459e9e16756b32974772 - - default default] No more DHCP agents
2026-06-16 02:12:06.466 8 WARNING neutron.api.rpc.agentnotifiers.dhcp_rpc_agent_api [None req-5b4e92af-4251-4511-877d-21467eb32b76 2ced68cd25954074ad56b2be03be63e6 2463a311332a459e9e16756b32974772 - - default default] Unable to schedule network c7296405-5727-4d4a-8412-c92ed3d2277b: no agents available; will retry on subsequent port and subnet creation events.
2026-06-16 02:12:06.487 7 INFO neutron.plugins.ml2.drivers.ovn.mech_driver.mech_driver [None req-aeadd098-496c-4428-afaa-4b719f0d493a - - - - - -] OVN reports status down for port: 33d3f0d8-1ad3-4e7f-894b-c7ab255aabbb
2026-06-16 02:12:06.553 8 INFO neutron.plugins.ml2.drivers.ovn.mech_driver.mech_driver [None req-6be840c4-23e0-46ac-a4fb-f92064b44832 - - - - - -] OVN reports status down for port: 0c6b44d9-dc6c-4145-b943-3b0f81033c09
