2026-06-16 02:10:20.800 8 INFO neutron.services.segments.plugin [-] Segment c0fdaa01-5d0c-4409-ae17-5c345f72a4d8 resource provider not found; error: Placement Client Error (4xx): {"errors": [{"status": 404, "title": "Not Found", "detail": "The resource could not be found.\n\n No resource provider with uuid c0fdaa01-5d0c-4409-ae17-5c345f72a4d8 found for delete ", "request_id": "req-fe3899e3-ed71-4d0e-8dfe-bd6b0b2aff10"}]} [pid: 8|app: 0|req: 738/1339] 10.0.0.37 () {32 vars in 725 bytes} [Tue Jun 16 02:10:20 2026] DELETE /v2.0/networks/1afade3b-2c9c-475b-a3ac-54fbcec289cc => generated 0 bytes in 381 msecs (HTTP/1.1 204) 3 headers in 131 bytes (1 switches on core 0)
2026-06-16 02:10:20.941 8 INFO neutron_taas.services.taas.taas_plugin [None req-cbdbd33d-7f95-48ac-a38c-e944228eac60 ebd00516f4f942a4bfb5e6fd49222194 eccfcaa80d1c4c7ba7f35546eee8ee3e - - default default] TaaS: Handle Delete Port: 076439c7-a443-4c73-b429-60ce3cd37962
2026-06-16 02:10:20.944 8 INFO neutron_taas.services.taas.tap_mirror_plugin [None req-cbdbd33d-7f95-48ac-a38c-e944228eac60 ebd00516f4f942a4bfb5e6fd49222194 eccfcaa80d1c4c7ba7f35546eee8ee3e - - default default] Tap Mirror: Handle Delete Port: 076439c7-a443-4c73-b429-60ce3cd37962
2026-06-16 02:10:21.086 7 INFO neutron.plugins.ml2.drivers.ovn.mech_driver.ovsdb.commands [None req-32dd9aca-c864-4539-904e-e3a9d713f205 - - - - - -] Schedule LRP lrp-7ca6d593-bbfa-464d-beb8-4fac22e2843c on gateway c23b8b33-83cc-4f9e-a9a0-004c23093e21 with priority 1
2026-06-16 02:10:21.101 7 INFO neutron.plugins.ml2.drivers.ovn.mech_driver.mech_driver [None req-726ffeb5-806b-4cdf-99ac-6741a6687478 - - - - - -] OVN reports status up for port: 7ca6d593-bbfa-464d-beb8-4fac22e2843c
2026-06-16 02:10:21.131 8 INFO neutron.plugins.ml2.drivers.ovn.mech_driver.ovsdb.ovsdb_monitor [None req-c6c179fb-6af8-40e9-96ca-4e672499fc0c - - - - - -] Router 42f97e24-9f6c-4ead-a5b1-7044796dfe98 is bound to host instance
2026-06-16 02:10:21.176 7 INFO neutron.plugins.ml2.plugin [None req-726ffeb5-806b-4cdf-99ac-6741a6687478 - - - - - -] Attempt 1 to provision port 7ca6d593-bbfa-464d-beb8-4fac22e2843c
2026-06-16 02:10:21.210 7 INFO neutron.db.ovn_revision_numbers_db [None req-ab44ea40-0ace-459d-bf6a-40b94a2c8968 8f48207620f84687815b595352713582 58cccbecf8f34b4b99ef7209a2c2cda6 - - default default] Successfully bumped revision number for resource 7ca6d593-bbfa-464d-beb8-4fac22e2843c (type: router_ports) to 1 [pid: 8|app: 0|req: 739/1340] 10.0.0.37 () {32 vars in 725 bytes} [Tue Jun 16 02:10:20 2026] DELETE /v2.0/networks/32a27ab3-64df-4c5d-95f4-7249153b584a => generated 0 bytes in 426 msecs (HTTP/1.1 204) 3 headers in 131 bytes (1 switches on core 0)
2026-06-16 02:10:21.325 7 INFO neutron.db.ovn_revision_numbers_db [None req-ab44ea40-0ace-459d-bf6a-40b94a2c8968 8f48207620f84687815b595352713582 58cccbecf8f34b4b99ef7209a2c2cda6 - - default default] Successfully bumped revision number for resource 42f97e24-9f6c-4ead-a5b1-7044796dfe98 (type: routers) to 2 [pid: 7|app: 0|req: 602/1341] 10.0.0.37 () {34 vars in 668 bytes} [Tue Jun 16 02:10:19 2026] POST /v2.0/routers => generated 955 bytes in 1532 msecs (HTTP/1.1 201) 4 headers in 162 bytes (1 switches on core 0)
2026-06-16 02:10:21.511 8 INFO neutron_taas.services.taas.taas_plugin [None req-aafbaef9-1f88-4faa-aa87-ab846947942c ebd00516f4f942a4bfb5e6fd49222194 eccfcaa80d1c4c7ba7f35546eee8ee3e - - default default] TaaS: Handle Delete Port: 18a380bb-a7e2-4cdc-8dd1-067bb7fc040f
2026-06-16 02:10:21.517 8 INFO neutron_taas.services.taas.tap_mirror_plugin [None req-aafbaef9-1f88-4faa-aa87-ab846947942c ebd00516f4f942a4bfb5e6fd49222194 eccfcaa80d1c4c7ba7f35546eee8ee3e - - default default] Tap Mirror: Handle Delete Port: 18a380bb-a7e2-4cdc-8dd1-067bb7fc040f [pid: 7|app: 0|req: 603/1342] 10.0.0.37 () {32 vars in 775 bytes} [Tue Jun 16 02:10:21 2026] GET /v2.0/subnets?project_id=58cccbecf8f34b4b99ef7209a2c2cda6&cidr=10.100.0.0%2F28 => generated 14 bytes in 271 msecs (HTTP/1.1 200) 4 headers in 156 bytes (1 switches on core 0) [pid: 7|app: 0|req: 604/1343] 10.0.0.37 () {32 vars in 693 bytes} [Tue Jun 16 02:10:21 2026] GET /v2.0/networks?router%3Aexternal=True => generated 791 bytes in 80 msecs (HTTP/1.1 200) 4 headers in 157 bytes (1 switches on core 0) [pid: 7|app: 0|req: 605/1344] 10.0.0.37 () {32 vars in 783 bytes} [Tue Jun 16 02:10:21 2026] GET /v2.0/subnets?network_id=c55bc141-595b-4ffb-bfbf-1eb2c221f1a5&cidr=10.100.0.0%2F28 => generated 14 bytes in 30 msecs (HTTP/1.1 200) 4 headers in 156 bytes (1 switches on core 0) [pid: 8|app: 0|req: 740/1345] 10.0.0.37 () {32 vars in 725 bytes} [Tue Jun 16 02:10:21 2026] DELETE /v2.0/networks/81dd1966-8c4b-4c02-82a0-1e35b2103632 => generated 0 bytes in 600 msecs (HTTP/1.1 204) 3 headers in 131 bytes (1 switches on core 0)
2026-06-16 02:10:21.958 7 WARNING neutron.scheduler.dhcp_agent_scheduler [None req-fd2003ca-bd87-46a3-9b84-04424823208d 8f48207620f84687815b595352713582 58cccbecf8f34b4b99ef7209a2c2cda6 - - default default] No more DHCP agents
2026-06-16 02:10:21.959 7 WARNING neutron.api.rpc.agentnotifiers.dhcp_rpc_agent_api [None req-fd2003ca-bd87-46a3-9b84-04424823208d 8f48207620f84687815b595352713582 58cccbecf8f34b4b99ef7209a2c2cda6 - - default default] Unable to schedule network 3ef0a5bf-3c02-4fb5-af11-f83fd7492b63: no agents available; will retry on subsequent port and subnet creation events.
2026-06-16 02:10:22.070 8 INFO neutron_taas.services.taas.taas_plugin [None req-96df6be5-8696-41fb-b53c-5bd04b79dafd ebd00516f4f942a4bfb5e6fd49222194 eccfcaa80d1c4c7ba7f35546eee8ee3e - - default default] TaaS: Handle Delete Port: cb6fae94-057e-4fcd-954b-c18fca0283a6
2026-06-16 02:10:22.084 8 INFO neutron_taas.services.taas.tap_mirror_plugin [None req-96df6be5-8696-41fb-b53c-5bd04b79dafd ebd00516f4f942a4bfb5e6fd49222194 eccfcaa80d1c4c7ba7f35546eee8ee3e - - default default] Tap Mirror: Handle Delete Port: cb6fae94-057e-4fcd-954b-c18fca0283a6
2026-06-16 02:10:22.377 7 INFO neutron.db.ovn_revision_numbers_db [None req-a7e7363b-dcb2-4677-91ae-7bc0b9eb982f - - - - - -] Successfully bumped revision number for resource 7f9afa45-9756-4727-9a8d-a7347641514e (type: ports) to 2
2026-06-16 02:10:22.413 7 INFO neutron.db.ovn_revision_numbers_db [None req-a7e7363b-dcb2-4677-91ae-7bc0b9eb982f - - - - - -] Successfully bumped revision number for resource 609bd46b-1c53-48c1-aa64-42738c06949a (type: subnets) to 0 [pid: 7|app: 0|req: 606/1346] 10.0.0.37 () {34 vars in 668 bytes} [Tue Jun 16 02:10:21 2026] POST /v2.0/subnets => generated 656 bytes in 672 msecs (HTTP/1.1 201) 4 headers in 162 bytes (1 switches on core 0) [pid: 8|app: 0|req: 741/1347] 10.0.0.37 () {32 vars in 725 bytes} [Tue Jun 16 02:10:21 2026] DELETE /v2.0/networks/25c4c872-2840-497d-9679-5d7fcc3643d1 => generated 0 bytes in 601 msecs (HTTP/1.1 204) 3 headers in 131 bytes (1 switches on core 0)
2026-06-16 02:10:22.512 8 INFO neutron.db.ovn_revision_numbers_db [None req-11feb0ac-59fe-4856-8fe5-eec4049f49ba - - - - - -] Successfully bumped revision number for resource 7ca6d593-bbfa-464d-beb8-4fac22e2843c (type: ports) to 4
2026-06-16 02:10:22.805 7 INFO neutron.db.ovn_revision_numbers_db [None req-4dcfc378-2e8b-440a-a2ad-0d1d2b04fd64 74214efb0f7546689f4a47b37b03142f ac29ae76204f4cf9a3eb528122af4d2c - - default default] Successfully bumped revision number for resource b22240da-20a3-4179-b0b2-9cf2813f34c2 (type: security_groups) to 1
2026-06-16 02:10:22.821 7 INFO neutron.db.ovn_revision_numbers_db [None req-4dcfc378-2e8b-440a-a2ad-0d1d2b04fd64 74214efb0f7546689f4a47b37b03142f ac29ae76204f4cf9a3eb528122af4d2c - - default default] Successfully bumped revision number for resource 0137e663-7f02-45fa-aa44-52e3f3685d0d (type: security_group_rules) to 0
2026-06-16 02:10:22.831 8 INFO neutron.services.segments.plugin [-] Segment ed389738-a158-4809-8be6-4566682ce21c resource provider aggregate not found
2026-06-16 02:10:22.833 7 INFO neutron.db.ovn_revision_numbers_db [None req-4dcfc378-2e8b-440a-a2ad-0d1d2b04fd64 74214efb0f7546689f4a47b37b03142f ac29ae76204f4cf9a3eb528122af4d2c - - default default] Successfully bumped revision number for resource 1b371f99-f846-436f-9f84-313b6513543d (type: security_group_rules) to 0
2026-06-16 02:10:22.837 8 INFO neutron.services.segments.plugin [-] Segment ed389738-a158-4809-8be6-4566682ce21c resource provider aggregate not found
2026-06-16 02:10:22.845 7 INFO neutron.db.ovn_revision_numbers_db [None req-4dcfc378-2e8b-440a-a2ad-0d1d2b04fd64 74214efb0f7546689f4a47b37b03142f ac29ae76204f4cf9a3eb528122af4d2c - - default default] Successfully bumped revision number for resource 32a8305b-de69-44d0-8f29-eccf1da7ebba (type: security_group_rules) to 0
2026-06-16 02:10:22.853 8 INFO neutron.services.segments.plugin [-] Segment ed389738-a158-4809-8be6-4566682ce21c resource provider not found; error: Placement Client Error (4xx): {"errors": [{"status": 404, "title": "Not Found", "detail": "The resource could not be found.\n\n No resource provider with uuid ed389738-a158-4809-8be6-4566682ce21c found for delete ", "request_id": "req-806db536-a496-4a7f-8eb8-6074ef28e6f4"}]}
2026-06-16 02:10:22.854 7 INFO neutron.db.ovn_revision_numbers_db [None req-4dcfc378-2e8b-440a-a2ad-0d1d2b04fd64 74214efb0f7546689f4a47b37b03142f ac29ae76204f4cf9a3eb528122af4d2c - - default default] Successfully bumped revision number for resource 35621040-c922-4ae8-b9de-a32cce35739f (type: security_group_rules) to 0
2026-06-16 02:10:22.864 8 INFO neutron.services.segments.plugin [-] Segment ed389738-a158-4809-8be6-4566682ce21c resource provider not found; error: Placement Client Error (4xx): {"errors": [{"status": 404, "title": "Not Found", "detail": "The resource could not be found.\n\n No resource provider with uuid ed389738-a158-4809-8be6-4566682ce21c found for delete ", "request_id": "req-4c597678-4853-4668-9ea2-3e521b0f3b0d"}]}
2026-06-16 02:10:22.882 8 INFO neutron.services.segments.plugin [-] Segment 4173d205-a60f-48d0-a431-18e4eeb30dc8 resource provider aggregate not found
2026-06-16 02:10:22.883 8 INFO neutron.services.segments.plugin [-] Segment 4173d205-a60f-48d0-a431-18e4eeb30dc8 resource provider aggregate not found [pid: 7|app: 0|req: 607/1348] 10.0.0.37 () {32 vars in 773 bytes} [Tue Jun 16 02:10:22 2026] GET /v2.0/security-groups?tenant_id=2260f000006c41c8a8a1d16816f2f083&name=default => generated 2925 bytes in 461 msecs (HTTP/1.1 200) 4 headers in 158 bytes (1 switches on core 0)
2026-06-16 02:10:22.905 8 INFO neutron.services.segments.plugin [-] Segment 4173d205-a60f-48d0-a431-18e4eeb30dc8 resource provider not found; error: Placement Client Error (4xx): {"errors": [{"status": 404, "title": "Not Found", "detail": "The resource could not be found.\n\n No resource provider with uuid 4173d205-a60f-48d0-a431-18e4eeb30dc8 found for delete ", "request_id": "req-c83ddc08-ce21-45d5-b1d4-8ad5f8c7e74e"}]}
2026-06-16 02:10:22.908 8 INFO neutron.services.segments.plugin [-] Segment 4173d205-a60f-48d0-a431-18e4eeb30dc8 resource provider not found; error: Placement Client Error (4xx): {"errors": [{"status": 404, "title": "Not Found", "detail": "The resource could not be found.\n\n No resource provider with uuid 4173d205-a60f-48d0-a431-18e4eeb30dc8 found for delete ", "request_id": "req-d1cadd68-af0a-4e88-a841-d0ed925ffc56"}]}
2026-06-16 02:10:22.929 8 INFO neutron.services.segments.plugin [-] Segment 6cb14558-0644-4c7f-8cec-652d56078edd resource provider aggregate not found
2026-06-16 02:10:22.939 8 INFO neutron.services.segments.plugin [-] Segment 6cb14558-0644-4c7f-8cec-652d56078edd resource provider aggregate not found
2026-06-16 02:10:22.943 8 INFO neutron.services.segments.plugin [-] Segment 6cb14558-0644-4c7f-8cec-652d56078edd resource provider not found; error: Placement Client Error (4xx): {"errors": [{"status": 404, "title": "Not Found", "detail": "The resource could not be found.\n\n No resource provider with uuid 6cb14558-0644-4c7f-8cec-652d56078edd found for delete ", "request_id": "req-3b61aef2-bb11-4370-a1c0-908b066a55f6"}]}
2026-06-16 02:10:22.960 8 INFO neutron.services.segments.plugin [-] Segment 6cb14558-0644-4c7f-8cec-652d56078edd resource provider not found; error: Placement Client Error (4xx): {"errors": [{"status": 404, "title": "Not Found", "detail": "The resource could not be found.\n\n No resource provider with uuid 6cb14558-0644-4c7f-8cec-652d56078edd found for delete ", "request_id": "req-62425c68-943a-4cf7-b392-1d84dbbb4226"}]}
2026-06-16 02:10:22.970 8 INFO neutron.db.ovn_revision_numbers_db [None req-42ef639a-71b0-45d6-8d86-da770d76735a 74214efb0f7546689f4a47b37b03142f ac29ae76204f4cf9a3eb528122af4d2c - - default default] Successfully bumped revision number for resource dd5a707a-6ab6-4718-b0e2-ad9404b40a49 (type: security_groups) to 1
2026-06-16 02:10:22.982 8 INFO neutron.db.ovn_revision_numbers_db [None req-11feb0ac-59fe-4856-8fe5-eec4049f49ba - - - - - -] Successfully bumped revision number for resource 7ca6d593-bbfa-464d-beb8-4fac22e2843c (type: ports) to 5
2026-06-16 02:10:22.987 8 INFO neutron.db.ovn_revision_numbers_db [None req-42ef639a-71b0-45d6-8d86-da770d76735a 74214efb0f7546689f4a47b37b03142f ac29ae76204f4cf9a3eb528122af4d2c - - default default] Successfully bumped revision number for resource 212d5df4-6b6a-4640-abe8-5f13232762b5 (type: security_group_rules) to 0
2026-06-16 02:10:23.000 8 INFO neutron.db.ovn_revision_numbers_db [None req-42ef639a-71b0-45d6-8d86-da770d76735a 74214efb0f7546689f4a47b37b03142f ac29ae76204f4cf9a3eb528122af4d2c - - default default] Successfully bumped revision number for resource 23b8e0bc-4f76-4c13-baf0-d336eae1ab18 (type: security_group_rules) to 0
2026-06-16 02:10:23.021 8 INFO neutron.db.ovn_revision_numbers_db [None req-42ef639a-71b0-45d6-8d86-da770d76735a 74214efb0f7546689f4a47b37b03142f ac29ae76204f4cf9a3eb528122af4d2c - - default default] Successfully bumped revision number for resource 55e03e6e-c759-4692-9fe5-904ecc7047b9 (type: security_group_rules) to 0
2026-06-16 02:10:23.038 8 INFO neutron.db.ovn_revision_numbers_db [None req-42ef639a-71b0-45d6-8d86-da770d76735a 74214efb0f7546689f4a47b37b03142f ac29ae76204f4cf9a3eb528122af4d2c - - default default] Successfully bumped revision number for resource 9958f63f-2b0a-4c6d-b692-95649e258f3e (type: security_group_rules) to 0 [pid: 8|app: 0|req: 742/1349] 10.0.0.37 () {32 vars in 773 bytes} [Tue Jun 16 02:10:22 2026] GET /v2.0/security-groups?tenant_id=278e8fcee8fa47bf8d62ad7923d79392&name=default => generated 2925 bytes in 634 msecs (HTTP/1.1 200) 4 headers in 158 bytes (1 switches on core 0) [pid: 8|app: 0|req: 743/1350] 10.0.0.37 () {32 vars in 739 bytes} [Tue Jun 16 02:10:23 2026] DELETE /v2.0/security-groups/b22240da-20a3-4179-b0b2-9cf2813f34c2 => generated 0 bytes in 191 msecs (HTTP/1.1 204) 2 headers in 112 bytes (1 switches on core 0)
2026-06-16 02:10:23.385 7 WARNING neutron.scheduler.dhcp_agent_scheduler [None req-5c885897-227e-429f-b493-75ce0d0cc3f7 8f48207620f84687815b595352713582 58cccbecf8f34b4b99ef7209a2c2cda6 - - default default] No more DHCP agents
2026-06-16 02:10:23.387 7 WARNING neutron.api.rpc.agentnotifiers.dhcp_rpc_agent_api [None req-5c885897-227e-429f-b493-75ce0d0cc3f7 8f48207620f84687815b595352713582 58cccbecf8f34b4b99ef7209a2c2cda6 - - default default] Unable to schedule network 3ef0a5bf-3c02-4fb5-af11-f83fd7492b63: no agents available; will retry on subsequent port and subnet creation events. [pid: 8|app: 0|req: 744/1351] 10.0.0.37 () {32 vars in 773 bytes} [Tue Jun 16 02:10:23 2026] GET /v2.0/security-groups?tenant_id=eccfcaa80d1c4c7ba7f35546eee8ee3e&name=default => generated 2925 bytes in 186 msecs (HTTP/1.1 200) 4 headers in 158 bytes (1 switches on core 0)
2026-06-16 02:10:23.534 7 INFO neutron.db.ovn_revision_numbers_db [None req-5c885897-227e-429f-b493-75ce0d0cc3f7 8f48207620f84687815b595352713582 58cccbecf8f34b4b99ef7209a2c2cda6 - - default default] Successfully bumped revision number for resource cd87b259-d36c-4e5f-a3d4-4ebbd38c2615 (type: ports) to 1 [pid: 8|app: 0|req: 745/1352] 10.0.0.37 () {32 vars in 739 bytes} [Tue Jun 16 02:10:23 2026] DELETE /v2.0/security-groups/dd5a707a-6ab6-4718-b0e2-ad9404b40a49 => generated 0 bytes in 230 msecs (HTTP/1.1 204) 2 headers in 112 bytes (1 switches on core 0)
2026-06-16 02:10:23.818 8 INFO neutron.db.ovn_revision_numbers_db [None req-f87b7bda-9ebd-46ee-a712-7dc3a53b459d 74214efb0f7546689f4a47b37b03142f ac29ae76204f4cf9a3eb528122af4d2c - - default default] Successfully bumped revision number for resource 9eda05a3-1f62-4dd9-8588-d23d032cf0a2 (type: security_groups) to 1
2026-06-16 02:10:23.827 8 INFO neutron.db.ovn_revision_numbers_db [None req-f87b7bda-9ebd-46ee-a712-7dc3a53b459d 74214efb0f7546689f4a47b37b03142f ac29ae76204f4cf9a3eb528122af4d2c - - default default] Successfully bumped revision number for resource a65d09aa-58dc-4d4e-8dfc-2e88b8be1918 (type: security_group_rules) to 0
2026-06-16 02:10:23.838 8 INFO neutron.db.ovn_revision_numbers_db [None req-f87b7bda-9ebd-46ee-a712-7dc3a53b459d 74214efb0f7546689f4a47b37b03142f ac29ae76204f4cf9a3eb528122af4d2c - - default default] Successfully bumped revision number for resource d305da32-c6eb-4208-be91-4cbbb0b0ce50 (type: security_group_rules) to 0
2026-06-16 02:10:23.849 8 INFO neutron.db.ovn_revision_numbers_db [None req-f87b7bda-9ebd-46ee-a712-7dc3a53b459d 74214efb0f7546689f4a47b37b03142f ac29ae76204f4cf9a3eb528122af4d2c - - default default] Successfully bumped revision number for resource d9a8d776-1e75-46cd-aa09-19953b9d0e41 (type: security_group_rules) to 0
2026-06-16 02:10:23.859 8 INFO neutron.db.ovn_revision_numbers_db [None req-f87b7bda-9ebd-46ee-a712-7dc3a53b459d 74214efb0f7546689f4a47b37b03142f ac29ae76204f4cf9a3eb528122af4d2c - - default default] Successfully bumped revision number for resource e0ca74fc-d627-4058-b859-d52b33801b3a (type: security_group_rules) to 0
2026-06-16 02:10:23.863 7 INFO neutron.plugins.ml2.drivers.ovn.mech_driver.mech_driver [None req-726ffeb5-806b-4cdf-99ac-6741a6687478 - - - - - -] OVN reports status down for port: cd87b259-d36c-4e5f-a3d4-4ebbd38c2615 [pid: 8|app: 0|req: 746/1353] 10.0.0.37 () {32 vars in 773 bytes} [Tue Jun 16 02:10:23 2026] GET /v2.0/security-groups?tenant_id=5b6d207a46d84ea5b5500b649dc488e7&name=default => generated 2925 bytes in 195 msecs (HTTP/1.1 200) 4 headers in 158 bytes (1 switches on core 0) [pid: 8|app: 0|req: 747/1354] 10.0.0.37 () {32 vars in 739 bytes} [Tue Jun 16 02:10:23 2026] DELETE /v2.0/security-groups/f3882427-4550-48b4-848c-d46e0641eea7 => generated 0 bytes in 194 msecs (HTTP/1.1 204) 2 headers in 112 bytes (1 switches on core 0)
2026-06-16 02:10:24.172 7 INFO neutron.plugins.ml2.drivers.ovn.mech_driver.mech_driver [None req-726ffeb5-806b-4cdf-99ac-6741a6687478 - - - - - -] OVN reports status up for port: cd87b259-d36c-4e5f-a3d4-4ebbd38c2615
2026-06-16 02:10:24.204 7 INFO neutron.plugins.ml2.plugin [None req-726ffeb5-806b-4cdf-99ac-6741a6687478 - - - - - -] Attempt 1 to provision port cd87b259-d36c-4e5f-a3d4-4ebbd38c2615
2026-06-16 02:10:24.205 8 INFO neutron.db.ovn_revision_numbers_db [None req-e54027bd-b001-4e81-a605-88db18e90ef5 74214efb0f7546689f4a47b37b03142f ac29ae76204f4cf9a3eb528122af4d2c - - default default] Successfully bumped revision number for resource 9abcd9c2-804e-4003-9ede-ecc1003045e2 (type: security_groups) to 1
2026-06-16 02:10:24.213 8 INFO neutron.db.ovn_revision_numbers_db [None req-e54027bd-b001-4e81-a605-88db18e90ef5 74214efb0f7546689f4a47b37b03142f ac29ae76204f4cf9a3eb528122af4d2c - - default default] Successfully bumped revision number for resource 794b0b73-e73d-43a7-9475-c01f07915e1c (type: security_group_rules) to 0
2026-06-16 02:10:24.226 8 INFO neutron.db.ovn_revision_numbers_db [None req-e54027bd-b001-4e81-a605-88db18e90ef5 74214efb0f7546689f4a47b37b03142f ac29ae76204f4cf9a3eb528122af4d2c - - default default] Successfully bumped revision number for resource a5aa5482-27bc-4144-a922-9814f3f74f0a (type: security_group_rules) to 0
2026-06-16 02:10:24.240 8 INFO neutron.db.ovn_revision_numbers_db [None req-e54027bd-b001-4e81-a605-88db18e90ef5 74214efb0f7546689f4a47b37b03142f ac29ae76204f4cf9a3eb528122af4d2c - - default default] Successfully bumped revision number for resource b7ce6586-05f9-4484-8261-415b756f4a70 (type: security_group_rules) to 0
2026-06-16 02:10:24.253 8 INFO neutron.db.ovn_revision_numbers_db [None req-e54027bd-b001-4e81-a605-88db18e90ef5 74214efb0f7546689f4a47b37b03142f ac29ae76204f4cf9a3eb528122af4d2c - - default default] Successfully bumped revision number for resource ec4f1c02-7860-4558-8343-93260d6102ed (type: security_group_rules) to 0 [pid: 8|app: 0|req: 748/1355] 10.0.0.37 () {32 vars in 773 bytes} [Tue Jun 16 02:10:24 2026] GET /v2.0/security-groups?tenant_id=ab081c5995cd4cd6aac79ec9a276aad2&name=default => generated 2925 bytes in 200 msecs (HTTP/1.1 200) 4 headers in 158 bytes (1 switches on core 0)
2026-06-16 02:10:24.323 7 WARNING neutron.scheduler.dhcp_agent_scheduler [None req-5c885897-227e-429f-b493-75ce0d0cc3f7 8f48207620f84687815b595352713582 58cccbecf8f34b4b99ef7209a2c2cda6 - - default default] No more DHCP agents
2026-06-16 02:10:24.328 7 WARNING neutron.api.rpc.agentnotifiers.dhcp_rpc_agent_api [None req-5c885897-227e-429f-b493-75ce0d0cc3f7 8f48207620f84687815b595352713582 58cccbecf8f34b4b99ef7209a2c2cda6 - - default default] Unable to schedule network 3ef0a5bf-3c02-4fb5-af11-f83fd7492b63: no agents available; will retry on subsequent port and subnet creation events. [pid: 8|app: 0|req: 749/1356] 10.0.0.37 () {32 vars in 739 bytes} [Tue Jun 16 02:10:24 2026] DELETE /v2.0/security-groups/9eda05a3-1f62-4dd9-8588-d23d032cf0a2 => generated 0 bytes in 208 msecs (HTTP/1.1 204) 2 headers in 112 bytes (1 switches on core 0) [pid: 8|app: 0|req: 750/1357] 10.0.0.37 () {32 vars in 739 bytes} [Tue Jun 16 02:10:24 2026] DELETE /v2.0/security-groups/9abcd9c2-804e-4003-9ede-ecc1003045e2 => generated 0 bytes in 214 msecs (HTTP/1.1 204) 2 headers in 112 bytes (1 switches on core 0)
2026-06-16 02:10:24.862 7 INFO neutron.db.ovn_revision_numbers_db [None req-726ffeb5-806b-4cdf-99ac-6741a6687478 - - - - - -] Successfully bumped revision number for resource cd87b259-d36c-4e5f-a3d4-4ebbd38c2615 (type: ports) to 2
2026-06-16 02:10:25.062 7 INFO neutron.db.ovn_revision_numbers_db [None req-5c885897-227e-429f-b493-75ce0d0cc3f7 8f48207620f84687815b595352713582 58cccbecf8f34b4b99ef7209a2c2cda6 - - default default] Successfully bumped revision number for resource cd87b259-d36c-4e5f-a3d4-4ebbd38c2615 (type: router_ports) to 1 [pid: 7|app: 0|req: 608/1358] 10.0.0.37 () {34 vars in 782 bytes} [Tue Jun 16 02:10:22 2026] PUT /v2.0/routers/42f97e24-9f6c-4ead-a5b1-7044796dfe98/add_router_interface => generated 309 bytes in 2175 msecs (HTTP/1.1 200) 4 headers in 157 bytes (1 switches on core 0) [pid: 8|app: 0|req: 751/1359] 10.0.0.37 () {32 vars in 648 bytes} [Tue Jun 16 02:10:25 2026] GET /v2.0/networks => generated 3070 bytes in 48 msecs (HTTP/1.1 200) 4 headers in 158 bytes (1 switches on core 0) [pid: 7|app: 0|req: 609/1360] 10.0.0.37 () {32 vars in 646 bytes} [Tue Jun 16 02:10:25 2026] GET /v2.0/subnets => generated 1972 bytes in 33 msecs (HTTP/1.1 200) 4 headers in 158 bytes (1 switches on core 0) [pid: 8|app: 0|req: 752/1361] 10.0.0.37 () {32 vars in 646 bytes} [Tue Jun 16 02:10:25 2026] GET /v2.0/routers => generated 976 bytes in 46 msecs (HTTP/1.1 200) 4 headers in 157 bytes (1 switches on core 0)
2026-06-16 02:10:25.375 7 INFO neutron.db.ovn_revision_numbers_db [None req-c8e9784b-7c1f-44cd-afcb-7a6367f2f5d4 8f48207620f84687815b595352713582 58cccbecf8f34b4b99ef7209a2c2cda6 - - default default] Successfully bumped revision number for resource 8dd26e71-1c91-46b9-b913-a08e7d2c0536 (type: security_groups) to 1
2026-06-16 02:10:25.386 7 INFO neutron.db.ovn_revision_numbers_db [None req-c8e9784b-7c1f-44cd-afcb-7a6367f2f5d4 8f48207620f84687815b595352713582 58cccbecf8f34b4b99ef7209a2c2cda6 - - default default] Successfully bumped revision number for resource 8550bef7-9f5f-41ce-b6cf-c81bd3535ff4 (type: security_group_rules) to 0
2026-06-16 02:10:25.407 7 INFO neutron.db.ovn_revision_numbers_db [None req-c8e9784b-7c1f-44cd-afcb-7a6367f2f5d4 8f48207620f84687815b595352713582 58cccbecf8f34b4b99ef7209a2c2cda6 - - default default] Successfully bumped revision number for resource d6b39055-fc74-459f-ae0c-10df4a5c280c (type: security_group_rules) to 0 [pid: 7|app: 0|req: 610/1362] 10.0.0.37 () {34 vars in 684 bytes} [Tue Jun 16 02:10:25 2026] POST /v2.0/security-groups => generated 1675 bytes in 182 msecs (HTTP/1.1 201) 4 headers in 163 bytes (1 switches on core 0)
2026-06-16 02:10:25.575 8 INFO neutron.db.ovn_revision_numbers_db [None req-502c5af9-c89f-4f97-a611-c7afa51023a5 8f48207620f84687815b595352713582 58cccbecf8f34b4b99ef7209a2c2cda6 - - default default] Successfully bumped revision number for resource 2e3b3f9c-9293-486a-ae5e-d9f7184c5fab (type: security_group_rules) to 0 [pid: 8|app: 0|req: 753/1363] 10.0.0.37 () {34 vars in 694 bytes} [Tue Jun 16 02:10:25 2026] POST /v2.0/security-group-rules => generated 597 bytes in 150 msecs (HTTP/1.1 201) 4 headers in 162 bytes (1 switches on core 0)
2026-06-16 02:10:25.734 7 INFO neutron.db.ovn_revision_numbers_db [None req-37459d34-e93d-46a8-9bb4-4e2df0fa07f9 8f48207620f84687815b595352713582 58cccbecf8f34b4b99ef7209a2c2cda6 - - default default] Successfully bumped revision number for resource 6d9f1125-f3a3-487e-919a-4a4ba3fc2640 (type: security_group_rules) to 0 [pid: 7|app: 0|req: 611/1364] 10.0.0.37 () {34 vars in 694 bytes} [Tue Jun 16 02:10:25 2026] POST /v2.0/security-group-rules => generated 596 bytes in 176 msecs (HTTP/1.1 201) 4 headers in 162 bytes (1 switches on core 0)
2026-06-16 02:10:25.893 8 INFO neutron.db.ovn_revision_numbers_db [None req-26f541ab-571d-4205-bc40-7bf68a9b61aa 8f48207620f84687815b595352713582 58cccbecf8f34b4b99ef7209a2c2cda6 - - default default] Successfully bumped revision number for resource 15fe00e9-e53c-40ab-adf0-2c14e0fe0f88 (type: security_group_rules) to 0 [pid: 8|app: 0|req: 754/1365] 10.0.0.37 () {34 vars in 694 bytes} [Tue Jun 16 02:10:25 2026] POST /v2.0/security-group-rules => generated 602 bytes in 133 msecs (HTTP/1.1 201) 4 headers in 162 bytes (1 switches on core 0)
2026-06-16 02:10:26.041 7 INFO neutron.db.ovn_revision_numbers_db [None req-1425fc86-bf44-465d-8b47-e0b6a9610ecc 8f48207620f84687815b595352713582 58cccbecf8f34b4b99ef7209a2c2cda6 - - default default] Successfully bumped revision number for resource e05b01f5-1b8e-4ee9-a549-f52b9bfe23bf (type: security_group_rules) to 0 [pid: 7|app: 0|req: 612/1366] 10.0.0.37 () {34 vars in 694 bytes} [Tue Jun 16 02:10:25 2026] POST /v2.0/security-group-rules => generated 601 bytes in 150 msecs (HTTP/1.1 201) 4 headers in 162 bytes (1 switches on core 0)
2026-06-16 02:10:26.107 7 INFO neutron.db.securitygroups_db [None req-3bcc4143-80ae-4364-ae82-b8918f8d6b92 8f48207620f84687815b595352713582 58cccbecf8f34b4b99ef7209a2c2cda6 - - default default] Project 58cccbecf8f34b4b99ef7209a2c2cda6 added a security group rule with legacy IPv6 ICMP protocol name icmp, ipv6-icmp should be used instead. It was automatically converted.
2026-06-16 02:10:26.229 7 INFO neutron.db.ovn_revision_numbers_db [None req-3bcc4143-80ae-4364-ae82-b8918f8d6b92 8f48207620f84687815b595352713582 58cccbecf8f34b4b99ef7209a2c2cda6 - - default default] Successfully bumped revision number for resource 873bec0c-1c2f-4a71-bec7-3d5c6857bcd5 (type: security_group_rules) to 0
2026-06-16 02:10:26.256 8 INFO neutron.db.ovn_revision_numbers_db [None req-930c729a-98e3-4050-8dde-69bcb23123ef 96a7070b485d44b08a8451e44901c5c7 824c3d35930a48cf810ab1e6f86d4525 - - default default] Successfully bumped revision number for resource 2d67175a-d887-49bd-b11e-c2b4b68c5983 (type: security_groups) to 1
2026-06-16 02:10:26.269 8 INFO neutron.db.ovn_revision_numbers_db [None req-930c729a-98e3-4050-8dde-69bcb23123ef 96a7070b485d44b08a8451e44901c5c7 824c3d35930a48cf810ab1e6f86d4525 - - default default] Successfully bumped revision number for resource 22b1c005-d6a3-4bb5-a94b-4d3e4e79667c (type: security_group_rules) to 0 [pid: 7|app: 0|req: 613/1367] 10.0.0.37 () {34 vars in 694 bytes} [Tue Jun 16 02:10:26 2026] POST /v2.0/security-group-rules => generated 607 bytes in 198 msecs (HTTP/1.1 201) 4 headers in 162 bytes (1 switches on core 0)
2026-06-16 02:10:26.284 8 INFO neutron.db.ovn_revision_numbers_db [None req-930c729a-98e3-4050-8dde-69bcb23123ef 96a7070b485d44b08a8451e44901c5c7 824c3d35930a48cf810ab1e6f86d4525 - - default default] Successfully bumped revision number for resource 79051d65-c533-49c9-aa67-a3ee20838820 (type: security_group_rules) to 0
2026-06-16 02:10:26.296 8 INFO neutron.db.ovn_revision_numbers_db [None req-930c729a-98e3-4050-8dde-69bcb23123ef 96a7070b485d44b08a8451e44901c5c7 824c3d35930a48cf810ab1e6f86d4525 - - default default] Successfully bumped revision number for resource 7e23386c-d908-48d5-81ab-a0acf8b40eac (type: security_group_rules) to 0
2026-06-16 02:10:26.307 7 INFO neutron.db.securitygroups_db [None req-237a2320-a536-414c-a169-6de8a1f1fd0f 8f48207620f84687815b595352713582 58cccbecf8f34b4b99ef7209a2c2cda6 - - default default] Project 58cccbecf8f34b4b99ef7209a2c2cda6 added a security group rule with legacy IPv6 ICMP protocol name icmp, ipv6-icmp should be used instead. It was automatically converted.
2026-06-16 02:10:26.309 8 INFO neutron.db.ovn_revision_numbers_db [None req-930c729a-98e3-4050-8dde-69bcb23123ef 96a7070b485d44b08a8451e44901c5c7 824c3d35930a48cf810ab1e6f86d4525 - - default default] Successfully bumped revision number for resource ec035661-69af-420d-b327-0776e7ec8477 (type: security_group_rules) to 0
2026-06-16 02:10:26.391 8 INFO neutron.db.segments_db [None req-930c729a-98e3-4050-8dde-69bcb23123ef 96a7070b485d44b08a8451e44901c5c7 824c3d35930a48cf810ab1e6f86d4525 - - default default] Added segment 7479e1ca-d541-43d2-b3e4-3f8cc75cad71 of type geneve for network 7988195a-ec52-4136-9b33-9bb055537565
2026-06-16 02:10:26.415 7 INFO neutron.db.ovn_revision_numbers_db [None req-237a2320-a536-414c-a169-6de8a1f1fd0f 8f48207620f84687815b595352713582 58cccbecf8f34b4b99ef7209a2c2cda6 - - default default] Successfully bumped revision number for resource 040129c8-c469-45f2-8fe4-0f3aca02069f (type: security_group_rules) to 0 [pid: 7|app: 0|req: 614/1368] 10.0.0.37 () {34 vars in 694 bytes} [Tue Jun 16 02:10:26 2026] POST /v2.0/security-group-rules => generated 606 bytes in 162 msecs (HTTP/1.1 201) 4 headers in 162 bytes (1 switches on core 0)
2026-06-16 02:10:26.516 8 INFO neutron.db.ovn_revision_numbers_db [None req-930c729a-98e3-4050-8dde-69bcb23123ef 96a7070b485d44b08a8451e44901c5c7 824c3d35930a48cf810ab1e6f86d4525 - - default default] Successfully bumped revision number for resource 7988195a-ec52-4136-9b33-9bb055537565 (type: networks) to 1
2026-06-16 02:10:26.686 8 WARNING neutron.scheduler.dhcp_agent_scheduler [None req-930c729a-98e3-4050-8dde-69bcb23123ef 96a7070b485d44b08a8451e44901c5c7 824c3d35930a48cf810ab1e6f86d4525 - - default default] No more DHCP agents
2026-06-16 02:10:26.687 8 WARNING neutron.api.rpc.agentnotifiers.dhcp_rpc_agent_api [None req-930c729a-98e3-4050-8dde-69bcb23123ef 96a7070b485d44b08a8451e44901c5c7 824c3d35930a48cf810ab1e6f86d4525 - - default default] Unable to schedule network 7988195a-ec52-4136-9b33-9bb055537565: no agents available; will retry on subsequent port and subnet creation events.
2026-06-16 02:10:26.750 8 INFO neutron.plugins.ml2.drivers.ovn.mech_driver.mech_driver [None req-c17ca699-803c-47a1-9230-cfed6dd9635e - - - - - -] OVN reports status down for port: 76bd636e-5ff5-454b-95ea-0a5aad4a42a4
2026-06-16 02:10:26.800 8 INFO neutron.db.ovn_revision_numbers_db [None req-930c729a-98e3-4050-8dde-69bcb23123ef 96a7070b485d44b08a8451e44901c5c7 824c3d35930a48cf810ab1e6f86d4525 - - default default] Successfully bumped revision number for resource 76bd636e-5ff5-454b-95ea-0a5aad4a42a4 (type: ports) to 1 [pid: 8|app: 0|req: 755/1369] 10.0.0.37 () {34 vars in 669 bytes} [Tue Jun 16 02:10:26 2026] POST /v2.0/networks => generated 667 bytes in 812 msecs (HTTP/1.1 201) 4 headers in 162 bytes (1 switches on core 0) [pid: 7|app: 0|req: 615/1370] 10.0.0.37 () {32 vars in 648 bytes} [Tue Jun 16 02:10:26 2026] GET /v2.0/networks => generated 1373 bytes in 242 msecs (HTTP/1.1 200) 4 headers in 158 bytes (1 switches on core 0) [pid: 7|app: 0|req: 616/1371] 10.0.0.46 () {34 vars in 1099 bytes} [Tue Jun 16 02:10:27 2026] GET /v2.0/security-groups?name=tempest-secgroup-smoke-2116393740&fields=id&tenant_id=58cccbecf8f34b4b99ef7209a2c2cda6 => generated 69 bytes in 31 msecs (HTTP/1.1 200) 4 headers in 156 bytes (1 switches on core 0)
2026-06-16 02:10:27.253 8 INFO neutron.db.ovn_revision_numbers_db [None req-4173e002-ee9a-4712-b96f-99ceb76a53fd 74214efb0f7546689f4a47b37b03142f ac29ae76204f4cf9a3eb528122af4d2c - - default default] Successfully bumped revision number for resource fe984610-2283-4dec-9c4c-d7af15be242d (type: security_groups) to 1
2026-06-16 02:10:27.265 8 INFO neutron.db.ovn_revision_numbers_db [None req-4173e002-ee9a-4712-b96f-99ceb76a53fd 74214efb0f7546689f4a47b37b03142f ac29ae76204f4cf9a3eb528122af4d2c - - default default] Successfully bumped revision number for resource 8f2a32f4-ba45-4850-a952-ae1fe4905538 (type: security_group_rules) to 0 [pid: 7|app: 0|req: 617/1372] 10.0.0.46 () {34 vars in 981 bytes} [Tue Jun 16 02:10:27 2026] GET /v2.0/networks?id=3ef0a5bf-3c02-4fb5-af11-f83fd7492b63 => generated 698 bytes in 65 msecs (HTTP/1.1 200) 4 headers in 157 bytes (1 switches on core 0)
2026-06-16 02:10:27.282 8 INFO neutron.db.ovn_revision_numbers_db [None req-4173e002-ee9a-4712-b96f-99ceb76a53fd 74214efb0f7546689f4a47b37b03142f ac29ae76204f4cf9a3eb528122af4d2c - - default default] Successfully bumped revision number for resource 9bd73159-46cc-4f88-a55a-68ea7c40a61a (type: security_group_rules) to 0 [pid: 7|app: 0|req: 618/1373] 10.0.0.46 () {34 vars in 964 bytes} [Tue Jun 16 02:10:27 2026] GET /v2.0/quotas/58cccbecf8f34b4b99ef7209a2c2cda6 => generated 292 bytes in 9 msecs (HTTP/1.1 200) 4 headers in 157 bytes (1 switches on core 0)
2026-06-16 02:10:27.295 8 INFO neutron.db.ovn_revision_numbers_db [None req-4173e002-ee9a-4712-b96f-99ceb76a53fd 74214efb0f7546689f4a47b37b03142f ac29ae76204f4cf9a3eb528122af4d2c - - default default] Successfully bumped revision number for resource b5d9ca48-f0a7-4444-b92a-043d9fbf7dca (type: security_group_rules) to 0
2026-06-16 02:10:27.308 8 INFO neutron.db.ovn_revision_numbers_db [None req-4173e002-ee9a-4712-b96f-99ceb76a53fd 74214efb0f7546689f4a47b37b03142f ac29ae76204f4cf9a3eb528122af4d2c - - default default] Successfully bumped revision number for resource d4a5603f-c142-46b1-bdc2-2d04b3963596 (type: security_group_rules) to 0 [pid: 8|app: 0|req: 756/1374] 10.0.0.37 () {32 vars in 773 bytes} [Tue Jun 16 02:10:26 2026] GET /v2.0/security-groups?tenant_id=c8d2af23d7d54903b3d7f69b7d6102ae&name=default => generated 2925 bytes in 351 msecs (HTTP/1.1 200) 4 headers in 158 bytes (1 switches on core 0) [pid: 7|app: 0|req: 619/1375] 10.0.0.46 () {34 vars in 1001 bytes} [Tue Jun 16 02:10:27 2026] GET /v2.0/ports?tenant_id=58cccbecf8f34b4b99ef7209a2c2cda6&fields=id => generated 103 bytes in 67 msecs (HTTP/1.1 200) 4 headers in 157 bytes (1 switches on core 0)
2026-06-16 02:10:27.546 8 WARNING neutron.scheduler.dhcp_agent_scheduler [None req-908e9a75-4d45-44f8-b7fc-2e7239d83f57 96a7070b485d44b08a8451e44901c5c7 824c3d35930a48cf810ab1e6f86d4525 - - default default] No more DHCP agents
2026-06-16 02:10:27.547 8 WARNING neutron.api.rpc.agentnotifiers.dhcp_rpc_agent_api [None req-908e9a75-4d45-44f8-b7fc-2e7239d83f57 96a7070b485d44b08a8451e44901c5c7 824c3d35930a48cf810ab1e6f86d4525 - - default default] Unable to schedule network 7988195a-ec52-4136-9b33-9bb055537565: no agents available; will retry on subsequent port and subnet creation events.
2026-06-16 02:10:27.591 8 INFO neutron.db.ovn_revision_numbers_db [None req-908e9a75-4d45-44f8-b7fc-2e7239d83f57 96a7070b485d44b08a8451e44901c5c7 824c3d35930a48cf810ab1e6f86d4525 - - default default] Successfully bumped revision number for resource 03d64195-d0e2-489e-9ff0-2c06c70d8e9c (type: subnets) to 0 [pid: 7|app: 0|req: 620/1376] 10.0.0.37 () {32 vars in 739 bytes} [Tue Jun 16 02:10:27 2026] DELETE /v2.0/security-groups/fe984610-2283-4dec-9c4c-d7af15be242d => generated 0 bytes in 236 msecs (HTTP/1.1 204) 2 headers in 112 bytes (1 switches on core 0) [pid: 8|app: 0|req: 757/1377] 10.0.0.37 () {34 vars in 668 bytes} [Tue Jun 16 02:10:27 2026] POST /v2.0/subnets => generated 673 bytes in 261 msecs (HTTP/1.1 201) 4 headers in 162 bytes (1 switches on core 0) [pid: 7|app: 0|req: 621/1378] 10.0.0.46 () {34 vars in 1007 bytes} [Tue Jun 16 02:10:27 2026] GET /v2.0/networks/3ef0a5bf-3c02-4fb5-af11-f83fd7492b63?fields=segments => generated 14 bytes in 46 msecs (HTTP/1.1 200) 4 headers in 156 bytes (1 switches on core 0) [pid: 7|app: 0|req: 622/1379] 10.0.0.46 () {34 vars in 1107 bytes} [Tue Jun 16 02:10:27 2026] GET /v2.0/networks/3ef0a5bf-3c02-4fb5-af11-f83fd7492b63?fields=provider%3Aphysical_network&fields=provider%3Anetwork_type => generated 79 bytes in 52 msecs (HTTP/1.1 200) 4 headers in 156 bytes (1 switches on core 0)
2026-06-16 02:10:27.710 8 INFO neutron.db.segments_db [None req-c497b94f-6b00-4f26-80b5-0b14ccf41bfb 96a7070b485d44b08a8451e44901c5c7 824c3d35930a48cf810ab1e6f86d4525 - - default default] Added segment 0e386777-da6b-4d59-9602-07b045c3d03f of type geneve for network 3f010f2e-bac5-431f-8436-9b35072a30fa
2026-06-16 02:10:27.818 8 INFO neutron.db.ovn_revision_numbers_db [None req-c497b94f-6b00-4f26-80b5-0b14ccf41bfb 96a7070b485d44b08a8451e44901c5c7 824c3d35930a48cf810ab1e6f86d4525 - - default default] Successfully bumped revision number for resource 3f010f2e-bac5-431f-8436-9b35072a30fa (type: networks) to 1 [pid: 7|app: 0|req: 623/1380] 10.0.0.46 () {34 vars in 989 bytes} [Tue Jun 16 02:10:27 2026] GET /v2.0/ports?device_id=7d14b9e6-6839-4726-85cc-4696bde1b9f5 => generated 12 bytes in 14 msecs (HTTP/1.1 200) 4 headers in 156 bytes (1 switches on core 0)
2026-06-16 02:10:27.969 8 WARNING neutron.scheduler.dhcp_agent_scheduler [None req-c497b94f-6b00-4f26-80b5-0b14ccf41bfb 96a7070b485d44b08a8451e44901c5c7 824c3d35930a48cf810ab1e6f86d4525 - - default default] No more DHCP agents
2026-06-16 02:10:27.970 8 WARNING neutron.api.rpc.agentnotifiers.dhcp_rpc_agent_api [None req-c497b94f-6b00-4f26-80b5-0b14ccf41bfb 96a7070b485d44b08a8451e44901c5c7 824c3d35930a48cf810ab1e6f86d4525 - - default default] Unable to schedule network 3f010f2e-bac5-431f-8436-9b35072a30fa: no agents available; will retry on subsequent port and subnet creation events.
2026-06-16 02:10:28.010 8 INFO neutron.plugins.ml2.drivers.ovn.mech_driver.mech_driver [None req-c17ca699-803c-47a1-9230-cfed6dd9635e - - - - - -] OVN reports status down for port: 0c704f0e-f792-4170-98a4-a3e83a098306
2026-06-16 02:10:28.051 8 INFO neutron.db.ovn_revision_numbers_db [None req-c497b94f-6b00-4f26-80b5-0b14ccf41bfb 96a7070b485d44b08a8451e44901c5c7 824c3d35930a48cf810ab1e6f86d4525 - - default default] Successfully bumped revision number for resource 0c704f0e-f792-4170-98a4-a3e83a098306 (type: ports) to 1 [pid: 8|app: 0|req: 758/1381] 10.0.0.37 () {34 vars in 669 bytes} [Tue Jun 16 02:10:27 2026] POST /v2.0/networks => generated 667 bytes in 463 msecs (HTTP/1.1 201) 4 headers in 162 bytes (1 switches on core 0)
2026-06-16 02:10:28.236 7 INFO neutron.db.ovn_revision_numbers_db [None req-e23e3512-0ce4-42e0-8623-517ffad67463 96a7070b485d44b08a8451e44901c5c7 824c3d35930a48cf810ab1e6f86d4525 - - default default] Successfully bumped revision number for resource 3f010f2e-bac5-431f-8436-9b35072a30fa (type: networks) to 2 [pid: 7|app: 0|req: 624/1382] 10.0.0.37 () {34 vars in 742 bytes} [Tue Jun 16 02:10:28 2026] PUT /v2.0/networks/3f010f2e-bac5-431f-8436-9b35072a30fa => generated 636 bytes in 154 msecs (HTTP/1.1 200) 4 headers in 157 bytes (1 switches on core 0)
2026-06-16 02:10:28.409 8 WARNING neutron.scheduler.dhcp_agent_scheduler [None req-c379f2e3-b3d3-4852-985d-95de211afc12 96a7070b485d44b08a8451e44901c5c7 824c3d35930a48cf810ab1e6f86d4525 - - default default] No more DHCP agents
2026-06-16 02:10:28.413 8 WARNING neutron.api.rpc.agentnotifiers.dhcp_rpc_agent_api [None req-c379f2e3-b3d3-4852-985d-95de211afc12 96a7070b485d44b08a8451e44901c5c7 824c3d35930a48cf810ab1e6f86d4525 - - default default] Unable to schedule network 3f010f2e-bac5-431f-8436-9b35072a30fa: no agents available; will retry on subsequent port and subnet creation events.
2026-06-16 02:10:28.437 8 INFO neutron.db.ovn_revision_numbers_db [None req-c379f2e3-b3d3-4852-985d-95de211afc12 96a7070b485d44b08a8451e44901c5c7 824c3d35930a48cf810ab1e6f86d4525 - - default default] Successfully bumped revision number for resource 2e194b39-a19b-4f07-b494-dc3d8eb4cd6a (type: subnets) to 0 [pid: 8|app: 0|req: 759/1383] 10.0.0.37 () {34 vars in 668 bytes} [Tue Jun 16 02:10:28 2026] POST /v2.0/subnets => generated 646 bytes in 207 msecs (HTTP/1.1 201) 4 headers in 162 bytes (1 switches on core 0) [pid: 8|app: 0|req: 760/1384] 10.0.0.46 () {34 vars in 989 bytes} [Tue Jun 16 02:10:28 2026] GET /v2.0/ports?device_id=7d14b9e6-6839-4726-85cc-4696bde1b9f5 => generated 12 bytes in 23 msecs (HTTP/1.1 200) 4 headers in 156 bytes (1 switches on core 0)
2026-06-16 02:10:29.084 7 INFO neutron.db.ovn_revision_numbers_db [None req-ee587a59-e25f-4512-8bfe-7bf529cf757b - - - - - -] Successfully bumped revision number for resource 0c704f0e-f792-4170-98a4-a3e83a098306 (type: ports) to 2
2026-06-16 02:10:29.130 7 INFO neutron.db.ovn_revision_numbers_db [None req-ee587a59-e25f-4512-8bfe-7bf529cf757b - - - - - -] Successfully bumped revision number for resource 2e194b39-a19b-4f07-b494-dc3d8eb4cd6a (type: subnets) to 1 [pid: 7|app: 0|req: 625/1385] 10.0.0.37 () {34 vars in 740 bytes} [Tue Jun 16 02:10:28 2026] PUT /v2.0/subnets/2e194b39-a19b-4f07-b494-dc3d8eb4cd6a => generated 656 bytes in 677 msecs (HTTP/1.1 200) 4 headers in 157 bytes (1 switches on core 0)
2026-06-16 02:10:29.291 8 INFO neutron_taas.services.taas.taas_plugin [None req-20438a79-9ff6-44c3-83b1-6ccee0732d0f 96a7070b485d44b08a8451e44901c5c7 824c3d35930a48cf810ab1e6f86d4525 - - default default] TaaS: Handle Delete Port: 0c704f0e-f792-4170-98a4-a3e83a098306
2026-06-16 02:10:29.295 8 INFO neutron_taas.services.taas.tap_mirror_plugin [None req-20438a79-9ff6-44c3-83b1-6ccee0732d0f 96a7070b485d44b08a8451e44901c5c7 824c3d35930a48cf810ab1e6f86d4525 - - default default] Tap Mirror: Handle Delete Port: 0c704f0e-f792-4170-98a4-a3e83a098306
2026-06-16 02:10:29.573 8 INFO neutron.services.segments.plugin [-] Segment 0e386777-da6b-4d59-9602-07b045c3d03f resource provider aggregate not found
2026-06-16 02:10:29.577 8 INFO neutron.services.segments.plugin [-] Segment 0e386777-da6b-4d59-9602-07b045c3d03f resource provider aggregate not found
2026-06-16 02:10:29.601 8 INFO neutron.services.segments.plugin [-] Segment 0e386777-da6b-4d59-9602-07b045c3d03f resource provider not found; error: Placement Client Error (4xx): {"errors": [{"status": 404, "title": "Not Found", "detail": "The resource could not be found.\n\n No resource provider with uuid 0e386777-da6b-4d59-9602-07b045c3d03f found for delete ", "request_id": "req-d5453c6f-6661-4d12-8fdb-f6537f4ef0d3"}]}
2026-06-16 02:10:29.604 8 INFO neutron.services.segments.plugin [-] Segment 0e386777-da6b-4d59-9602-07b045c3d03f resource provider not found; error: Placement Client Error (4xx): {"errors": [{"status": 404, "title": "Not Found", "detail": "The resource could not be found.\n\n No resource provider with uuid 0e386777-da6b-4d59-9602-07b045c3d03f found for delete ", "request_id": "req-3067f7da-8e84-4ec9-a2f9-71b8e559babc"}]} [pid: 8|app: 0|req: 761/1386] 10.0.0.37 () {32 vars in 725 bytes} [Tue Jun 16 02:10:29 2026] DELETE /v2.0/networks/3f010f2e-bac5-431f-8436-9b35072a30fa => generated 0 bytes in 491 msecs (HTTP/1.1 204) 3 headers in 131 bytes (1 switches on core 0)
2026-06-16 02:10:29.645 7 INFO neutron.pecan_wsgi.hooks.translation [None req-15b82a79-0727-4b54-9009-b5a1b78cde25 96a7070b485d44b08a8451e44901c5c7 824c3d35930a48cf810ab1e6f86d4525 - - default default] DELETE failed (client error): The resource could not be found. [pid: 7|app: 0|req: 626/1387] 10.0.0.37 () {32 vars in 725 bytes} [Tue Jun 16 02:10:29 2026] DELETE /v2.0/networks/3f010f2e-bac5-431f-8436-9b35072a30fa => generated 138 bytes in 13 msecs (HTTP/1.1 404) 4 headers in 164 bytes (1 switches on core 0) [pid: 8|app: 0|req: 762/1388] 10.0.0.37 () {32 vars in 693 bytes} [Tue Jun 16 02:10:29 2026] GET /v2.0/networks?router%3Aexternal=True => generated 689 bytes in 67 msecs (HTTP/1.1 200) 4 headers in 157 bytes (1 switches on core 0) [pid: 7|app: 0|req: 627/1389] 10.0.0.37 () {32 vars in 741 bytes} [Tue Jun 16 02:10:29 2026] GET /v2.0/subnets?network_id=c55bc141-595b-4ffb-bfbf-1eb2c221f1a5 => generated 649 bytes in 43 msecs (HTTP/1.1 200) 4 headers in 157 bytes (1 switches on core 0) [pid: 8|app: 0|req: 763/1390] 10.0.0.37 () {32 vars in 652 bytes} [Tue Jun 16 02:10:29 2026] GET /v2.0/extensions => generated 20541 bytes in 9 msecs (HTTP/1.1 200) 4 headers in 159 bytes (1 switches on core 0) [pid: 7|app: 0|req: 628/1391] 10.0.0.37 () {32 vars in 648 bytes} [Tue Jun 16 02:10:29 2026] GET /v2.0/networks => generated 1389 bytes in 54 msecs (HTTP/1.1 200) 4 headers in 158 bytes (1 switches on core 0) [pid: 8|app: 0|req: 764/1392] 10.0.0.37 () {32 vars in 646 bytes} [Tue Jun 16 02:10:29 2026] GET /v2.0/subnets => generated 1312 bytes in 39 msecs (HTTP/1.1 200) 4 headers in 158 bytes (1 switches on core 0) [pid: 7|app: 0|req: 629/1393] 10.0.0.37 () {32 vars in 722 bytes} [Tue Jun 16 02:10:29 2026] GET /v2.0/networks/7988195a-ec52-4136-9b33-9bb055537565 => generated 711 bytes in 54 msecs (HTTP/1.1 200) 4 headers in 157 bytes (1 switches on core 0) [pid: 8|app: 0|req: 765/1394] 10.0.0.37 () {32 vars in 720 bytes} [Tue Jun 16 02:10:29 2026] GET /v2.0/subnets/03d64195-d0e2-489e-9ff0-2c06c70d8e9c => generated 673 bytes in 28 msecs (HTTP/1.1 200) 4 headers in 157 bytes (1 switches on core 0)
2026-06-16 02:10:30.005 8 INFO neutron.pecan_wsgi.hooks.translation [None req-26d9d510-5a39-4143-8ec7-6319135d2432 96a7070b485d44b08a8451e44901c5c7 824c3d35930a48cf810ab1e6f86d4525 - - default default] DELETE failed (client error): The resource could not be found. [pid: 8|app: 0|req: 766/1395] 10.0.0.37 () {32 vars in 723 bytes} [Tue Jun 16 02:10:29 2026] DELETE /v2.0/subnets/2e194b39-a19b-4f07-b494-dc3d8eb4cd6a => generated 136 bytes in 17 msecs (HTTP/1.1 404) 4 headers in 164 bytes (1 switches on core 0) [pid: 7|app: 0|req: 630/1396] 10.0.0.46 () {34 vars in 989 bytes} [Tue Jun 16 02:10:29 2026] GET /v2.0/ports?device_id=7d14b9e6-6839-4726-85cc-4696bde1b9f5 => generated 12 bytes in 22 msecs (HTTP/1.1 200) 4 headers in 156 bytes (1 switches on core 0)
2026-06-16 02:10:30.026 8 INFO neutron.pecan_wsgi.hooks.translation [None req-40c7709d-327e-4b9c-b950-9406c77d9a6c 96a7070b485d44b08a8451e44901c5c7 824c3d35930a48cf810ab1e6f86d4525 - - default default] DELETE failed (client error): The resource could not be found. [pid: 8|app: 0|req: 767/1397] 10.0.0.37 () {32 vars in 725 bytes} [Tue Jun 16 02:10:30 2026] DELETE /v2.0/networks/3f010f2e-bac5-431f-8436-9b35072a30fa => generated 138 bytes in 20 msecs (HTTP/1.1 404) 4 headers in 164 bytes (1 switches on core 0) [pid: 7|app: 0|req: 631/1398] 10.0.0.37 () {32 vars in 723 bytes} [Tue Jun 16 02:10:30 2026] DELETE /v2.0/subnets/03d64195-d0e2-489e-9ff0-2c06c70d8e9c => generated 0 bytes in 129 msecs (HTTP/1.1 204) 3 headers in 131 bytes (1 switches on core 0)
2026-06-16 02:10:30.263 8 INFO neutron_taas.services.taas.taas_plugin [None req-496aea74-e050-460f-b403-e927c27a4a8c 96a7070b485d44b08a8451e44901c5c7 824c3d35930a48cf810ab1e6f86d4525 - - default default] TaaS: Handle Delete Port: 76bd636e-5ff5-454b-95ea-0a5aad4a42a4
2026-06-16 02:10:30.265 8 INFO neutron_taas.services.taas.tap_mirror_plugin [None req-496aea74-e050-460f-b403-e927c27a4a8c 96a7070b485d44b08a8451e44901c5c7 824c3d35930a48cf810ab1e6f86d4525 - - default default] Tap Mirror: Handle Delete Port: 76bd636e-5ff5-454b-95ea-0a5aad4a42a4
2026-06-16 02:10:30.274 7 WARNING neutron.plugins.ml2.drivers.ovn.mech_driver.ovsdb.ovn_client [None req-d5e1b9a1-5f7f-475d-8765-1e2f0784eaac - - - - - -] No hosting information found for port cd87b259-d36c-4e5f-a3d4-4ebbd38c2615: RuntimeError: No hosting information found for port cd87b259-d36c-4e5f-a3d4-4ebbd38c2615
2026-06-16 02:10:30.356 7 INFO neutron.db.ovn_revision_numbers_db [None req-d5e1b9a1-5f7f-475d-8765-1e2f0784eaac - - - - - -] Successfully bumped revision number for resource cd87b259-d36c-4e5f-a3d4-4ebbd38c2615 (type: router_ports) to 2 [pid: 8|app: 0|req: 768/1399] 10.0.0.37 () {32 vars in 725 bytes} [Tue Jun 16 02:10:30 2026] DELETE /v2.0/networks/7988195a-ec52-4136-9b33-9bb055537565 => generated 0 bytes in 278 msecs (HTTP/1.1 204) 3 headers in 131 bytes (1 switches on core 0)
2026-06-16 02:10:30.827 7 INFO neutron.db.ovn_revision_numbers_db [None req-22a5589e-c367-4f69-a78f-0b22478b6fef 74214efb0f7546689f4a47b37b03142f ac29ae76204f4cf9a3eb528122af4d2c - - default default] Successfully bumped revision number for resource 627eacad-d9af-4ed1-a048-3cff08c99373 (type: security_groups) to 1
2026-06-16 02:10:30.837 7 INFO neutron.db.ovn_revision_numbers_db [None req-22a5589e-c367-4f69-a78f-0b22478b6fef 74214efb0f7546689f4a47b37b03142f ac29ae76204f4cf9a3eb528122af4d2c - - default default] Successfully bumped revision number for resource 50e03642-56ad-4262-98d6-37de5f9a769e (type: security_group_rules) to 0
2026-06-16 02:10:30.849 7 INFO neutron.db.ovn_revision_numbers_db [None req-22a5589e-c367-4f69-a78f-0b22478b6fef 74214efb0f7546689f4a47b37b03142f ac29ae76204f4cf9a3eb528122af4d2c - - default default] Successfully bumped revision number for resource 7f271854-134f-41f5-9178-c3a8ea53efa1 (type: security_group_rules) to 0
