2026-06-16 02:12:16.978 8 WARNING neutron.api.rpc.agentnotifiers.dhcp_rpc_agent_api [None req-abc97974-bf39-4163-9e59-d4b501a66728 bdf806faedab42f38dd1cc7d3a8fbfb2 d1763b3ae91e408b96ac476731bd7148 - - default default] Unable to schedule network c55bc141-595b-4ffb-bfbf-1eb2c221f1a5: no agents available; will retry on subsequent port and subnet creation events. [pid: 7|app: 0|req: 981/2273] 10.0.0.37 () {32 vars in 721 bytes} [Tue Jun 16 02:12:16 2026] DELETE /v2.0/trunks/b9d5621b-2cb4-4844-a2d6-67e6b6340894 => generated 0 bytes in 168 msecs (HTTP/1.1 204) 2 headers in 112 bytes (1 switches on core 0) [pid: 7|app: 0|req: 982/2274] 10.0.0.155 () {28 vars in 585 bytes} [Tue Jun 16 02:12:17 2026] GET /v2.0/networks => generated 7601 bytes in 154 msecs (HTTP/1.1 200) 4 headers in 158 bytes (1 switches on core 0) [pid: 8|app: 0|req: 1293/2275] 10.0.0.37 () {34 vars in 675 bytes} [Tue Jun 16 02:12:16 2026] POST /v2.0/floatingips => generated 552 bytes in 496 msecs (HTTP/1.1 201) 4 headers in 162 bytes (1 switches on core 0) [pid: 8|app: 0|req: 1294/2276] 10.0.0.37 () {32 vars in 718 bytes} [Tue Jun 16 02:12:17 2026] GET /v2.0/trunks/be076cfe-6149-4cd4-b3ad-2595f683d2d2 => generated 416 bytes in 13 msecs (HTTP/1.1 200) 4 headers in 157 bytes (1 switches on core 0) [pid: 8|app: 0|req: 1295/2277] 10.0.0.155 () {28 vars in 583 bytes} [Tue Jun 16 02:12:17 2026] GET /v2.0/routers => generated 1935 bytes in 72 msecs (HTTP/1.1 200) 4 headers in 158 bytes (1 switches on core 0)
2026-06-16 02:12:17.543 8 WARNING neutron.scheduler.dhcp_agent_scheduler [None req-f3125505-e778-4d68-a8cf-cbc5d10b7ce3 bdf806faedab42f38dd1cc7d3a8fbfb2 d1763b3ae91e408b96ac476731bd7148 - - default default] No more DHCP agents
2026-06-16 02:12:17.544 8 WARNING neutron.api.rpc.agentnotifiers.dhcp_rpc_agent_api [None req-f3125505-e778-4d68-a8cf-cbc5d10b7ce3 bdf806faedab42f38dd1cc7d3a8fbfb2 d1763b3ae91e408b96ac476731bd7148 - - default default] Unable to schedule network c55bc141-595b-4ffb-bfbf-1eb2c221f1a5: no agents available; will retry on subsequent port and subnet creation events. [pid: 8|app: 0|req: 1296/2278] 10.0.0.37 () {34 vars in 675 bytes} [Tue Jun 16 02:12:17 2026] POST /v2.0/floatingips => generated 552 bytes in 485 msecs (HTTP/1.1 201) 4 headers in 162 bytes (1 switches on core 0) [pid: 8|app: 0|req: 1297/2279] 10.0.0.37 () {32 vars in 716 bytes} [Tue Jun 16 02:12:17 2026] GET /v2.0/ports/743674dd-3a49-4989-8e5b-5af847df375d => generated 826 bytes in 82 msecs (HTTP/1.1 200) 4 headers in 157 bytes (1 switches on core 0)
2026-06-16 02:12:17.910 8 WARNING neutron.plugins.ml2.drivers.ovn.mech_driver.ovsdb.ovn_client [None req-89a79892-c053-4928-b243-5d549e8c65f7 - - - - - -] No hosting information found for port 0c1dc089-ff12-49ed-9fae-7c1d5329d477: RuntimeError: No hosting information found for port 0c1dc089-ff12-49ed-9fae-7c1d5329d477 [pid: 8|app: 0|req: 1298/2280] 10.0.0.155 () {28 vars in 624 bytes} [Tue Jun 16 02:12:17 2026] GET /v2.0/agents?binary=ovn-controller => generated 416 bytes in 31 msecs (HTTP/1.1 200) 4 headers in 157 bytes (1 switches on core 0)
2026-06-16 02:12:17.965 7 WARNING neutron.scheduler.dhcp_agent_scheduler [None req-6e4b1593-8abe-4949-9187-fae8ebcd532a 74214efb0f7546689f4a47b37b03142f ac29ae76204f4cf9a3eb528122af4d2c - - default default] No more DHCP agents
2026-06-16 02:12:17.968 7 WARNING neutron.api.rpc.agentnotifiers.dhcp_rpc_agent_api [None req-6e4b1593-8abe-4949-9187-fae8ebcd532a 74214efb0f7546689f4a47b37b03142f ac29ae76204f4cf9a3eb528122af4d2c - - default default] Unable to schedule network 8eeb433e-9d9b-4d64-b5b6-9102b66a60d7: no agents available; will retry on subsequent port and subnet creation events.
2026-06-16 02:12:18.062 8 INFO neutron.db.ovn_revision_numbers_db [None req-89a79892-c053-4928-b243-5d549e8c65f7 - - - - - -] Successfully bumped revision number for resource 0c1dc089-ff12-49ed-9fae-7c1d5329d477 (type: router_ports) to 2
2026-06-16 02:12:18.170 8 INFO neutron.plugins.ml2.drivers.ovn.mech_driver.mech_driver [None req-89a79892-c053-4928-b243-5d549e8c65f7 - - - - - -] OVN reports status down for port: dd63c99b-7296-4c6f-9364-215e68df21f9
2026-06-16 02:12:18.202 7 INFO neutron.db.ovn_revision_numbers_db [None req-808fe5b3-4094-4ac5-a46f-cd7beeb89d13 - - - - - -] Successfully bumped revision number for resource 12e3827f-b545-4351-a3ee-7111a53506d3 (type: ports) to 4
2026-06-16 02:12:18.210 7 INFO neutron.db.ovn_revision_numbers_db [None req-6e4b1593-8abe-4949-9187-fae8ebcd532a 74214efb0f7546689f4a47b37b03142f ac29ae76204f4cf9a3eb528122af4d2c - - default default] Successfully bumped revision number for resource dd63c99b-7296-4c6f-9364-215e68df21f9 (type: ports) to 1
2026-06-16 02:12:18.300 8 WARNING neutron.scheduler.dhcp_agent_scheduler [None req-296e60fe-46e0-4608-9a15-1a25a1a9cf14 bdf806faedab42f38dd1cc7d3a8fbfb2 d1763b3ae91e408b96ac476731bd7148 - - default default] No more DHCP agents
2026-06-16 02:12:18.301 8 WARNING neutron.api.rpc.agentnotifiers.dhcp_rpc_agent_api [None req-296e60fe-46e0-4608-9a15-1a25a1a9cf14 bdf806faedab42f38dd1cc7d3a8fbfb2 d1763b3ae91e408b96ac476731bd7148 - - default default] Unable to schedule network c55bc141-595b-4ffb-bfbf-1eb2c221f1a5: no agents available; will retry on subsequent port and subnet creation events. [pid: 8|app: 0|req: 1301/2283] 10.0.0.37 () {34 vars in 675 bytes} [Tue Jun 16 02:12:17 2026] POST /v2.0/floatingips => generated 552 bytes in 655 msecs (HTTP/1.1 201) 4 headers in 162 bytes (1 switches on core 0) [pid: 8|app: 0|req: 1302/2284] 10.0.0.37 () {32 vars in 721 bytes} [Tue Jun 16 02:12:18 2026] DELETE /v2.0/trunks/be076cfe-6149-4cd4-b3ad-2595f683d2d2 => generated 0 bytes in 66 msecs (HTTP/1.1 204) 2 headers in 112 bytes (1 switches on core 0) [pid: 8|app: 0|req: 1303/2285] 10.0.0.155 () {28 vars in 581 bytes} [Tue Jun 16 02:12:18 2026] GET /v2.0/agents => generated 1214 bytes in 11 msecs (HTTP/1.1 200) 4 headers in 158 bytes (1 switches on core 0)
2026-06-16 02:12:18.782 7 INFO neutron.db.ovn_revision_numbers_db [None req-808fe5b3-4094-4ac5-a46f-cd7beeb89d13 - - - - - -] Successfully bumped revision number for resource 12e3827f-b545-4351-a3ee-7111a53506d3 (type: ports) to 5
2026-06-16 02:12:18.950 8 INFO neutron.db.ovn_revision_numbers_db [None req-71dd4532-e5f6-4882-a72b-a495b2a10a0b 4d1159f7cb9d46219a5139ca9ad3a2d9 2b7c38f5355646c89effdd0a3f300a96 - - default default] Successfully bumped revision number for resource 230dbffb-1c57-4cc8-9327-20098715077f (type: security_groups) to 1
2026-06-16 02:12:18.960 8 INFO neutron.db.ovn_revision_numbers_db [None req-71dd4532-e5f6-4882-a72b-a495b2a10a0b 4d1159f7cb9d46219a5139ca9ad3a2d9 2b7c38f5355646c89effdd0a3f300a96 - - default default] Successfully bumped revision number for resource 40e8cb17-2cf7-4020-a95d-098124326a4e (type: security_group_rules) to 0
2026-06-16 02:12:18.972 8 INFO neutron.db.ovn_revision_numbers_db [None req-71dd4532-e5f6-4882-a72b-a495b2a10a0b 4d1159f7cb9d46219a5139ca9ad3a2d9 2b7c38f5355646c89effdd0a3f300a96 - - default default] Successfully bumped revision number for resource 86ba5a4e-cb53-43fa-a52a-d0a48f0984f2 (type: security_group_rules) to 0
2026-06-16 02:12:18.984 8 INFO neutron.db.ovn_revision_numbers_db [None req-71dd4532-e5f6-4882-a72b-a495b2a10a0b 4d1159f7cb9d46219a5139ca9ad3a2d9 2b7c38f5355646c89effdd0a3f300a96 - - default default] Successfully bumped revision number for resource bd549e0c-5bc6-4bfe-a5af-1d5565b28f1a (type: security_group_rules) to 0
2026-06-16 02:12:19.000 8 INFO neutron.db.ovn_revision_numbers_db [None req-71dd4532-e5f6-4882-a72b-a495b2a10a0b 4d1159f7cb9d46219a5139ca9ad3a2d9 2b7c38f5355646c89effdd0a3f300a96 - - default default] Successfully bumped revision number for resource ccff0e83-3d05-4760-8857-735a838ca3f8 (type: security_group_rules) to 0
2026-06-16 02:12:19.079 8 INFO neutron.db.segments_db [None req-71dd4532-e5f6-4882-a72b-a495b2a10a0b 4d1159f7cb9d46219a5139ca9ad3a2d9 2b7c38f5355646c89effdd0a3f300a96 - - default default] Added segment 9e62dc88-7fcd-4e32-b5ed-fe2c4569067e of type geneve for network e0d66cbd-6a38-441a-ba3d-295e951f0873
2026-06-16 02:12:19.127 8 INFO neutron.plugins.ml2.drivers.ovn.mech_driver.mech_driver [None req-89a79892-c053-4928-b243-5d549e8c65f7 - - - - - -] OVN reports status up for port: dd63c99b-7296-4c6f-9364-215e68df21f9
2026-06-16 02:12:19.155 8 INFO neutron.plugins.ml2.plugin [None req-89a79892-c053-4928-b243-5d549e8c65f7 - - - - - -] Attempt 1 to provision port dd63c99b-7296-4c6f-9364-215e68df21f9
2026-06-16 02:12:19.158 7 INFO neutron.plugins.ml2.plugin [None req-6e4b1593-8abe-4949-9187-fae8ebcd532a 74214efb0f7546689f4a47b37b03142f ac29ae76204f4cf9a3eb528122af4d2c - - default default] Attempt 1 to provision port dd63c99b-7296-4c6f-9364-215e68df21f9
2026-06-16 02:12:19.235 7 WARNING neutron.scheduler.dhcp_agent_scheduler [None req-6e4b1593-8abe-4949-9187-fae8ebcd532a 74214efb0f7546689f4a47b37b03142f ac29ae76204f4cf9a3eb528122af4d2c - - default default] No more DHCP agents
2026-06-16 02:12:19.236 7 WARNING neutron.api.rpc.agentnotifiers.dhcp_rpc_agent_api [None req-6e4b1593-8abe-4949-9187-fae8ebcd532a 74214efb0f7546689f4a47b37b03142f ac29ae76204f4cf9a3eb528122af4d2c - - default default] Unable to schedule network 8eeb433e-9d9b-4d64-b5b6-9102b66a60d7: no agents available; will retry on subsequent port and subnet creation events.
2026-06-16 02:12:19.247 8 INFO neutron.db.ovn_revision_numbers_db [None req-71dd4532-e5f6-4882-a72b-a495b2a10a0b 4d1159f7cb9d46219a5139ca9ad3a2d9 2b7c38f5355646c89effdd0a3f300a96 - - default default] Successfully bumped revision number for resource e0d66cbd-6a38-441a-ba3d-295e951f0873 (type: networks) to 1
2026-06-16 02:12:19.535 8 WARNING neutron.scheduler.dhcp_agent_scheduler [None req-71dd4532-e5f6-4882-a72b-a495b2a10a0b 4d1159f7cb9d46219a5139ca9ad3a2d9 2b7c38f5355646c89effdd0a3f300a96 - - default default] No more DHCP agents
2026-06-16 02:12:19.546 8 WARNING neutron.api.rpc.agentnotifiers.dhcp_rpc_agent_api [None req-71dd4532-e5f6-4882-a72b-a495b2a10a0b 4d1159f7cb9d46219a5139ca9ad3a2d9 2b7c38f5355646c89effdd0a3f300a96 - - default default] Unable to schedule network e0d66cbd-6a38-441a-ba3d-295e951f0873: no agents available; will retry on subsequent port and subnet creation events.
2026-06-16 02:12:19.634 7 INFO neutron.plugins.ml2.drivers.ovn.mech_driver.mech_driver [None req-aeadd098-496c-4428-afaa-4b719f0d493a - - - - - -] OVN reports status down for port: deaeb2ae-546c-4369-9e5b-289bf08dd491
2026-06-16 02:12:19.716 8 INFO neutron.db.ovn_revision_numbers_db [None req-71dd4532-e5f6-4882-a72b-a495b2a10a0b 4d1159f7cb9d46219a5139ca9ad3a2d9 2b7c38f5355646c89effdd0a3f300a96 - - default default] Successfully bumped revision number for resource deaeb2ae-546c-4369-9e5b-289bf08dd491 (type: ports) to 1
2026-06-16 02:12:19.749 7 INFO neutron.db.ovn_revision_numbers_db [None req-6e4b1593-8abe-4949-9187-fae8ebcd532a 74214efb0f7546689f4a47b37b03142f ac29ae76204f4cf9a3eb528122af4d2c - - default default] Successfully bumped revision number for resource dd63c99b-7296-4c6f-9364-215e68df21f9 (type: router_ports) to 1
2026-06-16 02:12:19.749 8 INFO neutron.db.ovn_revision_numbers_db [None req-89a79892-c053-4928-b243-5d549e8c65f7 - - - - - -] Successfully bumped revision number for resource dd63c99b-7296-4c6f-9364-215e68df21f9 (type: ports) to 2 [pid: 7|app: 0|req: 983/2286] 10.0.0.37 () {34 vars in 782 bytes} [Tue Jun 16 02:12:17 2026] PUT /v2.0/routers/44f3517b-9856-40e2-816b-3d7476f8f601/add_router_interface => generated 309 bytes in 2573 msecs (HTTP/1.1 200) 4 headers in 157 bytes (1 switches on core 0) [pid: 7|app: 0|req: 984/2287] 10.0.0.37 () {34 vars in 758 bytes} [Tue Jun 16 02:12:19 2026] PUT /v2.0/floatingips/dd3ed524-0be2-47f7-b2e9-4783c8fc9ee5/tags => generated 17 bytes in 64 msecs (HTTP/1.1 200) 4 headers in 156 bytes (1 switches on core 0) [pid: 8|app: 0|req: 1304/2288] 10.0.0.37 () {34 vars in 669 bytes} [Tue Jun 16 02:12:18 2026] POST /v2.0/networks => generated 651 bytes in 1153 msecs (HTTP/1.1 201) 4 headers in 162 bytes (1 switches on core 0) [pid: 7|app: 0|req: 985/2289] 10.0.0.37 () {32 vars in 718 bytes} [Tue Jun 16 02:12:19 2026] GET /v2.0/trunks/6a334b42-d5e8-456a-a1b2-6fb6789958a8 => generated 409 bytes in 12 msecs (HTTP/1.1 200) 4 headers in 157 bytes (1 switches on core 0) [pid: 7|app: 0|req: 986/2290] 10.0.0.37 () {34 vars in 758 bytes} [Tue Jun 16 02:12:19 2026] PUT /v2.0/floatingips/4e498cf0-17c8-435f-8ed4-410e3a5672a0/tags => generated 25 bytes in 41 msecs (HTTP/1.1 200) 4 headers in 156 bytes (1 switches on core 0) [pid: 8|app: 0|req: 1305/2291] 10.0.0.155 () {28 vars in 579 bytes} [Tue Jun 16 02:12:19 2026] GET /v2.0/ports => generated 26201 bytes in 198 msecs (HTTP/1.1 200) 4 headers in 159 bytes (1 switches on core 0)
2026-06-16 02:12:20.070 7 WARNING neutron.scheduler.dhcp_agent_scheduler [None req-4aa4d186-c70f-424f-89d2-07fb8fea274a 4d1159f7cb9d46219a5139ca9ad3a2d9 2b7c38f5355646c89effdd0a3f300a96 - - default default] No more DHCP agents
2026-06-16 02:12:20.071 7 WARNING neutron.api.rpc.agentnotifiers.dhcp_rpc_agent_api [None req-4aa4d186-c70f-424f-89d2-07fb8fea274a 4d1159f7cb9d46219a5139ca9ad3a2d9 2b7c38f5355646c89effdd0a3f300a96 - - default default] Unable to schedule network e0d66cbd-6a38-441a-ba3d-295e951f0873: no agents available; will retry on subsequent port and subnet creation events. [pid: 8|app: 0|req: 1306/2292] 10.0.0.37 () {32 vars in 716 bytes} [Tue Jun 16 02:12:20 2026] GET /v2.0/ports/998f3114-777e-40b0-beb2-fc86e9bdfd62 => generated 826 bytes in 62 msecs (HTTP/1.1 200) 4 headers in 157 bytes (1 switches on core 0)
2026-06-16 02:12:20.145 7 INFO neutron.db.ovn_revision_numbers_db [None req-4aa4d186-c70f-424f-89d2-07fb8fea274a 4d1159f7cb9d46219a5139ca9ad3a2d9 2b7c38f5355646c89effdd0a3f300a96 - - default default] Successfully bumped revision number for resource 860299ed-0434-4586-8ef5-ed50ea7fc5e4 (type: ports) to 1 [pid: 8|app: 0|req: 1307/2293] 10.0.0.37 () {34 vars in 758 bytes} [Tue Jun 16 02:12:20 2026] PUT /v2.0/floatingips/b13018cc-94eb-49aa-a6ce-09a5b74321ee/tags => generated 34 bytes in 78 msecs (HTTP/1.1 200) 4 headers in 156 bytes (1 switches on core 0) [pid: 7|app: 0|req: 987/2294] 10.0.0.37 () {34 vars in 663 bytes} [Tue Jun 16 02:12:19 2026] POST /v2.0/ports => generated 743 bytes in 315 msecs (HTTP/1.1 201) 4 headers in 162 bytes (1 switches on core 0) /var/lib/openstack/lib/python3.12/site-packages/pycadf/identifier.py:70: UserWarning: Invalid uuid: neutron. To ensure interoperability, identifiers should be a valid uuid. warnings.warn(('Invalid uuid: %s. To ensure interoperability, ' [pid: 8|app: 0|req: 1308/2295] 10.0.0.155 () {28 vars in 591 bytes} [Tue Jun 16 02:12:20 2026] GET /v2.0/floatingips => generated 2747 bytes in 22 msecs (HTTP/1.1 200) 4 headers in 158 bytes (1 switches on core 0) [pid: 8|app: 0|req: 1309/2296] 10.0.0.37 () {34 vars in 758 bytes} [Tue Jun 16 02:12:20 2026] PUT /v2.0/floatingips/79ed7044-2d45-41b3-b315-4662b13c9a96/tags => generated 19 bytes in 39 msecs (HTTP/1.1 200) 4 headers in 156 bytes (1 switches on core 0) [pid: 7|app: 0|req: 988/2297] 10.0.0.37 () {32 vars in 721 bytes} [Tue Jun 16 02:12:20 2026] DELETE /v2.0/trunks/6a334b42-d5e8-456a-a1b2-6fb6789958a8 => generated 0 bytes in 51 msecs (HTTP/1.1 204) 2 headers in 112 bytes (1 switches on core 0) [pid: 7|app: 0|req: 989/2298] 10.0.0.155 () {28 vars in 599 bytes} [Tue Jun 16 02:12:20 2026] GET /v2.0/security-groups => generated 29009 bytes in 38 msecs (HTTP/1.1 200) 4 headers in 159 bytes (1 switches on core 0) [pid: 7|app: 0|req: 990/2299] 10.0.0.37 () {32 vars in 671 bytes} [Tue Jun 16 02:12:20 2026] GET /v2.0/floatingips?tags=red => generated 1671 bytes in 40 msecs (HTTP/1.1 200) 4 headers in 158 bytes (1 switches on core 0)
2026-06-16 02:12:20.435 7 INFO neutron_taas.services.taas.taas_plugin [None req-92e0ff00-878a-49b9-9d8a-e5c26f9a1883 2ced68cd25954074ad56b2be03be63e6 2463a311332a459e9e16756b32974772 - - default default] TaaS: Handle Delete Port: 0c6b44d9-dc6c-4145-b943-3b0f81033c09
2026-06-16 02:12:20.438 7 INFO neutron_taas.services.taas.tap_mirror_plugin [None req-92e0ff00-878a-49b9-9d8a-e5c26f9a1883 2ced68cd25954074ad56b2be03be63e6 2463a311332a459e9e16756b32974772 - - default default] Tap Mirror: Handle Delete Port: 0c6b44d9-dc6c-4145-b943-3b0f81033c09 [pid: 7|app: 0|req: 991/2300] 10.0.0.37 () {32 vars in 719 bytes} [Tue Jun 16 02:12:20 2026] DELETE /v2.0/ports/0c6b44d9-dc6c-4145-b943-3b0f81033c09 => generated 0 bytes in 214 msecs (HTTP/1.1 204) 3 headers in 131 bytes (1 switches on core 0) [pid: 7|app: 0|req: 992/2301] 10.0.0.155 () {28 vars in 583 bytes} [Tue Jun 16 02:12:20 2026] GET /v2.0/subnets => generated 2662 bytes in 42 msecs (HTTP/1.1 200) 4 headers in 158 bytes (1 switches on core 0)
2026-06-16 02:12:20.720 7 INFO neutron.db.ovn_revision_numbers_db [None req-dcf354f0-1114-4aac-aca3-ac5d23545533 08a00ca2aa6b4035b35401adb484a190 37d6f8c788464d5abf0b73bc1f32b908 - - default default] Successfully bumped revision number for resource 423bfb8b-b459-4301-bf92-564346c31967 (type: security_groups) to 1
2026-06-16 02:12:20.733 7 INFO neutron.db.ovn_revision_numbers_db [None req-dcf354f0-1114-4aac-aca3-ac5d23545533 08a00ca2aa6b4035b35401adb484a190 37d6f8c788464d5abf0b73bc1f32b908 - - default default] Successfully bumped revision number for resource 2bf98cfa-1a0e-4bd0-ba68-db5f0776ebea (type: security_group_rules) to 0
2026-06-16 02:12:20.747 7 INFO neutron.db.ovn_revision_numbers_db [None req-dcf354f0-1114-4aac-aca3-ac5d23545533 08a00ca2aa6b4035b35401adb484a190 37d6f8c788464d5abf0b73bc1f32b908 - - default default] Successfully bumped revision number for resource b4a80bb0-672b-4897-81fd-bf9bdeeba811 (type: security_group_rules) to 0 [pid: 7|app: 0|req: 993/2302] 10.0.0.37 () {34 vars in 684 bytes} [Tue Jun 16 02:12:20 2026] POST /v2.0/security-groups => generated 1673 bytes in 200 msecs (HTTP/1.1 201) 4 headers in 163 bytes (1 switches on core 0)
2026-06-16 02:12:20.799 8 INFO neutron.db.segments_db [None req-5bcadc80-0616-4658-aa6a-a124c08f9159 4d1159f7cb9d46219a5139ca9ad3a2d9 2b7c38f5355646c89effdd0a3f300a96 - - default default] Added segment b75616a0-fe62-43f2-816c-a476de384b57 of type geneve for network 442a9021-5f01-45cb-b867-987948ab3db4 [pid: 7|app: 0|req: 994/2303] 10.0.0.37 () {32 vars in 685 bytes} [Tue Jun 16 02:12:20 2026] GET /v2.0/floatingips?tags=red%2Cblue => generated 1128 bytes in 48 msecs (HTTP/1.1 200) 4 headers in 158 bytes (1 switches on core 0)
2026-06-16 02:12:20.906 8 INFO neutron.db.ovn_revision_numbers_db [None req-5bcadc80-0616-4658-aa6a-a124c08f9159 4d1159f7cb9d46219a5139ca9ad3a2d9 2b7c38f5355646c89effdd0a3f300a96 - - default default] Successfully bumped revision number for resource 442a9021-5f01-45cb-b867-987948ab3db4 (type: networks) to 1
2026-06-16 02:12:20.998 7 INFO neutron_taas.services.taas.taas_plugin [None req-a230ff1e-ce4b-4b1d-b514-e82312eda5f7 2ced68cd25954074ad56b2be03be63e6 2463a311332a459e9e16756b32974772 - - default default] TaaS: Handle Delete Port: f22f05e5-d73a-4e97-b182-625f37ce7de7
2026-06-16 02:12:21.002 7 INFO neutron_taas.services.taas.tap_mirror_plugin [None req-a230ff1e-ce4b-4b1d-b514-e82312eda5f7 2ced68cd25954074ad56b2be03be63e6 2463a311332a459e9e16756b32974772 - - default default] Tap Mirror: Handle Delete Port: f22f05e5-d73a-4e97-b182-625f37ce7de7
2026-06-16 02:12:21.056 8 WARNING neutron.scheduler.dhcp_agent_scheduler [None req-5bcadc80-0616-4658-aa6a-a124c08f9159 4d1159f7cb9d46219a5139ca9ad3a2d9 2b7c38f5355646c89effdd0a3f300a96 - - default default] No more DHCP agents
2026-06-16 02:12:21.057 8 WARNING neutron.api.rpc.agentnotifiers.dhcp_rpc_agent_api [None req-5bcadc80-0616-4658-aa6a-a124c08f9159 4d1159f7cb9d46219a5139ca9ad3a2d9 2b7c38f5355646c89effdd0a3f300a96 - - default default] Unable to schedule network 442a9021-5f01-45cb-b867-987948ab3db4: no agents available; will retry on subsequent port and subnet creation events.
2026-06-16 02:12:21.096 7 INFO neutron.plugins.ml2.drivers.ovn.mech_driver.mech_driver [None req-aeadd098-496c-4428-afaa-4b719f0d493a - - - - - -] OVN reports status down for port: c63bcf54-dba7-4913-a05c-3457e25a15ef
2026-06-16 02:12:21.128 8 INFO neutron.db.ovn_revision_numbers_db [None req-5bcadc80-0616-4658-aa6a-a124c08f9159 4d1159f7cb9d46219a5139ca9ad3a2d9 2b7c38f5355646c89effdd0a3f300a96 - - default default] Successfully bumped revision number for resource c63bcf54-dba7-4913-a05c-3457e25a15ef (type: ports) to 1 [pid: 7|app: 0|req: 995/2304] 10.0.0.37 () {32 vars in 719 bytes} [Tue Jun 16 02:12:20 2026] DELETE /v2.0/ports/f22f05e5-d73a-4e97-b182-625f37ce7de7 => generated 0 bytes in 315 msecs (HTTP/1.1 204) 3 headers in 131 bytes (1 switches on core 0) [pid: 8|app: 0|req: 1310/2305] 10.0.0.37 () {34 vars in 669 bytes} [Tue Jun 16 02:12:20 2026] POST /v2.0/networks => generated 651 bytes in 916 msecs (HTTP/1.1 201) 4 headers in 162 bytes (1 switches on core 0) [pid: 7|app: 0|req: 996/2306] 10.0.0.155 () {28 vars in 583 bytes} [Tue Jun 16 02:12:21 2026] GET /v2.0/subnets => generated 2662 bytes in 57 msecs (HTTP/1.1 200) 4 headers in 158 bytes (1 switches on core 0) [pid: 7|app: 0|req: 997/2307] 10.0.0.37 () {32 vars in 681 bytes} [Tue Jun 16 02:12:21 2026] GET /v2.0/floatingips?tags-any=blue => generated 1128 bytes in 70 msecs (HTTP/1.1 200) 4 headers in 158 bytes (1 switches on core 0)
2026-06-16 02:12:21.281 8 INFO neutron.db.ovn_revision_numbers_db [None req-b78a180b-6f45-47af-bdb9-5efe6e67e1f1 08a00ca2aa6b4035b35401adb484a190 37d6f8c788464d5abf0b73bc1f32b908 - - default default] Successfully bumped revision number for resource c637565a-122b-4178-889b-bb2655ebf159 (type: security_group_rules) to 0 [pid: 8|app: 0|req: 1311/2308] 10.0.0.37 () {34 vars in 694 bytes} [Tue Jun 16 02:12:21 2026] POST /v2.0/security-group-rules => generated 597 bytes in 177 msecs (HTTP/1.1 201) 4 headers in 162 bytes (1 switches on core 0)
2026-06-16 02:12:21.421 7 INFO neutron_taas.services.taas.taas_plugin [None req-81b8f674-e22b-4cb3-b035-c7b51ba70c0c 2ced68cd25954074ad56b2be03be63e6 2463a311332a459e9e16756b32974772 - - default default] TaaS: Handle Delete Port: 6318f5af-908e-4c18-9785-3434a91124fb
2026-06-16 02:12:21.425 7 INFO neutron_taas.services.taas.tap_mirror_plugin [None req-81b8f674-e22b-4cb3-b035-c7b51ba70c0c 2ced68cd25954074ad56b2be03be63e6 2463a311332a459e9e16756b32974772 - - default default] Tap Mirror: Handle Delete Port: 6318f5af-908e-4c18-9785-3434a91124fb [pid: 7|app: 0|req: 998/2309] 10.0.0.37 () {32 vars in 719 bytes} [Tue Jun 16 02:12:21 2026] DELETE /v2.0/ports/6318f5af-908e-4c18-9785-3434a91124fb => generated 0 bytes in 267 msecs (HTTP/1.1 204) 3 headers in 131 bytes (1 switches on core 0) [pid: 7|app: 0|req: 999/2310] 10.0.0.155 () {28 vars in 591 bytes} [Tue Jun 16 02:12:21 2026] GET /v2.0/subnetpools => generated 19 bytes in 18 msecs (HTTP/1.1 200) 4 headers in 156 bytes (1 switches on core 0)
2026-06-16 02:12:21.569 8 WARNING neutron.scheduler.dhcp_agent_scheduler [None req-76edb784-2c34-4759-9c23-62fe7b71ff61 4d1159f7cb9d46219a5139ca9ad3a2d9 2b7c38f5355646c89effdd0a3f300a96 - - default default] No more DHCP agents
2026-06-16 02:12:21.570 8 WARNING neutron.api.rpc.agentnotifiers.dhcp_rpc_agent_api [None req-76edb784-2c34-4759-9c23-62fe7b71ff61 4d1159f7cb9d46219a5139ca9ad3a2d9 2b7c38f5355646c89effdd0a3f300a96 - - default default] Unable to schedule network 442a9021-5f01-45cb-b867-987948ab3db4: no agents available; will retry on subsequent port and subnet creation events. [pid: 7|app: 0|req: 1000/2311] 10.0.0.37 () {32 vars in 693 bytes} [Tue Jun 16 02:12:21 2026] GET /v2.0/floatingips?tags-any=red%2Cblue => generated 1671 bytes in 38 msecs (HTTP/1.1 200) 4 headers in 158 bytes (1 switches on core 0)
2026-06-16 02:12:21.623 7 INFO neutron.plugins.ml2.drivers.ovn.mech_driver.mech_driver [None req-aeadd098-496c-4428-afaa-4b719f0d493a - - - - - -] OVN reports status down for port: c1cad1d1-60c1-44fd-b591-f5fdbe1246fa
2026-06-16 02:12:21.656 8 INFO neutron.db.ovn_revision_numbers_db [None req-76edb784-2c34-4759-9c23-62fe7b71ff61 4d1159f7cb9d46219a5139ca9ad3a2d9 2b7c38f5355646c89effdd0a3f300a96 - - default default] Successfully bumped revision number for resource c1cad1d1-60c1-44fd-b591-f5fdbe1246fa (type: ports) to 1 [pid: 8|app: 0|req: 1312/2312] 10.0.0.37 () {34 vars in 663 bytes} [Tue Jun 16 02:12:21 2026] POST /v2.0/ports => generated 743 bytes in 379 msecs (HTTP/1.1 201) 4 headers in 162 bytes (1 switches on core 0) /var/lib/openstack/lib/python3.12/site-packages/pycadf/identifier.py:70: UserWarning: Invalid uuid: neutron. To ensure interoperability, identifiers should be a valid uuid. warnings.warn(('Invalid uuid: %s. To ensure interoperability, '
2026-06-16 02:12:21.788 7 INFO neutron.db.ovn_revision_numbers_db [None req-b45988e9-76e3-4b0f-b31a-f7a77238463b 08a00ca2aa6b4035b35401adb484a190 37d6f8c788464d5abf0b73bc1f32b908 - - default default] Successfully bumped revision number for resource c703d7df-b800-405f-8b2f-793d7ed8a030 (type: security_group_rules) to 0 [pid: 7|app: 0|req: 1001/2313] 10.0.0.37 () {34 vars in 694 bytes} [Tue Jun 16 02:12:21 2026] POST /v2.0/security-group-rules => generated 596 bytes in 220 msecs (HTTP/1.1 201) 4 headers in 162 bytes (1 switches on core 0)
2026-06-16 02:12:21.828 8 INFO neutron_taas.services.taas.taas_plugin [None req-efb0bc8c-41a7-4ed1-9051-9688a8fa52f2 2ced68cd25954074ad56b2be03be63e6 2463a311332a459e9e16756b32974772 - - default default] TaaS: Handle Delete Port: 743674dd-3a49-4989-8e5b-5af847df375d
2026-06-16 02:12:21.832 8 INFO neutron_taas.services.taas.tap_mirror_plugin [None req-efb0bc8c-41a7-4ed1-9051-9688a8fa52f2 2ced68cd25954074ad56b2be03be63e6 2463a311332a459e9e16756b32974772 - - default default] Tap Mirror: Handle Delete Port: 743674dd-3a49-4989-8e5b-5af847df375d [pid: 7|app: 0|req: 1002/2314] 10.0.0.37 () {32 vars in 679 bytes} [Tue Jun 16 02:12:21 2026] GET /v2.0/floatingips?not-tags=red => generated 1100 bytes in 43 msecs (HTTP/1.1 200) 4 headers in 158 bytes (1 switches on core 0)
2026-06-16 02:12:21.943 7 INFO neutron.db.segments_db [None req-6519ad42-d3ba-4126-a9c4-0175453405c9 4d1159f7cb9d46219a5139ca9ad3a2d9 2b7c38f5355646c89effdd0a3f300a96 - - default default] Added segment 0faa3371-9e4b-40ab-bdba-0a122c6b5d0b of type geneve for network b7901ef1-73cf-4e5e-aad4-87e4e78ad0f1 [pid: 8|app: 0|req: 1313/2315] 10.0.0.37 () {32 vars in 719 bytes} [Tue Jun 16 02:12:21 2026] DELETE /v2.0/ports/743674dd-3a49-4989-8e5b-5af847df375d => generated 0 bytes in 235 msecs (HTTP/1.1 204) 3 headers in 131 bytes (1 switches on core 0)
2026-06-16 02:12:22.056 7 INFO neutron.db.ovn_revision_numbers_db [None req-6519ad42-d3ba-4126-a9c4-0175453405c9 4d1159f7cb9d46219a5139ca9ad3a2d9 2b7c38f5355646c89effdd0a3f300a96 - - default default] Successfully bumped revision number for resource b7901ef1-73cf-4e5e-aad4-87e4e78ad0f1 (type: networks) to 1
2026-06-16 02:12:22.082 8 INFO neutron.db.ovn_revision_numbers_db [None req-21121a52-481b-4aa2-8d8f-f0e64a82f65b 08a00ca2aa6b4035b35401adb484a190 37d6f8c788464d5abf0b73bc1f32b908 - - default default] Successfully bumped revision number for resource b956aaad-c4e4-4a41-9450-365a6b4ace97 (type: security_group_rules) to 0 [pid: 8|app: 0|req: 1314/2316] 10.0.0.37 () {34 vars in 694 bytes} [Tue Jun 16 02:12:21 2026] POST /v2.0/security-group-rules => generated 602 bytes in 171 msecs (HTTP/1.1 201) 4 headers in 162 bytes (1 switches on core 0) [pid: 8|app: 0|req: 1315/2317] 10.0.0.37 () {32 vars in 693 bytes} [Tue Jun 16 02:12:22 2026] GET /v2.0/floatingips?not-tags=red%2Cblue => generated 1643 bytes in 52 msecs (HTTP/1.1 200) 4 headers in 158 bytes (1 switches on core 0)
2026-06-16 02:12:22.209 7 WARNING neutron.scheduler.dhcp_agent_scheduler [None req-6519ad42-d3ba-4126-a9c4-0175453405c9 4d1159f7cb9d46219a5139ca9ad3a2d9 2b7c38f5355646c89effdd0a3f300a96 - - default default] No more DHCP agents
2026-06-16 02:12:22.210 7 WARNING neutron.api.rpc.agentnotifiers.dhcp_rpc_agent_api [None req-6519ad42-d3ba-4126-a9c4-0175453405c9 4d1159f7cb9d46219a5139ca9ad3a2d9 2b7c38f5355646c89effdd0a3f300a96 - - default default] Unable to schedule network b7901ef1-73cf-4e5e-aad4-87e4e78ad0f1: no agents available; will retry on subsequent port and subnet creation events.
2026-06-16 02:12:22.247 7 INFO neutron.plugins.ml2.drivers.ovn.mech_driver.mech_driver [None req-aeadd098-496c-4428-afaa-4b719f0d493a - - - - - -] OVN reports status down for port: f48961de-1d26-497a-8234-030a9b4a6632
2026-06-16 02:12:22.300 8 INFO neutron_taas.services.taas.taas_plugin [None req-c4f78d35-b37a-40c1-a45e-5e26bf2ac545 2ced68cd25954074ad56b2be03be63e6 2463a311332a459e9e16756b32974772 - - default default] TaaS: Handle Delete Port: 998f3114-777e-40b0-beb2-fc86e9bdfd62
2026-06-16 02:12:22.302 7 INFO neutron.db.ovn_revision_numbers_db [None req-6519ad42-d3ba-4126-a9c4-0175453405c9 4d1159f7cb9d46219a5139ca9ad3a2d9 2b7c38f5355646c89effdd0a3f300a96 - - default default] Successfully bumped revision number for resource f48961de-1d26-497a-8234-030a9b4a6632 (type: ports) to 1
2026-06-16 02:12:22.303 8 INFO neutron_taas.services.taas.tap_mirror_plugin [None req-c4f78d35-b37a-40c1-a45e-5e26bf2ac545 2ced68cd25954074ad56b2be03be63e6 2463a311332a459e9e16756b32974772 - - default default] Tap Mirror: Handle Delete Port: 998f3114-777e-40b0-beb2-fc86e9bdfd62 [pid: 7|app: 0|req: 1003/2318] 10.0.0.37 () {34 vars in 669 bytes} [Tue Jun 16 02:12:21 2026] POST /v2.0/networks => generated 650 bytes in 484 msecs (HTTP/1.1 201) 4 headers in 162 bytes (1 switches on core 0) [pid: 8|app: 0|req: 1316/2319] 10.0.0.37 () {32 vars in 719 bytes} [Tue Jun 16 02:12:22 2026] DELETE /v2.0/ports/998f3114-777e-40b0-beb2-fc86e9bdfd62 => generated 0 bytes in 235 msecs (HTTP/1.1 204) 3 headers in 131 bytes (1 switches on core 0) [pid: 8|app: 0|req: 1317/2320] 10.0.0.37 () {32 vars in 689 bytes} [Tue Jun 16 02:12:22 2026] GET /v2.0/floatingips?not-tags-any=blue => generated 1643 bytes in 41 msecs (HTTP/1.1 200) 4 headers in 158 bytes (1 switches on core 0)
2026-06-16 02:12:22.476 7 INFO neutron.db.ovn_revision_numbers_db [None req-991484b8-703c-4ff1-bd0a-f94488bb408c 08a00ca2aa6b4035b35401adb484a190 37d6f8c788464d5abf0b73bc1f32b908 - - default default] Successfully bumped revision number for resource 6dd70902-2a30-4773-a3f1-9938e00dbff8 (type: security_group_rules) to 0 [pid: 7|app: 0|req: 1004/2321] 10.0.0.37 () {34 vars in 694 bytes} [Tue Jun 16 02:12:22 2026] POST /v2.0/security-group-rules => generated 601 bytes in 174 msecs (HTTP/1.1 201) 4 headers in 162 bytes (1 switches on core 0)
2026-06-16 02:12:22.643 7 INFO neutron_taas.services.taas.taas_plugin [None req-4e0269fd-154b-402c-99ff-aea3502e7062 2ced68cd25954074ad56b2be03be63e6 2463a311332a459e9e16756b32974772 - - default default] TaaS: Handle Delete Port: e4eebd0b-fb2d-46b9-9e29-53ad3549bc5e
2026-06-16 02:12:22.645 7 INFO neutron_taas.services.taas.tap_mirror_plugin [None req-4e0269fd-154b-402c-99ff-aea3502e7062 2ced68cd25954074ad56b2be03be63e6 2463a311332a459e9e16756b32974772 - - default default] Tap Mirror: Handle Delete Port: e4eebd0b-fb2d-46b9-9e29-53ad3549bc5e
2026-06-16 02:12:22.711 8 WARNING neutron.scheduler.dhcp_agent_scheduler [None req-65123132-5338-47d0-9955-eaee72b1cfc9 4d1159f7cb9d46219a5139ca9ad3a2d9 2b7c38f5355646c89effdd0a3f300a96 - - default default] No more DHCP agents
2026-06-16 02:12:22.712 8 WARNING neutron.api.rpc.agentnotifiers.dhcp_rpc_agent_api [None req-65123132-5338-47d0-9955-eaee72b1cfc9 4d1159f7cb9d46219a5139ca9ad3a2d9 2b7c38f5355646c89effdd0a3f300a96 - - default default] Unable to schedule network b7901ef1-73cf-4e5e-aad4-87e4e78ad0f1: no agents available; will retry on subsequent port and subnet creation events.
2026-06-16 02:12:22.763 7 INFO neutron.plugins.ml2.drivers.ovn.mech_driver.mech_driver [None req-aeadd098-496c-4428-afaa-4b719f0d493a - - - - - -] OVN reports status down for port: 103b66a9-0183-4d3a-8124-c6458b6e5892
2026-06-16 02:12:22.793 8 INFO neutron.db.ovn_revision_numbers_db [None req-65123132-5338-47d0-9955-eaee72b1cfc9 4d1159f7cb9d46219a5139ca9ad3a2d9 2b7c38f5355646c89effdd0a3f300a96 - - default default] Successfully bumped revision number for resource 103b66a9-0183-4d3a-8124-c6458b6e5892 (type: ports) to 1 [pid: 8|app: 0|req: 1318/2322] 10.0.0.37 () {34 vars in 663 bytes} [Tue Jun 16 02:12:22 2026] POST /v2.0/ports => generated 743 bytes in 393 msecs (HTTP/1.1 201) 4 headers in 162 bytes (1 switches on core 0) /var/lib/openstack/lib/python3.12/site-packages/pycadf/identifier.py:70: UserWarning: Invalid uuid: neutron. To ensure interoperability, identifiers should be a valid uuid. warnings.warn(('Invalid uuid: %s. To ensure interoperability, ' [pid: 8|app: 0|req: 1319/2323] 10.0.0.37 () {32 vars in 701 bytes} [Tue Jun 16 02:12:22 2026] GET /v2.0/floatingips?not-tags-any=red%2Cblue => generated 1100 bytes in 27 msecs (HTTP/1.1 200) 4 headers in 158 bytes (1 switches on core 0)
2026-06-16 02:12:22.878 7 INFO neutron.services.segments.plugin [-] Segment 8fff9e90-5336-4249-b6d5-0e313fa6d385 resource provider aggregate not found
2026-06-16 02:12:22.884 7 INFO neutron.services.segments.plugin [-] Segment 8fff9e90-5336-4249-b6d5-0e313fa6d385 resource provider aggregate not found
2026-06-16 02:12:22.897 8 INFO neutron.db.securitygroups_db [None req-bf2f150b-f761-4296-afc6-6cb4f5620f2b 08a00ca2aa6b4035b35401adb484a190 37d6f8c788464d5abf0b73bc1f32b908 - - default default] Project 37d6f8c788464d5abf0b73bc1f32b908 added a security group rule with legacy IPv6 ICMP protocol name icmp, ipv6-icmp should be used instead. It was automatically converted.
2026-06-16 02:12:22.903 7 INFO neutron.services.segments.plugin [-] Segment 8fff9e90-5336-4249-b6d5-0e313fa6d385 resource provider not found; error: Placement Client Error (4xx): {"errors": [{"status": 404, "title": "Not Found", "detail": "The resource could not be found.\n\n No resource provider with uuid 8fff9e90-5336-4249-b6d5-0e313fa6d385 found for delete ", "request_id": "req-d3b7991f-6b6b-4326-b274-c6917daa2154"}]}
2026-06-16 02:12:22.904 7 INFO neutron.services.segments.plugin [-] Segment 8fff9e90-5336-4249-b6d5-0e313fa6d385 resource provider not found; error: Placement Client Error (4xx): {"errors": [{"status": 404, "title": "Not Found", "detail": "The resource could not be found.\n\n No resource provider with uuid 8fff9e90-5336-4249-b6d5-0e313fa6d385 found for delete ", "request_id": "req-1870084c-1433-48d8-9dac-83c19813b4cc"}]} [pid: 7|app: 0|req: 1005/2324] 10.0.0.37 () {32 vars in 725 bytes} [Tue Jun 16 02:12:22 2026] DELETE /v2.0/networks/c7296405-5727-4d4a-8412-c92ed3d2277b => generated 0 bytes in 421 msecs (HTTP/1.1 204) 3 headers in 131 bytes (1 switches on core 0)
2026-06-16 02:12:23.007 8 INFO neutron.db.ovn_revision_numbers_db [None req-bf2f150b-f761-4296-afc6-6cb4f5620f2b 08a00ca2aa6b4035b35401adb484a190 37d6f8c788464d5abf0b73bc1f32b908 - - default default] Successfully bumped revision number for resource 472e5edd-c226-4515-8d25-953143f3ddd3 (type: security_group_rules) to 0
2026-06-16 02:12:23.022 7 INFO neutron.db.segments_db [None req-d3e59ff0-932d-4cb1-bd2b-c8f62feca7df 4d1159f7cb9d46219a5139ca9ad3a2d9 2b7c38f5355646c89effdd0a3f300a96 - - default default] Added segment 2d347ab4-b564-48dc-b694-7816436e3b2b of type geneve for network 4c170b73-798b-4188-af26-c42c9f8c4cd3 [pid: 8|app: 0|req: 1320/2325] 10.0.0.37 () {34 vars in 694 bytes} [Tue Jun 16 02:12:22 2026] POST /v2.0/security-group-rules => generated 607 bytes in 170 msecs (HTTP/1.1 201) 4 headers in 162 bytes (1 switches on core 0)
2026-06-16 02:12:23.120 7 INFO neutron.db.ovn_revision_numbers_db [None req-d3e59ff0-932d-4cb1-bd2b-c8f62feca7df 4d1159f7cb9d46219a5139ca9ad3a2d9 2b7c38f5355646c89effdd0a3f300a96 - - default default] Successfully bumped revision number for resource 4c170b73-798b-4188-af26-c42c9f8c4cd3 (type: networks) to 1
2026-06-16 02:12:23.165 8 INFO neutron_taas.services.taas.taas_plugin [None req-548de809-8102-4f08-a2b5-17796acbda20 bdf806faedab42f38dd1cc7d3a8fbfb2 d1763b3ae91e408b96ac476731bd7148 - - default default] TaaS: Handle Delete Port: 519b64f4-bd45-4413-a49f-d34352ab5365
2026-06-16 02:12:23.168 8 INFO neutron_taas.services.taas.tap_mirror_plugin [None req-548de809-8102-4f08-a2b5-17796acbda20 bdf806faedab42f38dd1cc7d3a8fbfb2 d1763b3ae91e408b96ac476731bd7148 - - default default] Tap Mirror: Handle Delete Port: 519b64f4-bd45-4413-a49f-d34352ab5365
2026-06-16 02:12:23.275 7 WARNING neutron.scheduler.dhcp_agent_scheduler [None req-d3e59ff0-932d-4cb1-bd2b-c8f62feca7df 4d1159f7cb9d46219a5139ca9ad3a2d9 2b7c38f5355646c89effdd0a3f300a96 - - default default] No more DHCP agents
2026-06-16 02:12:23.276 7 WARNING neutron.api.rpc.agentnotifiers.dhcp_rpc_agent_api [None req-d3e59ff0-932d-4cb1-bd2b-c8f62feca7df 4d1159f7cb9d46219a5139ca9ad3a2d9 2b7c38f5355646c89effdd0a3f300a96 - - default default] Unable to schedule network 4c170b73-798b-4188-af26-c42c9f8c4cd3: no agents available; will retry on subsequent port and subnet creation events.
2026-06-16 02:12:23.312 7 INFO neutron.plugins.ml2.drivers.ovn.mech_driver.mech_driver [None req-aeadd098-496c-4428-afaa-4b719f0d493a - - - - - -] OVN reports status down for port: 3838acab-1c7a-4f8c-bd44-402d989dc166 [pid: 8|app: 0|req: 1321/2326] 10.0.0.37 () {32 vars in 731 bytes} [Tue Jun 16 02:12:23 2026] DELETE /v2.0/floatingips/dd3ed524-0be2-47f7-b2e9-4783c8fc9ee5 => generated 0 bytes in 295 msecs (HTTP/1.1 204) 2 headers in 112 bytes (1 switches on core 0)
2026-06-16 02:12:23.377 7 INFO neutron.db.ovn_revision_numbers_db [None req-d3e59ff0-932d-4cb1-bd2b-c8f62feca7df 4d1159f7cb9d46219a5139ca9ad3a2d9 2b7c38f5355646c89effdd0a3f300a96 - - default default] Successfully bumped revision number for resource 3838acab-1c7a-4f8c-bd44-402d989dc166 (type: ports) to 1 [pid: 7|app: 0|req: 1006/2327] 10.0.0.37 () {34 vars in 669 bytes} [Tue Jun 16 02:12:22 2026] POST /v2.0/networks => generated 651 bytes in 475 msecs (HTTP/1.1 201) 4 headers in 162 bytes (1 switches on core 0)
2026-06-16 02:12:23.446 8 INFO neutron_taas.services.taas.taas_plugin [None req-9fb0acf0-273d-4880-b24c-50d4aa424807 2ced68cd25954074ad56b2be03be63e6 2463a311332a459e9e16756b32974772 - - default default] TaaS: Handle Delete Port: a990fe10-7672-403d-ae75-ef97296be2a5
2026-06-16 02:12:23.450 8 INFO neutron_taas.services.taas.tap_mirror_plugin [None req-9fb0acf0-273d-4880-b24c-50d4aa424807 2ced68cd25954074ad56b2be03be63e6 2463a311332a459e9e16756b32974772 - - default default] Tap Mirror: Handle Delete Port: a990fe10-7672-403d-ae75-ef97296be2a5
2026-06-16 02:12:23.469 7 INFO neutron.db.securitygroups_db [None req-fc0eb7db-d0d4-4d94-b131-459826eb73ac 08a00ca2aa6b4035b35401adb484a190 37d6f8c788464d5abf0b73bc1f32b908 - - default default] Project 37d6f8c788464d5abf0b73bc1f32b908 added a security group rule with legacy IPv6 ICMP protocol name icmp, ipv6-icmp should be used instead. It was automatically converted.
2026-06-16 02:12:23.610 7 INFO neutron.db.ovn_revision_numbers_db [None req-fc0eb7db-d0d4-4d94-b131-459826eb73ac 08a00ca2aa6b4035b35401adb484a190 37d6f8c788464d5abf0b73bc1f32b908 - - default default] Successfully bumped revision number for resource 14bdc1e1-50a0-4554-863d-bacef22855a5 (type: security_group_rules) to 0
2026-06-16 02:12:23.637 8 INFO neutron.services.segments.plugin [-] Segment 2f436a75-87d5-4f22-beb8-e2c7b4ffd9df resource provider aggregate not found [pid: 7|app: 0|req: 1007/2328] 10.0.0.37 () {34 vars in 694 bytes} [Tue Jun 16 02:12:23 2026] POST /v2.0/security-group-rules => generated 606 bytes in 220 msecs (HTTP/1.1 201) 4 headers in 162 bytes (1 switches on core 0)
2026-06-16 02:12:23.641 8 INFO neutron.services.segments.plugin [-] Segment 2f436a75-87d5-4f22-beb8-e2c7b4ffd9df resource provider aggregate not found
2026-06-16 02:12:23.666 8 INFO neutron.services.segments.plugin [-] Segment 2f436a75-87d5-4f22-beb8-e2c7b4ffd9df resource provider not found; error: Placement Client Error (4xx): {"errors": [{"status": 404, "title": "Not Found", "detail": "The resource could not be found.\n\n No resource provider with uuid 2f436a75-87d5-4f22-beb8-e2c7b4ffd9df found for delete ", "request_id": "req-193219e8-507c-4e44-a742-cf6bbed1dc03"}]}
2026-06-16 02:12:23.673 8 INFO neutron.services.segments.plugin [-] Segment 2f436a75-87d5-4f22-beb8-e2c7b4ffd9df resource provider not found; error: Placement Client Error (4xx): {"errors": [{"status": 404, "title": "Not Found", "detail": "The resource could not be found.\n\n No resource provider with uuid 2f436a75-87d5-4f22-beb8-e2c7b4ffd9df found for delete ", "request_id": "req-e52b0fe4-2179-4efc-9506-5f27c82f8176"}]} [pid: 8|app: 0|req: 1322/2329] 10.0.0.37 () {32 vars in 725 bytes} [Tue Jun 16 02:12:23 2026] DELETE /v2.0/networks/ba14705b-532a-43b1-b86f-e34d167edb68 => generated 0 bytes in 362 msecs (HTTP/1.1 204) 3 headers in 131 bytes (1 switches on core 0)
2026-06-16 02:12:23.757 7 INFO neutron_taas.services.taas.taas_plugin [None req-048ee652-5bd7-4b12-8232-da7f018bd913 bdf806faedab42f38dd1cc7d3a8fbfb2 d1763b3ae91e408b96ac476731bd7148 - - default default] TaaS: Handle Delete Port: 6842cbe7-1429-41d7-a97b-c923e85a8ec4
2026-06-16 02:12:23.762 7 INFO neutron_taas.services.taas.tap_mirror_plugin [None req-048ee652-5bd7-4b12-8232-da7f018bd913 bdf806faedab42f38dd1cc7d3a8fbfb2 d1763b3ae91e408b96ac476731bd7148 - - default default] Tap Mirror: Handle Delete Port: 6842cbe7-1429-41d7-a97b-c923e85a8ec4 [pid: 7|app: 0|req: 1008/2330] 10.0.0.37 () {32 vars in 731 bytes} [Tue Jun 16 02:12:23 2026] DELETE /v2.0/floatingips/4e498cf0-17c8-435f-8ed4-410e3a5672a0 => generated 0 bytes in 268 msecs (HTTP/1.1 204) 2 headers in 112 bytes (1 switches on core 0)
2026-06-16 02:12:23.908 8 WARNING neutron.scheduler.dhcp_agent_scheduler [None req-8529215f-c4e4-4878-90cc-1ce3257d33cb 4d1159f7cb9d46219a5139ca9ad3a2d9 2b7c38f5355646c89effdd0a3f300a96 - - default default] No more DHCP agents
2026-06-16 02:12:23.910 8 WARNING neutron.api.rpc.agentnotifiers.dhcp_rpc_agent_api [None req-8529215f-c4e4-4878-90cc-1ce3257d33cb 4d1159f7cb9d46219a5139ca9ad3a2d9 2b7c38f5355646c89effdd0a3f300a96 - - default default] Unable to schedule network 4c170b73-798b-4188-af26-c42c9f8c4cd3: no agents available; will retry on subsequent port and subnet creation events.
2026-06-16 02:12:23.987 8 INFO neutron.db.ovn_revision_numbers_db [None req-8529215f-c4e4-4878-90cc-1ce3257d33cb 4d1159f7cb9d46219a5139ca9ad3a2d9 2b7c38f5355646c89effdd0a3f300a96 - - default default] Successfully bumped revision number for resource 0bc62f1f-f661-42b4-b8a9-cbe218080a6a (type: ports) to 1
2026-06-16 02:12:24.035 7 INFO neutron_taas.services.taas.taas_plugin [None req-111c8cb5-3c96-408c-8313-ea9facf79ee7 2ced68cd25954074ad56b2be03be63e6 2463a311332a459e9e16756b32974772 - - default default] TaaS: Handle Delete Port: 8e31cacf-9542-46ca-8570-921ef105c6d1
2026-06-16 02:12:24.038 7 INFO neutron_taas.services.taas.tap_mirror_plugin [None req-111c8cb5-3c96-408c-8313-ea9facf79ee7 2ced68cd25954074ad56b2be03be63e6 2463a311332a459e9e16756b32974772 - - default default] Tap Mirror: Handle Delete Port: 8e31cacf-9542-46ca-8570-921ef105c6d1 [pid: 8|app: 0|req: 1323/2331] 10.0.0.37 () {34 vars in 663 bytes} [Tue Jun 16 02:12:23 2026] POST /v2.0/ports => generated 743 bytes in 343 msecs (HTTP/1.1 201) 4 headers in 162 bytes (1 switches on core 0) /var/lib/openstack/lib/python3.12/site-packages/pycadf/identifier.py:70: UserWarning: Invalid uuid: neutron. To ensure interoperability, identifiers should be a valid uuid. warnings.warn(('Invalid uuid: %s. To ensure interoperability, '
2026-06-16 02:12:24.154 8 INFO neutron_taas.services.taas.taas_plugin [None req-2c6e01fb-4eda-45f6-a7f4-32bc09e40f25 bdf806faedab42f38dd1cc7d3a8fbfb2 d1763b3ae91e408b96ac476731bd7148 - - default default] TaaS: Handle Delete Port: 287d4264-44f7-4f63-b182-c34810d1aae7
2026-06-16 02:12:24.157 8 INFO neutron_taas.services.taas.tap_mirror_plugin [None req-2c6e01fb-4eda-45f6-a7f4-32bc09e40f25 bdf806faedab42f38dd1cc7d3a8fbfb2 d1763b3ae91e408b96ac476731bd7148 - - default default] Tap Mirror: Handle Delete Port: 287d4264-44f7-4f63-b182-c34810d1aae7 [pid: 7|app: 0|req: 1009/2332] 10.0.0.37 () {32 vars in 725 bytes} [Tue Jun 16 02:12:23 2026] DELETE /v2.0/networks/a0013728-5579-4304-b408-66406806b1bc => generated 0 bytes in 328 msecs (HTTP/1.1 204) 3 headers in 131 bytes (1 switches on core 0) [pid: 8|app: 0|req: 1324/2333] 10.0.0.37 () {32 vars in 731 bytes} [Tue Jun 16 02:12:24 2026] DELETE /v2.0/floatingips/b13018cc-94eb-49aa-a6ce-09a5b74321ee => generated 0 bytes in 271 msecs (HTTP/1.1 204) 2 headers in 112 bytes (1 switches on core 0)
2026-06-16 02:12:24.344 7 INFO neutron.db.ovn_revision_numbers_db [None req-5dc6892a-ff66-4ce2-8f31-4390a7e5dcc3 08a00ca2aa6b4035b35401adb484a190 37d6f8c788464d5abf0b73bc1f32b908 - - default default] Successfully bumped revision number for resource 4a1c7018-3d52-4207-b1a6-adf16be56fc5 (type: security_groups) to 1
2026-06-16 02:12:24.356 7 INFO neutron.db.ovn_revision_numbers_db [None req-5dc6892a-ff66-4ce2-8f31-4390a7e5dcc3 08a00ca2aa6b4035b35401adb484a190 37d6f8c788464d5abf0b73bc1f32b908 - - default default] Successfully bumped revision number for resource 0c4b7106-ea9f-4ec5-9d2a-b2b4e5c51d5a (type: security_group_rules) to 0
2026-06-16 02:12:24.368 7 INFO neutron.db.ovn_revision_numbers_db [None req-5dc6892a-ff66-4ce2-8f31-4390a7e5dcc3 08a00ca2aa6b4035b35401adb484a190 37d6f8c788464d5abf0b73bc1f32b908 - - default default] Successfully bumped revision number for resource e944ff9b-e734-45c9-bafc-d395debaba6f (type: security_group_rules) to 0 [pid: 7|app: 0|req: 1010/2334] 10.0.0.37 () {34 vars in 684 bytes} [Tue Jun 16 02:12:24 2026] POST /v2.0/security-groups => generated 1659 bytes in 171 msecs (HTTP/1.1 201) 4 headers in 163 bytes (1 switches on core 0)
2026-06-16 02:12:24.413 8 INFO neutron.db.segments_db [None req-c9791641-ad60-422a-b090-2802312f04c5 4d1159f7cb9d46219a5139ca9ad3a2d9 2b7c38f5355646c89effdd0a3f300a96 - - default default] Added segment c92425bc-92ea-40f5-ae50-2ae94f24c6d0 of type geneve for network 70dec571-ebba-4527-9bff-e6e3b79a462e
2026-06-16 02:12:24.530 7 INFO neutron_taas.services.taas.taas_plugin [None req-78adf303-5c53-4bc0-af6d-6beeb31cb9b4 2ced68cd25954074ad56b2be03be63e6 2463a311332a459e9e16756b32974772 - - default default] TaaS: Handle Delete Port: 3811ef3c-e376-4bb6-b8c2-1c2f4d154110
2026-06-16 02:12:24.532 7 INFO neutron_taas.services.taas.tap_mirror_plugin [None req-78adf303-5c53-4bc0-af6d-6beeb31cb9b4 2ced68cd25954074ad56b2be03be63e6 2463a311332a459e9e16756b32974772 - - default default] Tap Mirror: Handle Delete Port: 3811ef3c-e376-4bb6-b8c2-1c2f4d154110
2026-06-16 02:12:24.553 8 INFO neutron.db.ovn_revision_numbers_db [None req-c9791641-ad60-422a-b090-2802312f04c5 4d1159f7cb9d46219a5139ca9ad3a2d9 2b7c38f5355646c89effdd0a3f300a96 - - default default] Successfully bumped revision number for resource 70dec571-ebba-4527-9bff-e6e3b79a462e (type: networks) to 1 [pid: 7|app: 0|req: 1011/2335] 10.0.0.37 () {32 vars in 725 bytes} [Tue Jun 16 02:12:24 2026] DELETE /v2.0/networks/d2a244b2-cf2f-4063-9cef-b166ae1778f2 => generated 0 bytes in 339 msecs (HTTP/1.1 204) 3 headers in 131 bytes (1 switches on core 0)
2026-06-16 02:12:24.763 8 WARNING neutron.scheduler.dhcp_agent_scheduler [None req-c9791641-ad60-422a-b090-2802312f04c5 4d1159f7cb9d46219a5139ca9ad3a2d9 2b7c38f5355646c89effdd0a3f300a96 - - default default] No more DHCP agents
2026-06-16 02:12:24.764 8 WARNING neutron.api.rpc.agentnotifiers.dhcp_rpc_agent_api [None req-c9791641-ad60-422a-b090-2802312f04c5 4d1159f7cb9d46219a5139ca9ad3a2d9 2b7c38f5355646c89effdd0a3f300a96 - - default default] Unable to schedule network 70dec571-ebba-4527-9bff-e6e3b79a462e: no agents available; will retry on subsequent port and subnet creation events.
2026-06-16 02:12:24.885 8 INFO neutron.db.ovn_revision_numbers_db [None req-c9791641-ad60-422a-b090-2802312f04c5 4d1159f7cb9d46219a5139ca9ad3a2d9 2b7c38f5355646c89effdd0a3f300a96 - - default default] Successfully bumped revision number for resource a520b3be-33da-4820-aaaf-b4af53a32efe (type: ports) to 1 [pid: 8|app: 0|req: 1325/2336] 10.0.0.37 () {34 vars in 669 bytes} [Tue Jun 16 02:12:24 2026] POST /v2.0/networks => generated 651 bytes in 603 msecs (HTTP/1.1 201) 4 headers in 162 bytes (1 switches on core 0)
2026-06-16 02:12:25.033 8 INFO neutron.db.ovn_revision_numbers_db [None req-bcb92191-635a-4ccb-8f06-d512bf389200 08a00ca2aa6b4035b35401adb484a190 37d6f8c788464d5abf0b73bc1f32b908 - - default default] Successfully bumped revision number for resource 41fb0bbf-6185-492d-87e4-192a6a7caaf8 (type: security_group_rules) to 0 [pid: 8|app: 0|req: 1326/2337] 10.0.0.37 () {34 vars in 694 bytes} [Tue Jun 16 02:12:24 2026] POST /v2.0/security-group-rules => generated 597 bytes in 146 msecs (HTTP/1.1 201) 4 headers in 162 bytes (1 switches on core 0)
2026-06-16 02:12:25.205 8 WARNING neutron.plugins.ml2.drivers.ovn.mech_driver.ovsdb.ovn_client [None req-ba912368-af7e-41fb-9ef5-9fb31d842db2 - - - - - -] No hosting information found for port dd63c99b-7296-4c6f-9364-215e68df21f9: RuntimeError: No hosting information found for port dd63c99b-7296-4c6f-9364-215e68df21f9
2026-06-16 02:12:25.234 8 INFO neutron_taas.services.taas.taas_plugin [None req-4518bf57-d519-46b8-920d-7b0bbae58f12 2ced68cd25954074ad56b2be03be63e6 2463a311332a459e9e16756b32974772 - - default default] TaaS: Handle Delete Port: 97e7a1ee-dd75-4044-8ea9-48c502e8d5b4
2026-06-16 02:12:25.240 8 INFO neutron_taas.services.taas.tap_mirror_plugin [None req-4518bf57-d519-46b8-920d-7b0bbae58f12 2ced68cd25954074ad56b2be03be63e6 2463a311332a459e9e16756b32974772 - - default default] Tap Mirror: Handle Delete Port: 97e7a1ee-dd75-4044-8ea9-48c502e8d5b4
2026-06-16 02:12:25.262 7 INFO neutron.services.segments.plugin [-] Segment 47a77d63-19e2-4f99-bcfd-7aaf871fa57a resource provider aggregate not found
2026-06-16 02:12:25.268 7 INFO neutron.services.segments.plugin [-] Segment 47a77d63-19e2-4f99-bcfd-7aaf871fa57a resource provider aggregate not found
