2026-07-01 08:36:19.391 8 INFO neutron.db.ovn_revision_numbers_db [None req-7f20f3e5-24d2-422f-98c2-4ae0e4fc5dd2 88c56a0580a246c08972711cfb1c73ca 0d5f1a06501c463abc94a97c695dc1cf - - default default] Successfully bumped revision number for resource ba2afdfd-92d3-4673-b23a-71bc9712729b (type: security_groups) to 1
2026-07-01 08:36:19.406 8 INFO neutron.db.ovn_revision_numbers_db [None req-7f20f3e5-24d2-422f-98c2-4ae0e4fc5dd2 88c56a0580a246c08972711cfb1c73ca 0d5f1a06501c463abc94a97c695dc1cf - - default default] Successfully bumped revision number for resource 04fd8d1c-c74a-4eb0-acbf-d82d14b38491 (type: security_group_rules) to 0
2026-07-01 08:36:19.406 7 INFO neutron.db.ovn_revision_numbers_db [None req-724f90e3-e635-4be7-b95b-34dd454d80ef 0b1ed0c9b58d4bd391b49ac46f6a2c77 f1607994d80c4b379d7773e2848ff4bf - - default default] Successfully bumped revision number for resource 541dc527-4bcb-406f-b854-26d34c22e5de (type: router_ports) to 1
2026-07-01 08:36:19.419 8 INFO neutron.db.ovn_revision_numbers_db [None req-7f20f3e5-24d2-422f-98c2-4ae0e4fc5dd2 88c56a0580a246c08972711cfb1c73ca 0d5f1a06501c463abc94a97c695dc1cf - - default default] Successfully bumped revision number for resource 0c867c86-022c-4651-b42a-77a8f4685445 (type: security_group_rules) to 0
2026-07-01 08:36:19.430 8 INFO neutron.db.ovn_revision_numbers_db [None req-7f20f3e5-24d2-422f-98c2-4ae0e4fc5dd2 88c56a0580a246c08972711cfb1c73ca 0d5f1a06501c463abc94a97c695dc1cf - - default default] Successfully bumped revision number for resource 78293efd-8211-41c5-a5d4-5b4a12a7d45f (type: security_group_rules) to 0
2026-07-01 08:36:19.443 8 INFO neutron.db.ovn_revision_numbers_db [None req-7f20f3e5-24d2-422f-98c2-4ae0e4fc5dd2 88c56a0580a246c08972711cfb1c73ca 0d5f1a06501c463abc94a97c695dc1cf - - default default] Successfully bumped revision number for resource ce5f7427-32a6-4188-8e92-9e9554f50938 (type: security_group_rules) to 0 [pid: 8|app: 0|req: 890/1742] 10.0.0.153 () {32 vars in 774 bytes} [Wed Jul 1 08:36:19 2026] GET /v2.0/security-groups?tenant_id=ab3a5096905d46329230b44e92f4242c&name=default => generated 2925 bytes in 369 msecs (HTTP/1.1 200) 4 headers in 158 bytes (1 switches on core 0)
2026-07-01 08:36:19.598 7 INFO neutron.db.ovn_revision_numbers_db [None req-724f90e3-e635-4be7-b95b-34dd454d80ef 0b1ed0c9b58d4bd391b49ac46f6a2c77 f1607994d80c4b379d7773e2848ff4bf - - default default] Successfully bumped revision number for resource 4a4816a1-2f5d-494f-9434-8d9d3d1765b5 (type: routers) to 2 [pid: 7|app: 0|req: 853/1743] 10.0.0.153 () {34 vars in 669 bytes} [Wed Jul 1 08:36:18 2026] POST /v2.0/routers => generated 954 bytes in 1613 msecs (HTTP/1.1 201) 4 headers in 162 bytes (1 switches on core 0) [pid: 8|app: 0|req: 891/1744] 10.0.0.153 () {32 vars in 740 bytes} [Wed Jul 1 08:36:19 2026] DELETE /v2.0/security-groups/b9d27995-2290-451f-9b87-0bdabe6c87e8 => generated 0 bytes in 231 msecs (HTTP/1.1 204) 2 headers in 112 bytes (1 switches on core 0) [pid: 8|app: 0|req: 892/1745] 10.0.0.153 () {32 vars in 740 bytes} [Wed Jul 1 08:36:19 2026] DELETE /v2.0/security-groups/ba2afdfd-92d3-4673-b23a-71bc9712729b => generated 0 bytes in 217 msecs (HTTP/1.1 204) 2 headers in 112 bytes (1 switches on core 0) [pid: 7|app: 0|req: 854/1746] 10.0.0.153 () {32 vars in 740 bytes} [Wed Jul 1 08:36:19 2026] DELETE /v2.0/security-groups/206678f0-0207-4b3c-883b-bc23b713ead9 => generated 0 bytes in 426 msecs (HTTP/1.1 204) 2 headers in 112 bytes (1 switches on core 0) [pid: 8|app: 0|req: 893/1747] 10.0.0.153 () {32 vars in 776 bytes} [Wed Jul 1 08:36:19 2026] GET /v2.0/subnets?project_id=f1607994d80c4b379d7773e2848ff4bf&cidr=10.100.0.0%2F28 => generated 14 bytes in 216 msecs (HTTP/1.1 200) 4 headers in 156 bytes (1 switches on core 0) [pid: 8|app: 0|req: 894/1748] 10.0.0.153 () {32 vars in 694 bytes} [Wed Jul 1 08:36:20 2026] GET /v2.0/networks?router%3Aexternal=True => generated 753 bytes in 54 msecs (HTTP/1.1 200) 4 headers in 157 bytes (1 switches on core 0) [pid: 8|app: 0|req: 895/1749] 10.0.0.153 () {32 vars in 784 bytes} [Wed Jul 1 08:36:20 2026] GET /v2.0/subnets?network_id=aabd1f4b-8c7f-4723-b12a-17208c59a918&cidr=10.100.0.0%2F28 => generated 14 bytes in 23 msecs (HTTP/1.1 200) 4 headers in 156 bytes (1 switches on core 0)
2026-07-01 08:36:20.328 7 INFO neutron.db.ovn_revision_numbers_db [None req-3f5a7301-b09e-42d4-9ce7-50635d90b876 88c56a0580a246c08972711cfb1c73ca 0d5f1a06501c463abc94a97c695dc1cf - - default default] Successfully bumped revision number for resource bb8aa03d-0442-47fa-9188-98d7f820628f (type: security_groups) to 1
2026-07-01 08:36:20.351 7 INFO neutron.db.ovn_revision_numbers_db [None req-3f5a7301-b09e-42d4-9ce7-50635d90b876 88c56a0580a246c08972711cfb1c73ca 0d5f1a06501c463abc94a97c695dc1cf - - default default] Successfully bumped revision number for resource 2761ecf1-abce-40d3-8a9d-c6e78009813e (type: security_group_rules) to 0
2026-07-01 08:36:20.369 7 INFO neutron.db.ovn_revision_numbers_db [None req-3f5a7301-b09e-42d4-9ce7-50635d90b876 88c56a0580a246c08972711cfb1c73ca 0d5f1a06501c463abc94a97c695dc1cf - - default default] Successfully bumped revision number for resource 2ac944ac-e57a-433d-856e-f94fc78336c4 (type: security_group_rules) to 0
2026-07-01 08:36:20.389 7 INFO neutron.db.ovn_revision_numbers_db [None req-3f5a7301-b09e-42d4-9ce7-50635d90b876 88c56a0580a246c08972711cfb1c73ca 0d5f1a06501c463abc94a97c695dc1cf - - default default] Successfully bumped revision number for resource 3b71746d-7dcf-4669-8853-6060b8c5d68e (type: security_group_rules) to 0
2026-07-01 08:36:20.408 7 INFO neutron.db.ovn_revision_numbers_db [None req-3f5a7301-b09e-42d4-9ce7-50635d90b876 88c56a0580a246c08972711cfb1c73ca 0d5f1a06501c463abc94a97c695dc1cf - - default default] Successfully bumped revision number for resource bd4e5f7c-ae18-4cff-94d0-0a5c8fcdcbd6 (type: security_group_rules) to 0 [pid: 7|app: 0|req: 855/1750] 10.0.0.153 () {32 vars in 774 bytes} [Wed Jul 1 08:36:20 2026] GET /v2.0/security-groups?tenant_id=9d25f05b1b464f5f8bb04a0e96dd082c&name=default => generated 2925 bytes in 374 msecs (HTTP/1.1 200) 4 headers in 158 bytes (1 switches on core 0)
2026-07-01 08:36:20.484 8 WARNING neutron.scheduler.dhcp_agent_scheduler [None req-b02ae1b4-bdd9-4bd8-80cb-13f8b3025bb4 0b1ed0c9b58d4bd391b49ac46f6a2c77 f1607994d80c4b379d7773e2848ff4bf - - default default] No more DHCP agents
2026-07-01 08:36:20.485 8 WARNING neutron.api.rpc.agentnotifiers.dhcp_rpc_agent_api [None req-b02ae1b4-bdd9-4bd8-80cb-13f8b3025bb4 0b1ed0c9b58d4bd391b49ac46f6a2c77 f1607994d80c4b379d7773e2848ff4bf - - default default] Unable to schedule network 86c12edc-c711-40dd-85fc-aabbd9750424: no agents available; will retry on subsequent port and subnet creation events.
2026-07-01 08:36:20.773 7 INFO neutron.db.ovn_revision_numbers_db [None req-288e5247-b7cc-4c1c-bb2c-a143216ae786 - - - - - -] Successfully bumped revision number for resource 541dc527-4bcb-406f-b854-26d34c22e5de (type: ports) to 4 [pid: 7|app: 0|req: 856/1751] 10.0.0.153 () {32 vars in 740 bytes} [Wed Jul 1 08:36:20 2026] DELETE /v2.0/security-groups/bb8aa03d-0442-47fa-9188-98d7f820628f => generated 0 bytes in 390 msecs (HTTP/1.1 204) 2 headers in 112 bytes (1 switches on core 0)
2026-07-01 08:36:20.918 8 INFO neutron.db.ovn_revision_numbers_db [None req-6649d09a-bc99-402d-88a4-5b0fbaf4122e - - - - - -] Successfully bumped revision number for resource bccf33b4-22b0-4d7b-b08d-48ec1f0c6400 (type: ports) to 2
2026-07-01 08:36:20.950 8 INFO neutron.db.ovn_revision_numbers_db [None req-6649d09a-bc99-402d-88a4-5b0fbaf4122e - - - - - -] Successfully bumped revision number for resource aa926b22-6dc9-4be0-a010-de2d3d38b6a1 (type: subnets) to 0 [pid: 8|app: 0|req: 896/1752] 10.0.0.153 () {34 vars in 669 bytes} [Wed Jul 1 08:36:20 2026] POST /v2.0/subnets => generated 656 bytes in 710 msecs (HTTP/1.1 201) 4 headers in 162 bytes (1 switches on core 0)
2026-07-01 08:36:21.079 8 INFO neutron.db.ovn_revision_numbers_db [None req-0134be3e-28b8-4a97-96b7-f75bce1ed4ee 88c56a0580a246c08972711cfb1c73ca 0d5f1a06501c463abc94a97c695dc1cf - - default default] Successfully bumped revision number for resource 2e921c1a-d717-4e7a-a3f8-beae727cc4bf (type: security_groups) to 1
2026-07-01 08:36:21.087 8 INFO neutron.db.ovn_revision_numbers_db [None req-0134be3e-28b8-4a97-96b7-f75bce1ed4ee 88c56a0580a246c08972711cfb1c73ca 0d5f1a06501c463abc94a97c695dc1cf - - default default] Successfully bumped revision number for resource 6e30a19d-dbee-497a-b531-db6c4ba69366 (type: security_group_rules) to 0
2026-07-01 08:36:21.098 8 INFO neutron.db.ovn_revision_numbers_db [None req-0134be3e-28b8-4a97-96b7-f75bce1ed4ee 88c56a0580a246c08972711cfb1c73ca 0d5f1a06501c463abc94a97c695dc1cf - - default default] Successfully bumped revision number for resource a50820fc-3999-4d84-8c57-0d925cadf7e1 (type: security_group_rules) to 0
2026-07-01 08:36:21.108 8 INFO neutron.db.ovn_revision_numbers_db [None req-0134be3e-28b8-4a97-96b7-f75bce1ed4ee 88c56a0580a246c08972711cfb1c73ca 0d5f1a06501c463abc94a97c695dc1cf - - default default] Successfully bumped revision number for resource cbb3334f-8e43-40a1-b245-974e954c68bf (type: security_group_rules) to 0
2026-07-01 08:36:21.124 8 INFO neutron.db.ovn_revision_numbers_db [None req-0134be3e-28b8-4a97-96b7-f75bce1ed4ee 88c56a0580a246c08972711cfb1c73ca 0d5f1a06501c463abc94a97c695dc1cf - - default default] Successfully bumped revision number for resource fd6fd341-4d95-4e9c-ad56-d5a5da2512c2 (type: security_group_rules) to 0 [pid: 8|app: 0|req: 897/1753] 10.0.0.153 () {32 vars in 774 bytes} [Wed Jul 1 08:36:20 2026] GET /v2.0/security-groups?tenant_id=6df49bb6874c4fc5b76e8d13f14efd91&name=default => generated 2925 bytes in 195 msecs (HTTP/1.1 200) 4 headers in 158 bytes (1 switches on core 0)
2026-07-01 08:36:21.346 7 INFO neutron.db.ovn_revision_numbers_db [None req-288e5247-b7cc-4c1c-bb2c-a143216ae786 - - - - - -] Successfully bumped revision number for resource 541dc527-4bcb-406f-b854-26d34c22e5de (type: ports) to 5 [pid: 8|app: 0|req: 898/1754] 10.0.0.153 () {32 vars in 740 bytes} [Wed Jul 1 08:36:21 2026] DELETE /v2.0/security-groups/2e921c1a-d717-4e7a-a3f8-beae727cc4bf => generated 0 bytes in 220 msecs (HTTP/1.1 204) 2 headers in 112 bytes (1 switches on core 0)
2026-07-01 08:36:21.785 7 WARNING neutron.scheduler.dhcp_agent_scheduler [None req-d9089e5f-54bf-404e-b9c4-86a765bb682e 0b1ed0c9b58d4bd391b49ac46f6a2c77 f1607994d80c4b379d7773e2848ff4bf - - default default] No more DHCP agents
2026-07-01 08:36:21.788 7 WARNING neutron.api.rpc.agentnotifiers.dhcp_rpc_agent_api [None req-d9089e5f-54bf-404e-b9c4-86a765bb682e 0b1ed0c9b58d4bd391b49ac46f6a2c77 f1607994d80c4b379d7773e2848ff4bf - - default default] Unable to schedule network 86c12edc-c711-40dd-85fc-aabbd9750424: no agents available; will retry on subsequent port and subnet creation events.
2026-07-01 08:36:21.790 8 INFO neutron.db.ovn_revision_numbers_db [None req-d141ebb0-a819-4e83-9a7e-5117b45000ed 88c56a0580a246c08972711cfb1c73ca 0d5f1a06501c463abc94a97c695dc1cf - - default default] Successfully bumped revision number for resource b7993bbd-b200-4f10-aa01-2afe8fe668fa (type: security_groups) to 1
2026-07-01 08:36:21.806 8 INFO neutron.db.ovn_revision_numbers_db [None req-d141ebb0-a819-4e83-9a7e-5117b45000ed 88c56a0580a246c08972711cfb1c73ca 0d5f1a06501c463abc94a97c695dc1cf - - default default] Successfully bumped revision number for resource 11409a1b-0aed-4ad4-a3be-55a88a49863d (type: security_group_rules) to 0
2026-07-01 08:36:21.819 8 INFO neutron.db.ovn_revision_numbers_db [None req-d141ebb0-a819-4e83-9a7e-5117b45000ed 88c56a0580a246c08972711cfb1c73ca 0d5f1a06501c463abc94a97c695dc1cf - - default default] Successfully bumped revision number for resource 6862ae2f-0bd1-4b88-9ab2-e9cf274300c9 (type: security_group_rules) to 0
2026-07-01 08:36:21.835 8 INFO neutron.db.ovn_revision_numbers_db [None req-d141ebb0-a819-4e83-9a7e-5117b45000ed 88c56a0580a246c08972711cfb1c73ca 0d5f1a06501c463abc94a97c695dc1cf - - default default] Successfully bumped revision number for resource 6f016f7c-5e0d-4789-a854-00276f693945 (type: security_group_rules) to 0
2026-07-01 08:36:21.854 8 INFO neutron.db.ovn_revision_numbers_db [None req-d141ebb0-a819-4e83-9a7e-5117b45000ed 88c56a0580a246c08972711cfb1c73ca 0d5f1a06501c463abc94a97c695dc1cf - - default default] Successfully bumped revision number for resource a8795465-8d6b-44ee-af23-5d35d01db4ad (type: security_group_rules) to 0
2026-07-01 08:36:21.908 8 INFO neutron.plugins.ml2.drivers.ovn.mech_driver.mech_driver [None req-39e1af90-315b-4a9d-8105-652c39cad2cd - - - - - -] OVN reports status down for port: b4cab6b4-cbb5-4d45-b6cf-9a5e95f6fd33
2026-07-01 08:36:21.934 7 INFO neutron.db.ovn_revision_numbers_db [None req-d9089e5f-54bf-404e-b9c4-86a765bb682e 0b1ed0c9b58d4bd391b49ac46f6a2c77 f1607994d80c4b379d7773e2848ff4bf - - default default] Successfully bumped revision number for resource b4cab6b4-cbb5-4d45-b6cf-9a5e95f6fd33 (type: ports) to 1
2026-07-01 08:36:21.942 8 INFO neutron.db.segments_db [None req-d141ebb0-a819-4e83-9a7e-5117b45000ed 88c56a0580a246c08972711cfb1c73ca 0d5f1a06501c463abc94a97c695dc1cf - - default default] Added segment 8d4eefae-60ee-4a73-a3bd-df10a281dfa0 of type geneve for network 8a18ae5e-d849-4303-85ee-bd69b9f10ac5
2026-07-01 08:36:22.099 8 INFO neutron.db.ovn_revision_numbers_db [None req-d141ebb0-a819-4e83-9a7e-5117b45000ed 88c56a0580a246c08972711cfb1c73ca 0d5f1a06501c463abc94a97c695dc1cf - - default default] Successfully bumped revision number for resource 8a18ae5e-d849-4303-85ee-bd69b9f10ac5 (type: networks) to 1
2026-07-01 08:36:22.266 8 WARNING neutron.scheduler.dhcp_agent_scheduler [None req-d141ebb0-a819-4e83-9a7e-5117b45000ed 88c56a0580a246c08972711cfb1c73ca 0d5f1a06501c463abc94a97c695dc1cf - - default default] No more DHCP agents
2026-07-01 08:36:22.268 8 WARNING neutron.api.rpc.agentnotifiers.dhcp_rpc_agent_api [None req-d141ebb0-a819-4e83-9a7e-5117b45000ed 88c56a0580a246c08972711cfb1c73ca 0d5f1a06501c463abc94a97c695dc1cf - - default default] Unable to schedule network 8a18ae5e-d849-4303-85ee-bd69b9f10ac5: no agents available; will retry on subsequent port and subnet creation events.
2026-07-01 08:36:22.331 7 INFO neutron.plugins.ml2.drivers.ovn.mech_driver.mech_driver [None req-a236e46e-34b5-49ff-8676-40dbaa3837ef - - - - - -] OVN reports status down for port: 4fd35531-3336-49a9-9c60-e01260411066
2026-07-01 08:36:22.372 8 INFO neutron.db.ovn_revision_numbers_db [None req-d141ebb0-a819-4e83-9a7e-5117b45000ed 88c56a0580a246c08972711cfb1c73ca 0d5f1a06501c463abc94a97c695dc1cf - - default default] Successfully bumped revision number for resource 4fd35531-3336-49a9-9c60-e01260411066 (type: ports) to 1 [pid: 8|app: 0|req: 899/1755] 10.0.0.153 () {34 vars in 671 bytes} [Wed Jul 1 08:36:21 2026] POST /v2.0/networks => generated 743 bytes in 885 msecs (HTTP/1.1 201) 4 headers in 162 bytes (1 switches on core 0)
2026-07-01 08:36:22.516 8 WARNING neutron.scheduler.dhcp_agent_scheduler [None req-f7b0a9fa-ad76-41f8-adcd-7984d5f5d912 88c56a0580a246c08972711cfb1c73ca 0d5f1a06501c463abc94a97c695dc1cf - - default default] No more DHCP agents
2026-07-01 08:36:22.517 8 WARNING neutron.api.rpc.agentnotifiers.dhcp_rpc_agent_api [None req-f7b0a9fa-ad76-41f8-adcd-7984d5f5d912 88c56a0580a246c08972711cfb1c73ca 0d5f1a06501c463abc94a97c695dc1cf - - default default] Unable to schedule network 8a18ae5e-d849-4303-85ee-bd69b9f10ac5: no agents available; will retry on subsequent port and subnet creation events.
2026-07-01 08:36:22.729 8 INFO neutron.plugins.ml2.drivers.ovn.mech_driver.mech_driver [None req-39e1af90-315b-4a9d-8105-652c39cad2cd - - - - - -] OVN reports status up for port: b4cab6b4-cbb5-4d45-b6cf-9a5e95f6fd33
2026-07-01 08:36:22.748 8 INFO neutron.plugins.ml2.plugin [None req-39e1af90-315b-4a9d-8105-652c39cad2cd - - - - - -] Attempt 1 to provision port b4cab6b4-cbb5-4d45-b6cf-9a5e95f6fd33
2026-07-01 08:36:22.793 7 WARNING neutron.scheduler.dhcp_agent_scheduler [None req-d9089e5f-54bf-404e-b9c4-86a765bb682e 0b1ed0c9b58d4bd391b49ac46f6a2c77 f1607994d80c4b379d7773e2848ff4bf - - default default] No more DHCP agents
2026-07-01 08:36:22.794 7 WARNING neutron.api.rpc.agentnotifiers.dhcp_rpc_agent_api [None req-d9089e5f-54bf-404e-b9c4-86a765bb682e 0b1ed0c9b58d4bd391b49ac46f6a2c77 f1607994d80c4b379d7773e2848ff4bf - - default default] Unable to schedule network 86c12edc-c711-40dd-85fc-aabbd9750424: no agents available; will retry on subsequent port and subnet creation events.
2026-07-01 08:36:23.132 7 INFO neutron.db.ovn_revision_numbers_db [None req-d9089e5f-54bf-404e-b9c4-86a765bb682e 0b1ed0c9b58d4bd391b49ac46f6a2c77 f1607994d80c4b379d7773e2848ff4bf - - default default] Successfully bumped revision number for resource b4cab6b4-cbb5-4d45-b6cf-9a5e95f6fd33 (type: router_ports) to 1 [pid: 7|app: 0|req: 857/1756] 10.0.0.153 () {34 vars in 783 bytes} [Wed Jul 1 08:36:20 2026] PUT /v2.0/routers/4a4816a1-2f5d-494f-9434-8d9d3d1765b5/add_router_interface => generated 309 bytes in 2166 msecs (HTTP/1.1 200) 4 headers in 157 bytes (1 switches on core 0) [pid: 7|app: 0|req: 858/1757] 10.0.0.153 () {32 vars in 649 bytes} [Wed Jul 1 08:36:23 2026] GET /v2.0/networks => generated 3675 bytes in 57 msecs (HTTP/1.1 200) 4 headers in 158 bytes (1 switches on core 0) [pid: 7|app: 0|req: 859/1758] 10.0.0.153 () {32 vars in 647 bytes} [Wed Jul 1 08:36:23 2026] GET /v2.0/subnets => generated 2649 bytes in 43 msecs (HTTP/1.1 200) 4 headers in 158 bytes (1 switches on core 0)
2026-07-01 08:36:23.261 8 INFO neutron.db.ovn_revision_numbers_db [None req-52b0427d-0f2c-4881-bb01-824f894002f7 - - - - - -] Successfully bumped revision number for resource 4fd35531-3336-49a9-9c60-e01260411066 (type: ports) to 2 [pid: 7|app: 0|req: 860/1759] 10.0.0.153 () {32 vars in 647 bytes} [Wed Jul 1 08:36:23 2026] GET /v2.0/routers => generated 975 bytes in 57 msecs (HTTP/1.1 200) 4 headers in 157 bytes (1 switches on core 0)
2026-07-01 08:36:23.359 8 INFO neutron.db.ovn_revision_numbers_db [None req-52b0427d-0f2c-4881-bb01-824f894002f7 - - - - - -] Successfully bumped revision number for resource 77650893-c642-4996-b588-a04a4baf09b5 (type: subnets) to 0 [pid: 8|app: 0|req: 900/1760] 10.0.0.153 () {34 vars in 669 bytes} [Wed Jul 1 08:36:22 2026] POST /v2.0/subnets => generated 687 bytes in 1007 msecs (HTTP/1.1 201) 4 headers in 162 bytes (1 switches on core 0)
2026-07-01 08:36:23.543 7 INFO neutron.db.ovn_revision_numbers_db [None req-6298e0fd-94b3-46fd-bb43-41dcd8e48748 0b1ed0c9b58d4bd391b49ac46f6a2c77 f1607994d80c4b379d7773e2848ff4bf - - default default] Successfully bumped revision number for resource 5b9aaab2-6ced-48a5-8751-8124cd64aa67 (type: security_groups) to 1
2026-07-01 08:36:23.563 7 INFO neutron.db.ovn_revision_numbers_db [None req-6298e0fd-94b3-46fd-bb43-41dcd8e48748 0b1ed0c9b58d4bd391b49ac46f6a2c77 f1607994d80c4b379d7773e2848ff4bf - - default default] Successfully bumped revision number for resource 4b98eafe-31a8-467a-a20d-1537f4ad4e2a (type: security_group_rules) to 0
2026-07-01 08:36:23.583 7 INFO neutron.db.ovn_revision_numbers_db [None req-6298e0fd-94b3-46fd-bb43-41dcd8e48748 0b1ed0c9b58d4bd391b49ac46f6a2c77 f1607994d80c4b379d7773e2848ff4bf - - default default] Successfully bumped revision number for resource 643f1568-4dce-4884-9104-0a7fc56bdc90 (type: security_group_rules) to 0
2026-07-01 08:36:23.595 8 INFO neutron.db.ovn_revision_numbers_db [None req-39e1af90-315b-4a9d-8105-652c39cad2cd - - - - - -] Successfully bumped revision number for resource b4cab6b4-cbb5-4d45-b6cf-9a5e95f6fd33 (type: ports) to 2 [pid: 7|app: 0|req: 861/1761] 10.0.0.153 () {34 vars in 685 bytes} [Wed Jul 1 08:36:23 2026] POST /v2.0/security-groups => generated 1673 bytes in 236 msecs (HTTP/1.1 201) 4 headers in 163 bytes (1 switches on core 0)
2026-07-01 08:36:23.769 7 INFO neutron.db.ovn_revision_numbers_db [None req-77e55846-a35f-4be2-860f-da51845317a0 0b1ed0c9b58d4bd391b49ac46f6a2c77 f1607994d80c4b379d7773e2848ff4bf - - default default] Successfully bumped revision number for resource 2b1f7302-791d-4470-8182-bdf1016f86a9 (type: security_group_rules) to 0 [pid: 7|app: 0|req: 862/1762] 10.0.0.153 () {34 vars in 695 bytes} [Wed Jul 1 08:36:23 2026] POST /v2.0/security-group-rules => generated 597 bytes in 167 msecs (HTTP/1.1 201) 4 headers in 162 bytes (1 switches on core 0)
2026-07-01 08:36:23.961 7 INFO neutron.db.ovn_revision_numbers_db [None req-d953b545-ebf0-406a-8689-26a09ca7afb5 0b1ed0c9b58d4bd391b49ac46f6a2c77 f1607994d80c4b379d7773e2848ff4bf - - default default] Successfully bumped revision number for resource 2f133441-2b95-4433-8302-a431dc02933a (type: security_group_rules) to 0 [pid: 7|app: 0|req: 863/1763] 10.0.0.153 () {34 vars in 695 bytes} [Wed Jul 1 08:36:23 2026] POST /v2.0/security-group-rules => generated 596 bytes in 187 msecs (HTTP/1.1 201) 4 headers in 162 bytes (1 switches on core 0)
2026-07-01 08:36:24.030 8 WARNING neutron.scheduler.dhcp_agent_scheduler [None req-1baa35e2-688f-4a91-87ec-2abe6c3b3198 88c56a0580a246c08972711cfb1c73ca 0d5f1a06501c463abc94a97c695dc1cf - - default default] No more DHCP agents
2026-07-01 08:36:24.033 8 WARNING neutron.api.rpc.agentnotifiers.dhcp_rpc_agent_api [None req-1baa35e2-688f-4a91-87ec-2abe6c3b3198 88c56a0580a246c08972711cfb1c73ca 0d5f1a06501c463abc94a97c695dc1cf - - default default] Unable to schedule network aabd1f4b-8c7f-4723-b12a-17208c59a918: no agents available; will retry on subsequent port and subnet creation events.
2026-07-01 08:36:24.163 7 INFO neutron.db.ovn_revision_numbers_db [None req-506927b6-6462-488c-a0eb-5fa9af41b530 0b1ed0c9b58d4bd391b49ac46f6a2c77 f1607994d80c4b379d7773e2848ff4bf - - default default] Successfully bumped revision number for resource d801ce87-d1e5-4b6a-90f3-866bb9d85537 (type: security_group_rules) to 0
2026-07-01 08:36:24.194 8 INFO neutron.db.ovn_revision_numbers_db [None req-1baa35e2-688f-4a91-87ec-2abe6c3b3198 88c56a0580a246c08972711cfb1c73ca 0d5f1a06501c463abc94a97c695dc1cf - - default default] Successfully bumped revision number for resource 13bd630e-19c8-4e5f-91c8-b6ef0d9ca5cc (type: ports) to 1 [pid: 7|app: 0|req: 864/1764] 10.0.0.153 () {34 vars in 695 bytes} [Wed Jul 1 08:36:24 2026] POST /v2.0/security-group-rules => generated 602 bytes in 200 msecs (HTTP/1.1 201) 4 headers in 162 bytes (1 switches on core 0)
2026-07-01 08:36:24.350 7 INFO neutron.db.ovn_revision_numbers_db [None req-ebb76dab-c737-4851-b001-b672a1a763f2 0b1ed0c9b58d4bd391b49ac46f6a2c77 f1607994d80c4b379d7773e2848ff4bf - - default default] Successfully bumped revision number for resource e65d8ee5-703a-4b92-9367-d53d7496ea17 (type: security_group_rules) to 0 [pid: 7|app: 0|req: 865/1765] 10.0.0.153 () {34 vars in 695 bytes} [Wed Jul 1 08:36:24 2026] POST /v2.0/security-group-rules => generated 601 bytes in 186 msecs (HTTP/1.1 201) 4 headers in 162 bytes (1 switches on core 0)
2026-07-01 08:36:24.430 7 INFO neutron.db.securitygroups_db [None req-ec5be74c-9c3c-4b40-a5c8-54e2d15473e5 0b1ed0c9b58d4bd391b49ac46f6a2c77 f1607994d80c4b379d7773e2848ff4bf - - default default] Project f1607994d80c4b379d7773e2848ff4bf added a security group rule with legacy IPv6 ICMP protocol name icmp, ipv6-icmp should be used instead. It was automatically converted.
2026-07-01 08:36:24.531 7 INFO neutron.db.ovn_revision_numbers_db [None req-ec5be74c-9c3c-4b40-a5c8-54e2d15473e5 0b1ed0c9b58d4bd391b49ac46f6a2c77 f1607994d80c4b379d7773e2848ff4bf - - default default] Successfully bumped revision number for resource 9be9d625-271e-4792-ab74-33d34af52202 (type: security_group_rules) to 0 [pid: 7|app: 0|req: 866/1766] 10.0.0.153 () {34 vars in 695 bytes} [Wed Jul 1 08:36:24 2026] POST /v2.0/security-group-rules => generated 607 bytes in 156 msecs (HTTP/1.1 201) 4 headers in 162 bytes (1 switches on core 0)
2026-07-01 08:36:24.846 7 INFO neutron.db.ovn_revision_numbers_db [None req-f3a297a6-1d86-443c-9fbe-af177305ebe9 88c56a0580a246c08972711cfb1c73ca 0d5f1a06501c463abc94a97c695dc1cf - - default default] Successfully bumped revision number for resource 3be04418-9726-4a81-ac8f-a65a88e8e271 (type: security_groups) to 1
2026-07-01 08:36:24.856 7 INFO neutron.db.ovn_revision_numbers_db [None req-f3a297a6-1d86-443c-9fbe-af177305ebe9 88c56a0580a246c08972711cfb1c73ca 0d5f1a06501c463abc94a97c695dc1cf - - default default] Successfully bumped revision number for resource 16f321d1-a80a-4767-b99c-62d49aefa73c (type: security_group_rules) to 0
2026-07-01 08:36:24.864 8 INFO neutron.plugins.ml2.drivers.ovn.mech_driver.ovsdb.commands [None req-b71d0279-5a06-483f-8213-35d8e74751a0 - - - - - -] Schedule LRP lrp-13bd630e-19c8-4e5f-91c8-b6ef0d9ca5cc on gateway 13ef7027-1acc-48c2-a640-e05bbf17be2c with priority 1
2026-07-01 08:36:24.893 7 INFO neutron.db.ovn_revision_numbers_db [None req-f3a297a6-1d86-443c-9fbe-af177305ebe9 88c56a0580a246c08972711cfb1c73ca 0d5f1a06501c463abc94a97c695dc1cf - - default default] Successfully bumped revision number for resource 85ccf51f-2896-48b6-af1b-222099476753 (type: security_group_rules) to 0
2026-07-01 08:36:24.922 8 INFO neutron.plugins.ml2.drivers.ovn.mech_driver.ovsdb.ovsdb_monitor [None req-a11e8d5d-0b89-4e0d-bce6-842f0714fba5 - - - - - -] Router c9dbf0e2-afa0-485b-96f6-a701cb72b1b1 is bound to host instance
2026-07-01 08:36:24.925 7 INFO neutron.db.ovn_revision_numbers_db [None req-f3a297a6-1d86-443c-9fbe-af177305ebe9 88c56a0580a246c08972711cfb1c73ca 0d5f1a06501c463abc94a97c695dc1cf - - default default] Successfully bumped revision number for resource b70d6a78-5fc5-4931-9524-4ff91c7b5ca6 (type: security_group_rules) to 0
2026-07-01 08:36:24.938 7 INFO neutron.db.ovn_revision_numbers_db [None req-f3a297a6-1d86-443c-9fbe-af177305ebe9 88c56a0580a246c08972711cfb1c73ca 0d5f1a06501c463abc94a97c695dc1cf - - default default] Successfully bumped revision number for resource c74fb874-a223-4552-9988-12c8a6a83b54 (type: security_group_rules) to 0 [pid: 7|app: 0|req: 867/1767] 10.0.0.153 () {32 vars in 774 bytes} [Wed Jul 1 08:36:24 2026] GET /v2.0/security-groups?tenant_id=b5a8bba28d4c4fd79f5073e8d9915696&name=default => generated 2925 bytes in 415 msecs (HTTP/1.1 200) 4 headers in 158 bytes (1 switches on core 0)
2026-07-01 08:36:24.985 8 INFO neutron.db.ovn_revision_numbers_db [None req-1baa35e2-688f-4a91-87ec-2abe6c3b3198 88c56a0580a246c08972711cfb1c73ca 0d5f1a06501c463abc94a97c695dc1cf - - default default] Successfully bumped revision number for resource 13bd630e-19c8-4e5f-91c8-b6ef0d9ca5cc (type: router_ports) to 1
2026-07-01 08:36:25.004 7 INFO neutron.db.securitygroups_db [None req-21283409-5440-4a98-afee-bd2c66b04da1 0b1ed0c9b58d4bd391b49ac46f6a2c77 f1607994d80c4b379d7773e2848ff4bf - - default default] Project f1607994d80c4b379d7773e2848ff4bf added a security group rule with legacy IPv6 ICMP protocol name icmp, ipv6-icmp should be used instead. It was automatically converted.
2026-07-01 08:36:25.112 7 INFO neutron.db.ovn_revision_numbers_db [None req-21283409-5440-4a98-afee-bd2c66b04da1 0b1ed0c9b58d4bd391b49ac46f6a2c77 f1607994d80c4b379d7773e2848ff4bf - - default default] Successfully bumped revision number for resource 941caf37-ef31-45e0-9ee2-0156ea363b95 (type: security_group_rules) to 0
2026-07-01 08:36:25.122 8 INFO neutron.db.ovn_revision_numbers_db [None req-1baa35e2-688f-4a91-87ec-2abe6c3b3198 88c56a0580a246c08972711cfb1c73ca 0d5f1a06501c463abc94a97c695dc1cf - - default default] Successfully bumped revision number for resource c9dbf0e2-afa0-485b-96f6-a701cb72b1b1 (type: routers) to 2 [pid: 7|app: 0|req: 868/1768] 10.0.0.153 () {34 vars in 695 bytes} [Wed Jul 1 08:36:24 2026] POST /v2.0/security-group-rules => generated 606 bytes in 181 msecs (HTTP/1.1 201) 4 headers in 162 bytes (1 switches on core 0) [pid: 8|app: 0|req: 901/1769] 10.0.0.153 () {34 vars in 669 bytes} [Wed Jul 1 08:36:23 2026] POST /v2.0/routers => generated 965 bytes in 1749 msecs (HTTP/1.1 201) 4 headers in 162 bytes (1 switches on core 0) [pid: 7|app: 0|req: 869/1770] 10.0.0.153 () {32 vars in 740 bytes} [Wed Jul 1 08:36:25 2026] DELETE /v2.0/security-groups/3be04418-9726-4a81-ac8f-a65a88e8e271 => generated 0 bytes in 247 msecs (HTTP/1.1 204) 2 headers in 112 bytes (1 switches on core 0) [pid: 7|app: 0|req: 870/1771] 10.0.0.153 () {32 vars in 649 bytes} [Wed Jul 1 08:36:25 2026] GET /v2.0/networks => generated 1297 bytes in 253 msecs (HTTP/1.1 200) 4 headers in 158 bytes (1 switches on core 0)
2026-07-01 08:36:25.890 7 INFO neutron.db.ovn_revision_numbers_db [None req-d150184d-5e3f-4a0c-9042-72ba30122aeb 88c56a0580a246c08972711cfb1c73ca 0d5f1a06501c463abc94a97c695dc1cf - - default default] Successfully bumped revision number for resource 219a3efe-bff8-4d12-b509-4f519e8316c0 (type: security_groups) to 1
2026-07-01 08:36:25.904 7 INFO neutron.db.ovn_revision_numbers_db [None req-d150184d-5e3f-4a0c-9042-72ba30122aeb 88c56a0580a246c08972711cfb1c73ca 0d5f1a06501c463abc94a97c695dc1cf - - default default] Successfully bumped revision number for resource 18c4b4d2-30b3-4b2a-bb70-1f527bb3c9db (type: security_group_rules) to 0
2026-07-01 08:36:25.915 7 INFO neutron.db.ovn_revision_numbers_db [None req-d150184d-5e3f-4a0c-9042-72ba30122aeb 88c56a0580a246c08972711cfb1c73ca 0d5f1a06501c463abc94a97c695dc1cf - - default default] Successfully bumped revision number for resource 3f4ae20b-7e76-4b3a-ae39-769332c794bc (type: security_group_rules) to 0
2026-07-01 08:36:25.924 7 INFO neutron.db.ovn_revision_numbers_db [None req-d150184d-5e3f-4a0c-9042-72ba30122aeb 88c56a0580a246c08972711cfb1c73ca 0d5f1a06501c463abc94a97c695dc1cf - - default default] Successfully bumped revision number for resource 9cbcecb4-a642-4e2d-8a29-454a097aa5a1 (type: security_group_rules) to 0
2026-07-01 08:36:25.935 7 INFO neutron.db.ovn_revision_numbers_db [None req-d150184d-5e3f-4a0c-9042-72ba30122aeb 88c56a0580a246c08972711cfb1c73ca 0d5f1a06501c463abc94a97c695dc1cf - - default default] Successfully bumped revision number for resource eb110818-8a40-4891-a196-0b1e636aaff2 (type: security_group_rules) to 0 [pid: 7|app: 0|req: 871/1772] 10.0.0.153 () {32 vars in 774 bytes} [Wed Jul 1 08:36:25 2026] GET /v2.0/security-groups?tenant_id=464936a06d6e4b478d2d70f7c6989a1b&name=default => generated 2925 bytes in 211 msecs (HTTP/1.1 200) 4 headers in 158 bytes (1 switches on core 0) [pid: 7|app: 0|req: 872/1773] 10.0.0.171 () {34 vars in 1098 bytes} [Wed Jul 1 08:36:25 2026] GET /v2.0/security-groups?name=tempest-secgroup-smoke-749120377&fields=id&tenant_id=f1607994d80c4b379d7773e2848ff4bf => generated 69 bytes in 32 msecs (HTTP/1.1 200) 4 headers in 156 bytes (1 switches on core 0)
2026-07-01 08:36:26.089 8 WARNING neutron.scheduler.dhcp_agent_scheduler [None req-12f114c8-907e-493e-97f0-fab013d897e1 88c56a0580a246c08972711cfb1c73ca 0d5f1a06501c463abc94a97c695dc1cf - - default default] No more DHCP agents
2026-07-01 08:36:26.090 8 WARNING neutron.api.rpc.agentnotifiers.dhcp_rpc_agent_api [None req-12f114c8-907e-493e-97f0-fab013d897e1 88c56a0580a246c08972711cfb1c73ca 0d5f1a06501c463abc94a97c695dc1cf - - default default] Unable to schedule network 8a18ae5e-d849-4303-85ee-bd69b9f10ac5: no agents available; will retry on subsequent port and subnet creation events.
2026-07-01 08:36:26.181 7 INFO neutron.db.ovn_revision_numbers_db [None req-9f5c21ae-c589-469f-93aa-88afb02cf2e9 88478775e2b544e086170f9eda1cb91a bb1e0300169a4a18860e1e6e926237e9 - - default default] Successfully bumped revision number for resource fe555298-32fd-4b59-8e19-726a14b1d965 (type: security_groups) to 1
2026-07-01 08:36:26.197 7 INFO neutron.db.ovn_revision_numbers_db [None req-9f5c21ae-c589-469f-93aa-88afb02cf2e9 88478775e2b544e086170f9eda1cb91a bb1e0300169a4a18860e1e6e926237e9 - - default default] Successfully bumped revision number for resource 7098b82d-ad6c-4750-b33c-876f52b3963c (type: security_group_rules) to 0
2026-07-01 08:36:26.216 7 INFO neutron.db.ovn_revision_numbers_db [None req-9f5c21ae-c589-469f-93aa-88afb02cf2e9 88478775e2b544e086170f9eda1cb91a bb1e0300169a4a18860e1e6e926237e9 - - default default] Successfully bumped revision number for resource 7d89b178-3d66-4889-a3ae-36749f98f793 (type: security_group_rules) to 0
2026-07-01 08:36:26.228 7 INFO neutron.db.ovn_revision_numbers_db [None req-9f5c21ae-c589-469f-93aa-88afb02cf2e9 88478775e2b544e086170f9eda1cb91a bb1e0300169a4a18860e1e6e926237e9 - - default default] Successfully bumped revision number for resource 7dd5e8d5-a03a-463b-9bb6-05c7a1f0c0a0 (type: security_group_rules) to 0
2026-07-01 08:36:26.239 7 INFO neutron.db.ovn_revision_numbers_db [None req-9f5c21ae-c589-469f-93aa-88afb02cf2e9 88478775e2b544e086170f9eda1cb91a bb1e0300169a4a18860e1e6e926237e9 - - default default] Successfully bumped revision number for resource d5b43ee4-a067-4966-9213-8e39d39739f8 (type: security_group_rules) to 0
2026-07-01 08:36:26.333 7 INFO neutron.db.segments_db [None req-9f5c21ae-c589-469f-93aa-88afb02cf2e9 88478775e2b544e086170f9eda1cb91a bb1e0300169a4a18860e1e6e926237e9 - - default default] Added segment 6f5a4e98-bbae-4328-ac83-34676069cbec of type geneve for network 5a389adb-5f23-4ecb-8b3e-688960141bc2
2026-07-01 08:36:26.452 7 INFO neutron.db.ovn_revision_numbers_db [None req-9f5c21ae-c589-469f-93aa-88afb02cf2e9 88478775e2b544e086170f9eda1cb91a bb1e0300169a4a18860e1e6e926237e9 - - default default] Successfully bumped revision number for resource 5a389adb-5f23-4ecb-8b3e-688960141bc2 (type: networks) to 1
2026-07-01 08:36:26.474 8 INFO neutron.db.ovn_revision_numbers_db [None req-12f114c8-907e-493e-97f0-fab013d897e1 88c56a0580a246c08972711cfb1c73ca 0d5f1a06501c463abc94a97c695dc1cf - - default default] Successfully bumped revision number for resource 1060abc3-a043-4a21-b04d-98a286338adb (type: ports) to 1
2026-07-01 08:36:26.600 8 INFO neutron.db.ovn_revision_numbers_db [None req-48a2bdde-293b-4350-8916-780dfe6a64c5 - - - - - -] Successfully bumped revision number for resource 13bd630e-19c8-4e5f-91c8-b6ef0d9ca5cc (type: ports) to 4
2026-07-01 08:36:26.653 7 WARNING neutron.scheduler.dhcp_agent_scheduler [None req-9f5c21ae-c589-469f-93aa-88afb02cf2e9 88478775e2b544e086170f9eda1cb91a bb1e0300169a4a18860e1e6e926237e9 - - default default] No more DHCP agents
2026-07-01 08:36:26.654 7 WARNING neutron.api.rpc.agentnotifiers.dhcp_rpc_agent_api [None req-9f5c21ae-c589-469f-93aa-88afb02cf2e9 88478775e2b544e086170f9eda1cb91a bb1e0300169a4a18860e1e6e926237e9 - - default default] Unable to schedule network 5a389adb-5f23-4ecb-8b3e-688960141bc2: no agents available; will retry on subsequent port and subnet creation events.
2026-07-01 08:36:26.739 7 INFO neutron.db.ovn_revision_numbers_db [None req-9f5c21ae-c589-469f-93aa-88afb02cf2e9 88478775e2b544e086170f9eda1cb91a bb1e0300169a4a18860e1e6e926237e9 - - default default] Successfully bumped revision number for resource 82960e73-0f03-4156-8b31-bff0434ddf12 (type: ports) to 1 [pid: 7|app: 0|req: 873/1774] 10.0.0.153 () {34 vars in 670 bytes} [Wed Jul 1 08:36:26 2026] POST /v2.0/networks => generated 632 bytes in 751 msecs (HTTP/1.1 201) 4 headers in 162 bytes (1 switches on core 0) [pid: 7|app: 0|req: 874/1775] 10.0.0.153 () {32 vars in 740 bytes} [Wed Jul 1 08:36:26 2026] DELETE /v2.0/security-groups/219a3efe-bff8-4d12-b509-4f519e8316c0 => generated 0 bytes in 193 msecs (HTTP/1.1 204) 2 headers in 112 bytes (1 switches on core 0) [pid: 7|app: 0|req: 875/1776] 10.0.0.171 () {34 vars in 982 bytes} [Wed Jul 1 08:36:26 2026] GET /v2.0/networks?id=86c12edc-c711-40dd-85fc-aabbd9750424 => generated 660 bytes in 47 msecs (HTTP/1.1 200) 4 headers in 157 bytes (1 switches on core 0)
2026-07-01 08:36:27.174 7 WARNING neutron.scheduler.dhcp_agent_scheduler [None req-566317e3-a551-4992-8e4e-558421bc873b 88478775e2b544e086170f9eda1cb91a bb1e0300169a4a18860e1e6e926237e9 - - default default] No more DHCP agents
2026-07-01 08:36:27.175 7 WARNING neutron.api.rpc.agentnotifiers.dhcp_rpc_agent_api [None req-566317e3-a551-4992-8e4e-558421bc873b 88478775e2b544e086170f9eda1cb91a bb1e0300169a4a18860e1e6e926237e9 - - default default] Unable to schedule network 5a389adb-5f23-4ecb-8b3e-688960141bc2: no agents available; will retry on subsequent port and subnet creation events.
2026-07-01 08:36:27.336 8 INFO neutron.db.ovn_revision_numbers_db [None req-48a2bdde-293b-4350-8916-780dfe6a64c5 - - - - - -] Successfully bumped revision number for resource 13bd630e-19c8-4e5f-91c8-b6ef0d9ca5cc (type: ports) to 5
2026-07-01 08:36:27.645 7 INFO neutron.db.ovn_revision_numbers_db [None req-feab1e24-4488-4bab-b0c4-a2928072e239 - - - - - -] Successfully bumped revision number for resource 82960e73-0f03-4156-8b31-bff0434ddf12 (type: ports) to 2
2026-07-01 08:36:27.672 7 INFO neutron.db.ovn_revision_numbers_db [None req-feab1e24-4488-4bab-b0c4-a2928072e239 - - - - - -] Successfully bumped revision number for resource 2097a41f-78fa-44dc-bd13-d3ee673bdfae (type: subnets) to 0
2026-07-01 08:36:27.673 8 WARNING neutron.scheduler.dhcp_agent_scheduler [None req-12f114c8-907e-493e-97f0-fab013d897e1 88c56a0580a246c08972711cfb1c73ca 0d5f1a06501c463abc94a97c695dc1cf - - default default] No more DHCP agents
2026-07-01 08:36:27.674 8 WARNING neutron.api.rpc.agentnotifiers.dhcp_rpc_agent_api [None req-12f114c8-907e-493e-97f0-fab013d897e1 88c56a0580a246c08972711cfb1c73ca 0d5f1a06501c463abc94a97c695dc1cf - - default default] Unable to schedule network 8a18ae5e-d849-4303-85ee-bd69b9f10ac5: no agents available; will retry on subsequent port and subnet creation events. [pid: 7|app: 0|req: 876/1777] 10.0.0.153 () {34 vars in 669 bytes} [Wed Jul 1 08:36:27 2026] POST /v2.0/subnets => generated 626 bytes in 684 msecs (HTTP/1.1 201) 4 headers in 162 bytes (1 switches on core 0) [pid: 7|app: 0|req: 877/1778] 10.0.0.171 () {34 vars in 965 bytes} [Wed Jul 1 08:36:27 2026] GET /v2.0/quotas/f1607994d80c4b379d7773e2848ff4bf => generated 292 bytes in 11 msecs (HTTP/1.1 200) 4 headers in 157 bytes (1 switches on core 0)
2026-07-01 08:36:27.791 7 INFO neutron.db.segments_db [None req-c2fdceb8-1c1b-4664-a5c8-c2d96cd664b1 88478775e2b544e086170f9eda1cb91a bb1e0300169a4a18860e1e6e926237e9 - - default default] Added segment 23009ab8-4a5d-43c2-a9d5-f1d638d9f18f of type geneve for network 35342121-902b-423b-a4a8-32907efa37b8
2026-07-01 08:36:27.891 7 INFO neutron.db.ovn_revision_numbers_db [None req-c2fdceb8-1c1b-4664-a5c8-c2d96cd664b1 88478775e2b544e086170f9eda1cb91a bb1e0300169a4a18860e1e6e926237e9 - - default default] Successfully bumped revision number for resource 35342121-902b-423b-a4a8-32907efa37b8 (type: networks) to 1
2026-07-01 08:36:28.085 7 WARNING neutron.scheduler.dhcp_agent_scheduler [None req-c2fdceb8-1c1b-4664-a5c8-c2d96cd664b1 88478775e2b544e086170f9eda1cb91a bb1e0300169a4a18860e1e6e926237e9 - - default default] No more DHCP agents
2026-07-01 08:36:28.086 7 WARNING neutron.api.rpc.agentnotifiers.dhcp_rpc_agent_api [None req-c2fdceb8-1c1b-4664-a5c8-c2d96cd664b1 88478775e2b544e086170f9eda1cb91a bb1e0300169a4a18860e1e6e926237e9 - - default default] Unable to schedule network 35342121-902b-423b-a4a8-32907efa37b8: no agents available; will retry on subsequent port and subnet creation events.
2026-07-01 08:36:28.139 7 INFO neutron.plugins.ml2.drivers.ovn.mech_driver.mech_driver [None req-a236e46e-34b5-49ff-8676-40dbaa3837ef - - - - - -] OVN reports status down for port: 07c7efed-978c-4b81-839b-45e19891da71
2026-07-01 08:36:28.145 8 INFO neutron.db.ovn_revision_numbers_db [None req-12f114c8-907e-493e-97f0-fab013d897e1 88c56a0580a246c08972711cfb1c73ca 0d5f1a06501c463abc94a97c695dc1cf - - default default] Successfully bumped revision number for resource 1060abc3-a043-4a21-b04d-98a286338adb (type: router_ports) to 1 [pid: 8|app: 0|req: 902/1779] 10.0.0.153 () {34 vars in 783 bytes} [Wed Jul 1 08:36:25 2026] PUT /v2.0/routers/c9dbf0e2-afa0-485b-96f6-a701cb72b1b1/add_router_interface => generated 309 bytes in 2986 msecs (HTTP/1.1 200) 4 headers in 157 bytes (1 switches on core 0)
2026-07-01 08:36:28.195 7 INFO neutron.db.ovn_revision_numbers_db [None req-c2fdceb8-1c1b-4664-a5c8-c2d96cd664b1 88478775e2b544e086170f9eda1cb91a bb1e0300169a4a18860e1e6e926237e9 - - default default] Successfully bumped revision number for resource 07c7efed-978c-4b81-839b-45e19891da71 (type: ports) to 1 [pid: 7|app: 0|req: 878/1780] 10.0.0.153 () {34 vars in 670 bytes} [Wed Jul 1 08:36:27 2026] POST /v2.0/networks => generated 632 bytes in 543 msecs (HTTP/1.1 201) 4 headers in 162 bytes (1 switches on core 0) [pid: 8|app: 0|req: 903/1781] 10.0.0.171 () {34 vars in 1002 bytes} [Wed Jul 1 08:36:28 2026] GET /v2.0/ports?tenant_id=f1607994d80c4b379d7773e2848ff4bf&fields=id => generated 103 bytes in 90 msecs (HTTP/1.1 200) 4 headers in 157 bytes (1 switches on core 0) [pid: 8|app: 0|req: 904/1782] 10.0.0.171 () {34 vars in 1008 bytes} [Wed Jul 1 08:36:28 2026] GET /v2.0/networks/86c12edc-c711-40dd-85fc-aabbd9750424?fields=segments => generated 14 bytes in 59 msecs (HTTP/1.1 200) 4 headers in 156 bytes (1 switches on core 0) [pid: 8|app: 0|req: 905/1783] 10.0.0.171 () {34 vars in 1108 bytes} [Wed Jul 1 08:36:28 2026] GET /v2.0/networks/86c12edc-c711-40dd-85fc-aabbd9750424?fields=provider%3Aphysical_network&fields=provider%3Anetwork_type => generated 79 bytes in 45 msecs (HTTP/1.1 200) 4 headers in 156 bytes (1 switches on core 0)
2026-07-01 08:36:28.447 7 WARNING neutron.scheduler.dhcp_agent_scheduler [None req-1bc3121f-3355-4592-921d-d16195edb713 88478775e2b544e086170f9eda1cb91a bb1e0300169a4a18860e1e6e926237e9 - - default default] No more DHCP agents
2026-07-01 08:36:28.450 7 WARNING neutron.api.rpc.agentnotifiers.dhcp_rpc_agent_api [None req-1bc3121f-3355-4592-921d-d16195edb713 88478775e2b544e086170f9eda1cb91a bb1e0300169a4a18860e1e6e926237e9 - - default default] Unable to schedule network 35342121-902b-423b-a4a8-32907efa37b8: no agents available; will retry on subsequent port and subnet creation events. [pid: 8|app: 0|req: 906/1784] 10.0.0.171 () {34 vars in 990 bytes} [Wed Jul 1 08:36:28 2026] GET /v2.0/ports?device_id=1327c9af-d19d-48fb-b766-addf9a762a7d => generated 12 bytes in 24 msecs (HTTP/1.1 200) 4 headers in 156 bytes (1 switches on core 0)
2026-07-01 08:36:28.924 7 INFO neutron.db.ovn_revision_numbers_db [None req-92c16fc9-f1c2-441b-b350-edd938e5255c - - - - - -] Successfully bumped revision number for resource 07c7efed-978c-4b81-839b-45e19891da71 (type: ports) to 2
2026-07-01 08:36:28.957 7 INFO neutron.db.ovn_revision_numbers_db [None req-92c16fc9-f1c2-441b-b350-edd938e5255c - - - - - -] Successfully bumped revision number for resource 5382f5f2-1b4c-4595-a248-c530a8378634 (type: subnets) to 0 [pid: 7|app: 0|req: 879/1785] 10.0.0.153 () {34 vars in 669 bytes} [Wed Jul 1 08:36:28 2026] POST /v2.0/subnets => generated 629 bytes in 732 msecs (HTTP/1.1 201) 4 headers in 162 bytes (1 switches on core 0)
2026-07-01 08:36:29.072 8 INFO neutron.db.segments_db [None req-ed402ab1-aa60-418b-9ac5-58d988b9002b 88478775e2b544e086170f9eda1cb91a bb1e0300169a4a18860e1e6e926237e9 - - default default] Added segment 8864da1d-45b4-41e1-b336-ac11352a6aa4 of type geneve for network aecbb362-2c07-46c6-bc80-9c0c5cbc57ad
2026-07-01 08:36:29.206 8 INFO neutron.db.ovn_revision_numbers_db [None req-ed402ab1-aa60-418b-9ac5-58d988b9002b 88478775e2b544e086170f9eda1cb91a bb1e0300169a4a18860e1e6e926237e9 - - default default] Successfully bumped revision number for resource aecbb362-2c07-46c6-bc80-9c0c5cbc57ad (type: networks) to 1
2026-07-01 08:36:29.272 8 WARNING neutron.plugins.ml2.drivers.ovn.mech_driver.ovsdb.ovn_client [None req-9c693683-5d08-417f-82da-7d4651b1caa3 - - - - - -] No hosting information found for port b4cab6b4-cbb5-4d45-b6cf-9a5e95f6fd33: RuntimeError: No hosting information found for port b4cab6b4-cbb5-4d45-b6cf-9a5e95f6fd33
2026-07-01 08:36:29.341 7 INFO neutron.db.ovn_revision_numbers_db [None req-270db064-3158-45a2-b856-0057767cbd2a 88c56a0580a246c08972711cfb1c73ca 0d5f1a06501c463abc94a97c695dc1cf - - default default] Successfully bumped revision number for resource e6da3566-1730-4502-b708-c5b06a211f58 (type: security_groups) to 1
2026-07-01 08:36:29.354 7 INFO neutron.db.ovn_revision_numbers_db [None req-270db064-3158-45a2-b856-0057767cbd2a 88c56a0580a246c08972711cfb1c73ca 0d5f1a06501c463abc94a97c695dc1cf - - default default] Successfully bumped revision number for resource 01ad7304-464c-470f-ae1e-fdb9e266b16c (type: security_group_rules) to 0
2026-07-01 08:36:29.366 7 INFO neutron.db.ovn_revision_numbers_db [None req-270db064-3158-45a2-b856-0057767cbd2a 88c56a0580a246c08972711cfb1c73ca 0d5f1a06501c463abc94a97c695dc1cf - - default default] Successfully bumped revision number for resource 15cd9323-0d7a-4b60-9417-d2cc455f3033 (type: security_group_rules) to 0
2026-07-01 08:36:29.377 7 INFO neutron.db.ovn_revision_numbers_db [None req-270db064-3158-45a2-b856-0057767cbd2a 88c56a0580a246c08972711cfb1c73ca 0d5f1a06501c463abc94a97c695dc1cf - - default default] Successfully bumped revision number for resource 1f65e344-d44c-4028-bcb1-f8a5784fd5a9 (type: security_group_rules) to 0
2026-07-01 08:36:29.393 7 INFO neutron.db.ovn_revision_numbers_db [None req-270db064-3158-45a2-b856-0057767cbd2a 88c56a0580a246c08972711cfb1c73ca 0d5f1a06501c463abc94a97c695dc1cf - - default default] Successfully bumped revision number for resource 78830529-1948-4d2f-b3f2-41044e4a8586 (type: security_group_rules) to 0
2026-07-01 08:36:29.446 8 INFO neutron.db.ovn_revision_numbers_db [None req-9c693683-5d08-417f-82da-7d4651b1caa3 - - - - - -] Successfully bumped revision number for resource b4cab6b4-cbb5-4d45-b6cf-9a5e95f6fd33 (type: router_ports) to 2
2026-07-01 08:36:29.471 7 INFO neutron.db.segments_db [None req-270db064-3158-45a2-b856-0057767cbd2a 88c56a0580a246c08972711cfb1c73ca 0d5f1a06501c463abc94a97c695dc1cf - - default default] Added segment 01cd11ff-fc9f-42bf-8d92-17b6732f7a03 of type geneve for network 9bbd3f0b-47bd-41f4-946d-bcc1efeda289
2026-07-01 08:36:29.505 8 WARNING neutron.scheduler.dhcp_agent_scheduler [None req-ed402ab1-aa60-418b-9ac5-58d988b9002b 88478775e2b544e086170f9eda1cb91a bb1e0300169a4a18860e1e6e926237e9 - - default default] No more DHCP agents
2026-07-01 08:36:29.509 8 INFO neutron.plugins.ml2.drivers.ovn.mech_driver.mech_driver [None req-9c693683-5d08-417f-82da-7d4651b1caa3 - - - - - -] OVN reports status down for port: 13bd630e-19c8-4e5f-91c8-b6ef0d9ca5cc
2026-07-01 08:36:29.511 8 WARNING neutron.api.rpc.agentnotifiers.dhcp_rpc_agent_api [None req-ed402ab1-aa60-418b-9ac5-58d988b9002b 88478775e2b544e086170f9eda1cb91a bb1e0300169a4a18860e1e6e926237e9 - - default default] Unable to schedule network aecbb362-2c07-46c6-bc80-9c0c5cbc57ad: no agents available; will retry on subsequent port and subnet creation events.
2026-07-01 08:36:29.571 7 INFO neutron.db.ovn_revision_numbers_db [None req-270db064-3158-45a2-b856-0057767cbd2a 88c56a0580a246c08972711cfb1c73ca 0d5f1a06501c463abc94a97c695dc1cf - - default default] Successfully bumped revision number for resource 9bbd3f0b-47bd-41f4-946d-bcc1efeda289 (type: networks) to 1
2026-07-01 08:36:29.706 8 INFO neutron.db.ovn_revision_numbers_db [None req-ed402ab1-aa60-418b-9ac5-58d988b9002b 88478775e2b544e086170f9eda1cb91a bb1e0300169a4a18860e1e6e926237e9 - - default default] Successfully bumped revision number for resource 47a61884-5b54-4dbf-acf1-8d1f8934e923 (type: ports) to 1
2026-07-01 08:36:29.745 7 WARNING neutron.scheduler.dhcp_agent_scheduler [None req-270db064-3158-45a2-b856-0057767cbd2a 88c56a0580a246c08972711cfb1c73ca 0d5f1a06501c463abc94a97c695dc1cf - - default default] No more DHCP agents
2026-07-01 08:36:29.748 7 WARNING neutron.api.rpc.agentnotifiers.dhcp_rpc_agent_api [None req-270db064-3158-45a2-b856-0057767cbd2a 88c56a0580a246c08972711cfb1c73ca 0d5f1a06501c463abc94a97c695dc1cf - - default default] Unable to schedule network 9bbd3f0b-47bd-41f4-946d-bcc1efeda289: no agents available; will retry on subsequent port and subnet creation events. [pid: 8|app: 0|req: 907/1786] 10.0.0.153 () {34 vars in 670 bytes} [Wed Jul 1 08:36:28 2026] POST /v2.0/networks => generated 631 bytes in 764 msecs (HTTP/1.1 201) 4 headers in 162 bytes (1 switches on core 0) [pid: 8|app: 0|req: 908/1787] 10.0.0.171 () {34 vars in 990 bytes} [Wed Jul 1 08:36:29 2026] GET /v2.0/ports?device_id=1327c9af-d19d-48fb-b766-addf9a762a7d => generated 12 bytes in 31 msecs (HTTP/1.1 200) 4 headers in 156 bytes (1 switches on core 0)
2026-07-01 08:36:29.798 7 INFO neutron.plugins.ml2.drivers.ovn.mech_driver.mech_driver [None req-a236e46e-34b5-49ff-8676-40dbaa3837ef - - - - - -] OVN reports status down for port: e5717b3b-8200-4fa6-b669-a8fd67d6f84e
2026-07-01 08:36:29.849 7 INFO neutron.db.ovn_revision_numbers_db [None req-270db064-3158-45a2-b856-0057767cbd2a 88c56a0580a246c08972711cfb1c73ca 0d5f1a06501c463abc94a97c695dc1cf - - default default] Successfully bumped revision number for resource e5717b3b-8200-4fa6-b669-a8fd67d6f84e (type: ports) to 1 [pid: 7|app: 0|req: 880/1788] 10.0.0.153 () {34 vars in 671 bytes} [Wed Jul 1 08:36:29 2026] POST /v2.0/networks => generated 744 bytes in 733 msecs (HTTP/1.1 201) 4 headers in 162 bytes (1 switches on core 0)
2026-07-01 08:36:30.038 7 WARNING neutron.scheduler.dhcp_agent_scheduler [None req-9cc12358-de67-41bc-9ba1-9bd9d827b924 88c56a0580a246c08972711cfb1c73ca 0d5f1a06501c463abc94a97c695dc1cf - - default default] No more DHCP agents
2026-07-01 08:36:30.043 7 WARNING neutron.api.rpc.agentnotifiers.dhcp_rpc_agent_api [None req-9cc12358-de67-41bc-9ba1-9bd9d827b924 88c56a0580a246c08972711cfb1c73ca 0d5f1a06501c463abc94a97c695dc1cf - - default default] Unable to schedule network 9bbd3f0b-47bd-41f4-946d-bcc1efeda289: no agents available; will retry on subsequent port and subnet creation events.
2026-07-01 08:36:30.117 8 INFO neutron.db.ovn_revision_numbers_db [None req-9c693683-5d08-417f-82da-7d4651b1caa3 - - - - - -] Successfully bumped revision number for resource 13bd630e-19c8-4e5f-91c8-b6ef0d9ca5cc (type: ports) to 6
2026-07-01 08:36:30.158 8 WARNING neutron.scheduler.dhcp_agent_scheduler [None req-a6c0372f-fda6-49df-8831-d1bec56b93ea 88478775e2b544e086170f9eda1cb91a bb1e0300169a4a18860e1e6e926237e9 - - default default] No more DHCP agents
