2026-07-01 08:35:16.653 7 INFO neutron.api.v2.resource [None req-ec6e22f5-ff5c-4fc8-b1f9-5fee34f85df9 afab4dcc83ed4b72b94f61a48210f243 fd6f0888bca646688fecc19f7b407c2b - - default default] show failed (client error): The resource could not be found. [pid: 7|app: 0|req: 644/1320] 10.0.0.153 () {32 vars in 737 bytes} [Wed Jul 1 08:35:16 2026] GET /v2.0/security-groups/7f0e3b32-a3b4-4500-88e0-1f300ef2d2c4 => generated 146 bytes in 10 msecs (HTTP/1.1 404) 4 headers in 164 bytes (1 switches on core 0)
2026-07-01 08:35:16.781 7 INFO neutron_taas.services.taas.taas_plugin [None req-3c8af2a2-5e85-456d-82d8-e6e171f24386 afab4dcc83ed4b72b94f61a48210f243 fd6f0888bca646688fecc19f7b407c2b - - default default] TaaS: Handle Delete Port: eca6644b-25e1-4504-8e0a-4949e0a8123c
2026-07-01 08:35:16.783 7 INFO neutron_taas.services.taas.tap_mirror_plugin [None req-3c8af2a2-5e85-456d-82d8-e6e171f24386 afab4dcc83ed4b72b94f61a48210f243 fd6f0888bca646688fecc19f7b407c2b - - default default] Tap Mirror: Handle Delete Port: eca6644b-25e1-4504-8e0a-4949e0a8123c
2026-07-01 08:35:16.866 8 INFO neutron.db.ovn_revision_numbers_db [None req-ce5d4a43-8d9b-495c-90ee-146a81e6b4b9 4af288c86e65492a8a60d81ad7357f9e ffd43631e8dd4e85b3618f1ebb20ddb4 - - default default] Successfully bumped revision number for resource a4a705ac-0df2-462c-a62f-9829b46a34d4 (type: security_groups) to 1
2026-07-01 08:35:16.879 8 INFO neutron.db.ovn_revision_numbers_db [None req-ce5d4a43-8d9b-495c-90ee-146a81e6b4b9 4af288c86e65492a8a60d81ad7357f9e ffd43631e8dd4e85b3618f1ebb20ddb4 - - default default] Successfully bumped revision number for resource 5efc4707-2e8e-4c6b-a448-74b3ea701f37 (type: security_group_rules) to 0
2026-07-01 08:35:16.889 8 INFO neutron.db.ovn_revision_numbers_db [None req-ce5d4a43-8d9b-495c-90ee-146a81e6b4b9 4af288c86e65492a8a60d81ad7357f9e ffd43631e8dd4e85b3618f1ebb20ddb4 - - default default] Successfully bumped revision number for resource 8965597b-a980-4257-9e6a-7a1900ef7cbd (type: security_group_rules) to 0
2026-07-01 08:35:16.900 8 INFO neutron.db.ovn_revision_numbers_db [None req-ce5d4a43-8d9b-495c-90ee-146a81e6b4b9 4af288c86e65492a8a60d81ad7357f9e ffd43631e8dd4e85b3618f1ebb20ddb4 - - default default] Successfully bumped revision number for resource a07f2521-20dc-4856-8274-2b2bf9588cd8 (type: security_group_rules) to 0
2026-07-01 08:35:16.912 8 INFO neutron.db.ovn_revision_numbers_db [None req-ce5d4a43-8d9b-495c-90ee-146a81e6b4b9 4af288c86e65492a8a60d81ad7357f9e ffd43631e8dd4e85b3618f1ebb20ddb4 - - default default] Successfully bumped revision number for resource feedf680-171f-44cf-b251-792c5e48f715 (type: security_group_rules) to 0 [pid: 7|app: 0|req: 645/1321] 10.0.0.153 () {32 vars in 732 bytes} [Wed Jul 1 08:35:16 2026] DELETE /v2.0/floatingips/b482171e-d891-47ab-860e-5314843403cf => generated 0 bytes in 285 msecs (HTTP/1.1 204) 2 headers in 112 bytes (1 switches on core 0)
2026-07-01 08:35:17.000 8 INFO neutron.db.segments_db [None req-ce5d4a43-8d9b-495c-90ee-146a81e6b4b9 4af288c86e65492a8a60d81ad7357f9e ffd43631e8dd4e85b3618f1ebb20ddb4 - - default default] Added segment 9182af83-8967-49af-910f-e59e23882f17 of type geneve for network 71faf4c8-5fec-4ba1-941e-bd6ab0aec4b9
2026-07-01 08:35:17.072 8 INFO neutron.db.segments_db [None req-ce5d4a43-8d9b-495c-90ee-146a81e6b4b9 4af288c86e65492a8a60d81ad7357f9e ffd43631e8dd4e85b3618f1ebb20ddb4 - - default default] Added segment 7a5c041f-7988-4295-8f36-a0ba8a98374d of type geneve for network 3e441c4a-dbc5-4b49-8a53-c80c49d3fd80
2026-07-01 08:35:17.189 8 INFO neutron.db.ovn_revision_numbers_db [None req-ce5d4a43-8d9b-495c-90ee-146a81e6b4b9 4af288c86e65492a8a60d81ad7357f9e ffd43631e8dd4e85b3618f1ebb20ddb4 - - default default] Successfully bumped revision number for resource 71faf4c8-5fec-4ba1-941e-bd6ab0aec4b9 (type: networks) to 1
2026-07-01 08:35:17.215 7 INFO neutron_taas.services.taas.taas_plugin [None req-5a3cc410-b650-4277-82ba-6f1d982fb68c 88c56a0580a246c08972711cfb1c73ca 0d5f1a06501c463abc94a97c695dc1cf - - default default] TaaS: Handle Delete Port: ccfdb00b-3fc7-42a6-9606-2844158e7d5d
2026-07-01 08:35:17.218 7 INFO neutron_taas.services.taas.tap_mirror_plugin [None req-5a3cc410-b650-4277-82ba-6f1d982fb68c 88c56a0580a246c08972711cfb1c73ca 0d5f1a06501c463abc94a97c695dc1cf - - default default] Tap Mirror: Handle Delete Port: ccfdb00b-3fc7-42a6-9606-2844158e7d5d
2026-07-01 08:35:17.363 8 WARNING neutron.scheduler.dhcp_agent_scheduler [None req-ce5d4a43-8d9b-495c-90ee-146a81e6b4b9 4af288c86e65492a8a60d81ad7357f9e ffd43631e8dd4e85b3618f1ebb20ddb4 - - default default] No more DHCP agents
2026-07-01 08:35:17.364 8 WARNING neutron.api.rpc.agentnotifiers.dhcp_rpc_agent_api [None req-ce5d4a43-8d9b-495c-90ee-146a81e6b4b9 4af288c86e65492a8a60d81ad7357f9e ffd43631e8dd4e85b3618f1ebb20ddb4 - - default default] Unable to schedule network 71faf4c8-5fec-4ba1-941e-bd6ab0aec4b9: no agents available; will retry on subsequent port and subnet creation events.
2026-07-01 08:35:17.441 8 INFO neutron.db.ovn_revision_numbers_db [None req-ce5d4a43-8d9b-495c-90ee-146a81e6b4b9 4af288c86e65492a8a60d81ad7357f9e ffd43631e8dd4e85b3618f1ebb20ddb4 - - default default] Successfully bumped revision number for resource 8c8156d2-9834-42a8-8b80-3bd4f4b327bb (type: ports) to 1
2026-07-01 08:35:17.494 8 INFO neutron.db.ovn_revision_numbers_db [None req-ce5d4a43-8d9b-495c-90ee-146a81e6b4b9 4af288c86e65492a8a60d81ad7357f9e ffd43631e8dd4e85b3618f1ebb20ddb4 - - default default] Successfully bumped revision number for resource 3e441c4a-dbc5-4b49-8a53-c80c49d3fd80 (type: networks) to 1
2026-07-01 08:35:17.637 8 WARNING neutron.scheduler.dhcp_agent_scheduler [None req-ce5d4a43-8d9b-495c-90ee-146a81e6b4b9 4af288c86e65492a8a60d81ad7357f9e ffd43631e8dd4e85b3618f1ebb20ddb4 - - default default] No more DHCP agents
2026-07-01 08:35:17.638 8 WARNING neutron.api.rpc.agentnotifiers.dhcp_rpc_agent_api [None req-ce5d4a43-8d9b-495c-90ee-146a81e6b4b9 4af288c86e65492a8a60d81ad7357f9e ffd43631e8dd4e85b3618f1ebb20ddb4 - - default default] Unable to schedule network 3e441c4a-dbc5-4b49-8a53-c80c49d3fd80: no agents available; will retry on subsequent port and subnet creation events.
2026-07-01 08:35:17.719 8 INFO neutron.db.ovn_revision_numbers_db [None req-ce5d4a43-8d9b-495c-90ee-146a81e6b4b9 4af288c86e65492a8a60d81ad7357f9e ffd43631e8dd4e85b3618f1ebb20ddb4 - - default default] Successfully bumped revision number for resource 212b909a-526f-4c55-8172-312a4725d71b (type: ports) to 1 [pid: 8|app: 0|req: 677/1322] 10.0.0.153 () {34 vars in 670 bytes} [Wed Jul 1 08:35:16 2026] POST /v2.0/networks => generated 1244 bytes in 1216 msecs (HTTP/1.1 201) 4 headers in 163 bytes (1 switches on core 0)
2026-07-01 08:35:17.877 8 INFO neutron.db.ovn_revision_numbers_db [None req-622f23d8-d78f-456a-9eeb-016d5a6a358f 0ea76d645e204593b6cac31f9a5eaa3c eb342c75525b42e3b76586c97afd822e - - default default] Successfully bumped revision number for resource 2978f1c0-7b15-40d9-b4ca-7829e90b9852 (type: security_groups) to 1
2026-07-01 08:35:17.888 8 INFO neutron.db.ovn_revision_numbers_db [None req-622f23d8-d78f-456a-9eeb-016d5a6a358f 0ea76d645e204593b6cac31f9a5eaa3c eb342c75525b42e3b76586c97afd822e - - default default] Successfully bumped revision number for resource 709b1cf4-d06b-40ed-8f2b-2e5ce7256428 (type: security_group_rules) to 0
2026-07-01 08:35:17.899 8 INFO neutron.db.ovn_revision_numbers_db [None req-622f23d8-d78f-456a-9eeb-016d5a6a358f 0ea76d645e204593b6cac31f9a5eaa3c eb342c75525b42e3b76586c97afd822e - - default default] Successfully bumped revision number for resource ea148eec-58fb-4367-b760-1f0c8d501c8e (type: security_group_rules) to 0 [pid: 8|app: 0|req: 680/1325] 10.0.0.153 () {34 vars in 685 bytes} [Wed Jul 1 08:35:17 2026] POST /v2.0/security-groups => generated 1661 bytes in 180 msecs (HTTP/1.1 201) 4 headers in 163 bytes (1 switches on core 0)
2026-07-01 08:35:17.949 7 INFO neutron.plugins.ml2.drivers.ovn.mech_driver.mech_driver [None req-40a4f530-96c3-44bf-9557-ef2339757c4e - - - - - -] OVN reports status down for port: 212b909a-526f-4c55-8172-312a4725d71b
2026-07-01 08:35:18.205 8 INFO neutron.db.ovn_revision_numbers_db [None req-b0cd3920-5b8a-4b29-b445-648f17f13319 88c56a0580a246c08972711cfb1c73ca 0d5f1a06501c463abc94a97c695dc1cf - - default default] Successfully bumped revision number for resource fc9b3819-5f10-4b72-bb84-0a3ecbe652db (type: security_groups) to 1
2026-07-01 08:35:18.217 8 INFO neutron.db.ovn_revision_numbers_db [None req-b0cd3920-5b8a-4b29-b445-648f17f13319 88c56a0580a246c08972711cfb1c73ca 0d5f1a06501c463abc94a97c695dc1cf - - default default] Successfully bumped revision number for resource 199e63a7-8e5e-4144-a981-23df883868c6 (type: security_group_rules) to 0
2026-07-01 08:35:18.230 8 INFO neutron.db.ovn_revision_numbers_db [None req-b0cd3920-5b8a-4b29-b445-648f17f13319 88c56a0580a246c08972711cfb1c73ca 0d5f1a06501c463abc94a97c695dc1cf - - default default] Successfully bumped revision number for resource 33a39d4e-5e66-4a72-9aad-22ea2a21170c (type: security_group_rules) to 0
2026-07-01 08:35:18.244 8 INFO neutron.db.ovn_revision_numbers_db [None req-b0cd3920-5b8a-4b29-b445-648f17f13319 88c56a0580a246c08972711cfb1c73ca 0d5f1a06501c463abc94a97c695dc1cf - - default default] Successfully bumped revision number for resource c818ac5a-24a8-49f6-b9aa-fd52b3a6f4f1 (type: security_group_rules) to 0
2026-07-01 08:35:18.255 8 INFO neutron.db.ovn_revision_numbers_db [None req-b0cd3920-5b8a-4b29-b445-648f17f13319 88c56a0580a246c08972711cfb1c73ca 0d5f1a06501c463abc94a97c695dc1cf - - default default] Successfully bumped revision number for resource cbb262c1-0545-4eda-a69b-096c7b80902b (type: security_group_rules) to 0 [pid: 8|app: 0|req: 681/1326] 10.0.0.153 () {32 vars in 774 bytes} [Wed Jul 1 08:35:17 2026] GET /v2.0/security-groups?tenant_id=e0bdcbc639f248d8a0c9069df42735e5&name=default => generated 2925 bytes in 348 msecs (HTTP/1.1 200) 4 headers in 158 bytes (1 switches on core 0) [pid: 7|app: 0|req: 646/1327] 10.0.0.153 () {34 vars in 789 bytes} [Wed Jul 1 08:35:16 2026] PUT /v2.0/routers/86fae568-e6aa-40ed-a880-10790430bf86/remove_router_interface => generated 309 bytes in 1384 msecs (HTTP/1.1 200) 4 headers in 157 bytes (1 switches on core 0) /var/lib/openstack/lib/python3.12/site-packages/pycadf/identifier.py:70: UserWarning: Invalid uuid: neutron. To ensure interoperability, identifiers should be a valid uuid. warnings.warn(('Invalid uuid: %s. To ensure interoperability, ' [pid: 8|app: 0|req: 682/1328] 10.0.0.153 () {32 vars in 649 bytes} [Wed Jul 1 08:35:18 2026] GET /v2.0/networks => generated 1855 bytes in 60 msecs (HTTP/1.1 200) 4 headers in 158 bytes (1 switches on core 0)
2026-07-01 08:35:18.462 7 INFO neutron.db.ovn_revision_numbers_db [None req-4c7a2cb1-e869-4055-8d78-8dbff5e54ab9 0ea76d645e204593b6cac31f9a5eaa3c eb342c75525b42e3b76586c97afd822e - - default default] Successfully bumped revision number for resource bf8474f6-03c5-4165-970e-35a78c77cfa9 (type: security_group_rules) to 0 [pid: 7|app: 0|req: 647/1329] 10.0.0.153 () {34 vars in 695 bytes} [Wed Jul 1 08:35:18 2026] POST /v2.0/security-group-rules => generated 597 bytes in 170 msecs (HTTP/1.1 201) 4 headers in 162 bytes (1 switches on core 0) [pid: 8|app: 0|req: 683/1330] 10.0.0.153 () {32 vars in 740 bytes} [Wed Jul 1 08:35:18 2026] DELETE /v2.0/security-groups/fc9b3819-5f10-4b72-bb84-0a3ecbe652db => generated 0 bytes in 210 msecs (HTTP/1.1 204) 2 headers in 112 bytes (1 switches on core 0)
2026-07-01 08:35:18.670 8 INFO neutron_taas.services.taas.taas_plugin [None req-6b217496-919b-4f9a-af8e-242180173378 4af288c86e65492a8a60d81ad7357f9e ffd43631e8dd4e85b3618f1ebb20ddb4 - - default default] TaaS: Handle Delete Port: 8c8156d2-9834-42a8-8b80-3bd4f4b327bb
2026-07-01 08:35:18.673 8 INFO neutron_taas.services.taas.tap_mirror_plugin [None req-6b217496-919b-4f9a-af8e-242180173378 4af288c86e65492a8a60d81ad7357f9e ffd43631e8dd4e85b3618f1ebb20ddb4 - - default default] Tap Mirror: Handle Delete Port: 8c8156d2-9834-42a8-8b80-3bd4f4b327bb
2026-07-01 08:35:18.808 7 INFO neutron_taas.services.taas.taas_plugin [None req-08aa8cbe-7e71-4e12-bfed-f167ee71670c 88c56a0580a246c08972711cfb1c73ca 0d5f1a06501c463abc94a97c695dc1cf - - default default] TaaS: Handle Delete Port: 1f119501-76ac-477e-bcfc-a4a5caac037c
2026-07-01 08:35:18.812 7 INFO neutron_taas.services.taas.tap_mirror_plugin [None req-08aa8cbe-7e71-4e12-bfed-f167ee71670c 88c56a0580a246c08972711cfb1c73ca 0d5f1a06501c463abc94a97c695dc1cf - - default default] Tap Mirror: Handle Delete Port: 1f119501-76ac-477e-bcfc-a4a5caac037c
2026-07-01 08:35:18.832 8 INFO neutron.services.segments.plugin [-] Segment 9182af83-8967-49af-910f-e59e23882f17 resource provider aggregate not found
2026-07-01 08:35:18.836 8 INFO neutron.services.segments.plugin [-] Segment 9182af83-8967-49af-910f-e59e23882f17 resource provider aggregate not found
2026-07-01 08:35:18.854 8 INFO neutron.services.segments.plugin [-] Segment 9182af83-8967-49af-910f-e59e23882f17 resource provider not found; error: Placement Client Error (4xx): {"errors": [{"status": 404, "title": "Not Found", "detail": "The resource could not be found.\n\n No resource provider with uuid 9182af83-8967-49af-910f-e59e23882f17 found for delete ", "request_id": "req-4a773d62-2773-4f8f-a5a2-d826b0db438d"}]}
2026-07-01 08:35:18.857 8 INFO neutron.services.segments.plugin [-] Segment 9182af83-8967-49af-910f-e59e23882f17 resource provider not found; error: Placement Client Error (4xx): {"errors": [{"status": 404, "title": "Not Found", "detail": "The resource could not be found.\n\n No resource provider with uuid 9182af83-8967-49af-910f-e59e23882f17 found for delete ", "request_id": "req-7dcc924a-03e1-486f-9f31-aae3040803b3"}]} [pid: 8|app: 0|req: 684/1331] 10.0.0.153 () {32 vars in 726 bytes} [Wed Jul 1 08:35:18 2026] DELETE /v2.0/networks/71faf4c8-5fec-4ba1-941e-bd6ab0aec4b9 => generated 0 bytes in 305 msecs (HTTP/1.1 204) 3 headers in 131 bytes (1 switches on core 0)
2026-07-01 08:35:18.992 8 INFO neutron.db.ovn_revision_numbers_db [None req-e4bf9747-50fa-4cf4-9393-59f007497bbc 0ea76d645e204593b6cac31f9a5eaa3c eb342c75525b42e3b76586c97afd822e - - default default] Successfully bumped revision number for resource f609f955-fdc7-4828-a9b4-5e110f791da6 (type: security_group_rules) to 0 [pid: 8|app: 0|req: 685/1332] 10.0.0.153 () {34 vars in 695 bytes} [Wed Jul 1 08:35:18 2026] POST /v2.0/security-group-rules => generated 602 bytes in 162 msecs (HTTP/1.1 201) 4 headers in 162 bytes (1 switches on core 0)
2026-07-01 08:35:19.151 8 INFO neutron.db.ovn_revision_numbers_db [None req-6b2ce91e-b944-4496-b2ed-68ae7fdae133 88c56a0580a246c08972711cfb1c73ca 0d5f1a06501c463abc94a97c695dc1cf - - default default] Successfully bumped revision number for resource 0a282424-3486-455e-a973-7270d3c71994 (type: security_groups) to 1
2026-07-01 08:35:19.160 8 INFO neutron.db.ovn_revision_numbers_db [None req-6b2ce91e-b944-4496-b2ed-68ae7fdae133 88c56a0580a246c08972711cfb1c73ca 0d5f1a06501c463abc94a97c695dc1cf - - default default] Successfully bumped revision number for resource 39a7cfd3-d969-4bd1-b786-78b85862b676 (type: security_group_rules) to 0
2026-07-01 08:35:19.182 8 INFO neutron.db.ovn_revision_numbers_db [None req-6b2ce91e-b944-4496-b2ed-68ae7fdae133 88c56a0580a246c08972711cfb1c73ca 0d5f1a06501c463abc94a97c695dc1cf - - default default] Successfully bumped revision number for resource 7d488a24-7376-4760-8f21-578a9c5fb9e1 (type: security_group_rules) to 0
2026-07-01 08:35:19.205 8 INFO neutron.db.ovn_revision_numbers_db [None req-6b2ce91e-b944-4496-b2ed-68ae7fdae133 88c56a0580a246c08972711cfb1c73ca 0d5f1a06501c463abc94a97c695dc1cf - - default default] Successfully bumped revision number for resource 9ba06e99-87f9-48d2-9bb6-abfab392758f (type: security_group_rules) to 0
2026-07-01 08:35:19.218 8 INFO neutron.db.ovn_revision_numbers_db [None req-6b2ce91e-b944-4496-b2ed-68ae7fdae133 88c56a0580a246c08972711cfb1c73ca 0d5f1a06501c463abc94a97c695dc1cf - - default default] Successfully bumped revision number for resource bd9faabf-5595-4a36-9e41-181c95deafb1 (type: security_group_rules) to 0 [pid: 7|app: 0|req: 648/1333] 10.0.0.153 () {32 vars in 724 bytes} [Wed Jul 1 08:35:18 2026] DELETE /v2.0/routers/86fae568-e6aa-40ed-a880-10790430bf86 => generated 0 bytes in 719 msecs (HTTP/1.1 204) 2 headers in 112 bytes (1 switches on core 0) [pid: 8|app: 0|req: 686/1334] 10.0.0.153 () {32 vars in 774 bytes} [Wed Jul 1 08:35:19 2026] GET /v2.0/security-groups?tenant_id=3d7660bcf3f54e698bfd4d703239bac0&name=default => generated 2925 bytes in 232 msecs (HTTP/1.1 200) 4 headers in 158 bytes (1 switches on core 0)
2026-07-01 08:35:19.354 7 INFO neutron_taas.services.taas.taas_plugin [None req-b8bdb142-7479-4bbd-b888-649fc7bac959 4af288c86e65492a8a60d81ad7357f9e ffd43631e8dd4e85b3618f1ebb20ddb4 - - default default] TaaS: Handle Delete Port: 212b909a-526f-4c55-8172-312a4725d71b
2026-07-01 08:35:19.357 7 INFO neutron_taas.services.taas.tap_mirror_plugin [None req-b8bdb142-7479-4bbd-b888-649fc7bac959 4af288c86e65492a8a60d81ad7357f9e ffd43631e8dd4e85b3618f1ebb20ddb4 - - default default] Tap Mirror: Handle Delete Port: 212b909a-526f-4c55-8172-312a4725d71b
2026-07-01 08:35:19.476 8 WARNING neutron.scheduler.dhcp_agent_scheduler [None req-fbace8bb-1fe4-4993-b07f-5aa422bd6c0d 0ea76d645e204593b6cac31f9a5eaa3c eb342c75525b42e3b76586c97afd822e - - default default] No more DHCP agents
2026-07-01 08:35:19.477 8 WARNING neutron.api.rpc.agentnotifiers.dhcp_rpc_agent_api [None req-fbace8bb-1fe4-4993-b07f-5aa422bd6c0d 0ea76d645e204593b6cac31f9a5eaa3c eb342c75525b42e3b76586c97afd822e - - default default] Unable to schedule network aabd1f4b-8c7f-4723-b12a-17208c59a918: no agents available; will retry on subsequent port and subnet creation events.
2026-07-01 08:35:19.535 7 INFO neutron.services.segments.plugin [-] Segment 7a5c041f-7988-4295-8f36-a0ba8a98374d resource provider aggregate not found
2026-07-01 08:35:19.538 7 INFO neutron.services.segments.plugin [-] Segment 7a5c041f-7988-4295-8f36-a0ba8a98374d resource provider aggregate not found
2026-07-01 08:35:19.552 7 INFO neutron.services.segments.plugin [-] Segment 7a5c041f-7988-4295-8f36-a0ba8a98374d resource provider not found; error: Placement Client Error (4xx): {"errors": [{"status": 404, "title": "Not Found", "detail": "The resource could not be found.\n\n No resource provider with uuid 7a5c041f-7988-4295-8f36-a0ba8a98374d found for delete ", "request_id": "req-09accd05-ab98-4caf-9867-8b22850bad72"}]}
2026-07-01 08:35:19.556 7 INFO neutron.services.segments.plugin [-] Segment 7a5c041f-7988-4295-8f36-a0ba8a98374d resource provider not found; error: Placement Client Error (4xx): {"errors": [{"status": 404, "title": "Not Found", "detail": "The resource could not be found.\n\n No resource provider with uuid 7a5c041f-7988-4295-8f36-a0ba8a98374d found for delete ", "request_id": "req-910fb936-5153-4b98-af60-7686517f7cc5"}]} [pid: 7|app: 0|req: 649/1335] 10.0.0.153 () {32 vars in 726 bytes} [Wed Jul 1 08:35:19 2026] DELETE /v2.0/networks/3e441c4a-dbc5-4b49-8a53-c80c49d3fd80 => generated 0 bytes in 363 msecs (HTTP/1.1 204) 3 headers in 131 bytes (1 switches on core 0) [pid: 7|app: 0|req: 650/1336] 10.0.0.153 () {32 vars in 724 bytes} [Wed Jul 1 08:35:19 2026] DELETE /v2.0/subnets/f62ed3b8-4602-444d-be90-05c7dc212f0e => generated 0 bytes in 183 msecs (HTTP/1.1 204) 3 headers in 131 bytes (1 switches on core 0) [pid: 8|app: 0|req: 687/1337] 10.0.0.153 () {34 vars in 676 bytes} [Wed Jul 1 08:35:19 2026] POST /v2.0/floatingips => generated 552 bytes in 522 msecs (HTTP/1.1 201) 4 headers in 162 bytes (1 switches on core 0) [pid: 8|app: 0|req: 688/1338] 10.0.0.153 () {32 vars in 649 bytes} [Wed Jul 1 08:35:19 2026] GET /v2.0/networks => generated 651 bytes in 41 msecs (HTTP/1.1 200) 4 headers in 157 bytes (1 switches on core 0)
2026-07-01 08:35:19.927 8 INFO neutron_taas.services.taas.taas_plugin [None req-b6670d0c-4bcb-42e7-8ab3-414604d50619 88c56a0580a246c08972711cfb1c73ca 0d5f1a06501c463abc94a97c695dc1cf - - default default] TaaS: Handle Delete Port: d9ad41d9-e18a-4634-a0ac-bb596ef53b5e
2026-07-01 08:35:19.930 8 INFO neutron_taas.services.taas.tap_mirror_plugin [None req-b6670d0c-4bcb-42e7-8ab3-414604d50619 88c56a0580a246c08972711cfb1c73ca 0d5f1a06501c463abc94a97c695dc1cf - - default default] Tap Mirror: Handle Delete Port: d9ad41d9-e18a-4634-a0ac-bb596ef53b5e [pid: 7|app: 0|req: 651/1339] 10.0.0.153 () {32 vars in 740 bytes} [Wed Jul 1 08:35:19 2026] DELETE /v2.0/security-groups/0a282424-3486-455e-a973-7270d3c71994 => generated 0 bytes in 202 msecs (HTTP/1.1 204) 2 headers in 112 bytes (1 switches on core 0)
2026-07-01 08:35:20.051 7 INFO neutron.db.segments_db [None req-7a2c689c-a9b6-4a10-b264-e6629a0061fc 4af288c86e65492a8a60d81ad7357f9e ffd43631e8dd4e85b3618f1ebb20ddb4 - - default default] Added segment 24667539-5aef-45d4-bde9-5a2586fc5084 of type geneve for network 14ec8883-10e8-45a0-be65-8a7aac113d5b [pid: 8|app: 0|req: 689/1340] 10.0.0.153 () {32 vars in 726 bytes} [Wed Jul 1 08:35:19 2026] DELETE /v2.0/networks/ae66907d-a963-44da-b011-f490bdf43750 => generated 0 bytes in 334 msecs (HTTP/1.1 204) 3 headers in 131 bytes (1 switches on core 0)
2026-07-01 08:35:20.172 7 INFO neutron.db.ovn_revision_numbers_db [None req-7a2c689c-a9b6-4a10-b264-e6629a0061fc 4af288c86e65492a8a60d81ad7357f9e ffd43631e8dd4e85b3618f1ebb20ddb4 - - default default] Successfully bumped revision number for resource 14ec8883-10e8-45a0-be65-8a7aac113d5b (type: networks) to 1 [pid: 8|app: 0|req: 690/1341] 10.0.0.171 () {34 vars in 1100 bytes} [Wed Jul 1 08:35:20 2026] GET /v2.0/security-groups?name=tempest-securitygroup--2037054318&fields=id&tenant_id=eb342c75525b42e3b76586c97afd822e => generated 69 bytes in 25 msecs (HTTP/1.1 200) 4 headers in 156 bytes (1 switches on core 0) [pid: 8|app: 0|req: 691/1342] 10.0.0.171 () {34 vars in 982 bytes} [Wed Jul 1 08:35:20 2026] GET /v2.0/networks?id=8ee0c331-f407-413f-bf11-3e2f2a9a28a8 => generated 676 bytes in 40 msecs (HTTP/1.1 200) 4 headers in 157 bytes (1 switches on core 0) [pid: 8|app: 0|req: 692/1343] 10.0.0.171 () {34 vars in 965 bytes} [Wed Jul 1 08:35:20 2026] GET /v2.0/quotas/eb342c75525b42e3b76586c97afd822e => generated 292 bytes in 14 msecs (HTTP/1.1 200) 4 headers in 157 bytes (1 switches on core 0) [pid: 8|app: 0|req: 693/1344] 10.0.0.153 () {32 vars in 774 bytes} [Wed Jul 1 08:35:20 2026] GET /v2.0/security-groups?tenant_id=fd6f0888bca646688fecc19f7b407c2b&name=default => generated 2925 bytes in 23 msecs (HTTP/1.1 200) 4 headers in 158 bytes (1 switches on core 0)
2026-07-01 08:35:20.346 7 WARNING neutron.scheduler.dhcp_agent_scheduler [None req-7a2c689c-a9b6-4a10-b264-e6629a0061fc 4af288c86e65492a8a60d81ad7357f9e ffd43631e8dd4e85b3618f1ebb20ddb4 - - default default] No more DHCP agents
2026-07-01 08:35:20.347 7 WARNING neutron.api.rpc.agentnotifiers.dhcp_rpc_agent_api [None req-7a2c689c-a9b6-4a10-b264-e6629a0061fc 4af288c86e65492a8a60d81ad7357f9e ffd43631e8dd4e85b3618f1ebb20ddb4 - - default default] Unable to schedule network 14ec8883-10e8-45a0-be65-8a7aac113d5b: no agents available; will retry on subsequent port and subnet creation events.
2026-07-01 08:35:20.395 7 INFO neutron.plugins.ml2.drivers.ovn.mech_driver.mech_driver [None req-40a4f530-96c3-44bf-9557-ef2339757c4e - - - - - -] OVN reports status down for port: 96ff7e0b-b083-4c6d-886b-132430e7a92a [pid: 8|app: 0|req: 694/1345] 10.0.0.171 () {34 vars in 1002 bytes} [Wed Jul 1 08:35:20 2026] GET /v2.0/ports?tenant_id=eb342c75525b42e3b76586c97afd822e&fields=id => generated 103 bytes in 81 msecs (HTTP/1.1 200) 4 headers in 157 bytes (1 switches on core 0)
2026-07-01 08:35:20.448 7 INFO neutron.db.ovn_revision_numbers_db [None req-7a2c689c-a9b6-4a10-b264-e6629a0061fc 4af288c86e65492a8a60d81ad7357f9e ffd43631e8dd4e85b3618f1ebb20ddb4 - - default default] Successfully bumped revision number for resource 96ff7e0b-b083-4c6d-886b-132430e7a92a (type: ports) to 1 [pid: 7|app: 0|req: 652/1346] 10.0.0.153 () {34 vars in 670 bytes} [Wed Jul 1 08:35:19 2026] POST /v2.0/networks => generated 653 bytes in 504 msecs (HTTP/1.1 201) 4 headers in 162 bytes (1 switches on core 0) [pid: 7|app: 0|req: 653/1347] 10.0.0.171 () {34 vars in 1008 bytes} [Wed Jul 1 08:35:20 2026] GET /v2.0/networks/8ee0c331-f407-413f-bf11-3e2f2a9a28a8?fields=segments => generated 14 bytes in 74 msecs (HTTP/1.1 200) 4 headers in 156 bytes (1 switches on core 0) [pid: 8|app: 0|req: 695/1348] 10.0.0.153 () {32 vars in 740 bytes} [Wed Jul 1 08:35:20 2026] DELETE /v2.0/security-groups/983aabc5-6fcc-42ca-9df5-77d2b739d60f => generated 0 bytes in 183 msecs (HTTP/1.1 204) 2 headers in 112 bytes (1 switches on core 0) [pid: 8|app: 0|req: 696/1349] 10.0.0.171 () {34 vars in 1108 bytes} [Wed Jul 1 08:35:20 2026] GET /v2.0/networks/8ee0c331-f407-413f-bf11-3e2f2a9a28a8?fields=provider%3Aphysical_network&fields=provider%3Anetwork_type => generated 79 bytes in 41 msecs (HTTP/1.1 200) 4 headers in 156 bytes (1 switches on core 0)
2026-07-01 08:35:20.641 7 INFO neutron.db.segments_db [None req-49763079-86c5-4dd6-b2b7-1197bcb513d4 4af288c86e65492a8a60d81ad7357f9e ffd43631e8dd4e85b3618f1ebb20ddb4 - - default default] Added segment f6f86a9c-276f-45fc-b3f2-25a61015ba4f of type geneve for network 3fdbb4a0-8d2e-4828-bb23-adfc55704fd1
2026-07-01 08:35:20.751 7 INFO neutron.db.ovn_revision_numbers_db [None req-49763079-86c5-4dd6-b2b7-1197bcb513d4 4af288c86e65492a8a60d81ad7357f9e ffd43631e8dd4e85b3618f1ebb20ddb4 - - default default] Successfully bumped revision number for resource 3fdbb4a0-8d2e-4828-bb23-adfc55704fd1 (type: networks) to 1 [pid: 8|app: 0|req: 697/1350] 10.0.0.171 () {34 vars in 990 bytes} [Wed Jul 1 08:35:20 2026] GET /v2.0/ports?device_id=947961a2-9d8f-4692-a8ec-bed95632e184 => generated 12 bytes in 31 msecs (HTTP/1.1 200) 4 headers in 156 bytes (1 switches on core 0)
2026-07-01 08:35:20.878 8 INFO neutron.services.segments.plugin [-] Segment d62023b4-a99d-46de-bbe9-ee7a4bcc5e69 resource provider aggregate not found
2026-07-01 08:35:20.883 8 INFO neutron.services.segments.plugin [-] Segment d62023b4-a99d-46de-bbe9-ee7a4bcc5e69 resource provider aggregate not found
2026-07-01 08:35:20.895 8 INFO neutron.services.segments.plugin [-] Segment d62023b4-a99d-46de-bbe9-ee7a4bcc5e69 resource provider not found; error: Placement Client Error (4xx): {"errors": [{"status": 404, "title": "Not Found", "detail": "The resource could not be found.\n\n No resource provider with uuid d62023b4-a99d-46de-bbe9-ee7a4bcc5e69 found for delete ", "request_id": "req-5ebd75f2-c586-4dcb-b8bf-33db36f49f88"}]}
2026-07-01 08:35:20.900 8 INFO neutron.services.segments.plugin [-] Segment d62023b4-a99d-46de-bbe9-ee7a4bcc5e69 resource provider not found; error: Placement Client Error (4xx): {"errors": [{"status": 404, "title": "Not Found", "detail": "The resource could not be found.\n\n No resource provider with uuid d62023b4-a99d-46de-bbe9-ee7a4bcc5e69 found for delete ", "request_id": "req-54f5c394-f549-43fc-af8a-baba43fd8347"}]}
2026-07-01 08:35:20.908 7 WARNING neutron.scheduler.dhcp_agent_scheduler [None req-49763079-86c5-4dd6-b2b7-1197bcb513d4 4af288c86e65492a8a60d81ad7357f9e ffd43631e8dd4e85b3618f1ebb20ddb4 - - default default] No more DHCP agents
2026-07-01 08:35:20.909 7 WARNING neutron.api.rpc.agentnotifiers.dhcp_rpc_agent_api [None req-49763079-86c5-4dd6-b2b7-1197bcb513d4 4af288c86e65492a8a60d81ad7357f9e ffd43631e8dd4e85b3618f1ebb20ddb4 - - default default] Unable to schedule network 3fdbb4a0-8d2e-4828-bb23-adfc55704fd1: no agents available; will retry on subsequent port and subnet creation events.
2026-07-01 08:35:20.979 7 INFO neutron.db.ovn_revision_numbers_db [None req-49763079-86c5-4dd6-b2b7-1197bcb513d4 4af288c86e65492a8a60d81ad7357f9e ffd43631e8dd4e85b3618f1ebb20ddb4 - - default default] Successfully bumped revision number for resource 6a1dfcb6-a10c-4ed1-88af-cdcfd2c4312f (type: ports) to 1 [pid: 7|app: 0|req: 654/1351] 10.0.0.153 () {34 vars in 670 bytes} [Wed Jul 1 08:35:20 2026] POST /v2.0/networks => generated 653 bytes in 450 msecs (HTTP/1.1 201) 4 headers in 162 bytes (1 switches on core 0)
2026-07-01 08:35:21.425 8 WARNING neutron.scheduler.dhcp_agent_scheduler [None req-3efc6d4f-e1b8-479a-8bd1-51ddbeeababe 4af288c86e65492a8a60d81ad7357f9e ffd43631e8dd4e85b3618f1ebb20ddb4 - - default default] No more DHCP agents
2026-07-01 08:35:21.426 8 WARNING neutron.api.rpc.agentnotifiers.dhcp_rpc_agent_api [None req-3efc6d4f-e1b8-479a-8bd1-51ddbeeababe 4af288c86e65492a8a60d81ad7357f9e ffd43631e8dd4e85b3618f1ebb20ddb4 - - default default] Unable to schedule network 14ec8883-10e8-45a0-be65-8a7aac113d5b: no agents available; will retry on subsequent port and subnet creation events.
2026-07-01 08:35:21.538 8 INFO neutron.db.ovn_revision_numbers_db [None req-3efc6d4f-e1b8-479a-8bd1-51ddbeeababe 4af288c86e65492a8a60d81ad7357f9e ffd43631e8dd4e85b3618f1ebb20ddb4 - - default default] Successfully bumped revision number for resource f0d77ff2-1efb-43f7-aa68-04ee24c140e8 (type: ports) to 1
2026-07-01 08:35:21.590 8 WARNING neutron.scheduler.dhcp_agent_scheduler [None req-3efc6d4f-e1b8-479a-8bd1-51ddbeeababe 4af288c86e65492a8a60d81ad7357f9e ffd43631e8dd4e85b3618f1ebb20ddb4 - - default default] No more DHCP agents
2026-07-01 08:35:21.591 8 WARNING neutron.api.rpc.agentnotifiers.dhcp_rpc_agent_api [None req-3efc6d4f-e1b8-479a-8bd1-51ddbeeababe 4af288c86e65492a8a60d81ad7357f9e ffd43631e8dd4e85b3618f1ebb20ddb4 - - default default] Unable to schedule network 3fdbb4a0-8d2e-4828-bb23-adfc55704fd1: no agents available; will retry on subsequent port and subnet creation events.
2026-07-01 08:35:21.658 7 INFO neutron.plugins.ml2.drivers.ovn.mech_driver.mech_driver [None req-40a4f530-96c3-44bf-9557-ef2339757c4e - - - - - -] OVN reports status down for port: 4ed3b565-7c99-42f4-998a-e551ece9b1a8
2026-07-01 08:35:21.679 8 INFO neutron.db.ovn_revision_numbers_db [None req-3efc6d4f-e1b8-479a-8bd1-51ddbeeababe 4af288c86e65492a8a60d81ad7357f9e ffd43631e8dd4e85b3618f1ebb20ddb4 - - default default] Successfully bumped revision number for resource 4ed3b565-7c99-42f4-998a-e551ece9b1a8 (type: ports) to 1 [pid: 8|app: 0|req: 698/1352] 10.0.0.153 () {34 vars in 665 bytes} [Wed Jul 1 08:35:21 2026] POST /v2.0/ports => generated 1506 bytes in 736 msecs (HTTP/1.1 201) 4 headers in 163 bytes (1 switches on core 0) /var/lib/openstack/lib/python3.12/site-packages/pycadf/identifier.py:70: UserWarning: Invalid uuid: neutron. To ensure interoperability, identifiers should be a valid uuid. warnings.warn(('Invalid uuid: %s. To ensure interoperability, ' [pid: 8|app: 0|req: 699/1353] 10.0.0.153 () {32 vars in 643 bytes} [Wed Jul 1 08:35:21 2026] GET /v2.0/ports => generated 3018 bytes in 64 msecs (HTTP/1.1 200) 4 headers in 158 bytes (1 switches on core 0)
2026-07-01 08:35:21.935 8 INFO neutron_taas.services.taas.taas_plugin [None req-55544887-0fc7-4eb4-a88e-577ec3565050 4af288c86e65492a8a60d81ad7357f9e ffd43631e8dd4e85b3618f1ebb20ddb4 - - default default] TaaS: Handle Delete Port: f0d77ff2-1efb-43f7-aa68-04ee24c140e8
2026-07-01 08:35:21.937 8 INFO neutron_taas.services.taas.tap_mirror_plugin [None req-55544887-0fc7-4eb4-a88e-577ec3565050 4af288c86e65492a8a60d81ad7357f9e ffd43631e8dd4e85b3618f1ebb20ddb4 - - default default] Tap Mirror: Handle Delete Port: f0d77ff2-1efb-43f7-aa68-04ee24c140e8
2026-07-01 08:35:21.998 7 INFO neutron.db.ovn_revision_numbers_db [None req-2915590a-bb35-4000-aa8e-c8ba04cc5c33 88c56a0580a246c08972711cfb1c73ca 0d5f1a06501c463abc94a97c695dc1cf - - default default] Successfully bumped revision number for resource 58dac8b7-d550-4e08-b437-a89f6ed09323 (type: security_groups) to 1
2026-07-01 08:35:21.999 8 WARNING neutron.plugins.ml2.drivers.ovn.mech_driver.ovsdb.ovn_client [None req-919e084a-d5bd-48ce-bd7c-483bcfdb49b2 - - - - - -] No hosting information found for port 0a2d1aba-c3cc-443a-a318-ef26b6513a5a: RuntimeError: No hosting information found for port 0a2d1aba-c3cc-443a-a318-ef26b6513a5a
2026-07-01 08:35:22.013 7 INFO neutron.db.ovn_revision_numbers_db [None req-2915590a-bb35-4000-aa8e-c8ba04cc5c33 88c56a0580a246c08972711cfb1c73ca 0d5f1a06501c463abc94a97c695dc1cf - - default default] Successfully bumped revision number for resource 28c623d9-c08f-4921-aa95-de66504a41a2 (type: security_group_rules) to 0
2026-07-01 08:35:22.027 7 INFO neutron.db.ovn_revision_numbers_db [None req-2915590a-bb35-4000-aa8e-c8ba04cc5c33 88c56a0580a246c08972711cfb1c73ca 0d5f1a06501c463abc94a97c695dc1cf - - default default] Successfully bumped revision number for resource 328591e7-bef7-4ae9-9d4e-bd3e916af6ad (type: security_group_rules) to 0
2026-07-01 08:35:22.040 7 INFO neutron.db.ovn_revision_numbers_db [None req-2915590a-bb35-4000-aa8e-c8ba04cc5c33 88c56a0580a246c08972711cfb1c73ca 0d5f1a06501c463abc94a97c695dc1cf - - default default] Successfully bumped revision number for resource d6b53ba6-7324-466b-bf50-338538702d6b (type: security_group_rules) to 0
2026-07-01 08:35:22.053 7 INFO neutron.db.ovn_revision_numbers_db [None req-2915590a-bb35-4000-aa8e-c8ba04cc5c33 88c56a0580a246c08972711cfb1c73ca 0d5f1a06501c463abc94a97c695dc1cf - - default default] Successfully bumped revision number for resource fa3a83d5-fd78-434f-992e-f4c96bf18034 (type: security_group_rules) to 0
2026-07-01 08:35:22.134 7 INFO neutron.db.segments_db [None req-2915590a-bb35-4000-aa8e-c8ba04cc5c33 88c56a0580a246c08972711cfb1c73ca 0d5f1a06501c463abc94a97c695dc1cf - - default default] Added segment 251c9b27-3fff-4b80-923f-3875a4a7a5c1 of type geneve for network 5dba896f-3be4-479b-aafe-b96c97cb2be9
2026-07-01 08:35:22.142 8 INFO neutron.db.ovn_revision_numbers_db [None req-919e084a-d5bd-48ce-bd7c-483bcfdb49b2 - - - - - -] Successfully bumped revision number for resource 0a2d1aba-c3cc-443a-a318-ef26b6513a5a (type: router_ports) to 2
2026-07-01 08:35:22.142 8 INFO neutron.plugins.ml2.drivers.ovn.mech_driver.mech_driver [None req-919e084a-d5bd-48ce-bd7c-483bcfdb49b2 - - - - - -] OVN reports status down for port: 8c8156d2-9834-42a8-8b80-3bd4f4b327bb
2026-07-01 08:35:22.156 8 INFO neutron.plugins.ml2.drivers.ovn.mech_driver.mech_driver [None req-919e084a-d5bd-48ce-bd7c-483bcfdb49b2 - - - - - -] OVN reports status down for port: 6a1dfcb6-a10c-4ed1-88af-cdcfd2c4312f [pid: 8|app: 0|req: 700/1354] 10.0.0.153 () {32 vars in 720 bytes} [Wed Jul 1 08:35:21 2026] DELETE /v2.0/ports/f0d77ff2-1efb-43f7-aa68-04ee24c140e8 => generated 0 bytes in 366 msecs (HTTP/1.1 204) 3 headers in 131 bytes (1 switches on core 0) [pid: 8|app: 0|req: 701/1355] 10.0.0.171 () {34 vars in 990 bytes} [Wed Jul 1 08:35:22 2026] GET /v2.0/ports?device_id=947961a2-9d8f-4692-a8ec-bed95632e184 => generated 12 bytes in 33 msecs (HTTP/1.1 200) 4 headers in 156 bytes (1 switches on core 0)
2026-07-01 08:35:22.253 7 INFO neutron.db.ovn_revision_numbers_db [None req-2915590a-bb35-4000-aa8e-c8ba04cc5c33 88c56a0580a246c08972711cfb1c73ca 0d5f1a06501c463abc94a97c695dc1cf - - default default] Successfully bumped revision number for resource 5dba896f-3be4-479b-aafe-b96c97cb2be9 (type: networks) to 1
2026-07-01 08:35:22.271 8 INFO neutron.plugins.ml2.drivers.ovn.mech_driver.mech_driver [None req-919e084a-d5bd-48ce-bd7c-483bcfdb49b2 - - - - - -] OVN reports status down for port: f0d77ff2-1efb-43f7-aa68-04ee24c140e8
2026-07-01 08:35:22.370 8 INFO neutron_taas.services.taas.taas_plugin [None req-c8febef1-2b04-4dbf-96f3-d8a8c24b8e87 4af288c86e65492a8a60d81ad7357f9e ffd43631e8dd4e85b3618f1ebb20ddb4 - - default default] TaaS: Handle Delete Port: 4ed3b565-7c99-42f4-998a-e551ece9b1a8
2026-07-01 08:35:22.373 8 INFO neutron_taas.services.taas.tap_mirror_plugin [None req-c8febef1-2b04-4dbf-96f3-d8a8c24b8e87 4af288c86e65492a8a60d81ad7357f9e ffd43631e8dd4e85b3618f1ebb20ddb4 - - default default] Tap Mirror: Handle Delete Port: 4ed3b565-7c99-42f4-998a-e551ece9b1a8
2026-07-01 08:35:22.422 7 WARNING neutron.scheduler.dhcp_agent_scheduler [None req-2915590a-bb35-4000-aa8e-c8ba04cc5c33 88c56a0580a246c08972711cfb1c73ca 0d5f1a06501c463abc94a97c695dc1cf - - default default] No more DHCP agents
2026-07-01 08:35:22.423 7 WARNING neutron.api.rpc.agentnotifiers.dhcp_rpc_agent_api [None req-2915590a-bb35-4000-aa8e-c8ba04cc5c33 88c56a0580a246c08972711cfb1c73ca 0d5f1a06501c463abc94a97c695dc1cf - - default default] Unable to schedule network 5dba896f-3be4-479b-aafe-b96c97cb2be9: no agents available; will retry on subsequent port and subnet creation events.
2026-07-01 08:35:22.478 8 INFO neutron.plugins.ml2.drivers.ovn.mech_driver.mech_driver [None req-919e084a-d5bd-48ce-bd7c-483bcfdb49b2 - - - - - -] OVN reports status down for port: 45e83c89-3b12-468f-9897-ef5b6a58bf55
2026-07-01 08:35:22.494 7 INFO neutron.db.ovn_revision_numbers_db [None req-2915590a-bb35-4000-aa8e-c8ba04cc5c33 88c56a0580a246c08972711cfb1c73ca 0d5f1a06501c463abc94a97c695dc1cf - - default default] Successfully bumped revision number for resource 45e83c89-3b12-468f-9897-ef5b6a58bf55 (type: ports) to 1 [pid: 7|app: 0|req: 655/1356] 10.0.0.153 () {34 vars in 671 bytes} [Wed Jul 1 08:35:21 2026] POST /v2.0/networks => generated 743 bytes in 818 msecs (HTTP/1.1 201) 4 headers in 162 bytes (1 switches on core 0) [pid: 8|app: 0|req: 702/1357] 10.0.0.153 () {32 vars in 720 bytes} [Wed Jul 1 08:35:22 2026] DELETE /v2.0/ports/4ed3b565-7c99-42f4-998a-e551ece9b1a8 => generated 0 bytes in 310 msecs (HTTP/1.1 204) 3 headers in 131 bytes (1 switches on core 0) [pid: 8|app: 0|req: 703/1358] 10.0.0.153 () {32 vars in 643 bytes} [Wed Jul 1 08:35:22 2026] GET /v2.0/ports => generated 1523 bytes in 54 msecs (HTTP/1.1 200) 4 headers in 158 bytes (1 switches on core 0)
2026-07-01 08:35:22.658 7 WARNING neutron.scheduler.dhcp_agent_scheduler [None req-e08bc2c6-ece5-4e38-bfca-9e0906d7ad63 88c56a0580a246c08972711cfb1c73ca 0d5f1a06501c463abc94a97c695dc1cf - - default default] No more DHCP agents
2026-07-01 08:35:22.659 7 WARNING neutron.api.rpc.agentnotifiers.dhcp_rpc_agent_api [None req-e08bc2c6-ece5-4e38-bfca-9e0906d7ad63 88c56a0580a246c08972711cfb1c73ca 0d5f1a06501c463abc94a97c695dc1cf - - default default] Unable to schedule network 5dba896f-3be4-479b-aafe-b96c97cb2be9: no agents available; will retry on subsequent port and subnet creation events.
2026-07-01 08:35:22.679 8 INFO neutron.db.segments_db [None req-0d319c81-86a2-426e-a81e-deb35289b76a 4af288c86e65492a8a60d81ad7357f9e ffd43631e8dd4e85b3618f1ebb20ddb4 - - default default] Added segment 0af505cc-1a95-420c-bf10-95d5a37c5785 of type geneve for network f17f3439-864e-4b87-88d9-6f2c99270f82
2026-07-01 08:35:22.772 8 INFO neutron.db.ovn_revision_numbers_db [None req-0d319c81-86a2-426e-a81e-deb35289b76a 4af288c86e65492a8a60d81ad7357f9e ffd43631e8dd4e85b3618f1ebb20ddb4 - - default default] Successfully bumped revision number for resource f17f3439-864e-4b87-88d9-6f2c99270f82 (type: networks) to 1
2026-07-01 08:35:22.926 8 WARNING neutron.scheduler.dhcp_agent_scheduler [None req-0d319c81-86a2-426e-a81e-deb35289b76a 4af288c86e65492a8a60d81ad7357f9e ffd43631e8dd4e85b3618f1ebb20ddb4 - - default default] No more DHCP agents
2026-07-01 08:35:22.928 8 WARNING neutron.api.rpc.agentnotifiers.dhcp_rpc_agent_api [None req-0d319c81-86a2-426e-a81e-deb35289b76a 4af288c86e65492a8a60d81ad7357f9e ffd43631e8dd4e85b3618f1ebb20ddb4 - - default default] Unable to schedule network f17f3439-864e-4b87-88d9-6f2c99270f82: no agents available; will retry on subsequent port and subnet creation events.
2026-07-01 08:35:22.978 8 INFO neutron.plugins.ml2.drivers.ovn.mech_driver.mech_driver [None req-919e084a-d5bd-48ce-bd7c-483bcfdb49b2 - - - - - -] OVN reports status down for port: 1f2a83df-d2cd-493f-b561-32f9f071c59d
2026-07-01 08:35:23.026 8 INFO neutron.db.ovn_revision_numbers_db [None req-0d319c81-86a2-426e-a81e-deb35289b76a 4af288c86e65492a8a60d81ad7357f9e ffd43631e8dd4e85b3618f1ebb20ddb4 - - default default] Successfully bumped revision number for resource 1f2a83df-d2cd-493f-b561-32f9f071c59d (type: ports) to 1
2026-07-01 08:35:23.073 7 INFO neutron.db.ovn_revision_numbers_db [None req-65415a14-8e82-471d-a3b0-fb80bfbd3ffa - - - - - -] Successfully bumped revision number for resource 45e83c89-3b12-468f-9897-ef5b6a58bf55 (type: ports) to 2 [pid: 8|app: 0|req: 704/1359] 10.0.0.153 () {34 vars in 670 bytes} [Wed Jul 1 08:35:22 2026] POST /v2.0/networks => generated 654 bytes in 483 msecs (HTTP/1.1 201) 4 headers in 162 bytes (1 switches on core 0)
2026-07-01 08:35:23.116 7 INFO neutron.db.ovn_revision_numbers_db [None req-65415a14-8e82-471d-a3b0-fb80bfbd3ffa - - - - - -] Successfully bumped revision number for resource 82b0b505-1388-4539-910d-6529bd1df9ca (type: subnets) to 0 [pid: 7|app: 0|req: 656/1360] 10.0.0.153 () {34 vars in 669 bytes} [Wed Jul 1 08:35:22 2026] POST /v2.0/subnets => generated 687 bytes in 607 msecs (HTTP/1.1 201) 4 headers in 162 bytes (1 switches on core 0)
2026-07-01 08:35:23.181 8 INFO neutron.db.segments_db [None req-56a3ad64-38e5-4c8b-9dfb-f5fe8f44c7d2 4af288c86e65492a8a60d81ad7357f9e ffd43631e8dd4e85b3618f1ebb20ddb4 - - default default] Added segment ab837d7d-3099-4fd1-b6cf-5ca2957794da of type geneve for network a4101582-c932-429e-85ea-cebd44dcf231
2026-07-01 08:35:23.308 8 INFO neutron.db.ovn_revision_numbers_db [None req-56a3ad64-38e5-4c8b-9dfb-f5fe8f44c7d2 4af288c86e65492a8a60d81ad7357f9e ffd43631e8dd4e85b3618f1ebb20ddb4 - - default default] Successfully bumped revision number for resource a4101582-c932-429e-85ea-cebd44dcf231 (type: networks) to 1
2026-07-01 08:35:23.463 8 WARNING neutron.scheduler.dhcp_agent_scheduler [None req-56a3ad64-38e5-4c8b-9dfb-f5fe8f44c7d2 4af288c86e65492a8a60d81ad7357f9e ffd43631e8dd4e85b3618f1ebb20ddb4 - - default default] No more DHCP agents
2026-07-01 08:35:23.464 8 WARNING neutron.api.rpc.agentnotifiers.dhcp_rpc_agent_api [None req-56a3ad64-38e5-4c8b-9dfb-f5fe8f44c7d2 4af288c86e65492a8a60d81ad7357f9e ffd43631e8dd4e85b3618f1ebb20ddb4 - - default default] Unable to schedule network a4101582-c932-429e-85ea-cebd44dcf231: no agents available; will retry on subsequent port and subnet creation events.
2026-07-01 08:35:23.517 8 INFO neutron.plugins.ml2.drivers.ovn.mech_driver.mech_driver [None req-919e084a-d5bd-48ce-bd7c-483bcfdb49b2 - - - - - -] OVN reports status down for port: 8c492b63-9d9e-48d2-a30a-599f6368f26d
2026-07-01 08:35:23.571 8 INFO neutron.db.ovn_revision_numbers_db [None req-56a3ad64-38e5-4c8b-9dfb-f5fe8f44c7d2 4af288c86e65492a8a60d81ad7357f9e ffd43631e8dd4e85b3618f1ebb20ddb4 - - default default] Successfully bumped revision number for resource 8c492b63-9d9e-48d2-a30a-599f6368f26d (type: ports) to 1
2026-07-01 08:35:23.577 7 WARNING neutron.scheduler.dhcp_agent_scheduler [None req-6c8967b1-5383-4171-a3bf-ee8cbb2ea935 88c56a0580a246c08972711cfb1c73ca 0d5f1a06501c463abc94a97c695dc1cf - - default default] No more DHCP agents
2026-07-01 08:35:23.579 7 WARNING neutron.api.rpc.agentnotifiers.dhcp_rpc_agent_api [None req-6c8967b1-5383-4171-a3bf-ee8cbb2ea935 88c56a0580a246c08972711cfb1c73ca 0d5f1a06501c463abc94a97c695dc1cf - - default default] Unable to schedule network aabd1f4b-8c7f-4723-b12a-17208c59a918: no agents available; will retry on subsequent port and subnet creation events. [pid: 8|app: 0|req: 705/1361] 10.0.0.153 () {34 vars in 670 bytes} [Wed Jul 1 08:35:23 2026] POST /v2.0/networks => generated 653 bytes in 526 msecs (HTTP/1.1 201) 4 headers in 162 bytes (1 switches on core 0) [pid: 8|app: 0|req: 706/1362] 10.0.0.171 () {34 vars in 990 bytes} [Wed Jul 1 08:35:23 2026] GET /v2.0/ports?device_id=947961a2-9d8f-4692-a8ec-bed95632e184 => generated 12 bytes in 17 msecs (HTTP/1.1 200) 4 headers in 156 bytes (1 switches on core 0)
2026-07-01 08:35:23.666 7 INFO neutron.plugins.ml2.drivers.ovn.mech_driver.mech_driver [None req-40a4f530-96c3-44bf-9557-ef2339757c4e - - - - - -] OVN reports status down for port: ef574cc0-cfbb-4f69-bd11-f7fe0298c958
2026-07-01 08:35:23.719 7 INFO neutron.db.ovn_revision_numbers_db [None req-6c8967b1-5383-4171-a3bf-ee8cbb2ea935 88c56a0580a246c08972711cfb1c73ca 0d5f1a06501c463abc94a97c695dc1cf - - default default] Successfully bumped revision number for resource ef574cc0-cfbb-4f69-bd11-f7fe0298c958 (type: ports) to 1
2026-07-01 08:35:24.346 7 INFO neutron.plugins.ml2.drivers.ovn.mech_driver.ovsdb.commands [None req-e6f06588-20f4-46de-a46b-b8a08b607fe3 - - - - - -] Schedule LRP lrp-ef574cc0-cfbb-4f69-bd11-f7fe0298c958 on gateway 13ef7027-1acc-48c2-a640-e05bbf17be2c with priority 1
2026-07-01 08:35:24.388 7 INFO neutron.plugins.ml2.drivers.ovn.mech_driver.ovsdb.ovsdb_monitor [None req-674993bd-6810-4de3-8c45-6284654ca421 - - - - - -] Router 515ad7ec-278d-482f-b339-0dd1facb7622 is bound to host instance
2026-07-01 08:35:24.409 7 INFO neutron.plugins.ml2.drivers.ovn.mech_driver.mech_driver [None req-40a4f530-96c3-44bf-9557-ef2339757c4e - - - - - -] OVN reports status up for port: ef574cc0-cfbb-4f69-bd11-f7fe0298c958
2026-07-01 08:35:24.434 7 INFO neutron.plugins.ml2.plugin [None req-40a4f530-96c3-44bf-9557-ef2339757c4e - - - - - -] Attempt 1 to provision port ef574cc0-cfbb-4f69-bd11-f7fe0298c958
2026-07-01 08:35:24.450 8 WARNING neutron.scheduler.dhcp_agent_scheduler [None req-1a502924-14e9-41e9-9859-dc348cdf6ba6 4af288c86e65492a8a60d81ad7357f9e ffd43631e8dd4e85b3618f1ebb20ddb4 - - default default] No more DHCP agents
2026-07-01 08:35:24.451 8 WARNING neutron.api.rpc.agentnotifiers.dhcp_rpc_agent_api [None req-1a502924-14e9-41e9-9859-dc348cdf6ba6 4af288c86e65492a8a60d81ad7357f9e ffd43631e8dd4e85b3618f1ebb20ddb4 - - default default] Unable to schedule network f17f3439-864e-4b87-88d9-6f2c99270f82: no agents available; will retry on subsequent port and subnet creation events.
2026-07-01 08:35:24.487 8 INFO neutron.db.ovn_revision_numbers_db [None req-1a502924-14e9-41e9-9859-dc348cdf6ba6 4af288c86e65492a8a60d81ad7357f9e ffd43631e8dd4e85b3618f1ebb20ddb4 - - default default] Successfully bumped revision number for resource 12a0c201-020a-427f-9d3c-e4b8a73a21ef (type: subnets) to 0
2026-07-01 08:35:24.491 7 INFO neutron.db.ovn_revision_numbers_db [None req-6c8967b1-5383-4171-a3bf-ee8cbb2ea935 88c56a0580a246c08972711cfb1c73ca 0d5f1a06501c463abc94a97c695dc1cf - - default default] Successfully bumped revision number for resource ef574cc0-cfbb-4f69-bd11-f7fe0298c958 (type: router_ports) to 1
2026-07-01 08:35:24.514 8 WARNING neutron.scheduler.dhcp_agent_scheduler [None req-1a502924-14e9-41e9-9859-dc348cdf6ba6 4af288c86e65492a8a60d81ad7357f9e ffd43631e8dd4e85b3618f1ebb20ddb4 - - default default] No more DHCP agents
2026-07-01 08:35:24.516 8 WARNING neutron.api.rpc.agentnotifiers.dhcp_rpc_agent_api [None req-1a502924-14e9-41e9-9859-dc348cdf6ba6 4af288c86e65492a8a60d81ad7357f9e ffd43631e8dd4e85b3618f1ebb20ddb4 - - default default] Unable to schedule network a4101582-c932-429e-85ea-cebd44dcf231: no agents available; will retry on subsequent port and subnet creation events.
2026-07-01 08:35:24.547 8 INFO neutron.db.ovn_revision_numbers_db [None req-1a502924-14e9-41e9-9859-dc348cdf6ba6 4af288c86e65492a8a60d81ad7357f9e ffd43631e8dd4e85b3618f1ebb20ddb4 - - default default] Successfully bumped revision number for resource 3069489a-5095-48b8-a793-0f01ce21f554 (type: subnets) to 0 [pid: 8|app: 0|req: 707/1363] 10.0.0.153 () {34 vars in 669 bytes} [Wed Jul 1 08:35:24 2026] POST /v2.0/subnets => generated 1323 bytes in 513 msecs (HTTP/1.1 201) 4 headers in 163 bytes (1 switches on core 0) [pid: 8|app: 0|req: 708/1364] 10.0.0.153 () {32 vars in 647 bytes} [Wed Jul 1 08:35:24 2026] GET /v2.0/subnets => generated 1959 bytes in 29 msecs (HTTP/1.1 200) 4 headers in 158 bytes (1 switches on core 0)
2026-07-01 08:35:24.731 7 INFO neutron.db.ovn_revision_numbers_db [None req-6c8967b1-5383-4171-a3bf-ee8cbb2ea935 88c56a0580a246c08972711cfb1c73ca 0d5f1a06501c463abc94a97c695dc1cf - - default default] Successfully bumped revision number for resource 515ad7ec-278d-482f-b339-0dd1facb7622 (type: routers) to 2 [pid: 8|app: 0|req: 709/1365] 10.0.0.153 () {32 vars in 724 bytes} [Wed Jul 1 08:35:24 2026] DELETE /v2.0/subnets/12a0c201-020a-427f-9d3c-e4b8a73a21ef => generated 0 bytes in 147 msecs (HTTP/1.1 204) 3 headers in 131 bytes (1 switches on core 0) [pid: 7|app: 0|req: 657/1366] 10.0.0.153 () {34 vars in 669 bytes} [Wed Jul 1 08:35:23 2026] POST /v2.0/routers => generated 965 bytes in 1624 msecs (HTTP/1.1 201) 4 headers in 162 bytes (1 switches on core 0) [pid: 8|app: 0|req: 710/1367] 10.0.0.171 () {34 vars in 990 bytes} [Wed Jul 1 08:35:24 2026] GET /v2.0/ports?device_id=947961a2-9d8f-4692-a8ec-bed95632e184 => generated 12 bytes in 18 msecs (HTTP/1.1 200) 4 headers in 156 bytes (1 switches on core 0) [pid: 7|app: 0|req: 658/1368] 10.0.0.153 () {32 vars in 724 bytes} [Wed Jul 1 08:35:24 2026] DELETE /v2.0/subnets/3069489a-5095-48b8-a793-0f01ce21f554 => generated 0 bytes in 262 msecs (HTTP/1.1 204) 3 headers in 131 bytes (1 switches on core 0) [pid: 7|app: 0|req: 659/1369] 10.0.0.153 () {32 vars in 647 bytes} [Wed Jul 1 08:35:25 2026] GET /v2.0/subnets => generated 649 bytes in 54 msecs (HTTP/1.1 200) 4 headers in 157 bytes (1 switches on core 0)
2026-07-01 08:35:25.154 8 WARNING neutron.scheduler.dhcp_agent_scheduler [None req-9d7cfa3d-1d0b-4d9d-a8d6-0f081cdc109e 88c56a0580a246c08972711cfb1c73ca 0d5f1a06501c463abc94a97c695dc1cf - - default default] No more DHCP agents
2026-07-01 08:35:25.155 8 WARNING neutron.api.rpc.agentnotifiers.dhcp_rpc_agent_api [None req-9d7cfa3d-1d0b-4d9d-a8d6-0f081cdc109e 88c56a0580a246c08972711cfb1c73ca 0d5f1a06501c463abc94a97c695dc1cf - - default default] Unable to schedule network 5dba896f-3be4-479b-aafe-b96c97cb2be9: no agents available; will retry on subsequent port and subnet creation events. [pid: 7|app: 0|req: 660/1370] 199.204.45.238 () {34 vars in 986 bytes} [Wed Jul 1 08:35:25 2026] GET /v2.0/networks?id=8ee0c331-f407-413f-bf11-3e2f2a9a28a8 => generated 676 bytes in 82 msecs (HTTP/1.1 200) 4 headers in 157 bytes (1 switches on core 0)
2026-07-01 08:35:25.256 8 INFO neutron.plugins.ml2.drivers.ovn.mech_driver.mech_driver [None req-919e084a-d5bd-48ce-bd7c-483bcfdb49b2 - - - - - -] OVN reports status down for port: 1095b095-726f-4e4e-88b2-bb360d18a557
