Apr 02 10:45:14.850851 np0000162868 neutron-periodic-workers[104990]: DEBUG cotyledon.oslo_config_glue [-] ml2.tunnelled_network_rp_name = rp_tunnelled {{(pid=104990) log_opt_values /opt/stack/data/venv/lib/python3.12/site-packages/oslo_config/cfg.py:3006}}
Apr 02 10:45:14.850851 np0000162868 neutron-periodic-workers[104990]: DEBUG cotyledon.oslo_config_glue [-] ml2.type_drivers = ['local', 'flat', 'vlan', 'geneve'] {{(pid=104990) log_opt_values /opt/stack/data/venv/lib/python3.12/site-packages/oslo_config/cfg.py:3006}}
Apr 02 10:45:14.850851 np0000162868 neutron-periodic-workers[104990]: DEBUG cotyledon.oslo_config_glue [-] ml2_type_flat.flat_networks = ['public'] {{(pid=104990) log_opt_values /opt/stack/data/venv/lib/python3.12/site-packages/oslo_config/cfg.py:3006}}
Apr 02 10:45:14.850851 np0000162868 neutron-periodic-workers[104990]: DEBUG cotyledon.oslo_config_glue [-] ml2_type_geneve.max_header_size = 38 {{(pid=104990) log_opt_values /opt/stack/data/venv/lib/python3.12/site-packages/oslo_config/cfg.py:3006}}
Apr 02 10:45:14.851109 np0000162868 neutron-periodic-workers[104990]: DEBUG cotyledon.oslo_config_glue [-] ml2_type_geneve.vni_ranges = ['1:65536'] {{(pid=104990) log_opt_values /opt/stack/data/venv/lib/python3.12/site-packages/oslo_config/cfg.py:3006}}
Apr 02 10:45:14.851109 np0000162868 neutron-periodic-workers[104990]: DEBUG cotyledon.oslo_config_glue [-] ml2_type_vlan.network_vlan_ranges = ['public'] {{(pid=104990) log_opt_values /opt/stack/data/venv/lib/python3.12/site-packages/oslo_config/cfg.py:3006}}
Apr 02 10:45:14.851109 np0000162868 neutron-periodic-workers[104990]: DEBUG cotyledon.oslo_config_glue [-] network_log.burst_limit = 25 {{(pid=104990) log_opt_values /opt/stack/data/venv/lib/python3.12/site-packages/oslo_config/cfg.py:3006}}
Apr 02 10:45:14.851109 np0000162868 neutron-periodic-workers[104990]: DEBUG cotyledon.oslo_config_glue [-] network_log.local_output_log_base = None {{(pid=104990) log_opt_values /opt/stack/data/venv/lib/python3.12/site-packages/oslo_config/cfg.py:3006}}
Apr 02 10:45:14.851109 np0000162868 neutron-periodic-workers[104990]: DEBUG cotyledon.oslo_config_glue [-] network_log.rate_limit = 100 {{(pid=104990) log_opt_values /opt/stack/data/venv/lib/python3.12/site-packages/oslo_config/cfg.py:3006}}
Apr 02 10:45:14.851109 np0000162868 neutron-periodic-workers[104990]: DEBUG cotyledon.oslo_config_glue [-] database.asyncio_connection = **** {{(pid=104990) log_opt_values /opt/stack/data/venv/lib/python3.12/site-packages/oslo_config/cfg.py:3006}}
Apr 02 10:45:14.851109 np0000162868 neutron-periodic-workers[104990]: DEBUG cotyledon.oslo_config_glue [-] database.asyncio_slave_connection = **** {{(pid=104990) log_opt_values /opt/stack/data/venv/lib/python3.12/site-packages/oslo_config/cfg.py:3006}}
Apr 02 10:45:14.851109 np0000162868 neutron-periodic-workers[104990]: DEBUG cotyledon.oslo_config_glue [-] database.backend = sqlalchemy {{(pid=104990) log_opt_values /opt/stack/data/venv/lib/python3.12/site-packages/oslo_config/cfg.py:3006}}
Apr 02 10:45:14.851109 np0000162868 neutron-periodic-workers[104990]: DEBUG cotyledon.oslo_config_glue [-] database.connection = **** {{(pid=104990) log_opt_values /opt/stack/data/venv/lib/python3.12/site-packages/oslo_config/cfg.py:3006}}
Apr 02 10:45:14.851338 np0000162868 neutron-periodic-workers[104990]: DEBUG cotyledon.oslo_config_glue [-] database.connection_debug = 0 {{(pid=104990) log_opt_values /opt/stack/data/venv/lib/python3.12/site-packages/oslo_config/cfg.py:3006}}
Apr 02 10:45:14.851338 np0000162868 neutron-periodic-workers[104990]: DEBUG cotyledon.oslo_config_glue [-] database.connection_parameters = {{(pid=104990) log_opt_values /opt/stack/data/venv/lib/python3.12/site-packages/oslo_config/cfg.py:3006}}
Apr 02 10:45:14.851338 np0000162868 neutron-periodic-workers[104990]: DEBUG cotyledon.oslo_config_glue [-] database.connection_recycle_time = 3600 {{(pid=104990) log_opt_values /opt/stack/data/venv/lib/python3.12/site-packages/oslo_config/cfg.py:3006}}
Apr 02 10:45:14.851338 np0000162868 neutron-periodic-workers[104990]: DEBUG cotyledon.oslo_config_glue [-] database.connection_trace = False {{(pid=104990) log_opt_values /opt/stack/data/venv/lib/python3.12/site-packages/oslo_config/cfg.py:3006}}
Apr 02 10:45:14.851338 np0000162868 neutron-periodic-workers[104990]: DEBUG cotyledon.oslo_config_glue [-] database.db_inc_retry_interval = True {{(pid=104990) log_opt_values /opt/stack/data/venv/lib/python3.12/site-packages/oslo_config/cfg.py:3006}}
Apr 02 10:45:14.851338 np0000162868 neutron-periodic-workers[104990]: DEBUG cotyledon.oslo_config_glue [-] database.db_max_retries = 20 {{(pid=104990) log_opt_values /opt/stack/data/venv/lib/python3.12/site-packages/oslo_config/cfg.py:3006}}
Apr 02 10:45:14.851338 np0000162868 neutron-periodic-workers[104990]: DEBUG cotyledon.oslo_config_glue [-] database.db_max_retry_interval = 10 {{(pid=104990) log_opt_values /opt/stack/data/venv/lib/python3.12/site-packages/oslo_config/cfg.py:3006}}
Apr 02 10:45:14.851338 np0000162868 neutron-periodic-workers[104990]: DEBUG cotyledon.oslo_config_glue [-] database.db_retry_interval = 1 {{(pid=104990) log_opt_values /opt/stack/data/venv/lib/python3.12/site-packages/oslo_config/cfg.py:3006}}
Apr 02 10:45:14.851338 np0000162868 neutron-periodic-workers[104990]: DEBUG cotyledon.oslo_config_glue [-] database.max_overflow = 50 {{(pid=104990) log_opt_values /opt/stack/data/venv/lib/python3.12/site-packages/oslo_config/cfg.py:3006}}
Apr 02 10:45:14.851616 np0000162868 neutron-periodic-workers[104990]: DEBUG cotyledon.oslo_config_glue [-] database.max_pool_size = 5 {{(pid=104990) log_opt_values /opt/stack/data/venv/lib/python3.12/site-packages/oslo_config/cfg.py:3006}}
Apr 02 10:45:14.851616 np0000162868 neutron-periodic-workers[104990]: DEBUG cotyledon.oslo_config_glue [-] database.max_retries = 10 {{(pid=104990) log_opt_values /opt/stack/data/venv/lib/python3.12/site-packages/oslo_config/cfg.py:3006}}
Apr 02 10:45:14.851616 np0000162868 neutron-periodic-workers[104990]: DEBUG cotyledon.oslo_config_glue [-] database.mysql_sql_mode = TRADITIONAL {{(pid=104990) log_opt_values /opt/stack/data/venv/lib/python3.12/site-packages/oslo_config/cfg.py:3006}}
Apr 02 10:45:14.851616 np0000162868 neutron-periodic-workers[104990]: DEBUG cotyledon.oslo_config_glue [-] database.mysql_wsrep_sync_wait = None {{(pid=104990) log_opt_values /opt/stack/data/venv/lib/python3.12/site-packages/oslo_config/cfg.py:3006}}
Apr 02 10:45:14.851616 np0000162868 neutron-periodic-workers[104990]: DEBUG cotyledon.oslo_config_glue [-] database.pool_timeout = None {{(pid=104990) log_opt_values /opt/stack/data/venv/lib/python3.12/site-packages/oslo_config/cfg.py:3006}}
Apr 02 10:45:14.851616 np0000162868 neutron-periodic-workers[104990]: DEBUG cotyledon.oslo_config_glue [-] database.retry_interval = 10 {{(pid=104990) log_opt_values /opt/stack/data/venv/lib/python3.12/site-packages/oslo_config/cfg.py:3006}}
Apr 02 10:45:14.851616 np0000162868 neutron-periodic-workers[104990]: DEBUG cotyledon.oslo_config_glue [-] database.slave_connection = **** {{(pid=104990) log_opt_values /opt/stack/data/venv/lib/python3.12/site-packages/oslo_config/cfg.py:3006}}
Apr 02 10:45:14.851616 np0000162868 neutron-periodic-workers[104990]: DEBUG cotyledon.oslo_config_glue [-] database.sqlite_synchronous = True {{(pid=104990) log_opt_values /opt/stack/data/venv/lib/python3.12/site-packages/oslo_config/cfg.py:3006}}
Apr 02 10:45:14.851616 np0000162868 neutron-periodic-workers[104990]: DEBUG cotyledon.oslo_config_glue [-] database.synchronous_reader = True {{(pid=104990) log_opt_values /opt/stack/data/venv/lib/python3.12/site-packages/oslo_config/cfg.py:3006}}
Apr 02 10:45:14.851941 np0000162868 neutron-periodic-workers[104990]: DEBUG cotyledon.oslo_config_glue [-] database.use_db_reconnect = False {{(pid=104990) log_opt_values /opt/stack/data/venv/lib/python3.12/site-packages/oslo_config/cfg.py:3006}}
Apr 02 10:45:14.851941 np0000162868 neutron-periodic-workers[104990]: DEBUG cotyledon.oslo_config_glue [-] ovn.bfd_min_rx = 1000 {{(pid=104990) log_opt_values /opt/stack/data/venv/lib/python3.12/site-packages/oslo_config/cfg.py:3006}}
Apr 02 10:45:14.851941 np0000162868 neutron-periodic-workers[104990]: DEBUG cotyledon.oslo_config_glue [-] ovn.bfd_min_tx = 100 {{(pid=104990) log_opt_values /opt/stack/data/venv/lib/python3.12/site-packages/oslo_config/cfg.py:3006}}
Apr 02 10:45:14.851941 np0000162868 neutron-periodic-workers[104990]: DEBUG cotyledon.oslo_config_glue [-] ovn.bfd_mult = 3 {{(pid=104990) log_opt_values /opt/stack/data/venv/lib/python3.12/site-packages/oslo_config/cfg.py:3006}}
Apr 02 10:45:14.851941 np0000162868 neutron-periodic-workers[104990]: DEBUG cotyledon.oslo_config_glue [-] ovn.broadcast_arps_to_all_routers = True {{(pid=104990) log_opt_values /opt/stack/data/venv/lib/python3.12/site-packages/oslo_config/cfg.py:3006}}
Apr 02 10:45:14.851941 np0000162868 neutron-periodic-workers[104990]: DEBUG cotyledon.oslo_config_glue [-] ovn.dhcp_default_lease_time = 43200 {{(pid=104990) log_opt_values /opt/stack/data/venv/lib/python3.12/site-packages/oslo_config/cfg.py:3006}}
Apr 02 10:45:14.851941 np0000162868 neutron-periodic-workers[104990]: DEBUG cotyledon.oslo_config_glue [-] ovn.disable_ovn_dhcp_for_baremetal_ports = False {{(pid=104990) log_opt_values /opt/stack/data/venv/lib/python3.12/site-packages/oslo_config/cfg.py:3006}}
Apr 02 10:45:14.851941 np0000162868 neutron-periodic-workers[104990]: DEBUG cotyledon.oslo_config_glue [-] ovn.dns_records_ovn_owned = False {{(pid=104990) log_opt_values /opt/stack/data/venv/lib/python3.12/site-packages/oslo_config/cfg.py:3006}}
Apr 02 10:45:14.851941 np0000162868 neutron-periodic-workers[104990]: DEBUG cotyledon.oslo_config_glue [-] ovn.dns_servers = [] {{(pid=104990) log_opt_values /opt/stack/data/venv/lib/python3.12/site-packages/oslo_config/cfg.py:3006}}
Apr 02 10:45:14.852177 np0000162868 neutron-periodic-workers[104990]: DEBUG cotyledon.oslo_config_glue [-] ovn.enable_distributed_floating_ip = False {{(pid=104990) log_opt_values /opt/stack/data/venv/lib/python3.12/site-packages/oslo_config/cfg.py:3006}}
Apr 02 10:45:14.852177 np0000162868 neutron-periodic-workers[104990]: DEBUG cotyledon.oslo_config_glue [-] ovn.fdb_age_threshold = 300 {{(pid=104990) log_opt_values /opt/stack/data/venv/lib/python3.12/site-packages/oslo_config/cfg.py:3006}}
Apr 02 10:45:14.852177 np0000162868 neutron-periodic-workers[104990]: DEBUG cotyledon.oslo_config_glue [-] ovn.ha_failover_strategy = normal {{(pid=104990) log_opt_values /opt/stack/data/venv/lib/python3.12/site-packages/oslo_config/cfg.py:3006}}
Apr 02 10:45:14.852177 np0000162868 neutron-periodic-workers[104990]: DEBUG cotyledon.oslo_config_glue [-] ovn.live_migration_activation_strategy = rarp {{(pid=104990) log_opt_values /opt/stack/data/venv/lib/python3.12/site-packages/oslo_config/cfg.py:3006}}
Apr 02 10:45:14.852177 np0000162868 neutron-periodic-workers[104990]: DEBUG cotyledon.oslo_config_glue [-] ovn.localnet_learn_fdb = False {{(pid=104990) log_opt_values /opt/stack/data/venv/lib/python3.12/site-packages/oslo_config/cfg.py:3006}}
Apr 02 10:45:14.852177 np0000162868 neutron-periodic-workers[104990]: DEBUG cotyledon.oslo_config_glue [-] ovn.mac_binding_age_threshold = 300 {{(pid=104990) log_opt_values /opt/stack/data/venv/lib/python3.12/site-packages/oslo_config/cfg.py:3006}}
Apr 02 10:45:14.852177 np0000162868 neutron-periodic-workers[104990]: DEBUG cotyledon.oslo_config_glue [-] ovn.neutron_sync_mode = log {{(pid=104990) log_opt_values /opt/stack/data/venv/lib/python3.12/site-packages/oslo_config/cfg.py:3006}}
Apr 02 10:45:14.852177 np0000162868 neutron-periodic-workers[104990]: DEBUG cotyledon.oslo_config_glue [-] ovn.ovn_dhcp4_global_options = {} {{(pid=104990) log_opt_values /opt/stack/data/venv/lib/python3.12/site-packages/oslo_config/cfg.py:3006}}
Apr 02 10:45:14.852177 np0000162868 neutron-periodic-workers[104990]: DEBUG cotyledon.oslo_config_glue [-] ovn.ovn_dhcp6_global_options = {} {{(pid=104990) log_opt_values /opt/stack/data/venv/lib/python3.12/site-packages/oslo_config/cfg.py:3006}}
Apr 02 10:45:14.852477 np0000162868 neutron-periodic-workers[104990]: DEBUG cotyledon.oslo_config_glue [-] ovn.ovn_l3_scheduler = leastloaded {{(pid=104990) log_opt_values /opt/stack/data/venv/lib/python3.12/site-packages/oslo_config/cfg.py:3006}}
Apr 02 10:45:14.852477 np0000162868 neutron-periodic-workers[104990]: DEBUG cotyledon.oslo_config_glue [-] ovn.ovn_metadata_enabled = True {{(pid=104990) log_opt_values /opt/stack/data/venv/lib/python3.12/site-packages/oslo_config/cfg.py:3006}}
Apr 02 10:45:14.852477 np0000162868 neutron-periodic-workers[104990]: DEBUG cotyledon.oslo_config_glue [-] ovn.ovn_nb_ca_cert = /opt/stack/data/CA/int-ca/ca-chain.pem {{(pid=104990) log_opt_values /opt/stack/data/venv/lib/python3.12/site-packages/oslo_config/cfg.py:3006}}
Apr 02 10:45:14.852477 np0000162868 neutron-periodic-workers[104990]: DEBUG cotyledon.oslo_config_glue [-] ovn.ovn_nb_certificate = /opt/stack/data/CA/int-ca/devstack-cert.crt {{(pid=104990) log_opt_values /opt/stack/data/venv/lib/python3.12/site-packages/oslo_config/cfg.py:3006}}
Apr 02 10:45:14.852477 np0000162868 neutron-periodic-workers[104990]: DEBUG cotyledon.oslo_config_glue [-] ovn.ovn_nb_connection = ['ssl:199.204.45.169:6641'] {{(pid=104990) log_opt_values /opt/stack/data/venv/lib/python3.12/site-packages/oslo_config/cfg.py:3006}}
Apr 02 10:45:14.852477 np0000162868 neutron-periodic-workers[104990]: DEBUG cotyledon.oslo_config_glue [-] ovn.ovn_nb_private_key = /opt/stack/data/CA/int-ca/private/devstack-cert.key {{(pid=104990) log_opt_values /opt/stack/data/venv/lib/python3.12/site-packages/oslo_config/cfg.py:3006}}
Apr 02 10:45:14.852477 np0000162868 neutron-periodic-workers[104990]: DEBUG cotyledon.oslo_config_glue [-] ovn.ovn_router_indirect_snat = False {{(pid=104990) log_opt_values /opt/stack/data/venv/lib/python3.12/site-packages/oslo_config/cfg.py:3006}}
Apr 02 10:45:14.852477 np0000162868 neutron-periodic-workers[104990]: DEBUG cotyledon.oslo_config_glue [-] ovn.ovn_sb_ca_cert = /opt/stack/data/CA/int-ca/ca-chain.pem {{(pid=104990) log_opt_values /opt/stack/data/venv/lib/python3.12/site-packages/oslo_config/cfg.py:3006}}
Apr 02 10:45:14.852722 np0000162868 neutron-periodic-workers[104990]: DEBUG cotyledon.oslo_config_glue [-] ovn.ovn_sb_certificate = /opt/stack/data/CA/int-ca/devstack-cert.crt {{(pid=104990) log_opt_values /opt/stack/data/venv/lib/python3.12/site-packages/oslo_config/cfg.py:3006}}
Apr 02 10:45:14.852722 np0000162868 neutron-periodic-workers[104990]: DEBUG cotyledon.oslo_config_glue [-] ovn.ovn_sb_connection = ['ssl:199.204.45.169:6642'] {{(pid=104990) log_opt_values /opt/stack/data/venv/lib/python3.12/site-packages/oslo_config/cfg.py:3006}}
Apr 02 10:45:14.852722 np0000162868 neutron-periodic-workers[104990]: DEBUG cotyledon.oslo_config_glue [-] ovn.ovn_sb_private_key = /opt/stack/data/CA/int-ca/private/devstack-cert.key {{(pid=104990) log_opt_values /opt/stack/data/venv/lib/python3.12/site-packages/oslo_config/cfg.py:3006}}
Apr 02 10:45:14.852722 np0000162868 neutron-periodic-workers[104990]: DEBUG cotyledon.oslo_config_glue [-] ovn.ovs_create_tap = False {{(pid=104990) log_opt_values /opt/stack/data/venv/lib/python3.12/site-packages/oslo_config/cfg.py:3006}}
Apr 02 10:45:14.852722 np0000162868 neutron-periodic-workers[104990]: DEBUG cotyledon.oslo_config_glue [-] ovn.ovsdb_connection_timeout = 180 {{(pid=104990) log_opt_values /opt/stack/data/venv/lib/python3.12/site-packages/oslo_config/cfg.py:3006}}
Apr 02 10:45:14.852722 np0000162868 neutron-periodic-workers[104990]: DEBUG cotyledon.oslo_config_glue [-] ovn.ovsdb_log_level = INFO {{(pid=104990) log_opt_values /opt/stack/data/venv/lib/python3.12/site-packages/oslo_config/cfg.py:3006}}
Apr 02 10:45:14.852722 np0000162868 neutron-periodic-workers[104990]: DEBUG cotyledon.oslo_config_glue [-] ovn.ovsdb_probe_interval = 60000 {{(pid=104990) log_opt_values /opt/stack/data/venv/lib/python3.12/site-packages/oslo_config/cfg.py:3006}}
Apr 02 10:45:14.852722 np0000162868 neutron-periodic-workers[104990]: DEBUG cotyledon.oslo_config_glue [-] ovn.ovsdb_retry_max_interval = 180 {{(pid=104990) log_opt_values /opt/stack/data/venv/lib/python3.12/site-packages/oslo_config/cfg.py:3006}}
Apr 02 10:45:14.852722 np0000162868 neutron-periodic-workers[104990]: DEBUG cotyledon.oslo_config_glue [-] ovn.stateless_nat_enabled = False {{(pid=104990) log_opt_values /opt/stack/data/venv/lib/python3.12/site-packages/oslo_config/cfg.py:3006}}
Apr 02 10:45:14.852968 np0000162868 neutron-periodic-workers[104990]: DEBUG cotyledon.oslo_config_glue [-] ovn.vhost_sock_dir = /var/run/openvswitch {{(pid=104990) log_opt_values /opt/stack/data/venv/lib/python3.12/site-packages/oslo_config/cfg.py:3006}}
Apr 02 10:45:14.852968 np0000162868 neutron-periodic-workers[104990]: DEBUG cotyledon.oslo_config_glue [-] OVS.bridge_mac_table_size = 50000 {{(pid=104990) log_opt_values /opt/stack/data/venv/lib/python3.12/site-packages/oslo_config/cfg.py:3006}}
Apr 02 10:45:14.852968 np0000162868 neutron-periodic-workers[104990]: DEBUG cotyledon.oslo_config_glue [-] OVS.igmp_flood = False {{(pid=104990) log_opt_values /opt/stack/data/venv/lib/python3.12/site-packages/oslo_config/cfg.py:3006}}
Apr 02 10:45:14.852968 np0000162868 neutron-periodic-workers[104990]: DEBUG cotyledon.oslo_config_glue [-] OVS.igmp_flood_reports = True {{(pid=104990) log_opt_values /opt/stack/data/venv/lib/python3.12/site-packages/oslo_config/cfg.py:3006}}
Apr 02 10:45:14.852968 np0000162868 neutron-periodic-workers[104990]: DEBUG cotyledon.oslo_config_glue [-] OVS.igmp_flood_unregistered = False {{(pid=104990) log_opt_values /opt/stack/data/venv/lib/python3.12/site-packages/oslo_config/cfg.py:3006}}
Apr 02 10:45:14.852968 np0000162868 neutron-periodic-workers[104990]: DEBUG cotyledon.oslo_config_glue [-] OVS.igmp_snooping_enable = False {{(pid=104990) log_opt_values /opt/stack/data/venv/lib/python3.12/site-packages/oslo_config/cfg.py:3006}}
Apr 02 10:45:14.852968 np0000162868 neutron-periodic-workers[104990]: DEBUG cotyledon.oslo_config_glue [-] OVS.ovsdb_timeout = 10 {{(pid=104990) log_opt_values /opt/stack/data/venv/lib/python3.12/site-packages/oslo_config/cfg.py:3006}}
Apr 02 10:45:14.852968 np0000162868 neutron-periodic-workers[104990]: DEBUG cotyledon.oslo_config_glue [-] ovn_nb_global.fdb_removal_limit = 0 {{(pid=104990) log_opt_values /opt/stack/data/venv/lib/python3.12/site-packages/oslo_config/cfg.py:3006}}
Apr 02 10:45:14.852968 np0000162868 neutron-periodic-workers[104990]: DEBUG cotyledon.oslo_config_glue [-] ovn_nb_global.ignore_lsp_down = False {{(pid=104990) log_opt_values /opt/stack/data/venv/lib/python3.12/site-packages/oslo_config/cfg.py:3006}}
Apr 02 10:45:14.853203 np0000162868 neutron-periodic-workers[104990]: DEBUG cotyledon.oslo_config_glue [-] ovn_nb_global.mac_binding_removal_limit = 0 {{(pid=104990) log_opt_values /opt/stack/data/venv/lib/python3.12/site-packages/oslo_config/cfg.py:3006}}
Apr 02 10:45:14.853203 np0000162868 neutron-periodic-workers[104990]: DEBUG cotyledon.oslo_config_glue [-] ******************************************************************************** {{(pid=104990) log_opt_values /opt/stack/data/venv/lib/python3.12/site-packages/oslo_config/cfg.py:3013}}
Apr 02 10:45:14.853203 np0000162868 neutron-periodic-workers[104990]: DEBUG cotyledon._service_worker [-] Run service ServiceWrapper(0) [104990] {{(pid=104990) wait_forever /opt/stack/data/venv/lib/python3.12/site-packages/cotyledon/_service_worker.py:218}}
Apr 02 10:45:24.467275 np0000162868 neutron-periodic-workers[104258]: DEBUG dbcounter [-] [104258] Writing DB stats neutron:SELECT=4 {{(pid=104258) stat_writer /opt/stack/data/venv/lib/python3.12/site-packages/dbcounter.py:115}}
Apr 02 10:46:07.839863 np0000162868 neutron-periodic-workers[104971]: DEBUG oslo_db.sqlalchemy.engines [None req-54ed5449-e42d-4ddf-b214-32090f3ca641 None None] Parent process 104258 forked (104971) with an open database connection, which is being discarded and recreated. {{(pid=104971) checkout /opt/stack/data/venv/lib/python3.12/site-packages/oslo_db/sqlalchemy/engines.py:402}}
Apr 02 10:46:07.848951 np0000162868 neutron-periodic-workers[104971]: DEBUG dbcounter [-] [104971] Writer thread running {{(pid=104971) stat_writer /opt/stack/data/venv/lib/python3.12/site-packages/dbcounter.py:102}}
Apr 02 10:46:07.852603 np0000162868 neutron-periodic-workers[104971]: DEBUG neutron.db.agents_db [None req-54ed5449-e42d-4ddf-b214-32090f3ca641 None None] Agent healthcheck: found 0 active agents {{(pid=104971) agent_health_check /opt/stack/neutron/neutron/db/agents_db.py:317}}
Apr 02 10:46:07.852792 np0000162868 neutron-periodic-workers[104971]: DEBUG oslo.service.backend._threading.loopingcall [None req-54ed5449-e42d-4ddf-b214-32090f3ca641 None None] Fixed interval looping call 'neutron.plugins.ml2.plugin.AgentDbMixin.agent_health_check' sleeping for 36.98 seconds {{(pid=104971) _run_loop /opt/stack/data/venv/lib/python3.12/site-packages/oslo_service/backend/_threading/loopingcall.py:125}}
Apr 02 10:46:13.829556 np0000162868 neutron-periodic-workers[104960]: DEBUG dbcounter [-] [104960] Writer thread running {{(pid=104960) stat_writer /opt/stack/data/venv/lib/python3.12/site-packages/dbcounter.py:102}}
Apr 02 10:46:13.839253 np0000162868 neutron-periodic-workers[104960]: DEBUG oslo.service.backend._threading.loopingcall [None req-95904e56-8d39-4faa-bb5b-f5964ad3ffcb None None] Fixed interval looping call 'neutron.plugins.ml2.plugin.DhcpAgentSchedulerDbMixin.remove_networks_from_down_agents' sleeping for 36.97 seconds {{(pid=104960) _run_loop /opt/stack/data/venv/lib/python3.12/site-packages/oslo_service/backend/_threading/loopingcall.py:125}}
Apr 02 10:46:14.849188 np0000162868 neutron-periodic-workers[104951]: DEBUG dbcounter [-] [104951] Writer thread running {{(pid=104951) stat_writer /opt/stack/data/venv/lib/python3.12/site-packages/dbcounter.py:102}}
Apr 02 10:46:14.865521 np0000162868 neutron-periodic-workers[104951]: DEBUG oslo.service.backend._threading.loopingcall [None req-e3e57d97-5a61-4bc1-b629-09b308fac5a0 None None] Fixed interval looping call 'neutron.services.ovn_l3.plugin.L3_NAT_dbonly_mixin._clean_garbage' sleeping for 299.94 seconds {{(pid=104951) _run_loop /opt/stack/data/venv/lib/python3.12/site-packages/oslo_service/backend/_threading/loopingcall.py:125}}
Apr 02 10:46:17.849931 np0000162868 neutron-periodic-workers[104971]: DEBUG dbcounter [-] [104971] Writing DB stats neutron:SELECT=1 {{(pid=104971) stat_writer /opt/stack/data/venv/lib/python3.12/site-packages/dbcounter.py:115}}
Apr 02 10:46:23.838158 np0000162868 neutron-periodic-workers[104960]: DEBUG dbcounter [-] [104960] Writing DB stats neutron:SELECT=3 {{(pid=104960) stat_writer /opt/stack/data/venv/lib/python3.12/site-packages/dbcounter.py:115}}
Apr 02 10:46:24.850061 np0000162868 neutron-periodic-workers[104951]: DEBUG dbcounter [-] [104951] Writing DB stats neutron:SELECT=1 {{(pid=104951) stat_writer /opt/stack/data/venv/lib/python3.12/site-packages/dbcounter.py:115}}
Apr 02 10:46:44.838324 np0000162868 neutron-periodic-workers[104971]: DEBUG neutron.db.agents_db [None req-54ed5449-e42d-4ddf-b214-32090f3ca641 None None] Agent healthcheck: found 0 active agents {{(pid=104971) agent_health_check /opt/stack/neutron/neutron/db/agents_db.py:317}}
Apr 02 10:46:44.839118 np0000162868 neutron-periodic-workers[104971]: DEBUG oslo.service.backend._threading.loopingcall [None req-54ed5449-e42d-4ddf-b214-32090f3ca641 None None] Fixed interval looping call 'neutron.plugins.ml2.plugin.AgentDbMixin.agent_health_check' sleeping for 36.99 seconds {{(pid=104971) _run_loop /opt/stack/data/venv/lib/python3.12/site-packages/oslo_service/backend/_threading/loopingcall.py:125}}
Apr 02 10:46:53.179866 np0000162868 neutron-periodic-workers[104960]: DEBUG oslo.service.backend._threading.loopingcall [None req-95904e56-8d39-4faa-bb5b-f5964ad3ffcb None None] Fixed interval looping call 'neutron.plugins.ml2.plugin.DhcpAgentSchedulerDbMixin.remove_networks_from_down_agents' sleeping for 34.63 seconds {{(pid=104960) _run_loop /opt/stack/data/venv/lib/python3.12/site-packages/oslo_service/backend/_threading/loopingcall.py:125}}
Apr 02 10:46:55.134542 np0000162868 neutron-periodic-workers[104971]: DEBUG dbcounter [-] [104971] Writing DB stats neutron:SELECT=1 {{(pid=104971) stat_writer /opt/stack/data/venv/lib/python3.12/site-packages/dbcounter.py:115}}
Apr 02 10:47:03.177534 np0000162868 neutron-periodic-workers[104960]: DEBUG dbcounter [-] [104960] Writing DB stats neutron:SELECT=3 {{(pid=104960) stat_writer /opt/stack/data/venv/lib/python3.12/site-packages/dbcounter.py:115}}
Apr 02 10:47:14.869414 np0000162868 neutron-periodic-workers[104990]: DEBUG dbcounter [-] [104990] Writer thread running {{(pid=104990) stat_writer /opt/stack/data/venv/lib/python3.12/site-packages/dbcounter.py:102}}
Apr 02 10:47:14.871431 np0000162868 neutron-periodic-workers[104990]: DEBUG oslo.service.backend._threading.loopingcall [None req-02598723-a6c4-4a51-9e1c-324a000c0592 None None] Fixed interval looping call 'neutron.db.quota.driver_nolock.DbQuotaNoLockDriver._remove_expired_reservations' sleeping for 119.98 seconds {{(pid=104990) _run_loop /opt/stack/data/venv/lib/python3.12/site-packages/oslo_service/backend/_threading/loopingcall.py:125}}
Apr 02 10:47:21.835416 np0000162868 neutron-periodic-workers[104971]: DEBUG neutron.db.agents_db [None req-54ed5449-e42d-4ddf-b214-32090f3ca641 None None] Agent healthcheck: found 0 active agents {{(pid=104971) agent_health_check /opt/stack/neutron/neutron/db/agents_db.py:317}}
Apr 02 10:47:21.836149 np0000162868 neutron-periodic-workers[104971]: DEBUG oslo.service.backend._threading.loopingcall [None req-54ed5449-e42d-4ddf-b214-32090f3ca641 None None] Fixed interval looping call 'neutron.plugins.ml2.plugin.AgentDbMixin.agent_health_check' sleeping for 36.99 seconds {{(pid=104971) _run_loop /opt/stack/data/venv/lib/python3.12/site-packages/oslo_service/backend/_threading/loopingcall.py:125}}
Apr 02 10:47:24.870018 np0000162868 neutron-periodic-workers[104990]: DEBUG dbcounter [-] [104990] Writing DB stats neutron:DELETE=1 {{(pid=104990) stat_writer /opt/stack/data/venv/lib/python3.12/site-packages/dbcounter.py:115}}
Apr 02 10:47:27.820301 np0000162868 neutron-periodic-workers[104960]: DEBUG oslo.service.backend._threading.loopingcall [None req-95904e56-8d39-4faa-bb5b-f5964ad3ffcb None None] Fixed interval looping call 'neutron.plugins.ml2.plugin.DhcpAgentSchedulerDbMixin.remove_networks_from_down_agents' sleeping for 36.99 seconds {{(pid=104960) _run_loop /opt/stack/data/venv/lib/python3.12/site-packages/oslo_service/backend/_threading/loopingcall.py:125}}
Apr 02 10:47:31.833283 np0000162868 neutron-periodic-workers[104971]: DEBUG dbcounter [-] [104971] Writing DB stats neutron:SELECT=1 {{(pid=104971) stat_writer /opt/stack/data/venv/lib/python3.12/site-packages/dbcounter.py:115}}
Apr 02 10:47:37.819893 np0000162868 neutron-periodic-workers[104960]: DEBUG dbcounter [-] [104960] Writing DB stats neutron:SELECT=3 {{(pid=104960) stat_writer /opt/stack/data/venv/lib/python3.12/site-packages/dbcounter.py:115}}
Apr 02 10:47:58.832924 np0000162868 neutron-periodic-workers[104971]: DEBUG neutron.db.agents_db [None req-54ed5449-e42d-4ddf-b214-32090f3ca641 None None] Agent healthcheck: found 0 active agents {{(pid=104971) agent_health_check /opt/stack/neutron/neutron/db/agents_db.py:317}}
Apr 02 10:47:58.833776 np0000162868 neutron-periodic-workers[104971]: DEBUG oslo.service.backend._threading.loopingcall [None req-54ed5449-e42d-4ddf-b214-32090f3ca641 None None] Fixed interval looping call 'neutron.plugins.ml2.plugin.AgentDbMixin.agent_health_check' sleeping for 36.99 seconds {{(pid=104971) _run_loop /opt/stack/data/venv/lib/python3.12/site-packages/oslo_service/backend/_threading/loopingcall.py:125}}
Apr 02 10:48:04.818899 np0000162868 neutron-periodic-workers[104960]: DEBUG oslo.service.backend._threading.loopingcall [None req-95904e56-8d39-4faa-bb5b-f5964ad3ffcb None None] Fixed interval looping call 'neutron.plugins.ml2.plugin.DhcpAgentSchedulerDbMixin.remove_networks_from_down_agents' sleeping for 36.99 seconds {{(pid=104960) _run_loop /opt/stack/data/venv/lib/python3.12/site-packages/oslo_service/backend/_threading/loopingcall.py:125}}
Apr 02 10:48:08.830772 np0000162868 neutron-periodic-workers[104971]: DEBUG dbcounter [-] [104971] Writing DB stats neutron:SELECT=1 {{(pid=104971) stat_writer /opt/stack/data/venv/lib/python3.12/site-packages/dbcounter.py:115}}
Apr 02 10:48:14.818023 np0000162868 neutron-periodic-workers[104960]: DEBUG dbcounter [-] [104960] Writing DB stats neutron:SELECT=3 {{(pid=104960) stat_writer /opt/stack/data/venv/lib/python3.12/site-packages/dbcounter.py:115}}
Apr 02 10:48:35.830991 np0000162868 neutron-periodic-workers[104971]: DEBUG neutron.db.agents_db [None req-54ed5449-e42d-4ddf-b214-32090f3ca641 None None] Agent healthcheck: found 0 active agents {{(pid=104971) agent_health_check /opt/stack/neutron/neutron/db/agents_db.py:317}}
Apr 02 10:48:35.831840 np0000162868 neutron-periodic-workers[104971]: DEBUG oslo.service.backend._threading.loopingcall [None req-54ed5449-e42d-4ddf-b214-32090f3ca641 None None] Fixed interval looping call 'neutron.plugins.ml2.plugin.AgentDbMixin.agent_health_check' sleeping for 36.99 seconds {{(pid=104971) _run_loop /opt/stack/data/venv/lib/python3.12/site-packages/oslo_service/backend/_threading/loopingcall.py:125}}
Apr 02 10:48:41.822502 np0000162868 neutron-periodic-workers[104960]: DEBUG oslo.service.backend._threading.loopingcall [None req-95904e56-8d39-4faa-bb5b-f5964ad3ffcb None None] Fixed interval looping call 'neutron.plugins.ml2.plugin.DhcpAgentSchedulerDbMixin.remove_networks_from_down_agents' sleeping for 36.99 seconds {{(pid=104960) _run_loop /opt/stack/data/venv/lib/python3.12/site-packages/oslo_service/backend/_threading/loopingcall.py:125}}
Apr 02 10:48:45.828565 np0000162868 neutron-periodic-workers[104971]: DEBUG dbcounter [-] [104971] Writing DB stats neutron:SELECT=1 {{(pid=104971) stat_writer /opt/stack/data/venv/lib/python3.12/site-packages/dbcounter.py:115}}
Apr 02 10:48:51.821334 np0000162868 neutron-periodic-workers[104960]: DEBUG dbcounter [-] [104960] Writing DB stats neutron:SELECT=3 {{(pid=104960) stat_writer /opt/stack/data/venv/lib/python3.12/site-packages/dbcounter.py:115}}
Apr 02 10:49:12.827608 np0000162868 neutron-periodic-workers[104971]: DEBUG neutron.db.agents_db [None req-54ed5449-e42d-4ddf-b214-32090f3ca641 None None] Agent healthcheck: found 0 active agents {{(pid=104971) agent_health_check /opt/stack/neutron/neutron/db/agents_db.py:317}}
Apr 02 10:49:12.828363 np0000162868 neutron-periodic-workers[104971]: DEBUG oslo.service.backend._threading.loopingcall [None req-54ed5449-e42d-4ddf-b214-32090f3ca641 None None] Fixed interval looping call 'neutron.plugins.ml2.plugin.AgentDbMixin.agent_health_check' sleeping for 36.99 seconds {{(pid=104971) _run_loop /opt/stack/data/venv/lib/python3.12/site-packages/oslo_service/backend/_threading/loopingcall.py:125}}
Apr 02 10:49:14.857821 np0000162868 neutron-periodic-workers[104990]: DEBUG oslo.service.backend._threading.loopingcall [None req-02598723-a6c4-4a51-9e1c-324a000c0592 None None] Fixed interval looping call 'neutron.db.quota.driver_nolock.DbQuotaNoLockDriver._remove_expired_reservations' sleeping for 119.99 seconds {{(pid=104990) _run_loop /opt/stack/data/venv/lib/python3.12/site-packages/oslo_service/backend/_threading/loopingcall.py:125}}
Apr 02 10:49:18.822800 np0000162868 neutron-periodic-workers[104960]: DEBUG oslo.service.backend._threading.loopingcall [None req-95904e56-8d39-4faa-bb5b-f5964ad3ffcb None None] Fixed interval looping call 'neutron.plugins.ml2.plugin.DhcpAgentSchedulerDbMixin.remove_networks_from_down_agents' sleeping for 36.99 seconds {{(pid=104960) _run_loop /opt/stack/data/venv/lib/python3.12/site-packages/oslo_service/backend/_threading/loopingcall.py:125}}
Apr 02 10:49:22.825170 np0000162868 neutron-periodic-workers[104971]: DEBUG dbcounter [-] [104971] Writing DB stats neutron:SELECT=1 {{(pid=104971) stat_writer /opt/stack/data/venv/lib/python3.12/site-packages/dbcounter.py:115}}
Apr 02 10:49:24.855640 np0000162868 neutron-periodic-workers[104990]: DEBUG dbcounter [-] [104990] Writing DB stats neutron:DELETE=1 {{(pid=104990) stat_writer /opt/stack/data/venv/lib/python3.12/site-packages/dbcounter.py:115}}
Apr 02 10:49:28.821734 np0000162868 neutron-periodic-workers[104960]: DEBUG dbcounter [-] [104960] Writing DB stats neutron:SELECT=3 {{(pid=104960) stat_writer /opt/stack/data/venv/lib/python3.12/site-packages/dbcounter.py:115}}
Apr 02 10:49:49.838274 np0000162868 neutron-periodic-workers[104971]: DEBUG neutron.db.agents_db [None req-54ed5449-e42d-4ddf-b214-32090f3ca641 None None] Agent healthcheck: found 0 active agents {{(pid=104971) agent_health_check /opt/stack/neutron/neutron/db/agents_db.py:317}}
Apr 02 10:49:49.839232 np0000162868 neutron-periodic-workers[104971]: DEBUG oslo.service.backend._threading.loopingcall [None req-54ed5449-e42d-4ddf-b214-32090f3ca641 None None] Fixed interval looping call 'neutron.plugins.ml2.plugin.AgentDbMixin.agent_health_check' sleeping for 36.98 seconds {{(pid=104971) _run_loop /opt/stack/data/venv/lib/python3.12/site-packages/oslo_service/backend/_threading/loopingcall.py:125}}
Apr 02 10:49:55.823497 np0000162868 neutron-periodic-workers[104960]: DEBUG oslo.service.backend._threading.loopingcall [None req-95904e56-8d39-4faa-bb5b-f5964ad3ffcb None None] Fixed interval looping call 'neutron.plugins.ml2.plugin.DhcpAgentSchedulerDbMixin.remove_networks_from_down_agents' sleeping for 36.99 seconds {{(pid=104960) _run_loop /opt/stack/data/venv/lib/python3.12/site-packages/oslo_service/backend/_threading/loopingcall.py:125}}
Apr 02 10:49:59.836622 np0000162868 neutron-periodic-workers[104971]: DEBUG dbcounter [-] [104971] Writing DB stats neutron:SELECT=1 {{(pid=104971) stat_writer /opt/stack/data/venv/lib/python3.12/site-packages/dbcounter.py:115}}
Apr 02 10:50:05.822455 np0000162868 neutron-periodic-workers[104960]: DEBUG dbcounter [-] [104960] Writing DB stats neutron:SELECT=3 {{(pid=104960) stat_writer /opt/stack/data/venv/lib/python3.12/site-packages/dbcounter.py:115}}
Apr 02 10:50:26.824907 np0000162868 neutron-periodic-workers[104971]: DEBUG neutron.db.agents_db [None req-54ed5449-e42d-4ddf-b214-32090f3ca641 None None] Agent healthcheck: found 0 active agents {{(pid=104971) agent_health_check /opt/stack/neutron/neutron/db/agents_db.py:317}}
Apr 02 10:50:26.826938 np0000162868 neutron-periodic-workers[104971]: DEBUG oslo.service.backend._threading.loopingcall [None req-54ed5449-e42d-4ddf-b214-32090f3ca641 None None] Fixed interval looping call 'neutron.plugins.ml2.plugin.AgentDbMixin.agent_health_check' sleeping for 36.99 seconds {{(pid=104971) _run_loop /opt/stack/data/venv/lib/python3.12/site-packages/oslo_service/backend/_threading/loopingcall.py:125}}
Apr 02 10:50:32.824744 np0000162868 neutron-periodic-workers[104960]: DEBUG oslo.service.backend._threading.loopingcall [None req-95904e56-8d39-4faa-bb5b-f5964ad3ffcb None None] Fixed interval looping call 'neutron.plugins.ml2.plugin.DhcpAgentSchedulerDbMixin.remove_networks_from_down_agents' sleeping for 36.99 seconds {{(pid=104960) _run_loop /opt/stack/data/venv/lib/python3.12/site-packages/oslo_service/backend/_threading/loopingcall.py:125}}
Apr 02 10:50:36.823496 np0000162868 neutron-periodic-workers[104971]: DEBUG dbcounter [-] [104971] Writing DB stats neutron:SELECT=1 {{(pid=104971) stat_writer /opt/stack/data/venv/lib/python3.12/site-packages/dbcounter.py:115}}
Apr 02 10:50:42.823614 np0000162868 neutron-periodic-workers[104960]: DEBUG dbcounter [-] [104960] Writing DB stats neutron:SELECT=3 {{(pid=104960) stat_writer /opt/stack/data/venv/lib/python3.12/site-packages/dbcounter.py:115}}
Apr 02 10:51:03.822329 np0000162868 neutron-periodic-workers[104971]: DEBUG neutron.db.agents_db [None req-54ed5449-e42d-4ddf-b214-32090f3ca641 None None] Agent healthcheck: found 0 active agents {{(pid=104971) agent_health_check /opt/stack/neutron/neutron/db/agents_db.py:317}}
Apr 02 10:51:03.823824 np0000162868 neutron-periodic-workers[104971]: DEBUG oslo.service.backend._threading.loopingcall [None req-54ed5449-e42d-4ddf-b214-32090f3ca641 None None] Fixed interval looping call 'neutron.plugins.ml2.plugin.AgentDbMixin.agent_health_check' sleeping for 36.99 seconds {{(pid=104971) _run_loop /opt/stack/data/venv/lib/python3.12/site-packages/oslo_service/backend/_threading/loopingcall.py:125}}
Apr 02 10:51:09.823253 np0000162868 neutron-periodic-workers[104960]: DEBUG oslo.service.backend._threading.loopingcall [None req-95904e56-8d39-4faa-bb5b-f5964ad3ffcb None None] Fixed interval looping call 'neutron.plugins.ml2.plugin.DhcpAgentSchedulerDbMixin.remove_networks_from_down_agents' sleeping for 36.99 seconds {{(pid=104960) _run_loop /opt/stack/data/venv/lib/python3.12/site-packages/oslo_service/backend/_threading/loopingcall.py:125}}
Apr 02 10:51:13.819434 np0000162868 neutron-periodic-workers[104971]: DEBUG dbcounter [-] [104971] Writing DB stats neutron:SELECT=1 {{(pid=104971) stat_writer /opt/stack/data/venv/lib/python3.12/site-packages/dbcounter.py:115}}
Apr 02 10:51:14.819437 np0000162868 neutron-periodic-workers[104951]: DEBUG oslo.service.backend._threading.loopingcall [None req-e3e57d97-5a61-4bc1-b629-09b308fac5a0 None None] Fixed interval looping call 'neutron.services.ovn_l3.plugin.L3_NAT_dbonly_mixin._clean_garbage' sleeping for 299.99 seconds {{(pid=104951) _run_loop /opt/stack/data/venv/lib/python3.12/site-packages/oslo_service/backend/_threading/loopingcall.py:125}}
Apr 02 10:51:14.852749 np0000162868 neutron-periodic-workers[104990]: DEBUG oslo.service.backend._threading.loopingcall [None req-02598723-a6c4-4a51-9e1c-324a000c0592 None None] Fixed interval looping call 'neutron.db.quota.driver_nolock.DbQuotaNoLockDriver._remove_expired_reservations' sleeping for 120.00 seconds {{(pid=104990) _run_loop /opt/stack/data/venv/lib/python3.12/site-packages/oslo_service/backend/_threading/loopingcall.py:125}}
Apr 02 10:51:19.822733 np0000162868 neutron-periodic-workers[104960]: DEBUG dbcounter [-] [104960] Writing DB stats neutron:SELECT=3 {{(pid=104960) stat_writer /opt/stack/data/venv/lib/python3.12/site-packages/dbcounter.py:115}}
Apr 02 10:51:24.809681 np0000162868 neutron-periodic-workers[104951]: DEBUG dbcounter [-] [104951] Writing DB stats neutron:SELECT=1 {{(pid=104951) stat_writer /opt/stack/data/venv/lib/python3.12/site-packages/dbcounter.py:115}}
Apr 02 10:51:24.851523 np0000162868 neutron-periodic-workers[104990]: DEBUG dbcounter [-] [104990] Writing DB stats neutron:DELETE=1 {{(pid=104990) stat_writer /opt/stack/data/venv/lib/python3.12/site-packages/dbcounter.py:115}}
Apr 02 10:51:40.817533 np0000162868 neutron-periodic-workers[104971]: DEBUG neutron.db.agents_db [None req-54ed5449-e42d-4ddf-b214-32090f3ca641 None None] Agent healthcheck: found 0 active agents {{(pid=104971) agent_health_check /opt/stack/neutron/neutron/db/agents_db.py:317}}
Apr 02 10:51:40.819034 np0000162868 neutron-periodic-workers[104971]: DEBUG oslo.service.backend._threading.loopingcall [None req-54ed5449-e42d-4ddf-b214-32090f3ca641 None None] Fixed interval looping call 'neutron.plugins.ml2.plugin.AgentDbMixin.agent_health_check' sleeping for 36.99 seconds {{(pid=104971) _run_loop /opt/stack/data/venv/lib/python3.12/site-packages/oslo_service/backend/_threading/loopingcall.py:125}}
Apr 02 10:51:46.822976 np0000162868 neutron-periodic-workers[104960]: DEBUG oslo.service.backend._threading.loopingcall [None req-95904e56-8d39-4faa-bb5b-f5964ad3ffcb None None] Fixed interval looping call 'neutron.plugins.ml2.plugin.DhcpAgentSchedulerDbMixin.remove_networks_from_down_agents' sleeping for 36.99 seconds {{(pid=104960) _run_loop /opt/stack/data/venv/lib/python3.12/site-packages/oslo_service/backend/_threading/loopingcall.py:125}}
Apr 02 10:51:50.816201 np0000162868 neutron-periodic-workers[104971]: DEBUG dbcounter [-] [104971] Writing DB stats neutron:SELECT=1 {{(pid=104971) stat_writer /opt/stack/data/venv/lib/python3.12/site-packages/dbcounter.py:115}}
Apr 02 10:51:56.822312 np0000162868 neutron-periodic-workers[104960]: DEBUG dbcounter [-] [104960] Writing DB stats neutron:SELECT=3 {{(pid=104960) stat_writer /opt/stack/data/venv/lib/python3.12/site-packages/dbcounter.py:115}}
Apr 02 10:52:17.814341 np0000162868 neutron-periodic-workers[104971]: DEBUG neutron.db.agents_db [None req-54ed5449-e42d-4ddf-b214-32090f3ca641 None None] Agent healthcheck: found 0 active agents {{(pid=104971) agent_health_check /opt/stack/neutron/neutron/db/agents_db.py:317}}
Apr 02 10:52:17.815080 np0000162868 neutron-periodic-workers[104971]: DEBUG oslo.service.backend._threading.loopingcall [None req-54ed5449-e42d-4ddf-b214-32090f3ca641 None None] Fixed interval looping call 'neutron.plugins.ml2.plugin.AgentDbMixin.agent_health_check' sleeping for 36.99 seconds {{(pid=104971) _run_loop /opt/stack/data/venv/lib/python3.12/site-packages/oslo_service/backend/_threading/loopingcall.py:125}}
Apr 02 10:52:23.823936 np0000162868 neutron-periodic-workers[104960]: DEBUG oslo.service.backend._threading.loopingcall [None req-95904e56-8d39-4faa-bb5b-f5964ad3ffcb None None] Fixed interval looping call 'neutron.plugins.ml2.plugin.DhcpAgentSchedulerDbMixin.remove_networks_from_down_agents' sleeping for 36.99 seconds {{(pid=104960) _run_loop /opt/stack/data/venv/lib/python3.12/site-packages/oslo_service/backend/_threading/loopingcall.py:125}}
Apr 02 10:52:27.812957 np0000162868 neutron-periodic-workers[104971]: DEBUG dbcounter [-] [104971] Writing DB stats neutron:SELECT=1 {{(pid=104971) stat_writer /opt/stack/data/venv/lib/python3.12/site-packages/dbcounter.py:115}}
Apr 02 10:52:33.822436 np0000162868 neutron-periodic-workers[104960]: DEBUG dbcounter [-] [104960] Writing DB stats neutron:SELECT=3 {{(pid=104960) stat_writer /opt/stack/data/venv/lib/python3.12/site-packages/dbcounter.py:115}}
Apr 02 10:52:54.811639 np0000162868 neutron-periodic-workers[104971]: DEBUG neutron.db.agents_db [None req-54ed5449-e42d-4ddf-b214-32090f3ca641 None None] Agent healthcheck: found 0 active agents {{(pid=104971) agent_health_check /opt/stack/neutron/neutron/db/agents_db.py:317}}
Apr 02 10:52:54.812189 np0000162868 neutron-periodic-workers[104971]: DEBUG oslo.service.backend._threading.loopingcall [None req-54ed5449-e42d-4ddf-b214-32090f3ca641 None None] Fixed interval looping call 'neutron.plugins.ml2.plugin.AgentDbMixin.agent_health_check' sleeping for 36.99 seconds {{(pid=104971) _run_loop /opt/stack/data/venv/lib/python3.12/site-packages/oslo_service/backend/_threading/loopingcall.py:125}}
Apr 02 10:53:00.824457 np0000162868 neutron-periodic-workers[104960]: DEBUG oslo.service.backend._threading.loopingcall [None req-95904e56-8d39-4faa-bb5b-f5964ad3ffcb None None] Fixed interval looping call 'neutron.plugins.ml2.plugin.DhcpAgentSchedulerDbMixin.remove_networks_from_down_agents' sleeping for 36.99 seconds {{(pid=104960) _run_loop /opt/stack/data/venv/lib/python3.12/site-packages/oslo_service/backend/_threading/loopingcall.py:125}}
Apr 02 10:53:04.809423 np0000162868 neutron-periodic-workers[104971]: DEBUG dbcounter [-] [104971] Writing DB stats neutron:SELECT=1 {{(pid=104971) stat_writer /opt/stack/data/venv/lib/python3.12/site-packages/dbcounter.py:115}}
Apr 02 10:53:10.824712 np0000162868 neutron-periodic-workers[104960]: DEBUG dbcounter [-] [104960] Writing DB stats neutron:SELECT=3 {{(pid=104960) stat_writer /opt/stack/data/venv/lib/python3.12/site-packages/dbcounter.py:115}}
Apr 02 10:53:14.858681 np0000162868 neutron-periodic-workers[104990]: DEBUG oslo.service.backend._threading.loopingcall [None req-02598723-a6c4-4a51-9e1c-324a000c0592 None None] Fixed interval looping call 'neutron.db.quota.driver_nolock.DbQuotaNoLockDriver._remove_expired_reservations' sleeping for 119.99 seconds {{(pid=104990) _run_loop /opt/stack/data/venv/lib/python3.12/site-packages/oslo_service/backend/_threading/loopingcall.py:125}}
Apr 02 10:53:24.857076 np0000162868 neutron-periodic-workers[104990]: DEBUG dbcounter [-] [104990] Writing DB stats neutron:DELETE=1 {{(pid=104990) stat_writer /opt/stack/data/venv/lib/python3.12/site-packages/dbcounter.py:115}}
Apr 02 10:53:31.807743 np0000162868 neutron-periodic-workers[104971]: DEBUG neutron.db.agents_db [None req-54ed5449-e42d-4ddf-b214-32090f3ca641 None None] Agent healthcheck: found 0 active agents {{(pid=104971) agent_health_check /opt/stack/neutron/neutron/db/agents_db.py:317}}
Apr 02 10:53:31.808634 np0000162868 neutron-periodic-workers[104971]: DEBUG oslo.service.backend._threading.loopingcall [None req-54ed5449-e42d-4ddf-b214-32090f3ca641 None None] Fixed interval looping call 'neutron.plugins.ml2.plugin.AgentDbMixin.agent_health_check' sleeping for 36.99 seconds {{(pid=104971) _run_loop /opt/stack/data/venv/lib/python3.12/site-packages/oslo_service/backend/_threading/loopingcall.py:125}}
Apr 02 10:53:37.824678 np0000162868 neutron-periodic-workers[104960]: DEBUG oslo.service.backend._threading.loopingcall [None req-95904e56-8d39-4faa-bb5b-f5964ad3ffcb None None] Fixed interval looping call 'neutron.plugins.ml2.plugin.DhcpAgentSchedulerDbMixin.remove_networks_from_down_agents' sleeping for 36.99 seconds {{(pid=104960) _run_loop /opt/stack/data/venv/lib/python3.12/site-packages/oslo_service/backend/_threading/loopingcall.py:125}}
Apr 02 10:53:41.805951 np0000162868 neutron-periodic-workers[104971]: DEBUG dbcounter [-] [104971] Writing DB stats neutron:SELECT=1 {{(pid=104971) stat_writer /opt/stack/data/venv/lib/python3.12/site-packages/dbcounter.py:115}}
Apr 02 10:53:47.823885 np0000162868 neutron-periodic-workers[104960]: DEBUG dbcounter [-] [104960] Writing DB stats neutron:SELECT=3 {{(pid=104960) stat_writer /opt/stack/data/venv/lib/python3.12/site-packages/dbcounter.py:115}}
Apr 02 10:54:08.803569 np0000162868 neutron-periodic-workers[104971]: DEBUG neutron.db.agents_db [None req-54ed5449-e42d-4ddf-b214-32090f3ca641 None None] Agent healthcheck: found 0 active agents {{(pid=104971) agent_health_check /opt/stack/neutron/neutron/db/agents_db.py:317}}
Apr 02 10:54:08.804085 np0000162868 neutron-periodic-workers[104971]: DEBUG oslo.service.backend._threading.loopingcall [None req-54ed5449-e42d-4ddf-b214-32090f3ca641 None None] Fixed interval looping call 'neutron.plugins.ml2.plugin.AgentDbMixin.agent_health_check' sleeping for 36.99 seconds {{(pid=104971) _run_loop /opt/stack/data/venv/lib/python3.12/site-packages/oslo_service/backend/_threading/loopingcall.py:125}}
Apr 02 10:54:14.823610 np0000162868 neutron-periodic-workers[104960]: DEBUG oslo.service.backend._threading.loopingcall [None req-95904e56-8d39-4faa-bb5b-f5964ad3ffcb None None] Fixed interval looping call 'neutron.plugins.ml2.plugin.DhcpAgentSchedulerDbMixin.remove_networks_from_down_agents' sleeping for 36.99 seconds {{(pid=104960) _run_loop /opt/stack/data/venv/lib/python3.12/site-packages/oslo_service/backend/_threading/loopingcall.py:125}}
Apr 02 10:54:18.802002 np0000162868 neutron-periodic-workers[104971]: DEBUG dbcounter [-] [104971] Writing DB stats neutron:SELECT=1 {{(pid=104971) stat_writer /opt/stack/data/venv/lib/python3.12/site-packages/dbcounter.py:115}}
Apr 02 10:54:24.823098 np0000162868 neutron-periodic-workers[104960]: DEBUG dbcounter [-] [104960] Writing DB stats neutron:SELECT=3 {{(pid=104960) stat_writer /opt/stack/data/venv/lib/python3.12/site-packages/dbcounter.py:115}}
Apr 02 10:54:45.799758 np0000162868 neutron-periodic-workers[104971]: DEBUG neutron.db.agents_db [None req-54ed5449-e42d-4ddf-b214-32090f3ca641 None None] Agent healthcheck: found 0 active agents {{(pid=104971) agent_health_check /opt/stack/neutron/neutron/db/agents_db.py:317}}
Apr 02 10:54:45.800501 np0000162868 neutron-periodic-workers[104971]: DEBUG oslo.service.backend._threading.loopingcall [None req-54ed5449-e42d-4ddf-b214-32090f3ca641 None None] Fixed interval looping call 'neutron.plugins.ml2.plugin.AgentDbMixin.agent_health_check' sleeping for 36.99 seconds {{(pid=104971) _run_loop /opt/stack/data/venv/lib/python3.12/site-packages/oslo_service/backend/_threading/loopingcall.py:125}}
Apr 02 10:54:51.826780 np0000162868 neutron-periodic-workers[104960]: DEBUG oslo.service.backend._threading.loopingcall [None req-95904e56-8d39-4faa-bb5b-f5964ad3ffcb None None] Fixed interval looping call 'neutron.plugins.ml2.plugin.DhcpAgentSchedulerDbMixin.remove_networks_from_down_agents' sleeping for 36.99 seconds {{(pid=104960) _run_loop /opt/stack/data/venv/lib/python3.12/site-packages/oslo_service/backend/_threading/loopingcall.py:125}}
Apr 02 10:54:55.798845 np0000162868 neutron-periodic-workers[104971]: DEBUG dbcounter [-] [104971] Writing DB stats neutron:SELECT=1 {{(pid=104971) stat_writer /opt/stack/data/venv/lib/python3.12/site-packages/dbcounter.py:115}}
Apr 02 10:55:01.824213 np0000162868 neutron-periodic-workers[104960]: DEBUG dbcounter [-] [104960] Writing DB stats neutron:SELECT=3 {{(pid=104960) stat_writer /opt/stack/data/venv/lib/python3.12/site-packages/dbcounter.py:115}}
Apr 02 10:55:14.854746 np0000162868 neutron-periodic-workers[104990]: DEBUG oslo.service.backend._threading.loopingcall [None req-02598723-a6c4-4a51-9e1c-324a000c0592 None None] Fixed interval looping call 'neutron.db.quota.driver_nolock.DbQuotaNoLockDriver._remove_expired_reservations' sleeping for 120.00 seconds {{(pid=104990) _run_loop /opt/stack/data/venv/lib/python3.12/site-packages/oslo_service/backend/_threading/loopingcall.py:125}}
Apr 02 10:55:22.797610 np0000162868 neutron-periodic-workers[104971]: DEBUG neutron.db.agents_db [None req-54ed5449-e42d-4ddf-b214-32090f3ca641 None None] Agent healthcheck: found 0 active agents {{(pid=104971) agent_health_check /opt/stack/neutron/neutron/db/agents_db.py:317}}
