Apr 11 03:07:28.504739 np0000164983 neutron-periodic-workers[106792]: DEBUG cotyledon.oslo_config_glue [-] ml2.overlay_ip_version = 4 {{(pid=106792) log_opt_values /opt/stack/data/venv/lib/python3.12/site-packages/oslo_config/cfg.py:3006}}
Apr 11 03:07:28.504784 np0000164983 neutron-periodic-workers[106792]: DEBUG cotyledon.oslo_config_glue [-] ml2.path_mtu = 0 {{(pid=106792) log_opt_values /opt/stack/data/venv/lib/python3.12/site-packages/oslo_config/cfg.py:3006}}
Apr 11 03:07:28.504822 np0000164983 neutron-periodic-workers[106792]: DEBUG cotyledon.oslo_config_glue [-] ml2.physical_network_mtus = {} {{(pid=106792) log_opt_values /opt/stack/data/venv/lib/python3.12/site-packages/oslo_config/cfg.py:3006}}
Apr 11 03:07:28.504864 np0000164983 neutron-periodic-workers[106792]: DEBUG cotyledon.oslo_config_glue [-] ml2.project_network_types = ['geneve'] {{(pid=106792) log_opt_values /opt/stack/data/venv/lib/python3.12/site-packages/oslo_config/cfg.py:3006}}
Apr 11 03:07:28.504913 np0000164983 neutron-periodic-workers[106792]: DEBUG cotyledon.oslo_config_glue [-] ml2.tunnelled_network_rp_name = rp_tunnelled {{(pid=106792) log_opt_values /opt/stack/data/venv/lib/python3.12/site-packages/oslo_config/cfg.py:3006}}
Apr 11 03:07:28.505062 np0000164983 neutron-periodic-workers[106792]: DEBUG cotyledon.oslo_config_glue [-] ml2.type_drivers = ['local', 'flat', 'vlan', 'geneve'] {{(pid=106792) log_opt_values /opt/stack/data/venv/lib/python3.12/site-packages/oslo_config/cfg.py:3006}}
Apr 11 03:07:28.505151 np0000164983 neutron-periodic-workers[106792]: DEBUG cotyledon.oslo_config_glue [-] ml2_type_flat.flat_networks = ['public'] {{(pid=106792) log_opt_values /opt/stack/data/venv/lib/python3.12/site-packages/oslo_config/cfg.py:3006}}
Apr 11 03:07:28.505208 np0000164983 neutron-periodic-workers[106792]: DEBUG cotyledon.oslo_config_glue [-] ml2_type_geneve.max_header_size = 38 {{(pid=106792) log_opt_values /opt/stack/data/venv/lib/python3.12/site-packages/oslo_config/cfg.py:3006}}
Apr 11 03:07:28.505249 np0000164983 neutron-periodic-workers[106792]: DEBUG cotyledon.oslo_config_glue [-] ml2_type_geneve.vni_ranges = ['1:65536'] {{(pid=106792) log_opt_values /opt/stack/data/venv/lib/python3.12/site-packages/oslo_config/cfg.py:3006}}
Apr 11 03:07:28.505305 np0000164983 neutron-periodic-workers[106792]: DEBUG cotyledon.oslo_config_glue [-] ml2_type_vlan.network_vlan_ranges = ['public'] {{(pid=106792) log_opt_values /opt/stack/data/venv/lib/python3.12/site-packages/oslo_config/cfg.py:3006}}
Apr 11 03:07:28.505373 np0000164983 neutron-periodic-workers[106792]: DEBUG cotyledon.oslo_config_glue [-] network_log.burst_limit = 25 {{(pid=106792) log_opt_values /opt/stack/data/venv/lib/python3.12/site-packages/oslo_config/cfg.py:3006}}
Apr 11 03:07:28.505424 np0000164983 neutron-periodic-workers[106792]: DEBUG cotyledon.oslo_config_glue [-] network_log.local_output_log_base = None {{(pid=106792) log_opt_values /opt/stack/data/venv/lib/python3.12/site-packages/oslo_config/cfg.py:3006}}
Apr 11 03:07:28.505458 np0000164983 neutron-periodic-workers[106792]: DEBUG cotyledon.oslo_config_glue [-] network_log.rate_limit = 100 {{(pid=106792) log_opt_values /opt/stack/data/venv/lib/python3.12/site-packages/oslo_config/cfg.py:3006}}
Apr 11 03:07:28.505548 np0000164983 neutron-periodic-workers[106792]: DEBUG cotyledon.oslo_config_glue [-] database.asyncio_connection = **** {{(pid=106792) log_opt_values /opt/stack/data/venv/lib/python3.12/site-packages/oslo_config/cfg.py:3006}}
Apr 11 03:07:28.505605 np0000164983 neutron-periodic-workers[106792]: DEBUG cotyledon.oslo_config_glue [-] database.asyncio_slave_connection = **** {{(pid=106792) log_opt_values /opt/stack/data/venv/lib/python3.12/site-packages/oslo_config/cfg.py:3006}}
Apr 11 03:07:28.505655 np0000164983 neutron-periodic-workers[106792]: DEBUG cotyledon.oslo_config_glue [-] database.backend = sqlalchemy {{(pid=106792) log_opt_values /opt/stack/data/venv/lib/python3.12/site-packages/oslo_config/cfg.py:3006}}
Apr 11 03:07:28.505705 np0000164983 neutron-periodic-workers[106792]: DEBUG cotyledon.oslo_config_glue [-] database.connection = **** {{(pid=106792) log_opt_values /opt/stack/data/venv/lib/python3.12/site-packages/oslo_config/cfg.py:3006}}
Apr 11 03:07:28.505760 np0000164983 neutron-periodic-workers[106792]: DEBUG cotyledon.oslo_config_glue [-] database.connection_debug = 0 {{(pid=106792) log_opt_values /opt/stack/data/venv/lib/python3.12/site-packages/oslo_config/cfg.py:3006}}
Apr 11 03:07:28.505819 np0000164983 neutron-periodic-workers[106792]: DEBUG cotyledon.oslo_config_glue [-] database.connection_parameters = {{(pid=106792) log_opt_values /opt/stack/data/venv/lib/python3.12/site-packages/oslo_config/cfg.py:3006}}
Apr 11 03:07:28.505873 np0000164983 neutron-periodic-workers[106792]: DEBUG cotyledon.oslo_config_glue [-] database.connection_recycle_time = 3600 {{(pid=106792) log_opt_values /opt/stack/data/venv/lib/python3.12/site-packages/oslo_config/cfg.py:3006}}
Apr 11 03:07:28.505930 np0000164983 neutron-periodic-workers[106792]: DEBUG cotyledon.oslo_config_glue [-] database.connection_trace = False {{(pid=106792) log_opt_values /opt/stack/data/venv/lib/python3.12/site-packages/oslo_config/cfg.py:3006}}
Apr 11 03:07:28.505980 np0000164983 neutron-periodic-workers[106792]: DEBUG cotyledon.oslo_config_glue [-] database.db_inc_retry_interval = True {{(pid=106792) log_opt_values /opt/stack/data/venv/lib/python3.12/site-packages/oslo_config/cfg.py:3006}}
Apr 11 03:07:28.506091 np0000164983 neutron-periodic-workers[106792]: DEBUG cotyledon.oslo_config_glue [-] database.db_max_retries = 20 {{(pid=106792) log_opt_values /opt/stack/data/venv/lib/python3.12/site-packages/oslo_config/cfg.py:3006}}
Apr 11 03:07:28.506165 np0000164983 neutron-periodic-workers[106792]: DEBUG cotyledon.oslo_config_glue [-] database.db_max_retry_interval = 10 {{(pid=106792) log_opt_values /opt/stack/data/venv/lib/python3.12/site-packages/oslo_config/cfg.py:3006}}
Apr 11 03:07:28.506246 np0000164983 neutron-periodic-workers[106792]: DEBUG cotyledon.oslo_config_glue [-] database.db_retry_interval = 1 {{(pid=106792) log_opt_values /opt/stack/data/venv/lib/python3.12/site-packages/oslo_config/cfg.py:3006}}
Apr 11 03:07:28.506336 np0000164983 neutron-periodic-workers[106792]: DEBUG cotyledon.oslo_config_glue [-] database.max_overflow = 50 {{(pid=106792) log_opt_values /opt/stack/data/venv/lib/python3.12/site-packages/oslo_config/cfg.py:3006}}
Apr 11 03:07:28.506375 np0000164983 neutron-periodic-workers[106792]: DEBUG cotyledon.oslo_config_glue [-] database.max_pool_size = 5 {{(pid=106792) log_opt_values /opt/stack/data/venv/lib/python3.12/site-packages/oslo_config/cfg.py:3006}}
Apr 11 03:07:28.506405 np0000164983 neutron-periodic-workers[106792]: DEBUG cotyledon.oslo_config_glue [-] database.max_retries = 10 {{(pid=106792) log_opt_values /opt/stack/data/venv/lib/python3.12/site-packages/oslo_config/cfg.py:3006}}
Apr 11 03:07:28.506435 np0000164983 neutron-periodic-workers[106792]: DEBUG cotyledon.oslo_config_glue [-] database.mysql_sql_mode = TRADITIONAL {{(pid=106792) log_opt_values /opt/stack/data/venv/lib/python3.12/site-packages/oslo_config/cfg.py:3006}}
Apr 11 03:07:28.506467 np0000164983 neutron-periodic-workers[106792]: DEBUG cotyledon.oslo_config_glue [-] database.mysql_wsrep_sync_wait = None {{(pid=106792) log_opt_values /opt/stack/data/venv/lib/python3.12/site-packages/oslo_config/cfg.py:3006}}
Apr 11 03:07:28.506582 np0000164983 neutron-periodic-workers[106792]: DEBUG cotyledon.oslo_config_glue [-] database.pool_timeout = None {{(pid=106792) log_opt_values /opt/stack/data/venv/lib/python3.12/site-packages/oslo_config/cfg.py:3006}}
Apr 11 03:07:28.506582 np0000164983 neutron-periodic-workers[106792]: DEBUG cotyledon.oslo_config_glue [-] database.retry_interval = 10 {{(pid=106792) log_opt_values /opt/stack/data/venv/lib/python3.12/site-packages/oslo_config/cfg.py:3006}}
Apr 11 03:07:28.506676 np0000164983 neutron-periodic-workers[106792]: DEBUG cotyledon.oslo_config_glue [-] database.slave_connection = **** {{(pid=106792) log_opt_values /opt/stack/data/venv/lib/python3.12/site-packages/oslo_config/cfg.py:3006}}
Apr 11 03:07:28.506825 np0000164983 neutron-periodic-workers[106792]: DEBUG cotyledon.oslo_config_glue [-] database.sqlite_synchronous = True {{(pid=106792) log_opt_values /opt/stack/data/venv/lib/python3.12/site-packages/oslo_config/cfg.py:3006}}
Apr 11 03:07:28.506825 np0000164983 neutron-periodic-workers[106792]: DEBUG cotyledon.oslo_config_glue [-] database.synchronous_reader = True {{(pid=106792) log_opt_values /opt/stack/data/venv/lib/python3.12/site-packages/oslo_config/cfg.py:3006}}
Apr 11 03:07:28.506825 np0000164983 neutron-periodic-workers[106792]: DEBUG cotyledon.oslo_config_glue [-] database.use_db_reconnect = False {{(pid=106792) log_opt_values /opt/stack/data/venv/lib/python3.12/site-packages/oslo_config/cfg.py:3006}}
Apr 11 03:07:28.506908 np0000164983 neutron-periodic-workers[106792]: DEBUG cotyledon.oslo_config_glue [-] ovn.bfd_min_rx = 1000 {{(pid=106792) log_opt_values /opt/stack/data/venv/lib/python3.12/site-packages/oslo_config/cfg.py:3006}}
Apr 11 03:07:28.506908 np0000164983 neutron-periodic-workers[106792]: DEBUG cotyledon.oslo_config_glue [-] ovn.bfd_min_tx = 100 {{(pid=106792) log_opt_values /opt/stack/data/venv/lib/python3.12/site-packages/oslo_config/cfg.py:3006}}
Apr 11 03:07:28.506908 np0000164983 neutron-periodic-workers[106792]: DEBUG cotyledon.oslo_config_glue [-] ovn.bfd_mult = 3 {{(pid=106792) log_opt_values /opt/stack/data/venv/lib/python3.12/site-packages/oslo_config/cfg.py:3006}}
Apr 11 03:07:28.506990 np0000164983 neutron-periodic-workers[106792]: DEBUG cotyledon.oslo_config_glue [-] ovn.broadcast_arps_to_all_routers = True {{(pid=106792) log_opt_values /opt/stack/data/venv/lib/python3.12/site-packages/oslo_config/cfg.py:3006}}
Apr 11 03:07:28.507016 np0000164983 neutron-periodic-workers[106792]: DEBUG cotyledon.oslo_config_glue [-] ovn.dhcp_default_lease_time = 43200 {{(pid=106792) log_opt_values /opt/stack/data/venv/lib/python3.12/site-packages/oslo_config/cfg.py:3006}}
Apr 11 03:07:28.507089 np0000164983 neutron-periodic-workers[106792]: DEBUG cotyledon.oslo_config_glue [-] ovn.disable_ovn_dhcp_for_baremetal_ports = False {{(pid=106792) log_opt_values /opt/stack/data/venv/lib/python3.12/site-packages/oslo_config/cfg.py:3006}}
Apr 11 03:07:28.507164 np0000164983 neutron-periodic-workers[106792]: DEBUG cotyledon.oslo_config_glue [-] ovn.dns_records_ovn_owned = False {{(pid=106792) log_opt_values /opt/stack/data/venv/lib/python3.12/site-packages/oslo_config/cfg.py:3006}}
Apr 11 03:07:28.507212 np0000164983 neutron-periodic-workers[106792]: DEBUG cotyledon.oslo_config_glue [-] ovn.dns_servers = [] {{(pid=106792) log_opt_values /opt/stack/data/venv/lib/python3.12/site-packages/oslo_config/cfg.py:3006}}
Apr 11 03:07:28.507253 np0000164983 neutron-periodic-workers[106792]: DEBUG cotyledon.oslo_config_glue [-] ovn.enable_distributed_floating_ip = False {{(pid=106792) log_opt_values /opt/stack/data/venv/lib/python3.12/site-packages/oslo_config/cfg.py:3006}}
Apr 11 03:07:28.507294 np0000164983 neutron-periodic-workers[106792]: DEBUG cotyledon.oslo_config_glue [-] ovn.fdb_age_threshold = 300 {{(pid=106792) log_opt_values /opt/stack/data/venv/lib/python3.12/site-packages/oslo_config/cfg.py:3006}}
Apr 11 03:07:28.507338 np0000164983 neutron-periodic-workers[106792]: DEBUG cotyledon.oslo_config_glue [-] ovn.ha_failover_strategy = normal {{(pid=106792) log_opt_values /opt/stack/data/venv/lib/python3.12/site-packages/oslo_config/cfg.py:3006}}
Apr 11 03:07:28.507373 np0000164983 neutron-periodic-workers[106792]: DEBUG cotyledon.oslo_config_glue [-] ovn.live_migration_activation_strategy = rarp {{(pid=106792) log_opt_values /opt/stack/data/venv/lib/python3.12/site-packages/oslo_config/cfg.py:3006}}
Apr 11 03:07:28.507416 np0000164983 neutron-periodic-workers[106792]: DEBUG cotyledon.oslo_config_glue [-] ovn.localnet_learn_fdb = False {{(pid=106792) log_opt_values /opt/stack/data/venv/lib/python3.12/site-packages/oslo_config/cfg.py:3006}}
Apr 11 03:07:28.507457 np0000164983 neutron-periodic-workers[106792]: DEBUG cotyledon.oslo_config_glue [-] ovn.mac_binding_age_threshold = 300 {{(pid=106792) log_opt_values /opt/stack/data/venv/lib/python3.12/site-packages/oslo_config/cfg.py:3006}}
Apr 11 03:07:28.507508 np0000164983 neutron-periodic-workers[106792]: DEBUG cotyledon.oslo_config_glue [-] ovn.neutron_sync_mode = log {{(pid=106792) log_opt_values /opt/stack/data/venv/lib/python3.12/site-packages/oslo_config/cfg.py:3006}}
Apr 11 03:07:28.507579 np0000164983 neutron-periodic-workers[106792]: DEBUG cotyledon.oslo_config_glue [-] ovn.ovn_dhcp4_global_options = {} {{(pid=106792) log_opt_values /opt/stack/data/venv/lib/python3.12/site-packages/oslo_config/cfg.py:3006}}
Apr 11 03:07:28.507579 np0000164983 neutron-periodic-workers[106792]: DEBUG cotyledon.oslo_config_glue [-] ovn.ovn_dhcp6_global_options = {} {{(pid=106792) log_opt_values /opt/stack/data/venv/lib/python3.12/site-packages/oslo_config/cfg.py:3006}}
Apr 11 03:07:28.507632 np0000164983 neutron-periodic-workers[106792]: DEBUG cotyledon.oslo_config_glue [-] ovn.ovn_l3_scheduler = leastloaded {{(pid=106792) log_opt_values /opt/stack/data/venv/lib/python3.12/site-packages/oslo_config/cfg.py:3006}}
Apr 11 03:07:28.507672 np0000164983 neutron-periodic-workers[106792]: DEBUG cotyledon.oslo_config_glue [-] ovn.ovn_metadata_enabled = True {{(pid=106792) log_opt_values /opt/stack/data/venv/lib/python3.12/site-packages/oslo_config/cfg.py:3006}}
Apr 11 03:07:28.507727 np0000164983 neutron-periodic-workers[106792]: DEBUG cotyledon.oslo_config_glue [-] ovn.ovn_nb_ca_cert = /opt/stack/data/CA/int-ca/ca-chain.pem {{(pid=106792) log_opt_values /opt/stack/data/venv/lib/python3.12/site-packages/oslo_config/cfg.py:3006}}
Apr 11 03:07:28.507780 np0000164983 neutron-periodic-workers[106792]: DEBUG cotyledon.oslo_config_glue [-] ovn.ovn_nb_certificate = /opt/stack/data/CA/int-ca/devstack-cert.crt {{(pid=106792) log_opt_values /opt/stack/data/venv/lib/python3.12/site-packages/oslo_config/cfg.py:3006}}
Apr 11 03:07:28.507823 np0000164983 neutron-periodic-workers[106792]: DEBUG cotyledon.oslo_config_glue [-] ovn.ovn_nb_connection = ['ssl:199.204.45.25:6641'] {{(pid=106792) log_opt_values /opt/stack/data/venv/lib/python3.12/site-packages/oslo_config/cfg.py:3006}}
Apr 11 03:07:28.507873 np0000164983 neutron-periodic-workers[106792]: DEBUG cotyledon.oslo_config_glue [-] ovn.ovn_nb_private_key = /opt/stack/data/CA/int-ca/private/devstack-cert.key {{(pid=106792) log_opt_values /opt/stack/data/venv/lib/python3.12/site-packages/oslo_config/cfg.py:3006}}
Apr 11 03:07:28.507921 np0000164983 neutron-periodic-workers[106792]: DEBUG cotyledon.oslo_config_glue [-] ovn.ovn_router_indirect_snat = False {{(pid=106792) log_opt_values /opt/stack/data/venv/lib/python3.12/site-packages/oslo_config/cfg.py:3006}}
Apr 11 03:07:28.507963 np0000164983 neutron-periodic-workers[106792]: DEBUG cotyledon.oslo_config_glue [-] ovn.ovn_sb_ca_cert = /opt/stack/data/CA/int-ca/ca-chain.pem {{(pid=106792) log_opt_values /opt/stack/data/venv/lib/python3.12/site-packages/oslo_config/cfg.py:3006}}
Apr 11 03:07:28.508006 np0000164983 neutron-periodic-workers[106792]: DEBUG cotyledon.oslo_config_glue [-] ovn.ovn_sb_certificate = /opt/stack/data/CA/int-ca/devstack-cert.crt {{(pid=106792) log_opt_values /opt/stack/data/venv/lib/python3.12/site-packages/oslo_config/cfg.py:3006}}
Apr 11 03:07:28.508077 np0000164983 neutron-periodic-workers[106792]: DEBUG cotyledon.oslo_config_glue [-] ovn.ovn_sb_connection = ['ssl:199.204.45.25:6642'] {{(pid=106792) log_opt_values /opt/stack/data/venv/lib/python3.12/site-packages/oslo_config/cfg.py:3006}}
Apr 11 03:07:28.508127 np0000164983 neutron-periodic-workers[106792]: DEBUG cotyledon.oslo_config_glue [-] ovn.ovn_sb_private_key = /opt/stack/data/CA/int-ca/private/devstack-cert.key {{(pid=106792) log_opt_values /opt/stack/data/venv/lib/python3.12/site-packages/oslo_config/cfg.py:3006}}
Apr 11 03:07:28.508164 np0000164983 neutron-periodic-workers[106792]: DEBUG cotyledon.oslo_config_glue [-] ovn.ovs_create_tap = False {{(pid=106792) log_opt_values /opt/stack/data/venv/lib/python3.12/site-packages/oslo_config/cfg.py:3006}}
Apr 11 03:07:28.508250 np0000164983 neutron-periodic-workers[106792]: DEBUG cotyledon.oslo_config_glue [-] ovn.ovsdb_connection_timeout = 180 {{(pid=106792) log_opt_values /opt/stack/data/venv/lib/python3.12/site-packages/oslo_config/cfg.py:3006}}
Apr 11 03:07:28.508313 np0000164983 neutron-periodic-workers[106792]: DEBUG cotyledon.oslo_config_glue [-] ovn.ovsdb_log_level = INFO {{(pid=106792) log_opt_values /opt/stack/data/venv/lib/python3.12/site-packages/oslo_config/cfg.py:3006}}
Apr 11 03:07:28.508372 np0000164983 neutron-periodic-workers[106792]: DEBUG cotyledon.oslo_config_glue [-] ovn.ovsdb_probe_interval = 60000 {{(pid=106792) log_opt_values /opt/stack/data/venv/lib/python3.12/site-packages/oslo_config/cfg.py:3006}}
Apr 11 03:07:28.508427 np0000164983 neutron-periodic-workers[106792]: DEBUG cotyledon.oslo_config_glue [-] ovn.ovsdb_retry_max_interval = 180 {{(pid=106792) log_opt_values /opt/stack/data/venv/lib/python3.12/site-packages/oslo_config/cfg.py:3006}}
Apr 11 03:07:28.508485 np0000164983 neutron-periodic-workers[106792]: DEBUG cotyledon.oslo_config_glue [-] ovn.stateless_nat_enabled = False {{(pid=106792) log_opt_values /opt/stack/data/venv/lib/python3.12/site-packages/oslo_config/cfg.py:3006}}
Apr 11 03:07:28.508550 np0000164983 neutron-periodic-workers[106792]: DEBUG cotyledon.oslo_config_glue [-] ovn.vhost_sock_dir = /var/run/openvswitch {{(pid=106792) log_opt_values /opt/stack/data/venv/lib/python3.12/site-packages/oslo_config/cfg.py:3006}}
Apr 11 03:07:28.508628 np0000164983 neutron-periodic-workers[106792]: DEBUG cotyledon.oslo_config_glue [-] OVS.bridge_mac_table_size = 50000 {{(pid=106792) log_opt_values /opt/stack/data/venv/lib/python3.12/site-packages/oslo_config/cfg.py:3006}}
Apr 11 03:07:28.508696 np0000164983 neutron-periodic-workers[106792]: DEBUG cotyledon.oslo_config_glue [-] OVS.igmp_flood = False {{(pid=106792) log_opt_values /opt/stack/data/venv/lib/python3.12/site-packages/oslo_config/cfg.py:3006}}
Apr 11 03:07:28.508754 np0000164983 neutron-periodic-workers[106792]: DEBUG cotyledon.oslo_config_glue [-] OVS.igmp_flood_reports = True {{(pid=106792) log_opt_values /opt/stack/data/venv/lib/python3.12/site-packages/oslo_config/cfg.py:3006}}
Apr 11 03:07:28.508823 np0000164983 neutron-periodic-workers[106792]: DEBUG cotyledon.oslo_config_glue [-] OVS.igmp_flood_unregistered = False {{(pid=106792) log_opt_values /opt/stack/data/venv/lib/python3.12/site-packages/oslo_config/cfg.py:3006}}
Apr 11 03:07:28.508896 np0000164983 neutron-periodic-workers[106792]: DEBUG cotyledon.oslo_config_glue [-] OVS.igmp_snooping_enable = False {{(pid=106792) log_opt_values /opt/stack/data/venv/lib/python3.12/site-packages/oslo_config/cfg.py:3006}}
Apr 11 03:07:28.508957 np0000164983 neutron-periodic-workers[106792]: DEBUG cotyledon.oslo_config_glue [-] OVS.ovsdb_timeout = 10 {{(pid=106792) log_opt_values /opt/stack/data/venv/lib/python3.12/site-packages/oslo_config/cfg.py:3006}}
Apr 11 03:07:28.509047 np0000164983 neutron-periodic-workers[106792]: DEBUG cotyledon.oslo_config_glue [-] ovn_nb_global.fdb_removal_limit = 0 {{(pid=106792) log_opt_values /opt/stack/data/venv/lib/python3.12/site-packages/oslo_config/cfg.py:3006}}
Apr 11 03:07:28.509111 np0000164983 neutron-periodic-workers[106792]: DEBUG cotyledon.oslo_config_glue [-] ovn_nb_global.ignore_lsp_down = False {{(pid=106792) log_opt_values /opt/stack/data/venv/lib/python3.12/site-packages/oslo_config/cfg.py:3006}}
Apr 11 03:07:28.509207 np0000164983 neutron-periodic-workers[106792]: DEBUG cotyledon.oslo_config_glue [-] ovn_nb_global.mac_binding_removal_limit = 0 {{(pid=106792) log_opt_values /opt/stack/data/venv/lib/python3.12/site-packages/oslo_config/cfg.py:3006}}
Apr 11 03:07:28.509272 np0000164983 neutron-periodic-workers[106792]: DEBUG cotyledon.oslo_config_glue [-] ******************************************************************************** {{(pid=106792) log_opt_values /opt/stack/data/venv/lib/python3.12/site-packages/oslo_config/cfg.py:3013}}
Apr 11 03:07:28.509409 np0000164983 neutron-periodic-workers[106792]: DEBUG cotyledon._service_worker [-] Run service ServiceWrapper(0) [106792] {{(pid=106792) wait_forever /opt/stack/data/venv/lib/python3.12/site-packages/cotyledon/_service_worker.py:218}}
Apr 11 03:07:38.142765 np0000164983 neutron-periodic-workers[105954]: DEBUG dbcounter [-] [105954] Writing DB stats neutron:SELECT=4 {{(pid=105954) stat_writer /opt/stack/data/venv/lib/python3.12/site-packages/dbcounter.py:115}}
Apr 11 03:08:20.517179 np0000164983 neutron-periodic-workers[106792]: DEBUG oslo_db.sqlalchemy.engines [None req-24ab4691-1cd9-40ac-a3ec-e61443ce7867 None None] Parent process 105954 forked (106792) with an open database connection, which is being discarded and recreated. {{(pid=106792) checkout /opt/stack/data/venv/lib/python3.12/site-packages/oslo_db/sqlalchemy/engines.py:402}}
Apr 11 03:08:20.542511 np0000164983 neutron-periodic-workers[106792]: DEBUG dbcounter [-] [106792] Writer thread running {{(pid=106792) stat_writer /opt/stack/data/venv/lib/python3.12/site-packages/dbcounter.py:102}}
Apr 11 03:08:20.552816 np0000164983 neutron-periodic-workers[106792]: DEBUG oslo.service.backend._threading.loopingcall [None req-24ab4691-1cd9-40ac-a3ec-e61443ce7867 None None] Fixed interval looping call 'neutron.services.ovn_l3.plugin.L3_NAT_dbonly_mixin._clean_garbage' sleeping for 299.96 seconds {{(pid=106792) _run_loop /opt/stack/data/venv/lib/python3.12/site-packages/oslo_service/backend/_threading/loopingcall.py:125}}
Apr 11 03:08:28.514728 np0000164983 neutron-periodic-workers[106768]: DEBUG dbcounter [-] [106768] Writer thread running {{(pid=106768) stat_writer /opt/stack/data/venv/lib/python3.12/site-packages/dbcounter.py:102}}
Apr 11 03:08:28.518913 np0000164983 neutron-periodic-workers[106768]: DEBUG neutron.db.agents_db [None req-2843b383-3fe1-48ee-9eed-8db6fdfd781c None None] Agent healthcheck: found 0 active agents {{(pid=106768) agent_health_check /opt/stack/neutron/neutron/db/agents_db.py:317}}
Apr 11 03:08:28.519134 np0000164983 neutron-periodic-workers[106768]: DEBUG oslo.service.backend._threading.loopingcall [None req-2843b383-3fe1-48ee-9eed-8db6fdfd781c None None] Fixed interval looping call 'neutron.plugins.ml2.plugin.AgentDbMixin.agent_health_check' sleeping for 36.96 seconds {{(pid=106768) _run_loop /opt/stack/data/venv/lib/python3.12/site-packages/oslo_service/backend/_threading/loopingcall.py:125}}
Apr 11 03:08:30.484078 np0000164983 neutron-periodic-workers[106761]: DEBUG dbcounter [-] [106761] Writer thread running {{(pid=106761) stat_writer /opt/stack/data/venv/lib/python3.12/site-packages/dbcounter.py:102}}
Apr 11 03:08:30.492842 np0000164983 neutron-periodic-workers[106761]: DEBUG oslo.service.backend._threading.loopingcall [None req-7348877c-2233-440d-99db-d2e1f8765eae None None] Fixed interval looping call 'neutron.plugins.ml2.plugin.DhcpAgentSchedulerDbMixin.remove_networks_from_down_agents' sleeping for 36.97 seconds {{(pid=106761) _run_loop /opt/stack/data/venv/lib/python3.12/site-packages/oslo_service/backend/_threading/loopingcall.py:125}}
Apr 11 03:08:30.543506 np0000164983 neutron-periodic-workers[106792]: DEBUG dbcounter [-] [106792] Writing DB stats neutron:SELECT=1 {{(pid=106792) stat_writer /opt/stack/data/venv/lib/python3.12/site-packages/dbcounter.py:115}}
Apr 11 03:08:38.515568 np0000164983 neutron-periodic-workers[106768]: DEBUG dbcounter [-] [106768] Writing DB stats neutron:SELECT=1 {{(pid=106768) stat_writer /opt/stack/data/venv/lib/python3.12/site-packages/dbcounter.py:115}}
Apr 11 03:08:40.492073 np0000164983 neutron-periodic-workers[106761]: DEBUG dbcounter [-] [106761] Writing DB stats neutron:SELECT=3 {{(pid=106761) stat_writer /opt/stack/data/venv/lib/python3.12/site-packages/dbcounter.py:115}}
Apr 11 03:09:05.486609 np0000164983 neutron-periodic-workers[106768]: DEBUG neutron.db.agents_db [None req-2843b383-3fe1-48ee-9eed-8db6fdfd781c None None] Agent healthcheck: found 0 active agents {{(pid=106768) agent_health_check /opt/stack/neutron/neutron/db/agents_db.py:317}}
Apr 11 03:09:05.487529 np0000164983 neutron-periodic-workers[106768]: DEBUG oslo.service.backend._threading.loopingcall [None req-2843b383-3fe1-48ee-9eed-8db6fdfd781c None None] Fixed interval looping call 'neutron.plugins.ml2.plugin.AgentDbMixin.agent_health_check' sleeping for 36.99 seconds {{(pid=106768) _run_loop /opt/stack/data/venv/lib/python3.12/site-packages/oslo_service/backend/_threading/loopingcall.py:125}}
Apr 11 03:09:07.473913 np0000164983 neutron-periodic-workers[106761]: DEBUG oslo.service.backend._threading.loopingcall [None req-7348877c-2233-440d-99db-d2e1f8765eae None None] Fixed interval looping call 'neutron.plugins.ml2.plugin.DhcpAgentSchedulerDbMixin.remove_networks_from_down_agents' sleeping for 36.99 seconds {{(pid=106761) _run_loop /opt/stack/data/venv/lib/python3.12/site-packages/oslo_service/backend/_threading/loopingcall.py:125}}
Apr 11 03:09:15.484686 np0000164983 neutron-periodic-workers[106768]: DEBUG dbcounter [-] [106768] Writing DB stats neutron:SELECT=1 {{(pid=106768) stat_writer /opt/stack/data/venv/lib/python3.12/site-packages/dbcounter.py:115}}
Apr 11 03:09:17.473078 np0000164983 neutron-periodic-workers[106761]: DEBUG dbcounter [-] [106761] Writing DB stats neutron:SELECT=3 {{(pid=106761) stat_writer /opt/stack/data/venv/lib/python3.12/site-packages/dbcounter.py:115}}
Apr 11 03:09:28.506664 np0000164983 neutron-periodic-workers[106777]: DEBUG dbcounter [-] [106777] Writer thread running {{(pid=106777) stat_writer /opt/stack/data/venv/lib/python3.12/site-packages/dbcounter.py:102}}
Apr 11 03:09:28.508860 np0000164983 neutron-periodic-workers[106777]: DEBUG oslo.service.backend._threading.loopingcall [None req-a3b35260-9902-48c1-b118-e278d7f62d34 None None] Fixed interval looping call 'neutron.db.quota.driver_nolock.DbQuotaNoLockDriver._remove_expired_reservations' sleeping for 119.98 seconds {{(pid=106777) _run_loop /opt/stack/data/venv/lib/python3.12/site-packages/oslo_service/backend/_threading/loopingcall.py:125}}
Apr 11 03:09:38.507362 np0000164983 neutron-periodic-workers[106777]: DEBUG dbcounter [-] [106777] Writing DB stats neutron:DELETE=1 {{(pid=106777) stat_writer /opt/stack/data/venv/lib/python3.12/site-packages/dbcounter.py:115}}
Apr 11 03:09:42.483739 np0000164983 neutron-periodic-workers[106768]: DEBUG neutron.db.agents_db [None req-2843b383-3fe1-48ee-9eed-8db6fdfd781c None None] Agent healthcheck: found 0 active agents {{(pid=106768) agent_health_check /opt/stack/neutron/neutron/db/agents_db.py:317}}
Apr 11 03:09:42.484306 np0000164983 neutron-periodic-workers[106768]: DEBUG oslo.service.backend._threading.loopingcall [None req-2843b383-3fe1-48ee-9eed-8db6fdfd781c None None] Fixed interval looping call 'neutron.plugins.ml2.plugin.AgentDbMixin.agent_health_check' sleeping for 36.99 seconds {{(pid=106768) _run_loop /opt/stack/data/venv/lib/python3.12/site-packages/oslo_service/backend/_threading/loopingcall.py:125}}
Apr 11 03:09:44.473858 np0000164983 neutron-periodic-workers[106761]: DEBUG oslo.service.backend._threading.loopingcall [None req-7348877c-2233-440d-99db-d2e1f8765eae None None] Fixed interval looping call 'neutron.plugins.ml2.plugin.DhcpAgentSchedulerDbMixin.remove_networks_from_down_agents' sleeping for 36.99 seconds {{(pid=106761) _run_loop /opt/stack/data/venv/lib/python3.12/site-packages/oslo_service/backend/_threading/loopingcall.py:125}}
Apr 11 03:09:52.481385 np0000164983 neutron-periodic-workers[106768]: DEBUG dbcounter [-] [106768] Writing DB stats neutron:SELECT=1 {{(pid=106768) stat_writer /opt/stack/data/venv/lib/python3.12/site-packages/dbcounter.py:115}}
Apr 11 03:09:54.473251 np0000164983 neutron-periodic-workers[106761]: DEBUG dbcounter [-] [106761] Writing DB stats neutron:SELECT=3 {{(pid=106761) stat_writer /opt/stack/data/venv/lib/python3.12/site-packages/dbcounter.py:115}}
Apr 11 03:10:19.480950 np0000164983 neutron-periodic-workers[106768]: DEBUG neutron.db.agents_db [None req-2843b383-3fe1-48ee-9eed-8db6fdfd781c None None] Agent healthcheck: found 0 active agents {{(pid=106768) agent_health_check /opt/stack/neutron/neutron/db/agents_db.py:317}}
Apr 11 03:10:19.481724 np0000164983 neutron-periodic-workers[106768]: DEBUG oslo.service.backend._threading.loopingcall [None req-2843b383-3fe1-48ee-9eed-8db6fdfd781c None None] Fixed interval looping call 'neutron.plugins.ml2.plugin.AgentDbMixin.agent_health_check' sleeping for 36.99 seconds {{(pid=106768) _run_loop /opt/stack/data/venv/lib/python3.12/site-packages/oslo_service/backend/_threading/loopingcall.py:125}}
Apr 11 03:10:21.474787 np0000164983 neutron-periodic-workers[106761]: DEBUG oslo.service.backend._threading.loopingcall [None req-7348877c-2233-440d-99db-d2e1f8765eae None None] Fixed interval looping call 'neutron.plugins.ml2.plugin.DhcpAgentSchedulerDbMixin.remove_networks_from_down_agents' sleeping for 36.99 seconds {{(pid=106761) _run_loop /opt/stack/data/venv/lib/python3.12/site-packages/oslo_service/backend/_threading/loopingcall.py:125}}
Apr 11 03:10:29.478737 np0000164983 neutron-periodic-workers[106768]: DEBUG dbcounter [-] [106768] Writing DB stats neutron:SELECT=1 {{(pid=106768) stat_writer /opt/stack/data/venv/lib/python3.12/site-packages/dbcounter.py:115}}
Apr 11 03:10:31.473470 np0000164983 neutron-periodic-workers[106761]: DEBUG dbcounter [-] [106761] Writing DB stats neutron:SELECT=3 {{(pid=106761) stat_writer /opt/stack/data/venv/lib/python3.12/site-packages/dbcounter.py:115}}
Apr 11 03:10:56.478147 np0000164983 neutron-periodic-workers[106768]: DEBUG neutron.db.agents_db [None req-2843b383-3fe1-48ee-9eed-8db6fdfd781c None None] Agent healthcheck: found 0 active agents {{(pid=106768) agent_health_check /opt/stack/neutron/neutron/db/agents_db.py:317}}
Apr 11 03:10:56.478854 np0000164983 neutron-periodic-workers[106768]: DEBUG oslo.service.backend._threading.loopingcall [None req-2843b383-3fe1-48ee-9eed-8db6fdfd781c None None] Fixed interval looping call 'neutron.plugins.ml2.plugin.AgentDbMixin.agent_health_check' sleeping for 36.99 seconds {{(pid=106768) _run_loop /opt/stack/data/venv/lib/python3.12/site-packages/oslo_service/backend/_threading/loopingcall.py:125}}
Apr 11 03:10:58.475232 np0000164983 neutron-periodic-workers[106761]: DEBUG oslo.service.backend._threading.loopingcall [None req-7348877c-2233-440d-99db-d2e1f8765eae None None] Fixed interval looping call 'neutron.plugins.ml2.plugin.DhcpAgentSchedulerDbMixin.remove_networks_from_down_agents' sleeping for 36.99 seconds {{(pid=106761) _run_loop /opt/stack/data/venv/lib/python3.12/site-packages/oslo_service/backend/_threading/loopingcall.py:125}}
Apr 11 03:11:06.476740 np0000164983 neutron-periodic-workers[106768]: DEBUG dbcounter [-] [106768] Writing DB stats neutron:SELECT=1 {{(pid=106768) stat_writer /opt/stack/data/venv/lib/python3.12/site-packages/dbcounter.py:115}}
Apr 11 03:11:08.474782 np0000164983 neutron-periodic-workers[106761]: DEBUG dbcounter [-] [106761] Writing DB stats neutron:SELECT=3 {{(pid=106761) stat_writer /opt/stack/data/venv/lib/python3.12/site-packages/dbcounter.py:115}}
Apr 11 03:11:28.496172 np0000164983 neutron-periodic-workers[106777]: DEBUG oslo.service.backend._threading.loopingcall [None req-a3b35260-9902-48c1-b118-e278d7f62d34 None None] Fixed interval looping call 'neutron.db.quota.driver_nolock.DbQuotaNoLockDriver._remove_expired_reservations' sleeping for 119.99 seconds {{(pid=106777) _run_loop /opt/stack/data/venv/lib/python3.12/site-packages/oslo_service/backend/_threading/loopingcall.py:125}}
Apr 11 03:11:33.474982 np0000164983 neutron-periodic-workers[106768]: DEBUG neutron.db.agents_db [None req-2843b383-3fe1-48ee-9eed-8db6fdfd781c None None] Agent healthcheck: found 0 active agents {{(pid=106768) agent_health_check /opt/stack/neutron/neutron/db/agents_db.py:317}}
Apr 11 03:11:33.475600 np0000164983 neutron-periodic-workers[106768]: DEBUG oslo.service.backend._threading.loopingcall [None req-2843b383-3fe1-48ee-9eed-8db6fdfd781c None None] Fixed interval looping call 'neutron.plugins.ml2.plugin.AgentDbMixin.agent_health_check' sleeping for 36.99 seconds {{(pid=106768) _run_loop /opt/stack/data/venv/lib/python3.12/site-packages/oslo_service/backend/_threading/loopingcall.py:125}}
Apr 11 03:11:35.474792 np0000164983 neutron-periodic-workers[106761]: DEBUG oslo.service.backend._threading.loopingcall [None req-7348877c-2233-440d-99db-d2e1f8765eae None None] Fixed interval looping call 'neutron.plugins.ml2.plugin.DhcpAgentSchedulerDbMixin.remove_networks_from_down_agents' sleeping for 36.99 seconds {{(pid=106761) _run_loop /opt/stack/data/venv/lib/python3.12/site-packages/oslo_service/backend/_threading/loopingcall.py:125}}
Apr 11 03:11:38.495851 np0000164983 neutron-periodic-workers[106777]: DEBUG dbcounter [-] [106777] Writing DB stats neutron:DELETE=1 {{(pid=106777) stat_writer /opt/stack/data/venv/lib/python3.12/site-packages/dbcounter.py:115}}
Apr 11 03:11:43.473690 np0000164983 neutron-periodic-workers[106768]: DEBUG dbcounter [-] [106768] Writing DB stats neutron:SELECT=1 {{(pid=106768) stat_writer /opt/stack/data/venv/lib/python3.12/site-packages/dbcounter.py:115}}
Apr 11 03:11:45.474347 np0000164983 neutron-periodic-workers[106761]: DEBUG dbcounter [-] [106761] Writing DB stats neutron:SELECT=3 {{(pid=106761) stat_writer /opt/stack/data/venv/lib/python3.12/site-packages/dbcounter.py:115}}
Apr 11 03:12:10.470920 np0000164983 neutron-periodic-workers[106768]: DEBUG neutron.db.agents_db [None req-2843b383-3fe1-48ee-9eed-8db6fdfd781c None None] Agent healthcheck: found 0 active agents {{(pid=106768) agent_health_check /opt/stack/neutron/neutron/db/agents_db.py:317}}
Apr 11 03:12:10.470920 np0000164983 neutron-periodic-workers[106768]: DEBUG oslo.service.backend._threading.loopingcall [None req-2843b383-3fe1-48ee-9eed-8db6fdfd781c None None] Fixed interval looping call 'neutron.plugins.ml2.plugin.AgentDbMixin.agent_health_check' sleeping for 36.99 seconds {{(pid=106768) _run_loop /opt/stack/data/venv/lib/python3.12/site-packages/oslo_service/backend/_threading/loopingcall.py:125}}
Apr 11 03:12:12.473452 np0000164983 neutron-periodic-workers[106761]: DEBUG oslo.service.backend._threading.loopingcall [None req-7348877c-2233-440d-99db-d2e1f8765eae None None] Fixed interval looping call 'neutron.plugins.ml2.plugin.DhcpAgentSchedulerDbMixin.remove_networks_from_down_agents' sleeping for 36.99 seconds {{(pid=106761) _run_loop /opt/stack/data/venv/lib/python3.12/site-packages/oslo_service/backend/_threading/loopingcall.py:125}}
Apr 11 03:12:20.469565 np0000164983 neutron-periodic-workers[106768]: DEBUG dbcounter [-] [106768] Writing DB stats neutron:SELECT=1 {{(pid=106768) stat_writer /opt/stack/data/venv/lib/python3.12/site-packages/dbcounter.py:115}}
Apr 11 03:12:22.472638 np0000164983 neutron-periodic-workers[106761]: DEBUG dbcounter [-] [106761] Writing DB stats neutron:SELECT=3 {{(pid=106761) stat_writer /opt/stack/data/venv/lib/python3.12/site-packages/dbcounter.py:115}}
Apr 11 03:12:47.465825 np0000164983 neutron-periodic-workers[106768]: DEBUG neutron.db.agents_db [None req-2843b383-3fe1-48ee-9eed-8db6fdfd781c None None] Agent healthcheck: found 0 active agents {{(pid=106768) agent_health_check /opt/stack/neutron/neutron/db/agents_db.py:317}}
Apr 11 03:12:47.466598 np0000164983 neutron-periodic-workers[106768]: DEBUG oslo.service.backend._threading.loopingcall [None req-2843b383-3fe1-48ee-9eed-8db6fdfd781c None None] Fixed interval looping call 'neutron.plugins.ml2.plugin.AgentDbMixin.agent_health_check' sleeping for 37.00 seconds {{(pid=106768) _run_loop /opt/stack/data/venv/lib/python3.12/site-packages/oslo_service/backend/_threading/loopingcall.py:125}}
Apr 11 03:12:49.471277 np0000164983 neutron-periodic-workers[106761]: DEBUG oslo.service.backend._threading.loopingcall [None req-7348877c-2233-440d-99db-d2e1f8765eae None None] Fixed interval looping call 'neutron.plugins.ml2.plugin.DhcpAgentSchedulerDbMixin.remove_networks_from_down_agents' sleeping for 36.99 seconds {{(pid=106761) _run_loop /opt/stack/data/venv/lib/python3.12/site-packages/oslo_service/backend/_threading/loopingcall.py:125}}
Apr 11 03:12:57.464403 np0000164983 neutron-periodic-workers[106768]: DEBUG dbcounter [-] [106768] Writing DB stats neutron:SELECT=1 {{(pid=106768) stat_writer /opt/stack/data/venv/lib/python3.12/site-packages/dbcounter.py:115}}
Apr 11 03:12:59.470403 np0000164983 neutron-periodic-workers[106761]: DEBUG dbcounter [-] [106761] Writing DB stats neutron:SELECT=3 {{(pid=106761) stat_writer /opt/stack/data/venv/lib/python3.12/site-packages/dbcounter.py:115}}
Apr 11 03:13:20.523541 np0000164983 neutron-periodic-workers[106792]: DEBUG oslo.service.backend._threading.loopingcall [None req-24ab4691-1cd9-40ac-a3ec-e61443ce7867 None None] Fixed interval looping call 'neutron.services.ovn_l3.plugin.L3_NAT_dbonly_mixin._clean_garbage' sleeping for 299.99 seconds {{(pid=106792) _run_loop /opt/stack/data/venv/lib/python3.12/site-packages/oslo_service/backend/_threading/loopingcall.py:125}}
Apr 11 03:13:24.473228 np0000164983 neutron-periodic-workers[106768]: DEBUG neutron.db.agents_db [None req-2843b383-3fe1-48ee-9eed-8db6fdfd781c None None] Agent healthcheck: found 0 active agents {{(pid=106768) agent_health_check /opt/stack/neutron/neutron/db/agents_db.py:317}}
Apr 11 03:13:24.473800 np0000164983 neutron-periodic-workers[106768]: DEBUG oslo.service.backend._threading.loopingcall [None req-2843b383-3fe1-48ee-9eed-8db6fdfd781c None None] Fixed interval looping call 'neutron.plugins.ml2.plugin.AgentDbMixin.agent_health_check' sleeping for 36.99 seconds {{(pid=106768) _run_loop /opt/stack/data/venv/lib/python3.12/site-packages/oslo_service/backend/_threading/loopingcall.py:125}}
Apr 11 03:13:26.470181 np0000164983 neutron-periodic-workers[106761]: DEBUG oslo.service.backend._threading.loopingcall [None req-7348877c-2233-440d-99db-d2e1f8765eae None None] Fixed interval looping call 'neutron.plugins.ml2.plugin.DhcpAgentSchedulerDbMixin.remove_networks_from_down_agents' sleeping for 36.99 seconds {{(pid=106761) _run_loop /opt/stack/data/venv/lib/python3.12/site-packages/oslo_service/backend/_threading/loopingcall.py:125}}
Apr 11 03:13:28.491857 np0000164983 neutron-periodic-workers[106777]: DEBUG oslo.service.backend._threading.loopingcall [None req-a3b35260-9902-48c1-b118-e278d7f62d34 None None] Fixed interval looping call 'neutron.db.quota.driver_nolock.DbQuotaNoLockDriver._remove_expired_reservations' sleeping for 120.00 seconds {{(pid=106777) _run_loop /opt/stack/data/venv/lib/python3.12/site-packages/oslo_service/backend/_threading/loopingcall.py:125}}
Apr 11 03:13:30.517350 np0000164983 neutron-periodic-workers[106792]: DEBUG dbcounter [-] [106792] Writing DB stats neutron:SELECT=1 {{(pid=106792) stat_writer /opt/stack/data/venv/lib/python3.12/site-packages/dbcounter.py:115}}
Apr 11 03:13:34.469918 np0000164983 neutron-periodic-workers[106768]: DEBUG dbcounter [-] [106768] Writing DB stats neutron:SELECT=1 {{(pid=106768) stat_writer /opt/stack/data/venv/lib/python3.12/site-packages/dbcounter.py:115}}
Apr 11 03:13:36.469293 np0000164983 neutron-periodic-workers[106761]: DEBUG dbcounter [-] [106761] Writing DB stats neutron:SELECT=3 {{(pid=106761) stat_writer /opt/stack/data/venv/lib/python3.12/site-packages/dbcounter.py:115}}
Apr 11 03:13:38.490647 np0000164983 neutron-periodic-workers[106777]: DEBUG dbcounter [-] [106777] Writing DB stats neutron:DELETE=1 {{(pid=106777) stat_writer /opt/stack/data/venv/lib/python3.12/site-packages/dbcounter.py:115}}
Apr 11 03:14:01.471622 np0000164983 neutron-periodic-workers[106768]: DEBUG neutron.db.agents_db [None req-2843b383-3fe1-48ee-9eed-8db6fdfd781c None None] Agent healthcheck: found 0 active agents {{(pid=106768) agent_health_check /opt/stack/neutron/neutron/db/agents_db.py:317}}
Apr 11 03:14:01.472280 np0000164983 neutron-periodic-workers[106768]: DEBUG oslo.service.backend._threading.loopingcall [None req-2843b383-3fe1-48ee-9eed-8db6fdfd781c None None] Fixed interval looping call 'neutron.plugins.ml2.plugin.AgentDbMixin.agent_health_check' sleeping for 36.99 seconds {{(pid=106768) _run_loop /opt/stack/data/venv/lib/python3.12/site-packages/oslo_service/backend/_threading/loopingcall.py:125}}
Apr 11 03:14:03.469655 np0000164983 neutron-periodic-workers[106761]: DEBUG oslo.service.backend._threading.loopingcall [None req-7348877c-2233-440d-99db-d2e1f8765eae None None] Fixed interval looping call 'neutron.plugins.ml2.plugin.DhcpAgentSchedulerDbMixin.remove_networks_from_down_agents' sleeping for 36.99 seconds {{(pid=106761) _run_loop /opt/stack/data/venv/lib/python3.12/site-packages/oslo_service/backend/_threading/loopingcall.py:125}}
Apr 11 03:14:11.470614 np0000164983 neutron-periodic-workers[106768]: DEBUG dbcounter [-] [106768] Writing DB stats neutron:SELECT=1 {{(pid=106768) stat_writer /opt/stack/data/venv/lib/python3.12/site-packages/dbcounter.py:115}}
Apr 11 03:14:13.468586 np0000164983 neutron-periodic-workers[106761]: DEBUG dbcounter [-] [106761] Writing DB stats neutron:SELECT=3 {{(pid=106761) stat_writer /opt/stack/data/venv/lib/python3.12/site-packages/dbcounter.py:115}}
Apr 11 03:14:38.466675 np0000164983 neutron-periodic-workers[106768]: DEBUG neutron.db.agents_db [None req-2843b383-3fe1-48ee-9eed-8db6fdfd781c None None] Agent healthcheck: found 0 active agents {{(pid=106768) agent_health_check /opt/stack/neutron/neutron/db/agents_db.py:317}}
Apr 11 03:14:38.467331 np0000164983 neutron-periodic-workers[106768]: DEBUG oslo.service.backend._threading.loopingcall [None req-2843b383-3fe1-48ee-9eed-8db6fdfd781c None None] Fixed interval looping call 'neutron.plugins.ml2.plugin.AgentDbMixin.agent_health_check' sleeping for 37.00 seconds {{(pid=106768) _run_loop /opt/stack/data/venv/lib/python3.12/site-packages/oslo_service/backend/_threading/loopingcall.py:125}}
Apr 11 03:14:40.468344 np0000164983 neutron-periodic-workers[106761]: DEBUG oslo.service.backend._threading.loopingcall [None req-7348877c-2233-440d-99db-d2e1f8765eae None None] Fixed interval looping call 'neutron.plugins.ml2.plugin.DhcpAgentSchedulerDbMixin.remove_networks_from_down_agents' sleeping for 36.99 seconds {{(pid=106761) _run_loop /opt/stack/data/venv/lib/python3.12/site-packages/oslo_service/backend/_threading/loopingcall.py:125}}
Apr 11 03:14:48.465369 np0000164983 neutron-periodic-workers[106768]: DEBUG dbcounter [-] [106768] Writing DB stats neutron:SELECT=1 {{(pid=106768) stat_writer /opt/stack/data/venv/lib/python3.12/site-packages/dbcounter.py:115}}
Apr 11 03:14:50.467444 np0000164983 neutron-periodic-workers[106761]: DEBUG dbcounter [-] [106761] Writing DB stats neutron:SELECT=3 {{(pid=106761) stat_writer /opt/stack/data/venv/lib/python3.12/site-packages/dbcounter.py:115}}
Apr 11 03:15:15.473577 np0000164983 neutron-periodic-workers[106768]: DEBUG neutron.db.agents_db [None req-2843b383-3fe1-48ee-9eed-8db6fdfd781c None None] Agent healthcheck: found 0 active agents {{(pid=106768) agent_health_check /opt/stack/neutron/neutron/db/agents_db.py:317}}
Apr 11 03:15:15.474317 np0000164983 neutron-periodic-workers[106768]: DEBUG oslo.service.backend._threading.loopingcall [None req-2843b383-3fe1-48ee-9eed-8db6fdfd781c None None] Fixed interval looping call 'neutron.plugins.ml2.plugin.AgentDbMixin.agent_health_check' sleeping for 36.99 seconds {{(pid=106768) _run_loop /opt/stack/data/venv/lib/python3.12/site-packages/oslo_service/backend/_threading/loopingcall.py:125}}
Apr 11 03:15:17.471482 np0000164983 neutron-periodic-workers[106761]: DEBUG oslo.service.backend._threading.loopingcall [None req-7348877c-2233-440d-99db-d2e1f8765eae None None] Fixed interval looping call 'neutron.plugins.ml2.plugin.DhcpAgentSchedulerDbMixin.remove_networks_from_down_agents' sleeping for 36.99 seconds {{(pid=106761) _run_loop /opt/stack/data/venv/lib/python3.12/site-packages/oslo_service/backend/_threading/loopingcall.py:125}}
Apr 11 03:15:25.471283 np0000164983 neutron-periodic-workers[106768]: DEBUG dbcounter [-] [106768] Writing DB stats neutron:SELECT=1 {{(pid=106768) stat_writer /opt/stack/data/venv/lib/python3.12/site-packages/dbcounter.py:115}}
Apr 11 03:15:27.469936 np0000164983 neutron-periodic-workers[106761]: DEBUG dbcounter [-] [106761] Writing DB stats neutron:SELECT=3 {{(pid=106761) stat_writer /opt/stack/data/venv/lib/python3.12/site-packages/dbcounter.py:115}}
Apr 11 03:15:28.495832 np0000164983 neutron-periodic-workers[106777]: DEBUG oslo.service.backend._threading.loopingcall [None req-a3b35260-9902-48c1-b118-e278d7f62d34 None None] Fixed interval looping call 'neutron.db.quota.driver_nolock.DbQuotaNoLockDriver._remove_expired_reservations' sleeping for 120.00 seconds {{(pid=106777) _run_loop /opt/stack/data/venv/lib/python3.12/site-packages/oslo_service/backend/_threading/loopingcall.py:125}}
Apr 11 03:15:38.494993 np0000164983 neutron-periodic-workers[106777]: DEBUG dbcounter [-] [106777] Writing DB stats neutron:DELETE=1 {{(pid=106777) stat_writer /opt/stack/data/venv/lib/python3.12/site-packages/dbcounter.py:115}}
Apr 11 03:15:52.470181 np0000164983 neutron-periodic-workers[106768]: DEBUG neutron.db.agents_db [None req-2843b383-3fe1-48ee-9eed-8db6fdfd781c None None] Agent healthcheck: found 0 active agents {{(pid=106768) agent_health_check /opt/stack/neutron/neutron/db/agents_db.py:317}}
Apr 11 03:15:52.470949 np0000164983 neutron-periodic-workers[106768]: DEBUG oslo.service.backend._threading.loopingcall [None req-2843b383-3fe1-48ee-9eed-8db6fdfd781c None None] Fixed interval looping call 'neutron.plugins.ml2.plugin.AgentDbMixin.agent_health_check' sleeping for 36.99 seconds {{(pid=106768) _run_loop /opt/stack/data/venv/lib/python3.12/site-packages/oslo_service/backend/_threading/loopingcall.py:125}}
Apr 11 03:15:54.471004 np0000164983 neutron-periodic-workers[106761]: DEBUG oslo.service.backend._threading.loopingcall [None req-7348877c-2233-440d-99db-d2e1f8765eae None None] Fixed interval looping call 'neutron.plugins.ml2.plugin.DhcpAgentSchedulerDbMixin.remove_networks_from_down_agents' sleeping for 36.99 seconds {{(pid=106761) _run_loop /opt/stack/data/venv/lib/python3.12/site-packages/oslo_service/backend/_threading/loopingcall.py:125}}
Apr 11 03:16:02.468590 np0000164983 neutron-periodic-workers[106768]: DEBUG dbcounter [-] [106768] Writing DB stats neutron:SELECT=1 {{(pid=106768) stat_writer /opt/stack/data/venv/lib/python3.12/site-packages/dbcounter.py:115}}
Apr 11 03:16:04.470136 np0000164983 neutron-periodic-workers[106761]: DEBUG dbcounter [-] [106761] Writing DB stats neutron:SELECT=3 {{(pid=106761) stat_writer /opt/stack/data/venv/lib/python3.12/site-packages/dbcounter.py:115}}
Apr 11 03:16:29.468542 np0000164983 neutron-periodic-workers[106768]: DEBUG neutron.db.agents_db [None req-2843b383-3fe1-48ee-9eed-8db6fdfd781c None None] Agent healthcheck: found 0 active agents {{(pid=106768) agent_health_check /opt/stack/neutron/neutron/db/agents_db.py:317}}
Apr 11 03:16:29.469340 np0000164983 neutron-periodic-workers[106768]: DEBUG oslo.service.backend._threading.loopingcall [None req-2843b383-3fe1-48ee-9eed-8db6fdfd781c None None] Fixed interval looping call 'neutron.plugins.ml2.plugin.AgentDbMixin.agent_health_check' sleeping for 36.99 seconds {{(pid=106768) _run_loop /opt/stack/data/venv/lib/python3.12/site-packages/oslo_service/backend/_threading/loopingcall.py:125}}
Apr 11 03:16:31.471530 np0000164983 neutron-periodic-workers[106761]: DEBUG oslo.service.backend._threading.loopingcall [None req-7348877c-2233-440d-99db-d2e1f8765eae None None] Fixed interval looping call 'neutron.plugins.ml2.plugin.DhcpAgentSchedulerDbMixin.remove_networks_from_down_agents' sleeping for 36.99 seconds {{(pid=106761) _run_loop /opt/stack/data/venv/lib/python3.12/site-packages/oslo_service/backend/_threading/loopingcall.py:125}}
Apr 11 03:16:39.466072 np0000164983 neutron-periodic-workers[106768]: DEBUG dbcounter [-] [106768] Writing DB stats neutron:SELECT=1 {{(pid=106768) stat_writer /opt/stack/data/venv/lib/python3.12/site-packages/dbcounter.py:115}}
Apr 11 03:16:41.470639 np0000164983 neutron-periodic-workers[106761]: DEBUG dbcounter [-] [106761] Writing DB stats neutron:SELECT=3 {{(pid=106761) stat_writer /opt/stack/data/venv/lib/python3.12/site-packages/dbcounter.py:115}}
Apr 11 03:17:06.466540 np0000164983 neutron-periodic-workers[106768]: DEBUG neutron.db.agents_db [None req-2843b383-3fe1-48ee-9eed-8db6fdfd781c None None] Agent healthcheck: found 0 active agents {{(pid=106768) agent_health_check /opt/stack/neutron/neutron/db/agents_db.py:317}}
Apr 11 03:17:06.466820 np0000164983 neutron-periodic-workers[106768]: DEBUG oslo.service.backend._threading.loopingcall [None req-2843b383-3fe1-48ee-9eed-8db6fdfd781c None None] Fixed interval looping call 'neutron.plugins.ml2.plugin.AgentDbMixin.agent_health_check' sleeping for 36.99 seconds {{(pid=106768) _run_loop /opt/stack/data/venv/lib/python3.12/site-packages/oslo_service/backend/_threading/loopingcall.py:125}}
Apr 11 03:17:08.470914 np0000164983 neutron-periodic-workers[106761]: DEBUG oslo.service.backend._threading.loopingcall [None req-7348877c-2233-440d-99db-d2e1f8765eae None None] Fixed interval looping call 'neutron.plugins.ml2.plugin.DhcpAgentSchedulerDbMixin.remove_networks_from_down_agents' sleeping for 36.99 seconds {{(pid=106761) _run_loop /opt/stack/data/venv/lib/python3.12/site-packages/oslo_service/backend/_threading/loopingcall.py:125}}
Apr 11 03:17:16.464261 np0000164983 neutron-periodic-workers[106768]: DEBUG dbcounter [-] [106768] Writing DB stats neutron:SELECT=1 {{(pid=106768) stat_writer /opt/stack/data/venv/lib/python3.12/site-packages/dbcounter.py:115}}
