Apr 11 03:07:28.015923 np0000164983 devstack@neutron-api.service[104968]: DEBUG neutron.api.extensions [None req-191de8f0-aee0-4800-a11c-ebf94b382e21 None None] Ext name="Distributed Virtual Router" alias="dvr" description="Enables configuration of Distributed Virtual Routers." updated="2014-06-1T10:00:00-00:00" {{(pid=104968) _check_extension /opt/stack/neutron/neutron/api/extensions.py:415}}
Apr 11 03:07:28.016111 np0000164983 devstack@neutron-api.service[104968]: INFO neutron.api.extensions [None req-191de8f0-aee0-4800-a11c-ebf94b382e21 None None] Extension dvr not supported by any of loaded plugins
Apr 11 03:07:28.016242 np0000164983 devstack@neutron-api.service[104968]: DEBUG neutron.api.extensions [None req-191de8f0-aee0-4800-a11c-ebf94b382e21 None None] Loading extension file: ecmp_routes.py {{(pid=104968) _load_all_extensions_from_path /opt/stack/neutron/neutron/api/extensions.py:449}}
Apr 11 03:07:28.016457 np0000164983 devstack@neutron-api.service[104968]: DEBUG neutron.api.extensions [None req-191de8f0-aee0-4800-a11c-ebf94b382e21 None None] Ext name="Equal Cost Multipath Routing" alias="ecmp_routes" description="Allows traffic to reach thesame destination via multiple different links " updated="2020-11-26T18:00:00-00:00" {{(pid=104968) _check_extension /opt/stack/neutron/neutron/api/extensions.py:415}}
Apr 11 03:07:28.016649 np0000164983 devstack@neutron-api.service[104968]: INFO neutron.api.extensions [None req-191de8f0-aee0-4800-a11c-ebf94b382e21 None None] Extension ecmp_routes not supported by any of loaded plugins
Apr 11 03:07:28.016726 np0000164983 devstack@neutron-api.service[104968]: DEBUG neutron.api.extensions [None req-191de8f0-aee0-4800-a11c-ebf94b382e21 None None] Loading extension file: empty_string_filtering.py {{(pid=104968) _load_all_extensions_from_path /opt/stack/neutron/neutron/api/extensions.py:449}}
Apr 11 03:07:28.016940 np0000164983 devstack@neutron-api.service[104968]: DEBUG neutron.api.extensions [None req-191de8f0-aee0-4800-a11c-ebf94b382e21 None None] Ext name="Empty String Filtering Extension" alias="empty-string-filtering" description="Allow filtering by attributes with empty string value" updated="2018-05-01T10:00:00-00:00" {{(pid=104968) _check_extension /opt/stack/neutron/neutron/api/extensions.py:415}}
Apr 11 03:07:28.017133 np0000164983 devstack@neutron-api.service[104968]: INFO neutron.api.extensions [None req-191de8f0-aee0-4800-a11c-ebf94b382e21 None None] Loaded extension: empty-string-filtering
Apr 11 03:07:28.017223 np0000164983 devstack@neutron-api.service[104968]: DEBUG neutron.api.extensions [None req-191de8f0-aee0-4800-a11c-ebf94b382e21 None None] Loading extension file: expose_l3_conntrack_helper.py {{(pid=104968) _load_all_extensions_from_path /opt/stack/neutron/neutron/api/extensions.py:449}}
Apr 11 03:07:28.017455 np0000164983 devstack@neutron-api.service[104968]: DEBUG neutron.api.extensions [None req-191de8f0-aee0-4800-a11c-ebf94b382e21 None None] Ext name="Expose CT target rules for conntrack helper" alias="expose-l3-conntrack-helper" description="Expose allow adding CT target rules for conntrack helper" updated="2019-04-04T10:00:00-00:00" {{(pid=104968) _check_extension /opt/stack/neutron/neutron/api/extensions.py:415}}
Apr 11 03:07:28.017767 np0000164983 devstack@neutron-api.service[104968]: INFO neutron.api.extensions [None req-191de8f0-aee0-4800-a11c-ebf94b382e21 None None] Extension expose-l3-conntrack-helper not supported by any of loaded plugins
Apr 11 03:07:28.017851 np0000164983 devstack@neutron-api.service[104968]: DEBUG neutron.api.extensions [None req-191de8f0-aee0-4800-a11c-ebf94b382e21 None None] Loading extension file: expose_port_forwarding_in_fip.py {{(pid=104968) _load_all_extensions_from_path /opt/stack/neutron/neutron/api/extensions.py:449}}
Apr 11 03:07:28.017977 np0000164983 devstack@neutron-api.service[104969]: DEBUG neutron.manager [None req-a42bfb61-74d1-434b-926d-6da6886485de None None] Successfully loaded TAG plugin. Description: Tag support {{(pid=104969) _create_and_add_service_plugin /opt/stack/neutron/neutron/manager.py:239}}
Apr 11 03:07:28.018112 np0000164983 devstack@neutron-api.service[104968]: DEBUG neutron.api.extensions [None req-191de8f0-aee0-4800-a11c-ebf94b382e21 None None] Ext name="Expose Floating IP port forwardings" alias="expose-port-forwarding-in-fip" description="Expose port forwarding fields in floating IP response" updated="2018-06-28T16:00:00-00:00" {{(pid=104968) _check_extension /opt/stack/neutron/neutron/api/extensions.py:415}}
Apr 11 03:07:28.018151 np0000164983 devstack@neutron-api.service[104969]: INFO neutron.manager [None req-a42bfb61-74d1-434b-926d-6da6886485de None None] Loading Plugin: timestamp
Apr 11 03:07:28.018262 np0000164983 devstack@neutron-api.service[104968]: INFO neutron.api.extensions [None req-191de8f0-aee0-4800-a11c-ebf94b382e21 None None] Extension expose-port-forwarding-in-fip not supported by any of loaded plugins
Apr 11 03:07:28.018384 np0000164983 devstack@neutron-api.service[104968]: DEBUG neutron.api.extensions [None req-191de8f0-aee0-4800-a11c-ebf94b382e21 None None] Loading extension file: external_net.py {{(pid=104968) _load_all_extensions_from_path /opt/stack/neutron/neutron/api/extensions.py:449}}
Apr 11 03:07:28.018576 np0000164983 devstack@neutron-api.service[104968]: DEBUG neutron.api.extensions [None req-191de8f0-aee0-4800-a11c-ebf94b382e21 None None] Ext name="Neutron external network" alias="external-net" description="Adds external network attribute to network resource." updated="2013-01-14T10:00:00-00:00" {{(pid=104968) _check_extension /opt/stack/neutron/neutron/api/extensions.py:415}}
Apr 11 03:07:28.018746 np0000164983 devstack@neutron-api.service[104968]: INFO neutron.api.extensions [None req-191de8f0-aee0-4800-a11c-ebf94b382e21 None None] Loaded extension: external-net
Apr 11 03:07:28.018837 np0000164983 devstack@neutron-api.service[104968]: DEBUG neutron.api.extensions [None req-191de8f0-aee0-4800-a11c-ebf94b382e21 None None] Loading extension file: extra_dhcp_opt.py {{(pid=104968) _load_all_extensions_from_path /opt/stack/neutron/neutron/api/extensions.py:449}}
Apr 11 03:07:28.019086 np0000164983 devstack@neutron-api.service[104968]: DEBUG neutron.api.extensions [None req-191de8f0-aee0-4800-a11c-ebf94b382e21 None None] Ext name="Neutron Extra DHCP options" alias="extra_dhcp_opt" description="Extra options configuration for DHCP. For example PXE boot options to DHCP clients can be specified (e.g. tftp-server, server-ip-address, bootfile-name)" updated="2013-03-17T12:00:00-00:00" {{(pid=104968) _check_extension /opt/stack/neutron/neutron/api/extensions.py:415}}
Apr 11 03:07:28.019256 np0000164983 devstack@neutron-api.service[104968]: INFO neutron.api.extensions [None req-191de8f0-aee0-4800-a11c-ebf94b382e21 None None] Loaded extension: extra_dhcp_opt
Apr 11 03:07:28.019348 np0000164983 devstack@neutron-api.service[104968]: DEBUG neutron.api.extensions [None req-191de8f0-aee0-4800-a11c-ebf94b382e21 None None] Loading extension file: extraroute.py {{(pid=104968) _load_all_extensions_from_path /opt/stack/neutron/neutron/api/extensions.py:449}}
Apr 11 03:07:28.019578 np0000164983 devstack@neutron-api.service[104968]: DEBUG neutron.api.extensions [None req-191de8f0-aee0-4800-a11c-ebf94b382e21 None None] Ext name="Neutron Extra Route" alias="extraroute" description="Extra routes configuration for L3 router" updated="2013-02-01T10:00:00-00:00" {{(pid=104968) _check_extension /opt/stack/neutron/neutron/api/extensions.py:415}}
Apr 11 03:07:28.019607 np0000164983 devstack@neutron-api.service[104969]: DEBUG neutron.manager [None req-a42bfb61-74d1-434b-926d-6da6886485de None None] Successfully loaded timestamp plugin. Description: Adds timestamps to Neutron resources with standard attributes {{(pid=104969) _create_and_add_service_plugin /opt/stack/neutron/neutron/manager.py:239}}
Apr 11 03:07:28.019747 np0000164983 devstack@neutron-api.service[104969]: INFO neutron.manager [None req-a42bfb61-74d1-434b-926d-6da6886485de None None] Loading Plugin: network_ip_availability
Apr 11 03:07:28.019805 np0000164983 devstack@neutron-api.service[104968]: INFO neutron.api.extensions [None req-191de8f0-aee0-4800-a11c-ebf94b382e21 None None] Loaded extension: extraroute
Apr 11 03:07:28.019857 np0000164983 devstack@neutron-api.service[104968]: DEBUG neutron.api.extensions [None req-191de8f0-aee0-4800-a11c-ebf94b382e21 None None] Loading extension file: extraroute_atomic.py {{(pid=104968) _load_all_extensions_from_path /opt/stack/neutron/neutron/api/extensions.py:449}}
Apr 11 03:07:28.020127 np0000164983 devstack@neutron-api.service[104968]: DEBUG neutron.api.extensions [None req-191de8f0-aee0-4800-a11c-ebf94b382e21 None None] Ext name="Atomically add/remove extra routes" alias="extraroute-atomic" description="Edit extra routes of a router on server side by atomically adding/removing extra routes" updated="2019-07-10T00:00:00+00:00" {{(pid=104968) _check_extension /opt/stack/neutron/neutron/api/extensions.py:415}}
Apr 11 03:07:28.020333 np0000164983 devstack@neutron-api.service[104968]: INFO neutron.api.extensions [None req-191de8f0-aee0-4800-a11c-ebf94b382e21 None None] Loaded extension: extraroute-atomic
Apr 11 03:07:28.020425 np0000164983 devstack@neutron-api.service[104968]: DEBUG neutron.api.extensions [None req-191de8f0-aee0-4800-a11c-ebf94b382e21 None None] Loading extension file: filter_validation.py {{(pid=104968) _load_all_extensions_from_path /opt/stack/neutron/neutron/api/extensions.py:449}}
Apr 11 03:07:28.020674 np0000164983 devstack@neutron-api.service[104968]: DEBUG neutron.api.extensions [None req-191de8f0-aee0-4800-a11c-ebf94b382e21 None None] Ext name="Filter parameters validation" alias="filter-validation" description="Provides validation on filter parameters." updated="2018-07-04T10:00:00-00:00" {{(pid=104968) _check_extension /opt/stack/neutron/neutron/api/extensions.py:415}}
Apr 11 03:07:28.020847 np0000164983 devstack@neutron-api.service[104968]: INFO neutron.api.extensions [None req-191de8f0-aee0-4800-a11c-ebf94b382e21 None None] Loaded extension: filter-validation
Apr 11 03:07:28.020938 np0000164983 devstack@neutron-api.service[104968]: DEBUG neutron.api.extensions [None req-191de8f0-aee0-4800-a11c-ebf94b382e21 None None] Loading extension file: fip_pf_description.py {{(pid=104968) _load_all_extensions_from_path /opt/stack/neutron/neutron/api/extensions.py:449}}
Apr 11 03:07:28.021183 np0000164983 devstack@neutron-api.service[104968]: DEBUG neutron.api.extensions [None req-191de8f0-aee0-4800-a11c-ebf94b382e21 None None] Ext name="Floating IP Port Forwarding new attribute description" alias="floating-ip-port-forwarding-description" description="Add a description field to Port Forwarding rules" updated="2019-11-01T10:00:00-00:00" {{(pid=104968) _check_extension /opt/stack/neutron/neutron/api/extensions.py:415}}
Apr 11 03:07:28.021356 np0000164983 devstack@neutron-api.service[104968]: INFO neutron.api.extensions [None req-191de8f0-aee0-4800-a11c-ebf94b382e21 None None] Extension floating-ip-port-forwarding-description not supported by any of loaded plugins
Apr 11 03:07:28.021430 np0000164983 devstack@neutron-api.service[104968]: DEBUG neutron.api.extensions [None req-191de8f0-aee0-4800-a11c-ebf94b382e21 None None] Loading extension file: fip_pf_detail.py {{(pid=104968) _load_all_extensions_from_path /opt/stack/neutron/neutron/api/extensions.py:449}}
Apr 11 03:07:28.021621 np0000164983 devstack@neutron-api.service[104969]: DEBUG neutron.manager [None req-a42bfb61-74d1-434b-926d-6da6886485de None None] Successfully loaded network-ip-availability plugin. Description: Provides IP availability data for each network and subnet. {{(pid=104969) _create_and_add_service_plugin /opt/stack/neutron/neutron/manager.py:239}}
Apr 11 03:07:28.021677 np0000164983 devstack@neutron-api.service[104968]: DEBUG neutron.api.extensions [None req-191de8f0-aee0-4800-a11c-ebf94b382e21 None None] Ext name="Floating IP port forwarding detail" alias="floating-ip-port-forwarding-detail" description="Allow list floating ip return more port forwarding data, include'id' and 'internal_port_id'" updated="2022-05-06T10:00:00-00:00" {{(pid=104968) _check_extension /opt/stack/neutron/neutron/api/extensions.py:415}}
Apr 11 03:07:28.021710 np0000164983 devstack@neutron-api.service[104969]: INFO neutron.manager [None req-a42bfb61-74d1-434b-926d-6da6886485de None None] Loading Plugin: flavors
Apr 11 03:07:28.021829 np0000164983 devstack@neutron-api.service[104968]: INFO neutron.api.extensions [None req-191de8f0-aee0-4800-a11c-ebf94b382e21 None None] Loaded extension: floating-ip-port-forwarding-detail
Apr 11 03:07:28.021926 np0000164983 devstack@neutron-api.service[104968]: DEBUG neutron.api.extensions [None req-191de8f0-aee0-4800-a11c-ebf94b382e21 None None] Loading extension file: fip_pf_port_range.py {{(pid=104968) _load_all_extensions_from_path /opt/stack/neutron/neutron/api/extensions.py:449}}
Apr 11 03:07:28.022193 np0000164983 devstack@neutron-api.service[104968]: DEBUG neutron.api.extensions [None req-191de8f0-aee0-4800-a11c-ebf94b382e21 None None] Ext name="Floating IP Port Forwarding support port ranges" alias="floating-ip-port-forwarding-port-ranges" description="Add support to port ranges" updated="2020-07-01T10:00:00-00:00" {{(pid=104968) _check_extension /opt/stack/neutron/neutron/api/extensions.py:415}}
Apr 11 03:07:28.022328 np0000164983 devstack@neutron-api.service[104968]: INFO neutron.api.extensions [None req-191de8f0-aee0-4800-a11c-ebf94b382e21 None None] Extension floating-ip-port-forwarding-port-ranges not supported by any of loaded plugins
Apr 11 03:07:28.022422 np0000164983 devstack@neutron-api.service[104968]: DEBUG neutron.api.extensions [None req-191de8f0-aee0-4800-a11c-ebf94b382e21 None None] Loading extension file: fip_port_details.py {{(pid=104968) _load_all_extensions_from_path /opt/stack/neutron/neutron/api/extensions.py:449}}
Apr 11 03:07:28.022642 np0000164983 devstack@neutron-api.service[104968]: DEBUG neutron.api.extensions [None req-191de8f0-aee0-4800-a11c-ebf94b382e21 None None] Ext name="Floating IP Port Details Extension" alias="fip-port-details" description="Add port_details attribute to Floating IP resource" updated="2018-04-09T10:00:00-00:00" {{(pid=104968) _check_extension /opt/stack/neutron/neutron/api/extensions.py:415}}
Apr 11 03:07:28.022732 np0000164983 devstack@neutron-api.service[104969]: DEBUG neutron.manager [None req-a42bfb61-74d1-434b-926d-6da6886485de None None] Successfully loaded FLAVORS plugin. Description: Neutron Flavors and Service Profiles manager plugin {{(pid=104969) _create_and_add_service_plugin /opt/stack/neutron/neutron/manager.py:239}}
Apr 11 03:07:28.022805 np0000164983 devstack@neutron-api.service[104968]: INFO neutron.api.extensions [None req-191de8f0-aee0-4800-a11c-ebf94b382e21 None None] Loaded extension: fip-port-details
Apr 11 03:07:28.022842 np0000164983 devstack@neutron-api.service[104969]: INFO neutron.manager [None req-a42bfb61-74d1-434b-926d-6da6886485de None None] Loading Plugin: revisions
Apr 11 03:07:28.022904 np0000164983 devstack@neutron-api.service[104968]: DEBUG neutron.api.extensions [None req-191de8f0-aee0-4800-a11c-ebf94b382e21 None None] Loading extension file: flavors.py {{(pid=104968) _load_all_extensions_from_path /opt/stack/neutron/neutron/api/extensions.py:449}}
Apr 11 03:07:28.024130 np0000164983 devstack@neutron-api.service[104968]: DEBUG neutron.api.extensions [None req-191de8f0-aee0-4800-a11c-ebf94b382e21 None None] Ext name="Neutron Service Flavors" alias="flavors" description="Flavor specification for Neutron advanced services." updated="2015-09-17T10:00:00-00:00" {{(pid=104968) _check_extension /opt/stack/neutron/neutron/api/extensions.py:415}}
Apr 11 03:07:28.024359 np0000164983 devstack@neutron-api.service[104968]: INFO neutron.api.extensions [None req-191de8f0-aee0-4800-a11c-ebf94b382e21 None None] Loaded extension: flavors
Apr 11 03:07:28.024405 np0000164983 devstack@neutron-api.service[104969]: DEBUG neutron.manager [None req-a42bfb61-74d1-434b-926d-6da6886485de None None] Successfully loaded revision_plugin plugin. Description: Adds revision numbers to resources. {{(pid=104969) _create_and_add_service_plugin /opt/stack/neutron/neutron/manager.py:239}}
Apr 11 03:07:28.024448 np0000164983 devstack@neutron-api.service[104968]: DEBUG neutron.api.extensions [None req-191de8f0-aee0-4800-a11c-ebf94b382e21 None None] Loading extension file: floating_ip_port_forwarding.py {{(pid=104968) _load_all_extensions_from_path /opt/stack/neutron/neutron/api/extensions.py:449}}
Apr 11 03:07:28.024647 np0000164983 devstack@neutron-api.service[104969]: DEBUG oslo_concurrency.lockutils [None req-a42bfb61-74d1-434b-926d-6da6886485de None None] Lock "manager" "released" by "neutron.manager.NeutronManager._create_instance" :: held 5.216s {{(pid=104969) inner /opt/stack/data/venv/lib/python3.12/site-packages/oslo_concurrency/lockutils.py:538}}
Apr 11 03:07:28.024767 np0000164983 devstack@neutron-api.service[104969]: DEBUG neutron.api.extensions [None req-a42bfb61-74d1-434b-926d-6da6886485de None None] get_extension_paths = OrderedDict({'/opt/stack/neutron/neutron/extensions': 1}) {{(pid=104969) get_extensions_path /opt/stack/neutron/neutron/api/extensions.py:640}}
Apr 11 03:07:28.024799 np0000164983 devstack@neutron-api.service[104968]: DEBUG neutron.api.extensions [None req-191de8f0-aee0-4800-a11c-ebf94b382e21 None None] Ext name="Floating IP Port Forwarding" alias="floating-ip-port-forwarding" description="Allow port forwarding from floating IP port to an internal port" updated="2018-01-19T10:00:00-00:00" {{(pid=104968) _check_extension /opt/stack/neutron/neutron/api/extensions.py:415}}
Apr 11 03:07:28.024891 np0000164983 devstack@neutron-api.service[104969]: INFO neutron.api.extensions [None req-a42bfb61-74d1-434b-926d-6da6886485de None None] Initializing extension manager.
Apr 11 03:07:28.024939 np0000164983 devstack@neutron-api.service[104968]: INFO neutron.api.extensions [None req-191de8f0-aee0-4800-a11c-ebf94b382e21 None None] Extension floating-ip-port-forwarding not supported by any of loaded plugins
Apr 11 03:07:28.025061 np0000164983 devstack@neutron-api.service[104968]: DEBUG neutron.api.extensions [None req-191de8f0-aee0-4800-a11c-ebf94b382e21 None None] Loading extension file: floatingip_pools.py {{(pid=104968) _load_all_extensions_from_path /opt/stack/neutron/neutron/api/extensions.py:449}}
Apr 11 03:07:28.025192 np0000164983 devstack@neutron-api.service[104969]: DEBUG neutron.api.extensions [None req-a42bfb61-74d1-434b-926d-6da6886485de None None] Loading extension file: __init__.py {{(pid=104969) _load_all_extensions_from_path /opt/stack/neutron/neutron/api/extensions.py:449}}
Apr 11 03:07:28.025314 np0000164983 devstack@neutron-api.service[104969]: DEBUG neutron.api.extensions [None req-a42bfb61-74d1-434b-926d-6da6886485de None None] Loading extension file: __pycache__ {{(pid=104969) _load_all_extensions_from_path /opt/stack/neutron/neutron/api/extensions.py:449}}
Apr 11 03:07:28.025341 np0000164983 devstack@neutron-api.service[104968]: DEBUG neutron.api.extensions [None req-191de8f0-aee0-4800-a11c-ebf94b382e21 None None] Ext name="Floating IP Pools Extension" alias="floatingip-pools" description="Provides a floating IP pools API." updated="2018-03-21T10:00:00-00:00" {{(pid=104968) _check_extension /opt/stack/neutron/neutron/api/extensions.py:415}}
Apr 11 03:07:28.025403 np0000164983 devstack@neutron-api.service[104969]: DEBUG neutron.api.extensions [None req-a42bfb61-74d1-434b-926d-6da6886485de None None] Loading extension file: address_group.py {{(pid=104969) _load_all_extensions_from_path /opt/stack/neutron/neutron/api/extensions.py:449}}
Apr 11 03:07:28.025498 np0000164983 devstack@neutron-api.service[104968]: INFO neutron.api.extensions [None req-191de8f0-aee0-4800-a11c-ebf94b382e21 None None] Loaded extension: floatingip-pools
Apr 11 03:07:28.025585 np0000164983 devstack@neutron-api.service[104968]: DEBUG neutron.api.extensions [None req-191de8f0-aee0-4800-a11c-ebf94b382e21 None None] Loading extension file: ip_allocation.py {{(pid=104968) _load_all_extensions_from_path /opt/stack/neutron/neutron/api/extensions.py:449}}
Apr 11 03:07:28.025797 np0000164983 devstack@neutron-api.service[104969]: DEBUG neutron.api.extensions [None req-a42bfb61-74d1-434b-926d-6da6886485de None None] Ext name="Address group" alias="address-group" description="Support address group" updated="2020-07-15T10:00:00-00:00" {{(pid=104969) _check_extension /opt/stack/neutron/neutron/api/extensions.py:415}}
Apr 11 03:07:28.025825 np0000164983 devstack@neutron-api.service[104968]: DEBUG neutron.api.extensions [None req-191de8f0-aee0-4800-a11c-ebf94b382e21 None None] Ext name="IP Allocation" alias="ip_allocation" description="IP allocation extension." updated="2016-06-10T23:00:00-00:00" {{(pid=104968) _check_extension /opt/stack/neutron/neutron/api/extensions.py:415}}
Apr 11 03:07:28.025972 np0000164983 devstack@neutron-api.service[104968]: INFO neutron.api.extensions [None req-191de8f0-aee0-4800-a11c-ebf94b382e21 None None] Extension ip_allocation not supported by any of loaded plugins
Apr 11 03:07:28.026082 np0000164983 devstack@neutron-api.service[104969]: INFO neutron.api.extensions [None req-a42bfb61-74d1-434b-926d-6da6886485de None None] Loaded extension: address-group
Apr 11 03:07:28.026119 np0000164983 devstack@neutron-api.service[104968]: DEBUG neutron.api.extensions [None req-191de8f0-aee0-4800-a11c-ebf94b382e21 None None] Loading extension file: ip_substring_port_filtering.py {{(pid=104968) _load_all_extensions_from_path /opt/stack/neutron/neutron/api/extensions.py:449}}
Apr 11 03:07:28.026210 np0000164983 devstack@neutron-api.service[104969]: DEBUG neutron.api.extensions [None req-a42bfb61-74d1-434b-926d-6da6886485de None None] Loading extension file: address_scope.py {{(pid=104969) _load_all_extensions_from_path /opt/stack/neutron/neutron/api/extensions.py:449}}
Apr 11 03:07:28.026532 np0000164983 devstack@neutron-api.service[104968]: DEBUG neutron.api.extensions [None req-191de8f0-aee0-4800-a11c-ebf94b382e21 None None] Ext name="IP address substring filtering" alias="ip-substring-filtering" description="Provides IP address substring filtering when listing ports" updated="2017-11-28T09:00:00-00:00" {{(pid=104968) _check_extension /opt/stack/neutron/neutron/api/extensions.py:415}}
Apr 11 03:07:28.026532 np0000164983 devstack@neutron-api.service[104968]: INFO neutron.api.extensions [None req-191de8f0-aee0-4800-a11c-ebf94b382e21 None None] Extension ip-substring-filtering not supported by any of loaded plugins
Apr 11 03:07:28.026706 np0000164983 devstack@neutron-api.service[104969]: DEBUG neutron.api.extensions [None req-a42bfb61-74d1-434b-926d-6da6886485de None None] Ext name="Address scope" alias="address-scope" description="Address scopes extension." updated="2015-07-26T10:00:00-00:00" {{(pid=104969) _check_extension /opt/stack/neutron/neutron/api/extensions.py:415}}
Apr 11 03:07:28.026775 np0000164983 devstack@neutron-api.service[104968]: DEBUG neutron.api.extensions [None req-191de8f0-aee0-4800-a11c-ebf94b382e21 None None] Loading extension file: l2_adjacency.py {{(pid=104968) _load_all_extensions_from_path /opt/stack/neutron/neutron/api/extensions.py:449}}
Apr 11 03:07:28.026836 np0000164983 devstack@neutron-api.service[104969]: INFO neutron.api.extensions [None req-a42bfb61-74d1-434b-926d-6da6886485de None None] Loaded extension: address-scope
Apr 11 03:07:28.026836 np0000164983 devstack@neutron-api.service[104969]: DEBUG neutron.api.extensions [None req-a42bfb61-74d1-434b-926d-6da6886485de None None] Loading extension file: admin_state_down_before_update.py {{(pid=104969) _load_all_extensions_from_path /opt/stack/neutron/neutron/api/extensions.py:449}}
Apr 11 03:07:28.026916 np0000164983 devstack@neutron-api.service[104968]: DEBUG neutron.api.extensions [None req-191de8f0-aee0-4800-a11c-ebf94b382e21 None None] Ext name="L2 Adjacency" alias="l2_adjacency" description="Display L2 Adjacency for Neutron Networks." updated="2016-04-12T16:00:00-00:00" {{(pid=104968) _check_extension /opt/stack/neutron/neutron/api/extensions.py:415}}
Apr 11 03:07:28.027000 np0000164983 devstack@neutron-api.service[104969]: DEBUG neutron.api.extensions [None req-a42bfb61-74d1-434b-926d-6da6886485de None None] Ext name="Enforce Router's Admin State Down Before Update Extension" alias="router-admin-state-down-before-update" description="Ensure that the admin state of a router is DOWN (admin_state_up=False) before updating the distributed attribute" updated="2019-07-02T15:56:00" {{(pid=104969) _check_extension /opt/stack/neutron/neutron/api/extensions.py:415}}
Apr 11 03:07:28.027096 np0000164983 devstack@neutron-api.service[104968]: INFO neutron.api.extensions [None req-191de8f0-aee0-4800-a11c-ebf94b382e21 None None] Extension l2_adjacency not supported by any of loaded plugins
Apr 11 03:07:28.027151 np0000164983 devstack@neutron-api.service[104968]: DEBUG neutron.api.extensions [None req-191de8f0-aee0-4800-a11c-ebf94b382e21 None None] Loading extension file: l3.py {{(pid=104968) _load_all_extensions_from_path /opt/stack/neutron/neutron/api/extensions.py:449}}
Apr 11 03:07:28.027191 np0000164983 devstack@neutron-api.service[104969]: INFO neutron.api.extensions [None req-a42bfb61-74d1-434b-926d-6da6886485de None None] Extension router-admin-state-down-before-update not supported by any of loaded plugins
Apr 11 03:07:28.027295 np0000164983 devstack@neutron-api.service[104969]: DEBUG neutron.api.extensions [None req-a42bfb61-74d1-434b-926d-6da6886485de None None] Loading extension file: agent.py {{(pid=104969) _load_all_extensions_from_path /opt/stack/neutron/neutron/api/extensions.py:449}}
Apr 11 03:07:28.027559 np0000164983 devstack@neutron-api.service[104968]: DEBUG neutron.api.extensions [None req-191de8f0-aee0-4800-a11c-ebf94b382e21 None None] Ext name="Neutron L3 Router" alias="router" description="Router abstraction for basic L3 forwarding between L2 Neutron networks and access to external networks via a NAT gateway." updated="2012-07-20T10:00:00-00:00" {{(pid=104968) _check_extension /opt/stack/neutron/neutron/api/extensions.py:415}}
Apr 11 03:07:28.027589 np0000164983 devstack@neutron-api.service[104969]: DEBUG neutron.api.extensions [None req-a42bfb61-74d1-434b-926d-6da6886485de None None] Ext name="agent" alias="agent" description="The agent management extension." updated="2013-02-03T10:00:00-00:00" {{(pid=104969) _check_extension /opt/stack/neutron/neutron/api/extensions.py:415}}
Apr 11 03:07:28.027733 np0000164983 devstack@neutron-api.service[104968]: INFO neutron.api.extensions [None req-191de8f0-aee0-4800-a11c-ebf94b382e21 None None] Loaded extension: router
Apr 11 03:07:28.027759 np0000164983 devstack@neutron-api.service[104969]: INFO neutron.api.extensions [None req-a42bfb61-74d1-434b-926d-6da6886485de None None] Loaded extension: agent
Apr 11 03:07:28.027815 np0000164983 devstack@neutron-api.service[104968]: DEBUG neutron.api.extensions [None req-191de8f0-aee0-4800-a11c-ebf94b382e21 None None] Loading extension file: l3_conntrack_helper.py {{(pid=104968) _load_all_extensions_from_path /opt/stack/neutron/neutron/api/extensions.py:449}}
Apr 11 03:07:28.027845 np0000164983 devstack@neutron-api.service[104969]: DEBUG neutron.api.extensions [None req-a42bfb61-74d1-434b-926d-6da6886485de None None] Loading extension file: agent_resources_synced.py {{(pid=104969) _load_all_extensions_from_path /opt/stack/neutron/neutron/api/extensions.py:449}}
Apr 11 03:07:28.028188 np0000164983 devstack@neutron-api.service[104969]: DEBUG neutron.api.extensions [None req-a42bfb61-74d1-434b-926d-6da6886485de None None] Ext name="Agent's Resource View Synced to Placement" alias="agent-resources-synced" description="Stores success/failure of last sync to Placement" updated="2018-12-19T00:00:00-00:00" {{(pid=104969) _check_extension /opt/stack/neutron/neutron/api/extensions.py:415}}
Apr 11 03:07:28.028382 np0000164983 devstack@neutron-api.service[104969]: INFO neutron.api.extensions [None req-a42bfb61-74d1-434b-926d-6da6886485de None None] Extension agent-resources-synced not supported by any of loaded plugins
Apr 11 03:07:28.028470 np0000164983 devstack@neutron-api.service[104969]: DEBUG neutron.api.extensions [None req-a42bfb61-74d1-434b-926d-6da6886485de None None] Loading extension file: allowedaddresspairs.py {{(pid=104969) _load_all_extensions_from_path /opt/stack/neutron/neutron/api/extensions.py:449}}
Apr 11 03:07:28.028551 np0000164983 devstack@neutron-api.service[104968]: DEBUG neutron.api.extensions [None req-191de8f0-aee0-4800-a11c-ebf94b382e21 None None] Ext name="L3 Conntrack helper" alias="l3-conntrack-helper" description="Allow adding CT target rules for conntrack helper" updated="2019-04-04T10:00:00-00:00" {{(pid=104968) _check_extension /opt/stack/neutron/neutron/api/extensions.py:415}}
Apr 11 03:07:28.028714 np0000164983 devstack@neutron-api.service[104968]: INFO neutron.api.extensions [None req-191de8f0-aee0-4800-a11c-ebf94b382e21 None None] Extension l3-conntrack-helper not supported by any of loaded plugins
Apr 11 03:07:28.028819 np0000164983 devstack@neutron-api.service[104968]: DEBUG neutron.api.extensions [None req-191de8f0-aee0-4800-a11c-ebf94b382e21 None None] Loading extension file: l3_enable_default_route_bfd.py {{(pid=104968) _load_all_extensions_from_path /opt/stack/neutron/neutron/api/extensions.py:449}}
Apr 11 03:07:28.029071 np0000164983 devstack@neutron-api.service[104968]: DEBUG neutron.api.extensions [None req-191de8f0-aee0-4800-a11c-ebf94b382e21 None None] Ext name="Enable Default Route BFD" alias="enable-default-route-bfd" description="Enables configurable BFD behavior for default routes" updated="2023-02-27T00:00:00-00:00" {{(pid=104968) _check_extension /opt/stack/neutron/neutron/api/extensions.py:415}}
Apr 11 03:07:28.029227 np0000164983 devstack@neutron-api.service[104969]: DEBUG neutron.api.extensions [None req-a42bfb61-74d1-434b-926d-6da6886485de None None] Ext name="Allowed Address Pairs" alias="allowed-address-pairs" description="Provides allowed address pairs" updated="2013-07-23T10:00:00-00:00" {{(pid=104969) _check_extension /opt/stack/neutron/neutron/api/extensions.py:415}}
Apr 11 03:07:28.029264 np0000164983 devstack@neutron-api.service[104968]: INFO neutron.api.extensions [None req-191de8f0-aee0-4800-a11c-ebf94b382e21 None None] Loaded extension: enable-default-route-bfd
Apr 11 03:07:28.029338 np0000164983 devstack@neutron-api.service[104968]: DEBUG neutron.api.extensions [None req-191de8f0-aee0-4800-a11c-ebf94b382e21 None None] Loading extension file: l3_enable_default_route_ecmp.py {{(pid=104968) _load_all_extensions_from_path /opt/stack/neutron/neutron/api/extensions.py:449}}
Apr 11 03:07:28.029392 np0000164983 devstack@neutron-api.service[104969]: INFO neutron.api.extensions [None req-a42bfb61-74d1-434b-926d-6da6886485de None None] Loaded extension: allowed-address-pairs
Apr 11 03:07:28.029578 np0000164983 devstack@neutron-api.service[104969]: DEBUG neutron.api.extensions [None req-a42bfb61-74d1-434b-926d-6da6886485de None None] Loading extension file: auto_allocated_topology.py {{(pid=104969) _load_all_extensions_from_path /opt/stack/neutron/neutron/api/extensions.py:449}}
Apr 11 03:07:28.029604 np0000164983 devstack@neutron-api.service[104968]: DEBUG neutron.api.extensions [None req-191de8f0-aee0-4800-a11c-ebf94b382e21 None None] Ext name="Enable Default Route ECMP" alias="enable-default-route-ecmp" description="Enables configurable ECMP behavior for default routes" updated="2023-02-27T00:00:00-00:00" {{(pid=104968) _check_extension /opt/stack/neutron/neutron/api/extensions.py:415}}
Apr 11 03:07:28.029721 np0000164983 devstack@neutron-api.service[104969]: DEBUG neutron.api.extensions [None req-a42bfb61-74d1-434b-926d-6da6886485de None None] Ext name="Auto Allocated Topology Services" alias="auto-allocated-topology" description="Auto Allocated Topology Services." updated="2016-01-01T00:00:00-00:00" {{(pid=104969) _check_extension /opt/stack/neutron/neutron/api/extensions.py:415}}
Apr 11 03:07:28.029753 np0000164983 devstack@neutron-api.service[104968]: INFO neutron.api.extensions [None req-191de8f0-aee0-4800-a11c-ebf94b382e21 None None] Loaded extension: enable-default-route-ecmp
Apr 11 03:07:28.029878 np0000164983 devstack@neutron-api.service[104968]: DEBUG neutron.api.extensions [None req-191de8f0-aee0-4800-a11c-ebf94b382e21 None None] Loading extension file: l3_ext_gw_mode.py {{(pid=104968) _load_all_extensions_from_path /opt/stack/neutron/neutron/api/extensions.py:449}}
Apr 11 03:07:28.029908 np0000164983 devstack@neutron-api.service[104969]: INFO neutron.api.extensions [None req-a42bfb61-74d1-434b-926d-6da6886485de None None] Loaded extension: auto-allocated-topology
Apr 11 03:07:28.030000 np0000164983 devstack@neutron-api.service[104969]: DEBUG neutron.api.extensions [None req-a42bfb61-74d1-434b-926d-6da6886485de None None] Loading extension file: availability_zone.py {{(pid=104969) _load_all_extensions_from_path /opt/stack/neutron/neutron/api/extensions.py:449}}
Apr 11 03:07:28.030145 np0000164983 devstack@neutron-api.service[104968]: DEBUG neutron.api.extensions [None req-191de8f0-aee0-4800-a11c-ebf94b382e21 None None] Ext name="Neutron L3 Configurable external gateway mode" alias="ext-gw-mode" description="Extension of the router abstraction for specifying whether SNAT should occur on the external gateway" updated="2013-03-28T10:00:00-00:00" {{(pid=104968) _check_extension /opt/stack/neutron/neutron/api/extensions.py:415}}
Apr 11 03:07:28.030312 np0000164983 devstack@neutron-api.service[104969]: DEBUG neutron.api.extensions [None req-a42bfb61-74d1-434b-926d-6da6886485de None None] Ext name="Availability Zone" alias="availability_zone" description="The availability zone extension." updated="2015-01-01T10:00:00-00:00" {{(pid=104969) _check_extension /opt/stack/neutron/neutron/api/extensions.py:415}}
Apr 11 03:07:28.030350 np0000164983 devstack@neutron-api.service[104968]: INFO neutron.api.extensions [None req-191de8f0-aee0-4800-a11c-ebf94b382e21 None None] Loaded extension: ext-gw-mode
Apr 11 03:07:28.030405 np0000164983 devstack@neutron-api.service[104968]: DEBUG neutron.api.extensions [None req-191de8f0-aee0-4800-a11c-ebf94b382e21 None None] Loading extension file: l3_ext_ha_mode.py {{(pid=104968) _load_all_extensions_from_path /opt/stack/neutron/neutron/api/extensions.py:449}}
Apr 11 03:07:28.030488 np0000164983 devstack@neutron-api.service[104969]: INFO neutron.api.extensions [None req-a42bfb61-74d1-434b-926d-6da6886485de None None] Loaded extension: availability_zone
Apr 11 03:07:28.030613 np0000164983 devstack@neutron-api.service[104969]: DEBUG neutron.api.extensions [None req-a42bfb61-74d1-434b-926d-6da6886485de None None] Loading extension file: availability_zone_filter.py {{(pid=104969) _load_all_extensions_from_path /opt/stack/neutron/neutron/api/extensions.py:449}}
Apr 11 03:07:28.030645 np0000164983 devstack@neutron-api.service[104968]: DEBUG neutron.api.extensions [None req-191de8f0-aee0-4800-a11c-ebf94b382e21 None None] Ext name="HA Router extension" alias="l3-ha" description="Adds HA capability to routers." updated="2014-04-26T00:00:00-00:00" {{(pid=104968) _check_extension /opt/stack/neutron/neutron/api/extensions.py:415}}
Apr 11 03:07:28.030801 np0000164983 devstack@neutron-api.service[104968]: INFO neutron.api.extensions [None req-191de8f0-aee0-4800-a11c-ebf94b382e21 None None] Loaded extension: l3-ha
Apr 11 03:07:28.030882 np0000164983 devstack@neutron-api.service[104969]: DEBUG neutron.api.extensions [None req-a42bfb61-74d1-434b-926d-6da6886485de None None] Ext name="Availability Zone Filter Extension" alias="availability_zone_filter" description="Add filter parameters to AvailabilityZone resource" updated="2018-06-22T10:00:00-00:00" {{(pid=104969) _check_extension /opt/stack/neutron/neutron/api/extensions.py:415}}
Apr 11 03:07:28.030914 np0000164983 devstack@neutron-api.service[104968]: DEBUG neutron.api.extensions [None req-191de8f0-aee0-4800-a11c-ebf94b382e21 None None] Loading extension file: l3_ext_ndp_proxy.py {{(pid=104968) _load_all_extensions_from_path /opt/stack/neutron/neutron/api/extensions.py:449}}
Apr 11 03:07:28.031114 np0000164983 devstack@neutron-api.service[104969]: INFO neutron.api.extensions [None req-a42bfb61-74d1-434b-926d-6da6886485de None None] Extension availability_zone_filter not supported by any of loaded plugins
Apr 11 03:07:28.031157 np0000164983 devstack@neutron-api.service[104968]: DEBUG neutron.api.extensions [None req-191de8f0-aee0-4800-a11c-ebf94b382e21 None None] Ext name="Router support to enable NDP proxy" alias="l3-ext-ndp-proxy" description="Router extension to enable ndp proxy" updated="2020-08-25T00:00:00-00:00" {{(pid=104968) _check_extension /opt/stack/neutron/neutron/api/extensions.py:415}}
Apr 11 03:07:28.031210 np0000164983 devstack@neutron-api.service[104969]: DEBUG neutron.api.extensions [None req-a42bfb61-74d1-434b-926d-6da6886485de None None] Loading extension file: data_plane_status.py {{(pid=104969) _load_all_extensions_from_path /opt/stack/neutron/neutron/api/extensions.py:449}}
Apr 11 03:07:28.031297 np0000164983 devstack@neutron-api.service[104968]: INFO neutron.api.extensions [None req-191de8f0-aee0-4800-a11c-ebf94b382e21 None None] Extension l3-ext-ndp-proxy not supported by any of loaded plugins
Apr 11 03:07:28.031388 np0000164983 devstack@neutron-api.service[104968]: DEBUG neutron.api.extensions [None req-191de8f0-aee0-4800-a11c-ebf94b382e21 None None] Loading extension file: l3_extra_gws.py {{(pid=104968) _load_all_extensions_from_path /opt/stack/neutron/neutron/api/extensions.py:449}}
Apr 11 03:07:28.031449 np0000164983 devstack@neutron-api.service[104969]: DEBUG neutron.api.extensions [None req-a42bfb61-74d1-434b-926d-6da6886485de None None] Ext name="Port data plane status extension" alias="data-plane-status" description="Expose status of underlying data plane" updated="2017-01-24T10:00:00-00:00" {{(pid=104969) _check_extension /opt/stack/neutron/neutron/api/extensions.py:415}}
Apr 11 03:07:28.031620 np0000164983 devstack@neutron-api.service[104968]: DEBUG neutron.api.extensions [None req-191de8f0-aee0-4800-a11c-ebf94b382e21 None None] Ext name="Neutron L3 External Gateway Multihoming" alias="external-gateway-multihoming" description="Allow multiple external gateway ports per router" updated="2023-01-18T00:00:00-00:00" {{(pid=104968) _check_extension /opt/stack/neutron/neutron/api/extensions.py:415}}
Apr 11 03:07:28.031672 np0000164983 devstack@neutron-api.service[104969]: INFO neutron.api.extensions [None req-a42bfb61-74d1-434b-926d-6da6886485de None None] Extension data-plane-status not supported by any of loaded plugins
Apr 11 03:07:28.031700 np0000164983 devstack@neutron-api.service[104967]: INFO neutron.plugins.ml2.drivers.type_vlan [None req-6189edbb-0d8c-4816-aae9-cff53fc9705d None None] VlanTypeDriver initialization complete
Apr 11 03:07:28.031990 np0000164983 devstack@neutron-api.service[104969]: DEBUG neutron.api.extensions [None req-a42bfb61-74d1-434b-926d-6da6886485de None None] Loading extension file: default_subnetpools.py {{(pid=104969) _load_all_extensions_from_path /opt/stack/neutron/neutron/api/extensions.py:449}}
Apr 11 03:07:28.032050 np0000164983 devstack@neutron-api.service[104968]: INFO neutron.api.extensions [None req-191de8f0-aee0-4800-a11c-ebf94b382e21 None None] Loaded extension: external-gateway-multihoming
Apr 11 03:07:28.032105 np0000164983 devstack@neutron-api.service[104967]: INFO neutron.plugins.ml2.managers [None req-6189edbb-0d8c-4816-aae9-cff53fc9705d None None] Initializing extension driver 'port_security'
Apr 11 03:07:28.032135 np0000164983 devstack@neutron-api.service[104968]: DEBUG neutron.api.extensions [None req-191de8f0-aee0-4800-a11c-ebf94b382e21 None None] Loading extension file: l3_flavors.py {{(pid=104968) _load_all_extensions_from_path /opt/stack/neutron/neutron/api/extensions.py:449}}
Apr 11 03:07:28.032161 np0000164983 devstack@neutron-api.service[104967]: INFO neutron.plugins.ml2.extensions.port_security [None req-6189edbb-0d8c-4816-aae9-cff53fc9705d None None] PortSecurityExtensionDriver initialization complete
Apr 11 03:07:28.032185 np0000164983 devstack@neutron-api.service[104969]: DEBUG neutron.api.extensions [None req-a42bfb61-74d1-434b-926d-6da6886485de None None] Ext name="Default Subnetpools" alias="default-subnetpools" description="Provides ability to mark and use a subnetpool as the default." updated="2016-02-18T18:00:00-00:00" {{(pid=104969) _check_extension /opt/stack/neutron/neutron/api/extensions.py:415}}
Apr 11 03:07:28.032221 np0000164983 devstack@neutron-api.service[104967]: INFO neutron.plugins.ml2.managers [None req-6189edbb-0d8c-4816-aae9-cff53fc9705d None None] Initializing extension driver 'qos'
Apr 11 03:07:28.032294 np0000164983 devstack@neutron-api.service[104968]: DEBUG neutron.api.extensions [None req-191de8f0-aee0-4800-a11c-ebf94b382e21 None None] Ext name="Router Flavor Extension" alias="l3-flavors" description="Flavor support for routers." updated="2016-05-17T00:00:00-00:00" {{(pid=104968) _check_extension /opt/stack/neutron/neutron/api/extensions.py:415}}
Apr 11 03:07:28.032333 np0000164983 devstack@neutron-api.service[104969]: INFO neutron.api.extensions [None req-a42bfb61-74d1-434b-926d-6da6886485de None None] Loaded extension: default-subnetpools
Apr 11 03:07:28.032367 np0000164983 devstack@neutron-api.service[104967]: DEBUG neutron.plugins.ml2.extensions.qos [None req-6189edbb-0d8c-4816-aae9-cff53fc9705d None None] QosExtensionDriver initialization complete {{(pid=104967) initialize /opt/stack/neutron/neutron/plugins/ml2/extensions/qos.py:31}}
Apr 11 03:07:28.032394 np0000164983 devstack@neutron-api.service[104969]: DEBUG neutron.api.extensions [None req-a42bfb61-74d1-434b-926d-6da6886485de None None] Loading extension file: dhcpagentscheduler.py {{(pid=104969) _load_all_extensions_from_path /opt/stack/neutron/neutron/api/extensions.py:449}}
Apr 11 03:07:28.032418 np0000164983 devstack@neutron-api.service[104967]: INFO neutron.plugins.ml2.managers [None req-6189edbb-0d8c-4816-aae9-cff53fc9705d None None] Initializing mechanism driver 'ovn'
Apr 11 03:07:28.032446 np0000164983 devstack@neutron-api.service[104968]: INFO neutron.api.extensions [None req-191de8f0-aee0-4800-a11c-ebf94b382e21 None None] Loaded extension: l3-flavors
Apr 11 03:07:28.032470 np0000164983 devstack@neutron-api.service[104967]: INFO neutron.plugins.ml2.drivers.ovn.mech_driver.mech_driver [None req-6189edbb-0d8c-4816-aae9-cff53fc9705d None None] Starting OVNMechanismDriver
Apr 11 03:07:28.032494 np0000164983 devstack@neutron-api.service[104968]: DEBUG neutron.api.extensions [None req-191de8f0-aee0-4800-a11c-ebf94b382e21 None None] Loading extension file: l3_ndp_proxy.py {{(pid=104968) _load_all_extensions_from_path /opt/stack/neutron/neutron/api/extensions.py:449}}
Apr 11 03:07:28.032663 np0000164983 devstack@neutron-api.service[104969]: DEBUG neutron.api.extensions [None req-a42bfb61-74d1-434b-926d-6da6886485de None None] Ext name="DHCP Agent Scheduler" alias="dhcp_agent_scheduler" description="Schedule networks among dhcp agents" updated="2013-02-07T10:00:00-00:00" {{(pid=104969) _check_extension /opt/stack/neutron/neutron/api/extensions.py:415}}
Apr 11 03:07:28.032731 np0000164983 devstack@neutron-api.service[104968]: DEBUG neutron.api.extensions [None req-191de8f0-aee0-4800-a11c-ebf94b382e21 None None] Ext name="name" alias="l3-ndp-proxy" description="description" updated="2021-06-29T10:00:00-00:00" {{(pid=104968) _check_extension /opt/stack/neutron/neutron/api/extensions.py:415}}
Apr 11 03:07:28.032839 np0000164983 devstack@neutron-api.service[104969]: INFO neutron.api.extensions [None req-a42bfb61-74d1-434b-926d-6da6886485de None None] Loaded extension: dhcp_agent_scheduler
Apr 11 03:07:28.032903 np0000164983 devstack@neutron-api.service[104968]: INFO neutron.api.extensions [None req-191de8f0-aee0-4800-a11c-ebf94b382e21 None None] Extension l3-ndp-proxy not supported by any of loaded plugins
Apr 11 03:07:28.032930 np0000164983 devstack@neutron-api.service[104969]: DEBUG neutron.api.extensions [None req-a42bfb61-74d1-434b-926d-6da6886485de None None] Loading extension file: dns.py {{(pid=104969) _load_all_extensions_from_path /opt/stack/neutron/neutron/api/extensions.py:449}}
Apr 11 03:07:28.032994 np0000164983 devstack@neutron-api.service[104968]: DEBUG neutron.api.extensions [None req-191de8f0-aee0-4800-a11c-ebf94b382e21 None None] Loading extension file: l3_port_ip_change_not_allowed.py {{(pid=104968) _load_all_extensions_from_path /opt/stack/neutron/neutron/api/extensions.py:449}}
Apr 11 03:07:28.033184 np0000164983 devstack@neutron-api.service[104969]: DEBUG neutron.api.extensions [None req-a42bfb61-74d1-434b-926d-6da6886485de None None] Ext name="DNS Integration" alias="dns-integration" description="Provides integration with DNS." updated="2015-08-15T18:00:00-00:00" {{(pid=104969) _check_extension /opt/stack/neutron/neutron/api/extensions.py:415}}
Apr 11 03:07:28.033243 np0000164983 devstack@neutron-api.service[104968]: DEBUG neutron.api.extensions [None req-191de8f0-aee0-4800-a11c-ebf94b382e21 None None] Ext name="Prevent L3 router ports IP address change extension" alias="l3-port-ip-change-not-allowed" description="Prevent change of IP address for some L3 router ports" updated="2018-10-09T10:00:00-00:00" {{(pid=104968) _check_extension /opt/stack/neutron/neutron/api/extensions.py:415}}
Apr 11 03:07:28.033362 np0000164983 devstack@neutron-api.service[104969]: INFO neutron.api.extensions [None req-a42bfb61-74d1-434b-926d-6da6886485de None None] Loaded extension: dns-integration
Apr 11 03:07:28.033412 np0000164983 devstack@neutron-api.service[104968]: INFO neutron.api.extensions [None req-191de8f0-aee0-4800-a11c-ebf94b382e21 None None] Extension l3-port-ip-change-not-allowed not supported by any of loaded plugins
Apr 11 03:07:28.033482 np0000164983 devstack@neutron-api.service[104969]: DEBUG neutron.api.extensions [None req-a42bfb61-74d1-434b-926d-6da6886485de None None] Loading extension file: dns_domain_ports.py {{(pid=104969) _load_all_extensions_from_path /opt/stack/neutron/neutron/api/extensions.py:449}}
Apr 11 03:07:28.033518 np0000164983 devstack@neutron-api.service[104968]: DEBUG neutron.api.extensions [None req-191de8f0-aee0-4800-a11c-ebf94b382e21 None None] Loading extension file: l3agentscheduler.py {{(pid=104968) _load_all_extensions_from_path /opt/stack/neutron/neutron/api/extensions.py:449}}
Apr 11 03:07:28.033730 np0000164983 devstack@neutron-api.service[104969]: DEBUG neutron.api.extensions [None req-a42bfb61-74d1-434b-926d-6da6886485de None None] Ext name="dns_domain for ports" alias="dns-domain-ports" description="Allows the DNS domain to be specified for a network port." updated="2017-04-24T10:00:00-00:00" {{(pid=104969) _check_extension /opt/stack/neutron/neutron/api/extensions.py:415}}
Apr 11 03:07:28.033903 np0000164983 devstack@neutron-api.service[104969]: INFO neutron.api.extensions [None req-a42bfb61-74d1-434b-926d-6da6886485de None None] Loaded extension: dns-domain-ports
Apr 11 03:07:28.033993 np0000164983 devstack@neutron-api.service[104969]: DEBUG neutron.api.extensions [None req-a42bfb61-74d1-434b-926d-6da6886485de None None] Loading extension file: dns_integration_domain_keywords.py {{(pid=104969) _load_all_extensions_from_path /opt/stack/neutron/neutron/api/extensions.py:449}}
Apr 11 03:07:28.034116 np0000164983 devstack@neutron-api.service[104968]: DEBUG neutron.api.extensions [None req-191de8f0-aee0-4800-a11c-ebf94b382e21 None None] Ext name="L3 Agent Scheduler" alias="l3_agent_scheduler" description="Schedule routers among l3 agents" updated="2013-02-07T10:00:00-00:00" {{(pid=104968) _check_extension /opt/stack/neutron/neutron/api/extensions.py:415}}
Apr 11 03:07:28.034251 np0000164983 devstack@neutron-api.service[104969]: DEBUG neutron.api.extensions [None req-a42bfb61-74d1-434b-926d-6da6886485de None None] Ext name="DNS domain names with keywords allowed" alias="dns-integration-domain-keywords" description="Allows to use keywords like , , and as DNS domain name" updated="2020-06-15T18:00:00-00:00" {{(pid=104969) _check_extension /opt/stack/neutron/neutron/api/extensions.py:415}}
Apr 11 03:07:28.034288 np0000164983 devstack@neutron-api.service[104968]: INFO neutron.api.extensions [None req-191de8f0-aee0-4800-a11c-ebf94b382e21 None None] Extension l3_agent_scheduler not supported by any of loaded plugins
Apr 11 03:07:28.034361 np0000164983 devstack@neutron-api.service[104967]: DEBUG neutron_lib.callbacks.manager [None req-6189edbb-0d8c-4816-aae9-cff53fc9705d None None] Subscribe: > process before_spawn 55550000, False {{(pid=104967) subscribe /opt/stack/data/venv/lib/python3.12/site-packages/neutron_lib/callbacks/manager.py:52}}
Apr 11 03:07:28.034461 np0000164983 devstack@neutron-api.service[104968]: DEBUG neutron.api.extensions [None req-191de8f0-aee0-4800-a11c-ebf94b382e21 None None] Loading extension file: local_ip.py {{(pid=104968) _load_all_extensions_from_path /opt/stack/neutron/neutron/api/extensions.py:449}}
Apr 11 03:07:28.034489 np0000164983 devstack@neutron-api.service[104969]: INFO neutron.api.extensions [None req-a42bfb61-74d1-434b-926d-6da6886485de None None] Loaded extension: dns-integration-domain-keywords
Apr 11 03:07:28.034514 np0000164983 devstack@neutron-api.service[104967]: DEBUG neutron_lib.callbacks.manager [None req-6189edbb-0d8c-4816-aae9-cff53fc9705d None None] Subscribe: > process after_init 55550000, True {{(pid=104967) subscribe /opt/stack/data/venv/lib/python3.12/site-packages/neutron_lib/callbacks/manager.py:52}}
