+ COMMAND=start + start + for KEYSTONE_WSGI_SCRIPT in keystone-wsgi-public ++ type -p keystone-wsgi-public + cp -a /var/lib/openstack/bin/keystone-wsgi-public /var/www/cgi-bin/keystone/ + '[' -f /etc/apache2/envvars ']' + source /etc/apache2/envvars ++ unset HOME ++ '[' '' '!=' '' ']' ++ SUFFIX= ++ export APACHE_RUN_USER=www-data ++ APACHE_RUN_USER=www-data ++ export APACHE_RUN_GROUP=www-data ++ APACHE_RUN_GROUP=www-data ++ export APACHE_PID_FILE=/var/run/apache2/apache2.pid ++ APACHE_PID_FILE=/var/run/apache2/apache2.pid ++ export APACHE_RUN_DIR=/var/run/apache2 ++ APACHE_RUN_DIR=/var/run/apache2 ++ export APACHE_LOCK_DIR=/var/lock/apache2 ++ APACHE_LOCK_DIR=/var/lock/apache2 ++ export APACHE_LOG_DIR=/var/log/apache2 ++ APACHE_LOG_DIR=/var/log/apache2 ++ export LANG=C ++ LANG=C ++ export LANG + '[' -f /var/run/apache2/apache2.pid ']' + exec apache2 -DFOREGROUND AH00558: apache2: Could not reliably determine the server's fully qualified domain name, using 10.0.0.194. Set the 'ServerName' directive globally to suppress this message AH00558: apache2: Could not reliably determine the server's fully qualified domain name, using 10.0.0.194. Set the 'ServerName' directive globally to suppress this message
[Mon Jun 15 19:26:30.229400 2026] [mpm_event:notice] [pid 1:tid 140340367390592] AH00489: Apache/2.4.58 (Ubuntu) mod_wsgi/5.0.0 Python/3.12 configured -- resuming normal operations
[Mon Jun 15 19:26:30.229550 2026] [core:notice] [pid 1:tid 140340367390592] AH00094: Command line: 'apache2 -D FOREGROUND'
[Mon Jun 15 19:27:33.389076 2026] [wsgi:error] [pid 9:tid 140339730618048] /var/lib/openstack/lib/python3.12/site-packages/oslo_utils/importutils.py:77: EventletDeprecationWarning:
[Mon Jun 15 19:27:33.389135 2026] [wsgi:error] [pid 9:tid 140339730618048] Eventlet is deprecated. It is currently being maintained in bugfix mode, and
[Mon Jun 15 19:27:33.389137 2026] [wsgi:error] [pid 9:tid 140339730618048] we strongly recommend against using it for new projects.
[Mon Jun 15 19:27:33.389138 2026] [wsgi:error] [pid 9:tid 140339730618048]
[Mon Jun 15 19:27:33.389140 2026] [wsgi:error] [pid 9:tid 140339730618048] If you are already using Eventlet, we recommend migrating to a different
[Mon Jun 15 19:27:33.389141 2026] [wsgi:error] [pid 9:tid 140339730618048] framework. For more detail see
[Mon Jun 15 19:27:33.389142 2026] [wsgi:error] [pid 9:tid 140339730618048] https://eventlet.readthedocs.io/en/latest/asyncio/migration.html
[Mon Jun 15 19:27:33.389144 2026] [wsgi:error] [pid 9:tid 140339730618048]
[Mon Jun 15 19:27:33.389145 2026] [wsgi:error] [pid 9:tid 140339730618048] __import__(import_str)
[Mon Jun 15 19:27:33.472225 2026] [wsgi:error] [pid 12:tid 140339730618048] /var/lib/openstack/lib/python3.12/site-packages/oslo_utils/importutils.py:77: EventletDeprecationWarning:
[Mon Jun 15 19:27:33.472288 2026] [wsgi:error] [pid 12:tid 140339730618048] Eventlet is deprecated. It is currently being maintained in bugfix mode, and
[Mon Jun 15 19:27:33.472290 2026] [wsgi:error] [pid 12:tid 140339730618048] we strongly recommend against using it for new projects.
[Mon Jun 15 19:27:33.472291 2026] [wsgi:error] [pid 12:tid 140339730618048]
[Mon Jun 15 19:27:33.472292 2026] [wsgi:error] [pid 12:tid 140339730618048] If you are already using Eventlet, we recommend migrating to a different
[Mon Jun 15 19:27:33.472294 2026] [wsgi:error] [pid 12:tid 140339730618048] framework. For more detail see
[Mon Jun 15 19:27:33.472295 2026] [wsgi:error] [pid 12:tid 140339730618048] https://eventlet.readthedocs.io/en/latest/asyncio/migration.html
[Mon Jun 15 19:27:33.472296 2026] [wsgi:error] [pid 12:tid 140339730618048]
[Mon Jun 15 19:27:33.472297 2026] [wsgi:error] [pid 12:tid 140339730618048] __import__(import_str) 10.0.0.42 - - [15/Jun/2026:19:27:32 +0000] "GET /v3/ HTTP/1.1" 200 250 10.0.0.42 - - [15/Jun/2026:19:27:32 +0000] "GET /v3/ HTTP/1.1" 200 250
[Mon Jun 15 19:27:46.080927 2026] [wsgi:error] [pid 10:tid 140339730618048] /var/lib/openstack/lib/python3.12/site-packages/oslo_utils/importutils.py:77: EventletDeprecationWarning:
[Mon Jun 15 19:27:46.080967 2026] [wsgi:error] [pid 10:tid 140339730618048] Eventlet is deprecated. It is currently being maintained in bugfix mode, and
[Mon Jun 15 19:27:46.080969 2026] [wsgi:error] [pid 10:tid 140339730618048] we strongly recommend against using it for new projects.
[Mon Jun 15 19:27:46.080970 2026] [wsgi:error] [pid 10:tid 140339730618048]
[Mon Jun 15 19:27:46.080972 2026] [wsgi:error] [pid 10:tid 140339730618048] If you are already using Eventlet, we recommend migrating to a different
[Mon Jun 15 19:27:46.080973 2026] [wsgi:error] [pid 10:tid 140339730618048] framework. For more detail see
[Mon Jun 15 19:27:46.080974 2026] [wsgi:error] [pid 10:tid 140339730618048] https://eventlet.readthedocs.io/en/latest/asyncio/migration.html
[Mon Jun 15 19:27:46.080975 2026] [wsgi:error] [pid 10:tid 140339730618048]
[Mon Jun 15 19:27:46.080976 2026] [wsgi:error] [pid 10:tid 140339730618048] __import__(import_str) 10.0.0.49 - - [15/Jun/2026:19:27:45 +0000] "GET / HTTP/1.1" 300 295
[Mon Jun 15 19:27:51.394945 2026] [wsgi:error] [pid 11:tid 140339730618048] /var/lib/openstack/lib/python3.12/site-packages/oslo_utils/importutils.py:77: EventletDeprecationWarning:
[Mon Jun 15 19:27:51.394985 2026] [wsgi:error] [pid 11:tid 140339730618048] Eventlet is deprecated. It is currently being maintained in bugfix mode, and
[Mon Jun 15 19:27:51.394986 2026] [wsgi:error] [pid 11:tid 140339730618048] we strongly recommend against using it for new projects.
[Mon Jun 15 19:27:51.394987 2026] [wsgi:error] [pid 11:tid 140339730618048]
[Mon Jun 15 19:27:51.394989 2026] [wsgi:error] [pid 11:tid 140339730618048] If you are already using Eventlet, we recommend migrating to a different
[Mon Jun 15 19:27:51.394990 2026] [wsgi:error] [pid 11:tid 140339730618048] framework. For more detail see
[Mon Jun 15 19:27:51.394991 2026] [wsgi:error] [pid 11:tid 140339730618048] https://eventlet.readthedocs.io/en/latest/asyncio/migration.html
[Mon Jun 15 19:27:51.394992 2026] [wsgi:error] [pid 11:tid 140339730618048]
[Mon Jun 15 19:27:51.394993 2026] [wsgi:error] [pid 11:tid 140339730618048] __import__(import_str)
[Mon Jun 15 19:27:56.122458 2026] [wsgi:error] [pid 11:tid 140339730618048] [remote 10.0.0.49:47178] 2026-06-15 19:27:56.117 11 WARNING keystone.identity.core [None req-7b986a4d-02a3-4ab4-a5b5-8c0d1b0d103d - - - - - -] Invalid domain name (atmosphere) found in config file name: keystone.exception.DomainNotFound: Could not find domain: atmosphere.
[Mon Jun 15 19:27:56.184589 2026] [wsgi:error] [pid 11:tid 140339730618048] [remote 10.0.0.49:47178] 2026-06-15 19:27:56.184 11 WARNING keystone.common.password_hashing [None req-7b986a4d-02a3-4ab4-a5b5-8c0d1b0d103d - - - - - -] Truncating password to algorithm specific maximum length 72 characters.
[Mon Jun 15 19:27:56.478759 2026] [wsgi:error] [pid 11:tid 140339730618048] [remote 10.0.0.49:47178] 2026-06-15 19:27:56.478 11 WARNING keystone.common.fernet_utils [None req-7b986a4d-02a3-4ab4-a5b5-8c0d1b0d103d - - - - - -] key_repository is world readable: /etc/keystone/fernet-keys/ 10.0.0.49 - - [15/Jun/2026:19:27:50 +0000] "POST /v3/auth/tokens HTTP/1.1" 201 1360
[Mon Jun 15 19:27:56.897459 2026] [wsgi:error] [pid 9:tid 140339730618048] [remote 10.0.0.49:47178] 2026-06-15 19:27:56.891 9 WARNING keystone.identity.core [None req-ecc865a1-2911-4c13-b995-dcdc37b574ef - - - - - -] Invalid domain name (atmosphere) found in config file name: keystone.exception.DomainNotFound: Could not find domain: atmosphere. 10.0.0.49 - - [15/Jun/2026:19:27:56 +0000] "POST /v3/domains HTTP/1.1" 201 261 10.0.0.155 - - [15/Jun/2026:19:28:09 +0000] "GET / HTTP/1.1" 300 295
[Mon Jun 15 19:28:09.904547 2026] [wsgi:error] [pid 10:tid 140339730618048] [remote 10.0.0.155:36112] 2026-06-15 19:28:09.903 10 WARNING keystone.common.password_hashing [None req-03661381-639f-4d30-9e9e-87c2244871fd - - - - - -] Truncating password to algorithm specific maximum length 72 characters.
[Mon Jun 15 19:28:10.198774 2026] [wsgi:error] [pid 10:tid 140339730618048] [remote 10.0.0.155:36112] 2026-06-15 19:28:10.198 10 WARNING keystone.common.fernet_utils [None req-03661381-639f-4d30-9e9e-87c2244871fd - - - - - -] key_repository is world readable: /etc/keystone/fernet-keys/ 10.0.0.155 - - [15/Jun/2026:19:28:09 +0000] "POST /v3/auth/tokens HTTP/1.1" 201 1360 10.0.0.155 - - [15/Jun/2026:19:28:10 +0000] "GET /v3/roles/admin HTTP/1.1" 404 83
[Mon Jun 15 19:28:10.476188 2026] [wsgi:error] [pid 9:tid 140339730618048] [remote 10.0.0.155:36112] 2026-06-15 19:28:10.475 9 WARNING keystone.common.rbac_enforcer.enforcer [None req-dc51a9c4-74c8-4141-9b03-5845b2c78a18 3d8839b4afe041b5b18e37c99e7981ea f5eaafe9912547219dedf8ceb12fae73 - - default default] Deprecated policy rules found. Use oslopolicy-policy-generator and oslopolicy-policy-upgrade to detect and resolve deprecated policies in your configuration. 10.0.0.155 - - [15/Jun/2026:19:28:10 +0000] "GET /v3/roles?name=admin HTTP/1.1" 200 389
[Mon Jun 15 19:28:10.984000 2026] [wsgi:error] [pid 12:tid 140339730618048] [remote 10.0.0.155:36112] 2026-06-15 19:28:10.983 12 WARNING keystone.common.rbac_enforcer.enforcer [None req-44aa4c3c-e0f0-477e-b7ab-fb3e7798d505 3d8839b4afe041b5b18e37c99e7981ea f5eaafe9912547219dedf8ceb12fae73 - - default default] Deprecated policy rules found. Use oslopolicy-policy-generator and oslopolicy-policy-upgrade to detect and resolve deprecated policies in your configuration. 10.0.0.155 - - [15/Jun/2026:19:28:10 +0000] "GET /v3/users/admin-RegionOne HTTP/1.1" 404 93
[Mon Jun 15 19:28:11.135638 2026] [wsgi:error] [pid 10:tid 140339730618048] [remote 10.0.0.155:36112] 2026-06-15 19:28:11.135 10 WARNING keystone.common.rbac_enforcer.enforcer [None req-4ef05b6b-4c25-47e3-934c-ef2dee3ad81f 3d8839b4afe041b5b18e37c99e7981ea f5eaafe9912547219dedf8ceb12fae73 - - default default] Deprecated policy rules found. Use oslopolicy-policy-generator and oslopolicy-policy-upgrade to detect and resolve deprecated policies in your configuration. 10.0.0.155 - - [15/Jun/2026:19:28:10 +0000] "GET /v3/users?name=admin-RegionOne HTTP/1.1" 200 422
[Mon Jun 15 19:28:11.305502 2026] [wsgi:error] [pid 11:tid 140339730618048] [remote 10.0.0.155:36112] 2026-06-15 19:28:11.305 11 WARNING keystone.common.rbac_enforcer.enforcer [None req-afc2c9d0-b4e5-4dcd-8bac-b29571167f3f 3d8839b4afe041b5b18e37c99e7981ea f5eaafe9912547219dedf8ceb12fae73 - - default default] Deprecated policy rules found. Use oslopolicy-policy-generator and oslopolicy-policy-upgrade to detect and resolve deprecated policies in your configuration. 10.0.0.155 - - [15/Jun/2026:19:28:11 +0000] "GET /v3/domains/default HTTP/1.1" 200 224 10.0.0.155 - - [15/Jun/2026:19:28:11 +0000] "PUT /v3/domains/default/users/3d8839b4afe041b5b18e37c99e7981ea/roles/f9a2553d22a845879dce17f470a8fe8e HTTP/1.1" 204 - 10.0.0.42 - - [15/Jun/2026:19:28:20 +0000] "GET / HTTP/1.1" 300 281 10.0.0.42 - - [15/Jun/2026:19:28:22 +0000] "GET /v3 HTTP/1.1" 200 266
[Mon Jun 15 19:28:22.383468 2026] [wsgi:error] [pid 11:tid 140339730618048] [remote 10.0.0.42:40906] 2026-06-15 19:28:22.383 11 WARNING keystone.common.password_hashing [None req-50d2af57-49d2-42b0-bc60-747dbd054a54 - - - - - -] Truncating password to algorithm specific maximum length 72 characters.
[Mon Jun 15 19:28:22.669646 2026] [wsgi:error] [pid 11:tid 140339730618048] [remote 10.0.0.42:40906] 2026-06-15 19:28:22.669 11 WARNING keystone.common.fernet_utils [None req-50d2af57-49d2-42b0-bc60-747dbd054a54 - - - - - -] key_repository is world readable: /etc/keystone/fernet-keys/ 10.0.0.42 - - [15/Jun/2026:19:28:22 +0000] "POST /v3/auth/tokens HTTP/1.1" 201 1360 10.0.0.42 - - [15/Jun/2026:19:28:22 +0000] "GET / HTTP/1.1" 300 281 10.0.0.42 - - [15/Jun/2026:19:28:22 +0000] "GET /v3/domains/atmosphere HTTP/1.1" 404 90 10.0.0.42 - - [15/Jun/2026:19:28:22 +0000] "GET /v3/domains?name=atmosphere HTTP/1.1" 200 370 10.0.0.42 - - [15/Jun/2026:19:28:22 +0000] "GET /v3/domains/757fac9206ec462c8c4996ff572673b8 HTTP/1.1" 200 247 10.0.0.42 - - [15/Jun/2026:19:28:23 +0000] "GET /v3 HTTP/1.1" 200 266
[Mon Jun 15 19:28:23.804025 2026] [wsgi:error] [pid 12:tid 140339730618048] [remote 10.0.0.42:40900] 2026-06-15 19:28:23.803 12 WARNING keystone.common.password_hashing [None req-8949b797-076a-4842-97b3-c61701360dac - - - - - -] Truncating password to algorithm specific maximum length 72 characters.
[Mon Jun 15 19:28:24.076842 2026] [wsgi:error] [pid 12:tid 140339730618048] [remote 10.0.0.42:40900] 2026-06-15 19:28:24.076 12 WARNING keystone.common.fernet_utils [None req-8949b797-076a-4842-97b3-c61701360dac - - - - - -] key_repository is world readable: /etc/keystone/fernet-keys/ 10.0.0.42 - - [15/Jun/2026:19:28:23 +0000] "POST /v3/auth/tokens HTTP/1.1" 201 1360 10.0.0.42 - - [15/Jun/2026:19:28:24 +0000] "GET / HTTP/1.1" 300 281 10.0.0.42 - - [15/Jun/2026:19:28:24 +0000] "GET /v3/OS-FEDERATION/identity_providers/atmosphere HTTP/1.1" 404 101 10.0.0.42 - - [15/Jun/2026:19:28:24 +0000] "GET /v3/OS-FEDERATION/identity_providers HTTP/1.1" 200 156 10.0.0.42 - - [15/Jun/2026:19:28:24 +0000] "PUT /v3/OS-FEDERATION/identity_providers/atmosphere HTTP/1.1" 201 342 10.0.0.42 - - [15/Jun/2026:19:28:24 +0000] "GET /v3 HTTP/1.1" 200 266
[Mon Jun 15 19:28:24.932636 2026] [wsgi:error] [pid 11:tid 140339730618048] [remote 10.0.0.42:40906] 2026-06-15 19:28:24.932 11 WARNING keystone.common.password_hashing [None req-64891bd7-6c00-4f71-a6a4-958802c0a7f9 - - - - - -] Truncating password to algorithm specific maximum length 72 characters.
[Mon Jun 15 19:28:25.205507 2026] [wsgi:error] [pid 11:tid 140339730618048] [remote 10.0.0.42:40906] 2026-06-15 19:28:25.205 11 WARNING keystone.common.fernet_utils [None req-64891bd7-6c00-4f71-a6a4-958802c0a7f9 - - - - - -] key_repository is world readable: /etc/keystone/fernet-keys/ 10.0.0.42 - - [15/Jun/2026:19:28:24 +0000] "POST /v3/auth/tokens HTTP/1.1" 201 1360 10.0.0.42 - - [15/Jun/2026:19:28:25 +0000] "GET / HTTP/1.1" 300 281 10.0.0.42 - - [15/Jun/2026:19:28:25 +0000] "GET /v3/OS-FEDERATION/mappings/atmosphere-openid HTTP/1.1" 404 98 10.0.0.42 - - [15/Jun/2026:19:28:25 +0000] "GET /v3/OS-FEDERATION/mappings HTTP/1.1" 200 136 10.0.0.42 - - [15/Jun/2026:19:28:25 +0000] "PUT /v3/OS-FEDERATION/mappings/atmosphere-openid HTTP/1.1" 201 357 10.0.0.42 - - [15/Jun/2026:19:28:26 +0000] "GET /v3 HTTP/1.1" 200 266
[Mon Jun 15 19:28:26.051040 2026] [wsgi:error] [pid 12:tid 140339730618048] [remote 10.0.0.42:40906] 2026-06-15 19:28:26.050 12 WARNING keystone.common.password_hashing [None req-39efea37-543d-419f-997b-ecec3ee83482 - - - - - -] Truncating password to algorithm specific maximum length 72 characters.
[Mon Jun 15 19:28:26.328200 2026] [wsgi:error] [pid 12:tid 140339730618048] [remote 10.0.0.42:40906] 2026-06-15 19:28:26.328 12 WARNING keystone.common.fernet_utils [None req-39efea37-543d-419f-997b-ecec3ee83482 - - - - - -] key_repository is world readable: /etc/keystone/fernet-keys/ 10.0.0.42 - - [15/Jun/2026:19:28:26 +0000] "POST /v3/auth/tokens HTTP/1.1" 201 1360 10.0.0.42 - - [15/Jun/2026:19:28:26 +0000] "GET / HTTP/1.1" 300 281 10.0.0.42 - - [15/Jun/2026:19:28:26 +0000] "GET /v3/OS-FEDERATION/identity_providers/atmosphere/protocols/openid?idp_id=atmosphere HTTP/1.1" 404 131 10.0.0.42 - - [15/Jun/2026:19:28:26 +0000] "GET /v3/OS-FEDERATION/identity_providers/atmosphere/protocols HTTP/1.1" 200 168 10.0.0.42 - - [15/Jun/2026:19:28:26 +0000] "PUT /v3/OS-FEDERATION/identity_providers/atmosphere/protocols/openid HTTP/1.1" 201 224 10.0.0.42 - - [15/Jun/2026:19:28:32 +0000] "GET /v3/ HTTP/1.1" 200 250 10.0.0.42 - - [15/Jun/2026:19:28:32 +0000] "GET /v3/ HTTP/1.1" 200 250 10.0.0.42 - - [15/Jun/2026:19:29:32 +0000] "GET /v3/ HTTP/1.1" 200 250 10.0.0.42 - - [15/Jun/2026:19:29:32 +0000] "GET /v3/ HTTP/1.1" 200 250 10.0.0.174 - - [15/Jun/2026:19:29:48 +0000] "GET / HTTP/1.1" 300 295
[Mon Jun 15 19:29:48.194394 2026] [wsgi:error] [pid 11:tid 140339730618048] [remote 10.0.0.174:45004] 2026-06-15 19:29:48.194 11 WARNING keystone.common.password_hashing [None req-cf129226-3a6d-4e5f-87ae-e0fc52b85d16 - - - - - -] Truncating password to algorithm specific maximum length 72 characters.
[Mon Jun 15 19:29:48.472287 2026] [wsgi:error] [pid 11:tid 140339730618048] [remote 10.0.0.174:45004] 2026-06-15 19:29:48.472 11 WARNING keystone.common.fernet_utils [None req-cf129226-3a6d-4e5f-87ae-e0fc52b85d16 - - - - - -] key_repository is world readable: /etc/keystone/fernet-keys/ 10.0.0.174 - - [15/Jun/2026:19:29:48 +0000] "POST /v3/auth/tokens HTTP/1.1" 201 1360 10.0.0.174 - - [15/Jun/2026:19:29:48 +0000] "GET /v3/services HTTP/1.1" 200 355 10.0.0.174 - - [15/Jun/2026:19:29:51 +0000] "GET / HTTP/1.1" 300 295
[Mon Jun 15 19:29:52.014766 2026] [wsgi:error] [pid 10:tid 140339730618048] [remote 10.0.0.174:45018] 2026-06-15 19:29:52.014 10 WARNING keystone.common.password_hashing [None req-58fa146b-8c4a-4d6b-8e8b-d5f45a0b8eff - - - - - -] Truncating password to algorithm specific maximum length 72 characters.
[Mon Jun 15 19:29:52.290828 2026] [wsgi:error] [pid 10:tid 140339730618048] [remote 10.0.0.174:45018] 2026-06-15 19:29:52.290 10 WARNING keystone.common.fernet_utils [None req-58fa146b-8c4a-4d6b-8e8b-d5f45a0b8eff - - - - - -] key_repository is world readable: /etc/keystone/fernet-keys/ 10.0.0.174 - - [15/Jun/2026:19:29:51 +0000] "POST /v3/auth/tokens HTTP/1.1" 201 1360 10.0.0.174 - - [15/Jun/2026:19:29:52 +0000] "GET /v3/services HTTP/1.1" 200 355 10.0.0.174 - - [15/Jun/2026:19:29:55 +0000] "GET / HTTP/1.1" 300 295
[Mon Jun 15 19:29:55.868690 2026] [wsgi:error] [pid 9:tid 140339730618048] [remote 10.0.0.174:51162] 2026-06-15 19:29:55.868 9 WARNING keystone.common.password_hashing [None req-d153761d-c38e-4b20-b683-e7dfd07dd7ad - - - - - -] Truncating password to algorithm specific maximum length 72 characters.
[Mon Jun 15 19:29:56.144755 2026] [wsgi:error] [pid 9:tid 140339730618048] [remote 10.0.0.174:51162] 2026-06-15 19:29:56.144 9 WARNING keystone.common.fernet_utils [None req-d153761d-c38e-4b20-b683-e7dfd07dd7ad - - - - - -] key_repository is world readable: /etc/keystone/fernet-keys/ 10.0.0.174 - - [15/Jun/2026:19:29:55 +0000] "POST /v3/auth/tokens HTTP/1.1" 201 1360 10.0.0.174 - - [15/Jun/2026:19:29:56 +0000] "GET /v3/services HTTP/1.1" 200 355 10.0.0.174 - - [15/Jun/2026:19:29:59 +0000] "GET / HTTP/1.1" 300 295
[Mon Jun 15 19:29:59.593434 2026] [wsgi:error] [pid 12:tid 140339730618048] [remote 10.0.0.174:51178] 2026-06-15 19:29:59.593 12 WARNING keystone.common.password_hashing [None req-33f4ae19-6496-46f9-b519-0417857b957b - - - - - -] Truncating password to algorithm specific maximum length 72 characters.
[Mon Jun 15 19:29:59.875142 2026] [wsgi:error] [pid 12:tid 140339730618048] [remote 10.0.0.174:51178] 2026-06-15 19:29:59.875 12 WARNING keystone.common.fernet_utils [None req-33f4ae19-6496-46f9-b519-0417857b957b - - - - - -] key_repository is world readable: /etc/keystone/fernet-keys/ 10.0.0.174 - - [15/Jun/2026:19:29:59 +0000] "POST /v3/auth/tokens HTTP/1.1" 201 1360 10.0.0.174 - - [15/Jun/2026:19:29:59 +0000] "POST /v3/services HTTP/1.1" 201 296 10.0.0.103 - - [15/Jun/2026:19:30:10 +0000] "GET / HTTP/1.1" 300 295
[Mon Jun 15 19:30:10.513124 2026] [wsgi:error] [pid 11:tid 140339730618048] [remote 10.0.0.103:60878] 2026-06-15 19:30:10.512 11 WARNING keystone.common.password_hashing [None req-d0d582dd-3cdc-416d-a3ac-a01d701be1fd - - - - - -] Truncating password to algorithm specific maximum length 72 characters. 10.0.0.103 - - [15/Jun/2026:19:30:10 +0000] "GET / HTTP/1.1" 300 295
[Mon Jun 15 19:30:10.714754 2026] [wsgi:error] [pid 9:tid 140339730618048] [remote 10.0.0.103:60886] 2026-06-15 19:30:10.714 9 WARNING keystone.common.password_hashing [None req-a60bffc2-7b0a-4e60-8fa6-f20ac683bc27 - - - - - -] Truncating password to algorithm specific maximum length 72 characters. 10.0.0.103 - - [15/Jun/2026:19:30:10 +0000] "GET / HTTP/1.1" 300 295
[Mon Jun 15 19:30:10.756066 2026] [wsgi:error] [pid 10:tid 140339730618048] [remote 10.0.0.103:60902] 2026-06-15 19:30:10.755 10 WARNING keystone.common.password_hashing [None req-66cf4b31-92ba-4820-8e98-d05f430a738e - - - - - -] Truncating password to algorithm specific maximum length 72 characters.
[Mon Jun 15 19:30:10.792672 2026] [wsgi:error] [pid 11:tid 140339730618048] [remote 10.0.0.103:60878] 2026-06-15 19:30:10.792 11 WARNING keystone.common.fernet_utils [None req-d0d582dd-3cdc-416d-a3ac-a01d701be1fd - - - - - -] key_repository is world readable: /etc/keystone/fernet-keys/ 10.0.0.103 - - [15/Jun/2026:19:30:10 +0000] "POST /v3/auth/tokens HTTP/1.1" 201 1464 10.0.0.103 - - [15/Jun/2026:19:30:10 +0000] "GET /v3/services HTTP/1.1" 200 639
[Mon Jun 15 19:30:10.993236 2026] [wsgi:error] [pid 9:tid 140339730618048] [remote 10.0.0.103:60886] 2026-06-15 19:30:10.993 9 WARNING keystone.common.fernet_utils [None req-a60bffc2-7b0a-4e60-8fa6-f20ac683bc27 - - - - - -] key_repository is world readable: /etc/keystone/fernet-keys/ 10.0.0.103 - - [15/Jun/2026:19:30:10 +0000] "POST /v3/auth/tokens HTTP/1.1" 201 1464
[Mon Jun 15 19:30:11.039554 2026] [wsgi:error] [pid 10:tid 140339730618048] [remote 10.0.0.103:60902] 2026-06-15 19:30:11.039 10 WARNING keystone.common.fernet_utils [None req-66cf4b31-92ba-4820-8e98-d05f430a738e - - - - - -] key_repository is world readable: /etc/keystone/fernet-keys/ 10.0.0.103 - - [15/Jun/2026:19:30:10 +0000] "POST /v3/auth/tokens HTTP/1.1" 201 1464 10.0.0.103 - - [15/Jun/2026:19:30:11 +0000] "GET /v3/services HTTP/1.1" 200 639 10.0.0.103 - - [15/Jun/2026:19:30:11 +0000] "GET /v3/services HTTP/1.1" 200 639 10.0.0.103 - - [15/Jun/2026:19:30:12 +0000] "GET / HTTP/1.1" 300 295
[Mon Jun 15 19:30:12.362253 2026] [wsgi:error] [pid 10:tid 140339730618048] [remote 10.0.0.103:60910] 2026-06-15 19:30:12.362 10 WARNING keystone.common.password_hashing [None req-a5619b69-0da6-44b9-9fec-db2a19ffc789 - - - - - -] Truncating password to algorithm specific maximum length 72 characters. 10.0.0.103 - - [15/Jun/2026:19:30:12 +0000] "GET / HTTP/1.1" 300 295
[Mon Jun 15 19:30:12.532032 2026] [wsgi:error] [pid 12:tid 140339730618048] [remote 10.0.0.103:60926] 2026-06-15 19:30:12.531 12 WARNING keystone.common.password_hashing [None req-0d501028-d902-4ffc-8ab0-7de814b2aaee - - - - - -] Truncating password to algorithm specific maximum length 72 characters. 10.0.0.103 - - [15/Jun/2026:19:30:12 +0000] "GET / HTTP/1.1" 300 295
[Mon Jun 15 19:30:12.603072 2026] [wsgi:error] [pid 11:tid 140339730618048] [remote 10.0.0.103:60932] 2026-06-15 19:30:12.602 11 WARNING keystone.common.password_hashing [None req-d4a991fe-ae56-4dfe-9dc2-11fccfd87fa6 - - - - - -] Truncating password to algorithm specific maximum length 72 characters.
[Mon Jun 15 19:30:12.634251 2026] [wsgi:error] [pid 10:tid 140339730618048] [remote 10.0.0.103:60910] 2026-06-15 19:30:12.634 10 WARNING keystone.common.fernet_utils [None req-a5619b69-0da6-44b9-9fec-db2a19ffc789 - - - - - -] key_repository is world readable: /etc/keystone/fernet-keys/ 10.0.0.103 - - [15/Jun/2026:19:30:12 +0000] "POST /v3/auth/tokens HTTP/1.1" 201 1464 10.0.0.103 - - [15/Jun/2026:19:30:12 +0000] "GET /v3/endpoints HTTP/1.1" 200 1227 10.0.0.103 - - [15/Jun/2026:19:30:12 +0000] "GET /v3/services/cf18b2ba3f17468396a460a1da7ff0f6 HTTP/1.1" 200 233 10.0.0.103 - - [15/Jun/2026:19:30:12 +0000] "GET /v3/services/cf18b2ba3f17468396a460a1da7ff0f6 HTTP/1.1" 200 233
[Mon Jun 15 19:30:12.804007 2026] [wsgi:error] [pid 12:tid 140339730618048] [remote 10.0.0.103:60926] 2026-06-15 19:30:12.803 12 WARNING keystone.common.fernet_utils [None req-0d501028-d902-4ffc-8ab0-7de814b2aaee - - - - - -] key_repository is world readable: /etc/keystone/fernet-keys/ 10.0.0.103 - - [15/Jun/2026:19:30:12 +0000] "POST /v3/auth/tokens HTTP/1.1" 201 1464 10.0.0.103 - - [15/Jun/2026:19:30:12 +0000] "GET /v3/services/cf18b2ba3f17468396a460a1da7ff0f6 HTTP/1.1" 200 233
[Mon Jun 15 19:30:12.894121 2026] [wsgi:error] [pid 11:tid 140339730618048] [remote 10.0.0.103:60932] 2026-06-15 19:30:12.893 11 WARNING keystone.common.fernet_utils [None req-d4a991fe-ae56-4dfe-9dc2-11fccfd87fa6 - - - - - -] key_repository is world readable: /etc/keystone/fernet-keys/ 10.0.0.103 - - [15/Jun/2026:19:30:12 +0000] "POST /v3/auth/tokens HTTP/1.1" 201 1464 10.0.0.103 - - [15/Jun/2026:19:30:12 +0000] "GET /v3/endpoints HTTP/1.1" 200 1227 10.0.0.103 - - [15/Jun/2026:19:30:12 +0000] "GET /v3/services/cf18b2ba3f17468396a460a1da7ff0f6 HTTP/1.1" 200 233 10.0.0.103 - - [15/Jun/2026:19:30:12 +0000] "GET /v3/services/cf18b2ba3f17468396a460a1da7ff0f6 HTTP/1.1" 200 233 10.0.0.103 - - [15/Jun/2026:19:30:12 +0000] "GET /v3/services/cf18b2ba3f17468396a460a1da7ff0f6 HTTP/1.1" 200 233 10.0.0.103 - - [15/Jun/2026:19:30:12 +0000] "GET /v3/endpoints HTTP/1.1" 200 1227 10.0.0.103 - - [15/Jun/2026:19:30:13 +0000] "GET /v3/services/cf18b2ba3f17468396a460a1da7ff0f6 HTTP/1.1" 200 233 10.0.0.103 - - [15/Jun/2026:19:30:13 +0000] "GET /v3/services/cf18b2ba3f17468396a460a1da7ff0f6 HTTP/1.1" 200 233 10.0.0.103 - - [15/Jun/2026:19:30:13 +0000] "GET /v3/services/cf18b2ba3f17468396a460a1da7ff0f6 HTTP/1.1" 200 233 10.0.0.103 - - [15/Jun/2026:19:30:14 +0000] "GET / HTTP/1.1" 300 295
[Mon Jun 15 19:30:14.171359 2026] [wsgi:error] [pid 12:tid 140339730618048] [remote 10.0.0.103:60940] 2026-06-15 19:30:14.171 12 WARNING keystone.common.password_hashing [None req-fad8e434-3dc5-4444-8c48-55c98fb408f8 - - - - - -] Truncating password to algorithm specific maximum length 72 characters. 10.0.0.103 - - [15/Jun/2026:19:30:14 +0000] "GET / HTTP/1.1" 300 295
[Mon Jun 15 19:30:14.350008 2026] [wsgi:error] [pid 11:tid 140339730618048] [remote 10.0.0.103:60942] 2026-06-15 19:30:14.349 11 WARNING keystone.common.password_hashing [None req-a4c5c8b4-426e-4ebb-bedb-cac55069b39a - - - - - -] Truncating password to algorithm specific maximum length 72 characters. 10.0.0.103 - - [15/Jun/2026:19:30:14 +0000] "GET / HTTP/1.1" 300 295
[Mon Jun 15 19:30:14.416780 2026] [wsgi:error] [pid 10:tid 140339730618048] [remote 10.0.0.103:60944] 2026-06-15 19:30:14.416 10 WARNING keystone.common.password_hashing [None req-517a8998-fbbe-44c4-9f5e-12896d93cf30 - - - - - -] Truncating password to algorithm specific maximum length 72 characters.
[Mon Jun 15 19:30:14.455488 2026] [wsgi:error] [pid 12:tid 140339730618048] [remote 10.0.0.103:60940] 2026-06-15 19:30:14.455 12 WARNING keystone.common.fernet_utils [None req-fad8e434-3dc5-4444-8c48-55c98fb408f8 - - - - - -] key_repository is world readable: /etc/keystone/fernet-keys/ 10.0.0.103 - - [15/Jun/2026:19:30:14 +0000] "POST /v3/auth/tokens HTTP/1.1" 201 1464 10.0.0.103 - - [15/Jun/2026:19:30:14 +0000] "GET /v3/services/82830fce0cd14f38a71d7971d237d934 HTTP/1.1" 200 296 10.0.0.103 - - [15/Jun/2026:19:30:14 +0000] "GET /v3/regions/RegionOne HTTP/1.1" 200 173 10.0.0.103 - - [15/Jun/2026:19:30:14 +0000] "POST /v3/endpoints HTTP/1.1" 201 380
[Mon Jun 15 19:30:14.629524 2026] [wsgi:error] [pid 11:tid 140339730618048] [remote 10.0.0.103:60942] 2026-06-15 19:30:14.629 11 WARNING keystone.common.fernet_utils [None req-a4c5c8b4-426e-4ebb-bedb-cac55069b39a - - - - - -] key_repository is world readable: /etc/keystone/fernet-keys/ 10.0.0.103 - - [15/Jun/2026:19:30:14 +0000] "POST /v3/auth/tokens HTTP/1.1" 201 1641
[Mon Jun 15 19:30:14.705624 2026] [wsgi:error] [pid 10:tid 140339730618048] [remote 10.0.0.103:60944] 2026-06-15 19:30:14.705 10 WARNING keystone.common.fernet_utils [None req-517a8998-fbbe-44c4-9f5e-12896d93cf30 - - - - - -] key_repository is world readable: /etc/keystone/fernet-keys/ 10.0.0.103 - - [15/Jun/2026:19:30:14 +0000] "POST /v3/auth/tokens HTTP/1.1" 201 1641 10.0.0.103 - - [15/Jun/2026:19:30:14 +0000] "GET /v3/services/82830fce0cd14f38a71d7971d237d934 HTTP/1.1" 200 296 10.0.0.103 - - [15/Jun/2026:19:30:14 +0000] "GET /v3/regions/RegionOne HTTP/1.1" 200 173 10.0.0.103 - - [15/Jun/2026:19:30:14 +0000] "GET /v3/services/82830fce0cd14f38a71d7971d237d934 HTTP/1.1" 200 296 10.0.0.103 - - [15/Jun/2026:19:30:14 +0000] "GET /v3/regions/RegionOne HTTP/1.1" 200 173 10.0.0.103 - - [15/Jun/2026:19:30:14 +0000] "POST /v3/endpoints HTTP/1.1" 201 370 10.0.0.103 - - [15/Jun/2026:19:30:14 +0000] "POST /v3/endpoints HTTP/1.1" 201 383 10.0.0.103 - - [15/Jun/2026:19:30:15 +0000] "GET / HTTP/1.1" 300 295
[Mon Jun 15 19:30:15.952855 2026] [wsgi:error] [pid 12:tid 140339730618048] [remote 10.0.0.103:40710] 2026-06-15 19:30:15.952 12 WARNING keystone.common.password_hashing [None req-62126c0c-b8bd-4dde-9acb-7e4387fe761f - - - - - -] Truncating password to algorithm specific maximum length 72 characters. 10.0.0.103 - - [15/Jun/2026:19:30:16 +0000] "GET / HTTP/1.1" 300 295
[Mon Jun 15 19:30:16.199121 2026] [wsgi:error] [pid 11:tid 140339730618048] [remote 10.0.0.103:40724] 2026-06-15 19:30:16.198 11 WARNING keystone.common.password_hashing [None req-001d615b-9fbc-4638-9992-1080509af30d - - - - - -] Truncating password to algorithm specific maximum length 72 characters. 10.0.0.103 - - [15/Jun/2026:19:30:16 +0000] "GET / HTTP/1.1" 300 295
[Mon Jun 15 19:30:16.221707 2026] [wsgi:error] [pid 9:tid 140339730618048] [remote 10.0.0.103:40734] 2026-06-15 19:30:16.221 9 WARNING keystone.common.password_hashing [None req-734c11c3-8472-42af-88af-49364058ea64 - - - - - -] Truncating password to algorithm specific maximum length 72 characters.
[Mon Jun 15 19:30:16.234790 2026] [wsgi:error] [pid 12:tid 140339730618048] [remote 10.0.0.103:40710] 2026-06-15 19:30:16.234 12 WARNING keystone.common.fernet_utils [None req-62126c0c-b8bd-4dde-9acb-7e4387fe761f - - - - - -] key_repository is world readable: /etc/keystone/fernet-keys/ 10.0.0.103 - - [15/Jun/2026:19:30:15 +0000] "POST /v3/auth/tokens HTTP/1.1" 201 1992 10.0.0.103 - - [15/Jun/2026:19:30:16 +0000] "GET /v3/endpoints/83db08e561f544c9ab6494d6d8dfe399 HTTP/1.1" 200 380 10.0.0.103 - - [15/Jun/2026:19:30:16 +0000] "GET /v3/services/82830fce0cd14f38a71d7971d237d934 HTTP/1.1" 200 296
[Mon Jun 15 19:30:16.479128 2026] [wsgi:error] [pid 11:tid 140339730618048] [remote 10.0.0.103:40724] 2026-06-15 19:30:16.478 11 WARNING keystone.common.fernet_utils [None req-001d615b-9fbc-4638-9992-1080509af30d - - - - - -] key_repository is world readable: /etc/keystone/fernet-keys/ 10.0.0.103 - - [15/Jun/2026:19:30:16 +0000] "POST /v3/auth/tokens HTTP/1.1" 201 1992
[Mon Jun 15 19:30:16.507628 2026] [wsgi:error] [pid 9:tid 140339730618048] [remote 10.0.0.103:40734] 2026-06-15 19:30:16.507 9 WARNING keystone.common.fernet_utils [None req-734c11c3-8472-42af-88af-49364058ea64 - - - - - -] key_repository is world readable: /etc/keystone/fernet-keys/ 10.0.0.103 - - [15/Jun/2026:19:30:16 +0000] "POST /v3/auth/tokens HTTP/1.1" 201 1992 10.0.0.103 - - [15/Jun/2026:19:30:16 +0000] "GET /v3/endpoints/4736d3704aaf4669a438be8a554cebdb HTTP/1.1" 200 370 10.0.0.103 - - [15/Jun/2026:19:30:16 +0000] "GET /v3/endpoints/e0834b0300d54f498b789dc0c3baf4e3 HTTP/1.1" 200 383 10.0.0.103 - - [15/Jun/2026:19:30:16 +0000] "GET /v3/services/82830fce0cd14f38a71d7971d237d934 HTTP/1.1" 200 296 10.0.0.103 - - [15/Jun/2026:19:30:16 +0000] "GET /v3/services/82830fce0cd14f38a71d7971d237d934 HTTP/1.1" 200 296 10.0.0.196 - - [15/Jun/2026:19:30:27 +0000] "GET / HTTP/1.1" 300 295
[Mon Jun 15 19:30:27.510309 2026] [wsgi:error] [pid 12:tid 140339730618048] [remote 10.0.0.196:56790] 2026-06-15 19:30:27.510 12 WARNING keystone.common.password_hashing [None req-89a15403-ebb5-4aff-b82c-3668dcbba450 - - - - - -] Truncating password to algorithm specific maximum length 72 characters.
[Mon Jun 15 19:30:27.792672 2026] [wsgi:error] [pid 12:tid 140339730618048] [remote 10.0.0.196:56790] 2026-06-15 19:30:27.792 12 WARNING keystone.common.fernet_utils [None req-89a15403-ebb5-4aff-b82c-3668dcbba450 - - - - - -] key_repository is world readable: /etc/keystone/fernet-keys/ 10.0.0.196 - - [15/Jun/2026:19:30:27 +0000] "POST /v3/auth/tokens HTTP/1.1" 201 1992 10.0.0.196 - - [15/Jun/2026:19:30:27 +0000] "POST /v3/domains HTTP/1.1" 201 284 10.0.0.196 - - [15/Jun/2026:19:30:29 +0000] "GET / HTTP/1.1" 300 295
[Mon Jun 15 19:30:29.335156 2026] [wsgi:error] [pid 10:tid 140339730618048] [remote 10.0.0.196:56800] 2026-06-15 19:30:29.334 10 WARNING keystone.common.password_hashing [None req-fe1e89af-c5a1-43e6-acd9-5e048785298a - - - - - -] Truncating password to algorithm specific maximum length 72 characters.
[Mon Jun 15 19:30:29.610289 2026] [wsgi:error] [pid 10:tid 140339730618048] [remote 10.0.0.196:56800] 2026-06-15 19:30:29.610 10 WARNING keystone.common.fernet_utils [None req-fe1e89af-c5a1-43e6-acd9-5e048785298a - - - - - -] key_repository is world readable: /etc/keystone/fernet-keys/ 10.0.0.196 - - [15/Jun/2026:19:30:29 +0000] "POST /v3/auth/tokens HTTP/1.1" 201 1992
[Mon Jun 15 19:30:29.799887 2026] [wsgi:error] [pid 12:tid 140339730618048] [remote 10.0.0.196:56800] 2026-06-15 19:30:29.784 12 ERROR keystone.server.flask.application [None req-d222cecf-57a2-4cbf-af73-f63c4604b1d0 3d8839b4afe041b5b18e37c99e7981ea f5eaafe9912547219dedf8ceb12fae73 - - default default] Conflict occurred attempting to store project - it is not permitted to have two projects acting as domains with the same name: service.: keystone.exception.Conflict: Conflict occurred attempting to store project - it is not permitted to have two projects acting as domains with the same name: service.
[Mon Jun 15 19:30:29.799909 2026] [wsgi:error] [pid 12:tid 140339730618048] [remote 10.0.0.196:56800] 2026-06-15 19:30:29.784 12 ERROR keystone.server.flask.application
Traceback (most recent call last):
[Mon Jun 15 19:30:29.799912 2026] [wsgi:error] [pid 12:tid 140339730618048] [remote 10.0.0.196:56800] 2026-06-15 19:30:29.784 12 ERROR keystone.server.flask.application
File "/var/lib/openstack/lib/python3.12/site-packages/sqlalchemy/engine/base.py", line 1969, in _exec_single_context
[Mon Jun 15 19:30:29.799914 2026] [wsgi:error] [pid 12:tid 140339730618048] [remote 10.0.0.196:56800] 2026-06-15 19:30:29.784 12 ERROR keystone.server.flask.application self.dialect.do_execute(
[Mon Jun 15 19:30:29.799916 2026] [wsgi:error] [pid 12:tid 140339730618048] [remote 10.0.0.196:56800] 2026-06-15 19:30:29.784 12 ERROR keystone.server.flask.application
File "/var/lib/openstack/lib/python3.12/site-packages/sqlalchemy/engine/default.py", line 952, in do_execute
[Mon Jun 15 19:30:29.799919 2026] [wsgi:error] [pid 12:tid 140339730618048] [remote 10.0.0.196:56800] 2026-06-15 19:30:29.784 12 ERROR keystone.server.flask.application cursor.execute(statement, parameters)
[Mon Jun 15 19:30:29.799921 2026] [wsgi:error] [pid 12:tid 140339730618048] [remote 10.0.0.196:56800] 2026-06-15 19:30:29.784 12 ERROR keystone.server.flask.application
File "/var/lib/openstack/lib/python3.12/site-packages/pymysql/cursors.py", line 159, in execute
[Mon Jun 15 19:30:29.799923 2026] [wsgi:error] [pid 12:tid 140339730618048] [remote 10.0.0.196:56800] 2026-06-15 19:30:29.784 12 ERROR keystone.server.flask.application result = self._query(query)
[Mon Jun 15 19:30:29.799925 2026] [wsgi:error] [pid 12:tid 140339730618048] [remote 10.0.0.196:56800] 2026-06-15 19:30:29.784 12 ERROR keystone.server.flask.application ^^^^^^^^^^^^^^^^^^
[Mon Jun 15 19:30:29.799926 2026] [wsgi:error] [pid 12:tid 140339730618048] [remote 10.0.0.196:56800] 2026-06-15 19:30:29.784 12 ERROR keystone.server.flask.application
File "/var/lib/openstack/lib/python3.12/site-packages/pymysql/cursors.py", line 330, in _query
[Mon Jun 15 19:30:29.799929 2026] [wsgi:error] [pid 12:tid 140339730618048] [remote 10.0.0.196:56800] 2026-06-15 19:30:29.784 12 ERROR keystone.server.flask.application conn.query(q)
[Mon Jun 15 19:30:29.799931 2026] [wsgi:error] [pid 12:tid 140339730618048] [remote 10.0.0.196:56800] 2026-06-15 19:30:29.784 12 ERROR keystone.server.flask.application
File "/var/lib/openstack/lib/python3.12/site-packages/pymysql/connections.py", line 582, in query
[Mon Jun 15 19:30:29.799933 2026] [wsgi:error] [pid 12:tid 140339730618048] [remote 10.0.0.196:56800] 2026-06-15 19:30:29.784 12 ERROR keystone.server.flask.application self._affected_rows = self._read_query_result(unbuffered=unbuffered)
[Mon Jun 15 19:30:29.799935 2026] [wsgi:error] [pid 12:tid 140339730618048] [remote 10.0.0.196:56800] 2026-06-15 19:30:29.784 12 ERROR keystone.server.flask.application ^^^^^^^^^^^^^^^^^^^^^^^^^^^^^^^^^^^^^^^^^^^^^^
[Mon Jun 15 19:30:29.799936 2026] [wsgi:error] [pid 12:tid 140339730618048] [remote 10.0.0.196:56800] 2026-06-15 19:30:29.784 12 ERROR keystone.server.flask.application
File "/var/lib/openstack/lib/python3.12/site-packages/pymysql/connections.py", line 847, in _read_query_result
[Mon Jun 15 19:30:29.799938 2026] [wsgi:error] [pid 12:tid 140339730618048] [remote 10.0.0.196:56800] 2026-06-15 19:30:29.784 12 ERROR keystone.server.flask.application result.read()
[Mon Jun 15 19:30:29.799941 2026] [wsgi:error] [pid 12:tid 140339730618048] [remote 10.0.0.196:56800] 2026-06-15 19:30:29.784 12 ERROR keystone.server.flask.application
File "/var/lib/openstack/lib/python3.12/site-packages/pymysql/connections.py", line 1245, in read
[Mon Jun 15 19:30:29.799943 2026] [wsgi:error] [pid 12:tid 140339730618048] [remote 10.0.0.196:56800] 2026-06-15 19:30:29.784 12 ERROR keystone.server.flask.application first_packet = self.connection._read_packet()
[Mon Jun 15 19:30:29.799945 2026] [wsgi:error] [pid 12:tid 140339730618048] [remote 10.0.0.196:56800] 2026-06-15 19:30:29.784 12 ERROR keystone.server.flask.application ^^^^^^^^^^^^^^^^^^^^^^^^^^^^^^
[Mon Jun 15 19:30:29.799947 2026] [wsgi:error] [pid 12:tid 140339730618048] [remote 10.0.0.196:56800] 2026-06-15 19:30:29.784 12 ERROR keystone.server.flask.application
File "/var/lib/openstack/lib/python3.12/site-packages/pymysql/connections.py", line 803, in _read_packet
[Mon Jun 15 19:30:29.799949 2026] [wsgi:error] [pid 12:tid 140339730618048] [remote 10.0.0.196:56800] 2026-06-15 19:30:29.784 12 ERROR keystone.server.flask.application packet.raise_for_error()
[Mon Jun 15 19:30:29.799951 2026] [wsgi:error] [pid 12:tid 140339730618048] [remote 10.0.0.196:56800] 2026-06-15 19:30:29.784 12 ERROR keystone.server.flask.application
File "/var/lib/openstack/lib/python3.12/site-packages/pymysql/protocol.py", line 219, in raise_for_error
[Mon Jun 15 19:30:29.799953 2026] [wsgi:error] [pid 12:tid 140339730618048] [remote 10.0.0.196:56800] 2026-06-15 19:30:29.784 12 ERROR keystone.server.flask.application err.raise_mysql_exception(self._data)
[Mon Jun 15 19:30:29.799955 2026] [wsgi:error] [pid 12:tid 140339730618048] [remote 10.0.0.196:56800] 2026-06-15 19:30:29.784 12 ERROR keystone.server.flask.application
File "/var/lib/openstack/lib/python3.12/site-packages/pymysql/err.py", line 154, in raise_mysql_exception
[Mon Jun 15 19:30:29.799957 2026] [wsgi:error] [pid 12:tid 140339730618048] [remote 10.0.0.196:56800] 2026-06-15 19:30:29.784 12 ERROR keystone.server.flask.application raise errorclass(errno, errval, sqlstate=sqlstate)
[Mon Jun 15 19:30:29.799972 2026] [wsgi:error] [pid 12:tid 140339730618048] [remote 10.0.0.196:56800] 2026-06-15 19:30:29.784 12 ERROR keystone.server.flask.application pymysql.err.IntegrityError: (1062, "Duplicate entry '<>-service' for key 'project.ixu_project_name_domain_id'")
[Mon Jun 15 19:30:29.799974 2026] [wsgi:error] [pid 12:tid 140339730618048] [remote 10.0.0.196:56800] 2026-06-15 19:30:29.784 12 ERROR keystone.server.flask.application
[Mon Jun 15 19:30:29.799976 2026] [wsgi:error] [pid 12:tid 140339730618048] [remote 10.0.0.196:56800] 2026-06-15 19:30:29.784 12 ERROR keystone.server.flask.application The above exception was the direct cause of the following exception:
[Mon Jun 15 19:30:29.799977 2026] [wsgi:error] [pid 12:tid 140339730618048] [remote 10.0.0.196:56800] 2026-06-15 19:30:29.784 12 ERROR keystone.server.flask.application
[Mon Jun 15 19:30:29.799979 2026] [wsgi:error] [pid 12:tid 140339730618048] [remote 10.0.0.196:56800] 2026-06-15 19:30:29.784 12 ERROR keystone.server.flask.application
Traceback (most recent call last):
[Mon Jun 15 19:30:29.799981 2026] [wsgi:error] [pid 12:tid 140339730618048] [remote 10.0.0.196:56800] 2026-06-15 19:30:29.784 12 ERROR keystone.server.flask.application
File "/var/lib/openstack/lib/python3.12/site-packages/keystone/common/sql/core.py", line 575, in wrapper
[Mon Jun 15 19:30:29.799983 2026] [wsgi:error] [pid 12:tid 140339730618048] [remote 10.0.0.196:56800] 2026-06-15 19:30:29.784 12 ERROR keystone.server.flask.application return method(*args, **kwargs)
[Mon Jun 15 19:30:29.799984 2026] [wsgi:error] [pid 12:tid 140339730618048] [remote 10.0.0.196:56800] 2026-06-15 19:30:29.784 12 ERROR keystone.server.flask.application ^^^^^^^^^^^^^^^^^^^^^^^
[Mon Jun 15 19:30:29.799986 2026] [wsgi:error] [pid 12:tid 140339730618048] [remote 10.0.0.196:56800] 2026-06-15 19:30:29.784 12 ERROR keystone.server.flask.application
File "/var/lib/openstack/lib/python3.12/site-packages/keystone/resource/backends/sql.py", line 278, in create_project
[Mon Jun 15 19:30:29.799988 2026] [wsgi:error] [pid 12:tid 140339730618048] [remote 10.0.0.196:56800] 2026-06-15 19:30:29.784 12 ERROR keystone.server.flask.application with sql.session_for_write() as session:
[Mon Jun 15 19:30:29.799990 2026] [wsgi:error] [pid 12:tid 140339730618048] [remote 10.0.0.196:56800] 2026-06-15 19:30:29.784 12 ERROR keystone.server.flask.application
File "/usr/lib/python3.12/contextlib.py", line 144, in __exit__
[Mon Jun 15 19:30:29.799992 2026] [wsgi:error] [pid 12:tid 140339730618048] [remote 10.0.0.196:56800] 2026-06-15 19:30:29.784 12 ERROR keystone.server.flask.application next(self.gen)
[Mon Jun 15 19:30:29.799994 2026] [wsgi:error] [pid 12:tid 140339730618048] [remote 10.0.0.196:56800] 2026-06-15 19:30:29.784 12 ERROR keystone.server.flask.application
File "/var/lib/openstack/lib/python3.12/site-packages/oslo_db/sqlalchemy/enginefacade.py", line 1175, in _transaction_scope
[Mon Jun 15 19:30:29.799996 2026] [wsgi:error] [pid 12:tid 140339730618048] [remote 10.0.0.196:56800] 2026-06-15 19:30:29.784 12 ERROR keystone.server.flask.application with current._produce_block(
[Mon Jun 15 19:30:29.799998 2026] [wsgi:error] [pid 12:tid 140339730618048] [remote 10.0.0.196:56800] 2026-06-15 19:30:29.784 12 ERROR keystone.server.flask.application
File "/usr/lib/python3.12/contextlib.py", line 144, in __exit__
[Mon Jun 15 19:30:29.800000 2026] [wsgi:error] [pid 12:tid 140339730618048] [remote 10.0.0.196:56800] 2026-06-15 19:30:29.784 12 ERROR keystone.server.flask.application next(self.gen)
[Mon Jun 15 19:30:29.800002 2026] [wsgi:error] [pid 12:tid 140339730618048] [remote 10.0.0.196:56800] 2026-06-15 19:30:29.784 12 ERROR keystone.server.flask.application
File "/var/lib/openstack/lib/python3.12/site-packages/oslo_db/sqlalchemy/enginefacade.py", line 837, in _session
[Mon Jun 15 19:30:29.800004 2026] [wsgi:error] [pid 12:tid 140339730618048] [remote 10.0.0.196:56800] 2026-06-15 19:30:29.784 12 ERROR keystone.server.flask.application with excutils.save_and_reraise_exception():
[Mon Jun 15 19:30:29.800006 2026] [wsgi:error] [pid 12:tid 140339730618048] [remote 10.0.0.196:56800] 2026-06-15 19:30:29.784 12 ERROR keystone.server.flask.application
File "/var/lib/openstack/lib/python3.12/site-packages/oslo_utils/excutils.py", line 266, in __exit__
[Mon Jun 15 19:30:29.800009 2026] [wsgi:error] [pid 12:tid 140339730618048] [remote 10.0.0.196:56800] 2026-06-15 19:30:29.784 12 ERROR keystone.server.flask.application self.force_reraise()
[Mon Jun 15 19:30:29.800011 2026] [wsgi:error] [pid 12:tid 140339730618048] [remote 10.0.0.196:56800] 2026-06-15 19:30:29.784 12 ERROR keystone.server.flask.application
File "/var/lib/openstack/lib/python3.12/site-packages/oslo_utils/excutils.py", line 232, in force_reraise
[Mon Jun 15 19:30:29.800013 2026] [wsgi:error] [pid 12:tid 140339730618048] [remote 10.0.0.196:56800] 2026-06-15 19:30:29.784 12 ERROR keystone.server.flask.application raise self.value
[Mon Jun 15 19:30:29.800015 2026] [wsgi:error] [pid 12:tid 140339730618048] [remote 10.0.0.196:56800] 2026-06-15 19:30:29.784 12 ERROR keystone.server.flask.application
File "/var/lib/openstack/lib/python3.12/site-packages/oslo_db/sqlalchemy/enginefacade.py", line 835, in _session
[Mon Jun 15 19:30:29.800017 2026] [wsgi:error] [pid 12:tid 140339730618048] [remote 10.0.0.196:56800] 2026-06-15 19:30:29.784 12 ERROR keystone.server.flask.application self._end_session_transaction(self.session)
[Mon Jun 15 19:30:29.800020 2026] [wsgi:error] [pid 12:tid 140339730618048] [remote 10.0.0.196:56800] 2026-06-15 19:30:29.784 12 ERROR keystone.server.flask.application
File "/var/lib/openstack/lib/python3.12/site-packages/oslo_db/sqlalchemy/enginefacade.py", line 748, in _end_session_transaction
[Mon Jun 15 19:30:29.800022 2026] [wsgi:error] [pid 12:tid 140339730618048] [remote 10.0.0.196:56800] 2026-06-15 19:30:29.784 12 ERROR keystone.server.flask.application session.commit()
[Mon Jun 15 19:30:29.800024 2026] [wsgi:error] [pid 12:tid 140339730618048] [remote 10.0.0.196:56800] 2026-06-15 19:30:29.784 12 ERROR keystone.server.flask.application
File "/var/lib/openstack/lib/python3.12/site-packages/sqlalchemy/orm/session.py", line 2034, in commit
[Mon Jun 15 19:30:29.800026 2026] [wsgi:error] [pid 12:tid 140339730618048] [remote 10.0.0.196:56800] 2026-06-15 19:30:29.784 12 ERROR keystone.server.flask.application trans.commit(_to_root=True)
[Mon Jun 15 19:30:29.800028 2026] [wsgi:error] [pid 12:tid 140339730618048] [remote 10.0.0.196:56800] 2026-06-15 19:30:29.784 12 ERROR keystone.server.flask.application File "", line 2, in commit
[Mon Jun 15 19:30:29.800030 2026] [wsgi:error] [pid 12:tid 140339730618048] [remote 10.0.0.196:56800] 2026-06-15 19:30:29.784 12 ERROR keystone.server.flask.application
File "/var/lib/openstack/lib/python3.12/site-packages/sqlalchemy/orm/state_changes.py", line 137, in _go
[Mon Jun 15 19:30:29.800033 2026] [wsgi:error] [pid 12:tid 140339730618048] [remote 10.0.0.196:56800] 2026-06-15 19:30:29.784 12 ERROR keystone.server.flask.application ret_value = fn(self, *arg, **kw)
[Mon Jun 15 19:30:29.800035 2026] [wsgi:error] [pid 12:tid 140339730618048] [remote 10.0.0.196:56800] 2026-06-15 19:30:29.784 12 ERROR keystone.server.flask.application ^^^^^^^^^^^^^^^^^^^^
[Mon Jun 15 19:30:29.800036 2026] [wsgi:error] [pid 12:tid 140339730618048] [remote 10.0.0.196:56800] 2026-06-15 19:30:29.784 12 ERROR keystone.server.flask.application
File "/var/lib/openstack/lib/python3.12/site-packages/sqlalchemy/orm/session.py", line 1315, in commit
[Mon Jun 15 19:30:29.800038 2026] [wsgi:error] [pid 12:tid 140339730618048] [remote 10.0.0.196:56800] 2026-06-15 19:30:29.784 12 ERROR keystone.server.flask.application self._prepare_impl()
[Mon Jun 15 19:30:29.800040 2026] [wsgi:error] [pid 12:tid 140339730618048] [remote 10.0.0.196:56800] 2026-06-15 19:30:29.784 12 ERROR keystone.server.flask.application File "", line 2, in _prepare_impl
[Mon Jun 15 19:30:29.800042 2026] [wsgi:error] [pid 12:tid 140339730618048] [remote 10.0.0.196:56800] 2026-06-15 19:30:29.784 12 ERROR keystone.server.flask.application
File "/var/lib/openstack/lib/python3.12/site-packages/sqlalchemy/orm/state_changes.py", line 137, in _go
[Mon Jun 15 19:30:29.800044 2026] [wsgi:error] [pid 12:tid 140339730618048] [remote 10.0.0.196:56800] 2026-06-15 19:30:29.784 12 ERROR keystone.server.flask.application ret_value = fn(self, *arg, **kw)
[Mon Jun 15 19:30:29.800046 2026] [wsgi:error] [pid 12:tid 140339730618048] [remote 10.0.0.196:56800] 2026-06-15 19:30:29.784 12 ERROR keystone.server.flask.application ^^^^^^^^^^^^^^^^^^^^
[Mon Jun 15 19:30:29.800048 2026] [wsgi:error] [pid 12:tid 140339730618048] [remote 10.0.0.196:56800] 2026-06-15 19:30:29.784 12 ERROR keystone.server.flask.application
File "/var/lib/openstack/lib/python3.12/site-packages/sqlalchemy/orm/session.py", line 1290, in _prepare_impl
[Mon Jun 15 19:30:29.800050 2026] [wsgi:error] [pid 12:tid 140339730618048] [remote 10.0.0.196:56800] 2026-06-15 19:30:29.784 12 ERROR keystone.server.flask.application self.session.flush()
[Mon Jun 15 19:30:29.800052 2026] [wsgi:error] [pid 12:tid 140339730618048] [remote 10.0.0.196:56800] 2026-06-15 19:30:29.784 12 ERROR keystone.server.flask.application
File "/var/lib/openstack/lib/python3.12/site-packages/sqlalchemy/orm/session.py", line 4352, in flush
[Mon Jun 15 19:30:29.800055 2026] [wsgi:error] [pid 12:tid 140339730618048] [remote 10.0.0.196:56800] 2026-06-15 19:30:29.784 12 ERROR keystone.server.flask.application self._flush(objects)
[Mon Jun 15 19:30:29.800057 2026] [wsgi:error] [pid 12:tid 140339730618048] [remote 10.0.0.196:56800] 2026-06-15 19:30:29.784 12 ERROR keystone.server.flask.application
File "/var/lib/openstack/lib/python3.12/site-packages/sqlalchemy/orm/session.py", line 4487, in _flush
[Mon Jun 15 19:30:29.800059 2026] [wsgi:error] [pid 12:tid 140339730618048] [remote 10.0.0.196:56800] 2026-06-15 19:30:29.784 12 ERROR keystone.server.flask.application with util.safe_reraise():
[Mon Jun 15 19:30:29.800061 2026] [wsgi:error] [pid 12:tid 140339730618048] [remote 10.0.0.196:56800] 2026-06-15 19:30:29.784 12 ERROR keystone.server.flask.application
File "/var/lib/openstack/lib/python3.12/site-packages/sqlalchemy/util/langhelpers.py", line 122, in __exit__
[Mon Jun 15 19:30:29.800063 2026] [wsgi:error] [pid 12:tid 140339730618048] [remote 10.0.0.196:56800] 2026-06-15 19:30:29.784 12 ERROR keystone.server.flask.application raise exc_value.with_traceback(exc_tb)
[Mon Jun 15 19:30:29.800065 2026] [wsgi:error] [pid 12:tid 140339730618048] [remote 10.0.0.196:56800] 2026-06-15 19:30:29.784 12 ERROR keystone.server.flask.application
File "/var/lib/openstack/lib/python3.12/site-packages/sqlalchemy/orm/session.py", line 4448, in _flush
[Mon Jun 15 19:30:29.800067 2026] [wsgi:error] [pid 12:tid 140339730618048] [remote 10.0.0.196:56800] 2026-06-15 19:30:29.784 12 ERROR keystone.server.flask.application flush_context.execute()
[Mon Jun 15 19:30:29.800069 2026] [wsgi:error] [pid 12:tid 140339730618048] [remote 10.0.0.196:56800] 2026-06-15 19:30:29.784 12 ERROR keystone.server.flask.application
File "/var/lib/openstack/lib/python3.12/site-packages/sqlalchemy/orm/unitofwork.py", line 465, in execute
