Mar 19 14:11:48.656790 np0000160018 devstack@neutron-api.service[102224]: DEBUG neutron.plugins.ml2.drivers.ovn.mech_driver.ovsdb.ovsdb_monitor [None req-8d25fb2a-c947-47e2-a13f-120ca626e87c None None] Hash Ring: Node cd7d2392bcc35cfa98d71edf0f235fce (host: np0000160018) handling event "create" for row d56ac0ce-ff67-4167-a211-4586534e74dd (table: Connection) {{(pid=102224) notify /opt/stack/neutron/neutron/plugins/ml2/drivers/ovn/mech_driver/ovsdb/ovsdb_monitor.py:906}}
Mar 19 14:11:48.656892 np0000160018 devstack@neutron-api.service[102226]: DEBUG ovsdbapp.backend.ovs_idl [None req-f4df9b5a-1e81-4411-8b28-47d4f3a60f55 None None] Created schema index Mirror.name {{(pid=102226) autocreate_indices /opt/stack/data/venv/lib/python3.12/site-packages/ovsdbapp/backend/ovs_idl/__init__.py:106}}
Mar 19 14:11:48.657002 np0000160018 devstack@neutron-api.service[102226]: DEBUG ovsdbapp.backend.ovs_idl [None req-f4df9b5a-1e81-4411-8b28-47d4f3a60f55 None None] Created schema index Chassis_Template_Var.chassis {{(pid=102226) autocreate_indices /opt/stack/data/venv/lib/python3.12/site-packages/ovsdbapp/backend/ovs_idl/__init__.py:106}}
Mar 19 14:11:48.657066 np0000160018 devstack@neutron-api.service[102224]: DEBUG neutron.plugins.ml2.drivers.ovn.mech_driver.ovsdb.ovsdb_monitor [None req-8d25fb2a-c947-47e2-a13f-120ca626e87c None None] Hash Ring: Node cd7d2392bcc35cfa98d71edf0f235fce (host: np0000160018) handling event "create" for row dd1ae139-e4b5-4c9a-be57-e2e38b7b880b (table: NB_Global) {{(pid=102224) notify /opt/stack/neutron/neutron/plugins/ml2/drivers/ovn/mech_driver/ovsdb/ovsdb_monitor.py:906}}
Mar 19 14:11:48.657129 np0000160018 devstack@neutron-api.service[102226]: DEBUG ovsdbapp.backend.ovs_idl [None req-f4df9b5a-1e81-4411-8b28-47d4f3a60f55 None None] Created schema index Logical_Router_Port.name {{(pid=102226) autocreate_indices /opt/stack/data/venv/lib/python3.12/site-packages/ovsdbapp/backend/ovs_idl/__init__.py:106}}
Mar 19 14:11:48.657241 np0000160018 devstack@neutron-api.service[102224]: DEBUG neutron.plugins.ml2.drivers.ovn.mech_driver.ovsdb.ovsdb_monitor [None req-8d25fb2a-c947-47e2-a13f-120ca626e87c None None] Hash Ring: Node cd7d2392bcc35cfa98d71edf0f235fce (host: np0000160018) handling event "create" for row 9226f2e8-4f2d-46cb-a936-be084741b027 (table: Port_Group) {{(pid=102224) notify /opt/stack/neutron/neutron/plugins/ml2/drivers/ovn/mech_driver/ovsdb/ovsdb_monitor.py:906}}
Mar 19 14:11:48.657324 np0000160018 devstack@neutron-api.service[102226]: DEBUG ovsdbapp.backend.ovs_idl [None req-f4df9b5a-1e81-4411-8b28-47d4f3a60f55 None None] Created schema index Port_Group.name {{(pid=102226) autocreate_indices /opt/stack/data/venv/lib/python3.12/site-packages/ovsdbapp/backend/ovs_idl/__init__.py:106}}
Mar 19 14:11:48.657439 np0000160018 devstack@neutron-api.service[102226]: DEBUG ovsdbapp.backend.ovs_idl [None req-f4df9b5a-1e81-4411-8b28-47d4f3a60f55 None None] Created schema index Logical_Switch_Port.name {{(pid=102226) autocreate_indices /opt/stack/data/venv/lib/python3.12/site-packages/ovsdbapp/backend/ovs_idl/__init__.py:106}}
Mar 19 14:11:48.658295 np0000160018 devstack@neutron-api.service[102224]: INFO neutron.plugins.ml2.drivers.ovn.mech_driver.ovsdb.impl_idl_ovn [None req-8d25fb2a-c947-47e2-a13f-120ca626e87c None None] Getting OvsdbSbOvnIdl for WorkerService with retry
Mar 19 14:11:48.660621 np0000160018 devstack@neutron-api.service[102226]: INFO ovsdbapp.backend.ovs_idl.vlog [None req-f4df9b5a-1e81-4411-8b28-47d4f3a60f55 None None] ssl:199.204.45.149:6641: connecting...
Mar 19 14:11:48.665456 np0000160018 devstack@neutron-api.service[102225]: DEBUG neutron.common.ovn.hash_ring_manager [None req-49e6e1fb-24de-49d6-9f71-63ffc48ff4d4 None None] Allow caching, nodes 4>=4 {{(pid=102225) _wait_startup_before_caching /opt/stack/neutron/neutron/common/ovn/hash_ring_manager.py:65}}
Mar 19 14:11:48.666146 np0000160018 devstack@neutron-api.service[102226]: INFO ovsdbapp.backend.ovs_idl.vlog [None req-f4df9b5a-1e81-4411-8b28-47d4f3a60f55 None None] ssl:199.204.45.149:6641: connected
Mar 19 14:11:48.669441 np0000160018 devstack@neutron-api.service[102225]: DEBUG neutron.common.ovn.hash_ring_manager [None req-49e6e1fb-24de-49d6-9f71-63ffc48ff4d4 None None] Hash Ring loaded. 4 active nodes. 0 offline nodes {{(pid=102225) _load_hash_ring /opt/stack/neutron/neutron/common/ovn/hash_ring_manager.py:102}}
Mar 19 14:11:48.670319 np0000160018 devstack@neutron-api.service[102225]: INFO neutron.plugins.ml2.drivers.ovn.mech_driver.ovsdb.impl_idl_ovn [None req-49e6e1fb-24de-49d6-9f71-63ffc48ff4d4 None None] Getting OvsdbSbOvnIdl for WorkerService with retry
Mar 19 14:11:48.691887 np0000160018 devstack@neutron-api.service[102224]: DEBUG ovsdbapp.backend.ovs_idl [None req-8d25fb2a-c947-47e2-a13f-120ca626e87c None None] Created lookup_table index Chassis.name {{(pid=102224) autocreate_indices /opt/stack/data/venv/lib/python3.12/site-packages/ovsdbapp/backend/ovs_idl/__init__.py:87}}
Mar 19 14:11:48.692005 np0000160018 devstack@neutron-api.service[102224]: DEBUG ovsdbapp.backend.ovs_idl [None req-8d25fb2a-c947-47e2-a13f-120ca626e87c None None] Created lookup_table index Port_Binding.logical_port {{(pid=102224) autocreate_indices /opt/stack/data/venv/lib/python3.12/site-packages/ovsdbapp/backend/ovs_idl/__init__.py:87}}
Mar 19 14:11:48.692067 np0000160018 devstack@neutron-api.service[102224]: DEBUG ovsdbapp.backend.ovs_idl [None req-8d25fb2a-c947-47e2-a13f-120ca626e87c None None] Created schema index Chassis_Private.name {{(pid=102224) autocreate_indices /opt/stack/data/venv/lib/python3.12/site-packages/ovsdbapp/backend/ovs_idl/__init__.py:106}}
Mar 19 14:11:48.692142 np0000160018 devstack@neutron-api.service[102224]: DEBUG ovsdbapp.backend.ovs_idl [None req-8d25fb2a-c947-47e2-a13f-120ca626e87c None None] Created schema index Datapath_Binding.tunnel_key {{(pid=102224) autocreate_indices /opt/stack/data/venv/lib/python3.12/site-packages/ovsdbapp/backend/ovs_idl/__init__.py:106}}
Mar 19 14:11:48.694379 np0000160018 devstack@neutron-api.service[102224]: INFO ovsdbapp.backend.ovs_idl.vlog [None req-8d25fb2a-c947-47e2-a13f-120ca626e87c None None] ssl:199.204.45.149:6642: connecting...
Mar 19 14:11:48.699494 np0000160018 devstack@neutron-api.service[102225]: DEBUG ovsdbapp.backend.ovs_idl [None req-49e6e1fb-24de-49d6-9f71-63ffc48ff4d4 None None] Created lookup_table index Chassis.name {{(pid=102225) autocreate_indices /opt/stack/data/venv/lib/python3.12/site-packages/ovsdbapp/backend/ovs_idl/__init__.py:87}}
Mar 19 14:11:48.699624 np0000160018 devstack@neutron-api.service[102225]: DEBUG ovsdbapp.backend.ovs_idl [None req-49e6e1fb-24de-49d6-9f71-63ffc48ff4d4 None None] Created lookup_table index Port_Binding.logical_port {{(pid=102225) autocreate_indices /opt/stack/data/venv/lib/python3.12/site-packages/ovsdbapp/backend/ovs_idl/__init__.py:87}}
Mar 19 14:11:48.699696 np0000160018 devstack@neutron-api.service[102225]: DEBUG ovsdbapp.backend.ovs_idl [None req-49e6e1fb-24de-49d6-9f71-63ffc48ff4d4 None None] Created schema index Chassis_Private.name {{(pid=102225) autocreate_indices /opt/stack/data/venv/lib/python3.12/site-packages/ovsdbapp/backend/ovs_idl/__init__.py:106}}
Mar 19 14:11:48.699755 np0000160018 devstack@neutron-api.service[102225]: DEBUG ovsdbapp.backend.ovs_idl [None req-49e6e1fb-24de-49d6-9f71-63ffc48ff4d4 None None] Created schema index Datapath_Binding.tunnel_key {{(pid=102225) autocreate_indices /opt/stack/data/venv/lib/python3.12/site-packages/ovsdbapp/backend/ovs_idl/__init__.py:106}}
Mar 19 14:11:48.700252 np0000160018 devstack@neutron-api.service[102224]: INFO ovsdbapp.backend.ovs_idl.vlog [None req-8d25fb2a-c947-47e2-a13f-120ca626e87c None None] ssl:199.204.45.149:6642: connected
Mar 19 14:11:48.701664 np0000160018 devstack@neutron-api.service[102225]: INFO ovsdbapp.backend.ovs_idl.vlog [None req-49e6e1fb-24de-49d6-9f71-63ffc48ff4d4 None None] ssl:199.204.45.149:6642: connecting...
Mar 19 14:11:48.708340 np0000160018 devstack@neutron-api.service[102225]: INFO ovsdbapp.backend.ovs_idl.vlog [None req-49e6e1fb-24de-49d6-9f71-63ffc48ff4d4 None None] ssl:199.204.45.149:6642: connected
Mar 19 14:11:48.715909 np0000160018 devstack@neutron-api.service[102226]: DEBUG neutron.common.ovn.hash_ring_manager [None req-f4df9b5a-1e81-4411-8b28-47d4f3a60f55 None None] Allow caching, nodes 4>=4 {{(pid=102226) _wait_startup_before_caching /opt/stack/neutron/neutron/common/ovn/hash_ring_manager.py:65}}
Mar 19 14:11:48.723220 np0000160018 devstack@neutron-api.service[102226]: DEBUG neutron.common.ovn.hash_ring_manager [None req-f4df9b5a-1e81-4411-8b28-47d4f3a60f55 None None] Hash Ring loaded. 4 active nodes. 0 offline nodes {{(pid=102226) _load_hash_ring /opt/stack/neutron/neutron/common/ovn/hash_ring_manager.py:102}}
Mar 19 14:11:48.724907 np0000160018 devstack@neutron-api.service[102226]: INFO neutron.plugins.ml2.drivers.ovn.mech_driver.ovsdb.impl_idl_ovn [None req-f4df9b5a-1e81-4411-8b28-47d4f3a60f55 None None] Getting OvsdbSbOvnIdl for WorkerService with retry
Mar 19 14:11:48.736254 np0000160018 devstack@neutron-api.service[102224]: DEBUG neutron.common.ovn.hash_ring_manager [None req-8d25fb2a-c947-47e2-a13f-120ca626e87c None None] Allow caching, nodes 4>=4 {{(pid=102224) _wait_startup_before_caching /opt/stack/neutron/neutron/common/ovn/hash_ring_manager.py:65}}
Mar 19 14:11:48.738836 np0000160018 devstack@neutron-api.service[102225]: DEBUG neutron.common.ovn.hash_ring_manager [None req-49e6e1fb-24de-49d6-9f71-63ffc48ff4d4 None None] Allow caching, nodes 4>=4 {{(pid=102225) _wait_startup_before_caching /opt/stack/neutron/neutron/common/ovn/hash_ring_manager.py:65}}
Mar 19 14:11:48.739976 np0000160018 devstack@neutron-api.service[102224]: DEBUG neutron.common.ovn.hash_ring_manager [None req-8d25fb2a-c947-47e2-a13f-120ca626e87c None None] Hash Ring loaded. 4 active nodes. 0 offline nodes {{(pid=102224) _load_hash_ring /opt/stack/neutron/neutron/common/ovn/hash_ring_manager.py:102}}
Mar 19 14:11:48.740115 np0000160018 devstack@neutron-api.service[102224]: DEBUG neutron.plugins.ml2.drivers.ovn.mech_driver.ovsdb.ovsdb_monitor [None req-8d25fb2a-c947-47e2-a13f-120ca626e87c None None] ChassisAgentWriteEvent : Matched Chassis_Private, create, None None {{(pid=102224) matches /opt/stack/neutron/neutron/plugins/ml2/drivers/ovn/mech_driver/ovsdb/ovsdb_monitor.py:64}}
Mar 19 14:11:48.740262 np0000160018 devstack@neutron-api.service[102224]: DEBUG neutron.plugins.ml2.drivers.ovn.mech_driver.ovsdb.ovsdb_monitor [None req-8d25fb2a-c947-47e2-a13f-120ca626e87c None None] ChassisOVNAgentWriteEvent : Matched Chassis_Private, create, None None {{(pid=102224) matches /opt/stack/neutron/neutron/plugins/ml2/drivers/ovn/mech_driver/ovsdb/ovsdb_monitor.py:64}}
Mar 19 14:11:48.740575 np0000160018 devstack@neutron-api.service[102224]: DEBUG neutron.plugins.ml2.drivers.ovn.mech_driver.ovsdb.ovsdb_monitor [None req-8d25fb2a-c947-47e2-a13f-120ca626e87c None None] Hash Ring: Node cd7d2392bcc35cfa98d71edf0f235fce (host: np0000160018) handling event "create" for row d19c0809-c8e7-4649-aa40-15e200c643ae (table: Chassis_Private) {{(pid=102224) notify /opt/stack/neutron/neutron/plugins/ml2/drivers/ovn/mech_driver/ovsdb/ovsdb_monitor.py:906}}
Mar 19 14:11:48.742307 np0000160018 devstack@neutron-api.service[102224]: INFO neutron.plugins.ml2.drivers.ovn.mech_driver.mech_driver [None req-8d25fb2a-c947-47e2-a13f-120ca626e87c None None] WorkerService process has finished the post initialization
Mar 19 14:11:48.742637 np0000160018 devstack@neutron-api.service[102225]: DEBUG neutron.common.ovn.hash_ring_manager [None req-49e6e1fb-24de-49d6-9f71-63ffc48ff4d4 None None] Hash Ring loaded. 4 active nodes. 0 offline nodes {{(pid=102225) _load_hash_ring /opt/stack/neutron/neutron/common/ovn/hash_ring_manager.py:102}}
Mar 19 14:11:48.742800 np0000160018 devstack@neutron-api.service[102225]: DEBUG neutron.plugins.ml2.drivers.ovn.mech_driver.ovsdb.ovsdb_monitor [None req-49e6e1fb-24de-49d6-9f71-63ffc48ff4d4 None None] Hash Ring: Node e82ad843da0d50c8837411e0b9ace153 (host: np0000160018) handling event "create" for row fd7ffe43-4bba-4985-986e-6befe2c9e717 (table: Chassis) {{(pid=102225) notify /opt/stack/neutron/neutron/plugins/ml2/drivers/ovn/mech_driver/ovsdb/ovsdb_monitor.py:906}}
Mar 19 14:11:48.743547 np0000160018 devstack@neutron-api.service[102224]: WSGI app 0 (mountpoint='') ready in 8 seconds on interpreter 0x769738aa3668 pid: 102224 (default app)
Mar 19 14:11:48.743600 np0000160018 devstack@neutron-api.service[102225]: DEBUG ovsdbapp.backend.ovs_idl.event [None req-49e6e1fb-24de-49d6-9f71-63ffc48ff4d4 None None] Matched CREATE: ChassisBandwidthConfigEvent(events=('create', 'update'), table='Chassis', conditions=None, old_conditions=None), priority=20 to row=Chassis(uuid=fd7ffe43-4bba-4985-986e-6befe2c9e717, encaps=[b27279d5-6dd9-4f00-a632-9ab9d0f91658], external_ids={}, hostname='np0000160018', name='3686c0cd-1a74-4fe1-8bac-73a281c97bc8', nb_cfg=0, other_config={'ct-commit-nat-v2': 'true', 'ct-commit-to-zone': 'true', 'ct-next-zone': 'true', 'ct-no-masked-label': 'true', 'ct-state-save': 'true', 'datapath-type': 'system', 'fdb-timestamp': 'true', 'iface-types': 'afxdp,afxdp-nonpmd,bareudp,erspan,geneve,gre,gtpu,internal,ip6erspan,ip6gre,lisp,patch,srv6,stt,system,tap,vxlan', 'is-interconn': 'false', 'ls-dpg-column': 'true', 'mac-binding-timestamp': 'true', 'ovn-bridge-mappings': 'public:br-ex', 'ovn-chassis-mac-mappings': '', 'ovn-cms-options': 'enable-chassis-as-gw', 'ovn-ct-lb-related': 'true', 'ovn-enable-lflow-cache': 'true', 'ovn-limit-lflow-cache': '', 'ovn-memlimit-lflow-cache-kb': '', 'ovn-monitor-all': 'false', 'ovn-trim-limit-lflow-cache': '', 'ovn-trim-timeout-ms': '', 'ovn-trim-wmark-perc-lflow-cache': '', 'port-up-notif': 'true'}, transport_zones=[], vtep_logical_switches=[]) old= {{(pid=102225) matches /opt/stack/data/venv/lib/python3.12/site-packages/ovsdbapp/backend/ovs_idl/event.py:55}}
Mar 19 14:11:48.744082 np0000160018 devstack@neutron-api.service[102225]: DEBUG neutron.plugins.ml2.drivers.ovn.mech_driver.ovsdb.ovsdb_monitor [None req-49e6e1fb-24de-49d6-9f71-63ffc48ff4d4 None None] ChassisAgentWriteEvent : Matched Chassis_Private, create, None None {{(pid=102225) matches /opt/stack/neutron/neutron/plugins/ml2/drivers/ovn/mech_driver/ovsdb/ovsdb_monitor.py:64}}
Mar 19 14:11:48.744272 np0000160018 devstack@neutron-api.service[102225]: DEBUG neutron.plugins.ml2.drivers.ovn.mech_driver.ovsdb.ovsdb_monitor [None req-49e6e1fb-24de-49d6-9f71-63ffc48ff4d4 None None] ChassisOVNAgentWriteEvent : Matched Chassis_Private, create, None None {{(pid=102225) matches /opt/stack/neutron/neutron/plugins/ml2/drivers/ovn/mech_driver/ovsdb/ovsdb_monitor.py:64}}
Mar 19 14:11:48.744696 np0000160018 devstack@neutron-api.service[102225]: DEBUG neutron.plugins.ml2.drivers.ovn.mech_driver.ovsdb.ovsdb_monitor [None req-49e6e1fb-24de-49d6-9f71-63ffc48ff4d4 None None] Hash Ring: Node e82ad843da0d50c8837411e0b9ace153 (host: np0000160018) handling event "create" for row b27279d5-6dd9-4f00-a632-9ab9d0f91658 (table: Encap) {{(pid=102225) notify /opt/stack/neutron/neutron/plugins/ml2/drivers/ovn/mech_driver/ovsdb/ovsdb_monitor.py:906}}
Mar 19 14:11:48.745861 np0000160018 devstack@neutron-api.service[102225]: INFO neutron.plugins.ml2.drivers.ovn.mech_driver.mech_driver [None req-49e6e1fb-24de-49d6-9f71-63ffc48ff4d4 None None] WorkerService process has finished the post initialization
Mar 19 14:11:48.747003 np0000160018 devstack@neutron-api.service[102225]: INFO neutron.plugins.ml2.drivers.ovn.mech_driver.ovsdb.extensions.qos [-] Starting OVNClientQosExtension
Mar 19 14:11:48.747489 np0000160018 devstack@neutron-api.service[102225]: INFO neutron.plugins.ml2.drivers.ovn.mech_driver.ovsdb.extensions.placement [-] Starting OVNClientPlacementExtension
Mar 19 14:11:48.749721 np0000160018 devstack@neutron-api.service[102225]: WSGI app 0 (mountpoint='') ready in 8 seconds on interpreter 0x769738aa3668 pid: 102225 (default app)
Mar 19 14:11:48.765909 np0000160018 devstack@neutron-api.service[102226]: DEBUG ovsdbapp.backend.ovs_idl [None req-f4df9b5a-1e81-4411-8b28-47d4f3a60f55 None None] Created lookup_table index Chassis.name {{(pid=102226) autocreate_indices /opt/stack/data/venv/lib/python3.12/site-packages/ovsdbapp/backend/ovs_idl/__init__.py:87}}
Mar 19 14:11:48.766029 np0000160018 devstack@neutron-api.service[102226]: DEBUG ovsdbapp.backend.ovs_idl [None req-f4df9b5a-1e81-4411-8b28-47d4f3a60f55 None None] Created lookup_table index Port_Binding.logical_port {{(pid=102226) autocreate_indices /opt/stack/data/venv/lib/python3.12/site-packages/ovsdbapp/backend/ovs_idl/__init__.py:87}}
Mar 19 14:11:48.766205 np0000160018 devstack@neutron-api.service[102226]: DEBUG ovsdbapp.backend.ovs_idl [None req-f4df9b5a-1e81-4411-8b28-47d4f3a60f55 None None] Created schema index Chassis_Private.name {{(pid=102226) autocreate_indices /opt/stack/data/venv/lib/python3.12/site-packages/ovsdbapp/backend/ovs_idl/__init__.py:106}}
Mar 19 14:11:48.766335 np0000160018 devstack@neutron-api.service[102226]: DEBUG ovsdbapp.backend.ovs_idl [None req-f4df9b5a-1e81-4411-8b28-47d4f3a60f55 None None] Created schema index Datapath_Binding.tunnel_key {{(pid=102226) autocreate_indices /opt/stack/data/venv/lib/python3.12/site-packages/ovsdbapp/backend/ovs_idl/__init__.py:106}}
Mar 19 14:11:48.769701 np0000160018 devstack@neutron-api.service[102226]: INFO ovsdbapp.backend.ovs_idl.vlog [None req-f4df9b5a-1e81-4411-8b28-47d4f3a60f55 None None] ssl:199.204.45.149:6642: connecting...
Mar 19 14:11:48.778523 np0000160018 devstack@neutron-api.service[102226]: INFO ovsdbapp.backend.ovs_idl.vlog [None req-f4df9b5a-1e81-4411-8b28-47d4f3a60f55 None None] ssl:199.204.45.149:6642: connected
Mar 19 14:11:48.811251 np0000160018 devstack@neutron-api.service[102226]: DEBUG neutron.common.ovn.hash_ring_manager [None req-f4df9b5a-1e81-4411-8b28-47d4f3a60f55 None None] Allow caching, nodes 4>=4 {{(pid=102226) _wait_startup_before_caching /opt/stack/neutron/neutron/common/ovn/hash_ring_manager.py:65}}
Mar 19 14:11:48.815373 np0000160018 devstack@neutron-api.service[102226]: DEBUG neutron.common.ovn.hash_ring_manager [None req-f4df9b5a-1e81-4411-8b28-47d4f3a60f55 None None] Hash Ring loaded. 4 active nodes. 0 offline nodes {{(pid=102226) _load_hash_ring /opt/stack/neutron/neutron/common/ovn/hash_ring_manager.py:102}}
Mar 19 14:11:48.815585 np0000160018 devstack@neutron-api.service[102226]: DEBUG neutron.plugins.ml2.drivers.ovn.mech_driver.ovsdb.ovsdb_monitor [None req-f4df9b5a-1e81-4411-8b28-47d4f3a60f55 None None] ChassisOVNAgentWriteEvent : Matched Chassis_Private, create, None None {{(pid=102226) matches /opt/stack/neutron/neutron/plugins/ml2/drivers/ovn/mech_driver/ovsdb/ovsdb_monitor.py:64}}
Mar 19 14:11:48.815685 np0000160018 devstack@neutron-api.service[102226]: DEBUG neutron.plugins.ml2.drivers.ovn.mech_driver.ovsdb.ovsdb_monitor [None req-f4df9b5a-1e81-4411-8b28-47d4f3a60f55 None None] ChassisAgentWriteEvent : Matched Chassis_Private, create, None None {{(pid=102226) matches /opt/stack/neutron/neutron/plugins/ml2/drivers/ovn/mech_driver/ovsdb/ovsdb_monitor.py:64}}
Mar 19 14:11:48.819124 np0000160018 devstack@neutron-api.service[102226]: INFO neutron.plugins.ml2.drivers.ovn.mech_driver.mech_driver [None req-f4df9b5a-1e81-4411-8b28-47d4f3a60f55 None None] WorkerService process has finished the post initialization
Mar 19 14:11:48.820386 np0000160018 devstack@neutron-api.service[102226]: WSGI app 0 (mountpoint='') ready in 8 seconds on interpreter 0x769738aa3668 pid: 102226 (default app)
Mar 19 14:11:50.068932 np0000160018 devstack@neutron-api.service[102224]: DEBUG neutron.plugins.ml2.drivers.ovn.mech_driver.ovsdb.ovsdb_monitor [-] Hash Ring: Node cd7d2392bcc35cfa98d71edf0f235fce (host: np0000160018) handling event "update" for row d56ac0ce-ff67-4167-a211-4586534e74dd (table: Connection) {{(pid=102224) notify /opt/stack/neutron/neutron/plugins/ml2/drivers/ovn/mech_driver/ovsdb/ovsdb_monitor.py:906}}
Mar 19 14:11:50.074193 np0000160018 devstack@neutron-api.service[102223]: DEBUG neutron.common.ovn.hash_ring_manager [-] Allow caching, nodes 4>=4 {{(pid=102223) _wait_startup_before_caching /opt/stack/neutron/neutron/common/ovn/hash_ring_manager.py:65}}
Mar 19 14:11:50.074193 np0000160018 devstack@neutron-api.service[102223]: DEBUG neutron.plugins.ml2.drivers.ovn.mech_driver.ovsdb.ovsdb_monitor [-] Hash Ring: Node b1648c84b608586b806b7f5a3d3ba387 (host: np0000160018) handling event "update" for row d56ac0ce-ff67-4167-a211-4586534e74dd (table: Connection) {{(pid=102223) notify /opt/stack/neutron/neutron/plugins/ml2/drivers/ovn/mech_driver/ovsdb/ovsdb_monitor.py:906}}
Mar 19 14:11:52.567614 np0000160018 devstack@neutron-api.service[102224]: DEBUG neutron.plugins.ml2.drivers.ovn.mech_driver.ovsdb.ovsdb_monitor [-] Hash Ring: Node cd7d2392bcc35cfa98d71edf0f235fce (host: np0000160018) handling event "update" for row d56ac0ce-ff67-4167-a211-4586534e74dd (table: Connection) {{(pid=102224) notify /opt/stack/neutron/neutron/plugins/ml2/drivers/ovn/mech_driver/ovsdb/ovsdb_monitor.py:906}}
Mar 19 14:11:52.567918 np0000160018 devstack@neutron-api.service[102223]: DEBUG neutron.plugins.ml2.drivers.ovn.mech_driver.ovsdb.ovsdb_monitor [-] Hash Ring: Node b1648c84b608586b806b7f5a3d3ba387 (host: np0000160018) handling event "update" for row d56ac0ce-ff67-4167-a211-4586534e74dd (table: Connection) {{(pid=102223) notify /opt/stack/neutron/neutron/plugins/ml2/drivers/ovn/mech_driver/ovsdb/ovsdb_monitor.py:906}}
Mar 19 14:11:54.378842 np0000160018 devstack@neutron-api.service[102223]: DEBUG neutron.api.wsgi [None req-b4773b31-93e9-4f9d-920b-c7524e72f048 admin admin] Missing Content-Type {{(pid=102223) get_content_type /opt/stack/neutron/neutron/api/wsgi.py:85}}
Mar 19 14:11:54.379769 np0000160018 devstack@neutron-api.service[102223]: DEBUG neutron.api.wsgi [None req-b4773b31-93e9-4f9d-920b-c7524e72f048 admin admin] https://199.204.45.149/networking/v2.0/extensions returned with HTTP 200 {{(pid=102223) __call__ /opt/stack/neutron/neutron/api/wsgi.py:545}}
Mar 19 14:11:54.379769 np0000160018 devstack@neutron-api.service[102223]: [pid: 102223|app: 0|req: 2/2] 199.204.45.149 () {64 vars in 1323 bytes} [Thu Mar 19 14:11:54 2026] GET /networking/v2.0/extensions => generated 15208 bytes in 260 msecs (HTTP/1.1 200) 4 headers in 159 bytes (1 switches on core 0)
Mar 19 14:11:54.758456 np0000160018 devstack@neutron-api.service[102224]: DEBUG neutron.api.v2.base [None req-08fa9789-20c3-45f0-8bd6-cac7b00b7f13 admin admin] Request body: {'subnetpool': {'prefixes': ['10.1.0.0/20'], 'shared': True, 'default_prefixlen': 26, 'name': 'shared-default-subnetpool-v4', 'is_default': True}} {{(pid=102224) prepare_request_body /opt/stack/neutron/neutron/api/v2/base.py:729}}
Mar 19 14:11:54.965065 np0000160018 devstack@neutron-api.service[102224]: DEBUG neutron.policy [None req-08fa9789-20c3-45f0-8bd6-cac7b00b7f13 admin admin] Loaded default policies from ['neutron'] under neutron.policies entry points {{(pid=102224) register_rules /opt/stack/neutron/neutron/policy.py:65}}
Mar 19 14:11:55.120300 np0000160018 devstack@neutron-api.service[102224]: DEBUG neutron_lib.callbacks.manager [None req-08fa9789-20c3-45f0-8bd6-cac7b00b7f13 admin admin] Publish callbacks ['neutron.objects.securitygroup.RbacNeutronDbObjectMixin.validate_rbac_policy_change-1639554717195', 'neutron.objects.address_group.RbacNeutronDbObjectMixin.validate_rbac_policy_change-1639554625313', 'neutron.objects.network.RbacNeutronDbObjectMixin.validate_rbac_policy_change-1639554639977', 'neutron.objects.qos.policy.RbacNeutronDbObjectMixin.validate_rbac_policy_change-1639554643343', 'neutron.objects.subnetpool.RbacNeutronDbObjectMixin.validate_rbac_policy_change-1639554657319', 'neutron.objects.address_scope.RbacNeutronDbObjectMixin.validate_rbac_policy_change-1639554671947', 'neutron.plugins.ml2.plugin.External_net_db_mixin._process_ext_policy_create-1395101', 'neutron.plugins.ml2.plugin.NeutronDbPluginV2.validate_network_rbac_policy_change-1391933', 'neutron.services.network_ip_availability.plugin.NeutronDbPluginV2.validate_network_rbac_policy_change-2559350', 'neutron.services.network_ip_availability.plugin.NeutronDbPluginV2.validate_network_rbac_policy_change-2961895'] for rbac-policy (None), before_create {{(pid=102224) _notify_loop /opt/stack/data/venv/lib/python3.12/site-packages/neutron_lib/callbacks/manager.py:184}}
Mar 19 14:11:55.175492 np0000160018 devstack@neutron-api.service[102224]: DEBUG neutron_lib.callbacks.manager [None req-08fa9789-20c3-45f0-8bd6-cac7b00b7f13 admin admin] Publish callbacks [] for subnetpool (None), before_response {{(pid=102224) _notify_loop /opt/stack/data/venv/lib/python3.12/site-packages/neutron_lib/callbacks/manager.py:184}}
Mar 19 14:11:55.176196 np0000160018 devstack@neutron-api.service[102224]: [pid: 102224|app: 0|req: 1/3] 199.204.45.149 () {68 vars in 1367 bytes} [Thu Mar 19 14:11:54 2026] POST /networking/v2.0/subnetpools => generated 533 bytes in 524 msecs (HTTP/1.1 201) 4 headers in 162 bytes (1 switches on core 0)
Mar 19 14:11:55.517481 np0000160018 devstack@neutron-api.service[102225]: DEBUG neutron.api.v2.base [None req-be70a32b-ece7-49bf-ab88-bcfa447b4900 admin admin] Request body: {'subnetpool': {'prefixes': ['fd47:7353:11fc::/56'], 'shared': True, 'default_prefixlen': 64, 'name': 'shared-default-subnetpool-v6', 'is_default': True}} {{(pid=102225) prepare_request_body /opt/stack/neutron/neutron/api/v2/base.py:729}}
Mar 19 14:11:55.689803 np0000160018 devstack@neutron-api.service[102225]: DEBUG neutron.policy [None req-be70a32b-ece7-49bf-ab88-bcfa447b4900 admin admin] Loaded default policies from ['neutron'] under neutron.policies entry points {{(pid=102225) register_rules /opt/stack/neutron/neutron/policy.py:65}}
Mar 19 14:11:55.842009 np0000160018 devstack@neutron-api.service[102225]: DEBUG neutron_lib.callbacks.manager [None req-be70a32b-ece7-49bf-ab88-bcfa447b4900 admin admin] Publish callbacks ['neutron.objects.securitygroup.RbacNeutronDbObjectMixin.validate_rbac_policy_change-1639554717195', 'neutron.objects.address_group.RbacNeutronDbObjectMixin.validate_rbac_policy_change-1639554625313', 'neutron.objects.network.RbacNeutronDbObjectMixin.validate_rbac_policy_change-1639554639977', 'neutron.objects.qos.policy.RbacNeutronDbObjectMixin.validate_rbac_policy_change-1639554643343', 'neutron.objects.subnetpool.RbacNeutronDbObjectMixin.validate_rbac_policy_change-1639554657319', 'neutron.objects.address_scope.RbacNeutronDbObjectMixin.validate_rbac_policy_change-1639554671947', 'neutron.plugins.ml2.plugin.External_net_db_mixin._process_ext_policy_create-62814', 'neutron.plugins.ml2.plugin.NeutronDbPluginV2.validate_network_rbac_policy_change-60796', 'neutron.services.network_ip_availability.plugin.NeutronDbPluginV2.validate_network_rbac_policy_change-3018238', 'neutron.services.network_ip_availability.plugin.NeutronDbPluginV2.validate_network_rbac_policy_change-2978000'] for rbac-policy (None), before_create {{(pid=102225) _notify_loop /opt/stack/data/venv/lib/python3.12/site-packages/neutron_lib/callbacks/manager.py:184}}
Mar 19 14:11:55.891382 np0000160018 devstack@neutron-api.service[102225]: DEBUG neutron_lib.callbacks.manager [None req-be70a32b-ece7-49bf-ab88-bcfa447b4900 admin admin] Publish callbacks [] for subnetpool (None), before_response {{(pid=102225) _notify_loop /opt/stack/data/venv/lib/python3.12/site-packages/neutron_lib/callbacks/manager.py:184}}
Mar 19 14:11:55.892488 np0000160018 devstack@neutron-api.service[102225]: [pid: 102225|app: 0|req: 1/4] 199.204.45.149 () {68 vars in 1367 bytes} [Thu Mar 19 14:11:55 2026] POST /networking/v2.0/subnetpools => generated 543 bytes in 483 msecs (HTTP/1.1 201) 4 headers in 162 bytes (1 switches on core 0)
Mar 19 14:11:56.317467 np0000160018 devstack@neutron-api.service[102226]: DEBUG neutron.api.v2.base [None req-df4d19b3-6ee7-4006-838f-dfda8bc3082c admin admin] Request body: {'network': {'admin_state_up': True, 'name': 'private'}} {{(pid=102226) prepare_request_body /opt/stack/neutron/neutron/api/v2/base.py:729}}
Mar 19 14:11:56.342675 np0000160018 devstack@neutron-api.service[102226]: DEBUG neutron.pecan_wsgi.hooks.quota_enforcement [None req-df4d19b3-6ee7-4006-838f-dfda8bc3082c admin admin] Made reservation on behalf of 4188f04641c4464dae92ee0fdfe33f76 for: {'network': 1} {{(pid=102226) before /opt/stack/neutron/neutron/pecan_wsgi/hooks/quota_enforcement.py:66}}
Mar 19 14:11:56.524305 np0000160018 devstack@neutron-api.service[102226]: DEBUG neutron.policy [None req-df4d19b3-6ee7-4006-838f-dfda8bc3082c admin admin] Loaded default policies from ['neutron'] under neutron.policies entry points {{(pid=102226) register_rules /opt/stack/neutron/neutron/policy.py:65}}
Mar 19 14:11:56.628054 np0000160018 devstack@neutron-api.service[102226]: DEBUG neutron_lib.callbacks.manager [None req-df4d19b3-6ee7-4006-838f-dfda8bc3082c admin admin] Publish callbacks ['neutron.plugins.ml2.plugin.SecurityGroupDbMixin._ensure_default_security_group_handler-1341139'] for network (None), before_create {{(pid=102226) _notify_loop /opt/stack/data/venv/lib/python3.12/site-packages/neutron_lib/callbacks/manager.py:184}}
Mar 19 14:11:56.649206 np0000160018 devstack@neutron-api.service[102226]: DEBUG neutron_lib.callbacks.manager [None req-df4d19b3-6ee7-4006-838f-dfda8bc3082c admin admin] Publish callbacks [] for security_group (None), before_create {{(pid=102226) _notify_loop /opt/stack/data/venv/lib/python3.12/site-packages/neutron_lib/callbacks/manager.py:184}}
Mar 19 14:11:56.747336 np0000160018 devstack@neutron-api.service[102226]: DEBUG neutron_lib.callbacks.manager [None req-df4d19b3-6ee7-4006-838f-dfda8bc3082c admin admin] Publish callbacks ['neutron.plugins.ml2.drivers.ovn.mech_driver.mech_driver.OVNMechanismDriver._create_security_group_precommit-510464'] for security_group (22c11670-f576-4afb-ad3f-abc41fb9b18d), precommit_create {{(pid=102226) _notify_loop /opt/stack/data/venv/lib/python3.12/site-packages/neutron_lib/callbacks/manager.py:184}}
Mar 19 14:11:56.747670 np0000160018 devstack@neutron-api.service[102226]: DEBUG neutron.db.ovn_revision_numbers_db [None req-df4d19b3-6ee7-4006-838f-dfda8bc3082c admin admin] create_initial_revision uuid=22c11670-f576-4afb-ad3f-abc41fb9b18d, type=security_groups, rev=-1 {{(pid=102226) create_initial_revision /opt/stack/neutron/neutron/db/ovn_revision_numbers_db.py:98}}
Mar 19 14:11:56.749965 np0000160018 devstack@neutron-api.service[102226]: DEBUG neutron.db.ovn_revision_numbers_db [None req-df4d19b3-6ee7-4006-838f-dfda8bc3082c admin admin] create_initial_revision uuid=1ba9bc6a-58cd-43a5-a374-d8abe448af8f, type=security_group_rules, rev=-1 {{(pid=102226) create_initial_revision /opt/stack/neutron/neutron/db/ovn_revision_numbers_db.py:98}}
Mar 19 14:11:56.751020 np0000160018 devstack@neutron-api.service[102226]: DEBUG neutron.db.ovn_revision_numbers_db [None req-df4d19b3-6ee7-4006-838f-dfda8bc3082c admin admin] create_initial_revision uuid=2c67b1a9-920f-479b-8526-933c0dc2d9fe, type=security_group_rules, rev=-1 {{(pid=102226) create_initial_revision /opt/stack/neutron/neutron/db/ovn_revision_numbers_db.py:98}}
Mar 19 14:11:56.752207 np0000160018 devstack@neutron-api.service[102226]: DEBUG neutron.db.ovn_revision_numbers_db [None req-df4d19b3-6ee7-4006-838f-dfda8bc3082c admin admin] create_initial_revision uuid=394fed3a-794a-4c42-a16e-18bb980c25ac, type=security_group_rules, rev=-1 {{(pid=102226) create_initial_revision /opt/stack/neutron/neutron/db/ovn_revision_numbers_db.py:98}}
Mar 19 14:11:56.753504 np0000160018 devstack@neutron-api.service[102226]: DEBUG neutron.db.ovn_revision_numbers_db [None req-df4d19b3-6ee7-4006-838f-dfda8bc3082c admin admin] create_initial_revision uuid=5230b5fc-b5b1-4bfb-ba41-12d365015b3b, type=security_group_rules, rev=-1 {{(pid=102226) create_initial_revision /opt/stack/neutron/neutron/db/ovn_revision_numbers_db.py:98}}
Mar 19 14:11:56.761304 np0000160018 devstack@neutron-api.service[102226]: DEBUG neutron_lib.callbacks.manager [None req-df4d19b3-6ee7-4006-838f-dfda8bc3082c admin admin] Publish callbacks ['neutron.plugins.ml2.drivers.ovn.mech_driver.mech_driver.OVNMechanismDriver._create_security_group-510486', 'neutron.plugins.ml2.ovo_rpc._ObjectChangeHandler.handle_event-1910470'] for security_group (22c11670-f576-4afb-ad3f-abc41fb9b18d), after_create {{(pid=102226) _notify_loop /opt/stack/data/venv/lib/python3.12/site-packages/neutron_lib/callbacks/manager.py:184}}
Mar 19 14:11:56.761530 np0000160018 devstack@neutron-api.service[102226]: INFO neutron.plugins.ml2.drivers.ovn.mech_driver.ovsdb.extensions.qos [None req-df4d19b3-6ee7-4006-838f-dfda8bc3082c admin admin] Starting OVNClientQosExtension
Mar 19 14:11:56.761899 np0000160018 devstack@neutron-api.service[102226]: INFO neutron.plugins.ml2.drivers.ovn.mech_driver.ovsdb.extensions.placement [None req-df4d19b3-6ee7-4006-838f-dfda8bc3082c admin admin] Starting OVNClientPlacementExtension
Mar 19 14:11:56.763367 np0000160018 devstack@neutron-api.service[102226]: DEBUG ovsdbapp.backend.ovs_idl.transaction [-] Running txn n=1 command(idx=0): PgAddCommand(_result=None, name=pg_22c11670_f576_4afb_ad3f_abc41fb9b18d, may_exist=False, columns={'acls': [], 'external_ids': {'neutron:security_group_id': '22c11670-f576-4afb-ad3f-abc41fb9b18d'}}) {{(pid=102226) do_commit /opt/stack/data/venv/lib/python3.12/site-packages/ovsdbapp/backend/ovs_idl/transaction.py:89}}
Mar 19 14:11:56.765177 np0000160018 devstack@neutron-api.service[102226]: DEBUG ovsdbapp.backend.ovs_idl.transaction [-] Running txn n=1 command(idx=1): PgAclAddCommand(_result=None, entity=pg_22c11670_f576_4afb_ad3f_abc41fb9b18d, direction=to-lport, priority=1002, match=outport == @pg_22c11670_f576_4afb_ad3f_abc41fb9b18d && ip4 && ip4.src == $pg_22c11670_f576_4afb_ad3f_abc41fb9b18d_ip4, action=allow-related, log=False, may_exist=True, severity=[], name=[], meter=[], external_ids={'neutron:security_group_rule_id': '1ba9bc6a-58cd-43a5-a374-d8abe448af8f'}) {{(pid=102226) do_commit /opt/stack/data/venv/lib/python3.12/site-packages/ovsdbapp/backend/ovs_idl/transaction.py:89}}
Mar 19 14:11:56.765752 np0000160018 devstack@neutron-api.service[102226]: DEBUG ovsdbapp.backend.ovs_idl.transaction [-] Running txn n=1 command(idx=2): PgAclAddCommand(_result=None, entity=pg_22c11670_f576_4afb_ad3f_abc41fb9b18d, direction=to-lport, priority=1002, match=outport == @pg_22c11670_f576_4afb_ad3f_abc41fb9b18d && ip6 && ip6.src == $pg_22c11670_f576_4afb_ad3f_abc41fb9b18d_ip6, action=allow-related, log=False, may_exist=True, severity=[], name=[], meter=[], external_ids={'neutron:security_group_rule_id': '2c67b1a9-920f-479b-8526-933c0dc2d9fe'}) {{(pid=102226) do_commit /opt/stack/data/venv/lib/python3.12/site-packages/ovsdbapp/backend/ovs_idl/transaction.py:89}}
Mar 19 14:11:56.766283 np0000160018 devstack@neutron-api.service[102226]: DEBUG ovsdbapp.backend.ovs_idl.transaction [-] Running txn n=1 command(idx=3): PgAclAddCommand(_result=None, entity=pg_22c11670_f576_4afb_ad3f_abc41fb9b18d, direction=from-lport, priority=1002, match=inport == @pg_22c11670_f576_4afb_ad3f_abc41fb9b18d && ip6, action=allow-related, log=False, may_exist=True, severity=[], name=[], meter=[], external_ids={'neutron:security_group_rule_id': '394fed3a-794a-4c42-a16e-18bb980c25ac'}) {{(pid=102226) do_commit /opt/stack/data/venv/lib/python3.12/site-packages/ovsdbapp/backend/ovs_idl/transaction.py:89}}
Mar 19 14:11:56.766746 np0000160018 devstack@neutron-api.service[102226]: DEBUG ovsdbapp.backend.ovs_idl.transaction [-] Running txn n=1 command(idx=4): PgAclAddCommand(_result=None, entity=pg_22c11670_f576_4afb_ad3f_abc41fb9b18d, direction=from-lport, priority=1002, match=inport == @pg_22c11670_f576_4afb_ad3f_abc41fb9b18d && ip4, action=allow-related, log=False, may_exist=True, severity=[], name=[], meter=[], external_ids={'neutron:security_group_rule_id': '5230b5fc-b5b1-4bfb-ba41-12d365015b3b'}) {{(pid=102226) do_commit /opt/stack/data/venv/lib/python3.12/site-packages/ovsdbapp/backend/ovs_idl/transaction.py:89}}
Mar 19 14:11:56.803743 np0000160018 devstack@neutron-api.service[102223]: DEBUG neutron.plugins.ml2.drivers.ovn.mech_driver.ovsdb.ovsdb_monitor [-] Hash Ring: Node b1648c84b608586b806b7f5a3d3ba387 (host: np0000160018) handling event "create" for row 0529cf4c-5d07-4fa5-97a2-b6dda7481184 (table: ACL) {{(pid=102223) notify /opt/stack/neutron/neutron/plugins/ml2/drivers/ovn/mech_driver/ovsdb/ovsdb_monitor.py:906}}
Mar 19 14:11:56.804283 np0000160018 devstack@neutron-api.service[102223]: DEBUG neutron.plugins.ml2.drivers.ovn.mech_driver.ovsdb.ovsdb_monitor [-] Hash Ring: Node b1648c84b608586b806b7f5a3d3ba387 (host: np0000160018) handling event "create" for row 4bd2c90e-10c3-4612-929f-dca663e802f7 (table: ACL) {{(pid=102223) notify /opt/stack/neutron/neutron/plugins/ml2/drivers/ovn/mech_driver/ovsdb/ovsdb_monitor.py:906}}
Mar 19 14:11:56.804359 np0000160018 devstack@neutron-api.service[102223]: DEBUG neutron.plugins.ml2.drivers.ovn.mech_driver.ovsdb.ovsdb_monitor [-] Hash Ring: Node b1648c84b608586b806b7f5a3d3ba387 (host: np0000160018) handling event "create" for row 992726e0-a872-4d64-9ff0-1d7063aefcb3 (table: ACL) {{(pid=102223) notify /opt/stack/neutron/neutron/plugins/ml2/drivers/ovn/mech_driver/ovsdb/ovsdb_monitor.py:906}}
Mar 19 14:11:56.804461 np0000160018 devstack@neutron-api.service[102225]: DEBUG neutron.plugins.ml2.drivers.ovn.mech_driver.ovsdb.ovsdb_monitor [-] Hash Ring: Node e82ad843da0d50c8837411e0b9ace153 (host: np0000160018) handling event "create" for row 4bd2c90e-10c3-4612-929f-dca663e802f7 (table: ACL) {{(pid=102225) notify /opt/stack/neutron/neutron/plugins/ml2/drivers/ovn/mech_driver/ovsdb/ovsdb_monitor.py:906}}
Mar 19 14:11:56.804951 np0000160018 devstack@neutron-api.service[102223]: DEBUG neutron.plugins.ml2.drivers.ovn.mech_driver.ovsdb.ovsdb_monitor [-] Hash Ring: Node b1648c84b608586b806b7f5a3d3ba387 (host: np0000160018) handling event "create" for row ff0ddbae-9e0f-4252-939a-23e95a888ffd (table: ACL) {{(pid=102223) notify /opt/stack/neutron/neutron/plugins/ml2/drivers/ovn/mech_driver/ovsdb/ovsdb_monitor.py:906}}
Mar 19 14:11:56.804951 np0000160018 devstack@neutron-api.service[102223]: DEBUG neutron.plugins.ml2.drivers.ovn.mech_driver.ovsdb.ovsdb_monitor [-] Hash Ring: Node b1648c84b608586b806b7f5a3d3ba387 (host: np0000160018) handling event "create" for row d837ec0d-c319-4170-bc5f-ab8e36198f5a (table: Port_Group) {{(pid=102223) notify /opt/stack/neutron/neutron/plugins/ml2/drivers/ovn/mech_driver/ovsdb/ovsdb_monitor.py:906}}
Mar 19 14:11:56.805838 np0000160018 devstack@neutron-api.service[102226]: DEBUG neutron.plugins.ml2.drivers.ovn.mech_driver.ovsdb.ovsdb_monitor [-] Hash Ring: Node d21e943b4a0c548591f9188f643735c9 (host: np0000160018) handling event "create" for row 0529cf4c-5d07-4fa5-97a2-b6dda7481184 (table: ACL) {{(pid=102226) notify /opt/stack/neutron/neutron/plugins/ml2/drivers/ovn/mech_driver/ovsdb/ovsdb_monitor.py:906}}
Mar 19 14:11:56.806136 np0000160018 devstack@neutron-api.service[102226]: DEBUG neutron.plugins.ml2.drivers.ovn.mech_driver.ovsdb.ovsdb_monitor [-] Hash Ring: Node d21e943b4a0c548591f9188f643735c9 (host: np0000160018) handling event "create" for row ff0ddbae-9e0f-4252-939a-23e95a888ffd (table: ACL) {{(pid=102226) notify /opt/stack/neutron/neutron/plugins/ml2/drivers/ovn/mech_driver/ovsdb/ovsdb_monitor.py:906}}
Mar 19 14:11:56.806324 np0000160018 devstack@neutron-api.service[102226]: DEBUG neutron.plugins.ml2.drivers.ovn.mech_driver.ovsdb.ovsdb_monitor [-] Hash Ring: Node d21e943b4a0c548591f9188f643735c9 (host: np0000160018) handling event "create" for row d837ec0d-c319-4170-bc5f-ab8e36198f5a (table: Port_Group) {{(pid=102226) notify /opt/stack/neutron/neutron/plugins/ml2/drivers/ovn/mech_driver/ovsdb/ovsdb_monitor.py:906}}
Mar 19 14:11:56.806633 np0000160018 devstack@neutron-api.service[102224]: DEBUG neutron.plugins.ml2.drivers.ovn.mech_driver.ovsdb.ovsdb_monitor [-] Hash Ring: Node cd7d2392bcc35cfa98d71edf0f235fce (host: np0000160018) handling event "create" for row 992726e0-a872-4d64-9ff0-1d7063aefcb3 (table: ACL) {{(pid=102224) notify /opt/stack/neutron/neutron/plugins/ml2/drivers/ovn/mech_driver/ovsdb/ovsdb_monitor.py:906}}
Mar 19 14:11:56.833256 np0000160018 devstack@neutron-api.service[102226]: INFO neutron.db.ovn_revision_numbers_db [None req-df4d19b3-6ee7-4006-838f-dfda8bc3082c admin admin] Successfully bumped revision number for resource 22c11670-f576-4afb-ad3f-abc41fb9b18d (type: security_groups) to 1
Mar 19 14:11:56.851293 np0000160018 devstack@neutron-api.service[102226]: INFO neutron.db.ovn_revision_numbers_db [None req-df4d19b3-6ee7-4006-838f-dfda8bc3082c admin admin] Successfully bumped revision number for resource 1ba9bc6a-58cd-43a5-a374-d8abe448af8f (type: security_group_rules) to 0
Mar 19 14:11:56.868801 np0000160018 devstack@neutron-api.service[102226]: INFO neutron.db.ovn_revision_numbers_db [None req-df4d19b3-6ee7-4006-838f-dfda8bc3082c admin admin] Successfully bumped revision number for resource 2c67b1a9-920f-479b-8526-933c0dc2d9fe (type: security_group_rules) to 0
Mar 19 14:11:56.883370 np0000160018 devstack@neutron-api.service[102226]: INFO neutron.db.ovn_revision_numbers_db [None req-df4d19b3-6ee7-4006-838f-dfda8bc3082c admin admin] Successfully bumped revision number for resource 394fed3a-794a-4c42-a16e-18bb980c25ac (type: security_group_rules) to 0
Mar 19 14:11:56.899780 np0000160018 devstack@neutron-api.service[102226]: INFO neutron.db.ovn_revision_numbers_db [None req-df4d19b3-6ee7-4006-838f-dfda8bc3082c admin admin] Successfully bumped revision number for resource 5230b5fc-b5b1-4bfb-ba41-12d365015b3b (type: security_group_rules) to 0
Mar 19 14:11:56.924031 np0000160018 devstack@neutron-api.service[102226]: DEBUG neutron.api.rpc.handlers.resources_rpc [None req-df4d19b3-6ee7-4006-838f-dfda8bc3082c admin admin] Pushing event updated for resources: {'SecurityGroup': ['ID=22c11670-f576-4afb-ad3f-abc41fb9b18d,revision_number=1']} {{(pid=102226) push /opt/stack/neutron/neutron/api/rpc/handlers/resources_rpc.py:237}}
Mar 19 14:11:56.932583 np0000160018 devstack@neutron-api.service[102226]: DEBUG ovsdbapp.backend.ovs_idl.transaction [-] Running txn n=1 command(idx=0): CheckLivenessCommand(_result=None) {{(pid=102226) do_commit /opt/stack/data/venv/lib/python3.12/site-packages/ovsdbapp/backend/ovs_idl/transaction.py:89}}
Mar 19 14:11:56.935888 np0000160018 devstack@neutron-api.service[102223]: DEBUG neutron.plugins.ml2.drivers.ovn.mech_driver.ovsdb.ovsdb_monitor [-] Hash Ring: Node b1648c84b608586b806b7f5a3d3ba387 (host: np0000160018) handling event "update" for row dd1ae139-e4b5-4c9a-be57-e2e38b7b880b (table: NB_Global) {{(pid=102223) notify /opt/stack/neutron/neutron/plugins/ml2/drivers/ovn/mech_driver/ovsdb/ovsdb_monitor.py:906}}
Mar 19 14:11:56.936802 np0000160018 devstack@neutron-api.service[102224]: DEBUG neutron.plugins.ml2.drivers.ovn.mech_driver.ovsdb.ovsdb_monitor [-] Hash Ring: Node cd7d2392bcc35cfa98d71edf0f235fce (host: np0000160018) handling event "update" for row dd1ae139-e4b5-4c9a-be57-e2e38b7b880b (table: NB_Global) {{(pid=102224) notify /opt/stack/neutron/neutron/plugins/ml2/drivers/ovn/mech_driver/ovsdb/ovsdb_monitor.py:906}}
Mar 19 14:11:56.937666 np0000160018 devstack@neutron-api.service[102224]: DEBUG neutron.plugins.ml2.drivers.ovn.mech_driver.ovsdb.ovsdb_monitor [-] Hash Ring: Node cd7d2392bcc35cfa98d71edf0f235fce (host: np0000160018) handling event "update" for row dd1ae139-e4b5-4c9a-be57-e2e38b7b880b (table: NB_Global) {{(pid=102224) notify /opt/stack/neutron/neutron/plugins/ml2/drivers/ovn/mech_driver/ovsdb/ovsdb_monitor.py:906}}
Mar 19 14:11:56.938083 np0000160018 devstack@neutron-api.service[102223]: DEBUG neutron.plugins.ml2.drivers.ovn.mech_driver.ovsdb.ovsdb_monitor [-] Hash Ring: Node b1648c84b608586b806b7f5a3d3ba387 (host: np0000160018) handling event "update" for row dd1ae139-e4b5-4c9a-be57-e2e38b7b880b (table: NB_Global) {{(pid=102223) notify /opt/stack/neutron/neutron/plugins/ml2/drivers/ovn/mech_driver/ovsdb/ovsdb_monitor.py:906}}
Mar 19 14:11:56.939108 np0000160018 devstack@neutron-api.service[102224]: DEBUG neutron.plugins.ml2.drivers.ovn.mech_driver.ovsdb.ovsdb_monitor [-] ChassisAgentWriteEvent : Matched Chassis_Private, update, None None {{(pid=102224) matches /opt/stack/neutron/neutron/plugins/ml2/drivers/ovn/mech_driver/ovsdb/ovsdb_monitor.py:64}}
Mar 19 14:11:56.939198 np0000160018 devstack@neutron-api.service[102223]: DEBUG neutron.plugins.ml2.drivers.ovn.mech_driver.ovsdb.ovsdb_monitor [-] Hash Ring: Node b1648c84b608586b806b7f5a3d3ba387 (host: np0000160018) handling event "update" for row dd1ae139-e4b5-4c9a-be57-e2e38b7b880b (table: NB_Global) {{(pid=102223) notify /opt/stack/neutron/neutron/plugins/ml2/drivers/ovn/mech_driver/ovsdb/ovsdb_monitor.py:906}}
Mar 19 14:11:56.939901 np0000160018 devstack@neutron-api.service[102224]: DEBUG neutron.plugins.ml2.drivers.ovn.mech_driver.ovsdb.ovsdb_monitor [-] Hash Ring: Node cd7d2392bcc35cfa98d71edf0f235fce (host: np0000160018) handling event "update" for row d19c0809-c8e7-4649-aa40-15e200c643ae (table: Chassis_Private) {{(pid=102224) notify /opt/stack/neutron/neutron/plugins/ml2/drivers/ovn/mech_driver/ovsdb/ovsdb_monitor.py:906}}
Mar 19 14:11:56.940009 np0000160018 devstack@neutron-api.service[102226]: DEBUG neutron.api.rpc.callbacks.version_manager [None req-df4d19b3-6ee7-4006-838f-dfda8bc3082c admin admin] Tracked resource versions report:
Mar 19 14:11:56.940009 np0000160018 devstack@neutron-api.service[102226]: pushed versions:
Mar 19 14:11:56.940009 np0000160018 devstack@neutron-api.service[102226]: { 'AddressGroup': {'1.2'},
Mar 19 14:11:56.940009 np0000160018 devstack@neutron-api.service[102226]: 'Agent': {'1.1'},
Mar 19 14:11:56.940009 np0000160018 devstack@neutron-api.service[102226]: 'ConntrackHelper': {'1.0'},
Mar 19 14:11:56.940009 np0000160018 devstack@neutron-api.service[102226]: 'LocalIPAssociation': {'1.0'},
Mar 19 14:11:56.940009 np0000160018 devstack@neutron-api.service[102226]: 'Log': {'1.0'},
Mar 19 14:11:56.940009 np0000160018 devstack@neutron-api.service[102226]: 'NDPProxy': {'1.0'},
Mar 19 14:11:56.940009 np0000160018 devstack@neutron-api.service[102226]: 'Network': {'1.2'},
Mar 19 14:11:56.940009 np0000160018 devstack@neutron-api.service[102226]: 'Port': {'1.10'},
Mar 19 14:11:56.940009 np0000160018 devstack@neutron-api.service[102226]: 'PortForwarding': {'1.3'},
Mar 19 14:11:56.940009 np0000160018 devstack@neutron-api.service[102226]: 'QosPolicy': {'1.10'},
Mar 19 14:11:56.940009 np0000160018 devstack@neutron-api.service[102226]: 'SecurityGroup': {'1.6'},
Mar 19 14:11:56.940009 np0000160018 devstack@neutron-api.service[102226]: 'SecurityGroupRule': {'1.3'},
Mar 19 14:11:56.940009 np0000160018 devstack@neutron-api.service[102226]: 'SubPort': {'1.0'},
Mar 19 14:11:56.940009 np0000160018 devstack@neutron-api.service[102226]: 'Subnet': {'1.2'},
Mar 19 14:11:56.940009 np0000160018 devstack@neutron-api.service[102226]: 'Trunk': {'1.1'}}
Mar 19 14:11:56.940009 np0000160018 devstack@neutron-api.service[102226]: consumer versions:
Mar 19 14:11:56.940009 np0000160018 devstack@neutron-api.service[102226]: {}
Mar 19 14:11:56.940009 np0000160018 devstack@neutron-api.service[102226]: {{(pid=102226) report /opt/stack/neutron/neutron/api/rpc/callbacks/version_manager.py:183}}
Mar 19 14:11:56.940693 np0000160018 devstack@neutron-api.service[102223]: DEBUG neutron.plugins.ml2.drivers.ovn.mech_driver.ovsdb.ovsdb_monitor [-] ChassisAgentWriteEvent : Matched Chassis_Private, update, None None {{(pid=102223) matches /opt/stack/neutron/neutron/plugins/ml2/drivers/ovn/mech_driver/ovsdb/ovsdb_monitor.py:64}}
Mar 19 14:11:56.941593 np0000160018 devstack@neutron-api.service[102224]: DEBUG neutron.plugins.ml2.drivers.ovn.mech_driver.ovsdb.ovsdb_monitor [-] Hash Ring: Node cd7d2392bcc35cfa98d71edf0f235fce (host: np0000160018) handling event "update" for row dd1ae139-e4b5-4c9a-be57-e2e38b7b880b (table: NB_Global) {{(pid=102224) notify /opt/stack/neutron/neutron/plugins/ml2/drivers/ovn/mech_driver/ovsdb/ovsdb_monitor.py:906}}
Mar 19 14:11:56.942388 np0000160018 devstack@neutron-api.service[102225]: DEBUG neutron.plugins.ml2.drivers.ovn.mech_driver.ovsdb.ovsdb_monitor [-] ChassisAgentWriteEvent : Matched Chassis_Private, update, None None {{(pid=102225) matches /opt/stack/neutron/neutron/plugins/ml2/drivers/ovn/mech_driver/ovsdb/ovsdb_monitor.py:64}}
Mar 19 14:11:56.942720 np0000160018 devstack@neutron-api.service[102224]: DEBUG neutron.plugins.ml2.drivers.ovn.mech_driver.ovsdb.ovsdb_monitor [-] Hash Ring: Node cd7d2392bcc35cfa98d71edf0f235fce (host: np0000160018) handling event "update" for row dd1ae139-e4b5-4c9a-be57-e2e38b7b880b (table: NB_Global) {{(pid=102224) notify /opt/stack/neutron/neutron/plugins/ml2/drivers/ovn/mech_driver/ovsdb/ovsdb_monitor.py:906}}
Mar 19 14:11:56.943632 np0000160018 devstack@neutron-api.service[102223]: DEBUG neutron.plugins.ml2.drivers.ovn.mech_driver.ovsdb.ovsdb_monitor [-] Hash Ring: Node b1648c84b608586b806b7f5a3d3ba387 (host: np0000160018) handling event "update" for row dd1ae139-e4b5-4c9a-be57-e2e38b7b880b (table: NB_Global) {{(pid=102223) notify /opt/stack/neutron/neutron/plugins/ml2/drivers/ovn/mech_driver/ovsdb/ovsdb_monitor.py:906}}
Mar 19 14:11:56.943952 np0000160018 devstack@neutron-api.service[102224]: DEBUG neutron.plugins.ml2.drivers.ovn.mech_driver.ovsdb.ovsdb_monitor [-] ChassisOVNAgentWriteEvent : Matched Chassis_Private, update, None None {{(pid=102224) matches /opt/stack/neutron/neutron/plugins/ml2/drivers/ovn/mech_driver/ovsdb/ovsdb_monitor.py:64}}
Mar 19 14:11:56.944310 np0000160018 devstack@neutron-api.service[102224]: DEBUG neutron.plugins.ml2.drivers.ovn.mech_driver.ovsdb.ovsdb_monitor [-] Hash Ring: Node cd7d2392bcc35cfa98d71edf0f235fce (host: np0000160018) handling event "update" for row d19c0809-c8e7-4649-aa40-15e200c643ae (table: Chassis_Private) {{(pid=102224) notify /opt/stack/neutron/neutron/plugins/ml2/drivers/ovn/mech_driver/ovsdb/ovsdb_monitor.py:906}}
