Mar 19 14:12:21.364530 np0000160018 systemd[1]: Starting devstack@n-api-meta.service - Devstack devstack@n-api-meta.service...
Mar 19 14:12:21.374142 np0000160018 devstack@n-api-meta.service[107372]: [uWSGI] getting INI configuration from /etc/nova/nova-metadata-uwsgi.ini
Mar 19 14:12:21.374987 np0000160018 devstack@n-api-meta.service[107372]: open("./http_plugin.so"): No such file or directory [core/utils.c line 3709]
Mar 19 14:12:21.374987 np0000160018 devstack@n-api-meta.service[107372]: !!! UNABLE to load uWSGI plugin: ./http_plugin.so: cannot open shared object file: No such file or directory !!!
Mar 19 14:12:21.374987 np0000160018 devstack@n-api-meta.service[107372]: open("./python3_plugin.so"): No such file or directory [core/utils.c line 3709]
Mar 19 14:12:21.374987 np0000160018 devstack@n-api-meta.service[107372]: !!! UNABLE to load uWSGI plugin: ./python3_plugin.so: cannot open shared object file: No such file or directory !!!
Mar 19 14:12:21.374987 np0000160018 devstack@n-api-meta.service[107372]: *** Starting uWSGI 2.0.31 (64bit) on [Thu Mar 19 14:12:21 2026] ***
Mar 19 14:12:21.374987 np0000160018 devstack@n-api-meta.service[107372]: compiled with version: 13.3.0 on 19 March 2026 14:01:12
Mar 19 14:12:21.374987 np0000160018 devstack@n-api-meta.service[107372]: os: Linux-6.8.0-106-generic #106-Ubuntu SMP PREEMPT_DYNAMIC Fri Mar 6 07:58:08 UTC 2026
Mar 19 14:12:21.374987 np0000160018 devstack@n-api-meta.service[107372]: nodename: np0000160018
Mar 19 14:12:21.374987 np0000160018 devstack@n-api-meta.service[107372]: machine: x86_64
Mar 19 14:12:21.374987 np0000160018 devstack@n-api-meta.service[107372]: clock source: unix
Mar 19 14:12:21.374987 np0000160018 devstack@n-api-meta.service[107372]: pcre jit disabled
Mar 19 14:12:21.374987 np0000160018 devstack@n-api-meta.service[107372]: detected number of CPU cores: 16
Mar 19 14:12:21.374987 np0000160018 devstack@n-api-meta.service[107372]: current working directory: /
Mar 19 14:12:21.374987 np0000160018 devstack@n-api-meta.service[107372]: detected binary path: /opt/stack/data/venv/bin/uwsgi
Mar 19 14:12:21.374987 np0000160018 devstack@n-api-meta.service[107372]: your processes number limit is 256917
Mar 19 14:12:21.374987 np0000160018 devstack@n-api-meta.service[107372]: your memory page size is 4096 bytes
Mar 19 14:12:21.374987 np0000160018 devstack@n-api-meta.service[107372]: detected max file descriptor number: 2048
Mar 19 14:12:21.374987 np0000160018 devstack@n-api-meta.service[107372]: lock engine: pthread robust mutexes
Mar 19 14:12:21.374987 np0000160018 devstack@n-api-meta.service[107372]: thunder lock: enabled
Mar 19 14:12:21.375923 np0000160018 devstack@n-api-meta.service[107372]: uWSGI http bound on 0.0.0.0:8775 fd 5
Mar 19 14:12:21.375923 np0000160018 devstack@n-api-meta.service[107372]: uwsgi socket 0 bound to TCP address 127.0.0.1:41751 (port auto-assigned) fd 4
Mar 19 14:12:21.375923 np0000160018 devstack@n-api-meta.service[107372]: Python version: 3.12.3 (main, Mar 3 2026, 12:15:18) [GCC 13.3.0]
Mar 19 14:12:21.375923 np0000160018 devstack@n-api-meta.service[107372]: PEP 405 virtualenv detected: /opt/stack/data/venv
Mar 19 14:12:21.375923 np0000160018 devstack@n-api-meta.service[107372]: Set PythonHome to /opt/stack/data/venv
Mar 19 14:12:21.413490 np0000160018 devstack@n-api-meta.service[107372]: Python main interpreter initialized at 0x7274ef6a3668
Mar 19 14:12:21.413490 np0000160018 devstack@n-api-meta.service[107372]: python threads support enabled
Mar 19 14:12:21.413490 np0000160018 devstack@n-api-meta.service[107372]: your server socket listen backlog is limited to 100 connections
Mar 19 14:12:21.413490 np0000160018 devstack@n-api-meta.service[107372]: your mercy for graceful operations on workers is 80 seconds
Mar 19 14:12:21.414094 np0000160018 devstack@n-api-meta.service[107372]: mapped 671795 bytes (656 KB) for 4 cores
Mar 19 14:12:21.414189 np0000160018 devstack@n-api-meta.service[107372]: *** Operational MODE: preforking ***
Mar 19 14:12:21.414468 np0000160018 devstack@n-api-meta.service[107372]: *** uWSGI is running in multiple interpreter mode ***
Mar 19 14:12:21.414468 np0000160018 devstack@n-api-meta.service[107372]: spawned uWSGI master process (pid: 107372)
Mar 19 14:12:21.414661 np0000160018 systemd[1]: Started devstack@n-api-meta.service - Devstack devstack@n-api-meta.service.
Mar 19 14:12:21.415278 np0000160018 devstack@n-api-meta.service[107372]: spawned uWSGI worker 1 (pid: 107373, cores: 1)
Mar 19 14:12:21.415841 np0000160018 devstack@n-api-meta.service[107372]: spawned uWSGI worker 2 (pid: 107374, cores: 1)
Mar 19 14:12:21.416312 np0000160018 devstack@n-api-meta.service[107372]: spawned uWSGI worker 3 (pid: 107375, cores: 1)
Mar 19 14:12:21.416750 np0000160018 devstack@n-api-meta.service[107372]: spawned uWSGI worker 4 (pid: 107376, cores: 1)
Mar 19 14:12:21.417316 np0000160018 devstack@n-api-meta.service[107372]: spawned uWSGI http 1 (pid: 107377)
Mar 19 14:12:21.417316 np0000160018 devstack@n-api-meta.service[107372]: running "unix_signal:15 gracefully_kill_them_all" (master-start)...
Mar 19 14:12:21.784602 np0000160018 devstack@n-api-meta.service[107375]: Service is starting with native threading. This is currently experimental. Do not use it in production without first testing it in pre-production.
Mar 19 14:12:21.799923 np0000160018 devstack@n-api-meta.service[107374]: Service is starting with native threading. This is currently experimental. Do not use it in production without first testing it in pre-production.
Mar 19 14:12:21.804194 np0000160018 devstack@n-api-meta.service[107376]: Service is starting with native threading. This is currently experimental. Do not use it in production without first testing it in pre-production.
Mar 19 14:12:21.819021 np0000160018 devstack@n-api-meta.service[107373]: Service is starting with native threading. This is currently experimental. Do not use it in production without first testing it in pre-production.
Mar 19 14:12:23.310464 np0000160018 devstack@n-api-meta.service[107375]: INFO dbcounter [None req-aed3e7d9-ca82-4a27-b98b-65a65ec402b0 None None] Registered counter for database nova_api
Mar 19 14:12:23.327341 np0000160018 devstack@n-api-meta.service[107375]: DEBUG oslo_db.sqlalchemy.engines [None req-aed3e7d9-ca82-4a27-b98b-65a65ec402b0 None None] MySQL server mode set to STRICT_TRANS_TABLES,STRICT_ALL_TABLES,NO_ZERO_IN_DATE,NO_ZERO_DATE,ERROR_FOR_DIVISION_BY_ZERO,TRADITIONAL,NO_ENGINE_SUBSTITUTION {{(pid=107375) _check_effective_sql_mode /opt/stack/data/venv/lib/python3.12/site-packages/oslo_db/sqlalchemy/engines.py:325}}
Mar 19 14:12:23.359911 np0000160018 devstack@n-api-meta.service[107374]: INFO dbcounter [None req-c8f9ebe6-65f7-4901-b158-0f0c5130228b None None] Registered counter for database nova_api
Mar 19 14:12:23.366723 np0000160018 devstack@n-api-meta.service[107375]: DEBUG dbcounter [-] [107375] Writer thread running {{(pid=107375) stat_writer /opt/stack/data/venv/lib/python3.12/site-packages/dbcounter.py:102}}
Mar 19 14:12:23.369987 np0000160018 devstack@n-api-meta.service[107375]: DEBUG nova.context [None req-aed3e7d9-ca82-4a27-b98b-65a65ec402b0 None None] Found 2 cells: 00000000-0000-0000-0000-000000000000(cell0),89fcbf35-3080-410b-b7b5-77ce9020dc84(cell1) {{(pid=107375) load_cells /opt/stack/nova/nova/context.py:509}}
Mar 19 14:12:23.370458 np0000160018 devstack@n-api-meta.service[107373]: INFO dbcounter [None req-277ebe9c-6ace-4350-a4b7-ba3c01eb845b None None] Registered counter for database nova_api
Mar 19 14:12:23.371334 np0000160018 devstack@n-api-meta.service[107375]: INFO nova.utils [None req-aed3e7d9-ca82-4a27-b98b-65a65ec402b0 None None] The cell worker thread pool MainProcess.cell_worker is initialized
Mar 19 14:12:23.372485 np0000160018 devstack@n-api-meta.service[107375]: DEBUG oslo_concurrency.lockutils [None req-aed3e7d9-ca82-4a27-b98b-65a65ec402b0 None None] Acquiring lock "00000000-0000-0000-0000-000000000000" by "nova.context.set_target_cell..get_or_set_cached_cell_and_set_connections" {{(pid=107375) inner /opt/stack/data/venv/lib/python3.12/site-packages/oslo_concurrency/lockutils.py:506}}
Mar 19 14:12:23.372670 np0000160018 devstack@n-api-meta.service[107375]: DEBUG oslo_concurrency.lockutils [None req-aed3e7d9-ca82-4a27-b98b-65a65ec402b0 None None] Lock "00000000-0000-0000-0000-000000000000" acquired by "nova.context.set_target_cell..get_or_set_cached_cell_and_set_connections" :: waited 0.000s {{(pid=107375) inner /opt/stack/data/venv/lib/python3.12/site-packages/oslo_concurrency/lockutils.py:519}}
Mar 19 14:12:23.373118 np0000160018 devstack@n-api-meta.service[107375]: DEBUG oslo_concurrency.lockutils [None req-aed3e7d9-ca82-4a27-b98b-65a65ec402b0 None None] Lock "00000000-0000-0000-0000-000000000000" "released" by "nova.context.set_target_cell..get_or_set_cached_cell_and_set_connections" :: held 0.000s {{(pid=107375) inner /opt/stack/data/venv/lib/python3.12/site-packages/oslo_concurrency/lockutils.py:538}}
Mar 19 14:12:23.374228 np0000160018 devstack@n-api-meta.service[107375]: DEBUG oslo_concurrency.lockutils [None req-aed3e7d9-ca82-4a27-b98b-65a65ec402b0 None None] Acquiring lock "89fcbf35-3080-410b-b7b5-77ce9020dc84" by "nova.context.set_target_cell..get_or_set_cached_cell_and_set_connections" {{(pid=107375) inner /opt/stack/data/venv/lib/python3.12/site-packages/oslo_concurrency/lockutils.py:506}}
Mar 19 14:12:23.374396 np0000160018 devstack@n-api-meta.service[107375]: DEBUG oslo_concurrency.lockutils [None req-aed3e7d9-ca82-4a27-b98b-65a65ec402b0 None None] Lock "89fcbf35-3080-410b-b7b5-77ce9020dc84" acquired by "nova.context.set_target_cell..get_or_set_cached_cell_and_set_connections" :: waited 0.000s {{(pid=107375) inner /opt/stack/data/venv/lib/python3.12/site-packages/oslo_concurrency/lockutils.py:519}}
Mar 19 14:12:23.375534 np0000160018 devstack@n-api-meta.service[107375]: DEBUG oslo_concurrency.lockutils [None req-aed3e7d9-ca82-4a27-b98b-65a65ec402b0 None None] Lock "89fcbf35-3080-410b-b7b5-77ce9020dc84" "released" by "nova.context.set_target_cell..get_or_set_cached_cell_and_set_connections" :: held 0.001s {{(pid=107375) inner /opt/stack/data/venv/lib/python3.12/site-packages/oslo_concurrency/lockutils.py:538}}
Mar 19 14:12:23.377507 np0000160018 devstack@n-api-meta.service[107375]: INFO dbcounter [None req-aed3e7d9-ca82-4a27-b98b-65a65ec402b0 None None] Registered counter for database nova_cell0
Mar 19 14:12:23.380565 np0000160018 devstack@n-api-meta.service[107376]: INFO dbcounter [None req-e471b170-6c7f-46b8-ac95-4b75b4f8f406 None None] Registered counter for database nova_api
Mar 19 14:12:23.381111 np0000160018 devstack@n-api-meta.service[107375]: INFO dbcounter [None req-aed3e7d9-ca82-4a27-b98b-65a65ec402b0 None None] Registered counter for database nova_cell1
Mar 19 14:12:23.381344 np0000160018 devstack@n-api-meta.service[107374]: DEBUG oslo_db.sqlalchemy.engines [None req-c8f9ebe6-65f7-4901-b158-0f0c5130228b None None] MySQL server mode set to STRICT_TRANS_TABLES,STRICT_ALL_TABLES,NO_ZERO_IN_DATE,NO_ZERO_DATE,ERROR_FOR_DIVISION_BY_ZERO,TRADITIONAL,NO_ENGINE_SUBSTITUTION {{(pid=107374) _check_effective_sql_mode /opt/stack/data/venv/lib/python3.12/site-packages/oslo_db/sqlalchemy/engines.py:325}}
Mar 19 14:12:23.385656 np0000160018 devstack@n-api-meta.service[107373]: DEBUG oslo_db.sqlalchemy.engines [None req-277ebe9c-6ace-4350-a4b7-ba3c01eb845b None None] MySQL server mode set to STRICT_TRANS_TABLES,STRICT_ALL_TABLES,NO_ZERO_IN_DATE,NO_ZERO_DATE,ERROR_FOR_DIVISION_BY_ZERO,TRADITIONAL,NO_ENGINE_SUBSTITUTION {{(pid=107373) _check_effective_sql_mode /opt/stack/data/venv/lib/python3.12/site-packages/oslo_db/sqlalchemy/engines.py:325}}
Mar 19 14:12:23.391552 np0000160018 devstack@n-api-meta.service[107375]: DEBUG oslo_db.sqlalchemy.engines [None req-aed3e7d9-ca82-4a27-b98b-65a65ec402b0 None None] MySQL server mode set to STRICT_TRANS_TABLES,STRICT_ALL_TABLES,NO_ZERO_IN_DATE,NO_ZERO_DATE,ERROR_FOR_DIVISION_BY_ZERO,TRADITIONAL,NO_ENGINE_SUBSTITUTION {{(pid=107375) _check_effective_sql_mode /opt/stack/data/venv/lib/python3.12/site-packages/oslo_db/sqlalchemy/engines.py:325}}
Mar 19 14:12:23.403256 np0000160018 devstack@n-api-meta.service[107376]: DEBUG oslo_db.sqlalchemy.engines [None req-e471b170-6c7f-46b8-ac95-4b75b4f8f406 None None] MySQL server mode set to STRICT_TRANS_TABLES,STRICT_ALL_TABLES,NO_ZERO_IN_DATE,NO_ZERO_DATE,ERROR_FOR_DIVISION_BY_ZERO,TRADITIONAL,NO_ENGINE_SUBSTITUTION {{(pid=107376) _check_effective_sql_mode /opt/stack/data/venv/lib/python3.12/site-packages/oslo_db/sqlalchemy/engines.py:325}}
Mar 19 14:12:23.404538 np0000160018 devstack@n-api-meta.service[107375]: DEBUG oslo_db.sqlalchemy.engines [None req-aed3e7d9-ca82-4a27-b98b-65a65ec402b0 None None] MySQL server mode set to STRICT_TRANS_TABLES,STRICT_ALL_TABLES,NO_ZERO_IN_DATE,NO_ZERO_DATE,ERROR_FOR_DIVISION_BY_ZERO,TRADITIONAL,NO_ENGINE_SUBSTITUTION {{(pid=107375) _check_effective_sql_mode /opt/stack/data/venv/lib/python3.12/site-packages/oslo_db/sqlalchemy/engines.py:325}}
Mar 19 14:12:23.420525 np0000160018 devstack@n-api-meta.service[107373]: DEBUG dbcounter [-] [107373] Writer thread running {{(pid=107373) stat_writer /opt/stack/data/venv/lib/python3.12/site-packages/dbcounter.py:102}}
Mar 19 14:12:23.420709 np0000160018 devstack@n-api-meta.service[107374]: DEBUG dbcounter [-] [107374] Writer thread running {{(pid=107374) stat_writer /opt/stack/data/venv/lib/python3.12/site-packages/dbcounter.py:102}}
Mar 19 14:12:23.423450 np0000160018 devstack@n-api-meta.service[107373]: DEBUG nova.context [None req-277ebe9c-6ace-4350-a4b7-ba3c01eb845b None None] Found 2 cells: 00000000-0000-0000-0000-000000000000(cell0),89fcbf35-3080-410b-b7b5-77ce9020dc84(cell1) {{(pid=107373) load_cells /opt/stack/nova/nova/context.py:509}}
Mar 19 14:12:23.423536 np0000160018 devstack@n-api-meta.service[107374]: DEBUG nova.context [None req-c8f9ebe6-65f7-4901-b158-0f0c5130228b None None] Found 2 cells: 00000000-0000-0000-0000-000000000000(cell0),89fcbf35-3080-410b-b7b5-77ce9020dc84(cell1) {{(pid=107374) load_cells /opt/stack/nova/nova/context.py:509}}
Mar 19 14:12:23.423615 np0000160018 devstack@n-api-meta.service[107373]: INFO nova.utils [None req-277ebe9c-6ace-4350-a4b7-ba3c01eb845b None None] The cell worker thread pool MainProcess.cell_worker is initialized
Mar 19 14:12:23.423700 np0000160018 devstack@n-api-meta.service[107374]: INFO nova.utils [None req-c8f9ebe6-65f7-4901-b158-0f0c5130228b None None] The cell worker thread pool MainProcess.cell_worker is initialized
Mar 19 14:12:23.425454 np0000160018 devstack@n-api-meta.service[107374]: DEBUG oslo_concurrency.lockutils [None req-c8f9ebe6-65f7-4901-b158-0f0c5130228b None None] Acquiring lock "00000000-0000-0000-0000-000000000000" by "nova.context.set_target_cell..get_or_set_cached_cell_and_set_connections" {{(pid=107374) inner /opt/stack/data/venv/lib/python3.12/site-packages/oslo_concurrency/lockutils.py:506}}
Mar 19 14:12:23.425532 np0000160018 devstack@n-api-meta.service[107373]: DEBUG oslo_concurrency.lockutils [None req-277ebe9c-6ace-4350-a4b7-ba3c01eb845b None None] Acquiring lock "00000000-0000-0000-0000-000000000000" by "nova.context.set_target_cell..get_or_set_cached_cell_and_set_connections" {{(pid=107373) inner /opt/stack/data/venv/lib/python3.12/site-packages/oslo_concurrency/lockutils.py:506}}
Mar 19 14:12:23.425591 np0000160018 devstack@n-api-meta.service[107373]: DEBUG oslo_concurrency.lockutils [None req-277ebe9c-6ace-4350-a4b7-ba3c01eb845b None None] Lock "00000000-0000-0000-0000-000000000000" acquired by "nova.context.set_target_cell..get_or_set_cached_cell_and_set_connections" :: waited 0.000s {{(pid=107373) inner /opt/stack/data/venv/lib/python3.12/site-packages/oslo_concurrency/lockutils.py:519}}
Mar 19 14:12:23.425645 np0000160018 devstack@n-api-meta.service[107374]: DEBUG oslo_concurrency.lockutils [None req-c8f9ebe6-65f7-4901-b158-0f0c5130228b None None] Lock "00000000-0000-0000-0000-000000000000" acquired by "nova.context.set_target_cell..get_or_set_cached_cell_and_set_connections" :: waited 0.000s {{(pid=107374) inner /opt/stack/data/venv/lib/python3.12/site-packages/oslo_concurrency/lockutils.py:519}}
Mar 19 14:12:23.425978 np0000160018 devstack@n-api-meta.service[107374]: DEBUG oslo_concurrency.lockutils [None req-c8f9ebe6-65f7-4901-b158-0f0c5130228b None None] Lock "00000000-0000-0000-0000-000000000000" "released" by "nova.context.set_target_cell..get_or_set_cached_cell_and_set_connections" :: held 0.000s {{(pid=107374) inner /opt/stack/data/venv/lib/python3.12/site-packages/oslo_concurrency/lockutils.py:538}}
Mar 19 14:12:23.426039 np0000160018 devstack@n-api-meta.service[107373]: DEBUG oslo_concurrency.lockutils [None req-277ebe9c-6ace-4350-a4b7-ba3c01eb845b None None] Lock "00000000-0000-0000-0000-000000000000" "released" by "nova.context.set_target_cell..get_or_set_cached_cell_and_set_connections" :: held 0.000s {{(pid=107373) inner /opt/stack/data/venv/lib/python3.12/site-packages/oslo_concurrency/lockutils.py:538}}
Mar 19 14:12:23.426825 np0000160018 devstack@n-api-meta.service[107373]: DEBUG oslo_concurrency.lockutils [None req-277ebe9c-6ace-4350-a4b7-ba3c01eb845b None None] Acquiring lock "89fcbf35-3080-410b-b7b5-77ce9020dc84" by "nova.context.set_target_cell..get_or_set_cached_cell_and_set_connections" {{(pid=107373) inner /opt/stack/data/venv/lib/python3.12/site-packages/oslo_concurrency/lockutils.py:506}}
Mar 19 14:12:23.426976 np0000160018 devstack@n-api-meta.service[107373]: DEBUG oslo_concurrency.lockutils [None req-277ebe9c-6ace-4350-a4b7-ba3c01eb845b None None] Lock "89fcbf35-3080-410b-b7b5-77ce9020dc84" acquired by "nova.context.set_target_cell..get_or_set_cached_cell_and_set_connections" :: waited 0.000s {{(pid=107373) inner /opt/stack/data/venv/lib/python3.12/site-packages/oslo_concurrency/lockutils.py:519}}
Mar 19 14:12:23.427039 np0000160018 devstack@n-api-meta.service[107374]: DEBUG oslo_concurrency.lockutils [None req-c8f9ebe6-65f7-4901-b158-0f0c5130228b None None] Acquiring lock "89fcbf35-3080-410b-b7b5-77ce9020dc84" by "nova.context.set_target_cell..get_or_set_cached_cell_and_set_connections" {{(pid=107374) inner /opt/stack/data/venv/lib/python3.12/site-packages/oslo_concurrency/lockutils.py:506}}
Mar 19 14:12:23.427202 np0000160018 devstack@n-api-meta.service[107374]: DEBUG oslo_concurrency.lockutils [None req-c8f9ebe6-65f7-4901-b158-0f0c5130228b None None] Lock "89fcbf35-3080-410b-b7b5-77ce9020dc84" acquired by "nova.context.set_target_cell..get_or_set_cached_cell_and_set_connections" :: waited 0.000s {{(pid=107374) inner /opt/stack/data/venv/lib/python3.12/site-packages/oslo_concurrency/lockutils.py:519}}
Mar 19 14:12:23.427867 np0000160018 devstack@n-api-meta.service[107373]: DEBUG oslo_concurrency.lockutils [None req-277ebe9c-6ace-4350-a4b7-ba3c01eb845b None None] Lock "89fcbf35-3080-410b-b7b5-77ce9020dc84" "released" by "nova.context.set_target_cell..get_or_set_cached_cell_and_set_connections" :: held 0.001s {{(pid=107373) inner /opt/stack/data/venv/lib/python3.12/site-packages/oslo_concurrency/lockutils.py:538}}
Mar 19 14:12:23.428085 np0000160018 devstack@n-api-meta.service[107374]: DEBUG oslo_concurrency.lockutils [None req-c8f9ebe6-65f7-4901-b158-0f0c5130228b None None] Lock "89fcbf35-3080-410b-b7b5-77ce9020dc84" "released" by "nova.context.set_target_cell..get_or_set_cached_cell_and_set_connections" :: held 0.001s {{(pid=107374) inner /opt/stack/data/venv/lib/python3.12/site-packages/oslo_concurrency/lockutils.py:538}}
Mar 19 14:12:23.432421 np0000160018 devstack@n-api-meta.service[107373]: INFO dbcounter [None req-277ebe9c-6ace-4350-a4b7-ba3c01eb845b None None] Registered counter for database nova_cell0
Mar 19 14:12:23.433052 np0000160018 devstack@n-api-meta.service[107374]: INFO dbcounter [None req-c8f9ebe6-65f7-4901-b158-0f0c5130228b None None] Registered counter for database nova_cell0
Mar 19 14:12:23.437531 np0000160018 devstack@n-api-meta.service[107374]: INFO dbcounter [None req-c8f9ebe6-65f7-4901-b158-0f0c5130228b None None] Registered counter for database nova_cell1
Mar 19 14:12:23.441456 np0000160018 devstack@n-api-meta.service[107373]: INFO dbcounter [None req-277ebe9c-6ace-4350-a4b7-ba3c01eb845b None None] Registered counter for database nova_cell1
Mar 19 14:12:23.442085 np0000160018 devstack@n-api-meta.service[107376]: DEBUG dbcounter [-] [107376] Writer thread running {{(pid=107376) stat_writer /opt/stack/data/venv/lib/python3.12/site-packages/dbcounter.py:102}}
Mar 19 14:12:23.444990 np0000160018 devstack@n-api-meta.service[107376]: DEBUG nova.context [None req-e471b170-6c7f-46b8-ac95-4b75b4f8f406 None None] Found 2 cells: 00000000-0000-0000-0000-000000000000(cell0),89fcbf35-3080-410b-b7b5-77ce9020dc84(cell1) {{(pid=107376) load_cells /opt/stack/nova/nova/context.py:509}}
Mar 19 14:12:23.445216 np0000160018 devstack@n-api-meta.service[107376]: INFO nova.utils [None req-e471b170-6c7f-46b8-ac95-4b75b4f8f406 None None] The cell worker thread pool MainProcess.cell_worker is initialized
Mar 19 14:12:23.446929 np0000160018 devstack@n-api-meta.service[107374]: DEBUG oslo_db.sqlalchemy.engines [None req-c8f9ebe6-65f7-4901-b158-0f0c5130228b None None] MySQL server mode set to STRICT_TRANS_TABLES,STRICT_ALL_TABLES,NO_ZERO_IN_DATE,NO_ZERO_DATE,ERROR_FOR_DIVISION_BY_ZERO,TRADITIONAL,NO_ENGINE_SUBSTITUTION {{(pid=107374) _check_effective_sql_mode /opt/stack/data/venv/lib/python3.12/site-packages/oslo_db/sqlalchemy/engines.py:325}}
Mar 19 14:12:23.447212 np0000160018 devstack@n-api-meta.service[107376]: DEBUG oslo_concurrency.lockutils [None req-e471b170-6c7f-46b8-ac95-4b75b4f8f406 None None] Acquiring lock "00000000-0000-0000-0000-000000000000" by "nova.context.set_target_cell..get_or_set_cached_cell_and_set_connections" {{(pid=107376) inner /opt/stack/data/venv/lib/python3.12/site-packages/oslo_concurrency/lockutils.py:506}}
Mar 19 14:12:23.447479 np0000160018 devstack@n-api-meta.service[107376]: DEBUG oslo_concurrency.lockutils [None req-e471b170-6c7f-46b8-ac95-4b75b4f8f406 None None] Lock "00000000-0000-0000-0000-000000000000" acquired by "nova.context.set_target_cell..get_or_set_cached_cell_and_set_connections" :: waited 0.000s {{(pid=107376) inner /opt/stack/data/venv/lib/python3.12/site-packages/oslo_concurrency/lockutils.py:519}}
Mar 19 14:12:23.447871 np0000160018 devstack@n-api-meta.service[107376]: DEBUG oslo_concurrency.lockutils [None req-e471b170-6c7f-46b8-ac95-4b75b4f8f406 None None] Lock "00000000-0000-0000-0000-000000000000" "released" by "nova.context.set_target_cell..get_or_set_cached_cell_and_set_connections" :: held 0.000s {{(pid=107376) inner /opt/stack/data/venv/lib/python3.12/site-packages/oslo_concurrency/lockutils.py:538}}
Mar 19 14:12:23.448664 np0000160018 devstack@n-api-meta.service[107376]: DEBUG oslo_concurrency.lockutils [None req-e471b170-6c7f-46b8-ac95-4b75b4f8f406 None None] Acquiring lock "89fcbf35-3080-410b-b7b5-77ce9020dc84" by "nova.context.set_target_cell..get_or_set_cached_cell_and_set_connections" {{(pid=107376) inner /opt/stack/data/venv/lib/python3.12/site-packages/oslo_concurrency/lockutils.py:506}}
Mar 19 14:12:23.448815 np0000160018 devstack@n-api-meta.service[107376]: DEBUG oslo_concurrency.lockutils [None req-e471b170-6c7f-46b8-ac95-4b75b4f8f406 None None] Lock "89fcbf35-3080-410b-b7b5-77ce9020dc84" acquired by "nova.context.set_target_cell..get_or_set_cached_cell_and_set_connections" :: waited 0.000s {{(pid=107376) inner /opt/stack/data/venv/lib/python3.12/site-packages/oslo_concurrency/lockutils.py:519}}
Mar 19 14:12:23.449737 np0000160018 devstack@n-api-meta.service[107376]: DEBUG oslo_concurrency.lockutils [None req-e471b170-6c7f-46b8-ac95-4b75b4f8f406 None None] Lock "89fcbf35-3080-410b-b7b5-77ce9020dc84" "released" by "nova.context.set_target_cell..get_or_set_cached_cell_and_set_connections" :: held 0.001s {{(pid=107376) inner /opt/stack/data/venv/lib/python3.12/site-packages/oslo_concurrency/lockutils.py:538}}
Mar 19 14:12:23.452880 np0000160018 devstack@n-api-meta.service[107374]: DEBUG oslo_db.sqlalchemy.engines [None req-c8f9ebe6-65f7-4901-b158-0f0c5130228b None None] MySQL server mode set to STRICT_TRANS_TABLES,STRICT_ALL_TABLES,NO_ZERO_IN_DATE,NO_ZERO_DATE,ERROR_FOR_DIVISION_BY_ZERO,TRADITIONAL,NO_ENGINE_SUBSTITUTION {{(pid=107374) _check_effective_sql_mode /opt/stack/data/venv/lib/python3.12/site-packages/oslo_db/sqlalchemy/engines.py:325}}
Mar 19 14:12:23.452979 np0000160018 devstack@n-api-meta.service[107376]: INFO dbcounter [None req-e471b170-6c7f-46b8-ac95-4b75b4f8f406 None None] Registered counter for database nova_cell0
Mar 19 14:12:23.457757 np0000160018 devstack@n-api-meta.service[107376]: INFO dbcounter [None req-e471b170-6c7f-46b8-ac95-4b75b4f8f406 None None] Registered counter for database nova_cell1
Mar 19 14:12:23.458120 np0000160018 devstack@n-api-meta.service[107373]: DEBUG oslo_db.sqlalchemy.engines [None req-277ebe9c-6ace-4350-a4b7-ba3c01eb845b None None] MySQL server mode set to STRICT_TRANS_TABLES,STRICT_ALL_TABLES,NO_ZERO_IN_DATE,NO_ZERO_DATE,ERROR_FOR_DIVISION_BY_ZERO,TRADITIONAL,NO_ENGINE_SUBSTITUTION {{(pid=107373) _check_effective_sql_mode /opt/stack/data/venv/lib/python3.12/site-packages/oslo_db/sqlalchemy/engines.py:325}}
Mar 19 14:12:23.467482 np0000160018 devstack@n-api-meta.service[107373]: DEBUG oslo_db.sqlalchemy.engines [None req-277ebe9c-6ace-4350-a4b7-ba3c01eb845b None None] MySQL server mode set to STRICT_TRANS_TABLES,STRICT_ALL_TABLES,NO_ZERO_IN_DATE,NO_ZERO_DATE,ERROR_FOR_DIVISION_BY_ZERO,TRADITIONAL,NO_ENGINE_SUBSTITUTION {{(pid=107373) _check_effective_sql_mode /opt/stack/data/venv/lib/python3.12/site-packages/oslo_db/sqlalchemy/engines.py:325}}
Mar 19 14:12:23.473045 np0000160018 devstack@n-api-meta.service[107376]: DEBUG oslo_db.sqlalchemy.engines [None req-e471b170-6c7f-46b8-ac95-4b75b4f8f406 None None] MySQL server mode set to STRICT_TRANS_TABLES,STRICT_ALL_TABLES,NO_ZERO_IN_DATE,NO_ZERO_DATE,ERROR_FOR_DIVISION_BY_ZERO,TRADITIONAL,NO_ENGINE_SUBSTITUTION {{(pid=107376) _check_effective_sql_mode /opt/stack/data/venv/lib/python3.12/site-packages/oslo_db/sqlalchemy/engines.py:325}}
Mar 19 14:12:23.488189 np0000160018 devstack@n-api-meta.service[107376]: DEBUG oslo_db.sqlalchemy.engines [None req-e471b170-6c7f-46b8-ac95-4b75b4f8f406 None None] MySQL server mode set to STRICT_TRANS_TABLES,STRICT_ALL_TABLES,NO_ZERO_IN_DATE,NO_ZERO_DATE,ERROR_FOR_DIVISION_BY_ZERO,TRADITIONAL,NO_ENGINE_SUBSTITUTION {{(pid=107376) _check_effective_sql_mode /opt/stack/data/venv/lib/python3.12/site-packages/oslo_db/sqlalchemy/engines.py:325}}
Mar 19 14:12:23.503513 np0000160018 devstack@n-api-meta.service[107375]: DEBUG dbcounter [-] [107375] Writer thread running {{(pid=107375) stat_writer /opt/stack/data/venv/lib/python3.12/site-packages/dbcounter.py:102}}
Mar 19 14:12:23.509662 np0000160018 devstack@n-api-meta.service[107375]: DEBUG dbcounter [-] [107375] Writer thread running {{(pid=107375) stat_writer /opt/stack/data/venv/lib/python3.12/site-packages/dbcounter.py:102}}
Mar 19 14:12:23.515302 np0000160018 devstack@n-api-meta.service[107375]: INFO dbcounter [None req-aed3e7d9-ca82-4a27-b98b-65a65ec402b0 None None] Registered counter for database nova_cell0
Mar 19 14:12:23.524761 np0000160018 devstack@n-api-meta.service[107375]: DEBUG oslo_db.sqlalchemy.engines [None req-aed3e7d9-ca82-4a27-b98b-65a65ec402b0 None None] MySQL server mode set to STRICT_TRANS_TABLES,STRICT_ALL_TABLES,NO_ZERO_IN_DATE,NO_ZERO_DATE,ERROR_FOR_DIVISION_BY_ZERO,TRADITIONAL,NO_ENGINE_SUBSTITUTION {{(pid=107375) _check_effective_sql_mode /opt/stack/data/venv/lib/python3.12/site-packages/oslo_db/sqlalchemy/engines.py:325}}
Mar 19 14:12:23.532875 np0000160018 devstack@n-api-meta.service[107375]: DEBUG dbcounter [-] [107375] Writer thread running {{(pid=107375) stat_writer /opt/stack/data/venv/lib/python3.12/site-packages/dbcounter.py:102}}
Mar 19 14:12:23.572006 np0000160018 devstack@n-api-meta.service[107376]: DEBUG dbcounter [-] [107376] Writer thread running {{(pid=107376) stat_writer /opt/stack/data/venv/lib/python3.12/site-packages/dbcounter.py:102}}
Mar 19 14:12:23.574412 np0000160018 devstack@n-api-meta.service[107376]: DEBUG dbcounter [-] [107376] Writer thread running {{(pid=107376) stat_writer /opt/stack/data/venv/lib/python3.12/site-packages/dbcounter.py:102}}
Mar 19 14:12:23.579558 np0000160018 devstack@n-api-meta.service[107376]: INFO dbcounter [None req-e471b170-6c7f-46b8-ac95-4b75b4f8f406 None None] Registered counter for database nova_cell0
Mar 19 14:12:23.587052 np0000160018 devstack@n-api-meta.service[107375]: WARNING nova.api.metadata.handler [None req-aed3e7d9-ca82-4a27-b98b-65a65ec402b0 None None] metadata_proxy_shared_secret is not configured, the metadata information returned by the proxy cannot be trusted
Mar 19 14:12:23.587950 np0000160018 devstack@n-api-meta.service[107376]: DEBUG oslo_db.sqlalchemy.engines [None req-e471b170-6c7f-46b8-ac95-4b75b4f8f406 None None] MySQL server mode set to STRICT_TRANS_TABLES,STRICT_ALL_TABLES,NO_ZERO_IN_DATE,NO_ZERO_DATE,ERROR_FOR_DIVISION_BY_ZERO,TRADITIONAL,NO_ENGINE_SUBSTITUTION {{(pid=107376) _check_effective_sql_mode /opt/stack/data/venv/lib/python3.12/site-packages/oslo_db/sqlalchemy/engines.py:325}}
Mar 19 14:12:23.588120 np0000160018 devstack@n-api-meta.service[107374]: DEBUG dbcounter [-] [107374] Writer thread running {{(pid=107374) stat_writer /opt/stack/data/venv/lib/python3.12/site-packages/dbcounter.py:102}}
Mar 19 14:12:23.589218 np0000160018 devstack@n-api-meta.service[107374]: DEBUG dbcounter [-] [107374] Writer thread running {{(pid=107374) stat_writer /opt/stack/data/venv/lib/python3.12/site-packages/dbcounter.py:102}}
Mar 19 14:12:23.589348 np0000160018 devstack@n-api-meta.service[107375]: DEBUG nova.api.openstack.wsgi_app [None req-aed3e7d9-ca82-4a27-b98b-65a65ec402b0 None None] ******************************************************************************** {{(pid=107375) log_opt_values /opt/stack/data/venv/lib/python3.12/site-packages/oslo_config/cfg.py:2979}}
Mar 19 14:12:23.589498 np0000160018 devstack@n-api-meta.service[107375]: DEBUG nova.api.openstack.wsgi_app [None req-aed3e7d9-ca82-4a27-b98b-65a65ec402b0 None None] Configuration options gathered from: {{(pid=107375) log_opt_values /opt/stack/data/venv/lib/python3.12/site-packages/oslo_config/cfg.py:2980}}
Mar 19 14:12:23.589625 np0000160018 devstack@n-api-meta.service[107375]: DEBUG nova.api.openstack.wsgi_app [None req-aed3e7d9-ca82-4a27-b98b-65a65ec402b0 None None] command line args: [] {{(pid=107375) log_opt_values /opt/stack/data/venv/lib/python3.12/site-packages/oslo_config/cfg.py:2981}}
Mar 19 14:12:23.589801 np0000160018 devstack@n-api-meta.service[107375]: DEBUG nova.api.openstack.wsgi_app [None req-aed3e7d9-ca82-4a27-b98b-65a65ec402b0 None None] config files: ['/etc/nova/api-paste.ini', '/etc/nova/nova.conf'] {{(pid=107375) log_opt_values /opt/stack/data/venv/lib/python3.12/site-packages/oslo_config/cfg.py:2982}}
Mar 19 14:12:23.590008 np0000160018 devstack@n-api-meta.service[107375]: DEBUG nova.api.openstack.wsgi_app [None req-aed3e7d9-ca82-4a27-b98b-65a65ec402b0 None None] ================================================================================ {{(pid=107375) log_opt_values /opt/stack/data/venv/lib/python3.12/site-packages/oslo_config/cfg.py:2987}}
Mar 19 14:12:23.590119 np0000160018 devstack@n-api-meta.service[107375]: DEBUG nova.api.openstack.wsgi_app [None req-aed3e7d9-ca82-4a27-b98b-65a65ec402b0 None None] allow_resize_to_same_host = True {{(pid=107375) log_opt_values /opt/stack/data/venv/lib/python3.12/site-packages/oslo_config/cfg.py:2995}}
Mar 19 14:12:23.590283 np0000160018 devstack@n-api-meta.service[107375]: DEBUG nova.api.openstack.wsgi_app [None req-aed3e7d9-ca82-4a27-b98b-65a65ec402b0 None None] arq_binding_timeout = 300 {{(pid=107375) log_opt_values /opt/stack/data/venv/lib/python3.12/site-packages/oslo_config/cfg.py:2995}}
Mar 19 14:12:23.590419 np0000160018 devstack@n-api-meta.service[107375]: DEBUG nova.api.openstack.wsgi_app [None req-aed3e7d9-ca82-4a27-b98b-65a65ec402b0 None None] block_device_allocate_retries = 60 {{(pid=107375) log_opt_values /opt/stack/data/venv/lib/python3.12/site-packages/oslo_config/cfg.py:2995}}
Mar 19 14:12:23.590564 np0000160018 devstack@n-api-meta.service[107375]: DEBUG nova.api.openstack.wsgi_app [None req-aed3e7d9-ca82-4a27-b98b-65a65ec402b0 None None] block_device_allocate_retries_interval = 3 {{(pid=107375) log_opt_values /opt/stack/data/venv/lib/python3.12/site-packages/oslo_config/cfg.py:2995}}
Mar 19 14:12:23.590705 np0000160018 devstack@n-api-meta.service[107375]: DEBUG nova.api.openstack.wsgi_app [None req-aed3e7d9-ca82-4a27-b98b-65a65ec402b0 None None] cell_worker_thread_pool_size = 5 {{(pid=107375) log_opt_values /opt/stack/data/venv/lib/python3.12/site-packages/oslo_config/cfg.py:2995}}
Mar 19 14:12:23.590850 np0000160018 devstack@n-api-meta.service[107375]: DEBUG nova.api.openstack.wsgi_app [None req-aed3e7d9-ca82-4a27-b98b-65a65ec402b0 None None] cert = self.pem {{(pid=107375) log_opt_values /opt/stack/data/venv/lib/python3.12/site-packages/oslo_config/cfg.py:2995}}
Mar 19 14:12:23.591003 np0000160018 devstack@n-api-meta.service[107375]: DEBUG nova.api.openstack.wsgi_app [None req-aed3e7d9-ca82-4a27-b98b-65a65ec402b0 None None] compute_driver = libvirt.LibvirtDriver {{(pid=107375) log_opt_values /opt/stack/data/venv/lib/python3.12/site-packages/oslo_config/cfg.py:2995}}
Mar 19 14:12:23.591139 np0000160018 devstack@n-api-meta.service[107375]: DEBUG nova.api.openstack.wsgi_app [None req-aed3e7d9-ca82-4a27-b98b-65a65ec402b0 None None] compute_monitors = [] {{(pid=107375) log_opt_values /opt/stack/data/venv/lib/python3.12/site-packages/oslo_config/cfg.py:2995}}
Mar 19 14:12:23.591298 np0000160018 devstack@n-api-meta.service[107375]: DEBUG nova.api.openstack.wsgi_app [None req-aed3e7d9-ca82-4a27-b98b-65a65ec402b0 None None] config_dir = [] {{(pid=107375) log_opt_values /opt/stack/data/venv/lib/python3.12/site-packages/oslo_config/cfg.py:2995}}
Mar 19 14:12:23.591440 np0000160018 devstack@n-api-meta.service[107375]: DEBUG nova.api.openstack.wsgi_app [None req-aed3e7d9-ca82-4a27-b98b-65a65ec402b0 None None] config_drive_format = iso9660 {{(pid=107375) log_opt_values /opt/stack/data/venv/lib/python3.12/site-packages/oslo_config/cfg.py:2995}}
Mar 19 14:12:23.591568 np0000160018 devstack@n-api-meta.service[107375]: DEBUG nova.api.openstack.wsgi_app [None req-aed3e7d9-ca82-4a27-b98b-65a65ec402b0 None None] config_file = ['/etc/nova/api-paste.ini', '/etc/nova/nova.conf'] {{(pid=107375) log_opt_values /opt/stack/data/venv/lib/python3.12/site-packages/oslo_config/cfg.py:2995}}
Mar 19 14:12:23.591729 np0000160018 devstack@n-api-meta.service[107375]: DEBUG nova.api.openstack.wsgi_app [None req-aed3e7d9-ca82-4a27-b98b-65a65ec402b0 None None] config_source = [] {{(pid=107375) log_opt_values /opt/stack/data/venv/lib/python3.12/site-packages/oslo_config/cfg.py:2995}}
Mar 19 14:12:23.591882 np0000160018 devstack@n-api-meta.service[107375]: DEBUG nova.api.openstack.wsgi_app [None req-aed3e7d9-ca82-4a27-b98b-65a65ec402b0 None None] console_host = np0000160018 {{(pid=107375) log_opt_values /opt/stack/data/venv/lib/python3.12/site-packages/oslo_config/cfg.py:2995}}
Mar 19 14:12:23.592057 np0000160018 devstack@n-api-meta.service[107375]: DEBUG nova.api.openstack.wsgi_app [None req-aed3e7d9-ca82-4a27-b98b-65a65ec402b0 None None] control_exchange = nova {{(pid=107375) log_opt_values /opt/stack/data/venv/lib/python3.12/site-packages/oslo_config/cfg.py:2995}}
Mar 19 14:12:23.593352 np0000160018 devstack@n-api-meta.service[107375]: DEBUG nova.api.openstack.wsgi_app [None req-aed3e7d9-ca82-4a27-b98b-65a65ec402b0 None None] cpu_allocation_ratio = None {{(pid=107375) log_opt_values /opt/stack/data/venv/lib/python3.12/site-packages/oslo_config/cfg.py:2995}}
Mar 19 14:12:23.593352 np0000160018 devstack@n-api-meta.service[107375]: DEBUG nova.api.openstack.wsgi_app [None req-aed3e7d9-ca82-4a27-b98b-65a65ec402b0 None None] daemon = False {{(pid=107375) log_opt_values /opt/stack/data/venv/lib/python3.12/site-packages/oslo_config/cfg.py:2995}}
Mar 19 14:12:23.593352 np0000160018 devstack@n-api-meta.service[107375]: DEBUG nova.api.openstack.wsgi_app [None req-aed3e7d9-ca82-4a27-b98b-65a65ec402b0 None None] debug = True {{(pid=107375) log_opt_values /opt/stack/data/venv/lib/python3.12/site-packages/oslo_config/cfg.py:2995}}
Mar 19 14:12:23.593352 np0000160018 devstack@n-api-meta.service[107375]: DEBUG nova.api.openstack.wsgi_app [None req-aed3e7d9-ca82-4a27-b98b-65a65ec402b0 None None] default_access_ip_network_name = None {{(pid=107375) log_opt_values /opt/stack/data/venv/lib/python3.12/site-packages/oslo_config/cfg.py:2995}}
Mar 19 14:12:23.593352 np0000160018 devstack@n-api-meta.service[107375]: DEBUG nova.api.openstack.wsgi_app [None req-aed3e7d9-ca82-4a27-b98b-65a65ec402b0 None None] default_availability_zone = nova {{(pid=107375) log_opt_values /opt/stack/data/venv/lib/python3.12/site-packages/oslo_config/cfg.py:2995}}
Mar 19 14:12:23.593352 np0000160018 devstack@n-api-meta.service[107375]: DEBUG nova.api.openstack.wsgi_app [None req-aed3e7d9-ca82-4a27-b98b-65a65ec402b0 None None] default_ephemeral_format = ext4 {{(pid=107375) log_opt_values /opt/stack/data/venv/lib/python3.12/site-packages/oslo_config/cfg.py:2995}}
Mar 19 14:12:23.593352 np0000160018 devstack@n-api-meta.service[107375]: DEBUG nova.api.openstack.wsgi_app [None req-aed3e7d9-ca82-4a27-b98b-65a65ec402b0 None None] default_green_pool_size = 1000 {{(pid=107375) log_opt_values /opt/stack/data/venv/lib/python3.12/site-packages/oslo_config/cfg.py:2995}}
Mar 19 14:12:23.593822 np0000160018 devstack@n-api-meta.service[107375]: DEBUG nova.api.openstack.wsgi_app [None req-aed3e7d9-ca82-4a27-b98b-65a65ec402b0 None None] default_log_levels = ['amqp=WARN', 'boto=WARN', 'sqlalchemy=WARN', 'suds=INFO', 'oslo.messaging=INFO', 'oslo_messaging=INFO', 'iso8601=WARN', 'requests.packages.urllib3.connectionpool=WARN', 'urllib3.connectionpool=WARN', 'websocket=WARN', 'requests.packages.urllib3.util.retry=WARN', 'urllib3.util.retry=WARN', 'keystonemiddleware=WARN', 'routes.middleware=WARN', 'stevedore=WARN', 'taskflow=WARN', 'keystoneauth=WARN', 'oslo.cache=INFO', 'oslo_policy=INFO', 'dogpile.core.dogpile=INFO', 'glanceclient=WARN', 'oslo.privsep.daemon=INFO'] {{(pid=107375) log_opt_values /opt/stack/data/venv/lib/python3.12/site-packages/oslo_config/cfg.py:2995}}
Mar 19 14:12:23.593822 np0000160018 devstack@n-api-meta.service[107375]: DEBUG nova.api.openstack.wsgi_app [None req-aed3e7d9-ca82-4a27-b98b-65a65ec402b0 None None] default_schedule_zone = None {{(pid=107375) log_opt_values /opt/stack/data/venv/lib/python3.12/site-packages/oslo_config/cfg.py:2995}}
Mar 19 14:12:23.593822 np0000160018 devstack@n-api-meta.service[107375]: DEBUG nova.api.openstack.wsgi_app [None req-aed3e7d9-ca82-4a27-b98b-65a65ec402b0 None None] default_thread_pool_size = 10 {{(pid=107375) log_opt_values /opt/stack/data/venv/lib/python3.12/site-packages/oslo_config/cfg.py:2995}}
Mar 19 14:12:23.593822 np0000160018 devstack@n-api-meta.service[107375]: DEBUG nova.api.openstack.wsgi_app [None req-aed3e7d9-ca82-4a27-b98b-65a65ec402b0 None None] disk_allocation_ratio = None {{(pid=107375) log_opt_values /opt/stack/data/venv/lib/python3.12/site-packages/oslo_config/cfg.py:2995}}
Mar 19 14:12:23.593822 np0000160018 devstack@n-api-meta.service[107375]: DEBUG nova.api.openstack.wsgi_app [None req-aed3e7d9-ca82-4a27-b98b-65a65ec402b0 None None] enable_new_services = True {{(pid=107375) log_opt_values /opt/stack/data/venv/lib/python3.12/site-packages/oslo_config/cfg.py:2995}}
Mar 19 14:12:23.594081 np0000160018 devstack@n-api-meta.service[107375]: DEBUG nova.api.openstack.wsgi_app [None req-aed3e7d9-ca82-4a27-b98b-65a65ec402b0 None None] flat_injected = False {{(pid=107375) log_opt_values /opt/stack/data/venv/lib/python3.12/site-packages/oslo_config/cfg.py:2995}}
Mar 19 14:12:23.594081 np0000160018 devstack@n-api-meta.service[107375]: DEBUG nova.api.openstack.wsgi_app [None req-aed3e7d9-ca82-4a27-b98b-65a65ec402b0 None None] force_config_drive = False {{(pid=107375) log_opt_values /opt/stack/data/venv/lib/python3.12/site-packages/oslo_config/cfg.py:2995}}
Mar 19 14:12:23.594081 np0000160018 devstack@n-api-meta.service[107375]: DEBUG nova.api.openstack.wsgi_app [None req-aed3e7d9-ca82-4a27-b98b-65a65ec402b0 None None] force_raw_images = True {{(pid=107375) log_opt_values /opt/stack/data/venv/lib/python3.12/site-packages/oslo_config/cfg.py:2995}}
Mar 19 14:12:23.597056 np0000160018 devstack@n-api-meta.service[107374]: INFO dbcounter [None req-c8f9ebe6-65f7-4901-b158-0f0c5130228b None None] Registered counter for database nova_cell0
Mar 19 14:12:23.597116 np0000160018 devstack@n-api-meta.service[107375]: DEBUG nova.api.openstack.wsgi_app [None req-aed3e7d9-ca82-4a27-b98b-65a65ec402b0 None None] graceful_shutdown_timeout = 5 {{(pid=107375) log_opt_values /opt/stack/data/venv/lib/python3.12/site-packages/oslo_config/cfg.py:2995}}
Mar 19 14:12:23.597116 np0000160018 devstack@n-api-meta.service[107375]: DEBUG nova.api.openstack.wsgi_app [None req-aed3e7d9-ca82-4a27-b98b-65a65ec402b0 None None] heal_instance_info_cache_interval = -1 {{(pid=107375) log_opt_values /opt/stack/data/venv/lib/python3.12/site-packages/oslo_config/cfg.py:2995}}
Mar 19 14:12:23.597116 np0000160018 devstack@n-api-meta.service[107375]: DEBUG nova.api.openstack.wsgi_app [None req-aed3e7d9-ca82-4a27-b98b-65a65ec402b0 None None] host = np0000160018 {{(pid=107375) log_opt_values /opt/stack/data/venv/lib/python3.12/site-packages/oslo_config/cfg.py:2995}}
Mar 19 14:12:23.597116 np0000160018 devstack@n-api-meta.service[107375]: DEBUG nova.api.openstack.wsgi_app [None req-aed3e7d9-ca82-4a27-b98b-65a65ec402b0 None None] initial_cpu_allocation_ratio = 4.0 {{(pid=107375) log_opt_values /opt/stack/data/venv/lib/python3.12/site-packages/oslo_config/cfg.py:2995}}
Mar 19 14:12:23.597116 np0000160018 devstack@n-api-meta.service[107375]: DEBUG nova.api.openstack.wsgi_app [None req-aed3e7d9-ca82-4a27-b98b-65a65ec402b0 None None] initial_disk_allocation_ratio = 1.0 {{(pid=107375) log_opt_values /opt/stack/data/venv/lib/python3.12/site-packages/oslo_config/cfg.py:2995}}
Mar 19 14:12:23.597116 np0000160018 devstack@n-api-meta.service[107375]: DEBUG nova.api.openstack.wsgi_app [None req-aed3e7d9-ca82-4a27-b98b-65a65ec402b0 None None] initial_ram_allocation_ratio = 1.0 {{(pid=107375) log_opt_values /opt/stack/data/venv/lib/python3.12/site-packages/oslo_config/cfg.py:2995}}
Mar 19 14:12:23.597116 np0000160018 devstack@n-api-meta.service[107375]: DEBUG nova.api.openstack.wsgi_app [None req-aed3e7d9-ca82-4a27-b98b-65a65ec402b0 None None] injected_network_template = /opt/stack/nova/nova/virt/interfaces.template {{(pid=107375) log_opt_values /opt/stack/data/venv/lib/python3.12/site-packages/oslo_config/cfg.py:2995}}
Mar 19 14:12:23.597299 np0000160018 devstack@n-api-meta.service[107375]: DEBUG nova.api.openstack.wsgi_app [None req-aed3e7d9-ca82-4a27-b98b-65a65ec402b0 None None] instance_build_timeout = 0 {{(pid=107375) log_opt_values /opt/stack/data/venv/lib/python3.12/site-packages/oslo_config/cfg.py:2995}}
Mar 19 14:12:23.597299 np0000160018 devstack@n-api-meta.service[107375]: DEBUG nova.api.openstack.wsgi_app [None req-aed3e7d9-ca82-4a27-b98b-65a65ec402b0 None None] instance_delete_interval = 300 {{(pid=107375) log_opt_values /opt/stack/data/venv/lib/python3.12/site-packages/oslo_config/cfg.py:2995}}
Mar 19 14:12:23.597299 np0000160018 devstack@n-api-meta.service[107375]: DEBUG nova.api.openstack.wsgi_app [None req-aed3e7d9-ca82-4a27-b98b-65a65ec402b0 None None] instance_format = [instance: %(uuid)s] {{(pid=107375) log_opt_values /opt/stack/data/venv/lib/python3.12/site-packages/oslo_config/cfg.py:2995}}
Mar 19 14:12:23.597299 np0000160018 devstack@n-api-meta.service[107375]: DEBUG nova.api.openstack.wsgi_app [None req-aed3e7d9-ca82-4a27-b98b-65a65ec402b0 None None] instance_name_template = instance-%08x {{(pid=107375) log_opt_values /opt/stack/data/venv/lib/python3.12/site-packages/oslo_config/cfg.py:2995}}
Mar 19 14:12:23.597299 np0000160018 devstack@n-api-meta.service[107375]: DEBUG nova.api.openstack.wsgi_app [None req-aed3e7d9-ca82-4a27-b98b-65a65ec402b0 None None] instance_usage_audit = False {{(pid=107375) log_opt_values /opt/stack/data/venv/lib/python3.12/site-packages/oslo_config/cfg.py:2995}}
Mar 19 14:12:23.597299 np0000160018 devstack@n-api-meta.service[107375]: DEBUG nova.api.openstack.wsgi_app [None req-aed3e7d9-ca82-4a27-b98b-65a65ec402b0 None None] instance_usage_audit_period = month {{(pid=107375) log_opt_values /opt/stack/data/venv/lib/python3.12/site-packages/oslo_config/cfg.py:2995}}
Mar 19 14:12:23.597299 np0000160018 devstack@n-api-meta.service[107375]: DEBUG nova.api.openstack.wsgi_app [None req-aed3e7d9-ca82-4a27-b98b-65a65ec402b0 None None] instance_uuid_format = [instance: %(uuid)s] {{(pid=107375) log_opt_values /opt/stack/data/venv/lib/python3.12/site-packages/oslo_config/cfg.py:2995}}
Mar 19 14:12:23.597463 np0000160018 devstack@n-api-meta.service[107375]: DEBUG nova.api.openstack.wsgi_app [None req-aed3e7d9-ca82-4a27-b98b-65a65ec402b0 None None] instances_path = /opt/stack/data/nova/instances {{(pid=107375) log_opt_values /opt/stack/data/venv/lib/python3.12/site-packages/oslo_config/cfg.py:2995}}
Mar 19 14:12:23.597463 np0000160018 devstack@n-api-meta.service[107375]: DEBUG nova.api.openstack.wsgi_app [None req-aed3e7d9-ca82-4a27-b98b-65a65ec402b0 None None] internal_service_availability_zone = internal {{(pid=107375) log_opt_values /opt/stack/data/venv/lib/python3.12/site-packages/oslo_config/cfg.py:2995}}
Mar 19 14:12:23.597463 np0000160018 devstack@n-api-meta.service[107375]: DEBUG nova.api.openstack.wsgi_app [None req-aed3e7d9-ca82-4a27-b98b-65a65ec402b0 None None] key = None {{(pid=107375) log_opt_values /opt/stack/data/venv/lib/python3.12/site-packages/oslo_config/cfg.py:2995}}
Mar 19 14:12:23.597463 np0000160018 devstack@n-api-meta.service[107375]: DEBUG nova.api.openstack.wsgi_app [None req-aed3e7d9-ca82-4a27-b98b-65a65ec402b0 None None] live_migration_retry_count = 30 {{(pid=107375) log_opt_values /opt/stack/data/venv/lib/python3.12/site-packages/oslo_config/cfg.py:2995}}
Mar 19 14:12:23.597463 np0000160018 devstack@n-api-meta.service[107375]: DEBUG nova.api.openstack.wsgi_app [None req-aed3e7d9-ca82-4a27-b98b-65a65ec402b0 None None] log_color = False {{(pid=107375) log_opt_values /opt/stack/data/venv/lib/python3.12/site-packages/oslo_config/cfg.py:2995}}
Mar 19 14:12:23.597463 np0000160018 devstack@n-api-meta.service[107375]: DEBUG nova.api.openstack.wsgi_app [None req-aed3e7d9-ca82-4a27-b98b-65a65ec402b0 None None] log_config_append = None {{(pid=107375) log_opt_values /opt/stack/data/venv/lib/python3.12/site-packages/oslo_config/cfg.py:2995}}
Mar 19 14:12:23.597463 np0000160018 devstack@n-api-meta.service[107375]: DEBUG nova.api.openstack.wsgi_app [None req-aed3e7d9-ca82-4a27-b98b-65a65ec402b0 None None] log_date_format = %Y-%m-%d %H:%M:%S {{(pid=107375) log_opt_values /opt/stack/data/venv/lib/python3.12/site-packages/oslo_config/cfg.py:2995}}
Mar 19 14:12:23.597626 np0000160018 devstack@n-api-meta.service[107375]: DEBUG nova.api.openstack.wsgi_app [None req-aed3e7d9-ca82-4a27-b98b-65a65ec402b0 None None] log_dir = None {{(pid=107375) log_opt_values /opt/stack/data/venv/lib/python3.12/site-packages/oslo_config/cfg.py:2995}}
Mar 19 14:12:23.597626 np0000160018 devstack@n-api-meta.service[107375]: DEBUG nova.api.openstack.wsgi_app [None req-aed3e7d9-ca82-4a27-b98b-65a65ec402b0 None None] log_file = None {{(pid=107375) log_opt_values /opt/stack/data/venv/lib/python3.12/site-packages/oslo_config/cfg.py:2995}}
Mar 19 14:12:23.597626 np0000160018 devstack@n-api-meta.service[107375]: DEBUG nova.api.openstack.wsgi_app [None req-aed3e7d9-ca82-4a27-b98b-65a65ec402b0 None None] log_options = True {{(pid=107375) log_opt_values /opt/stack/data/venv/lib/python3.12/site-packages/oslo_config/cfg.py:2995}}
Mar 19 14:12:23.597626 np0000160018 devstack@n-api-meta.service[107375]: DEBUG nova.api.openstack.wsgi_app [None req-aed3e7d9-ca82-4a27-b98b-65a65ec402b0 None None] log_rotate_interval = 1 {{(pid=107375) log_opt_values /opt/stack/data/venv/lib/python3.12/site-packages/oslo_config/cfg.py:2995}}
Mar 19 14:12:23.597710 np0000160018 devstack@n-api-meta.service[107376]: DEBUG dbcounter [-] [107376] Writer thread running {{(pid=107376) stat_writer /opt/stack/data/venv/lib/python3.12/site-packages/dbcounter.py:102}}
Mar 19 14:12:23.597738 np0000160018 devstack@n-api-meta.service[107375]: DEBUG nova.api.openstack.wsgi_app [None req-aed3e7d9-ca82-4a27-b98b-65a65ec402b0 None None] log_rotate_interval_type = days {{(pid=107375) log_opt_values /opt/stack/data/venv/lib/python3.12/site-packages/oslo_config/cfg.py:2995}}
Mar 19 14:12:23.597806 np0000160018 devstack@n-api-meta.service[107375]: DEBUG nova.api.openstack.wsgi_app [None req-aed3e7d9-ca82-4a27-b98b-65a65ec402b0 None None] log_rotation_type = none {{(pid=107375) log_opt_values /opt/stack/data/venv/lib/python3.12/site-packages/oslo_config/cfg.py:2995}}
Mar 19 14:12:23.597981 np0000160018 devstack@n-api-meta.service[107375]: DEBUG nova.api.openstack.wsgi_app [None req-aed3e7d9-ca82-4a27-b98b-65a65ec402b0 None None] logging_context_format_string = %(color)s%(levelname)s %(name)s [%(global_request_id)s %(request_id)s %(project_name)s %(user_name)s%(color)s] %(instance)s%(color)s%(message)s {{(pid=107375) log_opt_values /opt/stack/data/venv/lib/python3.12/site-packages/oslo_config/cfg.py:2995}}
Mar 19 14:12:23.598084 np0000160018 devstack@n-api-meta.service[107375]: DEBUG nova.api.openstack.wsgi_app [None req-aed3e7d9-ca82-4a27-b98b-65a65ec402b0 None None] logging_debug_format_suffix = {{(pid=%(process)d) %(funcName)s %(pathname)s:%(lineno)d}} {{(pid=107375) log_opt_values /opt/stack/data/venv/lib/python3.12/site-packages/oslo_config/cfg.py:2995}}
