2026-04-16 17:34:41.164 7 WARNING neutron.api.rpc.agentnotifiers.dhcp_rpc_agent_api [None req-7068dea6-7b0a-4245-89b3-20012a3ad7ac c48764a26fc54f45a80f1ec32cc85a10 51064d8634fe4c31b32954ab0fe3d5c2 - - default default] Unable to schedule network 146aff9a-7209-434a-a664-c641202f0b81: no agents available; will retry on subsequent port and subnet creation events.
2026-04-16 17:34:41.206 8 INFO neutron.plugins.ml2.drivers.ovn.mech_driver.mech_driver [None req-906ba62c-5430-4d19-876e-cd68d6d8b1d9 - - - - - -] OVN reports status down for port: 856276d7-fa7b-424e-9ce0-0f20b9dfb1fa
2026-04-16 17:34:41.240 7 INFO neutron.db.ovn_revision_numbers_db [None req-7068dea6-7b0a-4245-89b3-20012a3ad7ac c48764a26fc54f45a80f1ec32cc85a10 51064d8634fe4c31b32954ab0fe3d5c2 - - default default] Successfully bumped revision number for resource 856276d7-fa7b-424e-9ce0-0f20b9dfb1fa (type: ports) to 1 [pid: 7|app: 0|req: 920/1813] 10.0.0.21 () {34 vars in 669 bytes} [Thu Apr 16 17:34:40 2026] POST /v2.0/networks => generated 1283 bytes in 1134 msecs (HTTP/1.1 201) 4 headers in 163 bytes (1 switches on core 0) [pid: 7|app: 0|req: 921/1814] 10.0.0.21 () {32 vars in 648 bytes} [Thu Apr 16 17:34:41 2026] GET /v2.0/networks => generated 1970 bytes in 64 msecs (HTTP/1.1 200) 4 headers in 158 bytes (1 switches on core 0)
2026-04-16 17:34:41.439 7 INFO neutron_taas.services.taas.taas_plugin [None req-29ec2078-35cb-41f2-a86f-c88b30b6a715 c48764a26fc54f45a80f1ec32cc85a10 51064d8634fe4c31b32954ab0fe3d5c2 - - default default] TaaS: Handle Delete Port: 304842a1-26e8-4ef1-8ada-2d220f2a18f4
2026-04-16 17:34:41.444 7 INFO neutron_taas.services.taas.tap_mirror_plugin [None req-29ec2078-35cb-41f2-a86f-c88b30b6a715 c48764a26fc54f45a80f1ec32cc85a10 51064d8634fe4c31b32954ab0fe3d5c2 - - default default] Tap Mirror: Handle Delete Port: 304842a1-26e8-4ef1-8ada-2d220f2a18f4
2026-04-16 17:34:41.545 8 INFO neutron.db.ovn_revision_numbers_db [None req-b903f890-15b3-44f1-8ce7-8b42d9e3f3c1 7b0c72e425044be9bd15586547c08a72 404f26ba81a54735903cff3aae30b028 - - default default] Successfully bumped revision number for resource 66bead20-4da7-4bee-9308-59abb230b5fd (type: routers) to 3 [pid: 8|app: 0|req: 894/1815] 10.0.0.21 () {34 vars in 740 bytes} [Thu Apr 16 17:34:41 2026] PUT /v2.0/routers/66bead20-4da7-4bee-9308-59abb230b5fd => generated 963 bytes in 500 msecs (HTTP/1.1 200) 4 headers in 157 bytes (1 switches on core 0) [pid: 8|app: 0|req: 895/1816] 10.0.0.21 () {32 vars in 720 bytes} [Thu Apr 16 17:34:41 2026] GET /v2.0/routers/66bead20-4da7-4bee-9308-59abb230b5fd => generated 963 bytes in 50 msecs (HTTP/1.1 200) 4 headers in 157 bytes (1 switches on core 0)
2026-04-16 17:34:41.622 7 INFO neutron.services.segments.plugin [-] Segment ccb6c81b-0054-4308-a6ff-08a608f5bb41 resource provider aggregate not found
2026-04-16 17:34:41.627 7 INFO neutron.services.segments.plugin [-] Segment ccb6c81b-0054-4308-a6ff-08a608f5bb41 resource provider aggregate not found
2026-04-16 17:34:41.641 7 INFO neutron.services.segments.plugin [-] Segment ccb6c81b-0054-4308-a6ff-08a608f5bb41 resource provider not found; error: Placement Client Error (4xx): {"errors": [{"status": 404, "title": "Not Found", "detail": "The resource could not be found.\n\n No resource provider with uuid ccb6c81b-0054-4308-a6ff-08a608f5bb41 found for delete ", "request_id": "req-8bd1e3a4-4d70-4009-82ae-b833bd07626c"}]} [pid: 8|app: 0|req: 896/1817] 10.0.0.72 () {34 vars in 989 bytes} [Thu Apr 16 17:34:41 2026] GET /v2.0/ports?device_id=0162accf-e90a-4365-8a0a-c1f865480a04 => generated 1209 bytes in 39 msecs (HTTP/1.1 200) 4 headers in 158 bytes (1 switches on core 0)
2026-04-16 17:34:41.649 7 INFO neutron.services.segments.plugin [-] Segment ccb6c81b-0054-4308-a6ff-08a608f5bb41 resource provider not found; error: Placement Client Error (4xx): {"errors": [{"status": 404, "title": "Not Found", "detail": "The resource could not be found.\n\n No resource provider with uuid ccb6c81b-0054-4308-a6ff-08a608f5bb41 found for delete ", "request_id": "req-053dffd5-95bc-4455-9e51-e3e4d6c8b61b"}]} [pid: 7|app: 0|req: 922/1818] 10.0.0.21 () {32 vars in 725 bytes} [Thu Apr 16 17:34:41 2026] DELETE /v2.0/networks/6e8804f2-805d-4f2e-a619-e64a22cb8589 => generated 0 bytes in 319 msecs (HTTP/1.1 204) 3 headers in 131 bytes (1 switches on core 0) [pid: 8|app: 0|req: 897/1819] 10.0.0.21 () {32 vars in 735 bytes} [Thu Apr 16 17:34:41 2026] GET /v2.0/ports?device_id=66bead20-4da7-4bee-9308-59abb230b5fd => generated 12 bytes in 20 msecs (HTTP/1.1 200) 4 headers in 156 bytes (1 switches on core 0) [pid: 7|app: 0|req: 923/1820] 10.0.0.72 () {34 vars in 1039 bytes} [Thu Apr 16 17:34:41 2026] GET /v2.0/security-groups?id=7f4809a1-0746-4954-a68d-45c52a144a8b&fields=id&fields=name => generated 114 bytes in 23 msecs (HTTP/1.1 200) 4 headers in 157 bytes (1 switches on core 0)
2026-04-16 17:34:41.769 8 INFO neutron_taas.services.taas.taas_plugin [None req-4b4b6237-a4d3-48ad-a9e0-a625a3713e6e c48764a26fc54f45a80f1ec32cc85a10 51064d8634fe4c31b32954ab0fe3d5c2 - - default default] TaaS: Handle Delete Port: 856276d7-fa7b-424e-9ce0-0f20b9dfb1fa
2026-04-16 17:34:41.772 8 INFO neutron_taas.services.taas.tap_mirror_plugin [None req-4b4b6237-a4d3-48ad-a9e0-a625a3713e6e c48764a26fc54f45a80f1ec32cc85a10 51064d8634fe4c31b32954ab0fe3d5c2 - - default default] Tap Mirror: Handle Delete Port: 856276d7-fa7b-424e-9ce0-0f20b9dfb1fa
2026-04-16 17:34:41.968 8 INFO neutron.services.segments.plugin [-] Segment 98d076ed-f5cc-4112-8ab4-7142e6e77f7e resource provider aggregate not found
2026-04-16 17:34:41.973 8 INFO neutron.services.segments.plugin [-] Segment 98d076ed-f5cc-4112-8ab4-7142e6e77f7e resource provider aggregate not found
2026-04-16 17:34:41.989 8 INFO neutron.services.segments.plugin [-] Segment 98d076ed-f5cc-4112-8ab4-7142e6e77f7e resource provider not found; error: Placement Client Error (4xx): {"errors": [{"status": 404, "title": "Not Found", "detail": "The resource could not be found.\n\n No resource provider with uuid 98d076ed-f5cc-4112-8ab4-7142e6e77f7e found for delete ", "request_id": "req-511f61e3-dd1d-4ac8-922a-c093f90daa31"}]}
2026-04-16 17:34:41.996 8 INFO neutron.services.segments.plugin [-] Segment 98d076ed-f5cc-4112-8ab4-7142e6e77f7e resource provider not found; error: Placement Client Error (4xx): {"errors": [{"status": 404, "title": "Not Found", "detail": "The resource could not be found.\n\n No resource provider with uuid 98d076ed-f5cc-4112-8ab4-7142e6e77f7e found for delete ", "request_id": "req-f52ad6f7-ba65-4f01-9141-4a282c4eb91a"}]} [pid: 8|app: 0|req: 898/1821] 10.0.0.21 () {32 vars in 725 bytes} [Thu Apr 16 17:34:41 2026] DELETE /v2.0/networks/146aff9a-7209-434a-a664-c641202f0b81 => generated 0 bytes in 360 msecs (HTTP/1.1 204) 3 headers in 131 bytes (1 switches on core 0)
2026-04-16 17:34:42.036 7 INFO neutron_taas.services.taas.taas_plugin [None req-77e9b7cf-8139-4147-826b-9ded92f26eac 7b0c72e425044be9bd15586547c08a72 404f26ba81a54735903cff3aae30b028 - - default default] TaaS: Handle Delete Port: c9a7b953-0525-44ee-807b-55be4a87e70d
2026-04-16 17:34:42.040 7 INFO neutron_taas.services.taas.tap_mirror_plugin [None req-77e9b7cf-8139-4147-826b-9ded92f26eac 7b0c72e425044be9bd15586547c08a72 404f26ba81a54735903cff3aae30b028 - - default default] Tap Mirror: Handle Delete Port: c9a7b953-0525-44ee-807b-55be4a87e70d [pid: 8|app: 0|req: 899/1822] 10.0.0.21 () {32 vars in 648 bytes} [Thu Apr 16 17:34:42 2026] GET /v2.0/networks => generated 689 bytes in 42 msecs (HTTP/1.1 200) 4 headers in 157 bytes (1 switches on core 0)
2026-04-16 17:34:42.191 8 INFO neutron.db.segments_db [None req-e8e50baa-b5bf-4789-953f-4fda650e2d4d c48764a26fc54f45a80f1ec32cc85a10 51064d8634fe4c31b32954ab0fe3d5c2 - - default default] Added segment d2a6e925-10a8-43a7-b87c-248ecf09867c of type geneve for network 1a5be7fd-2961-4fc5-a917-4780d10e884e
2026-04-16 17:34:42.351 8 INFO neutron.db.ovn_revision_numbers_db [None req-e8e50baa-b5bf-4789-953f-4fda650e2d4d c48764a26fc54f45a80f1ec32cc85a10 51064d8634fe4c31b32954ab0fe3d5c2 - - default default] Successfully bumped revision number for resource 1a5be7fd-2961-4fc5-a917-4780d10e884e (type: networks) to 1 [pid: 7|app: 0|req: 924/1823] 10.0.0.21 () {32 vars in 723 bytes} [Thu Apr 16 17:34:41 2026] DELETE /v2.0/routers/66bead20-4da7-4bee-9308-59abb230b5fd => generated 0 bytes in 778 msecs (HTTP/1.1 204) 2 headers in 112 bytes (1 switches on core 0) [pid: 7|app: 0|req: 925/1824] 10.0.0.21 () {32 vars in 735 bytes} [Thu Apr 16 17:34:42 2026] GET /v2.0/ports?device_id=66bead20-4da7-4bee-9308-59abb230b5fd => generated 12 bytes in 20 msecs (HTTP/1.1 200) 4 headers in 156 bytes (1 switches on core 0)
2026-04-16 17:34:42.512 7 INFO neutron.api.v2.resource [None req-b74bab27-4d9f-4b6a-9d3c-a0cfcdbfc889 7b0c72e425044be9bd15586547c08a72 404f26ba81a54735903cff3aae30b028 - - default default] delete failed (client error): The resource could not be found. [pid: 7|app: 0|req: 926/1825] 10.0.0.21 () {32 vars in 723 bytes} [Thu Apr 16 17:34:42 2026] DELETE /v2.0/routers/66bead20-4da7-4bee-9308-59abb230b5fd => generated 135 bytes in 16 msecs (HTTP/1.1 404) 4 headers in 164 bytes (1 switches on core 0) [pid: 7|app: 0|req: 927/1826] 10.0.0.21 () {32 vars in 735 bytes} [Thu Apr 16 17:34:42 2026] GET /v2.0/ports?device_id=082e25fe-c802-43a7-afce-5565610184bd => generated 12 bytes in 16 msecs (HTTP/1.1 200) 4 headers in 156 bytes (1 switches on core 0)
2026-04-16 17:34:42.565 8 WARNING neutron.scheduler.dhcp_agent_scheduler [None req-e8e50baa-b5bf-4789-953f-4fda650e2d4d c48764a26fc54f45a80f1ec32cc85a10 51064d8634fe4c31b32954ab0fe3d5c2 - - default default] No more DHCP agents
2026-04-16 17:34:42.567 8 WARNING neutron.api.rpc.agentnotifiers.dhcp_rpc_agent_api [None req-e8e50baa-b5bf-4789-953f-4fda650e2d4d c48764a26fc54f45a80f1ec32cc85a10 51064d8634fe4c31b32954ab0fe3d5c2 - - default default] Unable to schedule network 1a5be7fd-2961-4fc5-a917-4780d10e884e: no agents available; will retry on subsequent port and subnet creation events.
2026-04-16 17:34:42.573 7 INFO neutron.api.v2.resource [None req-304c2368-a1ca-4b74-b390-05dc9c913b4b 7b0c72e425044be9bd15586547c08a72 404f26ba81a54735903cff3aae30b028 - - default default] delete failed (client error): The resource could not be found. [pid: 7|app: 0|req: 928/1827] 10.0.0.21 () {32 vars in 723 bytes} [Thu Apr 16 17:34:42 2026] DELETE /v2.0/routers/082e25fe-c802-43a7-afce-5565610184bd => generated 135 bytes in 26 msecs (HTTP/1.1 404) 4 headers in 164 bytes (1 switches on core 0)
2026-04-16 17:34:42.590 7 INFO neutron.pecan_wsgi.hooks.translation [None req-e96c5a40-d8a0-4a86-a379-37c096004d4e 7b0c72e425044be9bd15586547c08a72 404f26ba81a54735903cff3aae30b028 - - default default] DELETE failed (client error): The resource could not be found. [pid: 7|app: 0|req: 929/1828] 10.0.0.21 () {32 vars in 723 bytes} [Thu Apr 16 17:34:42 2026] DELETE /v2.0/subnets/4973a070-260b-46d6-b7c9-d9fcabbe9056 => generated 136 bytes in 13 msecs (HTTP/1.1 404) 4 headers in 164 bytes (1 switches on core 0)
2026-04-16 17:34:42.617 8 INFO neutron.plugins.ml2.drivers.ovn.mech_driver.mech_driver [None req-906ba62c-5430-4d19-876e-cd68d6d8b1d9 - - - - - -] OVN reports status down for port: dab69db4-4502-406f-9d94-bac579266233 [pid: 7|app: 0|req: 930/1829] 10.0.0.21 () {32 vars in 735 bytes} [Thu Apr 16 17:34:42 2026] GET /v2.0/ports?device_id=adc11338-5c70-4da0-bae3-30b956917604 => generated 12 bytes in 31 msecs (HTTP/1.1 200) 4 headers in 156 bytes (1 switches on core 0)
2026-04-16 17:34:42.655 7 INFO neutron.api.v2.resource [None req-52a5c337-0c26-405d-a345-906c0bb72ab5 7b0c72e425044be9bd15586547c08a72 404f26ba81a54735903cff3aae30b028 - - default default] delete failed (client error): The resource could not be found. [pid: 7|app: 0|req: 931/1830] 10.0.0.21 () {32 vars in 723 bytes} [Thu Apr 16 17:34:42 2026] DELETE /v2.0/routers/adc11338-5c70-4da0-bae3-30b956917604 => generated 135 bytes in 23 msecs (HTTP/1.1 404) 4 headers in 164 bytes (1 switches on core 0)
2026-04-16 17:34:42.673 7 INFO neutron.pecan_wsgi.hooks.translation [None req-c67944a6-4d5a-4d87-b23f-4b81fb25ea4f 7b0c72e425044be9bd15586547c08a72 404f26ba81a54735903cff3aae30b028 - - default default] DELETE failed (client error): The resource could not be found. [pid: 7|app: 0|req: 932/1831] 10.0.0.21 () {32 vars in 723 bytes} [Thu Apr 16 17:34:42 2026] DELETE /v2.0/subnets/6e6992fc-b391-41e9-a1bb-a61bdc5e164a => generated 136 bytes in 15 msecs (HTTP/1.1 404) 4 headers in 164 bytes (1 switches on core 0)
2026-04-16 17:34:42.683 8 INFO neutron.db.ovn_revision_numbers_db [None req-e8e50baa-b5bf-4789-953f-4fda650e2d4d c48764a26fc54f45a80f1ec32cc85a10 51064d8634fe4c31b32954ab0fe3d5c2 - - default default] Successfully bumped revision number for resource dab69db4-4502-406f-9d94-bac579266233 (type: ports) to 1 [pid: 7|app: 0|req: 933/1832] 10.0.0.21 () {32 vars in 735 bytes} [Thu Apr 16 17:34:42 2026] GET /v2.0/ports?device_id=54010cde-945a-4d81-bc82-1bb347385250 => generated 12 bytes in 19 msecs (HTTP/1.1 200) 4 headers in 156 bytes (1 switches on core 0)
2026-04-16 17:34:42.719 7 INFO neutron.api.v2.resource [None req-66c7e2c0-7f76-40c8-a008-17b29da81335 7b0c72e425044be9bd15586547c08a72 404f26ba81a54735903cff3aae30b028 - - default default] delete failed (client error): The resource could not be found. [pid: 7|app: 0|req: 934/1833] 10.0.0.21 () {32 vars in 723 bytes} [Thu Apr 16 17:34:42 2026] DELETE /v2.0/routers/54010cde-945a-4d81-bc82-1bb347385250 => generated 135 bytes in 16 msecs (HTTP/1.1 404) 4 headers in 164 bytes (1 switches on core 0) [pid: 8|app: 0|req: 900/1834] 10.0.0.21 () {34 vars in 669 bytes} [Thu Apr 16 17:34:42 2026] POST /v2.0/networks => generated 668 bytes in 651 msecs (HTTP/1.1 201) 4 headers in 162 bytes (1 switches on core 0)
2026-04-16 17:34:42.744 7 WARNING neutron.plugins.ml2.drivers.ovn.mech_driver.ovsdb.ovn_client [None req-5b91328b-6e4b-4747-8247-0d9353e9d90b - - - - - -] No port found with ID e2c69363-4478-4eb0-8e4d-eb0784aa74db: RuntimeError: No port found with ID e2c69363-4478-4eb0-8e4d-eb0784aa74db
2026-04-16 17:34:42.762 7 INFO neutron.pecan_wsgi.hooks.translation [None req-6205f1bf-99e5-4230-8bbc-18fa06414c8b 7b0c72e425044be9bd15586547c08a72 404f26ba81a54735903cff3aae30b028 - - default default] DELETE failed (client error): The resource could not be found. [pid: 7|app: 0|req: 935/1835] 10.0.0.21 () {32 vars in 723 bytes} [Thu Apr 16 17:34:42 2026] DELETE /v2.0/subnets/32c21d8d-fcc5-4a03-b9be-3c03c14aad33 => generated 136 bytes in 39 msecs (HTTP/1.1 404) 4 headers in 164 bytes (1 switches on core 0)
2026-04-16 17:34:42.783 7 INFO neutron.plugins.ml2.drivers.ovn.mech_driver.mech_driver [None req-5b91328b-6e4b-4747-8247-0d9353e9d90b - - - - - -] OVN reports status down for port: c9a7b953-0525-44ee-807b-55be4a87e70d
2026-04-16 17:34:42.800 7 INFO neutron.pecan_wsgi.hooks.translation [None req-e14c9e55-37c8-482e-bec0-7de6c2a6aa3c 7b0c72e425044be9bd15586547c08a72 404f26ba81a54735903cff3aae30b028 - - default default] DELETE failed (client error): The resource could not be found. [pid: 7|app: 0|req: 936/1836] 10.0.0.21 () {32 vars in 723 bytes} [Thu Apr 16 17:34:42 2026] DELETE /v2.0/subnets/35fc567b-d64e-4d6d-bbf2-3748e2461394 => generated 136 bytes in 34 msecs (HTTP/1.1 404) 4 headers in 164 bytes (1 switches on core 0)
2026-04-16 17:34:42.808 7 INFO neutron.plugins.ml2.drivers.ovn.mech_driver.mech_driver [None req-5b91328b-6e4b-4747-8247-0d9353e9d90b - - - - - -] OVN reports status up for port: c9a7b953-0525-44ee-807b-55be4a87e70d
2026-04-16 17:34:42.820 7 INFO neutron.plugins.ml2.drivers.ovn.mech_driver.mech_driver [None req-5b91328b-6e4b-4747-8247-0d9353e9d90b - - - - - -] OVN reports status down for port: 304842a1-26e8-4ef1-8ada-2d220f2a18f4
2026-04-16 17:34:42.825 8 INFO neutron.db.segments_db [None req-43aec67c-b444-432e-a6f2-4ad0bf3e0ff9 c48764a26fc54f45a80f1ec32cc85a10 51064d8634fe4c31b32954ab0fe3d5c2 - - default default] Added segment b012e5d1-695a-4a94-87af-f7fb92de59c0 of type geneve for network 13a60366-844e-484b-a354-d1c92331ecf7
2026-04-16 17:34:42.926 8 INFO neutron.db.ovn_revision_numbers_db [None req-43aec67c-b444-432e-a6f2-4ad0bf3e0ff9 c48764a26fc54f45a80f1ec32cc85a10 51064d8634fe4c31b32954ab0fe3d5c2 - - default default] Successfully bumped revision number for resource 13a60366-844e-484b-a354-d1c92331ecf7 (type: networks) to 1
2026-04-16 17:34:43.100 8 WARNING neutron.scheduler.dhcp_agent_scheduler [None req-43aec67c-b444-432e-a6f2-4ad0bf3e0ff9 c48764a26fc54f45a80f1ec32cc85a10 51064d8634fe4c31b32954ab0fe3d5c2 - - default default] No more DHCP agents
2026-04-16 17:34:43.101 8 WARNING neutron.api.rpc.agentnotifiers.dhcp_rpc_agent_api [None req-43aec67c-b444-432e-a6f2-4ad0bf3e0ff9 c48764a26fc54f45a80f1ec32cc85a10 51064d8634fe4c31b32954ab0fe3d5c2 - - default default] Unable to schedule network 13a60366-844e-484b-a354-d1c92331ecf7: no agents available; will retry on subsequent port and subnet creation events.
2026-04-16 17:34:43.142 7 INFO neutron.plugins.ml2.drivers.ovn.mech_driver.mech_driver [None req-5b91328b-6e4b-4747-8247-0d9353e9d90b - - - - - -] OVN reports status down for port: 305d4bc6-1f76-4b6c-80aa-eed91e4c7e4a
2026-04-16 17:34:43.181 8 INFO neutron.db.ovn_revision_numbers_db [None req-43aec67c-b444-432e-a6f2-4ad0bf3e0ff9 c48764a26fc54f45a80f1ec32cc85a10 51064d8634fe4c31b32954ab0fe3d5c2 - - default default] Successfully bumped revision number for resource 305d4bc6-1f76-4b6c-80aa-eed91e4c7e4a (type: ports) to 1 [pid: 8|app: 0|req: 901/1837] 10.0.0.21 () {34 vars in 669 bytes} [Thu Apr 16 17:34:42 2026] POST /v2.0/networks => generated 668 bytes in 460 msecs (HTTP/1.1 201) 4 headers in 162 bytes (1 switches on core 0)
2026-04-16 17:34:43.404 7 INFO neutron.db.ovn_revision_numbers_db [None req-1179126e-05a4-42c8-b6bb-3d116e2cc23a cce701f6e3424b48a9f74d0e8b85cbd3 576e1be47fb041e5bd23cb54f83dd591 - - default default] Successfully bumped revision number for resource b86f03b5-4dd0-42e1-a60c-7392b710fc3d (type: security_groups) to 1
2026-04-16 17:34:43.416 7 INFO neutron.db.ovn_revision_numbers_db [None req-1179126e-05a4-42c8-b6bb-3d116e2cc23a cce701f6e3424b48a9f74d0e8b85cbd3 576e1be47fb041e5bd23cb54f83dd591 - - default default] Successfully bumped revision number for resource 5fdfed27-2e1d-4757-93ab-33bd83e5a003 (type: security_group_rules) to 0
2026-04-16 17:34:43.427 7 INFO neutron.db.ovn_revision_numbers_db [None req-1179126e-05a4-42c8-b6bb-3d116e2cc23a cce701f6e3424b48a9f74d0e8b85cbd3 576e1be47fb041e5bd23cb54f83dd591 - - default default] Successfully bumped revision number for resource 73c336a6-d4b4-4782-b024-643b0b41a203 (type: security_group_rules) to 0
2026-04-16 17:34:43.439 7 INFO neutron.db.ovn_revision_numbers_db [None req-1179126e-05a4-42c8-b6bb-3d116e2cc23a cce701f6e3424b48a9f74d0e8b85cbd3 576e1be47fb041e5bd23cb54f83dd591 - - default default] Successfully bumped revision number for resource 9e94b2e6-ee33-4650-b8e5-fd61fb7aacfa (type: security_group_rules) to 0
2026-04-16 17:34:43.459 7 INFO neutron.db.ovn_revision_numbers_db [None req-1179126e-05a4-42c8-b6bb-3d116e2cc23a cce701f6e3424b48a9f74d0e8b85cbd3 576e1be47fb041e5bd23cb54f83dd591 - - default default] Successfully bumped revision number for resource daeceda9-1f46-4ee7-9f80-dbdfd3102cb8 (type: security_group_rules) to 0 [pid: 7|app: 0|req: 937/1838] 10.0.0.21 () {32 vars in 773 bytes} [Thu Apr 16 17:34:43 2026] GET /v2.0/security-groups?tenant_id=f40f68c19e1e4b34a1d36c1c55986e3a&name=default => generated 2925 bytes in 361 msecs (HTTP/1.1 200) 4 headers in 158 bytes (1 switches on core 0) [pid: 7|app: 0|req: 938/1839] 10.0.0.21 () {32 vars in 773 bytes} [Thu Apr 16 17:34:43 2026] GET /v2.0/security-groups?tenant_id=404f26ba81a54735903cff3aae30b028&name=default => generated 2925 bytes in 68 msecs (HTTP/1.1 200) 4 headers in 158 bytes (1 switches on core 0)
2026-04-16 17:34:43.595 8 WARNING neutron.scheduler.dhcp_agent_scheduler [None req-6ff0d04c-8b57-4af6-89bb-2ec7ce166c8f c48764a26fc54f45a80f1ec32cc85a10 51064d8634fe4c31b32954ab0fe3d5c2 - - default default] No more DHCP agents
2026-04-16 17:34:43.596 8 WARNING neutron.api.rpc.agentnotifiers.dhcp_rpc_agent_api [None req-6ff0d04c-8b57-4af6-89bb-2ec7ce166c8f c48764a26fc54f45a80f1ec32cc85a10 51064d8634fe4c31b32954ab0fe3d5c2 - - default default] Unable to schedule network 1a5be7fd-2961-4fc5-a917-4780d10e884e: no agents available; will retry on subsequent port and subnet creation events. [pid: 7|app: 0|req: 939/1840] 10.0.0.97 () {34 vars in 989 bytes} [Thu Apr 16 17:34:43 2026] GET /v2.0/ports?device_id=0162accf-e90a-4365-8a0a-c1f865480a04 => generated 971 bytes in 75 msecs (HTTP/1.1 200) 4 headers in 157 bytes (1 switches on core 0)
2026-04-16 17:34:43.648 7 INFO neutron.plugins.ml2.drivers.ovn.mech_driver.mech_driver [None req-5b91328b-6e4b-4747-8247-0d9353e9d90b - - - - - -] OVN reports status down for port: 00175279-db7a-404c-8763-a7d6df897722
2026-04-16 17:34:43.686 8 INFO neutron.db.ovn_revision_numbers_db [None req-6ff0d04c-8b57-4af6-89bb-2ec7ce166c8f c48764a26fc54f45a80f1ec32cc85a10 51064d8634fe4c31b32954ab0fe3d5c2 - - default default] Successfully bumped revision number for resource 00175279-db7a-404c-8763-a7d6df897722 (type: ports) to 1
2026-04-16 17:34:43.732 8 WARNING neutron.scheduler.dhcp_agent_scheduler [None req-6ff0d04c-8b57-4af6-89bb-2ec7ce166c8f c48764a26fc54f45a80f1ec32cc85a10 51064d8634fe4c31b32954ab0fe3d5c2 - - default default] No more DHCP agents
2026-04-16 17:34:43.733 8 WARNING neutron.api.rpc.agentnotifiers.dhcp_rpc_agent_api [None req-6ff0d04c-8b57-4af6-89bb-2ec7ce166c8f c48764a26fc54f45a80f1ec32cc85a10 51064d8634fe4c31b32954ab0fe3d5c2 - - default default] Unable to schedule network 13a60366-844e-484b-a354-d1c92331ecf7: no agents available; will retry on subsequent port and subnet creation events.
2026-04-16 17:34:43.793 7 INFO neutron.plugins.ml2.drivers.ovn.mech_driver.mech_driver [None req-5b91328b-6e4b-4747-8247-0d9353e9d90b - - - - - -] OVN reports status down for port: e1b31486-8b14-457d-abe9-c82f46bce318
2026-04-16 17:34:43.810 8 INFO neutron.db.ovn_revision_numbers_db [None req-6ff0d04c-8b57-4af6-89bb-2ec7ce166c8f c48764a26fc54f45a80f1ec32cc85a10 51064d8634fe4c31b32954ab0fe3d5c2 - - default default] Successfully bumped revision number for resource e1b31486-8b14-457d-abe9-c82f46bce318 (type: ports) to 1 [pid: 8|app: 0|req: 902/1841] 10.0.0.21 () {34 vars in 664 bytes} [Thu Apr 16 17:34:43 2026] POST /v2.0/ports => generated 1506 bytes in 680 msecs (HTTP/1.1 201) 4 headers in 163 bytes (1 switches on core 0) /var/lib/openstack/lib/python3.12/site-packages/pycadf/identifier.py:70: UserWarning: Invalid uuid: neutron. To ensure interoperability, identifiers should be a valid uuid. warnings.warn(('Invalid uuid: %s. To ensure interoperability, ' [pid: 7|app: 0|req: 940/1842] 10.0.0.21 () {32 vars in 739 bytes} [Thu Apr 16 17:34:43 2026] DELETE /v2.0/security-groups/b86f03b5-4dd0-42e1-a60c-7392b710fc3d => generated 0 bytes in 345 msecs (HTTP/1.1 204) 2 headers in 112 bytes (1 switches on core 0) [pid: 7|app: 0|req: 941/1843] 10.0.0.97 () {34 vars in 1039 bytes} [Thu Apr 16 17:34:43 2026] GET /v2.0/security-groups?id=7f4809a1-0746-4954-a68d-45c52a144a8b&fields=id&fields=name => generated 114 bytes in 41 msecs (HTTP/1.1 200) 4 headers in 157 bytes (1 switches on core 0) [pid: 8|app: 0|req: 903/1844] 10.0.0.21 () {32 vars in 739 bytes} [Thu Apr 16 17:34:43 2026] DELETE /v2.0/security-groups/fa41442c-e1d8-408b-bb64-049e28e2bf60 => generated 0 bytes in 212 msecs (HTTP/1.1 204) 2 headers in 112 bytes (1 switches on core 0) [pid: 7|app: 0|req: 942/1845] 10.0.0.21 () {32 vars in 642 bytes} [Thu Apr 16 17:34:44 2026] GET /v2.0/ports => generated 3018 bytes in 124 msecs (HTTP/1.1 200) 4 headers in 158 bytes (1 switches on core 0)
2026-04-16 17:34:44.282 8 INFO neutron_taas.services.taas.taas_plugin [None req-f9e31a38-170e-4ecd-9193-24311b50a2af c48764a26fc54f45a80f1ec32cc85a10 51064d8634fe4c31b32954ab0fe3d5c2 - - default default] TaaS: Handle Delete Port: 00175279-db7a-404c-8763-a7d6df897722
2026-04-16 17:34:44.288 8 INFO neutron_taas.services.taas.tap_mirror_plugin [None req-f9e31a38-170e-4ecd-9193-24311b50a2af c48764a26fc54f45a80f1ec32cc85a10 51064d8634fe4c31b32954ab0fe3d5c2 - - default default] Tap Mirror: Handle Delete Port: 00175279-db7a-404c-8763-a7d6df897722
2026-04-16 17:34:44.347 8 INFO neutron.plugins.ml2.drivers.ovn.mech_driver.mech_driver [None req-906ba62c-5430-4d19-876e-cd68d6d8b1d9 - - - - - -] OVN reports status down for port: 5d4fdd34-dd82-4a2d-a08d-1d30b24831f8 [pid: 8|app: 0|req: 904/1846] 10.0.0.21 () {32 vars in 719 bytes} [Thu Apr 16 17:34:44 2026] DELETE /v2.0/ports/00175279-db7a-404c-8763-a7d6df897722 => generated 0 bytes in 356 msecs (HTTP/1.1 204) 3 headers in 131 bytes (1 switches on core 0)
2026-04-16 17:34:44.573 8 INFO neutron.notifiers.nova [-] Nova event matching ['req-1abe2a51-c162-4f9b-8b6a-5ff3116fb11a'] response: {'server_uuid': '0162accf-e90a-4365-8a0a-c1f865480a04', 'name': 'network-vif-unplugged', 'status': 'completed', 'tag': '5d4fdd34-dd82-4a2d-a08d-1d30b24831f8', 'code': 200}
2026-04-16 17:34:44.710 7 INFO neutron_taas.services.taas.taas_plugin [None req-75aeb48b-61a8-479d-80b4-43dc18049716 c48764a26fc54f45a80f1ec32cc85a10 51064d8634fe4c31b32954ab0fe3d5c2 - - default default] TaaS: Handle Delete Port: e1b31486-8b14-457d-abe9-c82f46bce318
2026-04-16 17:34:44.720 7 INFO neutron_taas.services.taas.tap_mirror_plugin [None req-75aeb48b-61a8-479d-80b4-43dc18049716 c48764a26fc54f45a80f1ec32cc85a10 51064d8634fe4c31b32954ab0fe3d5c2 - - default default] Tap Mirror: Handle Delete Port: e1b31486-8b14-457d-abe9-c82f46bce318
2026-04-16 17:34:44.723 8 INFO neutron.db.ovn_revision_numbers_db [None req-906ba62c-5430-4d19-876e-cd68d6d8b1d9 - - - - - -] Successfully bumped revision number for resource 5d4fdd34-dd82-4a2d-a08d-1d30b24831f8 (type: ports) to 6 [pid: 7|app: 0|req: 943/1847] 10.0.0.21 () {32 vars in 719 bytes} [Thu Apr 16 17:34:44 2026] DELETE /v2.0/ports/e1b31486-8b14-457d-abe9-c82f46bce318 => generated 0 bytes in 301 msecs (HTTP/1.1 204) 3 headers in 131 bytes (1 switches on core 0) /var/lib/openstack/lib/python3.12/site-packages/pycadf/identifier.py:70: UserWarning: Invalid uuid: neutron. To ensure interoperability, identifiers should be a valid uuid. warnings.warn(('Invalid uuid: %s. To ensure interoperability, ' [pid: 8|app: 0|req: 905/1848] 10.0.0.21 () {32 vars in 642 bytes} [Thu Apr 16 17:34:44 2026] GET /v2.0/ports => generated 1523 bytes in 40 msecs (HTTP/1.1 200) 4 headers in 158 bytes (1 switches on core 0)
2026-04-16 17:34:44.970 7 INFO neutron.db.segments_db [None req-4a605260-a604-49fd-98e0-f6d55d67fb52 c48764a26fc54f45a80f1ec32cc85a10 51064d8634fe4c31b32954ab0fe3d5c2 - - default default] Added segment 15ffe404-b514-4841-822b-fc4724750e9f of type geneve for network 48aa100c-f87a-49db-a170-9d39688ab42e
2026-04-16 17:34:45.083 7 INFO neutron.db.ovn_revision_numbers_db [None req-4a605260-a604-49fd-98e0-f6d55d67fb52 c48764a26fc54f45a80f1ec32cc85a10 51064d8634fe4c31b32954ab0fe3d5c2 - - default default] Successfully bumped revision number for resource 48aa100c-f87a-49db-a170-9d39688ab42e (type: networks) to 1 [pid: 8|app: 0|req: 908/1851] 10.0.0.97 () {34 vars in 989 bytes} [Thu Apr 16 17:34:45 2026] GET /v2.0/ports?device_id=0162accf-e90a-4365-8a0a-c1f865480a04 => generated 969 bytes in 107 msecs (HTTP/1.1 200) 4 headers in 157 bytes (1 switches on core 0)
2026-04-16 17:34:45.233 7 WARNING neutron.scheduler.dhcp_agent_scheduler [None req-4a605260-a604-49fd-98e0-f6d55d67fb52 c48764a26fc54f45a80f1ec32cc85a10 51064d8634fe4c31b32954ab0fe3d5c2 - - default default] No more DHCP agents
2026-04-16 17:34:45.234 7 WARNING neutron.api.rpc.agentnotifiers.dhcp_rpc_agent_api [None req-4a605260-a604-49fd-98e0-f6d55d67fb52 c48764a26fc54f45a80f1ec32cc85a10 51064d8634fe4c31b32954ab0fe3d5c2 - - default default] Unable to schedule network 48aa100c-f87a-49db-a170-9d39688ab42e: no agents available; will retry on subsequent port and subnet creation events. [pid: 8|app: 0|req: 909/1852] 10.0.0.97 () {34 vars in 1039 bytes} [Thu Apr 16 17:34:45 2026] GET /v2.0/security-groups?id=7f4809a1-0746-4954-a68d-45c52a144a8b&fields=id&fields=name => generated 114 bytes in 35 msecs (HTTP/1.1 200) 4 headers in 157 bytes (1 switches on core 0)
2026-04-16 17:34:45.272 8 INFO neutron.plugins.ml2.drivers.ovn.mech_driver.mech_driver [None req-dd0cb3ce-2108-49df-97ee-0d7b8ded81f9 - - - - - -] OVN reports status down for port: 3dc163ee-8f27-4f50-ad17-d1949ea8c2f0
2026-04-16 17:34:45.296 7 INFO neutron.db.ovn_revision_numbers_db [None req-4a605260-a604-49fd-98e0-f6d55d67fb52 c48764a26fc54f45a80f1ec32cc85a10 51064d8634fe4c31b32954ab0fe3d5c2 - - default default] Successfully bumped revision number for resource 3dc163ee-8f27-4f50-ad17-d1949ea8c2f0 (type: ports) to 1 [pid: 7|app: 0|req: 944/1853] 10.0.0.21 () {34 vars in 669 bytes} [Thu Apr 16 17:34:44 2026] POST /v2.0/networks => generated 669 bytes in 427 msecs (HTTP/1.1 201) 4 headers in 162 bytes (1 switches on core 0)
2026-04-16 17:34:45.423 8 INFO neutron.db.segments_db [None req-42e500b3-442c-4253-a388-a789b5217795 c48764a26fc54f45a80f1ec32cc85a10 51064d8634fe4c31b32954ab0fe3d5c2 - - default default] Added segment d040d3d3-31f2-4076-bd87-8174791544cb of type geneve for network 63e07e5f-2469-4811-a8aa-311f7bac6bc4
2026-04-16 17:34:45.533 8 INFO neutron.db.ovn_revision_numbers_db [None req-42e500b3-442c-4253-a388-a789b5217795 c48764a26fc54f45a80f1ec32cc85a10 51064d8634fe4c31b32954ab0fe3d5c2 - - default default] Successfully bumped revision number for resource 63e07e5f-2469-4811-a8aa-311f7bac6bc4 (type: networks) to 1 [pid: 7|app: 0|req: 945/1854] 199.204.45.23 () {34 vars in 993 bytes} [Thu Apr 16 17:34:45 2026] GET /v2.0/ports?device_id=0162accf-e90a-4365-8a0a-c1f865480a04 => generated 969 bytes in 44 msecs (HTTP/1.1 200) 4 headers in 157 bytes (1 switches on core 0)
2026-04-16 17:34:45.707 7 INFO neutron_taas.services.taas.taas_plugin [req-72f02fa0-3313-43c2-b9a7-0d75c165aefa req-88df23e1-8ce2-4fa8-82b8-c366c26edb40 45f8e2f5dee7497098a629c0f3759163 ccc140838f764504a211f011e5fac135 - - default default] TaaS: Handle Delete Port: 5d4fdd34-dd82-4a2d-a08d-1d30b24831f8
2026-04-16 17:34:45.709 7 INFO neutron_taas.services.taas.tap_mirror_plugin [req-72f02fa0-3313-43c2-b9a7-0d75c165aefa req-88df23e1-8ce2-4fa8-82b8-c366c26edb40 45f8e2f5dee7497098a629c0f3759163 ccc140838f764504a211f011e5fac135 - - default default] Tap Mirror: Handle Delete Port: 5d4fdd34-dd82-4a2d-a08d-1d30b24831f8
2026-04-16 17:34:45.732 8 WARNING neutron.scheduler.dhcp_agent_scheduler [None req-42e500b3-442c-4253-a388-a789b5217795 c48764a26fc54f45a80f1ec32cc85a10 51064d8634fe4c31b32954ab0fe3d5c2 - - default default] No more DHCP agents
2026-04-16 17:34:45.734 8 WARNING neutron.api.rpc.agentnotifiers.dhcp_rpc_agent_api [None req-42e500b3-442c-4253-a388-a789b5217795 c48764a26fc54f45a80f1ec32cc85a10 51064d8634fe4c31b32954ab0fe3d5c2 - - default default] Unable to schedule network 63e07e5f-2469-4811-a8aa-311f7bac6bc4: no agents available; will retry on subsequent port and subnet creation events.
2026-04-16 17:34:45.793 8 INFO neutron.plugins.ml2.drivers.ovn.mech_driver.mech_driver [None req-dd0cb3ce-2108-49df-97ee-0d7b8ded81f9 - - - - - -] OVN reports status down for port: 778a595f-a475-4d72-bb0c-28dd2d06de74
2026-04-16 17:34:45.870 8 INFO neutron.db.ovn_revision_numbers_db [None req-42e500b3-442c-4253-a388-a789b5217795 c48764a26fc54f45a80f1ec32cc85a10 51064d8634fe4c31b32954ab0fe3d5c2 - - default default] Successfully bumped revision number for resource 778a595f-a475-4d72-bb0c-28dd2d06de74 (type: ports) to 1
2026-04-16 17:34:45.895 7 INFO neutron.db.l3_db [req-72f02fa0-3313-43c2-b9a7-0d75c165aefa req-88df23e1-8ce2-4fa8-82b8-c366c26edb40 45f8e2f5dee7497098a629c0f3759163 ccc140838f764504a211f011e5fac135 - - default default] Floating IP c73fd6f8-ac83-4870-ba4d-ee20da188e9a disassociated. External IP: 10.96.250.206, port: 5d4fdd34-dd82-4a2d-a08d-1d30b24831f8. [pid: 8|app: 0|req: 910/1855] 10.0.0.21 () {34 vars in 669 bytes} [Thu Apr 16 17:34:45 2026] POST /v2.0/networks => generated 668 bytes in 626 msecs (HTTP/1.1 201) 4 headers in 162 bytes (1 switches on core 0) [pid: 7|app: 0|req: 946/1856] 199.204.45.23 () {36 vars in 996 bytes} [Thu Apr 16 17:34:45 2026] DELETE /v2.0/ports/5d4fdd34-dd82-4a2d-a08d-1d30b24831f8 => generated 0 bytes in 440 msecs (HTTP/1.1 204) 3 headers in 131 bytes (1 switches on core 0) /var/lib/openstack/lib/python3.12/site-packages/pycadf/identifier.py:70: UserWarning: Invalid uuid: neutron. To ensure interoperability, identifiers should be a valid uuid. warnings.warn(('Invalid uuid: %s. To ensure interoperability, '
2026-04-16 17:34:46.063 7 INFO neutron.notifiers.nova [-] Nova event matching ['req-33f78f46-434c-45f9-b070-17f4a0988bc2'] response: {'server_uuid': '0162accf-e90a-4365-8a0a-c1f865480a04', 'name': 'network-vif-deleted', 'tag': '5d4fdd34-dd82-4a2d-a08d-1d30b24831f8', 'status': 'completed', 'code': 200}
2026-04-16 17:34:46.198 8 INFO neutron.db.ovn_revision_numbers_db [None req-cbed9740-67b2-4898-b4fc-4358c4466550 cce701f6e3424b48a9f74d0e8b85cbd3 576e1be47fb041e5bd23cb54f83dd591 - - default default] Successfully bumped revision number for resource 7ee94204-0184-4e7f-9b73-8291649c804e (type: security_groups) to 1
2026-04-16 17:34:46.211 8 INFO neutron.db.ovn_revision_numbers_db [None req-cbed9740-67b2-4898-b4fc-4358c4466550 cce701f6e3424b48a9f74d0e8b85cbd3 576e1be47fb041e5bd23cb54f83dd591 - - default default] Successfully bumped revision number for resource 418a0705-9542-4ba8-aaa6-dde4b26f77af (type: security_group_rules) to 0
2026-04-16 17:34:46.225 8 INFO neutron.db.ovn_revision_numbers_db [None req-cbed9740-67b2-4898-b4fc-4358c4466550 cce701f6e3424b48a9f74d0e8b85cbd3 576e1be47fb041e5bd23cb54f83dd591 - - default default] Successfully bumped revision number for resource 44a1b19a-a1f9-4cb2-a1d1-a44a32738af5 (type: security_group_rules) to 0
2026-04-16 17:34:46.238 8 INFO neutron.db.ovn_revision_numbers_db [None req-cbed9740-67b2-4898-b4fc-4358c4466550 cce701f6e3424b48a9f74d0e8b85cbd3 576e1be47fb041e5bd23cb54f83dd591 - - default default] Successfully bumped revision number for resource 50579540-09d6-45ce-b224-f09518e18e38 (type: security_group_rules) to 0
2026-04-16 17:34:46.251 8 INFO neutron.db.ovn_revision_numbers_db [None req-cbed9740-67b2-4898-b4fc-4358c4466550 cce701f6e3424b48a9f74d0e8b85cbd3 576e1be47fb041e5bd23cb54f83dd591 - - default default] Successfully bumped revision number for resource b2b19bbd-19a8-4406-a0f7-c9fae56579ec (type: security_group_rules) to 0
2026-04-16 17:34:46.324 7 WARNING neutron.scheduler.dhcp_agent_scheduler [None req-4ddbcbd6-12ea-485e-92fb-8b915a1855a9 c48764a26fc54f45a80f1ec32cc85a10 51064d8634fe4c31b32954ab0fe3d5c2 - - default default] No more DHCP agents
2026-04-16 17:34:46.325 7 WARNING neutron.api.rpc.agentnotifiers.dhcp_rpc_agent_api [None req-4ddbcbd6-12ea-485e-92fb-8b915a1855a9 c48764a26fc54f45a80f1ec32cc85a10 51064d8634fe4c31b32954ab0fe3d5c2 - - default default] Unable to schedule network 48aa100c-f87a-49db-a170-9d39688ab42e: no agents available; will retry on subsequent port and subnet creation events.
2026-04-16 17:34:46.327 8 INFO neutron.db.segments_db [None req-cbed9740-67b2-4898-b4fc-4358c4466550 cce701f6e3424b48a9f74d0e8b85cbd3 576e1be47fb041e5bd23cb54f83dd591 - - default default] Added segment 128506a1-420b-42e2-8e99-8a8083210ba5 of type geneve for network fb6105ec-3524-498f-98ac-e310a41653f1
2026-04-16 17:34:46.448 8 INFO neutron.db.ovn_revision_numbers_db [None req-cbed9740-67b2-4898-b4fc-4358c4466550 cce701f6e3424b48a9f74d0e8b85cbd3 576e1be47fb041e5bd23cb54f83dd591 - - default default] Successfully bumped revision number for resource fb6105ec-3524-498f-98ac-e310a41653f1 (type: networks) to 1
2026-04-16 17:34:46.624 8 WARNING neutron.scheduler.dhcp_agent_scheduler [None req-cbed9740-67b2-4898-b4fc-4358c4466550 cce701f6e3424b48a9f74d0e8b85cbd3 576e1be47fb041e5bd23cb54f83dd591 - - default default] No more DHCP agents
2026-04-16 17:34:46.625 8 WARNING neutron.api.rpc.agentnotifiers.dhcp_rpc_agent_api [None req-cbed9740-67b2-4898-b4fc-4358c4466550 cce701f6e3424b48a9f74d0e8b85cbd3 576e1be47fb041e5bd23cb54f83dd591 - - default default] Unable to schedule network fb6105ec-3524-498f-98ac-e310a41653f1: no agents available; will retry on subsequent port and subnet creation events.
2026-04-16 17:34:46.638 8 INFO neutron.notifiers.nova [-] Nova event matching ['req-fb3c4f1e-57eb-445b-80f1-3fde2469a597'] response: {'server_uuid': '0162accf-e90a-4365-8a0a-c1f865480a04', 'name': 'network-vif-unplugged', 'status': 'completed', 'tag': '5d4fdd34-dd82-4a2d-a08d-1d30b24831f8', 'code': 200}
2026-04-16 17:34:46.670 8 INFO neutron.plugins.ml2.drivers.ovn.mech_driver.mech_driver [None req-dd0cb3ce-2108-49df-97ee-0d7b8ded81f9 - - - - - -] OVN reports status down for port: 63c6751b-2bed-4251-9f1a-1ee2e14c6473
2026-04-16 17:34:46.756 8 INFO neutron.db.ovn_revision_numbers_db [None req-cbed9740-67b2-4898-b4fc-4358c4466550 cce701f6e3424b48a9f74d0e8b85cbd3 576e1be47fb041e5bd23cb54f83dd591 - - default default] Successfully bumped revision number for resource 63c6751b-2bed-4251-9f1a-1ee2e14c6473 (type: ports) to 1
2026-04-16 17:34:46.757 7 INFO neutron.db.ovn_revision_numbers_db [None req-dd7274b0-e513-445a-a4ed-ea213962d14a - - - - - -] Successfully bumped revision number for resource 3dc163ee-8f27-4f50-ad17-d1949ea8c2f0 (type: ports) to 2
2026-04-16 17:34:46.792 7 INFO neutron.db.ovn_revision_numbers_db [None req-dd7274b0-e513-445a-a4ed-ea213962d14a - - - - - -] Successfully bumped revision number for resource f7b11b28-1c10-4149-80e3-1eb9cc06588b (type: subnets) to 0 [pid: 8|app: 0|req: 911/1857] 10.0.0.21 () {34 vars in 670 bytes} [Thu Apr 16 17:34:45 2026] POST /v2.0/networks => generated 763 bytes in 848 msecs (HTTP/1.1 201) 4 headers in 162 bytes (1 switches on core 0) [pid: 8|app: 0|req: 912/1858] 10.0.0.97 () {34 vars in 989 bytes} [Thu Apr 16 17:34:46 2026] GET /v2.0/ports?device_id=0162accf-e90a-4365-8a0a-c1f865480a04 => generated 12 bytes in 17 msecs (HTTP/1.1 200) 4 headers in 156 bytes (1 switches on core 0)
2026-04-16 17:34:46.822 7 WARNING neutron.scheduler.dhcp_agent_scheduler [None req-4ddbcbd6-12ea-485e-92fb-8b915a1855a9 c48764a26fc54f45a80f1ec32cc85a10 51064d8634fe4c31b32954ab0fe3d5c2 - - default default] No more DHCP agents
2026-04-16 17:34:46.823 7 WARNING neutron.api.rpc.agentnotifiers.dhcp_rpc_agent_api [None req-4ddbcbd6-12ea-485e-92fb-8b915a1855a9 c48764a26fc54f45a80f1ec32cc85a10 51064d8634fe4c31b32954ab0fe3d5c2 - - default default] Unable to schedule network 63e07e5f-2469-4811-a8aa-311f7bac6bc4: no agents available; will retry on subsequent port and subnet creation events.
2026-04-16 17:34:46.929 8 WARNING neutron.scheduler.dhcp_agent_scheduler [None req-7de7b5a7-13cd-46c6-ba6d-c08c452189a8 cce701f6e3424b48a9f74d0e8b85cbd3 576e1be47fb041e5bd23cb54f83dd591 - - default default] No more DHCP agents
2026-04-16 17:34:46.931 8 WARNING neutron.api.rpc.agentnotifiers.dhcp_rpc_agent_api [None req-7de7b5a7-13cd-46c6-ba6d-c08c452189a8 cce701f6e3424b48a9f74d0e8b85cbd3 576e1be47fb041e5bd23cb54f83dd591 - - default default] Unable to schedule network fb6105ec-3524-498f-98ac-e310a41653f1: no agents available; will retry on subsequent port and subnet creation events.
2026-04-16 17:34:47.223 7 INFO neutron.db.ovn_revision_numbers_db [None req-3055d09a-9899-4b62-af69-ede6cd708744 - - - - - -] Successfully bumped revision number for resource 778a595f-a475-4d72-bb0c-28dd2d06de74 (type: ports) to 2
2026-04-16 17:34:47.268 7 INFO neutron.db.ovn_revision_numbers_db [None req-3055d09a-9899-4b62-af69-ede6cd708744 - - - - - -] Successfully bumped revision number for resource a720e37e-3cc3-4b3c-bf9e-77b0346bbf86 (type: subnets) to 0 [pid: 7|app: 0|req: 947/1859] 10.0.0.21 () {34 vars in 668 bytes} [Thu Apr 16 17:34:46 2026] POST /v2.0/subnets => generated 1274 bytes in 1265 msecs (HTTP/1.1 201) 4 headers in 163 bytes (1 switches on core 0) [pid: 7|app: 0|req: 948/1860] 10.0.0.21 () {32 vars in 646 bytes} [Thu Apr 16 17:34:47 2026] GET /v2.0/subnets => generated 1910 bytes in 50 msecs (HTTP/1.1 200) 4 headers in 158 bytes (1 switches on core 0)
2026-04-16 17:34:47.355 8 INFO neutron.db.ovn_revision_numbers_db [None req-066455ec-a37a-4b9a-a926-9fd987667cdc - - - - - -] Successfully bumped revision number for resource 63c6751b-2bed-4251-9f1a-1ee2e14c6473 (type: ports) to 2
2026-04-16 17:34:47.387 8 INFO neutron.db.ovn_revision_numbers_db [None req-066455ec-a37a-4b9a-a926-9fd987667cdc - - - - - -] Successfully bumped revision number for resource ed0e6dcb-7a11-428a-97a1-acf1f49431c9 (type: subnets) to 0 [pid: 8|app: 0|req: 913/1861] 10.0.0.21 () {34 vars in 668 bytes} [Thu Apr 16 17:34:46 2026] POST /v2.0/subnets => generated 688 bytes in 591 msecs (HTTP/1.1 201) 4 headers in 162 bytes (1 switches on core 0) [pid: 7|app: 0|req: 949/1862] 10.0.0.21 () {32 vars in 723 bytes} [Thu Apr 16 17:34:47 2026] DELETE /v2.0/subnets/f7b11b28-1c10-4149-80e3-1eb9cc06588b => generated 0 bytes in 172 msecs (HTTP/1.1 204) 3 headers in 131 bytes (1 switches on core 0) [pid: 7|app: 0|req: 950/1863] 10.0.0.21 () {32 vars in 723 bytes} [Thu Apr 16 17:34:47 2026] DELETE /v2.0/subnets/a720e37e-3cc3-4b3c-bf9e-77b0346bbf86 => generated 0 bytes in 169 msecs (HTTP/1.1 204) 3 headers in 131 bytes (1 switches on core 0) [pid: 7|app: 0|req: 951/1864] 10.0.0.21 () {32 vars in 646 bytes} [Thu Apr 16 17:34:47 2026] GET /v2.0/subnets => generated 649 bytes in 26 msecs (HTTP/1.1 200) 4 headers in 157 bytes (1 switches on core 0)
2026-04-16 17:34:47.841 7 INFO neutron_taas.services.taas.taas_plugin [None req-40931515-ea53-42b4-97b0-1cb37e081a29 c48764a26fc54f45a80f1ec32cc85a10 51064d8634fe4c31b32954ab0fe3d5c2 - - default default] TaaS: Handle Delete Port: 778a595f-a475-4d72-bb0c-28dd2d06de74
2026-04-16 17:34:47.844 7 INFO neutron_taas.services.taas.tap_mirror_plugin [None req-40931515-ea53-42b4-97b0-1cb37e081a29 c48764a26fc54f45a80f1ec32cc85a10 51064d8634fe4c31b32954ab0fe3d5c2 - - default default] Tap Mirror: Handle Delete Port: 778a595f-a475-4d72-bb0c-28dd2d06de74
2026-04-16 17:34:47.859 8 WARNING neutron.scheduler.dhcp_agent_scheduler [None req-66d43b7c-b733-46ca-8d32-27d802d73c0c cce701f6e3424b48a9f74d0e8b85cbd3 576e1be47fb041e5bd23cb54f83dd591 - - default default] No more DHCP agents
2026-04-16 17:34:47.860 8 WARNING neutron.api.rpc.agentnotifiers.dhcp_rpc_agent_api [None req-66d43b7c-b733-46ca-8d32-27d802d73c0c cce701f6e3424b48a9f74d0e8b85cbd3 576e1be47fb041e5bd23cb54f83dd591 - - default default] Unable to schedule network 4b880067-2b33-4078-8047-ac323a619dab: no agents available; will retry on subsequent port and subnet creation events.
2026-04-16 17:34:47.996 8 INFO neutron.plugins.ml2.drivers.ovn.mech_driver.mech_driver [None req-dd0cb3ce-2108-49df-97ee-0d7b8ded81f9 - - - - - -] OVN reports status down for port: 2e9e971a-98fb-4916-b89f-22ccdb602793
2026-04-16 17:34:48.048 8 INFO neutron.db.ovn_revision_numbers_db [None req-66d43b7c-b733-46ca-8d32-27d802d73c0c cce701f6e3424b48a9f74d0e8b85cbd3 576e1be47fb041e5bd23cb54f83dd591 - - default default] Successfully bumped revision number for resource 2e9e971a-98fb-4916-b89f-22ccdb602793 (type: ports) to 1
2026-04-16 17:34:48.086 7 INFO neutron.services.segments.plugin [-] Segment d040d3d3-31f2-4076-bd87-8174791544cb resource provider aggregate not found
2026-04-16 17:34:48.101 7 INFO neutron.services.segments.plugin [-] Segment d040d3d3-31f2-4076-bd87-8174791544cb resource provider aggregate not found
2026-04-16 17:34:48.111 7 INFO neutron.services.segments.plugin [-] Segment d040d3d3-31f2-4076-bd87-8174791544cb resource provider not found; error: Placement Client Error (4xx): {"errors": [{"status": 404, "title": "Not Found", "detail": "The resource could not be found.\n\n No resource provider with uuid d040d3d3-31f2-4076-bd87-8174791544cb found for delete ", "request_id": "req-940ad3b1-d58c-4ce2-871f-40161db3883d"}]}
2026-04-16 17:34:48.130 7 INFO neutron.services.segments.plugin [-] Segment d040d3d3-31f2-4076-bd87-8174791544cb resource provider not found; error: Placement Client Error (4xx): {"errors": [{"status": 404, "title": "Not Found", "detail": "The resource could not be found.\n\n No resource provider with uuid d040d3d3-31f2-4076-bd87-8174791544cb found for delete ", "request_id": "req-005be3c4-08ab-456c-828a-a56178ef5a7c"}]} [pid: 7|app: 0|req: 952/1865] 10.0.0.21 () {32 vars in 725 bytes} [Thu Apr 16 17:34:47 2026] DELETE /v2.0/networks/63e07e5f-2469-4811-a8aa-311f7bac6bc4 => generated 0 bytes in 413 msecs (HTTP/1.1 204) 3 headers in 131 bytes (1 switches on core 0) [pid: 7|app: 0|req: 953/1866] 10.0.0.97 () {34 vars in 989 bytes} [Thu Apr 16 17:34:48 2026] GET /v2.0/ports?device_id=0162accf-e90a-4365-8a0a-c1f865480a04 => generated 12 bytes in 18 msecs (HTTP/1.1 200) 4 headers in 156 bytes (1 switches on core 0)
2026-04-16 17:34:48.277 7 INFO neutron_taas.services.taas.taas_plugin [None req-a6a9d149-e2eb-4919-b233-b290e6c2f652 c48764a26fc54f45a80f1ec32cc85a10 51064d8634fe4c31b32954ab0fe3d5c2 - - default default] TaaS: Handle Delete Port: 3dc163ee-8f27-4f50-ad17-d1949ea8c2f0
2026-04-16 17:34:48.280 7 INFO neutron_taas.services.taas.tap_mirror_plugin [None req-a6a9d149-e2eb-4919-b233-b290e6c2f652 c48764a26fc54f45a80f1ec32cc85a10 51064d8634fe4c31b32954ab0fe3d5c2 - - default default] Tap Mirror: Handle Delete Port: 3dc163ee-8f27-4f50-ad17-d1949ea8c2f0 [pid: 7|app: 0|req: 954/1867] 10.0.0.21 () {32 vars in 725 bytes} [Thu Apr 16 17:34:48 2026] DELETE /v2.0/networks/48aa100c-f87a-49db-a170-9d39688ab42e => generated 0 bytes in 332 msecs (HTTP/1.1 204) 3 headers in 131 bytes (1 switches on core 0)
2026-04-16 17:34:48.623 7 INFO neutron_taas.services.taas.taas_plugin [None req-c169bccb-ad7a-49e1-993c-a1d0936949ce c48764a26fc54f45a80f1ec32cc85a10 51064d8634fe4c31b32954ab0fe3d5c2 - - default default] TaaS: Handle Delete Port: 305d4bc6-1f76-4b6c-80aa-eed91e4c7e4a
2026-04-16 17:34:48.626 7 INFO neutron_taas.services.taas.tap_mirror_plugin [None req-c169bccb-ad7a-49e1-993c-a1d0936949ce c48764a26fc54f45a80f1ec32cc85a10 51064d8634fe4c31b32954ab0fe3d5c2 - - default default] Tap Mirror: Handle Delete Port: 305d4bc6-1f76-4b6c-80aa-eed91e4c7e4a
2026-04-16 17:34:48.685 8 INFO neutron.plugins.ml2.drivers.ovn.mech_driver.ovsdb.commands [None req-d9c4c446-7ed8-4351-9a24-5b86ec2d1082 - - - - - -] Schedule LRP lrp-2e9e971a-98fb-4916-b89f-22ccdb602793 on gateway 628ecb0c-cec7-4c17-80ca-79120c1126d9 with priority 1
2026-04-16 17:34:48.705 8 INFO neutron.plugins.ml2.drivers.ovn.mech_driver.mech_driver [None req-dd0cb3ce-2108-49df-97ee-0d7b8ded81f9 - - - - - -] OVN reports status up for port: 2e9e971a-98fb-4916-b89f-22ccdb602793
2026-04-16 17:34:48.721 7 INFO neutron.plugins.ml2.drivers.ovn.mech_driver.ovsdb.ovsdb_monitor [None req-da9f4bf5-cf86-4404-8412-3f86f05c7f32 - - - - - -] Router 58b671b9-93e3-4bfb-939f-5aa503c1aa41 is bound to host instance
2026-04-16 17:34:48.732 8 INFO neutron.plugins.ml2.plugin [None req-dd0cb3ce-2108-49df-97ee-0d7b8ded81f9 - - - - - -] Attempt 1 to provision port 2e9e971a-98fb-4916-b89f-22ccdb602793
2026-04-16 17:34:48.789 8 INFO neutron.db.ovn_revision_numbers_db [None req-66d43b7c-b733-46ca-8d32-27d802d73c0c cce701f6e3424b48a9f74d0e8b85cbd3 576e1be47fb041e5bd23cb54f83dd591 - - default default] Successfully bumped revision number for resource 2e9e971a-98fb-4916-b89f-22ccdb602793 (type: router_ports) to 1
2026-04-16 17:34:48.903 8 INFO neutron.db.ovn_revision_numbers_db [None req-66d43b7c-b733-46ca-8d32-27d802d73c0c cce701f6e3424b48a9f74d0e8b85cbd3 576e1be47fb041e5bd23cb54f83dd591 - - default default] Successfully bumped revision number for resource 58b671b9-93e3-4bfb-939f-5aa503c1aa41 (type: routers) to 2 [pid: 8|app: 0|req: 914/1868] 10.0.0.21 () {34 vars in 668 bytes} [Thu Apr 16 17:34:47 2026] POST /v2.0/routers => generated 966 bytes in 1512 msecs (HTTP/1.1 201) 4 headers in 162 bytes (1 switches on core 0)
2026-04-16 17:34:49.415 8 WARNING neutron.scheduler.dhcp_agent_scheduler [None req-56f229b7-ba58-43f7-8183-b7fe7b3ea13d cce701f6e3424b48a9f74d0e8b85cbd3 576e1be47fb041e5bd23cb54f83dd591 - - default default] No more DHCP agents
2026-04-16 17:34:49.417 8 WARNING neutron.api.rpc.agentnotifiers.dhcp_rpc_agent_api [None req-56f229b7-ba58-43f7-8183-b7fe7b3ea13d cce701f6e3424b48a9f74d0e8b85cbd3 576e1be47fb041e5bd23cb54f83dd591 - - default default] Unable to schedule network fb6105ec-3524-498f-98ac-e310a41653f1: no agents available; will retry on subsequent port and subnet creation events.
2026-04-16 17:34:49.579 8 INFO neutron.db.ovn_revision_numbers_db [None req-56f229b7-ba58-43f7-8183-b7fe7b3ea13d cce701f6e3424b48a9f74d0e8b85cbd3 576e1be47fb041e5bd23cb54f83dd591 - - default default] Successfully bumped revision number for resource 0210642b-e455-4fe7-9767-0bf698af61bb (type: ports) to 1 [pid: 7|app: 0|req: 955/1869] 10.0.0.21 () {32 vars in 725 bytes} [Thu Apr 16 17:34:48 2026] DELETE /v2.0/networks/13a60366-844e-484b-a354-d1c92331ecf7 => generated 0 bytes in 1262 msecs (HTTP/1.1 204) 3 headers in 131 bytes (1 switches on core 0) [pid: 7|app: 0|req: 956/1870] 10.0.0.21 () {32 vars in 739 bytes} [Thu Apr 16 17:34:49 2026] DELETE /v2.0/security-groups/7f4809a1-0746-4954-a68d-45c52a144a8b => generated 0 bytes in 335 msecs (HTTP/1.1 204) 2 headers in 112 bytes (1 switches on core 0)
2026-04-16 17:34:50.146 7 INFO neutron.services.segments.plugin [-] Segment 15ffe404-b514-4841-822b-fc4724750e9f resource provider aggregate not found
2026-04-16 17:34:50.169 7 INFO neutron.services.segments.plugin [-] Segment 15ffe404-b514-4841-822b-fc4724750e9f resource provider aggregate not found
2026-04-16 17:34:50.184 7 INFO neutron.services.segments.plugin [-] Segment 15ffe404-b514-4841-822b-fc4724750e9f resource provider not found; error: Placement Client Error (4xx): {"errors": [{"status": 404, "title": "Not Found", "detail": "The resource could not be found.\n\n No resource provider with uuid 15ffe404-b514-4841-822b-fc4724750e9f found for delete ", "request_id": "req-4d334e46-282e-4e5a-a00f-a7c6a31003d0"}]}
