2026-04-16 17:35:13.526 7 INFO neutron.db.ovn_revision_numbers_db [None req-039a4309-f3c3-49d7-b8ee-35348c026c82 - - - - - -] Successfully bumped revision number for resource e6f30383-6fc4-491b-8e76-44e6bc8d2d15 (type: ports) to 6 [pid: 7|app: 0|req: 1022/1991] 10.0.0.21 () {32 vars in 725 bytes} [Thu Apr 16 17:35:12 2026] DELETE /v2.0/networks/3740f3fb-8772-4c79-a802-4dbca020ab70 => generated 0 bytes in 596 msecs (HTTP/1.1 204) 3 headers in 131 bytes (1 switches on core 0)
2026-04-16 17:35:13.623 8 WARNING neutron.scheduler.dhcp_agent_scheduler [None req-1f7aff02-233e-4454-a406-f7f95bdad85a cce701f6e3424b48a9f74d0e8b85cbd3 576e1be47fb041e5bd23cb54f83dd591 - - default default] No more DHCP agents
2026-04-16 17:35:13.624 8 WARNING neutron.api.rpc.agentnotifiers.dhcp_rpc_agent_api [None req-1f7aff02-233e-4454-a406-f7f95bdad85a cce701f6e3424b48a9f74d0e8b85cbd3 576e1be47fb041e5bd23cb54f83dd591 - - default default] Unable to schedule network 4b880067-2b33-4078-8047-ac323a619dab: no agents available; will retry on subsequent port and subnet creation events.
2026-04-16 17:35:13.691 8 WARNING neutron.plugins.ml2.drivers.ovn.mech_driver.ovsdb.ovn_client [None req-e77360bd-f970-434f-b356-ba2969cc88b1 - - - - - -] No hosting information found for port 4c0e62cf-dbde-46a3-a9d0-ff75029d19e7: RuntimeError: No hosting information found for port 4c0e62cf-dbde-46a3-a9d0-ff75029d19e7
2026-04-16 17:35:13.744 7 INFO neutron.services.segments.plugin [-] Segment 94655f32-4cc9-4ef3-9290-d0c172d7daea resource provider aggregate not found
2026-04-16 17:35:13.749 7 INFO neutron.services.segments.plugin [-] Segment 94655f32-4cc9-4ef3-9290-d0c172d7daea resource provider aggregate not found
2026-04-16 17:35:13.765 7 INFO neutron.services.segments.plugin [-] Segment 94655f32-4cc9-4ef3-9290-d0c172d7daea resource provider not found; error: Placement Client Error (4xx): {"errors": [{"status": 404, "title": "Not Found", "detail": "The resource could not be found.\n\n No resource provider with uuid 94655f32-4cc9-4ef3-9290-d0c172d7daea found for delete ", "request_id": "req-72f85864-dd07-4218-b20f-6ffd8184a7ae"}]}
2026-04-16 17:35:13.776 7 INFO neutron.services.segments.plugin [-] Segment 94655f32-4cc9-4ef3-9290-d0c172d7daea resource provider not found; error: Placement Client Error (4xx): {"errors": [{"status": 404, "title": "Not Found", "detail": "The resource could not be found.\n\n No resource provider with uuid 94655f32-4cc9-4ef3-9290-d0c172d7daea found for delete ", "request_id": "req-455fd624-24b8-4928-b71a-f7a3bc6e8edf"}]}
2026-04-16 17:35:13.780 7 INFO neutron.services.segments.plugin [-] Segment 5e820b11-6994-468c-bb82-fbef04f82d4d resource provider aggregate not found
2026-04-16 17:35:13.785 7 INFO neutron_taas.services.taas.taas_plugin [None req-ecb9c18e-8917-457f-9797-2764f88ac3d2 6a5a844dcdbd44579550bc5abb3f6b2a 499a587e2f1d4c9cbfbbc2e283210816 - - default default] TaaS: Handle Delete Port: 83fd0977-cfba-4688-9850-3fc588ecda9f
2026-04-16 17:35:13.788 7 INFO neutron_taas.services.taas.tap_mirror_plugin [None req-ecb9c18e-8917-457f-9797-2764f88ac3d2 6a5a844dcdbd44579550bc5abb3f6b2a 499a587e2f1d4c9cbfbbc2e283210816 - - default default] Tap Mirror: Handle Delete Port: 83fd0977-cfba-4688-9850-3fc588ecda9f
2026-04-16 17:35:13.798 7 INFO neutron.services.segments.plugin [-] Segment 5e820b11-6994-468c-bb82-fbef04f82d4d resource provider aggregate not found
2026-04-16 17:35:13.804 7 INFO neutron.services.segments.plugin [-] Segment 5e820b11-6994-468c-bb82-fbef04f82d4d resource provider not found; error: Placement Client Error (4xx): {"errors": [{"status": 404, "title": "Not Found", "detail": "The resource could not be found.\n\n No resource provider with uuid 5e820b11-6994-468c-bb82-fbef04f82d4d found for delete ", "request_id": "req-4833e95b-f493-4898-bff2-4bd8e0e42138"}]}
2026-04-16 17:35:13.817 7 INFO neutron.services.segments.plugin [-] Segment 5e820b11-6994-468c-bb82-fbef04f82d4d resource provider not found; error: Placement Client Error (4xx): {"errors": [{"status": 404, "title": "Not Found", "detail": "The resource could not be found.\n\n No resource provider with uuid 5e820b11-6994-468c-bb82-fbef04f82d4d found for delete ", "request_id": "req-6ba3abcd-7826-4d84-83c9-899f6507fc72"}]}
2026-04-16 17:35:13.847 7 INFO neutron.plugins.ml2.drivers.ovn.mech_driver.mech_driver [None req-bba82acf-1627-43d5-ac36-a29d066433c9 - - - - - -] OVN reports status down for port: 68b8e56a-ca01-4bb6-8918-93f069edcf1e
2026-04-16 17:35:13.870 8 INFO neutron.db.ovn_revision_numbers_db [None req-e77360bd-f970-434f-b356-ba2969cc88b1 - - - - - -] Successfully bumped revision number for resource 4c0e62cf-dbde-46a3-a9d0-ff75029d19e7 (type: router_ports) to 2
2026-04-16 17:35:13.872 8 INFO neutron.plugins.ml2.drivers.ovn.mech_driver.mech_driver [None req-e77360bd-f970-434f-b356-ba2969cc88b1 - - - - - -] OVN reports status up for port: 17e15028-6f56-4a5f-af31-2da17ced3456
2026-04-16 17:35:13.880 8 INFO neutron.db.ovn_revision_numbers_db [None req-1f7aff02-233e-4454-a406-f7f95bdad85a cce701f6e3424b48a9f74d0e8b85cbd3 576e1be47fb041e5bd23cb54f83dd591 - - default default] Successfully bumped revision number for resource 68b8e56a-ca01-4bb6-8918-93f069edcf1e (type: ports) to 1
2026-04-16 17:35:13.885 8 INFO neutron.plugins.ml2.plugin [None req-e77360bd-f970-434f-b356-ba2969cc88b1 - - - - - -] Attempt 1 to provision port 17e15028-6f56-4a5f-af31-2da17ced3456 [pid: 7|app: 0|req: 1023/1992] 10.0.0.21 () {32 vars in 725 bytes} [Thu Apr 16 17:35:13 2026] DELETE /v2.0/networks/b9fc0491-1df4-48dc-b00b-be1c1fde817f => generated 0 bytes in 498 msecs (HTTP/1.1 204) 3 headers in 131 bytes (1 switches on core 0) /var/lib/openstack/lib/python3.12/site-packages/pycadf/identifier.py:70: UserWarning: Invalid uuid: neutron. To ensure interoperability, identifiers should be a valid uuid. warnings.warn(('Invalid uuid: %s. To ensure interoperability, ' [pid: 7|app: 0|req: 1024/1993] 10.0.0.97 () {34 vars in 989 bytes} [Thu Apr 16 17:35:14 2026] GET /v2.0/ports?device_id=933ce4f3-90ac-4873-b5d3-311fb4f5bf5a => generated 969 bytes in 35 msecs (HTTP/1.1 200) 4 headers in 157 bytes (1 switches on core 0) [pid: 7|app: 0|req: 1025/1994] 10.0.0.21 () {32 vars in 716 bytes} [Thu Apr 16 17:35:14 2026] GET /v2.0/ports/dfadd0ee-cec7-43d6-8c9a-46d3ff3bd24d => generated 941 bytes in 28 msecs (HTTP/1.1 200) 4 headers in 157 bytes (1 switches on core 0) [pid: 7|app: 0|req: 1026/1995] 10.0.0.97 () {34 vars in 1039 bytes} [Thu Apr 16 17:35:14 2026] GET /v2.0/security-groups?id=7ee94204-0184-4e7f-9b73-8291649c804e&fields=id&fields=name => generated 88 bytes in 24 msecs (HTTP/1.1 200) 4 headers in 156 bytes (1 switches on core 0)
2026-04-16 17:35:14.190 8 INFO neutron.plugins.ml2.drivers.ovn.mech_driver.mech_driver [None req-e77360bd-f970-434f-b356-ba2969cc88b1 - - - - - -] OVN reports status down for port: f84263e9-e02e-4f25-b8aa-4c4bff9f3015 [pid: 7|app: 0|req: 1027/1996] 199.204.45.23 () {34 vars in 993 bytes} [Thu Apr 16 17:35:14 2026] GET /v2.0/ports?device_id=933ce4f3-90ac-4873-b5d3-311fb4f5bf5a => generated 969 bytes in 33 msecs (HTTP/1.1 200) 4 headers in 157 bytes (1 switches on core 0)
2026-04-16 17:35:14.317 8 WARNING neutron.plugins.ml2.drivers.ovn.mech_driver.ovsdb.ovn_client [None req-e77360bd-f970-434f-b356-ba2969cc88b1 - - - - - -] Logical_Switch_Port %s host information not removed, the port state is up
2026-04-16 17:35:14.317 8 INFO neutron.plugins.ml2.drivers.ovn.mech_driver.mech_driver [None req-e77360bd-f970-434f-b356-ba2969cc88b1 - - - - - -] OVN reports status up for port: f84263e9-e02e-4f25-b8aa-4c4bff9f3015
2026-04-16 17:35:14.347 8 INFO neutron.plugins.ml2.plugin [None req-e77360bd-f970-434f-b356-ba2969cc88b1 - - - - - -] Attempt 1 to provision port f84263e9-e02e-4f25-b8aa-4c4bff9f3015
2026-04-16 17:35:14.391 7 INFO neutron_taas.services.taas.taas_plugin [req-4f498d75-647f-4df5-948d-e444d528b15b req-10798ac4-4d96-4fc4-9fbc-3c4f33dbcb30 589d1259e4564568bf5461c474c33a89 4dd2dbf8f9a042a3a38cf17c1bd875f1 - - default default] TaaS: Handle Delete Port: e6f30383-6fc4-491b-8e76-44e6bc8d2d15
2026-04-16 17:35:14.394 7 INFO neutron_taas.services.taas.tap_mirror_plugin [req-4f498d75-647f-4df5-948d-e444d528b15b req-10798ac4-4d96-4fc4-9fbc-3c4f33dbcb30 589d1259e4564568bf5461c474c33a89 4dd2dbf8f9a042a3a38cf17c1bd875f1 - - default default] Tap Mirror: Handle Delete Port: e6f30383-6fc4-491b-8e76-44e6bc8d2d15 [pid: 7|app: 0|req: 1028/1997] 199.204.45.23 () {36 vars in 996 bytes} [Thu Apr 16 17:35:14 2026] DELETE /v2.0/ports/e6f30383-6fc4-491b-8e76-44e6bc8d2d15 => generated 0 bytes in 280 msecs (HTTP/1.1 204) 3 headers in 131 bytes (1 switches on core 0)
2026-04-16 17:35:15.086 7 INFO neutron.db.ovn_revision_numbers_db [None req-aa6f3554-21aa-4420-9f3c-448a8ad83fec cce701f6e3424b48a9f74d0e8b85cbd3 576e1be47fb041e5bd23cb54f83dd591 - - default default] Successfully bumped revision number for resource 030140cd-47da-48cc-90f5-8ab85ebd39d1 (type: security_groups) to 1
2026-04-16 17:35:15.102 7 INFO neutron.db.ovn_revision_numbers_db [None req-aa6f3554-21aa-4420-9f3c-448a8ad83fec cce701f6e3424b48a9f74d0e8b85cbd3 576e1be47fb041e5bd23cb54f83dd591 - - default default] Successfully bumped revision number for resource 1c0bc4d7-5c5d-4efd-a18c-efa47888577b (type: security_group_rules) to 0
2026-04-16 17:35:15.114 7 INFO neutron.db.ovn_revision_numbers_db [None req-aa6f3554-21aa-4420-9f3c-448a8ad83fec cce701f6e3424b48a9f74d0e8b85cbd3 576e1be47fb041e5bd23cb54f83dd591 - - default default] Successfully bumped revision number for resource 49de5bd3-8993-4581-a063-74c01ef15291 (type: security_group_rules) to 0
2026-04-16 17:35:15.125 7 INFO neutron.db.ovn_revision_numbers_db [None req-aa6f3554-21aa-4420-9f3c-448a8ad83fec cce701f6e3424b48a9f74d0e8b85cbd3 576e1be47fb041e5bd23cb54f83dd591 - - default default] Successfully bumped revision number for resource 7b456a47-6e8e-4e19-9429-e47db706154f (type: security_group_rules) to 0
2026-04-16 17:35:15.127 8 INFO neutron.plugins.ml2.drivers.ovn.mech_driver.ovsdb.commands [None req-d9c4c446-7ed8-4351-9a24-5b86ec2d1082 - - - - - -] Schedule LRP lrp-68b8e56a-ca01-4bb6-8918-93f069edcf1e on gateway 628ecb0c-cec7-4c17-80ca-79120c1126d9 with priority 1
2026-04-16 17:35:15.145 7 INFO neutron.db.ovn_revision_numbers_db [None req-aa6f3554-21aa-4420-9f3c-448a8ad83fec cce701f6e3424b48a9f74d0e8b85cbd3 576e1be47fb041e5bd23cb54f83dd591 - - default default] Successfully bumped revision number for resource e590444b-e852-4dd0-b441-37696e6e01ea (type: security_group_rules) to 0
2026-04-16 17:35:15.192 7 INFO neutron.plugins.ml2.drivers.ovn.mech_driver.mech_driver [None req-bba82acf-1627-43d5-ac36-a29d066433c9 - - - - - -] OVN reports status up for port: 68b8e56a-ca01-4bb6-8918-93f069edcf1e
2026-04-16 17:35:15.203 8 INFO neutron.db.ovn_revision_numbers_db [None req-e77360bd-f970-434f-b356-ba2969cc88b1 - - - - - -] Successfully bumped revision number for resource f84263e9-e02e-4f25-b8aa-4c4bff9f3015 (type: ports) to 2
2026-04-16 17:35:15.210 7 INFO neutron.plugins.ml2.plugin [None req-bba82acf-1627-43d5-ac36-a29d066433c9 - - - - - -] Attempt 1 to provision port 68b8e56a-ca01-4bb6-8918-93f069edcf1e
2026-04-16 17:35:15.220 8 INFO neutron.plugins.ml2.drivers.ovn.mech_driver.ovsdb.ovsdb_monitor [None req-e17ea11e-f2da-457d-ba2d-af3506c42ba0 - - - - - -] Router 9503f210-612e-4370-b4a4-62d0bab11ae8 is bound to host instance [pid: 7|app: 0|req: 1029/1998] 10.0.0.21 () {32 vars in 773 bytes} [Thu Apr 16 17:35:14 2026] GET /v2.0/security-groups?tenant_id=4188f9224b994e93b1e99617f9a148be&name=default => generated 2925 bytes in 388 msecs (HTTP/1.1 200) 4 headers in 158 bytes (1 switches on core 0) [pid: 7|app: 0|req: 1032/2001] 10.0.0.21 () {32 vars in 716 bytes} [Thu Apr 16 17:35:15 2026] GET /v2.0/ports/dfadd0ee-cec7-43d6-8c9a-46d3ff3bd24d => generated 941 bytes in 53 msecs (HTTP/1.1 200) 4 headers in 157 bytes (1 switches on core 0)
2026-04-16 17:35:15.307 8 INFO neutron.db.ovn_revision_numbers_db [None req-1f7aff02-233e-4454-a406-f7f95bdad85a cce701f6e3424b48a9f74d0e8b85cbd3 576e1be47fb041e5bd23cb54f83dd591 - - default default] Successfully bumped revision number for resource 68b8e56a-ca01-4bb6-8918-93f069edcf1e (type: router_ports) to 1
2026-04-16 17:35:15.318 7 INFO neutron.notifiers.nova [-] Nova event matching ['req-e2449673-ff4f-4e01-bfec-9dd9e72f9086'] response: {'server_uuid': '933ce4f3-90ac-4873-b5d3-311fb4f5bf5a', 'name': 'network-vif-unplugged', 'status': 'completed', 'tag': 'e6f30383-6fc4-491b-8e76-44e6bc8d2d15', 'code': 200}
2026-04-16 17:35:15.324 7 INFO neutron.notifiers.nova [-] Nova event matching ['req-e2449673-ff4f-4e01-bfec-9dd9e72f9086'] response: {'server_uuid': '933ce4f3-90ac-4873-b5d3-311fb4f5bf5a', 'name': 'network-vif-deleted', 'tag': 'e6f30383-6fc4-491b-8e76-44e6bc8d2d15', 'status': 'completed', 'code': 200}
2026-04-16 17:35:15.493 8 INFO neutron.db.ovn_revision_numbers_db [None req-1f7aff02-233e-4454-a406-f7f95bdad85a cce701f6e3424b48a9f74d0e8b85cbd3 576e1be47fb041e5bd23cb54f83dd591 - - default default] Successfully bumped revision number for resource 9503f210-612e-4370-b4a4-62d0bab11ae8 (type: routers) to 2 [pid: 7|app: 0|req: 1033/2002] 10.0.0.21 () {32 vars in 739 bytes} [Thu Apr 16 17:35:15 2026] DELETE /v2.0/security-groups/030140cd-47da-48cc-90f5-8ab85ebd39d1 => generated 0 bytes in 269 msecs (HTTP/1.1 204) 2 headers in 112 bytes (1 switches on core 0) [pid: 8|app: 0|req: 970/2003] 10.0.0.21 () {34 vars in 668 bytes} [Thu Apr 16 17:35:13 2026] POST /v2.0/routers => generated 964 bytes in 2426 msecs (HTTP/1.1 201) 4 headers in 162 bytes (1 switches on core 0) [pid: 7|app: 0|req: 1034/2004] 10.0.0.97 () {34 vars in 989 bytes} [Thu Apr 16 17:35:15 2026] GET /v2.0/ports?device_id=933ce4f3-90ac-4873-b5d3-311fb4f5bf5a => generated 12 bytes in 26 msecs (HTTP/1.1 200) 4 headers in 156 bytes (1 switches on core 0)
2026-04-16 17:35:15.770 7 INFO neutron.db.ovn_revision_numbers_db [None req-c67c5f6e-0c16-4ae6-9e2f-044c77c680c2 cce701f6e3424b48a9f74d0e8b85cbd3 576e1be47fb041e5bd23cb54f83dd591 - - default default] Successfully bumped revision number for resource 9c10b42f-15d9-4c1b-9dad-446311e8a8ef (type: security_groups) to 1
2026-04-16 17:35:15.783 7 INFO neutron.db.ovn_revision_numbers_db [None req-c67c5f6e-0c16-4ae6-9e2f-044c77c680c2 cce701f6e3424b48a9f74d0e8b85cbd3 576e1be47fb041e5bd23cb54f83dd591 - - default default] Successfully bumped revision number for resource 0bd58dc2-790c-43e1-b173-428922d076d9 (type: security_group_rules) to 0
2026-04-16 17:35:15.795 7 INFO neutron.db.ovn_revision_numbers_db [None req-c67c5f6e-0c16-4ae6-9e2f-044c77c680c2 cce701f6e3424b48a9f74d0e8b85cbd3 576e1be47fb041e5bd23cb54f83dd591 - - default default] Successfully bumped revision number for resource 4890b7fa-e519-4da2-b363-0d0a5d08dddf (type: security_group_rules) to 0
2026-04-16 17:35:15.810 7 INFO neutron.db.ovn_revision_numbers_db [None req-c67c5f6e-0c16-4ae6-9e2f-044c77c680c2 cce701f6e3424b48a9f74d0e8b85cbd3 576e1be47fb041e5bd23cb54f83dd591 - - default default] Successfully bumped revision number for resource 65cab398-bb07-4159-a99b-f22aea7a3353 (type: security_group_rules) to 0
2026-04-16 17:35:15.828 7 INFO neutron.services.segments.plugin [-] Segment d27d24cd-bfb3-4874-85e5-4c5cac99d4da resource provider aggregate not found
2026-04-16 17:35:15.833 7 INFO neutron.db.ovn_revision_numbers_db [None req-c67c5f6e-0c16-4ae6-9e2f-044c77c680c2 cce701f6e3424b48a9f74d0e8b85cbd3 576e1be47fb041e5bd23cb54f83dd591 - - default default] Successfully bumped revision number for resource ee58b337-f338-4414-b9b3-4a4c851d434b (type: security_group_rules) to 0
2026-04-16 17:35:15.837 7 INFO neutron.services.segments.plugin [-] Segment d27d24cd-bfb3-4874-85e5-4c5cac99d4da resource provider aggregate not found
2026-04-16 17:35:15.847 7 INFO neutron.services.segments.plugin [-] Segment d27d24cd-bfb3-4874-85e5-4c5cac99d4da resource provider not found; error: Placement Client Error (4xx): {"errors": [{"status": 404, "title": "Not Found", "detail": "The resource could not be found.\n\n No resource provider with uuid d27d24cd-bfb3-4874-85e5-4c5cac99d4da found for delete ", "request_id": "req-6cffa63e-e43b-487c-8a16-57f9d2be220e"}]}
2026-04-16 17:35:15.861 7 INFO neutron.services.segments.plugin [-] Segment d27d24cd-bfb3-4874-85e5-4c5cac99d4da resource provider not found; error: Placement Client Error (4xx): {"errors": [{"status": 404, "title": "Not Found", "detail": "The resource could not be found.\n\n No resource provider with uuid d27d24cd-bfb3-4874-85e5-4c5cac99d4da found for delete ", "request_id": "req-4f9d8503-65e7-4dfb-af8d-4d515d789f0b"}]} [pid: 7|app: 0|req: 1035/2005] 10.0.0.21 () {32 vars in 773 bytes} [Thu Apr 16 17:35:15 2026] GET /v2.0/security-groups?tenant_id=a75dace3e20044ee998b6e96ef32328f&name=default => generated 2925 bytes in 252 msecs (HTTP/1.1 200) 4 headers in 158 bytes (1 switches on core 0) [pid: 7|app: 0|req: 1036/2006] 10.0.0.21 () {32 vars in 739 bytes} [Thu Apr 16 17:35:15 2026] DELETE /v2.0/security-groups/9c10b42f-15d9-4c1b-9dad-446311e8a8ef => generated 0 bytes in 233 msecs (HTTP/1.1 204) 2 headers in 112 bytes (1 switches on core 0) [pid: 7|app: 0|req: 1037/2007] 10.0.0.21 () {32 vars in 773 bytes} [Thu Apr 16 17:35:16 2026] GET /v2.0/security-groups?tenant_id=499a587e2f1d4c9cbfbbc2e283210816&name=default => generated 2925 bytes in 41 msecs (HTTP/1.1 200) 4 headers in 158 bytes (1 switches on core 0) [pid: 7|app: 0|req: 1038/2008] 10.0.0.21 () {32 vars in 716 bytes} [Thu Apr 16 17:35:16 2026] GET /v2.0/ports/dfadd0ee-cec7-43d6-8c9a-46d3ff3bd24d => generated 941 bytes in 31 msecs (HTTP/1.1 200) 4 headers in 157 bytes (1 switches on core 0)
2026-04-16 17:35:16.521 8 WARNING neutron.scheduler.dhcp_agent_scheduler [None req-44207282-8dec-4743-b37f-4c4e6e834f69 cce701f6e3424b48a9f74d0e8b85cbd3 576e1be47fb041e5bd23cb54f83dd591 - - default default] No more DHCP agents
2026-04-16 17:35:16.526 8 WARNING neutron.api.rpc.agentnotifiers.dhcp_rpc_agent_api [None req-44207282-8dec-4743-b37f-4c4e6e834f69 cce701f6e3424b48a9f74d0e8b85cbd3 576e1be47fb041e5bd23cb54f83dd591 - - default default] Unable to schedule network f50d3a41-746f-4aa1-8821-de045175c279: no agents available; will retry on subsequent port and subnet creation events. [pid: 7|app: 0|req: 1039/2009] 10.0.0.21 () {32 vars in 739 bytes} [Thu Apr 16 17:35:16 2026] DELETE /v2.0/security-groups/8307ded4-cb27-4cb6-969e-009753777952 => generated 0 bytes in 197 msecs (HTTP/1.1 204) 2 headers in 112 bytes (1 switches on core 0) [pid: 7|app: 0|req: 1040/2010] 10.0.0.97 () {34 vars in 989 bytes} [Thu Apr 16 17:35:16 2026] GET /v2.0/ports?device_id=933ce4f3-90ac-4873-b5d3-311fb4f5bf5a => generated 12 bytes in 25 msecs (HTTP/1.1 200) 4 headers in 156 bytes (1 switches on core 0)
2026-04-16 17:35:16.831 8 INFO neutron.db.ovn_revision_numbers_db [None req-44207282-8dec-4743-b37f-4c4e6e834f69 cce701f6e3424b48a9f74d0e8b85cbd3 576e1be47fb041e5bd23cb54f83dd591 - - default default] Successfully bumped revision number for resource a7f7ae51-8ef6-467e-82d7-db9ef023439a (type: ports) to 1
2026-04-16 17:35:17.029 8 INFO neutron.db.ovn_revision_numbers_db [None req-7e28a508-4b1f-413b-a765-bae40ffa8a76 - - - - - -] Successfully bumped revision number for resource 68b8e56a-ca01-4bb6-8918-93f069edcf1e (type: ports) to 4 [pid: 7|app: 0|req: 1041/2011] 10.0.0.21 () {32 vars in 716 bytes} [Thu Apr 16 17:35:17 2026] GET /v2.0/ports/dfadd0ee-cec7-43d6-8c9a-46d3ff3bd24d => generated 941 bytes in 35 msecs (HTTP/1.1 200) 4 headers in 157 bytes (1 switches on core 0) [pid: 7|app: 0|req: 1042/2012] 10.0.0.97 () {34 vars in 989 bytes} [Thu Apr 16 17:35:17 2026] GET /v2.0/ports?device_id=933ce4f3-90ac-4873-b5d3-311fb4f5bf5a => generated 12 bytes in 22 msecs (HTTP/1.1 200) 4 headers in 156 bytes (1 switches on core 0)
2026-04-16 17:35:17.811 8 INFO neutron.db.ovn_revision_numbers_db [None req-7e28a508-4b1f-413b-a765-bae40ffa8a76 - - - - - -] Successfully bumped revision number for resource 68b8e56a-ca01-4bb6-8918-93f069edcf1e (type: ports) to 5
2026-04-16 17:35:18.119 8 WARNING neutron.scheduler.dhcp_agent_scheduler [None req-44207282-8dec-4743-b37f-4c4e6e834f69 cce701f6e3424b48a9f74d0e8b85cbd3 576e1be47fb041e5bd23cb54f83dd591 - - default default] No more DHCP agents
2026-04-16 17:35:18.120 8 WARNING neutron.api.rpc.agentnotifiers.dhcp_rpc_agent_api [None req-44207282-8dec-4743-b37f-4c4e6e834f69 cce701f6e3424b48a9f74d0e8b85cbd3 576e1be47fb041e5bd23cb54f83dd591 - - default default] Unable to schedule network f50d3a41-746f-4aa1-8821-de045175c279: no agents available; will retry on subsequent port and subnet creation events. [pid: 7|app: 0|req: 1043/2013] 10.0.0.21 () {32 vars in 716 bytes} [Thu Apr 16 17:35:18 2026] GET /v2.0/ports/dfadd0ee-cec7-43d6-8c9a-46d3ff3bd24d => generated 941 bytes in 83 msecs (HTTP/1.1 200) 4 headers in 157 bytes (1 switches on core 0)
2026-04-16 17:35:18.716 8 INFO neutron.db.ovn_revision_numbers_db [None req-44207282-8dec-4743-b37f-4c4e6e834f69 cce701f6e3424b48a9f74d0e8b85cbd3 576e1be47fb041e5bd23cb54f83dd591 - - default default] Successfully bumped revision number for resource a7f7ae51-8ef6-467e-82d7-db9ef023439a (type: router_ports) to 1 [pid: 8|app: 0|req: 971/2014] 10.0.0.21 () {34 vars in 782 bytes} [Thu Apr 16 17:35:15 2026] PUT /v2.0/routers/9503f210-612e-4370-b4a4-62d0bab11ae8/add_router_interface => generated 309 bytes in 3143 msecs (HTTP/1.1 200) 4 headers in 157 bytes (1 switches on core 0)
2026-04-16 17:35:19.546 7 INFO neutron.db.ovn_revision_numbers_db [None req-289e1312-95ca-471b-a982-04a3a7cf502a b892cf99c64b4285a35012c23fea748b 591693846b5e472e8ad841fee480bd24 - - default default] Successfully bumped revision number for resource 55b6d977-b3d2-4bb3-8eab-79317200dfab (type: security_groups) to 1
2026-04-16 17:35:19.559 7 INFO neutron.db.ovn_revision_numbers_db [None req-289e1312-95ca-471b-a982-04a3a7cf502a b892cf99c64b4285a35012c23fea748b 591693846b5e472e8ad841fee480bd24 - - default default] Successfully bumped revision number for resource 36aacc52-737d-43a6-bc48-d1df5025ceab (type: security_group_rules) to 0
2026-04-16 17:35:19.569 7 INFO neutron.db.ovn_revision_numbers_db [None req-289e1312-95ca-471b-a982-04a3a7cf502a b892cf99c64b4285a35012c23fea748b 591693846b5e472e8ad841fee480bd24 - - default default] Successfully bumped revision number for resource d13ec6e9-83d0-4d71-a80c-649db1199ab5 (type: security_group_rules) to 0 [pid: 8|app: 0|req: 972/2015] 10.0.0.21 () {32 vars in 716 bytes} [Thu Apr 16 17:35:19 2026] GET /v2.0/ports/dfadd0ee-cec7-43d6-8c9a-46d3ff3bd24d => generated 941 bytes in 92 msecs (HTTP/1.1 200) 4 headers in 157 bytes (1 switches on core 0) [pid: 7|app: 0|req: 1044/2016] 10.0.0.21 () {34 vars in 684 bytes} [Thu Apr 16 17:35:19 2026] POST /v2.0/security-groups => generated 1673 bytes in 198 msecs (HTTP/1.1 201) 4 headers in 163 bytes (1 switches on core 0)
2026-04-16 17:35:19.804 8 INFO neutron.db.ovn_revision_numbers_db [None req-482790c8-33ba-4a3b-b0c0-4111815da80f b892cf99c64b4285a35012c23fea748b 591693846b5e472e8ad841fee480bd24 - - default default] Successfully bumped revision number for resource 6f8708f9-03d2-49ff-848f-45dc09e68ddb (type: security_group_rules) to 0 [pid: 8|app: 0|req: 973/2017] 10.0.0.21 () {34 vars in 694 bytes} [Thu Apr 16 17:35:19 2026] POST /v2.0/security-group-rules => generated 597 bytes in 208 msecs (HTTP/1.1 201) 4 headers in 162 bytes (1 switches on core 0)
2026-04-16 17:35:19.998 7 INFO neutron.db.ovn_revision_numbers_db [None req-3d0aadfa-8f19-418e-b272-63f6da05464a b892cf99c64b4285a35012c23fea748b 591693846b5e472e8ad841fee480bd24 - - default default] Successfully bumped revision number for resource ab68db8c-f6b8-4be8-9b6f-c61ee2d7d556 (type: security_group_rules) to 0 [pid: 7|app: 0|req: 1045/2018] 10.0.0.21 () {34 vars in 694 bytes} [Thu Apr 16 17:35:19 2026] POST /v2.0/security-group-rules => generated 596 bytes in 193 msecs (HTTP/1.1 201) 4 headers in 162 bytes (1 switches on core 0)
2026-04-16 17:35:20.169 7 INFO neutron.db.ovn_revision_numbers_db [None req-58043507-6796-4a3f-b1e4-5099b6cf9f79 b892cf99c64b4285a35012c23fea748b 591693846b5e472e8ad841fee480bd24 - - default default] Successfully bumped revision number for resource 74934587-12fd-4590-9536-76ebff4c49e3 (type: security_group_rules) to 0 [pid: 7|app: 0|req: 1046/2019] 10.0.0.21 () {34 vars in 694 bytes} [Thu Apr 16 17:35:20 2026] POST /v2.0/security-group-rules => generated 602 bytes in 163 msecs (HTTP/1.1 201) 4 headers in 162 bytes (1 switches on core 0)
2026-04-16 17:35:20.328 7 INFO neutron.db.ovn_revision_numbers_db [None req-6346b70b-42a9-47e3-bf1d-e28ecef2d041 b892cf99c64b4285a35012c23fea748b 591693846b5e472e8ad841fee480bd24 - - default default] Successfully bumped revision number for resource c859503c-1439-467d-8cb7-994d0501e896 (type: security_group_rules) to 0
2026-04-16 17:35:20.336 8 INFO neutron_taas.services.taas.taas_plugin [None req-1df1db9b-8fc0-4480-a1b7-8e9d51ef841b cce701f6e3424b48a9f74d0e8b85cbd3 576e1be47fb041e5bd23cb54f83dd591 - - default default] TaaS: Handle Delete Port: 0210642b-e455-4fe7-9767-0bf698af61bb
2026-04-16 17:35:20.340 8 INFO neutron_taas.services.taas.tap_mirror_plugin [None req-1df1db9b-8fc0-4480-a1b7-8e9d51ef841b cce701f6e3424b48a9f74d0e8b85cbd3 576e1be47fb041e5bd23cb54f83dd591 - - default default] Tap Mirror: Handle Delete Port: 0210642b-e455-4fe7-9767-0bf698af61bb [pid: 7|app: 0|req: 1047/2020] 10.0.0.21 () {34 vars in 694 bytes} [Thu Apr 16 17:35:20 2026] POST /v2.0/security-group-rules => generated 601 bytes in 151 msecs (HTTP/1.1 201) 4 headers in 162 bytes (1 switches on core 0)
2026-04-16 17:35:20.393 7 INFO neutron.db.securitygroups_db [None req-d9af852e-c7e1-4f88-bb03-a6c972586d34 b892cf99c64b4285a35012c23fea748b 591693846b5e472e8ad841fee480bd24 - - default default] Project 591693846b5e472e8ad841fee480bd24 added a security group rule with legacy IPv6 ICMP protocol name icmp, ipv6-icmp should be used instead. It was automatically converted.
2026-04-16 17:35:20.503 7 INFO neutron.db.ovn_revision_numbers_db [None req-d9af852e-c7e1-4f88-bb03-a6c972586d34 b892cf99c64b4285a35012c23fea748b 591693846b5e472e8ad841fee480bd24 - - default default] Successfully bumped revision number for resource fdaeaeb5-8422-45a5-8a5b-609674887050 (type: security_group_rules) to 0 [pid: 7|app: 0|req: 1048/2021] 10.0.0.21 () {34 vars in 694 bytes} [Thu Apr 16 17:35:20 2026] POST /v2.0/security-group-rules => generated 607 bytes in 183 msecs (HTTP/1.1 201) 4 headers in 162 bytes (1 switches on core 0)
2026-04-16 17:35:20.578 7 INFO neutron.db.securitygroups_db [None req-95e73448-c99e-48f2-ab9e-40c148f08efa b892cf99c64b4285a35012c23fea748b 591693846b5e472e8ad841fee480bd24 - - default default] Project 591693846b5e472e8ad841fee480bd24 added a security group rule with legacy IPv6 ICMP protocol name icmp, ipv6-icmp should be used instead. It was automatically converted.
2026-04-16 17:35:20.657 8 WARNING neutron.plugins.ml2.drivers.ovn.mech_driver.ovsdb.ovn_client [None req-23cbdae5-0c1b-4e6e-856a-ebf32ca4c432 - - - - - -] No hosting information found for port f84263e9-e02e-4f25-b8aa-4c4bff9f3015: RuntimeError: No hosting information found for port f84263e9-e02e-4f25-b8aa-4c4bff9f3015
2026-04-16 17:35:20.725 7 INFO neutron.db.ovn_revision_numbers_db [None req-95e73448-c99e-48f2-ab9e-40c148f08efa b892cf99c64b4285a35012c23fea748b 591693846b5e472e8ad841fee480bd24 - - default default] Successfully bumped revision number for resource 061b7b2b-8385-4be2-9430-20f5a24d1761 (type: security_group_rules) to 0 [pid: 7|app: 0|req: 1049/2022] 10.0.0.21 () {34 vars in 694 bytes} [Thu Apr 16 17:35:20 2026] POST /v2.0/security-group-rules => generated 606 bytes in 231 msecs (HTTP/1.1 201) 4 headers in 162 bytes (1 switches on core 0) [pid: 7|app: 0|req: 1050/2023] 10.0.0.21 () {32 vars in 716 bytes} [Thu Apr 16 17:35:20 2026] GET /v2.0/ports/dfadd0ee-cec7-43d6-8c9a-46d3ff3bd24d => generated 941 bytes in 38 msecs (HTTP/1.1 200) 4 headers in 157 bytes (1 switches on core 0)
2026-04-16 17:35:20.831 8 INFO neutron.db.ovn_revision_numbers_db [None req-23cbdae5-0c1b-4e6e-856a-ebf32ca4c432 - - - - - -] Successfully bumped revision number for resource f84263e9-e02e-4f25-b8aa-4c4bff9f3015 (type: router_ports) to 2
2026-04-16 17:35:20.832 8 INFO neutron.plugins.ml2.drivers.ovn.mech_driver.mech_driver [None req-23cbdae5-0c1b-4e6e-856a-ebf32ca4c432 - - - - - -] OVN reports status down for port: dfadd0ee-cec7-43d6-8c9a-46d3ff3bd24d
2026-04-16 17:35:20.960 8 WARNING neutron.plugins.ml2.drivers.ovn.mech_driver.ovsdb.ovn_client [None req-23cbdae5-0c1b-4e6e-856a-ebf32ca4c432 - - - - - -] Logical_Switch_Port %s host information not removed, the port state is up
2026-04-16 17:35:20.961 8 INFO neutron.plugins.ml2.drivers.ovn.mech_driver.mech_driver [None req-23cbdae5-0c1b-4e6e-856a-ebf32ca4c432 - - - - - -] OVN reports status up for port: dfadd0ee-cec7-43d6-8c9a-46d3ff3bd24d
2026-04-16 17:35:20.991 8 INFO neutron.plugins.ml2.plugin [None req-23cbdae5-0c1b-4e6e-856a-ebf32ca4c432 - - - - - -] Attempt 1 to provision port dfadd0ee-cec7-43d6-8c9a-46d3ff3bd24d
2026-04-16 17:35:21.089 7 INFO neutron.db.ovn_revision_numbers_db [None req-e421577c-2d26-4434-97d5-807c80b34d76 a53b1a3808f5464cbe17b415b94d7b11 a6713f2f777e479fb581483261432ed1 - - default default] Successfully bumped revision number for resource 0bad90f8-df2c-4716-bec3-60147f98d8aa (type: security_groups) to 1
2026-04-16 17:35:21.116 7 INFO neutron.db.ovn_revision_numbers_db [None req-e421577c-2d26-4434-97d5-807c80b34d76 a53b1a3808f5464cbe17b415b94d7b11 a6713f2f777e479fb581483261432ed1 - - default default] Successfully bumped revision number for resource 224e0516-a1f6-4f6e-b21f-7a603d41f36b (type: security_group_rules) to 0
2026-04-16 17:35:21.142 7 INFO neutron.db.ovn_revision_numbers_db [None req-e421577c-2d26-4434-97d5-807c80b34d76 a53b1a3808f5464cbe17b415b94d7b11 a6713f2f777e479fb581483261432ed1 - - default default] Successfully bumped revision number for resource 30d7b6f2-adc6-45ea-924d-6b3c28795f12 (type: security_group_rules) to 0
2026-04-16 17:35:21.154 7 INFO neutron.db.ovn_revision_numbers_db [None req-e421577c-2d26-4434-97d5-807c80b34d76 a53b1a3808f5464cbe17b415b94d7b11 a6713f2f777e479fb581483261432ed1 - - default default] Successfully bumped revision number for resource 597013ea-7d52-4906-b1ec-68bab28f5fca (type: security_group_rules) to 0
2026-04-16 17:35:21.165 7 INFO neutron.db.ovn_revision_numbers_db [None req-e421577c-2d26-4434-97d5-807c80b34d76 a53b1a3808f5464cbe17b415b94d7b11 a6713f2f777e479fb581483261432ed1 - - default default] Successfully bumped revision number for resource fba6d5c6-d672-4f84-a0e1-4499dc6837d7 (type: security_group_rules) to 0
2026-04-16 17:35:21.236 7 INFO neutron.db.segments_db [None req-e421577c-2d26-4434-97d5-807c80b34d76 a53b1a3808f5464cbe17b415b94d7b11 a6713f2f777e479fb581483261432ed1 - - default default] Added segment 45d755cc-44c2-413a-b433-22c47959a036 of type geneve for network 8117cbb5-6313-4c9d-b258-3d26b9d21644
2026-04-16 17:35:21.368 7 INFO neutron.db.ovn_revision_numbers_db [None req-e421577c-2d26-4434-97d5-807c80b34d76 a53b1a3808f5464cbe17b415b94d7b11 a6713f2f777e479fb581483261432ed1 - - default default] Successfully bumped revision number for resource 8117cbb5-6313-4c9d-b258-3d26b9d21644 (type: networks) to 1
2026-04-16 17:35:21.535 7 WARNING neutron.scheduler.dhcp_agent_scheduler [None req-e421577c-2d26-4434-97d5-807c80b34d76 a53b1a3808f5464cbe17b415b94d7b11 a6713f2f777e479fb581483261432ed1 - - default default] No more DHCP agents
2026-04-16 17:35:21.537 7 WARNING neutron.api.rpc.agentnotifiers.dhcp_rpc_agent_api [None req-e421577c-2d26-4434-97d5-807c80b34d76 a53b1a3808f5464cbe17b415b94d7b11 a6713f2f777e479fb581483261432ed1 - - default default] Unable to schedule network 8117cbb5-6313-4c9d-b258-3d26b9d21644: no agents available; will retry on subsequent port and subnet creation events.
2026-04-16 17:35:21.597 7 INFO neutron.plugins.ml2.drivers.ovn.mech_driver.mech_driver [None req-bba82acf-1627-43d5-ac36-a29d066433c9 - - - - - -] OVN reports status down for port: 9e866799-a493-402d-a97f-c68f450ed240
2026-04-16 17:35:21.647 7 INFO neutron.db.ovn_revision_numbers_db [None req-e421577c-2d26-4434-97d5-807c80b34d76 a53b1a3808f5464cbe17b415b94d7b11 a6713f2f777e479fb581483261432ed1 - - default default] Successfully bumped revision number for resource 9e866799-a493-402d-a97f-c68f450ed240 (type: ports) to 1 [pid: 7|app: 0|req: 1051/2024] 10.0.0.21 () {34 vars in 669 bytes} [Thu Apr 16 17:35:20 2026] POST /v2.0/networks => generated 651 bytes in 869 msecs (HTTP/1.1 201) 4 headers in 162 bytes (1 switches on core 0)
2026-04-16 17:35:21.803 7 INFO neutron.db.ovn_revision_numbers_db [None req-be3fbe7f-8b69-46e1-8fb9-350311621a3b b892cf99c64b4285a35012c23fea748b 591693846b5e472e8ad841fee480bd24 - - default default] Successfully bumped revision number for resource a0c0efe2-bd28-451d-b741-64663f8717ca (type: security_groups) to 1
2026-04-16 17:35:21.817 7 INFO neutron.db.ovn_revision_numbers_db [None req-be3fbe7f-8b69-46e1-8fb9-350311621a3b b892cf99c64b4285a35012c23fea748b 591693846b5e472e8ad841fee480bd24 - - default default] Successfully bumped revision number for resource 9738f73f-1531-4b21-9b51-c4580618779d (type: security_group_rules) to 0
2026-04-16 17:35:21.834 7 INFO neutron.db.ovn_revision_numbers_db [None req-be3fbe7f-8b69-46e1-8fb9-350311621a3b b892cf99c64b4285a35012c23fea748b 591693846b5e472e8ad841fee480bd24 - - default default] Successfully bumped revision number for resource d67d3919-4b06-4c24-98c0-0e6f5c1d71e6 (type: security_group_rules) to 0 [pid: 7|app: 0|req: 1052/2025] 10.0.0.21 () {34 vars in 684 bytes} [Thu Apr 16 17:35:21 2026] POST /v2.0/security-groups => generated 1661 bytes in 186 msecs (HTTP/1.1 201) 4 headers in 163 bytes (1 switches on core 0)
2026-04-16 17:35:22.069 7 WARNING neutron.scheduler.dhcp_agent_scheduler [None req-19b127d8-5ee5-4727-b2ea-5680635200f0 a53b1a3808f5464cbe17b415b94d7b11 a6713f2f777e479fb581483261432ed1 - - default default] No more DHCP agents
2026-04-16 17:35:22.071 7 WARNING neutron.api.rpc.agentnotifiers.dhcp_rpc_agent_api [None req-19b127d8-5ee5-4727-b2ea-5680635200f0 a53b1a3808f5464cbe17b415b94d7b11 a6713f2f777e479fb581483261432ed1 - - default default] Unable to schedule network 8117cbb5-6313-4c9d-b258-3d26b9d21644: no agents available; will retry on subsequent port and subnet creation events. [pid: 8|app: 0|req: 974/2026] 10.0.0.21 () {34 vars in 788 bytes} [Thu Apr 16 17:35:20 2026] PUT /v2.0/routers/58b671b9-93e3-4bfb-939f-5aa503c1aa41/remove_router_interface => generated 309 bytes in 2093 msecs (HTTP/1.1 200) 4 headers in 157 bytes (1 switches on core 0) /var/lib/openstack/lib/python3.12/site-packages/pycadf/identifier.py:70: UserWarning: Invalid uuid: neutron. To ensure interoperability, identifiers should be a valid uuid. warnings.warn(('Invalid uuid: %s. To ensure interoperability, ' [pid: 8|app: 0|req: 975/2027] 10.0.0.21 () {32 vars in 716 bytes} [Thu Apr 16 17:35:22 2026] GET /v2.0/ports/dfadd0ee-cec7-43d6-8c9a-46d3ff3bd24d => generated 943 bytes in 76 msecs (HTTP/1.1 200) 4 headers in 157 bytes (1 switches on core 0)
2026-04-16 17:35:22.413 8 INFO neutron.db.ovn_revision_numbers_db [None req-23cbdae5-0c1b-4e6e-856a-ebf32ca4c432 - - - - - -] Successfully bumped revision number for resource dfadd0ee-cec7-43d6-8c9a-46d3ff3bd24d (type: ports) to 2
2026-04-16 17:35:22.444 8 INFO neutron.db.ovn_revision_numbers_db [None req-4a5c7950-2181-432d-995a-7341cae7a4fe b892cf99c64b4285a35012c23fea748b 591693846b5e472e8ad841fee480bd24 - - default default] Successfully bumped revision number for resource f8da5469-8e06-4a9b-a9df-6c90a86aee76 (type: security_group_rules) to 0 [pid: 8|app: 0|req: 976/2028] 10.0.0.21 () {34 vars in 694 bytes} [Thu Apr 16 17:35:22 2026] POST /v2.0/security-group-rules => generated 597 bytes in 331 msecs (HTTP/1.1 201) 4 headers in 162 bytes (1 switches on core 0)
2026-04-16 17:35:22.567 7 INFO neutron.db.ovn_revision_numbers_db [None req-38bd6c50-eded-4f64-b74e-11f67148b5af - - - - - -] Successfully bumped revision number for resource 9e866799-a493-402d-a97f-c68f450ed240 (type: ports) to 2
2026-04-16 17:35:22.602 7 INFO neutron.db.ovn_revision_numbers_db [None req-38bd6c50-eded-4f64-b74e-11f67148b5af - - - - - -] Successfully bumped revision number for resource dff76818-fd38-4d31-a162-ea71c39ee438 (type: subnets) to 0 [pid: 7|app: 0|req: 1053/2029] 10.0.0.21 () {34 vars in 668 bytes} [Thu Apr 16 17:35:21 2026] POST /v2.0/subnets => generated 626 bytes in 741 msecs (HTTP/1.1 201) 4 headers in 162 bytes (1 switches on core 0)
2026-04-16 17:35:22.853 8 INFO neutron_taas.services.taas.taas_plugin [None req-6e8b8bfc-4416-4ec5-8026-4d063683c45e cce701f6e3424b48a9f74d0e8b85cbd3 576e1be47fb041e5bd23cb54f83dd591 - - default default] TaaS: Handle Delete Port: 2e9e971a-98fb-4916-b89f-22ccdb602793
2026-04-16 17:35:22.857 8 INFO neutron_taas.services.taas.tap_mirror_plugin [None req-6e8b8bfc-4416-4ec5-8026-4d063683c45e cce701f6e3424b48a9f74d0e8b85cbd3 576e1be47fb041e5bd23cb54f83dd591 - - default default] Tap Mirror: Handle Delete Port: 2e9e971a-98fb-4916-b89f-22ccdb602793
2026-04-16 17:35:22.901 7 INFO neutron_taas.services.taas.taas_plugin [None req-aa7f03ca-15b3-4ec0-ab36-400c0f04c856 d39ee7f6c7c241ef8198c68c8fab1d6e 9412bcf6ce0d4793b3a0097d7f7d5d63 - - default default] TaaS: Handle Delete Port: dfadd0ee-cec7-43d6-8c9a-46d3ff3bd24d
2026-04-16 17:35:22.905 7 INFO neutron_taas.services.taas.tap_mirror_plugin [None req-aa7f03ca-15b3-4ec0-ab36-400c0f04c856 d39ee7f6c7c241ef8198c68c8fab1d6e 9412bcf6ce0d4793b3a0097d7f7d5d63 - - default default] Tap Mirror: Handle Delete Port: dfadd0ee-cec7-43d6-8c9a-46d3ff3bd24d [pid: 7|app: 0|req: 1054/2030] 10.0.0.21 () {34 vars in 788 bytes} [Thu Apr 16 17:35:22 2026] PUT /v2.0/routers/d7f01f38-8fc2-4832-aa08-49a6dacebe1f/remove_router_interface => generated 309 bytes in 597 msecs (HTTP/1.1 200) 4 headers in 157 bytes (1 switches on core 0) /var/lib/openstack/lib/python3.12/site-packages/pycadf/identifier.py:70: UserWarning: Invalid uuid: neutron. To ensure interoperability, identifiers should be a valid uuid. warnings.warn(('Invalid uuid: %s. To ensure interoperability, ' [pid: 8|app: 0|req: 977/2031] 10.0.0.21 () {32 vars in 723 bytes} [Thu Apr 16 17:35:22 2026] DELETE /v2.0/routers/58b671b9-93e3-4bfb-939f-5aa503c1aa41 => generated 0 bytes in 808 msecs (HTTP/1.1 204) 2 headers in 112 bytes (1 switches on core 0)
2026-04-16 17:35:23.373 7 INFO neutron.db.ovn_revision_numbers_db [None req-93fc4e95-2eb1-49f6-9cd7-caf1f7f9837e b892cf99c64b4285a35012c23fea748b 591693846b5e472e8ad841fee480bd24 - - default default] Successfully bumped revision number for resource fab55fba-e433-46b6-be77-ba1366c2ff2e (type: security_group_rules) to 0 [pid: 7|app: 0|req: 1055/2032] 10.0.0.21 () {34 vars in 694 bytes} [Thu Apr 16 17:35:23 2026] POST /v2.0/security-group-rules => generated 602 bytes in 200 msecs (HTTP/1.1 201) 4 headers in 162 bytes (1 switches on core 0)
2026-04-16 17:35:23.439 8 INFO neutron.db.segments_db [None req-2136bf71-6ac2-4c5d-aefc-561a82a5ccf9 a53b1a3808f5464cbe17b415b94d7b11 a6713f2f777e479fb581483261432ed1 - - default default] Added segment c51aef52-8cc2-4914-8113-39c9db0b7b53 of type geneve for network ade672ea-7171-4583-aa9a-632f51663369 [pid: 7|app: 0|req: 1056/2033] 10.0.0.21 () {32 vars in 716 bytes} [Thu Apr 16 17:35:23 2026] GET /v2.0/ports/4c0e62cf-dbde-46a3-a9d0-ff75029d19e7 => generated 943 bytes in 69 msecs (HTTP/1.1 200) 4 headers in 157 bytes (1 switches on core 0)
2026-04-16 17:35:23.583 8 INFO neutron.db.ovn_revision_numbers_db [None req-2136bf71-6ac2-4c5d-aefc-561a82a5ccf9 a53b1a3808f5464cbe17b415b94d7b11 a6713f2f777e479fb581483261432ed1 - - default default] Successfully bumped revision number for resource ade672ea-7171-4583-aa9a-632f51663369 (type: networks) to 1 [pid: 7|app: 0|req: 1057/2034] 10.0.0.21 () {32 vars in 723 bytes} [Thu Apr 16 17:35:23 2026] DELETE /v2.0/subnets/ed0e6dcb-7a11-428a-97a1-acf1f49431c9 => generated 0 bytes in 171 msecs (HTTP/1.1 204) 3 headers in 131 bytes (1 switches on core 0)
2026-04-16 17:35:23.735 8 WARNING neutron.scheduler.dhcp_agent_scheduler [None req-2136bf71-6ac2-4c5d-aefc-561a82a5ccf9 a53b1a3808f5464cbe17b415b94d7b11 a6713f2f777e479fb581483261432ed1 - - default default] No more DHCP agents
2026-04-16 17:35:23.737 8 WARNING neutron.api.rpc.agentnotifiers.dhcp_rpc_agent_api [None req-2136bf71-6ac2-4c5d-aefc-561a82a5ccf9 a53b1a3808f5464cbe17b415b94d7b11 a6713f2f777e479fb581483261432ed1 - - default default] Unable to schedule network ade672ea-7171-4583-aa9a-632f51663369: no agents available; will retry on subsequent port and subnet creation events.
2026-04-16 17:35:23.802 7 INFO neutron.plugins.ml2.drivers.ovn.mech_driver.mech_driver [None req-bba82acf-1627-43d5-ac36-a29d066433c9 - - - - - -] OVN reports status down for port: 784362c4-ad20-4299-9b74-bf3e8a596f0f
2026-04-16 17:35:23.821 8 INFO neutron.db.ovn_revision_numbers_db [None req-2136bf71-6ac2-4c5d-aefc-561a82a5ccf9 a53b1a3808f5464cbe17b415b94d7b11 a6713f2f777e479fb581483261432ed1 - - default default] Successfully bumped revision number for resource 784362c4-ad20-4299-9b74-bf3e8a596f0f (type: ports) to 1 [pid: 8|app: 0|req: 978/2035] 10.0.0.21 () {34 vars in 669 bytes} [Thu Apr 16 17:35:23 2026] POST /v2.0/networks => generated 650 bytes in 527 msecs (HTTP/1.1 201) 4 headers in 162 bytes (1 switches on core 0)
2026-04-16 17:35:23.953 7 WARNING neutron.scheduler.dhcp_agent_scheduler [None req-0332681d-c710-4d7a-b68d-a4a19787867c b892cf99c64b4285a35012c23fea748b 591693846b5e472e8ad841fee480bd24 - - default default] No more DHCP agents
2026-04-16 17:35:23.955 7 WARNING neutron.api.rpc.agentnotifiers.dhcp_rpc_agent_api [None req-0332681d-c710-4d7a-b68d-a4a19787867c b892cf99c64b4285a35012c23fea748b 591693846b5e472e8ad841fee480bd24 - - default default] Unable to schedule network 4b880067-2b33-4078-8047-ac323a619dab: no agents available; will retry on subsequent port and subnet creation events.
2026-04-16 17:35:24.104 8 INFO neutron_taas.services.taas.taas_plugin [None req-7a1fe306-3240-40d9-82e5-38ab6db1f887 d39ee7f6c7c241ef8198c68c8fab1d6e 9412bcf6ce0d4793b3a0097d7f7d5d63 - - default default] TaaS: Handle Delete Port: 4c0e62cf-dbde-46a3-a9d0-ff75029d19e7
2026-04-16 17:35:24.108 8 INFO neutron_taas.services.taas.tap_mirror_plugin [None req-7a1fe306-3240-40d9-82e5-38ab6db1f887 d39ee7f6c7c241ef8198c68c8fab1d6e 9412bcf6ce0d4793b3a0097d7f7d5d63 - - default default] Tap Mirror: Handle Delete Port: 4c0e62cf-dbde-46a3-a9d0-ff75029d19e7 [pid: 7|app: 0|req: 1058/2036] 10.0.0.21 () {34 vars in 675 bytes} [Thu Apr 16 17:35:23 2026] POST /v2.0/floatingips => generated 552 bytes in 583 msecs (HTTP/1.1 201) 4 headers in 162 bytes (1 switches on core 0)
2026-04-16 17:35:24.364 7 INFO neutron_taas.services.taas.taas_plugin [None req-7564bdcb-8da0-4d31-8898-c07075792d18 cce701f6e3424b48a9f74d0e8b85cbd3 576e1be47fb041e5bd23cb54f83dd591 - - default default] TaaS: Handle Delete Port: 63c6751b-2bed-4251-9f1a-1ee2e14c6473
2026-04-16 17:35:24.367 7 INFO neutron_taas.services.taas.tap_mirror_plugin [None req-7564bdcb-8da0-4d31-8898-c07075792d18 cce701f6e3424b48a9f74d0e8b85cbd3 576e1be47fb041e5bd23cb54f83dd591 - - default default] Tap Mirror: Handle Delete Port: 63c6751b-2bed-4251-9f1a-1ee2e14c6473 [pid: 8|app: 0|req: 979/2037] 10.0.0.21 () {34 vars in 788 bytes} [Thu Apr 16 17:35:23 2026] PUT /v2.0/routers/d7f01f38-8fc2-4832-aa08-49a6dacebe1f/remove_router_interface => generated 309 bytes in 606 msecs (HTTP/1.1 200) 4 headers in 157 bytes (1 switches on core 0) /var/lib/openstack/lib/python3.12/site-packages/pycadf/identifier.py:70: UserWarning: Invalid uuid: neutron. To ensure interoperability, identifiers should be a valid uuid. warnings.warn(('Invalid uuid: %s. To ensure interoperability, '
2026-04-16 17:35:24.554 7 INFO neutron.services.segments.plugin [-] Segment 128506a1-420b-42e2-8e99-8a8083210ba5 resource provider aggregate not found
2026-04-16 17:35:24.557 7 INFO neutron.services.segments.plugin [-] Segment 128506a1-420b-42e2-8e99-8a8083210ba5 resource provider aggregate not found
2026-04-16 17:35:24.572 7 INFO neutron.services.segments.plugin [-] Segment 128506a1-420b-42e2-8e99-8a8083210ba5 resource provider not found; error: Placement Client Error (4xx): {"errors": [{"status": 404, "title": "Not Found", "detail": "The resource could not be found.\n\n No resource provider with uuid 128506a1-420b-42e2-8e99-8a8083210ba5 found for delete ", "request_id": "req-205f0e3e-4747-4e86-9bac-429be3abb325"}]}
2026-04-16 17:35:24.578 7 INFO neutron.services.segments.plugin [-] Segment 128506a1-420b-42e2-8e99-8a8083210ba5 resource provider not found; error: Placement Client Error (4xx): {"errors": [{"status": 404, "title": "Not Found", "detail": "The resource could not be found.\n\n No resource provider with uuid 128506a1-420b-42e2-8e99-8a8083210ba5 found for delete ", "request_id": "req-20aa9be5-3179-4f84-bc4d-15bcde62c3c3"}]} [pid: 7|app: 0|req: 1059/2038] 10.0.0.21 () {32 vars in 725 bytes} [Thu Apr 16 17:35:24 2026] DELETE /v2.0/networks/fb6105ec-3524-498f-98ac-e310a41653f1 => generated 0 bytes in 379 msecs (HTTP/1.1 204) 3 headers in 131 bytes (1 switches on core 0)
2026-04-16 17:35:24.638 8 WARNING neutron.scheduler.dhcp_agent_scheduler [None req-fcd1306d-71d7-458d-9475-2bccb1d28ffc a53b1a3808f5464cbe17b415b94d7b11 a6713f2f777e479fb581483261432ed1 - - default default] No more DHCP agents
2026-04-16 17:35:24.640 8 WARNING neutron.api.rpc.agentnotifiers.dhcp_rpc_agent_api [None req-fcd1306d-71d7-458d-9475-2bccb1d28ffc a53b1a3808f5464cbe17b415b94d7b11 a6713f2f777e479fb581483261432ed1 - - default default] Unable to schedule network ade672ea-7171-4583-aa9a-632f51663369: no agents available; will retry on subsequent port and subnet creation events. [pid: 7|app: 0|req: 1060/2039] 10.0.0.97 () {34 vars in 1099 bytes} [Thu Apr 16 17:35:24 2026] GET /v2.0/security-groups?name=tempest-securitygroup--1024498804&fields=id&tenant_id=591693846b5e472e8ad841fee480bd24 => generated 69 bytes in 32 msecs (HTTP/1.1 200) 4 headers in 156 bytes (1 switches on core 0) [pid: 7|app: 0|req: 1061/2040] 10.0.0.21 () {32 vars in 735 bytes} [Thu Apr 16 17:35:24 2026] GET /v2.0/ports?device_id=d7f01f38-8fc2-4832-aa08-49a6dacebe1f => generated 12 bytes in 20 msecs (HTTP/1.1 200) 4 headers in 156 bytes (1 switches on core 0) [pid: 7|app: 0|req: 1062/2041] 10.0.0.97 () {34 vars in 1097 bytes} [Thu Apr 16 17:35:24 2026] GET /v2.0/security-groups?name=tempest-secgroup-smoke-406039828&fields=id&tenant_id=591693846b5e472e8ad841fee480bd24 => generated 69 bytes in 33 msecs (HTTP/1.1 200) 4 headers in 156 bytes (1 switches on core 0) [pid: 7|app: 0|req: 1063/2042] 10.0.0.21 () {32 vars in 723 bytes} [Thu Apr 16 17:35:24 2026] DELETE /v2.0/routers/d7f01f38-8fc2-4832-aa08-49a6dacebe1f => generated 0 bytes in 168 msecs (HTTP/1.1 204) 2 headers in 112 bytes (1 switches on core 0) [pid: 7|app: 0|req: 1064/2043] 10.0.0.97 () {34 vars in 981 bytes} [Thu Apr 16 17:35:24 2026] GET /v2.0/networks?id=0f4a61bd-2d64-4e28-8067-198f71141eed => generated 710 bytes in 39 msecs (HTTP/1.1 200) 4 headers in 157 bytes (1 switches on core 0) [pid: 7|app: 0|req: 1065/2044] 10.0.0.21 () {32 vars in 773 bytes} [Thu Apr 16 17:35:24 2026] GET /v2.0/security-groups?tenant_id=4dd2dbf8f9a042a3a38cf17c1bd875f1&name=default => generated 2925 bytes in 24 msecs (HTTP/1.1 200) 4 headers in 158 bytes (1 switches on core 0)
2026-04-16 17:35:25.067 8 INFO neutron.db.ovn_revision_numbers_db [None req-6b82bcb9-a4f7-4988-bcfb-f2570202f88f - - - - - -] Successfully bumped revision number for resource 784362c4-ad20-4299-9b74-bf3e8a596f0f (type: ports) to 2
2026-04-16 17:35:25.102 8 INFO neutron.db.ovn_revision_numbers_db [None req-6b82bcb9-a4f7-4988-bcfb-f2570202f88f - - - - - -] Successfully bumped revision number for resource 9c6a6dc3-faa1-471c-94ba-ed637b681bfe (type: subnets) to 0 [pid: 7|app: 0|req: 1066/2045] 10.0.0.21 () {32 vars in 723 bytes} [Thu Apr 16 17:35:24 2026] DELETE /v2.0/subnets/8df41c17-327f-4a07-a50a-10a1260873e8 => generated 0 bytes in 167 msecs (HTTP/1.1 204) 3 headers in 131 bytes (1 switches on core 0) [pid: 7|app: 0|req: 1067/2046] 10.0.0.97 () {34 vars in 964 bytes} [Thu Apr 16 17:35:25 2026] GET /v2.0/quotas/591693846b5e472e8ad841fee480bd24 => generated 292 bytes in 7 msecs (HTTP/1.1 200) 4 headers in 157 bytes (1 switches on core 0) [pid: 8|app: 0|req: 980/2047] 10.0.0.21 () {34 vars in 668 bytes} [Thu Apr 16 17:35:24 2026] POST /v2.0/subnets => generated 629 bytes in 664 msecs (HTTP/1.1 201) 4 headers in 162 bytes (1 switches on core 0) [pid: 8|app: 0|req: 981/2048] 10.0.0.21 () {32 vars in 723 bytes} [Thu Apr 16 17:35:25 2026] DELETE /v2.0/subnets/7219eca6-f9ad-4d6e-b0cf-6a6b4ecf353d => generated 0 bytes in 164 msecs (HTTP/1.1 204) 3 headers in 131 bytes (1 switches on core 0) [pid: 7|app: 0|req: 1068/2049] 10.0.0.21 () {32 vars in 739 bytes} [Thu Apr 16 17:35:25 2026] DELETE /v2.0/security-groups/7ee94204-0184-4e7f-9b73-8291649c804e => generated 0 bytes in 212 msecs (HTTP/1.1 204) 2 headers in 112 bytes (1 switches on core 0) [pid: 8|app: 0|req: 982/2050] 10.0.0.97 () {34 vars in 1001 bytes} [Thu Apr 16 17:35:25 2026] GET /v2.0/ports?tenant_id=591693846b5e472e8ad841fee480bd24&fields=id => generated 103 bytes in 70 msecs (HTTP/1.1 200) 4 headers in 157 bytes (1 switches on core 0)
2026-04-16 17:35:25.418 7 INFO neutron.db.segments_db [None req-65fd86fe-c522-442c-99f3-c126b75fba57 a53b1a3808f5464cbe17b415b94d7b11 a6713f2f777e479fb581483261432ed1 - - default default] Added segment b3671e86-afe6-4a0f-9432-2048a19fce36 of type geneve for network f32bcedb-08f9-4f7c-9463-78cdd0ed67e2
2026-04-16 17:35:25.464 8 INFO neutron_taas.services.taas.taas_plugin [None req-1d923558-f6c2-4155-bf94-f5ddb003a297 d39ee7f6c7c241ef8198c68c8fab1d6e 9412bcf6ce0d4793b3a0097d7f7d5d63 - - default default] TaaS: Handle Delete Port: 8ac6adfe-2421-41b6-82e8-4f6bf1c88e23
