2026-04-28 08:46:59.276 7 INFO placement.requestlog [req-57f9d97f-bf4c-41f6-a3ac-5283a3a0cbe8 req-155d2e7a-9560-45e8-8185-01278a31edfb 85671aa9d20a4e3fa20e638b2321e8fe cb1a5111c579418fa4a3f1cfa1f10d6c - - 4f80f72be974423bb1c156b6d22b4158 4f80f72be974423bb1c156b6d22b4158] 199.19.213.205 "GET /resource_providers/a2971a1e-26de-4171-b6fc-1b499d93c7c2/allocations" status: 200 len: 54 microversion: 1.0 [pid: 7|app: 0|req: 294/584] 199.19.213.205 () {32 vars in 856 bytes} [Tue Apr 28 08:46:59 2026] GET /resource_providers/a2971a1e-26de-4171-b6fc-1b499d93c7c2/allocations => generated 54 bytes in 19 msecs (HTTP/1.1 200) 6 headers in 223 bytes (1 switches on core 0)
2026-04-28 08:46:59.302 8 INFO placement.requestlog [req-57f9d97f-bf4c-41f6-a3ac-5283a3a0cbe8 req-d74cb036-c0cb-4124-a65d-8ac981c795c7 85671aa9d20a4e3fa20e638b2321e8fe cb1a5111c579418fa4a3f1cfa1f10d6c - - 4f80f72be974423bb1c156b6d22b4158 4f80f72be974423bb1c156b6d22b4158] 199.19.213.205 "GET /resource_providers/a2971a1e-26de-4171-b6fc-1b499d93c7c2/allocations" status: 200 len: 54 microversion: 1.0 [pid: 8|app: 0|req: 291/585] 199.19.213.205 () {32 vars in 856 bytes} [Tue Apr 28 08:46:59 2026] GET /resource_providers/a2971a1e-26de-4171-b6fc-1b499d93c7c2/allocations => generated 54 bytes in 18 msecs (HTTP/1.1 200) 6 headers in 223 bytes (1 switches on core 0)
2026-04-28 08:47:01.904 7 INFO placement.requestlog [None req-d4cca325-b0de-4d42-a27c-e1556ab3d706 - - - - - -] 10.0.0.12 "GET /" status: 200 len: 136 microversion: 1.0
2026-04-28 08:47:01.905 8 INFO placement.requestlog [None req-e03f97cb-eb89-4120-a4f5-ddbb9a2dc8bc - - - - - -] 10.0.0.12 "GET /" status: 200 len: 136 microversion: 1.0
2026-04-28 08:47:11.904 8 INFO placement.requestlog [None req-e9ecfcf5-d40d-46ab-805f-f5db48f50e86 - - - - - -] 10.0.0.12 "GET /" status: 200 len: 136 microversion: 1.0
2026-04-28 08:47:11.904 7 INFO placement.requestlog [None req-3b170a09-7ecb-42c9-b735-f7020d97b3b2 - - - - - -] 10.0.0.12 "GET /" status: 200 len: 136 microversion: 1.0
2026-04-28 08:47:21.904 8 INFO placement.requestlog [None req-9b3d5eda-2587-4b59-a4c2-84e717558c6d - - - - - -] 10.0.0.12 "GET /" status: 200 len: 136 microversion: 1.0
2026-04-28 08:47:21.904 7 INFO placement.requestlog [None req-343ee536-41f1-4e7c-bdcb-f6202c50b761 - - - - - -] 10.0.0.12 "GET /" status: 200 len: 136 microversion: 1.0
2026-04-28 08:47:31.905 8 INFO placement.requestlog [None req-ff55261d-edd9-405d-bdaf-4476179f18da - - - - - -] 10.0.0.12 "GET /" status: 200 len: 136 microversion: 1.0
2026-04-28 08:47:31.905 7 INFO placement.requestlog [None req-751ea6b3-b158-4de9-9960-ad243be47f3e - - - - - -] 10.0.0.12 "GET /" status: 200 len: 136 microversion: 1.0
2026-04-28 08:47:41.904 8 INFO placement.requestlog [None req-3c57f03a-1c2b-4a1d-8c54-82ce77e2c5ff - - - - - -] 10.0.0.12 "GET /" status: 200 len: 136 microversion: 1.0
2026-04-28 08:47:41.912 7 INFO placement.requestlog [None req-f408de9e-efb6-43f3-9252-ed05a3de70ee - - - - - -] 10.0.0.12 "GET /" status: 200 len: 136 microversion: 1.0
2026-04-28 08:47:51.904 7 INFO placement.requestlog [None req-84d8780d-81a4-4125-acd0-40947317d421 - - - - - -] 10.0.0.12 "GET /" status: 200 len: 136 microversion: 1.0
2026-04-28 08:47:51.904 8 INFO placement.requestlog [None req-deade306-e5b8-4552-b59d-98b2d5c562c9 - - - - - -] 10.0.0.12 "GET /" status: 200 len: 136 microversion: 1.0
2026-04-28 08:48:00.057 7 INFO placement.requestlog [req-fb0b09f3-2e81-4dd1-88c1-770d0c155cf4 req-b6bcecc4-da92-403a-aa3f-839146ce2ab4 85671aa9d20a4e3fa20e638b2321e8fe cb1a5111c579418fa4a3f1cfa1f10d6c - - 4f80f72be974423bb1c156b6d22b4158 4f80f72be974423bb1c156b6d22b4158] 199.19.213.205 "GET /resource_providers/a2971a1e-26de-4171-b6fc-1b499d93c7c2/allocations" status: 200 len: 54 microversion: 1.0 [pid: 7|app: 0|req: 301/598] 199.19.213.205 () {32 vars in 856 bytes} [Tue Apr 28 08:48:00 2026] GET /resource_providers/a2971a1e-26de-4171-b6fc-1b499d93c7c2/allocations => generated 54 bytes in 24 msecs (HTTP/1.1 200) 6 headers in 223 bytes (1 switches on core 0)
2026-04-28 08:48:00.083 8 INFO placement.requestlog [req-fb0b09f3-2e81-4dd1-88c1-770d0c155cf4 req-d883de4b-56f2-44b3-b92c-5534905a1f02 85671aa9d20a4e3fa20e638b2321e8fe cb1a5111c579418fa4a3f1cfa1f10d6c - - 4f80f72be974423bb1c156b6d22b4158 4f80f72be974423bb1c156b6d22b4158] 199.19.213.205 "GET /resource_providers/a2971a1e-26de-4171-b6fc-1b499d93c7c2/allocations" status: 200 len: 54 microversion: 1.0 [pid: 8|app: 0|req: 298/599] 199.19.213.205 () {32 vars in 856 bytes} [Tue Apr 28 08:48:00 2026] GET /resource_providers/a2971a1e-26de-4171-b6fc-1b499d93c7c2/allocations => generated 54 bytes in 16 msecs (HTTP/1.1 200) 6 headers in 223 bytes (1 switches on core 0)
2026-04-28 08:48:01.904 8 INFO placement.requestlog [None req-92c8175d-aa04-4abe-be99-668ef0fbddad - - - - - -] 10.0.0.12 "GET /" status: 200 len: 136 microversion: 1.0
2026-04-28 08:48:01.904 7 INFO placement.requestlog [None req-990cc6a0-e080-4196-a6fa-266678b4ee41 - - - - - -] 10.0.0.12 "GET /" status: 200 len: 136 microversion: 1.0
2026-04-28 08:48:11.904 7 INFO placement.requestlog [None req-eaaaa22f-ca38-4670-8305-d7bd1dc2a96a - - - - - -] 10.0.0.12 "GET /" status: 200 len: 136 microversion: 1.0
2026-04-28 08:48:11.904 8 INFO placement.requestlog [None req-8f8b8c96-9cb4-4167-8c81-f5b96192d6d3 - - - - - -] 10.0.0.12 "GET /" status: 200 len: 136 microversion: 1.0
2026-04-28 08:48:21.904 7 INFO placement.requestlog [None req-27e6cfa5-3cc5-4d22-b5e8-4be0f323a860 - - - - - -] 10.0.0.12 "GET /" status: 200 len: 136 microversion: 1.0
2026-04-28 08:48:21.904 8 INFO placement.requestlog [None req-e922613b-2c4c-4014-852e-114706ebfed9 - - - - - -] 10.0.0.12 "GET /" status: 200 len: 136 microversion: 1.0
2026-04-28 08:48:31.905 7 INFO placement.requestlog [None req-b3c11097-cd5b-4c38-9e07-1fb2c6b22d71 - - - - - -] 10.0.0.12 "GET /" status: 200 len: 136 microversion: 1.0
2026-04-28 08:48:31.905 8 INFO placement.requestlog [None req-77891a6e-4324-4efe-855d-e66aa352702a - - - - - -] 10.0.0.12 "GET /" status: 200 len: 136 microversion: 1.0
2026-04-28 08:48:41.904 7 INFO placement.requestlog [None req-a2073019-bf4e-4dff-abff-3d5504d20cd8 - - - - - -] 10.0.0.12 "GET /" status: 200 len: 136 microversion: 1.0
2026-04-28 08:48:41.904 8 INFO placement.requestlog [None req-c7e45c5d-e5f6-4cdf-9f0c-47b269a66a10 - - - - - -] 10.0.0.12 "GET /" status: 200 len: 136 microversion: 1.0
2026-04-28 08:48:51.905 7 INFO placement.requestlog [None req-4c4d9c30-80bb-45dc-a91e-88fcfc6134f4 - - - - - -] 10.0.0.12 "GET /" status: 200 len: 136 microversion: 1.0
2026-04-28 08:48:51.906 8 INFO placement.requestlog [None req-c628a66d-d908-4759-ba30-20559797e252 - - - - - -] 10.0.0.12 "GET /" status: 200 len: 136 microversion: 1.0
2026-04-28 08:49:00.080 7 INFO placement.requestlog [req-baec4b16-912b-41b1-92aa-da815807d569 req-2cc0bf64-efc8-4693-b035-585db81870dd 85671aa9d20a4e3fa20e638b2321e8fe cb1a5111c579418fa4a3f1cfa1f10d6c - - 4f80f72be974423bb1c156b6d22b4158 4f80f72be974423bb1c156b6d22b4158] 199.19.213.205 "GET /resource_providers/a2971a1e-26de-4171-b6fc-1b499d93c7c2/allocations" status: 200 len: 54 microversion: 1.0 [pid: 7|app: 0|req: 308/612] 199.19.213.205 () {32 vars in 856 bytes} [Tue Apr 28 08:49:00 2026] GET /resource_providers/a2971a1e-26de-4171-b6fc-1b499d93c7c2/allocations => generated 54 bytes in 26 msecs (HTTP/1.1 200) 6 headers in 223 bytes (1 switches on core 0)
2026-04-28 08:49:00.107 8 INFO placement.requestlog [req-baec4b16-912b-41b1-92aa-da815807d569 req-91411ef2-3087-4174-8d26-7ee242a1e468 85671aa9d20a4e3fa20e638b2321e8fe cb1a5111c579418fa4a3f1cfa1f10d6c - - 4f80f72be974423bb1c156b6d22b4158 4f80f72be974423bb1c156b6d22b4158] 199.19.213.205 "GET /resource_providers/a2971a1e-26de-4171-b6fc-1b499d93c7c2/allocations" status: 200 len: 54 microversion: 1.0 [pid: 8|app: 0|req: 305/613] 199.19.213.205 () {32 vars in 856 bytes} [Tue Apr 28 08:49:00 2026] GET /resource_providers/a2971a1e-26de-4171-b6fc-1b499d93c7c2/allocations => generated 54 bytes in 18 msecs (HTTP/1.1 200) 6 headers in 223 bytes (1 switches on core 0)
2026-04-28 08:49:01.904 7 INFO placement.requestlog [None req-5b278e69-4cbb-492c-9312-91fe9e1f0e2b - - - - - -] 10.0.0.12 "GET /" status: 200 len: 136 microversion: 1.0
2026-04-28 08:49:01.904 8 INFO placement.requestlog [None req-5c54ee53-bfaa-4320-bcbb-6feae3b774c4 - - - - - -] 10.0.0.12 "GET /" status: 200 len: 136 microversion: 1.0
2026-04-28 08:49:11.909 8 INFO placement.requestlog [None req-22bb3518-69dc-4329-8ae4-4c0469a5bc03 - - - - - -] 10.0.0.12 "GET /" status: 200 len: 136 microversion: 1.0
2026-04-28 08:49:11.909 7 INFO placement.requestlog [None req-966f5e89-966f-43eb-bf0d-dc831a2e54f4 - - - - - -] 10.0.0.12 "GET /" status: 200 len: 136 microversion: 1.0
2026-04-28 08:49:21.904 8 INFO placement.requestlog [None req-071c0e8b-f973-4c64-957f-820c46cbe6da - - - - - -] 10.0.0.12 "GET /" status: 200 len: 136 microversion: 1.0
2026-04-28 08:49:21.905 7 INFO placement.requestlog [None req-be81fc17-548e-4588-b108-7682aab28759 - - - - - -] 10.0.0.12 "GET /" status: 200 len: 136 microversion: 1.0
2026-04-28 08:49:31.904 7 INFO placement.requestlog [None req-85163fa8-ac69-43e3-acf1-cef802dc36e3 - - - - - -] 10.0.0.12 "GET /" status: 200 len: 136 microversion: 1.0
2026-04-28 08:49:31.904 8 INFO placement.requestlog [None req-1bad4c26-d806-408d-88de-684c1e000465 - - - - - -] 10.0.0.12 "GET /" status: 200 len: 136 microversion: 1.0
2026-04-28 08:49:41.904 7 INFO placement.requestlog [None req-e61e340c-38c6-47eb-9c03-b7d0e43750ee - - - - - -] 10.0.0.12 "GET /" status: 200 len: 136 microversion: 1.0
2026-04-28 08:49:41.905 8 INFO placement.requestlog [None req-a102fd89-744b-4e17-ae0d-26be91efff62 - - - - - -] 10.0.0.12 "GET /" status: 200 len: 136 microversion: 1.0
2026-04-28 08:49:51.904 7 INFO placement.requestlog [None req-2e5f48c1-d4cc-433e-b87e-f0c02265e513 - - - - - -] 10.0.0.12 "GET /" status: 200 len: 136 microversion: 1.0
2026-04-28 08:49:51.904 8 INFO placement.requestlog [None req-b7c17d7c-0074-4149-ba86-b5d9152751b6 - - - - - -] 10.0.0.12 "GET /" status: 200 len: 136 microversion: 1.0
2026-04-28 08:50:01.581 7 INFO placement.requestlog [req-ba386fdf-41b2-4aef-a545-905010df64d6 req-ccb2e5c4-137d-494b-a528-cbd53c2e3804 85671aa9d20a4e3fa20e638b2321e8fe cb1a5111c579418fa4a3f1cfa1f10d6c - - 4f80f72be974423bb1c156b6d22b4158 4f80f72be974423bb1c156b6d22b4158] 199.19.213.205 "GET /resource_providers/a2971a1e-26de-4171-b6fc-1b499d93c7c2/allocations" status: 200 len: 54 microversion: 1.0 [pid: 7|app: 0|req: 315/626] 199.19.213.205 () {32 vars in 856 bytes} [Tue Apr 28 08:50:01 2026] GET /resource_providers/a2971a1e-26de-4171-b6fc-1b499d93c7c2/allocations => generated 54 bytes in 18 msecs (HTTP/1.1 200) 6 headers in 223 bytes (1 switches on core 0)
2026-04-28 08:50:01.609 8 INFO placement.requestlog [req-ba386fdf-41b2-4aef-a545-905010df64d6 req-b416af77-8799-4d72-818d-8fc54d919c10 85671aa9d20a4e3fa20e638b2321e8fe cb1a5111c579418fa4a3f1cfa1f10d6c - - 4f80f72be974423bb1c156b6d22b4158 4f80f72be974423bb1c156b6d22b4158] 199.19.213.205 "GET /resource_providers/a2971a1e-26de-4171-b6fc-1b499d93c7c2/allocations" status: 200 len: 54 microversion: 1.0 [pid: 8|app: 0|req: 312/627] 199.19.213.205 () {32 vars in 856 bytes} [Tue Apr 28 08:50:01 2026] GET /resource_providers/a2971a1e-26de-4171-b6fc-1b499d93c7c2/allocations => generated 54 bytes in 21 msecs (HTTP/1.1 200) 6 headers in 223 bytes (1 switches on core 0)
2026-04-28 08:50:01.904 7 INFO placement.requestlog [None req-e02bcbfa-ea74-4c95-bd4c-4a28e105733b - - - - - -] 10.0.0.12 "GET /" status: 200 len: 136 microversion: 1.0
2026-04-28 08:50:01.904 8 INFO placement.requestlog [None req-a788ef7f-f228-454d-affb-408e43050c67 - - - - - -] 10.0.0.12 "GET /" status: 200 len: 136 microversion: 1.0
2026-04-28 08:50:11.905 7 INFO placement.requestlog [None req-8d0bbd4c-e707-4e46-8722-c9082e8f3d01 - - - - - -] 10.0.0.12 "GET /" status: 200 len: 136 microversion: 1.0
2026-04-28 08:50:11.906 8 INFO placement.requestlog [None req-f6cacbf3-6d51-4b69-863d-427d7f9c9d4e - - - - - -] 10.0.0.12 "GET /" status: 200 len: 136 microversion: 1.0
2026-04-28 08:50:21.904 8 INFO placement.requestlog [None req-49413e74-ef90-4d24-b3df-59b87b6c1846 - - - - - -] 10.0.0.12 "GET /" status: 200 len: 136 microversion: 1.0
2026-04-28 08:50:21.905 7 INFO placement.requestlog [None req-06f73150-35ab-49ad-a1b0-f8867849c5b5 - - - - - -] 10.0.0.12 "GET /" status: 200 len: 136 microversion: 1.0
2026-04-28 08:50:31.905 8 INFO placement.requestlog [None req-dc36c729-6f11-4725-93c1-6a3927cf6134 - - - - - -] 10.0.0.12 "GET /" status: 200 len: 136 microversion: 1.0
2026-04-28 08:50:31.905 7 INFO placement.requestlog [None req-af33a2c0-9927-49bd-b035-6b426caa9d70 - - - - - -] 10.0.0.12 "GET /" status: 200 len: 136 microversion: 1.0
2026-04-28 08:50:41.905 8 INFO placement.requestlog [None req-f35e0c88-580e-4599-b6ca-2f70322ceed1 - - - - - -] 10.0.0.12 "GET /" status: 200 len: 136 microversion: 1.0
2026-04-28 08:50:41.905 7 INFO placement.requestlog [None req-364aa6fd-6a97-4519-9752-1eaf78eedab6 - - - - - -] 10.0.0.12 "GET /" status: 200 len: 136 microversion: 1.0
2026-04-28 08:50:51.904 8 INFO placement.requestlog [None req-089d7d0b-35c3-4191-8d63-9375b50598e5 - - - - - -] 10.0.0.12 "GET /" status: 200 len: 136 microversion: 1.0
2026-04-28 08:50:51.904 7 INFO placement.requestlog [None req-6e43b4fb-9336-49e8-8130-6d4a41d99818 - - - - - -] 10.0.0.12 "GET /" status: 200 len: 136 microversion: 1.0
2026-04-28 08:51:01.407 8 INFO placement.requestlog [req-61e44fe0-6349-4521-b9b3-cf6902a4346e req-0534a235-e1d9-4a95-9c76-b1ccb25d5755 85671aa9d20a4e3fa20e638b2321e8fe cb1a5111c579418fa4a3f1cfa1f10d6c - - 4f80f72be974423bb1c156b6d22b4158 4f80f72be974423bb1c156b6d22b4158] 199.19.213.205 "GET /resource_providers/a2971a1e-26de-4171-b6fc-1b499d93c7c2/allocations" status: 200 len: 54 microversion: 1.0 [pid: 8|app: 0|req: 319/640] 199.19.213.205 () {32 vars in 856 bytes} [Tue Apr 28 08:51:01 2026] GET /resource_providers/a2971a1e-26de-4171-b6fc-1b499d93c7c2/allocations => generated 54 bytes in 142 msecs (HTTP/1.1 200) 6 headers in 223 bytes (1 switches on core 0)
2026-04-28 08:51:01.447 7 INFO placement.requestlog [req-61e44fe0-6349-4521-b9b3-cf6902a4346e req-9eeb3cb4-935f-4e85-8f56-da698d1f14ba 85671aa9d20a4e3fa20e638b2321e8fe cb1a5111c579418fa4a3f1cfa1f10d6c - - 4f80f72be974423bb1c156b6d22b4158 4f80f72be974423bb1c156b6d22b4158] 199.19.213.205 "GET /resource_providers?in_tree=a2971a1e-26de-4171-b6fc-1b499d93c7c2" status: 200 len: 797 microversion: 1.14 [pid: 7|app: 0|req: 322/641] 199.19.213.205 () {34 vars in 891 bytes} [Tue Apr 28 08:51:01 2026] GET /resource_providers?in_tree=a2971a1e-26de-4171-b6fc-1b499d93c7c2 => generated 797 bytes in 28 msecs (HTTP/1.1 200) 6 headers in 225 bytes (1 switches on core 0)
2026-04-28 08:51:01.478 8 INFO placement.requestlog [req-61e44fe0-6349-4521-b9b3-cf6902a4346e req-bb36aeb8-d362-4692-a4e3-e30c829c2908 85671aa9d20a4e3fa20e638b2321e8fe cb1a5111c579418fa4a3f1cfa1f10d6c - - 4f80f72be974423bb1c156b6d22b4158 4f80f72be974423bb1c156b6d22b4158] 199.19.213.205 "GET /resource_providers/a2971a1e-26de-4171-b6fc-1b499d93c7c2/inventories" status: 200 len: 400 microversion: 1.0 [pid: 8|app: 0|req: 320/642] 199.19.213.205 () {32 vars in 856 bytes} [Tue Apr 28 08:51:01 2026] GET /resource_providers/a2971a1e-26de-4171-b6fc-1b499d93c7c2/inventories => generated 400 bytes in 20 msecs (HTTP/1.1 200) 6 headers in 224 bytes (1 switches on core 0)
2026-04-28 08:51:01.505 7 INFO placement.requestlog [req-61e44fe0-6349-4521-b9b3-cf6902a4346e req-3ed95f83-3e79-4191-b24c-6c93d7f4dbde 85671aa9d20a4e3fa20e638b2321e8fe cb1a5111c579418fa4a3f1cfa1f10d6c - - 4f80f72be974423bb1c156b6d22b4158 4f80f72be974423bb1c156b6d22b4158] 199.19.213.205 "GET /resource_providers/a2971a1e-26de-4171-b6fc-1b499d93c7c2/aggregates" status: 200 len: 53 microversion: 1.19 [pid: 7|app: 0|req: 323/643] 199.19.213.205 () {34 vars in 898 bytes} [Tue Apr 28 08:51:01 2026] GET /resource_providers/a2971a1e-26de-4171-b6fc-1b499d93c7c2/aggregates => generated 53 bytes in 17 msecs (HTTP/1.1 200) 8 headers in 295 bytes (1 switches on core 0)
2026-04-28 08:51:01.536 8 INFO placement.requestlog [req-61e44fe0-6349-4521-b9b3-cf6902a4346e req-03ed72f4-9843-4535-897c-368c471b0235 85671aa9d20a4e3fa20e638b2321e8fe cb1a5111c579418fa4a3f1cfa1f10d6c - - 4f80f72be974423bb1c156b6d22b4158 4f80f72be974423bb1c156b6d22b4158] 199.19.213.205 "GET /resource_providers/a2971a1e-26de-4171-b6fc-1b499d93c7c2/traits" status: 200 len: 1682 microversion: 1.6 [pid: 8|app: 0|req: 321/644] 199.19.213.205 () {34 vars in 889 bytes} [Tue Apr 28 08:51:01 2026] GET /resource_providers/a2971a1e-26de-4171-b6fc-1b499d93c7c2/traits => generated 1682 bytes in 23 msecs (HTTP/1.1 200) 6 headers in 225 bytes (1 switches on core 0)
2026-04-28 08:51:01.571 7 INFO placement.requestlog [req-61e44fe0-6349-4521-b9b3-cf6902a4346e req-af98d739-d532-4461-8253-d5027d7a69b9 85671aa9d20a4e3fa20e638b2321e8fe cb1a5111c579418fa4a3f1cfa1f10d6c - - 4f80f72be974423bb1c156b6d22b4158 4f80f72be974423bb1c156b6d22b4158] 199.19.213.205 "GET /resource_providers/a2971a1e-26de-4171-b6fc-1b499d93c7c2/allocations" status: 200 len: 54 microversion: 1.0 [pid: 7|app: 0|req: 324/645] 199.19.213.205 () {32 vars in 856 bytes} [Tue Apr 28 08:51:01 2026] GET /resource_providers/a2971a1e-26de-4171-b6fc-1b499d93c7c2/allocations => generated 54 bytes in 27 msecs (HTTP/1.1 200) 6 headers in 223 bytes (1 switches on core 0)
2026-04-28 08:51:01.904 8 INFO placement.requestlog [None req-7155066a-82b7-4ace-9cd9-0dbddb5ad39a - - - - - -] 10.0.0.12 "GET /" status: 200 len: 136 microversion: 1.0
2026-04-28 08:51:01.905 7 INFO placement.requestlog [None req-fb6b4735-b659-466d-866f-088204f23f51 - - - - - -] 10.0.0.12 "GET /" status: 200 len: 136 microversion: 1.0
2026-04-28 08:51:11.904 7 INFO placement.requestlog [None req-bd968941-d8d8-4864-8517-6a7c96fae722 - - - - - -] 10.0.0.12 "GET /" status: 200 len: 136 microversion: 1.0
2026-04-28 08:51:11.905 8 INFO placement.requestlog [None req-3e930618-f4fe-4834-9875-a4e9b4efa539 - - - - - -] 10.0.0.12 "GET /" status: 200 len: 136 microversion: 1.0
2026-04-28 08:51:21.904 7 INFO placement.requestlog [None req-8048e6b4-97fd-443c-be3c-e880501e4af6 - - - - - -] 10.0.0.12 "GET /" status: 200 len: 136 microversion: 1.0
2026-04-28 08:51:21.905 8 INFO placement.requestlog [None req-c0e40271-3ff3-400b-8a9e-02bb1a8d0f88 - - - - - -] 10.0.0.12 "GET /" status: 200 len: 136 microversion: 1.0
2026-04-28 08:51:31.905 8 INFO placement.requestlog [None req-dc4570d7-0da0-43ed-b9b8-0c76d44c1a25 - - - - - -] 10.0.0.12 "GET /" status: 200 len: 136 microversion: 1.0
2026-04-28 08:51:31.905 7 INFO placement.requestlog [None req-43e260a1-d186-46b5-9215-7876e790805e - - - - - -] 10.0.0.12 "GET /" status: 200 len: 136 microversion: 1.0
2026-04-28 08:51:41.904 7 INFO placement.requestlog [None req-1e65276c-ac82-4cde-a486-9da5a45a98dc - - - - - -] 10.0.0.12 "GET /" status: 200 len: 136 microversion: 1.0
2026-04-28 08:51:41.904 8 INFO placement.requestlog [None req-c7526ad0-c77f-42c5-bf66-0c15d0e4c303 - - - - - -] 10.0.0.12 "GET /" status: 200 len: 136 microversion: 1.0
2026-04-28 08:51:51.905 8 INFO placement.requestlog [None req-48e4c267-9dda-4c58-81e4-48372b8266f8 - - - - - -] 10.0.0.12 "GET /" status: 200 len: 136 microversion: 1.0
2026-04-28 08:51:51.905 7 INFO placement.requestlog [None req-2640635b-e50d-4c24-bef7-74273611203b - - - - - -] 10.0.0.12 "GET /" status: 200 len: 136 microversion: 1.0
2026-04-28 08:52:01.904 8 INFO placement.requestlog [None req-f00c9016-227f-43bf-ab87-5152b6af4b3d - - - - - -] 10.0.0.12 "GET /" status: 200 len: 136 microversion: 1.0
2026-04-28 08:52:01.904 7 INFO placement.requestlog [None req-a24732da-234d-4f1d-995f-f9113d12e398 - - - - - -] 10.0.0.12 "GET /" status: 200 len: 136 microversion: 1.0
2026-04-28 08:52:02.097 8 INFO placement.requestlog [req-a20088b2-e2b4-44a2-b1f8-6a7b6662a39a req-906d3611-de83-4bbc-8ba7-9f8b579a2c31 85671aa9d20a4e3fa20e638b2321e8fe cb1a5111c579418fa4a3f1cfa1f10d6c - - 4f80f72be974423bb1c156b6d22b4158 4f80f72be974423bb1c156b6d22b4158] 199.19.213.205 "GET /resource_providers/a2971a1e-26de-4171-b6fc-1b499d93c7c2/allocations" status: 200 len: 54 microversion: 1.0 [pid: 8|app: 0|req: 329/660] 199.19.213.205 () {32 vars in 856 bytes} [Tue Apr 28 08:52:02 2026] GET /resource_providers/a2971a1e-26de-4171-b6fc-1b499d93c7c2/allocations => generated 54 bytes in 13 msecs (HTTP/1.1 200) 6 headers in 223 bytes (1 switches on core 0)
2026-04-28 08:52:02.129 7 INFO placement.requestlog [req-a20088b2-e2b4-44a2-b1f8-6a7b6662a39a req-02170d96-7cc5-491d-9ef1-e45d51445019 85671aa9d20a4e3fa20e638b2321e8fe cb1a5111c579418fa4a3f1cfa1f10d6c - - 4f80f72be974423bb1c156b6d22b4158 4f80f72be974423bb1c156b6d22b4158] 199.19.213.205 "GET /resource_providers/a2971a1e-26de-4171-b6fc-1b499d93c7c2/allocations" status: 200 len: 54 microversion: 1.0 [pid: 7|app: 0|req: 332/661] 199.19.213.205 () {32 vars in 856 bytes} [Tue Apr 28 08:52:02 2026] GET /resource_providers/a2971a1e-26de-4171-b6fc-1b499d93c7c2/allocations => generated 54 bytes in 24 msecs (HTTP/1.1 200) 6 headers in 223 bytes (1 switches on core 0)
2026-04-28 08:52:11.905 7 INFO placement.requestlog [None req-ca1e8f61-cc9e-40fc-8f15-af065cc1d752 - - - - - -] 10.0.0.12 "GET /" status: 200 len: 136 microversion: 1.0
2026-04-28 08:52:11.905 8 INFO placement.requestlog [None req-5c30fd6e-68bd-4f40-a817-d39edf7c9106 - - - - - -] 10.0.0.12 "GET /" status: 200 len: 136 microversion: 1.0
2026-04-28 08:52:21.904 7 INFO placement.requestlog [None req-2c91ab0a-9206-45cd-8b00-10afe7f0e013 - - - - - -] 10.0.0.12 "GET /" status: 200 len: 136 microversion: 1.0
2026-04-28 08:52:21.905 8 INFO placement.requestlog [None req-f6498f81-e7f0-4a4e-987c-31d9bc3f58df - - - - - -] 10.0.0.12 "GET /" status: 200 len: 136 microversion: 1.0
2026-04-28 08:52:30.529 7 INFO placement.requestlog [req-5ea78763-62da-4081-842c-329f53edfc8a req-9f3d1eac-4462-4a7f-b5c0-df46988ec0b4 85671aa9d20a4e3fa20e638b2321e8fe cb1a5111c579418fa4a3f1cfa1f10d6c - - 4f80f72be974423bb1c156b6d22b4158 4f80f72be974423bb1c156b6d22b4158] 10.0.0.112 "GET /allocation_candidates?limit=1000&resources=DISK_GB%3A1%2CMEMORY_MB%3A512%2CVCPU%3A1&root_required=%21COMPUTE_STATUS_DISABLED" status: 200 len: 2147 microversion: 1.36 [pid: 7|app: 0|req: 335/666] 10.0.0.112 () {34 vars in 1011 bytes} [Tue Apr 28 08:52:30 2026] GET /allocation_candidates?limit=1000&resources=DISK_GB%3A1%2CMEMORY_MB%3A512%2CVCPU%3A1&root_required=%21COMPUTE_STATUS_DISABLED => generated 2147 bytes in 208 msecs (HTTP/1.1 200) 8 headers in 297 bytes (1 switches on core 0)
2026-04-28 08:52:30.585 8 INFO placement.requestlog [req-5ea78763-62da-4081-842c-329f53edfc8a req-66372118-ca94-4d72-82b8-bb6556940262 85671aa9d20a4e3fa20e638b2321e8fe cb1a5111c579418fa4a3f1cfa1f10d6c - - 4f80f72be974423bb1c156b6d22b4158 4f80f72be974423bb1c156b6d22b4158] 10.0.0.112 "GET /allocations/65944674-ffb7-49e5-829e-f58a7403974f" status: 200 len: 19 microversion: 1.28 [pid: 8|app: 0|req: 332/667] 10.0.0.112 () {34 vars in 860 bytes} [Tue Apr 28 08:52:30 2026] GET /allocations/65944674-ffb7-49e5-829e-f58a7403974f => generated 19 bytes in 17 msecs (HTTP/1.1 200) 8 headers in 295 bytes (1 switches on core 0)
2026-04-28 08:52:30.680 7 INFO placement.requestlog [req-5ea78763-62da-4081-842c-329f53edfc8a req-5d7cf69c-bdb7-4d91-9e03-d1eb5818bfb8 85671aa9d20a4e3fa20e638b2321e8fe cb1a5111c579418fa4a3f1cfa1f10d6c - - 4f80f72be974423bb1c156b6d22b4158 4f80f72be974423bb1c156b6d22b4158] 10.0.0.112 "PUT /allocations/65944674-ffb7-49e5-829e-f58a7403974f" status: 204 len: 0 microversion: 1.36 [pid: 7|app: 0|req: 336/668] 10.0.0.112 () {38 vars in 913 bytes} [Tue Apr 28 08:52:30 2026] PUT /allocations/65944674-ffb7-49e5-829e-f58a7403974f => generated 0 bytes in 87 msecs (HTTP/1.1 204) 5 headers in 199 bytes (1 switches on core 0)
2026-04-28 08:52:31.148 8 INFO placement.requestlog [req-871804fb-8b3a-45fa-a141-291021c8f38f req-91dedeff-6b3d-483a-b87b-9b9ad8878dee 85671aa9d20a4e3fa20e638b2321e8fe cb1a5111c579418fa4a3f1cfa1f10d6c - - 4f80f72be974423bb1c156b6d22b4158 4f80f72be974423bb1c156b6d22b4158] 10.0.0.112 "GET /allocation_candidates?limit=1000&resources=DISK_GB%3A1%2CMEMORY_MB%3A512%2CVCPU%3A1&root_required=%21COMPUTE_STATUS_DISABLED" status: 200 len: 2149 microversion: 1.36 [pid: 8|app: 0|req: 333/669] 10.0.0.112 () {34 vars in 1011 bytes} [Tue Apr 28 08:52:31 2026] GET /allocation_candidates?limit=1000&resources=DISK_GB%3A1%2CMEMORY_MB%3A512%2CVCPU%3A1&root_required=%21COMPUTE_STATUS_DISABLED => generated 2149 bytes in 61 msecs (HTTP/1.1 200) 8 headers in 297 bytes (1 switches on core 0)
2026-04-28 08:52:31.197 8 INFO placement.requestlog [req-871804fb-8b3a-45fa-a141-291021c8f38f req-87197a33-5a46-4f2f-aee4-eaa85b8d09fd 85671aa9d20a4e3fa20e638b2321e8fe cb1a5111c579418fa4a3f1cfa1f10d6c - - 4f80f72be974423bb1c156b6d22b4158 4f80f72be974423bb1c156b6d22b4158] 10.0.0.112 "GET /allocations/1dd32f8b-6de8-4168-9137-5f84a58bf2e8" status: 200 len: 19 microversion: 1.28 [pid: 8|app: 0|req: 334/670] 10.0.0.112 () {34 vars in 860 bytes} [Tue Apr 28 08:52:31 2026] GET /allocations/1dd32f8b-6de8-4168-9137-5f84a58bf2e8 => generated 19 bytes in 10 msecs (HTTP/1.1 200) 8 headers in 295 bytes (1 switches on core 0)
2026-04-28 08:52:31.206 7 INFO placement.requestlog [req-5ea78763-62da-4081-842c-329f53edfc8a req-f705812a-b9ee-444d-85fb-7dd6e61bf5bc 85671aa9d20a4e3fa20e638b2321e8fe cb1a5111c579418fa4a3f1cfa1f10d6c - - 4f80f72be974423bb1c156b6d22b4158 4f80f72be974423bb1c156b6d22b4158] 199.19.213.205 "GET /allocations/65944674-ffb7-49e5-829e-f58a7403974f" status: 200 len: 257 microversion: 1.28 [pid: 7|app: 0|req: 337/671] 199.19.213.205 () {34 vars in 862 bytes} [Tue Apr 28 08:52:31 2026] GET /allocations/65944674-ffb7-49e5-829e-f58a7403974f => generated 257 bytes in 28 msecs (HTTP/1.1 200) 8 headers in 296 bytes (1 switches on core 0)
2026-04-28 08:52:31.280 8 INFO placement.requestlog [req-871804fb-8b3a-45fa-a141-291021c8f38f req-70a129a5-bbb2-4090-9717-72c3a1080579 85671aa9d20a4e3fa20e638b2321e8fe cb1a5111c579418fa4a3f1cfa1f10d6c - - 4f80f72be974423bb1c156b6d22b4158 4f80f72be974423bb1c156b6d22b4158] 10.0.0.112 "PUT /allocations/1dd32f8b-6de8-4168-9137-5f84a58bf2e8" status: 204 len: 0 microversion: 1.36 [pid: 8|app: 0|req: 335/672] 10.0.0.112 () {38 vars in 913 bytes} [Tue Apr 28 08:52:31 2026] PUT /allocations/1dd32f8b-6de8-4168-9137-5f84a58bf2e8 => generated 0 bytes in 74 msecs (HTTP/1.1 204) 5 headers in 199 bytes (1 switches on core 0)
2026-04-28 08:52:31.397 7 INFO placement.requestlog [req-5ea78763-62da-4081-842c-329f53edfc8a req-bf1429b4-178f-4fe6-8cb0-604863b86408 85671aa9d20a4e3fa20e638b2321e8fe cb1a5111c579418fa4a3f1cfa1f10d6c - - 4f80f72be974423bb1c156b6d22b4158 4f80f72be974423bb1c156b6d22b4158] 199.19.213.205 "GET /resource_providers/a2971a1e-26de-4171-b6fc-1b499d93c7c2/allocations" status: 200 len: 252 microversion: 1.0 [pid: 7|app: 0|req: 338/673] 199.19.213.205 () {32 vars in 856 bytes} [Tue Apr 28 08:52:31 2026] GET /resource_providers/a2971a1e-26de-4171-b6fc-1b499d93c7c2/allocations => generated 252 bytes in 23 msecs (HTTP/1.1 200) 6 headers in 224 bytes (1 switches on core 0)
2026-04-28 08:52:31.426 8 INFO placement.requestlog [req-5ea78763-62da-4081-842c-329f53edfc8a req-09f2843a-6cc9-4a34-93fb-af9340b461d7 85671aa9d20a4e3fa20e638b2321e8fe cb1a5111c579418fa4a3f1cfa1f10d6c - - 4f80f72be974423bb1c156b6d22b4158 4f80f72be974423bb1c156b6d22b4158] 199.19.213.205 "GET /allocations/65944674-ffb7-49e5-829e-f58a7403974f" status: 200 len: 257 microversion: 1.28 [pid: 8|app: 0|req: 336/674] 199.19.213.205 () {34 vars in 862 bytes} [Tue Apr 28 08:52:31 2026] GET /allocations/65944674-ffb7-49e5-829e-f58a7403974f => generated 257 bytes in 16 msecs (HTTP/1.1 200) 8 headers in 296 bytes (1 switches on core 0)
2026-04-28 08:52:31.451 7 INFO placement.requestlog [req-5ea78763-62da-4081-842c-329f53edfc8a req-8ff30315-8491-45dc-a455-756557f3825d 85671aa9d20a4e3fa20e638b2321e8fe cb1a5111c579418fa4a3f1cfa1f10d6c - - 4f80f72be974423bb1c156b6d22b4158 4f80f72be974423bb1c156b6d22b4158] 199.19.213.205 "GET /allocations/1dd32f8b-6de8-4168-9137-5f84a58bf2e8" status: 200 len: 257 microversion: 1.28 [pid: 7|app: 0|req: 339/675] 199.19.213.205 () {34 vars in 862 bytes} [Tue Apr 28 08:52:31 2026] GET /allocations/1dd32f8b-6de8-4168-9137-5f84a58bf2e8 => generated 257 bytes in 15 msecs (HTTP/1.1 200) 8 headers in 296 bytes (1 switches on core 0)
2026-04-28 08:52:31.591 8 INFO placement.requestlog [req-871804fb-8b3a-45fa-a141-291021c8f38f req-8f7eef84-b74a-4e4f-b8bf-40afcea5286b 85671aa9d20a4e3fa20e638b2321e8fe cb1a5111c579418fa4a3f1cfa1f10d6c - - 4f80f72be974423bb1c156b6d22b4158 4f80f72be974423bb1c156b6d22b4158] 199.19.213.205 "GET /allocations/1dd32f8b-6de8-4168-9137-5f84a58bf2e8" status: 200 len: 257 microversion: 1.28 [pid: 8|app: 0|req: 337/676] 199.19.213.205 () {34 vars in 862 bytes} [Tue Apr 28 08:52:31 2026] GET /allocations/1dd32f8b-6de8-4168-9137-5f84a58bf2e8 => generated 257 bytes in 34 msecs (HTTP/1.1 200) 8 headers in 296 bytes (1 switches on core 0)
2026-04-28 08:52:31.732 7 INFO placement.requestlog [req-871804fb-8b3a-45fa-a141-291021c8f38f req-7ebbac45-6f69-4b55-bf86-d6086121cfe9 85671aa9d20a4e3fa20e638b2321e8fe cb1a5111c579418fa4a3f1cfa1f10d6c - - 4f80f72be974423bb1c156b6d22b4158 4f80f72be974423bb1c156b6d22b4158] 199.19.213.205 "GET /resource_providers/a2971a1e-26de-4171-b6fc-1b499d93c7c2/allocations" status: 200 len: 252 microversion: 1.0 [pid: 7|app: 0|req: 340/677] 199.19.213.205 () {32 vars in 856 bytes} [Tue Apr 28 08:52:31 2026] GET /resource_providers/a2971a1e-26de-4171-b6fc-1b499d93c7c2/allocations => generated 252 bytes in 21 msecs (HTTP/1.1 200) 6 headers in 224 bytes (1 switches on core 0)
2026-04-28 08:52:31.764 8 INFO placement.requestlog [req-871804fb-8b3a-45fa-a141-291021c8f38f req-df900d1b-b2dd-4164-b4d1-a9599e8e07dc 85671aa9d20a4e3fa20e638b2321e8fe cb1a5111c579418fa4a3f1cfa1f10d6c - - 4f80f72be974423bb1c156b6d22b4158 4f80f72be974423bb1c156b6d22b4158] 199.19.213.205 "GET /allocations/65944674-ffb7-49e5-829e-f58a7403974f" status: 200 len: 257 microversion: 1.28 [pid: 8|app: 0|req: 338/678] 199.19.213.205 () {34 vars in 862 bytes} [Tue Apr 28 08:52:31 2026] GET /allocations/65944674-ffb7-49e5-829e-f58a7403974f => generated 257 bytes in 22 msecs (HTTP/1.1 200) 8 headers in 296 bytes (1 switches on core 0)
2026-04-28 08:52:31.808 7 INFO placement.requestlog [req-871804fb-8b3a-45fa-a141-291021c8f38f req-5bee3410-00bc-43c2-aebb-6d19e60c9686 85671aa9d20a4e3fa20e638b2321e8fe cb1a5111c579418fa4a3f1cfa1f10d6c - - 4f80f72be974423bb1c156b6d22b4158 4f80f72be974423bb1c156b6d22b4158] 199.19.213.205 "GET /allocations/1dd32f8b-6de8-4168-9137-5f84a58bf2e8" status: 200 len: 257 microversion: 1.28 [pid: 7|app: 0|req: 341/679] 199.19.213.205 () {34 vars in 862 bytes} [Tue Apr 28 08:52:31 2026] GET /allocations/1dd32f8b-6de8-4168-9137-5f84a58bf2e8 => generated 257 bytes in 33 msecs (HTTP/1.1 200) 8 headers in 296 bytes (1 switches on core 0)
2026-04-28 08:52:31.904 7 INFO placement.requestlog [None req-45ccd7ec-62d6-4eae-973f-1a0ed5c9e4a2 - - - - - -] 10.0.0.12 "GET /" status: 200 len: 136 microversion: 1.0
2026-04-28 08:52:31.905 8 INFO placement.requestlog [None req-a7a566cd-e647-4833-8f42-f62151eb2dd7 - - - - - -] 10.0.0.12 "GET /" status: 200 len: 136 microversion: 1.0
2026-04-28 08:52:36.644 7 INFO placement.requestlog [None req-8e1f784d-238e-4dc2-8268-979ab8716f13 1673306297ea46cea0e2e65a93c8fee4 cb1a5111c579418fa4a3f1cfa1f10d6c - - 4f80f72be974423bb1c156b6d22b4158 4f80f72be974423bb1c156b6d22b4158] 10.0.0.73 "GET /resource_providers/c73a1eb3-74f6-4d65-bbb1-1763d05ef257/aggregates" status: 404 len: 235 microversion: 1.1 [pid: 7|app: 0|req: 343/682] 10.0.0.73 () {32 vars in 823 bytes} [Tue Apr 28 08:52:36 2026] GET /resource_providers/c73a1eb3-74f6-4d65-bbb1-1763d05ef257/aggregates => generated 235 bytes in 126 msecs (HTTP/1.1 404) 5 headers in 202 bytes (1 switches on core 0)
2026-04-28 08:52:36.670 7 INFO placement.requestlog [None req-0d0e4bf9-c16a-47b1-b94d-3b64c04ddcda 1673306297ea46cea0e2e65a93c8fee4 cb1a5111c579418fa4a3f1cfa1f10d6c - - 4f80f72be974423bb1c156b6d22b4158 4f80f72be974423bb1c156b6d22b4158] 10.0.0.73 "DELETE /resource_providers/c73a1eb3-74f6-4d65-bbb1-1763d05ef257" status: 404 len: 246 microversion: 1.1 [pid: 7|app: 0|req: 344/683] 10.0.0.73 () {34 vars in 823 bytes} [Tue Apr 28 08:52:36 2026] DELETE /resource_providers/c73a1eb3-74f6-4d65-bbb1-1763d05ef257 => generated 246 bytes in 16 msecs (HTTP/1.1 404) 6 headers in 231 bytes (1 switches on core 0)
2026-04-28 08:52:36.686 8 INFO placement.requestlog [None req-035e5feb-6790-4300-852f-1a004b29bd50 1673306297ea46cea0e2e65a93c8fee4 cb1a5111c579418fa4a3f1cfa1f10d6c - - 4f80f72be974423bb1c156b6d22b4158 4f80f72be974423bb1c156b6d22b4158] 10.0.0.73 "GET /resource_providers/c73a1eb3-74f6-4d65-bbb1-1763d05ef257/aggregates" status: 404 len: 235 microversion: 1.1 [pid: 8|app: 0|req: 340/684] 10.0.0.73 () {32 vars in 823 bytes} [Tue Apr 28 08:52:36 2026] GET /resource_providers/c73a1eb3-74f6-4d65-bbb1-1763d05ef257/aggregates => generated 235 bytes in 152 msecs (HTTP/1.1 404) 5 headers in 202 bytes (1 switches on core 0)
2026-04-28 08:52:36.706 7 INFO placement.requestlog [None req-d6e15202-840e-4d60-b6b9-148a142f78c4 1673306297ea46cea0e2e65a93c8fee4 cb1a5111c579418fa4a3f1cfa1f10d6c - - 4f80f72be974423bb1c156b6d22b4158 4f80f72be974423bb1c156b6d22b4158] 10.0.0.73 "DELETE /resource_providers/c73a1eb3-74f6-4d65-bbb1-1763d05ef257" status: 404 len: 246 microversion: 1.1 [pid: 7|app: 0|req: 345/685] 10.0.0.73 () {34 vars in 823 bytes} [Tue Apr 28 08:52:36 2026] DELETE /resource_providers/c73a1eb3-74f6-4d65-bbb1-1763d05ef257 => generated 246 bytes in 13 msecs (HTTP/1.1 404) 6 headers in 231 bytes (1 switches on core 0)
2026-04-28 08:52:37.540 8 INFO placement.requestlog [None req-31d3d6a1-3fc7-4618-a7ad-e2b5e37dcdd0 1673306297ea46cea0e2e65a93c8fee4 cb1a5111c579418fa4a3f1cfa1f10d6c - - 4f80f72be974423bb1c156b6d22b4158 4f80f72be974423bb1c156b6d22b4158] 10.0.0.73 "GET /resource_providers/af67ec43-d8d1-4e20-baab-ccb39ac1ecf4/aggregates" status: 404 len: 235 microversion: 1.1 [pid: 8|app: 0|req: 341/686] 10.0.0.73 () {32 vars in 823 bytes} [Tue Apr 28 08:52:37 2026] GET /resource_providers/af67ec43-d8d1-4e20-baab-ccb39ac1ecf4/aggregates => generated 235 bytes in 98 msecs (HTTP/1.1 404) 5 headers in 202 bytes (1 switches on core 0)
2026-04-28 08:52:37.558 8 INFO placement.requestlog [None req-e706a2f0-7af3-40ce-859d-2e77cec6cfd1 1673306297ea46cea0e2e65a93c8fee4 cb1a5111c579418fa4a3f1cfa1f10d6c - - 4f80f72be974423bb1c156b6d22b4158 4f80f72be974423bb1c156b6d22b4158] 10.0.0.73 "DELETE /resource_providers/af67ec43-d8d1-4e20-baab-ccb39ac1ecf4" status: 404 len: 246 microversion: 1.1 [pid: 8|app: 0|req: 342/687] 10.0.0.73 () {34 vars in 823 bytes} [Tue Apr 28 08:52:37 2026] DELETE /resource_providers/af67ec43-d8d1-4e20-baab-ccb39ac1ecf4 => generated 246 bytes in 10 msecs (HTTP/1.1 404) 6 headers in 231 bytes (1 switches on core 0)
2026-04-28 08:52:37.586 7 INFO placement.requestlog [None req-e7ce8408-50d4-428b-b285-0eb02ff8184f 1673306297ea46cea0e2e65a93c8fee4 cb1a5111c579418fa4a3f1cfa1f10d6c - - 4f80f72be974423bb1c156b6d22b4158 4f80f72be974423bb1c156b6d22b4158] 10.0.0.73 "GET /resource_providers/af67ec43-d8d1-4e20-baab-ccb39ac1ecf4/aggregates" status: 404 len: 235 microversion: 1.1 [pid: 7|app: 0|req: 346/688] 10.0.0.73 () {32 vars in 823 bytes} [Tue Apr 28 08:52:37 2026] GET /resource_providers/af67ec43-d8d1-4e20-baab-ccb39ac1ecf4/aggregates => generated 235 bytes in 132 msecs (HTTP/1.1 404) 5 headers in 202 bytes (1 switches on core 0)
2026-04-28 08:52:37.603 8 INFO placement.requestlog [None req-1d038ac0-2348-4ec7-b706-1446a5883bc1 1673306297ea46cea0e2e65a93c8fee4 cb1a5111c579418fa4a3f1cfa1f10d6c - - 4f80f72be974423bb1c156b6d22b4158 4f80f72be974423bb1c156b6d22b4158] 10.0.0.73 "DELETE /resource_providers/af67ec43-d8d1-4e20-baab-ccb39ac1ecf4" status: 404 len: 246 microversion: 1.1 [pid: 8|app: 0|req: 343/689] 10.0.0.73 () {34 vars in 823 bytes} [Tue Apr 28 08:52:37 2026] DELETE /resource_providers/af67ec43-d8d1-4e20-baab-ccb39ac1ecf4 => generated 246 bytes in 9 msecs (HTTP/1.1 404) 6 headers in 231 bytes (1 switches on core 0)
2026-04-28 08:52:41.905 7 INFO placement.requestlog [None req-c0a34f4a-2a2f-45ee-aadd-ca4b0e8d4494 - - - - - -] 10.0.0.12 "GET /" status: 200 len: 136 microversion: 1.0
2026-04-28 08:52:41.906 8 INFO placement.requestlog [None req-efe7f415-50de-4e94-9c97-f86d9a72d01b - - - - - -] 10.0.0.12 "GET /" status: 200 len: 136 microversion: 1.0
2026-04-28 08:52:43.765 7 INFO placement.requestlog [req-9e6674a0-4d2d-43a0-a1a5-8750f42787ba req-436d62d4-c114-4061-bca7-bacd9103968a 85671aa9d20a4e3fa20e638b2321e8fe cb1a5111c579418fa4a3f1cfa1f10d6c - - 4f80f72be974423bb1c156b6d22b4158 4f80f72be974423bb1c156b6d22b4158] 199.19.213.205 "GET /resource_providers/a2971a1e-26de-4171-b6fc-1b499d93c7c2/allocations" status: 200 len: 252 microversion: 1.0 [pid: 7|app: 0|req: 348/692] 199.19.213.205 () {32 vars in 856 bytes} [Tue Apr 28 08:52:43 2026] GET /resource_providers/a2971a1e-26de-4171-b6fc-1b499d93c7c2/allocations => generated 252 bytes in 47 msecs (HTTP/1.1 200) 6 headers in 224 bytes (1 switches on core 0)
2026-04-28 08:52:43.790 8 INFO placement.requestlog [req-9e6674a0-4d2d-43a0-a1a5-8750f42787ba req-3f5d20ba-fc8f-4ec6-bc4c-6fee05de0cde 85671aa9d20a4e3fa20e638b2321e8fe cb1a5111c579418fa4a3f1cfa1f10d6c - - 4f80f72be974423bb1c156b6d22b4158 4f80f72be974423bb1c156b6d22b4158] 199.19.213.205 "GET /allocations/65944674-ffb7-49e5-829e-f58a7403974f" status: 200 len: 257 microversion: 1.28 [pid: 8|app: 0|req: 345/693] 199.19.213.205 () {34 vars in 862 bytes} [Tue Apr 28 08:52:43 2026] GET /allocations/65944674-ffb7-49e5-829e-f58a7403974f => generated 257 bytes in 17 msecs (HTTP/1.1 200) 8 headers in 296 bytes (1 switches on core 0)
2026-04-28 08:52:43.815 7 INFO placement.requestlog [req-9e6674a0-4d2d-43a0-a1a5-8750f42787ba req-bf01cd9d-e829-4a5d-bd9a-a15e3ff29c05 85671aa9d20a4e3fa20e638b2321e8fe cb1a5111c579418fa4a3f1cfa1f10d6c - - 4f80f72be974423bb1c156b6d22b4158 4f80f72be974423bb1c156b6d22b4158] 199.19.213.205 "GET /allocations/1dd32f8b-6de8-4168-9137-5f84a58bf2e8" status: 200 len: 257 microversion: 1.28 [pid: 7|app: 0|req: 349/694] 199.19.213.205 () {34 vars in 862 bytes} [Tue Apr 28 08:52:43 2026] GET /allocations/1dd32f8b-6de8-4168-9137-5f84a58bf2e8 => generated 257 bytes in 16 msecs (HTTP/1.1 200) 8 headers in 296 bytes (1 switches on core 0)
2026-04-28 08:52:43.902 8 INFO placement.requestlog [req-9e6674a0-4d2d-43a0-a1a5-8750f42787ba req-2e71f633-48be-4305-987f-8d41b6bbd64c 85671aa9d20a4e3fa20e638b2321e8fe cb1a5111c579418fa4a3f1cfa1f10d6c - - 4f80f72be974423bb1c156b6d22b4158 4f80f72be974423bb1c156b6d22b4158] 199.19.213.205 "DELETE /allocations/1dd32f8b-6de8-4168-9137-5f84a58bf2e8" status: 204 len: 0 microversion: 1.0 [pid: 8|app: 0|req: 346/695] 199.19.213.205 () {34 vars in 840 bytes} [Tue Apr 28 08:52:43 2026] DELETE /allocations/1dd32f8b-6de8-4168-9137-5f84a58bf2e8 => generated 0 bytes in 33 msecs (HTTP/1.1 204) 5 headers in 198 bytes (1 switches on core 0)
2026-04-28 08:52:49.335 7 INFO placement.requestlog [None req-32f55533-baad-4cb9-8565-7fd4949e4869 1673306297ea46cea0e2e65a93c8fee4 cb1a5111c579418fa4a3f1cfa1f10d6c - - 4f80f72be974423bb1c156b6d22b4158 4f80f72be974423bb1c156b6d22b4158] 10.0.0.73 "GET /resource_providers/37c9128f-4719-4fe5-8cc2-c2b2f854d307/aggregates" status: 404 len: 235 microversion: 1.1 [pid: 7|app: 0|req: 350/696] 10.0.0.73 () {32 vars in 823 bytes} [Tue Apr 28 08:52:49 2026] GET /resource_providers/37c9128f-4719-4fe5-8cc2-c2b2f854d307/aggregates => generated 235 bytes in 11 msecs (HTTP/1.1 404) 5 headers in 202 bytes (1 switches on core 0)
2026-04-28 08:52:49.337 8 INFO placement.requestlog [None req-543eb6b5-d56b-4c9c-bb5a-abe4948e8cea 1673306297ea46cea0e2e65a93c8fee4 cb1a5111c579418fa4a3f1cfa1f10d6c - - 4f80f72be974423bb1c156b6d22b4158 4f80f72be974423bb1c156b6d22b4158] 10.0.0.73 "GET /resource_providers/37c9128f-4719-4fe5-8cc2-c2b2f854d307/aggregates" status: 404 len: 235 microversion: 1.1 [pid: 8|app: 0|req: 347/697] 10.0.0.73 () {32 vars in 823 bytes} [Tue Apr 28 08:52:49 2026] GET /resource_providers/37c9128f-4719-4fe5-8cc2-c2b2f854d307/aggregates => generated 235 bytes in 13 msecs (HTTP/1.1 404) 5 headers in 202 bytes (1 switches on core 0)
2026-04-28 08:52:49.361 7 INFO placement.requestlog [None req-77602080-f313-4cf4-b3e2-9c1fba6e7de2 1673306297ea46cea0e2e65a93c8fee4 cb1a5111c579418fa4a3f1cfa1f10d6c - - 4f80f72be974423bb1c156b6d22b4158 4f80f72be974423bb1c156b6d22b4158] 10.0.0.73 "DELETE /resource_providers/37c9128f-4719-4fe5-8cc2-c2b2f854d307" status: 404 len: 246 microversion: 1.1 [pid: 7|app: 0|req: 351/698] 10.0.0.73 () {34 vars in 823 bytes} [Tue Apr 28 08:52:49 2026] DELETE /resource_providers/37c9128f-4719-4fe5-8cc2-c2b2f854d307 => generated 246 bytes in 9 msecs (HTTP/1.1 404) 6 headers in 231 bytes (1 switches on core 0)
2026-04-28 08:52:49.366 8 INFO placement.requestlog [None req-e3827a31-07d3-47b3-b8b6-7f49eed0592d 1673306297ea46cea0e2e65a93c8fee4 cb1a5111c579418fa4a3f1cfa1f10d6c - - 4f80f72be974423bb1c156b6d22b4158 4f80f72be974423bb1c156b6d22b4158] 10.0.0.73 "DELETE /resource_providers/37c9128f-4719-4fe5-8cc2-c2b2f854d307" status: 404 len: 246 microversion: 1.1 [pid: 8|app: 0|req: 348/699] 10.0.0.73 () {34 vars in 823 bytes} [Tue Apr 28 08:52:49 2026] DELETE /resource_providers/37c9128f-4719-4fe5-8cc2-c2b2f854d307 => generated 246 bytes in 14 msecs (HTTP/1.1 404) 6 headers in 231 bytes (1 switches on core 0)
2026-04-28 08:52:51.904 7 INFO placement.requestlog [None req-7f4da37b-716a-4620-b26c-bc9f4d47d576 - - - - - -] 10.0.0.12 "GET /" status: 200 len: 136 microversion: 1.0
2026-04-28 08:52:51.905 8 INFO placement.requestlog [None req-a83931f8-0105-4d9a-877d-e56efb01b7db - - - - - -] 10.0.0.12 "GET /" status: 200 len: 136 microversion: 1.0
2026-04-28 08:52:55.930 7 INFO placement.requestlog [req-f3edc49e-fa90-423a-b3d5-949a55238f9c req-b5482311-fa7b-407b-b582-342fc4f7d256 85671aa9d20a4e3fa20e638b2321e8fe cb1a5111c579418fa4a3f1cfa1f10d6c - - 4f80f72be974423bb1c156b6d22b4158 4f80f72be974423bb1c156b6d22b4158] 10.0.0.112 "GET /allocation_candidates?limit=1000&resources=MEMORY_MB%3A512%2CVCPU%3A1&root_required=%21COMPUTE_STATUS_DISABLED" status: 200 len: 2135 microversion: 1.36 [pid: 7|app: 0|req: 353/702] 10.0.0.112 () {34 vars in 983 bytes} [Tue Apr 28 08:52:55 2026] GET /allocation_candidates?limit=1000&resources=MEMORY_MB%3A512%2CVCPU%3A1&root_required=%21COMPUTE_STATUS_DISABLED => generated 2135 bytes in 61 msecs (HTTP/1.1 200) 8 headers in 297 bytes (1 switches on core 0)
2026-04-28 08:52:55.970 8 INFO placement.requestlog [req-f3edc49e-fa90-423a-b3d5-949a55238f9c req-41912173-378c-4294-9f37-35d450d1d170 85671aa9d20a4e3fa20e638b2321e8fe cb1a5111c579418fa4a3f1cfa1f10d6c - - 4f80f72be974423bb1c156b6d22b4158 4f80f72be974423bb1c156b6d22b4158] 10.0.0.112 "GET /allocations/81743429-bc0e-470e-bba0-d3e5a02f7355" status: 200 len: 19 microversion: 1.28 [pid: 8|app: 0|req: 350/703] 10.0.0.112 () {34 vars in 860 bytes} [Tue Apr 28 08:52:55 2026] GET /allocations/81743429-bc0e-470e-bba0-d3e5a02f7355 => generated 19 bytes in 14 msecs (HTTP/1.1 200) 8 headers in 295 bytes (1 switches on core 0)
2026-04-28 08:52:56.050 7 INFO placement.requestlog [req-f3edc49e-fa90-423a-b3d5-949a55238f9c req-82485528-bc92-4922-8f37-10cb0dbd6ff2 85671aa9d20a4e3fa20e638b2321e8fe cb1a5111c579418fa4a3f1cfa1f10d6c - - 4f80f72be974423bb1c156b6d22b4158 4f80f72be974423bb1c156b6d22b4158] 10.0.0.112 "PUT /allocations/81743429-bc0e-470e-bba0-d3e5a02f7355" status: 204 len: 0 microversion: 1.36 [pid: 7|app: 0|req: 354/704] 10.0.0.112 () {38 vars in 913 bytes} [Tue Apr 28 08:52:55 2026] PUT /allocations/81743429-bc0e-470e-bba0-d3e5a02f7355 => generated 0 bytes in 69 msecs (HTTP/1.1 204) 5 headers in 199 bytes (1 switches on core 0)
2026-04-28 08:52:56.309 8 INFO placement.requestlog [req-f3edc49e-fa90-423a-b3d5-949a55238f9c req-8668265b-1b14-4bbc-8b5f-6debf9def733 85671aa9d20a4e3fa20e638b2321e8fe cb1a5111c579418fa4a3f1cfa1f10d6c - - 4f80f72be974423bb1c156b6d22b4158 4f80f72be974423bb1c156b6d22b4158] 199.19.213.205 "GET /allocations/81743429-bc0e-470e-bba0-d3e5a02f7355" status: 200 len: 243 microversion: 1.28 [pid: 8|app: 0|req: 351/705] 199.19.213.205 () {34 vars in 862 bytes} [Tue Apr 28 08:52:56 2026] GET /allocations/81743429-bc0e-470e-bba0-d3e5a02f7355 => generated 243 bytes in 14 msecs (HTTP/1.1 200) 8 headers in 296 bytes (1 switches on core 0)
2026-04-28 08:52:56.448 7 INFO placement.requestlog [req-f3edc49e-fa90-423a-b3d5-949a55238f9c req-0dc6e6c6-6b6b-4020-8b53-a541f69adfbe 85671aa9d20a4e3fa20e638b2321e8fe cb1a5111c579418fa4a3f1cfa1f10d6c - - 4f80f72be974423bb1c156b6d22b4158 4f80f72be974423bb1c156b6d22b4158] 199.19.213.205 "GET /resource_providers/a2971a1e-26de-4171-b6fc-1b499d93c7c2/allocations" status: 200 len: 238 microversion: 1.0 [pid: 7|app: 0|req: 355/706] 199.19.213.205 () {32 vars in 856 bytes} [Tue Apr 28 08:52:56 2026] GET /resource_providers/a2971a1e-26de-4171-b6fc-1b499d93c7c2/allocations => generated 238 bytes in 29 msecs (HTTP/1.1 200) 6 headers in 224 bytes (1 switches on core 0)
2026-04-28 08:52:56.480 8 INFO placement.requestlog [req-f3edc49e-fa90-423a-b3d5-949a55238f9c req-d1ebbade-c38e-4704-8055-74d633d28302 85671aa9d20a4e3fa20e638b2321e8fe cb1a5111c579418fa4a3f1cfa1f10d6c - - 4f80f72be974423bb1c156b6d22b4158 4f80f72be974423bb1c156b6d22b4158] 199.19.213.205 "GET /allocations/65944674-ffb7-49e5-829e-f58a7403974f" status: 200 len: 257 microversion: 1.28 [pid: 8|app: 0|req: 352/707] 199.19.213.205 () {34 vars in 862 bytes} [Tue Apr 28 08:52:56 2026] GET /allocations/65944674-ffb7-49e5-829e-f58a7403974f => generated 257 bytes in 22 msecs (HTTP/1.1 200) 8 headers in 296 bytes (1 switches on core 0)
2026-04-28 08:52:56.509 7 INFO placement.requestlog [req-f3edc49e-fa90-423a-b3d5-949a55238f9c req-60a30427-d3ca-46fa-b379-042ac5487e53 85671aa9d20a4e3fa20e638b2321e8fe cb1a5111c579418fa4a3f1cfa1f10d6c - - 4f80f72be974423bb1c156b6d22b4158 4f80f72be974423bb1c156b6d22b4158] 199.19.213.205 "GET /allocations/81743429-bc0e-470e-bba0-d3e5a02f7355" status: 200 len: 243 microversion: 1.28 [pid: 7|app: 0|req: 356/708] 199.19.213.205 () {34 vars in 862 bytes} [Tue Apr 28 08:52:56 2026] GET /allocations/81743429-bc0e-470e-bba0-d3e5a02f7355 => generated 243 bytes in 18 msecs (HTTP/1.1 200) 8 headers in 296 bytes (1 switches on core 0)
2026-04-28 08:53:01.904 7 INFO placement.requestlog [None req-5253c9b1-e91f-4605-9c4e-3f2399a0541d - - - - - -] 10.0.0.12 "GET /" status: 200 len: 136 microversion: 1.0
2026-04-28 08:53:01.907 8 INFO placement.requestlog [None req-ea966b6a-98ac-4570-9a9d-b049a337a6a6 - - - - - -] 10.0.0.12 "GET /" status: 200 len: 136 microversion: 1.0
2026-04-28 08:53:04.867 7 INFO placement.requestlog [req-ba7aa599-faa6-4087-ad35-e78ac372ee7a req-221d44a3-df03-4309-8ee9-5da83b55e736 85671aa9d20a4e3fa20e638b2321e8fe cb1a5111c579418fa4a3f1cfa1f10d6c - - 4f80f72be974423bb1c156b6d22b4158 4f80f72be974423bb1c156b6d22b4158] 199.19.213.205 "GET /resource_providers/a2971a1e-26de-4171-b6fc-1b499d93c7c2/allocations" status: 200 len: 238 microversion: 1.0 [pid: 7|app: 0|req: 358/711] 199.19.213.205 () {32 vars in 856 bytes} [Tue Apr 28 08:53:04 2026] GET /resource_providers/a2971a1e-26de-4171-b6fc-1b499d93c7c2/allocations => generated 238 bytes in 23 msecs (HTTP/1.1 200) 6 headers in 224 bytes (1 switches on core 0)
2026-04-28 08:53:04.894 8 INFO placement.requestlog [req-ba7aa599-faa6-4087-ad35-e78ac372ee7a req-c5981850-9b0e-43c8-bd67-50533fde15ef 85671aa9d20a4e3fa20e638b2321e8fe cb1a5111c579418fa4a3f1cfa1f10d6c - - 4f80f72be974423bb1c156b6d22b4158 4f80f72be974423bb1c156b6d22b4158] 199.19.213.205 "GET /allocations/65944674-ffb7-49e5-829e-f58a7403974f" status: 200 len: 257 microversion: 1.28 [pid: 8|app: 0|req: 354/712] 199.19.213.205 () {34 vars in 862 bytes} [Tue Apr 28 08:53:04 2026] GET /allocations/65944674-ffb7-49e5-829e-f58a7403974f => generated 257 bytes in 15 msecs (HTTP/1.1 200) 8 headers in 296 bytes (1 switches on core 0)
2026-04-28 08:53:04.922 7 INFO placement.requestlog [req-ba7aa599-faa6-4087-ad35-e78ac372ee7a req-d8bc22d9-648b-430b-aee5-c498b1715c68 85671aa9d20a4e3fa20e638b2321e8fe cb1a5111c579418fa4a3f1cfa1f10d6c - - 4f80f72be974423bb1c156b6d22b4158 4f80f72be974423bb1c156b6d22b4158] 199.19.213.205 "GET /allocations/81743429-bc0e-470e-bba0-d3e5a02f7355" status: 200 len: 243 microversion: 1.28 [pid: 7|app: 0|req: 359/713] 199.19.213.205 () {34 vars in 862 bytes} [Tue Apr 28 08:53:04 2026] GET /allocations/81743429-bc0e-470e-bba0-d3e5a02f7355 => generated 243 bytes in 21 msecs (HTTP/1.1 200) 8 headers in 296 bytes (1 switches on core 0)
2026-04-28 08:53:05.025 8 INFO placement.requestlog [req-ba7aa599-faa6-4087-ad35-e78ac372ee7a req-8ae38ac5-5cb1-4eaf-8efd-f67bebc6c20d 85671aa9d20a4e3fa20e638b2321e8fe cb1a5111c579418fa4a3f1cfa1f10d6c - - 4f80f72be974423bb1c156b6d22b4158 4f80f72be974423bb1c156b6d22b4158] 199.19.213.205 "DELETE /allocations/81743429-bc0e-470e-bba0-d3e5a02f7355" status: 204 len: 0 microversion: 1.0 [pid: 8|app: 0|req: 355/714] 199.19.213.205 () {34 vars in 840 bytes} [Tue Apr 28 08:53:04 2026] DELETE /allocations/81743429-bc0e-470e-bba0-d3e5a02f7355 => generated 0 bytes in 33 msecs (HTTP/1.1 204) 5 headers in 198 bytes (1 switches on core 0)
2026-04-28 08:53:05.163 7 INFO placement.requestlog [req-48335e46-1bcb-405a-8f0f-d21558fc56b2 req-f812c23f-a129-44af-b4b6-2153638b74b2 85671aa9d20a4e3fa20e638b2321e8fe cb1a5111c579418fa4a3f1cfa1f10d6c - - 4f80f72be974423bb1c156b6d22b4158 4f80f72be974423bb1c156b6d22b4158] 199.19.213.205 "GET /resource_providers/a2971a1e-26de-4171-b6fc-1b499d93c7c2/allocations" status: 200 len: 152 microversion: 1.0 [pid: 7|app: 0|req: 360/715] 199.19.213.205 () {32 vars in 856 bytes} [Tue Apr 28 08:53:05 2026] GET /resource_providers/a2971a1e-26de-4171-b6fc-1b499d93c7c2/allocations => generated 152 bytes in 20 msecs (HTTP/1.1 200) 6 headers in 224 bytes (1 switches on core 0)
