2026-04-28 08:55:43.816 9 INFO neutron.wsgi [None req-3b72a7d0-0600-4a5f-aeea-cdd152c7bbab f0c0232fb17e433fbbb19520387c1862 a3185369c3fc4d8aa72efbf228db55ce - - default default] 10.0.0.101 "GET /v2.0/security-groups HTTP/1.1" status: 200 len: 2996 time: 0.0358486
2026-04-28 08:55:43.865 10 INFO neutron.wsgi [None req-6d64b909-bac2-422c-b226-5fd029ec290d 8b4a338c1a694983999ee2703fbff9cb 7a46301582e34af2bd98cfd1402e698d - - default default] 10.0.0.101 "DELETE /v2.0/ports/e060db3f-2f2b-4a16-a11a-33f22d33366b HTTP/1.1" status: 204 len: 168 time: 0.2522583
2026-04-28 08:55:43.870 9 INFO neutron.wsgi [None req-9979daad-793d-45b0-ab9e-165a359434d9 f0c0232fb17e433fbbb19520387c1862 a3185369c3fc4d8aa72efbf228db55ce - - default default] 10.0.0.101 "GET /v2.0/security-groups HTTP/1.1" status: 200 len: 2996 time: 0.0433574
2026-04-28 08:55:44.114 10 INFO neutron.wsgi [None req-604899b9-561a-4a8b-b7db-bec8a80ccc08 8b4a338c1a694983999ee2703fbff9cb 7a46301582e34af2bd98cfd1402e698d - - default default] 10.0.0.101 "DELETE /v2.0/ports/4f628e56-f934-4076-8c3f-ab212dc2c94b HTTP/1.1" status: 204 len: 168 time: 0.2447517
2026-04-28 08:55:44.267 9 WARNING neutron.plugins.ml2.drivers.ovn.mech_driver.ovsdb.ovn_client [None req-9d8d9a68-c9b2-4170-96b5-9135659312c3 - - - - - -] No port found with ID ed83da7f-071d-4161-90b4-51d6cc18ef52: RuntimeError: No port found with ID ed83da7f-071d-4161-90b4-51d6cc18ef52
2026-04-28 08:55:44.391 10 INFO neutron.wsgi [None req-0275f507-5a29-4679-8a75-99b94ed65880 8b4a338c1a694983999ee2703fbff9cb 7a46301582e34af2bd98cfd1402e698d - - default default] 10.0.0.101 "DELETE /v2.0/ports/a7cda19d-bf14-4699-bdfc-44d937bf74e0 HTTP/1.1" status: 204 len: 168 time: 0.2700458
2026-04-28 08:55:44.576 9 INFO neutron.wsgi [None req-e39e97bf-b84a-4d6c-9ffc-952f6f74d3a7 56172e8c90ef45059602b768e6b9d171 fac1150d86bd43b48062b71e86218f90 - - default default] 10.0.0.101 "GET /v2.0/security-groups?tenant_id=a3185369c3fc4d8aa72efbf228db55ce&name=default HTTP/1.1" status: 200 len: 2996 time: 0.2241645
2026-04-28 08:55:44.776 10 INFO neutron.services.segments.plugin [-] Segment 50816166-6970-47c2-b98e-fcb983ffc8a8 resource provider aggregate not found
2026-04-28 08:55:44.783 10 INFO neutron.services.segments.plugin [-] Segment 50816166-6970-47c2-b98e-fcb983ffc8a8 resource provider aggregate not found
2026-04-28 08:55:44.785 9 INFO neutron.wsgi [None req-6d8e84e9-ab75-49b9-ac61-72be348c99ea 56172e8c90ef45059602b768e6b9d171 fac1150d86bd43b48062b71e86218f90 - - default default] 10.0.0.101 "DELETE /v2.0/security-groups/f7a2f17d-dc78-48d7-b03c-199fab784000 HTTP/1.1" status: 204 len: 168 time: 0.2043631
2026-04-28 08:55:44.804 10 INFO neutron.services.segments.plugin [-] Segment 50816166-6970-47c2-b98e-fcb983ffc8a8 resource provider not found; error: Placement Client Error (4xx): {"errors": [{"status": 404, "title": "Not Found", "detail": "The resource could not be found.\n\n No resource provider with uuid 50816166-6970-47c2-b98e-fcb983ffc8a8 found for delete ", "request_id": "req-9615f0a7-0c96-4e43-b48b-cf6a12c7248a"}]}
2026-04-28 08:55:44.815 10 INFO neutron.services.segments.plugin [-] Segment 50816166-6970-47c2-b98e-fcb983ffc8a8 resource provider not found; error: Placement Client Error (4xx): {"errors": [{"status": 404, "title": "Not Found", "detail": "The resource could not be found.\n\n No resource provider with uuid 50816166-6970-47c2-b98e-fcb983ffc8a8 found for delete ", "request_id": "req-46f54309-8ebe-47ff-a393-f3d738ad656f"}]}
2026-04-28 08:55:44.841 10 INFO neutron.wsgi [None req-82bca7a3-9d2f-4759-8f97-1bd65e62869a 8b4a338c1a694983999ee2703fbff9cb 7a46301582e34af2bd98cfd1402e698d - - default default] 10.0.0.101 "DELETE /v2.0/networks/2849f130-5498-4b6a-9637-e12702644ce2 HTTP/1.1" status: 204 len: 168 time: 0.4441695
2026-04-28 08:55:45.230 9 INFO neutron.services.segments.plugin [-] Segment 5f07c44d-f128-47a9-9da4-b7ab7844b6a0 resource provider aggregate not found
2026-04-28 08:55:45.235 9 INFO neutron.services.segments.plugin [-] Segment 5f07c44d-f128-47a9-9da4-b7ab7844b6a0 resource provider aggregate not found
2026-04-28 08:55:45.244 9 INFO neutron.services.segments.plugin [-] Segment 5f07c44d-f128-47a9-9da4-b7ab7844b6a0 resource provider not found; error: Placement Client Error (4xx): {"errors": [{"status": 404, "title": "Not Found", "detail": "The resource could not be found.\n\n No resource provider with uuid 5f07c44d-f128-47a9-9da4-b7ab7844b6a0 found for delete ", "request_id": "req-0ba32b34-13e7-43d5-9bff-afb505e302b2"}]}
2026-04-28 08:55:45.253 9 INFO neutron.services.segments.plugin [-] Segment 5f07c44d-f128-47a9-9da4-b7ab7844b6a0 resource provider not found; error: Placement Client Error (4xx): {"errors": [{"status": 404, "title": "Not Found", "detail": "The resource could not be found.\n\n No resource provider with uuid 5f07c44d-f128-47a9-9da4-b7ab7844b6a0 found for delete ", "request_id": "req-cff3ab6b-bbf2-4a69-a83f-52bb8420b78f"}]}
2026-04-28 08:55:45.270 9 INFO neutron.wsgi [None req-7b075346-a723-40ec-bfd2-c60502866bfd 8b4a338c1a694983999ee2703fbff9cb 7a46301582e34af2bd98cfd1402e698d - - default default] 10.0.0.101 "DELETE /v2.0/networks/5e0cfcb6-ac7a-43ce-a8c0-e3ce5bca0f49 HTTP/1.1" status: 204 len: 168 time: 0.4231613
2026-04-28 08:55:45.661 10 INFO neutron.wsgi [None req-c8f4022b-4989-4a14-914e-b05659d4ae64 8b4a338c1a694983999ee2703fbff9cb 7a46301582e34af2bd98cfd1402e698d - - default default] 10.0.0.101 "DELETE /v2.0/networks/f7989f94-a6c6-4d17-83a3-557acf0f86d0 HTTP/1.1" status: 204 len: 168 time: 0.3848467
2026-04-28 08:55:46.071 9 INFO neutron.wsgi [None req-c810e16e-174b-4d0b-8832-70d893b99bd3 8b4a338c1a694983999ee2703fbff9cb 7a46301582e34af2bd98cfd1402e698d - - default default] 10.0.0.101 "DELETE /v2.0/networks/4a5f38cb-4dba-4eec-a0dd-b6f88edf4405 HTTP/1.1" status: 204 len: 168 time: 0.4048767
2026-04-28 08:55:46.513 10 INFO neutron.wsgi [None req-74633434-2cbb-4594-a194-acb76f8678c6 8b4a338c1a694983999ee2703fbff9cb 7a46301582e34af2bd98cfd1402e698d - - default default] 10.0.0.101 "DELETE /v2.0/networks/5183b26b-90b9-4e72-a413-3de729125e72 HTTP/1.1" status: 204 len: 168 time: 0.4353142
2026-04-28 08:55:46.830 10 INFO neutron.services.segments.plugin [-] Segment f5998e4f-2f36-44f7-9820-3b117e15f92a resource provider aggregate not found
2026-04-28 08:55:46.841 10 INFO neutron.services.segments.plugin [-] Segment f5998e4f-2f36-44f7-9820-3b117e15f92a resource provider aggregate not found
2026-04-28 08:55:46.851 10 INFO neutron.services.segments.plugin [-] Segment f5998e4f-2f36-44f7-9820-3b117e15f92a resource provider not found; error: Placement Client Error (4xx): {"errors": [{"status": 404, "title": "Not Found", "detail": "The resource could not be found.\n\n No resource provider with uuid f5998e4f-2f36-44f7-9820-3b117e15f92a found for delete ", "request_id": "req-5043dc7f-722f-4ec8-870a-4d55e5a1c542"}]}
2026-04-28 08:55:46.865 10 INFO neutron.services.segments.plugin [-] Segment f5998e4f-2f36-44f7-9820-3b117e15f92a resource provider not found; error: Placement Client Error (4xx): {"errors": [{"status": 404, "title": "Not Found", "detail": "The resource could not be found.\n\n No resource provider with uuid f5998e4f-2f36-44f7-9820-3b117e15f92a found for delete ", "request_id": "req-aee2f079-7ddc-4193-8b36-c037a7b243b3"}]}
2026-04-28 08:55:46.875 10 INFO neutron.services.segments.plugin [-] Segment 8339aeae-b9a4-421a-8d2e-1f4a1c871f4f resource provider aggregate not found
2026-04-28 08:55:46.883 10 INFO neutron.services.segments.plugin [-] Segment 8339aeae-b9a4-421a-8d2e-1f4a1c871f4f resource provider aggregate not found
2026-04-28 08:55:46.913 10 INFO neutron.services.segments.plugin [-] Segment 8339aeae-b9a4-421a-8d2e-1f4a1c871f4f resource provider not found; error: Placement Client Error (4xx): {"errors": [{"status": 404, "title": "Not Found", "detail": "The resource could not be found.\n\n No resource provider with uuid 8339aeae-b9a4-421a-8d2e-1f4a1c871f4f found for delete ", "request_id": "req-cd7010b7-9ed5-488e-b4b4-cbd29a679d92"}]}
2026-04-28 08:55:46.915 10 INFO neutron.services.segments.plugin [-] Segment 8339aeae-b9a4-421a-8d2e-1f4a1c871f4f resource provider not found; error: Placement Client Error (4xx): {"errors": [{"status": 404, "title": "Not Found", "detail": "The resource could not be found.\n\n No resource provider with uuid 8339aeae-b9a4-421a-8d2e-1f4a1c871f4f found for delete ", "request_id": "req-95895131-4e55-4bc0-afa6-81abc2923521"}]}
2026-04-28 08:55:47.262 9 INFO neutron.services.segments.plugin [-] Segment 19189684-5fbc-4b65-9d95-239309a26850 resource provider aggregate not found
2026-04-28 08:55:47.273 9 INFO neutron.services.segments.plugin [-] Segment 19189684-5fbc-4b65-9d95-239309a26850 resource provider aggregate not found
2026-04-28 08:55:47.280 9 INFO neutron.services.segments.plugin [-] Segment 19189684-5fbc-4b65-9d95-239309a26850 resource provider not found; error: Placement Client Error (4xx): {"errors": [{"status": 404, "title": "Not Found", "detail": "The resource could not be found.\n\n No resource provider with uuid 19189684-5fbc-4b65-9d95-239309a26850 found for delete ", "request_id": "req-4fe8bcd4-89f4-41f9-bd11-714b9ecc6fd7"}]}
2026-04-28 08:55:47.306 9 INFO neutron.services.segments.plugin [-] Segment 19189684-5fbc-4b65-9d95-239309a26850 resource provider not found; error: Placement Client Error (4xx): {"errors": [{"status": 404, "title": "Not Found", "detail": "The resource could not be found.\n\n No resource provider with uuid 19189684-5fbc-4b65-9d95-239309a26850 found for delete ", "request_id": "req-1dd25702-5406-4cca-8537-0ff017608ffb"}]}
2026-04-28 08:55:47.857 9 INFO neutron.db.ovn_revision_numbers_db [None req-068e8aca-d36d-41e3-a447-12249413d2e5 56172e8c90ef45059602b768e6b9d171 fac1150d86bd43b48062b71e86218f90 - - default default] Successfully bumped revision number for resource d32438e0-dd62-483b-8402-718812c7bdc1 (type: security_groups) to 1
2026-04-28 08:55:47.881 9 INFO neutron.db.ovn_revision_numbers_db [None req-068e8aca-d36d-41e3-a447-12249413d2e5 56172e8c90ef45059602b768e6b9d171 fac1150d86bd43b48062b71e86218f90 - - default default] Successfully bumped revision number for resource 30338cef-7036-453d-aa8d-e3f2818f48f5 (type: security_group_rules) to 0
2026-04-28 08:55:47.897 9 INFO neutron.db.ovn_revision_numbers_db [None req-068e8aca-d36d-41e3-a447-12249413d2e5 56172e8c90ef45059602b768e6b9d171 fac1150d86bd43b48062b71e86218f90 - - default default] Successfully bumped revision number for resource 541af8fe-ae6d-4925-96c7-81a2a2c47a02 (type: security_group_rules) to 0
2026-04-28 08:55:47.916 9 INFO neutron.db.ovn_revision_numbers_db [None req-068e8aca-d36d-41e3-a447-12249413d2e5 56172e8c90ef45059602b768e6b9d171 fac1150d86bd43b48062b71e86218f90 - - default default] Successfully bumped revision number for resource a96861b3-06b1-44f2-abb4-163036e30d71 (type: security_group_rules) to 0
2026-04-28 08:55:47.927 9 INFO neutron.db.ovn_revision_numbers_db [None req-068e8aca-d36d-41e3-a447-12249413d2e5 56172e8c90ef45059602b768e6b9d171 fac1150d86bd43b48062b71e86218f90 - - default default] Successfully bumped revision number for resource e6773bc7-ed46-4be7-b363-f166ce6f7309 (type: security_group_rules) to 0
2026-04-28 08:55:47.944 9 INFO neutron.wsgi [None req-068e8aca-d36d-41e3-a447-12249413d2e5 56172e8c90ef45059602b768e6b9d171 fac1150d86bd43b48062b71e86218f90 - - default default] 10.0.0.101 "GET /v2.0/security-groups?tenant_id=2eac5be57641472596c1525b41cc5515&name=default HTTP/1.1" status: 200 len: 2996 time: 0.4840202
2026-04-28 08:55:48.144 9 INFO neutron.wsgi [None req-c0f09454-0d0c-4170-a0eb-854225efe56e 56172e8c90ef45059602b768e6b9d171 fac1150d86bd43b48062b71e86218f90 - - default default] 10.0.0.101 "DELETE /v2.0/security-groups/d32438e0-dd62-483b-8402-718812c7bdc1 HTTP/1.1" status: 204 len: 168 time: 0.1930180
2026-04-28 08:55:48.257 10 INFO neutron.db.ovn_revision_numbers_db [None req-702304d3-0b4e-4d24-a74d-99098575f830 56172e8c90ef45059602b768e6b9d171 fac1150d86bd43b48062b71e86218f90 - - default default] Successfully bumped revision number for resource 4738c2d1-f5ff-4609-9a9c-8049c067a847 (type: security_groups) to 1
2026-04-28 08:55:48.272 10 INFO neutron.db.ovn_revision_numbers_db [None req-702304d3-0b4e-4d24-a74d-99098575f830 56172e8c90ef45059602b768e6b9d171 fac1150d86bd43b48062b71e86218f90 - - default default] Successfully bumped revision number for resource 09104796-0803-47f6-aa63-d80571d3e259 (type: security_group_rules) to 0
2026-04-28 08:55:48.295 10 INFO neutron.db.ovn_revision_numbers_db [None req-702304d3-0b4e-4d24-a74d-99098575f830 56172e8c90ef45059602b768e6b9d171 fac1150d86bd43b48062b71e86218f90 - - default default] Successfully bumped revision number for resource 6f7c5d8b-a50b-4478-8fbc-e3624fc1f7bb (type: security_group_rules) to 0
2026-04-28 08:55:48.313 10 INFO neutron.db.ovn_revision_numbers_db [None req-702304d3-0b4e-4d24-a74d-99098575f830 56172e8c90ef45059602b768e6b9d171 fac1150d86bd43b48062b71e86218f90 - - default default] Successfully bumped revision number for resource 770ee6a2-b879-43d3-b022-309487b8d9d2 (type: security_group_rules) to 0
2026-04-28 08:55:48.332 10 INFO neutron.db.ovn_revision_numbers_db [None req-702304d3-0b4e-4d24-a74d-99098575f830 56172e8c90ef45059602b768e6b9d171 fac1150d86bd43b48062b71e86218f90 - - default default] Successfully bumped revision number for resource a9f79298-ae29-440f-98ed-790b56ecc28c (type: security_group_rules) to 0
2026-04-28 08:55:48.362 10 INFO neutron.wsgi [None req-702304d3-0b4e-4d24-a74d-99098575f830 56172e8c90ef45059602b768e6b9d171 fac1150d86bd43b48062b71e86218f90 - - default default] 10.0.0.101 "GET /v2.0/security-groups?tenant_id=69c8e4b91d334ef0b8e522eec4e76259&name=default HTTP/1.1" status: 200 len: 2996 time: 0.5355976
2026-04-28 08:55:48.462 9 INFO neutron.db.ovn_revision_numbers_db [None req-3ccf7f13-dd44-435d-9a16-1a770bf0c31d 56172e8c90ef45059602b768e6b9d171 fac1150d86bd43b48062b71e86218f90 - - default default] Successfully bumped revision number for resource 6b869bdb-0c0d-4717-b564-4f853de50a4c (type: security_groups) to 1
2026-04-28 08:55:48.480 9 INFO neutron.db.ovn_revision_numbers_db [None req-3ccf7f13-dd44-435d-9a16-1a770bf0c31d 56172e8c90ef45059602b768e6b9d171 fac1150d86bd43b48062b71e86218f90 - - default default] Successfully bumped revision number for resource 519f08b7-bcf3-44f9-a517-d30383e1c627 (type: security_group_rules) to 0
2026-04-28 08:55:48.514 9 INFO neutron.db.ovn_revision_numbers_db [None req-3ccf7f13-dd44-435d-9a16-1a770bf0c31d 56172e8c90ef45059602b768e6b9d171 fac1150d86bd43b48062b71e86218f90 - - default default] Successfully bumped revision number for resource 5b0394e2-ff2c-4334-af6c-212cd10262f9 (type: security_group_rules) to 0
2026-04-28 08:55:48.529 9 INFO neutron.db.ovn_revision_numbers_db [None req-3ccf7f13-dd44-435d-9a16-1a770bf0c31d 56172e8c90ef45059602b768e6b9d171 fac1150d86bd43b48062b71e86218f90 - - default default] Successfully bumped revision number for resource 8aeabf4d-9f96-41b8-b6f4-9165085610ef (type: security_group_rules) to 0
2026-04-28 08:55:48.543 9 INFO neutron.db.ovn_revision_numbers_db [None req-3ccf7f13-dd44-435d-9a16-1a770bf0c31d 56172e8c90ef45059602b768e6b9d171 fac1150d86bd43b48062b71e86218f90 - - default default] Successfully bumped revision number for resource a99564de-52c8-4621-b671-ed587716350e (type: security_group_rules) to 0
2026-04-28 08:55:48.567 9 INFO neutron.wsgi [None req-3ccf7f13-dd44-435d-9a16-1a770bf0c31d 56172e8c90ef45059602b768e6b9d171 fac1150d86bd43b48062b71e86218f90 - - default default] 10.0.0.101 "GET /v2.0/security-groups?tenant_id=08a27c8458bf4744b834629f7d2e422d&name=default HTTP/1.1" status: 200 len: 2996 time: 0.2416875
2026-04-28 08:55:48.612 9 INFO neutron.wsgi [None req-eef52bf3-de60-408f-8166-dbb367516ec6 56172e8c90ef45059602b768e6b9d171 fac1150d86bd43b48062b71e86218f90 - - default default] 10.0.0.101 "DELETE /v2.0/security-groups/4738c2d1-f5ff-4609-9a9c-8049c067a847 HTTP/1.1" status: 204 len: 168 time: 0.2459559
2026-04-28 08:55:48.769 9 INFO neutron.wsgi [None req-c78b1f97-8536-4007-b789-a80c287afbbc 56172e8c90ef45059602b768e6b9d171 fac1150d86bd43b48062b71e86218f90 - - default default] 10.0.0.101 "DELETE /v2.0/security-groups/6b869bdb-0c0d-4717-b564-4f853de50a4c HTTP/1.1" status: 204 len: 168 time: 0.1954565
2026-04-28 08:55:48.932 10 INFO neutron.db.ovn_revision_numbers_db [None req-73782cc9-71b2-4756-a4bb-984b48299ae1 56172e8c90ef45059602b768e6b9d171 fac1150d86bd43b48062b71e86218f90 - - default default] Successfully bumped revision number for resource 5b5e4611-d19e-4b4d-8529-c3239aa0556a (type: security_groups) to 1
2026-04-28 08:55:48.945 10 INFO neutron.db.ovn_revision_numbers_db [None req-73782cc9-71b2-4756-a4bb-984b48299ae1 56172e8c90ef45059602b768e6b9d171 fac1150d86bd43b48062b71e86218f90 - - default default] Successfully bumped revision number for resource 326a1038-ff81-423d-8f3b-b0be32a03e20 (type: security_group_rules) to 0
2026-04-28 08:55:48.962 10 INFO neutron.db.ovn_revision_numbers_db [None req-73782cc9-71b2-4756-a4bb-984b48299ae1 56172e8c90ef45059602b768e6b9d171 fac1150d86bd43b48062b71e86218f90 - - default default] Successfully bumped revision number for resource b36ec1f6-cfb2-4bed-b350-21e0bae67a6c (type: security_group_rules) to 0
2026-04-28 08:55:48.977 10 INFO neutron.db.ovn_revision_numbers_db [None req-73782cc9-71b2-4756-a4bb-984b48299ae1 56172e8c90ef45059602b768e6b9d171 fac1150d86bd43b48062b71e86218f90 - - default default] Successfully bumped revision number for resource b887aaef-6640-4e4e-986d-b81fc1938b22 (type: security_group_rules) to 0
2026-04-28 08:55:48.981 9 INFO neutron.wsgi [None req-3d06bbbc-3d48-4809-83a5-4c60c15c8fb6 56172e8c90ef45059602b768e6b9d171 fac1150d86bd43b48062b71e86218f90 - - default default] 10.0.0.101 "GET /v2.0/security-groups?tenant_id=7a46301582e34af2bd98cfd1402e698d&name=default HTTP/1.1" status: 200 len: 2996 time: 0.0439351
2026-04-28 08:55:49.003 10 INFO neutron.db.ovn_revision_numbers_db [None req-73782cc9-71b2-4756-a4bb-984b48299ae1 56172e8c90ef45059602b768e6b9d171 fac1150d86bd43b48062b71e86218f90 - - default default] Successfully bumped revision number for resource e0e20899-3fdf-4101-a3bb-19ab80121fe3 (type: security_group_rules) to 0
2026-04-28 08:55:49.044 10 INFO neutron.wsgi [None req-73782cc9-71b2-4756-a4bb-984b48299ae1 56172e8c90ef45059602b768e6b9d171 fac1150d86bd43b48062b71e86218f90 - - default default] 10.0.0.101 "GET /v2.0/security-groups?tenant_id=06a0a14a3c444c67a064c6ef0b584f10&name=default HTTP/1.1" status: 200 len: 2996 time: 0.2295778
2026-04-28 08:55:49.235 9 INFO neutron.wsgi [None req-316e5894-d64e-4591-abc4-f3c622d902c9 56172e8c90ef45059602b768e6b9d171 fac1150d86bd43b48062b71e86218f90 - - default default] 10.0.0.101 "DELETE /v2.0/security-groups/2e756575-e9e9-405a-9139-869b1c251afb HTTP/1.1" status: 204 len: 168 time: 0.2468457
2026-04-28 08:55:49.298 10 INFO neutron.wsgi [None req-5cf42f62-87fc-4af0-b1f9-51bc2e16553f 56172e8c90ef45059602b768e6b9d171 fac1150d86bd43b48062b71e86218f90 - - default default] 10.0.0.101 "DELETE /v2.0/security-groups/5b5e4611-d19e-4b4d-8529-c3239aa0556a HTTP/1.1" status: 204 len: 168 time: 0.2465785
2026-04-28 08:55:49.318 10 INFO neutron.wsgi [-] 10.0.0.12 "GET / HTTP/1.1" status: 200 len: 246 time: 0.0014977
2026-04-28 08:55:49.320 9 INFO neutron.wsgi [-] 10.0.0.12 "GET / HTTP/1.1" status: 200 len: 246 time: 0.0033181
2026-04-28 08:55:49.842 9 INFO neutron.db.ovn_revision_numbers_db [None req-8c0441fd-4fb1-40b0-a48e-40922b4a8664 56172e8c90ef45059602b768e6b9d171 fac1150d86bd43b48062b71e86218f90 - - default default] Successfully bumped revision number for resource a3c5ca2d-d31e-49e6-97cd-c6e4af1b357f (type: security_groups) to 1
2026-04-28 08:55:49.858 9 INFO neutron.db.ovn_revision_numbers_db [None req-8c0441fd-4fb1-40b0-a48e-40922b4a8664 56172e8c90ef45059602b768e6b9d171 fac1150d86bd43b48062b71e86218f90 - - default default] Successfully bumped revision number for resource 207113eb-1fac-4351-a9d8-439bed580d5e (type: security_group_rules) to 0
2026-04-28 08:55:49.872 9 INFO neutron.db.ovn_revision_numbers_db [None req-8c0441fd-4fb1-40b0-a48e-40922b4a8664 56172e8c90ef45059602b768e6b9d171 fac1150d86bd43b48062b71e86218f90 - - default default] Successfully bumped revision number for resource 48a10be3-f4fb-4cae-993e-a4d92c7a2683 (type: security_group_rules) to 0
2026-04-28 08:55:49.888 9 INFO neutron.db.ovn_revision_numbers_db [None req-8c0441fd-4fb1-40b0-a48e-40922b4a8664 56172e8c90ef45059602b768e6b9d171 fac1150d86bd43b48062b71e86218f90 - - default default] Successfully bumped revision number for resource e6a352fe-71be-4c36-8cfe-0c846b3b50ab (type: security_group_rules) to 0
2026-04-28 08:55:49.902 9 INFO neutron.db.ovn_revision_numbers_db [None req-8c0441fd-4fb1-40b0-a48e-40922b4a8664 56172e8c90ef45059602b768e6b9d171 fac1150d86bd43b48062b71e86218f90 - - default default] Successfully bumped revision number for resource f08b03fc-1813-4a6f-89a7-63ebbdb385cd (type: security_group_rules) to 0
2026-04-28 08:55:49.924 9 INFO neutron.wsgi [None req-8c0441fd-4fb1-40b0-a48e-40922b4a8664 56172e8c90ef45059602b768e6b9d171 fac1150d86bd43b48062b71e86218f90 - - default default] 10.0.0.101 "GET /v2.0/security-groups?tenant_id=77459c377231487193280f8c864d829d&name=default HTTP/1.1" status: 200 len: 2996 time: 0.3068385
2026-04-28 08:55:50.129 9 INFO neutron.wsgi [None req-74086932-c6a5-4e17-853a-a3a2f4356e0b 56172e8c90ef45059602b768e6b9d171 fac1150d86bd43b48062b71e86218f90 - - default default] 10.0.0.101 "DELETE /v2.0/security-groups/a3c5ca2d-d31e-49e6-97cd-c6e4af1b357f HTTP/1.1" status: 204 len: 168 time: 0.1977420
2026-04-28 08:55:50.346 10 INFO neutron.db.ovn_revision_numbers_db [None req-7cac7a8e-bc1d-4658-8dc2-ab967be4eb4c 56172e8c90ef45059602b768e6b9d171 fac1150d86bd43b48062b71e86218f90 - - default default] Successfully bumped revision number for resource c4a11141-afb8-4def-a47e-efa6644fd97d (type: security_groups) to 1
2026-04-28 08:55:50.360 10 INFO neutron.db.ovn_revision_numbers_db [None req-7cac7a8e-bc1d-4658-8dc2-ab967be4eb4c 56172e8c90ef45059602b768e6b9d171 fac1150d86bd43b48062b71e86218f90 - - default default] Successfully bumped revision number for resource 0c86f380-481e-4344-a266-92b88e556659 (type: security_group_rules) to 0
2026-04-28 08:55:50.373 10 INFO neutron.db.ovn_revision_numbers_db [None req-7cac7a8e-bc1d-4658-8dc2-ab967be4eb4c 56172e8c90ef45059602b768e6b9d171 fac1150d86bd43b48062b71e86218f90 - - default default] Successfully bumped revision number for resource 81f94ba4-6363-42df-bcd4-669693c1a90e (type: security_group_rules) to 0
2026-04-28 08:55:50.387 10 INFO neutron.db.ovn_revision_numbers_db [None req-7cac7a8e-bc1d-4658-8dc2-ab967be4eb4c 56172e8c90ef45059602b768e6b9d171 fac1150d86bd43b48062b71e86218f90 - - default default] Successfully bumped revision number for resource 95ff0573-d997-44a6-95f7-6a19c00fd240 (type: security_group_rules) to 0
2026-04-28 08:55:50.404 10 INFO neutron.db.ovn_revision_numbers_db [None req-7cac7a8e-bc1d-4658-8dc2-ab967be4eb4c 56172e8c90ef45059602b768e6b9d171 fac1150d86bd43b48062b71e86218f90 - - default default] Successfully bumped revision number for resource b90c36b2-3549-4862-87ef-06406f18f4b4 (type: security_group_rules) to 0
2026-04-28 08:55:50.433 10 INFO neutron.wsgi [None req-7cac7a8e-bc1d-4658-8dc2-ab967be4eb4c 56172e8c90ef45059602b768e6b9d171 fac1150d86bd43b48062b71e86218f90 - - default default] 10.0.0.101 "GET /v2.0/security-groups?tenant_id=40a149475503436eb7b18570f3cf283e&name=default HTTP/1.1" status: 200 len: 2996 time: 0.1973045
2026-04-28 08:55:50.621 10 INFO neutron.wsgi [None req-bd493f8a-9a84-4ffb-9e2a-e6ce60760474 56172e8c90ef45059602b768e6b9d171 fac1150d86bd43b48062b71e86218f90 - - default default] 10.0.0.101 "DELETE /v2.0/security-groups/c4a11141-afb8-4def-a47e-efa6644fd97d HTTP/1.1" status: 204 len: 168 time: 0.1838174
2026-04-28 08:55:52.748 9 INFO neutron.wsgi [None req-46d8a9ee-11c3-4106-93fc-6151449dec6d e5e0cb5c819b4adfade1e4196113b9d6 9a53453b94724dfcbd5fbce1d8489e75 - - default default] 10.0.0.101 "POST /v2.0/qos/policies HTTP/1.1" status: 201 len: 558 time: 0.2823710
2026-04-28 08:55:52.801 10 INFO neutron.wsgi [None req-95396b5e-f98c-44d7-afd4-8e970252980e e5e0cb5c819b4adfade1e4196113b9d6 9a53453b94724dfcbd5fbce1d8489e75 - - default default] 10.0.0.101 "PUT /v2.0/policies/934e1784-3b15-498c-83ec-b94b0728f6b7/tags HTTP/1.1" status: 200 len: 218 time: 0.0461969
2026-04-28 08:55:52.824 10 INFO neutron.wsgi [None req-22c607a2-df12-4f00-8902-97f4d8ec0b57 e5e0cb5c819b4adfade1e4196113b9d6 9a53453b94724dfcbd5fbce1d8489e75 - - default default] 10.0.0.101 "GET /v2.0/policies/934e1784-3b15-498c-83ec-b94b0728f6b7/tags HTTP/1.1" status: 200 len: 218 time: 0.0158238
2026-04-28 08:55:52.854 10 INFO neutron.wsgi [None req-7c2ead45-a70e-46ca-8c65-e1197d509653 e5e0cb5c819b4adfade1e4196113b9d6 9a53453b94724dfcbd5fbce1d8489e75 - - default default] 10.0.0.101 "PUT /v2.0/policies/934e1784-3b15-498c-83ec-b94b0728f6b7/tags/green HTTP/1.1" status: 201 len: 201 time: 0.0246878
2026-04-28 08:55:52.872 10 INFO neutron.wsgi [None req-008d36d3-2cb4-46c4-b79e-6b5cfab51234 e5e0cb5c819b4adfade1e4196113b9d6 9a53453b94724dfcbd5fbce1d8489e75 - - default default] 10.0.0.101 "GET /v2.0/policies/934e1784-3b15-498c-83ec-b94b0728f6b7/tags HTTP/1.1" status: 200 len: 227 time: 0.0144486
2026-04-28 08:55:52.893 10 INFO neutron.wsgi [None req-09db55e0-b02a-4313-b4c6-c0e2a44ecf61 e5e0cb5c819b4adfade1e4196113b9d6 9a53453b94724dfcbd5fbce1d8489e75 - - default default] 10.0.0.101 "PUT /v2.0/policies/934e1784-3b15-498c-83ec-b94b0728f6b7/tags/red HTTP/1.1" status: 201 len: 201 time: 0.0147455
2026-04-28 08:55:52.912 10 INFO neutron.wsgi [None req-7c5585a8-0ccd-454d-a96c-94bda99f9ced e5e0cb5c819b4adfade1e4196113b9d6 9a53453b94724dfcbd5fbce1d8489e75 - - default default] 10.0.0.101 "GET /v2.0/policies/934e1784-3b15-498c-83ec-b94b0728f6b7/tags HTTP/1.1" status: 200 len: 227 time: 0.0136640
2026-04-28 08:55:52.944 9 INFO neutron.wsgi [None req-b5148277-fc3a-4c50-a04d-f114b21585e0 e5e0cb5c819b4adfade1e4196113b9d6 9a53453b94724dfcbd5fbce1d8489e75 - - default default] 10.0.0.101 "PUT /v2.0/policies/934e1784-3b15-498c-83ec-b94b0728f6b7/tags/black.or.white HTTP/1.1" status: 201 len: 201 time: 0.0254226
2026-04-28 08:55:52.963 10 INFO neutron.wsgi [None req-994e5ccf-a109-4425-9d66-b2a17c77ec02 e5e0cb5c819b4adfade1e4196113b9d6 9a53453b94724dfcbd5fbce1d8489e75 - - default default] 10.0.0.101 "GET /v2.0/policies/934e1784-3b15-498c-83ec-b94b0728f6b7/tags HTTP/1.1" status: 200 len: 245 time: 0.0151010
2026-04-28 08:55:52.993 10 INFO neutron.wsgi [None req-6868b270-8592-4a9e-808e-f10f17955c74 e5e0cb5c819b4adfade1e4196113b9d6 9a53453b94724dfcbd5fbce1d8489e75 - - default default] 10.0.0.101 "PUT /v2.0/policies/934e1784-3b15-498c-83ec-b94b0728f6b7/tags HTTP/1.1" status: 200 len: 230 time: 0.0247359
2026-04-28 08:55:53.015 10 INFO neutron.wsgi [None req-9ff5514f-eaaf-4273-98df-b0d1bcf3d0b0 e5e0cb5c819b4adfade1e4196113b9d6 9a53453b94724dfcbd5fbce1d8489e75 - - default default] 10.0.0.101 "GET /v2.0/policies/934e1784-3b15-498c-83ec-b94b0728f6b7/tags HTTP/1.1" status: 200 len: 230 time: 0.0155675
2026-04-28 08:55:53.035 10 INFO neutron.wsgi [None req-95b708e2-b221-4410-9fd7-be196b11f1b3 e5e0cb5c819b4adfade1e4196113b9d6 9a53453b94724dfcbd5fbce1d8489e75 - - default default] 10.0.0.101 "GET /v2.0/policies/934e1784-3b15-498c-83ec-b94b0728f6b7/tags/red HTTP/1.1" status: 204 len: 168 time: 0.0160091
2026-04-28 08:55:53.047 9 INFO neutron.db.ovn_revision_numbers_db [None req-cfb782a3-0e09-45b3-a8a9-2996413e2ea3 56172e8c90ef45059602b768e6b9d171 fac1150d86bd43b48062b71e86218f90 - - default default] Successfully bumped revision number for resource 78f8ab40-7154-4ddf-9a62-f9ba81a71d9f (type: security_groups) to 1
2026-04-28 08:55:53.051 10 INFO neutron.api.v2.resource [None req-07a0a5e6-0a44-40b4-866d-f042aac9bcdf e5e0cb5c819b4adfade1e4196113b9d6 9a53453b94724dfcbd5fbce1d8489e75 - - default default] show failed (client error): The resource could not be found.
2026-04-28 08:55:53.053 10 INFO neutron.wsgi [None req-07a0a5e6-0a44-40b4-866d-f042aac9bcdf e5e0cb5c819b4adfade1e4196113b9d6 9a53453b94724dfcbd5fbce1d8489e75 - - default default] 10.0.0.101 "GET /v2.0/policies/934e1784-3b15-498c-83ec-b94b0728f6b7/tags/green HTTP/1.1" status: 404 len: 299 time: 0.0138047
2026-04-28 08:55:53.060 9 INFO neutron.db.ovn_revision_numbers_db [None req-cfb782a3-0e09-45b3-a8a9-2996413e2ea3 56172e8c90ef45059602b768e6b9d171 fac1150d86bd43b48062b71e86218f90 - - default default] Successfully bumped revision number for resource 7156d49d-1887-4fee-bb80-7178d282cb81 (type: security_group_rules) to 0
2026-04-28 08:55:53.074 9 INFO neutron.db.ovn_revision_numbers_db [None req-cfb782a3-0e09-45b3-a8a9-2996413e2ea3 56172e8c90ef45059602b768e6b9d171 fac1150d86bd43b48062b71e86218f90 - - default default] Successfully bumped revision number for resource 913aa4c4-d492-4f1d-afee-ab75094c490a (type: security_group_rules) to 0
2026-04-28 08:55:53.079 10 INFO neutron.wsgi [None req-c7136ec9-e01b-4671-953e-6102e8dcb87a e5e0cb5c819b4adfade1e4196113b9d6 9a53453b94724dfcbd5fbce1d8489e75 - - default default] 10.0.0.101 "DELETE /v2.0/policies/934e1784-3b15-498c-83ec-b94b0728f6b7/tags/red HTTP/1.1" status: 204 len: 168 time: 0.0217657
2026-04-28 08:55:53.087 9 INFO neutron.db.ovn_revision_numbers_db [None req-cfb782a3-0e09-45b3-a8a9-2996413e2ea3 56172e8c90ef45059602b768e6b9d171 fac1150d86bd43b48062b71e86218f90 - - default default] Successfully bumped revision number for resource afff7c55-b5fc-4069-8231-8abfea709111 (type: security_group_rules) to 0
2026-04-28 08:55:53.097 10 INFO neutron.wsgi [None req-2d919df3-a8b1-446f-8a0a-0a5b316f7c1e e5e0cb5c819b4adfade1e4196113b9d6 9a53453b94724dfcbd5fbce1d8489e75 - - default default] 10.0.0.101 "GET /v2.0/policies/934e1784-3b15-498c-83ec-b94b0728f6b7/tags HTTP/1.1" status: 200 len: 223 time: 0.0126402
2026-04-28 08:55:53.101 9 INFO neutron.db.ovn_revision_numbers_db [None req-cfb782a3-0e09-45b3-a8a9-2996413e2ea3 56172e8c90ef45059602b768e6b9d171 fac1150d86bd43b48062b71e86218f90 - - default default] Successfully bumped revision number for resource b0f99202-c34a-4103-96e4-b5bc2fc3e9cf (type: security_group_rules) to 0
2026-04-28 08:55:53.127 10 INFO neutron.api.v2.resource [None req-63814ddf-4176-4649-9a64-be768c72582b e5e0cb5c819b4adfade1e4196113b9d6 9a53453b94724dfcbd5fbce1d8489e75 - - default default] delete failed (client error): The resource could not be found.
2026-04-28 08:55:53.128 10 INFO neutron.wsgi [None req-63814ddf-4176-4649-9a64-be768c72582b e5e0cb5c819b4adfade1e4196113b9d6 9a53453b94724dfcbd5fbce1d8489e75 - - default default] 10.0.0.101 "DELETE /v2.0/policies/934e1784-3b15-498c-83ec-b94b0728f6b7/tags/green HTTP/1.1" status: 404 len: 299 time: 0.0255806
2026-04-28 08:55:53.128 9 INFO neutron.wsgi [None req-cfb782a3-0e09-45b3-a8a9-2996413e2ea3 56172e8c90ef45059602b768e6b9d171 fac1150d86bd43b48062b71e86218f90 - - default default] 10.0.0.101 "GET /v2.0/security-groups?tenant_id=4f10bcf5d1e34459b1f6452a61cf70ef&name=default HTTP/1.1" status: 200 len: 2996 time: 0.2288089
2026-04-28 08:55:53.183 10 INFO neutron.wsgi [None req-bd9d8abb-401f-41d1-92c4-31f42680168d e5e0cb5c819b4adfade1e4196113b9d6 9a53453b94724dfcbd5fbce1d8489e75 - - default default] 10.0.0.101 "DELETE /v2.0/policies/934e1784-3b15-498c-83ec-b94b0728f6b7/tags HTTP/1.1" status: 204 len: 168 time: 0.0487881
2026-04-28 08:55:53.206 9 INFO neutron.wsgi [None req-419a8d82-a3a7-463d-8771-e02e1aac79e4 e5e0cb5c819b4adfade1e4196113b9d6 9a53453b94724dfcbd5fbce1d8489e75 - - default default] 10.0.0.101 "GET /v2.0/policies/934e1784-3b15-498c-83ec-b94b0728f6b7/tags HTTP/1.1" status: 200 len: 205 time: 0.0155921
2026-04-28 08:55:53.269 9 INFO neutron.wsgi [None req-78d5ca08-9ad4-46c9-9c58-572d10f0a03b e5e0cb5c819b4adfade1e4196113b9d6 9a53453b94724dfcbd5fbce1d8489e75 - - default default] 10.0.0.101 "DELETE /v2.0/qos/policies/934e1784-3b15-498c-83ec-b94b0728f6b7 HTTP/1.1" status: 204 len: 168 time: 0.0544884
2026-04-28 08:55:53.345 10 INFO neutron.wsgi [None req-c8bbd44f-d532-4b32-b7ca-0fe486e1075f 56172e8c90ef45059602b768e6b9d171 fac1150d86bd43b48062b71e86218f90 - - default default] 10.0.0.101 "DELETE /v2.0/security-groups/78f8ab40-7154-4ddf-9a62-f9ba81a71d9f HTTP/1.1" status: 204 len: 168 time: 0.2113545
2026-04-28 08:55:54.132 10 INFO neutron.db.ovn_revision_numbers_db [None req-60c392b7-f1de-4164-82db-f2358af92813 56172e8c90ef45059602b768e6b9d171 fac1150d86bd43b48062b71e86218f90 - - default default] Successfully bumped revision number for resource 1053c316-bccb-43a0-84d0-60a326d29248 (type: security_groups) to 1
2026-04-28 08:55:54.146 10 INFO neutron.db.ovn_revision_numbers_db [None req-60c392b7-f1de-4164-82db-f2358af92813 56172e8c90ef45059602b768e6b9d171 fac1150d86bd43b48062b71e86218f90 - - default default] Successfully bumped revision number for resource 2697c793-4c46-41de-822e-b3e86be8b527 (type: security_group_rules) to 0
2026-04-28 08:55:54.167 10 INFO neutron.db.ovn_revision_numbers_db [None req-60c392b7-f1de-4164-82db-f2358af92813 56172e8c90ef45059602b768e6b9d171 fac1150d86bd43b48062b71e86218f90 - - default default] Successfully bumped revision number for resource 535af9f6-64f1-4b20-bfe1-a0bafdfe322a (type: security_group_rules) to 0
2026-04-28 08:55:54.182 10 INFO neutron.db.ovn_revision_numbers_db [None req-60c392b7-f1de-4164-82db-f2358af92813 56172e8c90ef45059602b768e6b9d171 fac1150d86bd43b48062b71e86218f90 - - default default] Successfully bumped revision number for resource 82e7369f-5440-4dc4-892b-3ae7012bdaa3 (type: security_group_rules) to 0
2026-04-28 08:55:54.213 10 INFO neutron.db.ovn_revision_numbers_db [None req-60c392b7-f1de-4164-82db-f2358af92813 56172e8c90ef45059602b768e6b9d171 fac1150d86bd43b48062b71e86218f90 - - default default] Successfully bumped revision number for resource ee85eb7a-314f-4248-8283-6630daaac580 (type: security_group_rules) to 0
2026-04-28 08:55:54.240 10 INFO neutron.wsgi [None req-60c392b7-f1de-4164-82db-f2358af92813 56172e8c90ef45059602b768e6b9d171 fac1150d86bd43b48062b71e86218f90 - - default default] 10.0.0.101 "GET /v2.0/security-groups?tenant_id=9a53453b94724dfcbd5fbce1d8489e75&name=default HTTP/1.1" status: 200 len: 2996 time: 0.3691497
2026-04-28 08:55:54.500 10 INFO neutron.wsgi [None req-526fdf6b-2093-4ccc-8ade-6388324cd568 56172e8c90ef45059602b768e6b9d171 fac1150d86bd43b48062b71e86218f90 - - default default] 10.0.0.101 "DELETE /v2.0/security-groups/1053c316-bccb-43a0-84d0-60a326d29248 HTTP/1.1" status: 204 len: 168 time: 0.2534916
2026-04-28 08:55:54.737 9 INFO neutron.db.ovn_revision_numbers_db [None req-2d25f6a2-ef28-4bfe-acf9-f58e6109c2ff 56172e8c90ef45059602b768e6b9d171 fac1150d86bd43b48062b71e86218f90 - - default default] Successfully bumped revision number for resource 126de001-677c-4915-9d55-d6ff362d1745 (type: security_groups) to 1
2026-04-28 08:55:54.754 9 INFO neutron.db.ovn_revision_numbers_db [None req-2d25f6a2-ef28-4bfe-acf9-f58e6109c2ff 56172e8c90ef45059602b768e6b9d171 fac1150d86bd43b48062b71e86218f90 - - default default] Successfully bumped revision number for resource 05f8a34b-8399-40a5-8489-1b9a3ff9c782 (type: security_group_rules) to 0
2026-04-28 08:55:54.779 9 INFO neutron.db.ovn_revision_numbers_db [None req-2d25f6a2-ef28-4bfe-acf9-f58e6109c2ff 56172e8c90ef45059602b768e6b9d171 fac1150d86bd43b48062b71e86218f90 - - default default] Successfully bumped revision number for resource 13b0cd23-7b0a-4d40-9380-9d4d070f99b1 (type: security_group_rules) to 0
2026-04-28 08:55:54.801 9 INFO neutron.db.ovn_revision_numbers_db [None req-2d25f6a2-ef28-4bfe-acf9-f58e6109c2ff 56172e8c90ef45059602b768e6b9d171 fac1150d86bd43b48062b71e86218f90 - - default default] Successfully bumped revision number for resource 53c7bca6-d68e-4fe2-a8ab-bfe20a1c6314 (type: security_group_rules) to 0
2026-04-28 08:55:54.823 9 INFO neutron.db.ovn_revision_numbers_db [None req-2d25f6a2-ef28-4bfe-acf9-f58e6109c2ff 56172e8c90ef45059602b768e6b9d171 fac1150d86bd43b48062b71e86218f90 - - default default] Successfully bumped revision number for resource f6af0522-8849-47ec-8d86-6faf5bbe01ff (type: security_group_rules) to 0
2026-04-28 08:55:54.844 9 INFO neutron.wsgi [None req-2d25f6a2-ef28-4bfe-acf9-f58e6109c2ff 56172e8c90ef45059602b768e6b9d171 fac1150d86bd43b48062b71e86218f90 - - default default] 10.0.0.101 "GET /v2.0/security-groups?tenant_id=9394307ba4914e99b7f7f84cbf711a4e&name=default HTTP/1.1" status: 200 len: 2996 time: 0.2138557
2026-04-28 08:55:55.046 9 INFO neutron.wsgi [None req-c6acb9e3-3df5-4503-a34c-88c818c5d5b4 56172e8c90ef45059602b768e6b9d171 fac1150d86bd43b48062b71e86218f90 - - default default] 10.0.0.101 "DELETE /v2.0/security-groups/126de001-677c-4915-9d55-d6ff362d1745 HTTP/1.1" status: 204 len: 168 time: 0.1947093
2026-04-28 08:55:55.600 10 INFO neutron.db.ovn_revision_numbers_db [None req-2424006f-24b2-4b2d-b87a-87978405088f 56172e8c90ef45059602b768e6b9d171 fac1150d86bd43b48062b71e86218f90 - - default default] Successfully bumped revision number for resource b682f05d-fb05-489e-a51a-a994f9400535 (type: security_groups) to 1
2026-04-28 08:55:55.615 10 INFO neutron.db.ovn_revision_numbers_db [None req-2424006f-24b2-4b2d-b87a-87978405088f 56172e8c90ef45059602b768e6b9d171 fac1150d86bd43b48062b71e86218f90 - - default default] Successfully bumped revision number for resource 882cbe5f-706f-44ca-a85d-c92b3d7d1773 (type: security_group_rules) to 0
2026-04-28 08:55:55.633 10 INFO neutron.db.ovn_revision_numbers_db [None req-2424006f-24b2-4b2d-b87a-87978405088f 56172e8c90ef45059602b768e6b9d171 fac1150d86bd43b48062b71e86218f90 - - default default] Successfully bumped revision number for resource ad066c6e-9393-4910-ac03-a13dc204954b (type: security_group_rules) to 0
2026-04-28 08:55:55.650 10 INFO neutron.db.ovn_revision_numbers_db [None req-2424006f-24b2-4b2d-b87a-87978405088f 56172e8c90ef45059602b768e6b9d171 fac1150d86bd43b48062b71e86218f90 - - default default] Successfully bumped revision number for resource c7b0d914-0eb7-4f65-ab40-498812aa38c6 (type: security_group_rules) to 0
2026-04-28 08:55:55.665 10 INFO neutron.db.ovn_revision_numbers_db [None req-2424006f-24b2-4b2d-b87a-87978405088f 56172e8c90ef45059602b768e6b9d171 fac1150d86bd43b48062b71e86218f90 - - default default] Successfully bumped revision number for resource f4a83a42-94af-4877-b4b3-6c983696e199 (type: security_group_rules) to 0
2026-04-28 08:55:55.721 10 INFO neutron.db.segments_db [None req-2424006f-24b2-4b2d-b87a-87978405088f 56172e8c90ef45059602b768e6b9d171 fac1150d86bd43b48062b71e86218f90 - - default default] Added segment 3870d018-41be-43c3-94ed-6345f1fa0388 of type geneve for network 60aeb5df-afbc-4fdd-96e6-b948dd4c6fd9
2026-04-28 08:55:55.887 10 INFO neutron.db.ovn_revision_numbers_db [None req-2424006f-24b2-4b2d-b87a-87978405088f 56172e8c90ef45059602b768e6b9d171 fac1150d86bd43b48062b71e86218f90 - - default default] Successfully bumped revision number for resource 60aeb5df-afbc-4fdd-96e6-b948dd4c6fd9 (type: networks) to 1
2026-04-28 08:55:56.066 10 WARNING neutron.scheduler.dhcp_agent_scheduler [None req-2424006f-24b2-4b2d-b87a-87978405088f 56172e8c90ef45059602b768e6b9d171 fac1150d86bd43b48062b71e86218f90 - - default default] No more DHCP agents
2026-04-28 08:55:56.069 10 WARNING neutron.api.rpc.agentnotifiers.dhcp_rpc_agent_api [None req-2424006f-24b2-4b2d-b87a-87978405088f 56172e8c90ef45059602b768e6b9d171 fac1150d86bd43b48062b71e86218f90 - - default default] Unable to schedule network 60aeb5df-afbc-4fdd-96e6-b948dd4c6fd9: no agents available; will retry on subsequent port and subnet creation events.
2026-04-28 08:55:56.171 10 INFO neutron.db.ovn_revision_numbers_db [None req-2424006f-24b2-4b2d-b87a-87978405088f 56172e8c90ef45059602b768e6b9d171 fac1150d86bd43b48062b71e86218f90 - - default default] Successfully bumped revision number for resource ba0b7647-0ea5-4f72-850b-796b373728df (type: ports) to 1
2026-04-28 08:55:56.196 10 INFO neutron.wsgi [None req-2424006f-24b2-4b2d-b87a-87978405088f 56172e8c90ef45059602b768e6b9d171 fac1150d86bd43b48062b71e86218f90 - - default default] 10.0.0.101 "POST /v2.0/networks HTTP/1.1" status: 201 len: 941 time: 0.9734638
2026-04-28 08:55:56.358 9 WARNING neutron.scheduler.dhcp_agent_scheduler [None req-d961c4b2-78ac-4869-8144-c927d078eabf 56172e8c90ef45059602b768e6b9d171 fac1150d86bd43b48062b71e86218f90 - - default default] No more DHCP agents
2026-04-28 08:55:56.360 9 WARNING neutron.api.rpc.agentnotifiers.dhcp_rpc_agent_api [None req-d961c4b2-78ac-4869-8144-c927d078eabf 56172e8c90ef45059602b768e6b9d171 fac1150d86bd43b48062b71e86218f90 - - default default] Unable to schedule network 60aeb5df-afbc-4fdd-96e6-b948dd4c6fd9: no agents available; will retry on subsequent port and subnet creation events.
2026-04-28 08:55:57.223 9 INFO neutron.db.ovn_revision_numbers_db [None req-d961c4b2-78ac-4869-8144-c927d078eabf 56172e8c90ef45059602b768e6b9d171 fac1150d86bd43b48062b71e86218f90 - - default default] Successfully bumped revision number for resource ba0b7647-0ea5-4f72-850b-796b373728df (type: ports) to 2
2026-04-28 08:55:57.259 9 INFO neutron.db.ovn_revision_numbers_db [None req-d961c4b2-78ac-4869-8144-c927d078eabf 56172e8c90ef45059602b768e6b9d171 fac1150d86bd43b48062b71e86218f90 - - default default] Successfully bumped revision number for resource 08cea170-27a3-415c-b83b-28bf020a5d7b (type: subnets) to 0
2026-04-28 08:55:57.275 9 INFO neutron.wsgi [None req-d961c4b2-78ac-4869-8144-c927d078eabf 56172e8c90ef45059602b768e6b9d171 fac1150d86bd43b48062b71e86218f90 - - default default] 10.0.0.101 "POST /v2.0/subnets HTTP/1.1" status: 201 len: 861 time: 1.0730526
2026-04-28 08:55:57.765 9 WARNING neutron.scheduler.dhcp_agent_scheduler [None req-f2e7b766-f7b9-46a9-8881-3e6950197820 56172e8c90ef45059602b768e6b9d171 fac1150d86bd43b48062b71e86218f90 - - default default] No more DHCP agents
2026-04-28 08:55:57.767 9 WARNING neutron.api.rpc.agentnotifiers.dhcp_rpc_agent_api [None req-f2e7b766-f7b9-46a9-8881-3e6950197820 56172e8c90ef45059602b768e6b9d171 fac1150d86bd43b48062b71e86218f90 - - default default] Unable to schedule network e419bf3e-e073-4dc2-adef-16fff092c040: no agents available; will retry on subsequent port and subnet creation events.
2026-04-28 08:55:57.964 9 INFO neutron.db.ovn_revision_numbers_db [None req-f2e7b766-f7b9-46a9-8881-3e6950197820 56172e8c90ef45059602b768e6b9d171 fac1150d86bd43b48062b71e86218f90 - - default default] Successfully bumped revision number for resource e2278428-a878-48a4-acef-ad6f2be1a9c3 (type: ports) to 1
2026-04-28 08:55:58.629 10 INFO neutron.plugins.ml2.drivers.ovn.mech_driver.mech_driver [None req-f510634f-91cc-4364-8747-c1e950e212a6 - - - - - -] OVN reports status up for port: e2278428-a878-48a4-acef-ad6f2be1a9c3
2026-04-28 08:55:58.653 9 INFO neutron.plugins.ml2.drivers.ovn.mech_driver.ovsdb.ovsdb_monitor [None req-625b023f-3cdc-4978-bb81-829ef6998e31 - - - - - -] Router e13f556d-f789-4e37-84a9-a0a8a349a799 is bound to host instance
2026-04-28 08:55:58.654 10 INFO neutron.plugins.ml2.plugin [None req-f510634f-91cc-4364-8747-c1e950e212a6 - - - - - -] Attempt 1 to provision port e2278428-a878-48a4-acef-ad6f2be1a9c3
2026-04-28 08:55:58.668 10 INFO neutron.db.ovn_revision_numbers_db [None req-b06ff7c8-9399-45ea-957d-47cb5c886506 d99497423cae42c5af5ba148cd2b26d2 0f52b6c259f2457c986fc463ab289713 - - default default] Successfully bumped revision number for resource 6bc1606c-9058-45e4-b6a6-9718b8ad6036 (type: security_groups) to 1
2026-04-28 08:55:58.693 10 INFO neutron.db.ovn_revision_numbers_db [None req-b06ff7c8-9399-45ea-957d-47cb5c886506 d99497423cae42c5af5ba148cd2b26d2 0f52b6c259f2457c986fc463ab289713 - - default default] Successfully bumped revision number for resource c896cdc5-6d5c-4939-8094-c72708207625 (type: security_group_rules) to 0
2026-04-28 08:55:58.707 10 INFO neutron.db.ovn_revision_numbers_db [None req-b06ff7c8-9399-45ea-957d-47cb5c886506 d99497423cae42c5af5ba148cd2b26d2 0f52b6c259f2457c986fc463ab289713 - - default default] Successfully bumped revision number for resource d1d0a0b5-d922-4e2c-8d42-04a10934fa42 (type: security_group_rules) to 0
2026-04-28 08:55:58.710 9 INFO neutron.db.ovn_revision_numbers_db [None req-f2e7b766-f7b9-46a9-8881-3e6950197820 56172e8c90ef45059602b768e6b9d171 fac1150d86bd43b48062b71e86218f90 - - default default] Successfully bumped revision number for resource e2278428-a878-48a4-acef-ad6f2be1a9c3 (type: router_ports) to 1
2026-04-28 08:55:58.732 10 INFO neutron.db.ovn_revision_numbers_db [None req-b06ff7c8-9399-45ea-957d-47cb5c886506 d99497423cae42c5af5ba148cd2b26d2 0f52b6c259f2457c986fc463ab289713 - - default default] Successfully bumped revision number for resource e9143920-f554-4a92-8a27-47bc88bf66a3 (type: security_group_rules) to 0
2026-04-28 08:55:58.755 10 INFO neutron.db.ovn_revision_numbers_db [None req-b06ff7c8-9399-45ea-957d-47cb5c886506 d99497423cae42c5af5ba148cd2b26d2 0f52b6c259f2457c986fc463ab289713 - - default default] Successfully bumped revision number for resource ee4320f4-4d78-4075-834b-b07ae300b014 (type: security_group_rules) to 0
2026-04-28 08:55:58.839 9 INFO neutron.db.ovn_revision_numbers_db [None req-f2e7b766-f7b9-46a9-8881-3e6950197820 56172e8c90ef45059602b768e6b9d171 fac1150d86bd43b48062b71e86218f90 - - default default] Successfully bumped revision number for resource e13f556d-f789-4e37-84a9-a0a8a349a799 (type: routers) to 2
2026-04-28 08:55:58.872 10 INFO neutron.db.ovn_revision_numbers_db [None req-b06ff7c8-9399-45ea-957d-47cb5c886506 d99497423cae42c5af5ba148cd2b26d2 0f52b6c259f2457c986fc463ab289713 - - default default] Successfully bumped revision number for resource 28df56af-d544-4e3d-9a37-393fa70d6d2d (type: security_groups) to 1
2026-04-28 08:55:58.875 9 INFO neutron.wsgi [None req-f2e7b766-f7b9-46a9-8881-3e6950197820 56172e8c90ef45059602b768e6b9d171 fac1150d86bd43b48062b71e86218f90 - - default default] 10.0.0.101 "POST /v2.0/routers HTTP/1.1" status: 201 len: 872 time: 1.5945003
2026-04-28 08:55:58.917 10 INFO neutron.db.ovn_revision_numbers_db [None req-b06ff7c8-9399-45ea-957d-47cb5c886506 d99497423cae42c5af5ba148cd2b26d2 0f52b6c259f2457c986fc463ab289713 - - default default] Successfully bumped revision number for resource 7b550f7f-9efe-4b87-b6e8-794b021f3a65 (type: security_group_rules) to 0
2026-04-28 08:55:58.941 10 INFO neutron.db.ovn_revision_numbers_db [None req-b06ff7c8-9399-45ea-957d-47cb5c886506 d99497423cae42c5af5ba148cd2b26d2 0f52b6c259f2457c986fc463ab289713 - - default default] Successfully bumped revision number for resource c738b964-afcb-455f-ba23-3c9429a7c2b7 (type: security_group_rules) to 0
2026-04-28 08:55:58.971 10 INFO neutron.wsgi [None req-b06ff7c8-9399-45ea-957d-47cb5c886506 d99497423cae42c5af5ba148cd2b26d2 0f52b6c259f2457c986fc463ab289713 - - default default] 10.0.0.101 "POST /v2.0/security-groups HTTP/1.1" status: 201 len: 1737 time: 0.6514032
2026-04-28 08:55:59.024 9 INFO neutron.wsgi [None req-2f957e1c-7c6e-4839-bbc2-6660a467bd41 d99497423cae42c5af5ba148cd2b26d2 0f52b6c259f2457c986fc463ab289713 - - default default] 10.0.0.101 "PUT /v2.0/security-groups/28df56af-d544-4e3d-9a37-393fa70d6d2d/tags HTTP/1.1" status: 200 len: 218 time: 0.0474107
2026-04-28 08:55:59.062 9 INFO neutron.wsgi [None req-ed398f3f-4a42-4c09-82da-32fd4a8a6f82 d99497423cae42c5af5ba148cd2b26d2 0f52b6c259f2457c986fc463ab289713 - - default default] 10.0.0.101 "GET /v2.0/security-groups/28df56af-d544-4e3d-9a37-393fa70d6d2d/tags HTTP/1.1" status: 200 len: 218 time: 0.0311685
2026-04-28 08:55:59.122 9 INFO neutron.wsgi [None req-a9a3aff4-7888-4e7a-882c-6fa864a3f020 d99497423cae42c5af5ba148cd2b26d2 0f52b6c259f2457c986fc463ab289713 - - default default] 10.0.0.101 "PUT /v2.0/security-groups/28df56af-d544-4e3d-9a37-393fa70d6d2d/tags/green HTTP/1.1" status: 201 len: 201 time: 0.0529363
2026-04-28 08:55:59.150 9 INFO neutron.wsgi [None req-b01ee426-a96a-4caf-8f4e-6c17d3be7b63 d99497423cae42c5af5ba148cd2b26d2 0f52b6c259f2457c986fc463ab289713 - - default default] 10.0.0.101 "GET /v2.0/security-groups/28df56af-d544-4e3d-9a37-393fa70d6d2d/tags HTTP/1.1" status: 200 len: 227 time: 0.0204053
2026-04-28 08:55:59.179 9 INFO neutron.wsgi [None req-99daea4b-4f61-4884-9dd5-861fc91fe008 d99497423cae42c5af5ba148cd2b26d2 0f52b6c259f2457c986fc463ab289713 - - default default] 10.0.0.101 "PUT /v2.0/security-groups/28df56af-d544-4e3d-9a37-393fa70d6d2d/tags/red HTTP/1.1" status: 201 len: 201 time: 0.0253806
2026-04-28 08:55:59.211 9 INFO neutron.wsgi [None req-132368a5-9a6d-4fbe-9d75-f51d1773d745 d99497423cae42c5af5ba148cd2b26d2 0f52b6c259f2457c986fc463ab289713 - - default default] 10.0.0.101 "GET /v2.0/security-groups/28df56af-d544-4e3d-9a37-393fa70d6d2d/tags HTTP/1.1" status: 200 len: 227 time: 0.0269089
2026-04-28 08:55:59.282 10 INFO neutron.wsgi [None req-1870cec1-0c1b-4881-bbf8-6a1359ea12ca d99497423cae42c5af5ba148cd2b26d2 0f52b6c259f2457c986fc463ab289713 - - default default] 10.0.0.101 "PUT /v2.0/security-groups/28df56af-d544-4e3d-9a37-393fa70d6d2d/tags/black.or.white HTTP/1.1" status: 201 len: 201 time: 0.0590210
2026-04-28 08:55:59.318 10 INFO neutron.wsgi [None req-43b67842-099f-4d2c-a5e6-c81fbd1421c7 d99497423cae42c5af5ba148cd2b26d2 0f52b6c259f2457c986fc463ab289713 - - default default] 10.0.0.101 "GET /v2.0/security-groups/28df56af-d544-4e3d-9a37-393fa70d6d2d/tags HTTP/1.1" status: 200 len: 245 time: 0.0286849
2026-04-28 08:55:59.346 9 INFO neutron.db.ovn_revision_numbers_db [None req-625b023f-3cdc-4978-bb81-829ef6998e31 - - - - - -] Successfully bumped revision number for resource e2278428-a878-48a4-acef-ad6f2be1a9c3 (type: ports) to 1
2026-04-28 08:55:59.347 10 WARNING neutron.scheduler.dhcp_agent_scheduler [None req-bf3af699-cfdf-4d22-91a4-61d0877804b7 56172e8c90ef45059602b768e6b9d171 fac1150d86bd43b48062b71e86218f90 - - default default] No more DHCP agents
2026-04-28 08:55:59.349 10 WARNING neutron.api.rpc.agentnotifiers.dhcp_rpc_agent_api [None req-bf3af699-cfdf-4d22-91a4-61d0877804b7 56172e8c90ef45059602b768e6b9d171 fac1150d86bd43b48062b71e86218f90 - - default default] Unable to schedule network 60aeb5df-afbc-4fdd-96e6-b948dd4c6fd9: no agents available; will retry on subsequent port and subnet creation events.
