2026-04-28 08:52:20.415 9 WARNING neutron.api.rpc.agentnotifiers.dhcp_rpc_agent_api [None req-8ffc7a95-41aa-4e59-b65d-a94d5f98cd7c 56172e8c90ef45059602b768e6b9d171 fac1150d86bd43b48062b71e86218f90 - - default default] Unable to schedule network f317893a-e8e5-4fc7-9603-0b64912e568d: no agents available; will retry on subsequent port and subnet creation events.
2026-04-28 08:52:20.419 9 INFO neutron.plugins.ml2.drivers.ovn.mech_driver.ovsdb.ovsdb_monitor [-] Router 376a6c69-b8cd-4278-b568-97b1a592f722 is bound to host instance
2026-04-28 08:52:20.453 10 INFO neutron.plugins.ml2.plugin [None req-f510634f-91cc-4364-8747-c1e950e212a6 - - - - - -] Attempt 1 to provision port af548b29-11d0-42a9-b5ad-5bd2f2461ef0
2026-04-28 08:52:20.479 10 INFO neutron.db.ovn_revision_numbers_db [None req-a4f72378-2bc6-4122-a241-8b88e145e626 56172e8c90ef45059602b768e6b9d171 fac1150d86bd43b48062b71e86218f90 - - default default] Successfully bumped revision number for resource af548b29-11d0-42a9-b5ad-5bd2f2461ef0 (type: router_ports) to 1
2026-04-28 08:52:20.570 9 INFO neutron.db.ovn_revision_numbers_db [None req-8ffc7a95-41aa-4e59-b65d-a94d5f98cd7c 56172e8c90ef45059602b768e6b9d171 fac1150d86bd43b48062b71e86218f90 - - default default] Successfully bumped revision number for resource ee9aaff3-ec8f-4bf6-af6d-7a5479f18cf5 (type: ports) to 1
2026-04-28 08:52:20.610 9 INFO neutron.wsgi [None req-8ffc7a95-41aa-4e59-b65d-a94d5f98cd7c 56172e8c90ef45059602b768e6b9d171 fac1150d86bd43b48062b71e86218f90 - - default default] 10.0.0.101 "POST /v2.0/networks HTTP/1.1" status: 201 len: 947 time: 1.3535347
2026-04-28 08:52:20.630 10 INFO neutron.db.ovn_revision_numbers_db [None req-a4f72378-2bc6-4122-a241-8b88e145e626 56172e8c90ef45059602b768e6b9d171 fac1150d86bd43b48062b71e86218f90 - - default default] Successfully bumped revision number for resource 376a6c69-b8cd-4278-b568-97b1a592f722 (type: routers) to 2
2026-04-28 08:52:20.633 10 INFO neutron.db.ovn_revision_numbers_db [None req-3ad2a933-949f-48d2-96ba-0b4d5f3e0f5c 56172e8c90ef45059602b768e6b9d171 fac1150d86bd43b48062b71e86218f90 - - default default] Successfully bumped revision number for resource 5d284657-2024-442d-a131-3a6d44f6893f (type: router_ports) to 1
2026-04-28 08:52:20.681 9 INFO neutron.plugins.ml2.drivers.ovn.mech_driver.mech_driver [None req-9d8d9a68-c9b2-4170-96b5-9135659312c3 - - - - - -] OVN reports status up for port: 0bad95fb-ba32-47de-9d05-2e25071856f8
2026-04-28 08:52:20.690 10 INFO neutron.wsgi [None req-a4f72378-2bc6-4122-a241-8b88e145e626 56172e8c90ef45059602b768e6b9d171 fac1150d86bd43b48062b71e86218f90 - - default default] 10.0.0.101 "POST /v2.0/routers HTTP/1.1" status: 201 len: 885 time: 2.8304186
2026-04-28 08:52:20.697 10 INFO neutron.plugins.ml2.drivers.ovn.mech_driver.ovsdb.ovsdb_monitor [-] Router fe8870a0-66a5-42ce-b3ca-c4d086a942f4 is bound to host instance
2026-04-28 08:52:20.698 9 INFO neutron.plugins.ml2.plugin [None req-9d8d9a68-c9b2-4170-96b5-9135659312c3 - - - - - -] Attempt 1 to provision port 0bad95fb-ba32-47de-9d05-2e25071856f8
2026-04-28 08:52:20.750 10 INFO neutron.db.ovn_revision_numbers_db [None req-7eadcca9-b29a-43f2-b110-841d3ab37a61 56172e8c90ef45059602b768e6b9d171 fac1150d86bd43b48062b71e86218f90 - - default default] Successfully bumped revision number for resource 0bad95fb-ba32-47de-9d05-2e25071856f8 (type: router_ports) to 1
2026-04-28 08:52:20.872 10 INFO neutron.db.ovn_revision_numbers_db [None req-3ad2a933-949f-48d2-96ba-0b4d5f3e0f5c 56172e8c90ef45059602b768e6b9d171 fac1150d86bd43b48062b71e86218f90 - - default default] Successfully bumped revision number for resource f0686317-dd39-43d1-8bcf-5c426490b917 (type: routers) to 2
2026-04-28 08:52:20.902 9 INFO neutron.plugins.ml2.drivers.ovn.mech_driver.ovsdb.extensions.qos [None req-625b023f-3cdc-4978-bb81-829ef6998e31 - - - - - -] Starting OVNClientQosExtension
2026-04-28 08:52:20.929 10 INFO neutron.wsgi [None req-3ad2a933-949f-48d2-96ba-0b4d5f3e0f5c 56172e8c90ef45059602b768e6b9d171 fac1150d86bd43b48062b71e86218f90 - - default default] 10.0.0.101 "POST /v2.0/routers HTTP/1.1" status: 201 len: 870 time: 3.2704878
2026-04-28 08:52:20.989 10 INFO neutron.db.ovn_revision_numbers_db [None req-7eadcca9-b29a-43f2-b110-841d3ab37a61 56172e8c90ef45059602b768e6b9d171 fac1150d86bd43b48062b71e86218f90 - - default default] Successfully bumped revision number for resource fe8870a0-66a5-42ce-b3ca-c4d086a942f4 (type: routers) to 2
2026-04-28 08:52:21.018 10 INFO neutron.wsgi [None req-7eadcca9-b29a-43f2-b110-841d3ab37a61 56172e8c90ef45059602b768e6b9d171 fac1150d86bd43b48062b71e86218f90 - - default default] 10.0.0.101 "POST /v2.0/routers HTTP/1.1" status: 201 len: 882 time: 3.3377905
2026-04-28 08:52:21.041 9 WARNING neutron.scheduler.dhcp_agent_scheduler [None req-28c909ba-894d-498d-8816-6f61772e50f0 56172e8c90ef45059602b768e6b9d171 fac1150d86bd43b48062b71e86218f90 - - default default] No more DHCP agents
2026-04-28 08:52:21.047 9 WARNING neutron.api.rpc.agentnotifiers.dhcp_rpc_agent_api [None req-28c909ba-894d-498d-8816-6f61772e50f0 56172e8c90ef45059602b768e6b9d171 fac1150d86bd43b48062b71e86218f90 - - default default] Unable to schedule network f317893a-e8e5-4fc7-9603-0b64912e568d: no agents available; will retry on subsequent port and subnet creation events.
2026-04-28 08:52:21.435 9 INFO neutron.db.ovn_revision_numbers_db [None req-625b023f-3cdc-4978-bb81-829ef6998e31 - - - - - -] Successfully bumped revision number for resource af548b29-11d0-42a9-b5ad-5bd2f2461ef0 (type: ports) to 1
2026-04-28 08:52:21.755 9 WARNING neutron.scheduler.dhcp_agent_scheduler [None req-c1cb67ac-24d3-41e2-806d-dec11e433e01 56172e8c90ef45059602b768e6b9d171 fac1150d86bd43b48062b71e86218f90 - - default default] No more DHCP agents
2026-04-28 08:52:21.761 9 WARNING neutron.api.rpc.agentnotifiers.dhcp_rpc_agent_api [None req-c1cb67ac-24d3-41e2-806d-dec11e433e01 56172e8c90ef45059602b768e6b9d171 fac1150d86bd43b48062b71e86218f90 - - default default] Unable to schedule network f37fb732-f015-4ffb-bea3-991660d01228: no agents available; will retry on subsequent port and subnet creation events.
2026-04-28 08:52:21.834 10 INFO neutron.db.ovn_revision_numbers_db [None req-571740e8-b794-4432-9383-ebae05917d64 - - - - - -] Successfully bumped revision number for resource 0bad95fb-ba32-47de-9d05-2e25071856f8 (type: ports) to 1
2026-04-28 08:52:21.861 10 WARNING neutron.scheduler.dhcp_agent_scheduler [None req-8cba053c-3597-47e0-83fa-8fdcb10b6383 56172e8c90ef45059602b768e6b9d171 fac1150d86bd43b48062b71e86218f90 - - default default] No more DHCP agents
2026-04-28 08:52:21.865 10 WARNING neutron.api.rpc.agentnotifiers.dhcp_rpc_agent_api [None req-8cba053c-3597-47e0-83fa-8fdcb10b6383 56172e8c90ef45059602b768e6b9d171 fac1150d86bd43b48062b71e86218f90 - - default default] Unable to schedule network 3ad06a34-1e1a-4436-829b-7b021d1e7408: no agents available; will retry on subsequent port and subnet creation events.
2026-04-28 08:52:21.970 10 WARNING neutron.scheduler.dhcp_agent_scheduler [None req-330dedd2-3310-4a86-b563-4b520d272aa1 56172e8c90ef45059602b768e6b9d171 fac1150d86bd43b48062b71e86218f90 - - default default] No more DHCP agents
2026-04-28 08:52:21.978 9 INFO neutron.db.ovn_revision_numbers_db [None req-28c909ba-894d-498d-8816-6f61772e50f0 56172e8c90ef45059602b768e6b9d171 fac1150d86bd43b48062b71e86218f90 - - default default] Successfully bumped revision number for resource ee9aaff3-ec8f-4bf6-af6d-7a5479f18cf5 (type: ports) to 2
2026-04-28 08:52:21.982 10 WARNING neutron.api.rpc.agentnotifiers.dhcp_rpc_agent_api [None req-330dedd2-3310-4a86-b563-4b520d272aa1 56172e8c90ef45059602b768e6b9d171 fac1150d86bd43b48062b71e86218f90 - - default default] Unable to schedule network 208f264e-72fa-40d2-be6f-c51289ff39dd: no agents available; will retry on subsequent port and subnet creation events.
2026-04-28 08:52:22.007 9 INFO neutron.db.ovn_revision_numbers_db [None req-c1cb67ac-24d3-41e2-806d-dec11e433e01 56172e8c90ef45059602b768e6b9d171 fac1150d86bd43b48062b71e86218f90 - - default default] Successfully bumped revision number for resource 9ccbfea4-15ad-4315-9c56-79151d777724 (type: ports) to 1
2026-04-28 08:52:22.063 9 INFO neutron.db.ovn_revision_numbers_db [None req-625b023f-3cdc-4978-bb81-829ef6998e31 - - - - - -] Successfully bumped revision number for resource af548b29-11d0-42a9-b5ad-5bd2f2461ef0 (type: router_ports) to 3
2026-04-28 08:52:22.070 9 INFO neutron.db.ovn_revision_numbers_db [None req-28c909ba-894d-498d-8816-6f61772e50f0 56172e8c90ef45059602b768e6b9d171 fac1150d86bd43b48062b71e86218f90 - - default default] Successfully bumped revision number for resource b2687106-8479-4007-aad9-093cd3446e52 (type: subnets) to 0
2026-04-28 08:52:22.144 9 INFO neutron.wsgi [None req-28c909ba-894d-498d-8816-6f61772e50f0 56172e8c90ef45059602b768e6b9d171 fac1150d86bd43b48062b71e86218f90 - - default default] 10.0.0.101 "POST /v2.0/subnets HTTP/1.1" status: 201 len: 867 time: 1.5292525
2026-04-28 08:52:22.187 10 INFO neutron.db.ovn_revision_numbers_db [None req-8cba053c-3597-47e0-83fa-8fdcb10b6383 56172e8c90ef45059602b768e6b9d171 fac1150d86bd43b48062b71e86218f90 - - default default] Successfully bumped revision number for resource 61f89c9a-5d50-45f0-a231-544d24c0f378 (type: ports) to 1
2026-04-28 08:52:22.333 10 INFO neutron.db.ovn_revision_numbers_db [None req-330dedd2-3310-4a86-b563-4b520d272aa1 56172e8c90ef45059602b768e6b9d171 fac1150d86bd43b48062b71e86218f90 - - default default] Successfully bumped revision number for resource 8ec5133c-767d-470b-bf84-ad75a409ecb2 (type: ports) to 1
2026-04-28 08:52:22.376 9 INFO neutron.db.ovn_revision_numbers_db [None req-625b023f-3cdc-4978-bb81-829ef6998e31 - - - - - -] Successfully bumped revision number for resource af548b29-11d0-42a9-b5ad-5bd2f2461ef0 (type: ports) to 2
2026-04-28 08:52:22.440 10 INFO neutron.db.ovn_revision_numbers_db [None req-571740e8-b794-4432-9383-ebae05917d64 - - - - - -] Successfully bumped revision number for resource 0bad95fb-ba32-47de-9d05-2e25071856f8 (type: router_ports) to 3
2026-04-28 08:52:22.810 10 INFO neutron.db.ovn_revision_numbers_db [None req-571740e8-b794-4432-9383-ebae05917d64 - - - - - -] Successfully bumped revision number for resource 0bad95fb-ba32-47de-9d05-2e25071856f8 (type: ports) to 2
2026-04-28 08:52:22.818 10 INFO neutron.plugins.ml2.drivers.ovn.mech_driver.mech_driver [None req-f510634f-91cc-4364-8747-c1e950e212a6 - - - - - -] OVN reports status up for port: 5d284657-2024-442d-a131-3a6d44f6893f
2026-04-28 08:52:22.848 10 INFO neutron.plugins.ml2.plugin [None req-f510634f-91cc-4364-8747-c1e950e212a6 - - - - - -] Attempt 1 to provision port 5d284657-2024-442d-a131-3a6d44f6893f
2026-04-28 08:52:22.971 9 INFO neutron.db.ovn_revision_numbers_db [None req-c1cb67ac-24d3-41e2-806d-dec11e433e01 56172e8c90ef45059602b768e6b9d171 fac1150d86bd43b48062b71e86218f90 - - default default] Successfully bumped revision number for resource 9ccbfea4-15ad-4315-9c56-79151d777724 (type: router_ports) to 1
2026-04-28 08:52:23.011 9 INFO neutron.db.ovn_revision_numbers_db [None req-625b023f-3cdc-4978-bb81-829ef6998e31 - - - - - -] Successfully bumped revision number for resource af548b29-11d0-42a9-b5ad-5bd2f2461ef0 (type: ports) to 4
2026-04-28 08:52:23.012 9 WARNING neutron.scheduler.dhcp_agent_scheduler [None req-39239ee4-7ab6-4a13-9cf6-9eaa1e739ecc 56172e8c90ef45059602b768e6b9d171 fac1150d86bd43b48062b71e86218f90 - - default default] No more DHCP agents
2026-04-28 08:52:23.020 9 WARNING neutron.api.rpc.agentnotifiers.dhcp_rpc_agent_api [None req-39239ee4-7ab6-4a13-9cf6-9eaa1e739ecc 56172e8c90ef45059602b768e6b9d171 fac1150d86bd43b48062b71e86218f90 - - default default] Unable to schedule network e419bf3e-e073-4dc2-adef-16fff092c040: no agents available; will retry on subsequent port and subnet creation events.
2026-04-28 08:52:23.263 9 INFO neutron.db.ovn_revision_numbers_db [None req-c1cb67ac-24d3-41e2-806d-dec11e433e01 56172e8c90ef45059602b768e6b9d171 fac1150d86bd43b48062b71e86218f90 - - default default] Successfully bumped revision number for resource 9ccbfea4-15ad-4315-9c56-79151d777724 (type: ports) to 1
2026-04-28 08:52:23.372 9 WARNING neutron.scheduler.dhcp_agent_scheduler [None req-c1cb67ac-24d3-41e2-806d-dec11e433e01 56172e8c90ef45059602b768e6b9d171 fac1150d86bd43b48062b71e86218f90 - - default default] No more DHCP agents
2026-04-28 08:52:23.373 9 WARNING neutron.api.rpc.agentnotifiers.dhcp_rpc_agent_api [None req-c1cb67ac-24d3-41e2-806d-dec11e433e01 56172e8c90ef45059602b768e6b9d171 fac1150d86bd43b48062b71e86218f90 - - default default] Unable to schedule network f37fb732-f015-4ffb-bea3-991660d01228: no agents available; will retry on subsequent port and subnet creation events.
2026-04-28 08:52:23.492 10 INFO neutron.db.ovn_revision_numbers_db [None req-8cba053c-3597-47e0-83fa-8fdcb10b6383 56172e8c90ef45059602b768e6b9d171 fac1150d86bd43b48062b71e86218f90 - - default default] Successfully bumped revision number for resource 61f89c9a-5d50-45f0-a231-544d24c0f378 (type: router_ports) to 1
2026-04-28 08:52:23.517 10 INFO neutron.db.ovn_revision_numbers_db [None req-571740e8-b794-4432-9383-ebae05917d64 - - - - - -] Successfully bumped revision number for resource 0bad95fb-ba32-47de-9d05-2e25071856f8 (type: ports) to 4
2026-04-28 08:52:23.519 10 INFO neutron.db.ovn_revision_numbers_db [None req-330dedd2-3310-4a86-b563-4b520d272aa1 56172e8c90ef45059602b768e6b9d171 fac1150d86bd43b48062b71e86218f90 - - default default] Successfully bumped revision number for resource 8ec5133c-767d-470b-bf84-ad75a409ecb2 (type: router_ports) to 1
2026-04-28 08:52:23.612 9 INFO neutron.db.ovn_revision_numbers_db [None req-39239ee4-7ab6-4a13-9cf6-9eaa1e739ecc 56172e8c90ef45059602b768e6b9d171 fac1150d86bd43b48062b71e86218f90 - - default default] Successfully bumped revision number for resource 8219ea56-b239-4b9e-87dc-44b5c795252a (type: ports) to 1
2026-04-28 08:52:23.725 9 INFO neutron.db.ovn_revision_numbers_db [None req-625b023f-3cdc-4978-bb81-829ef6998e31 - - - - - -] Successfully bumped revision number for resource af548b29-11d0-42a9-b5ad-5bd2f2461ef0 (type: router_ports) to 4
2026-04-28 08:52:23.786 9 INFO neutron.plugins.ml2.drivers.ovn.mech_driver.ovsdb.ovsdb_monitor [None req-625b023f-3cdc-4978-bb81-829ef6998e31 - - - - - -] Router f0686317-dd39-43d1-8bcf-5c426490b917 is bound to host instance
2026-04-28 08:52:23.853 10 INFO neutron.db.ovn_revision_numbers_db [None req-8cba053c-3597-47e0-83fa-8fdcb10b6383 56172e8c90ef45059602b768e6b9d171 fac1150d86bd43b48062b71e86218f90 - - default default] Successfully bumped revision number for resource 61f89c9a-5d50-45f0-a231-544d24c0f378 (type: ports) to 1
2026-04-28 08:52:23.873 10 INFO neutron.db.ovn_revision_numbers_db [None req-330dedd2-3310-4a86-b563-4b520d272aa1 56172e8c90ef45059602b768e6b9d171 fac1150d86bd43b48062b71e86218f90 - - default default] Successfully bumped revision number for resource 8ec5133c-767d-470b-bf84-ad75a409ecb2 (type: ports) to 1
2026-04-28 08:52:24.147 10 WARNING neutron.scheduler.dhcp_agent_scheduler [None req-8cba053c-3597-47e0-83fa-8fdcb10b6383 56172e8c90ef45059602b768e6b9d171 fac1150d86bd43b48062b71e86218f90 - - default default] No more DHCP agents
2026-04-28 08:52:24.150 10 WARNING neutron.api.rpc.agentnotifiers.dhcp_rpc_agent_api [None req-8cba053c-3597-47e0-83fa-8fdcb10b6383 56172e8c90ef45059602b768e6b9d171 fac1150d86bd43b48062b71e86218f90 - - default default] Unable to schedule network 3ad06a34-1e1a-4436-829b-7b021d1e7408: no agents available; will retry on subsequent port and subnet creation events.
2026-04-28 08:52:24.182 10 WARNING neutron.scheduler.dhcp_agent_scheduler [None req-330dedd2-3310-4a86-b563-4b520d272aa1 56172e8c90ef45059602b768e6b9d171 fac1150d86bd43b48062b71e86218f90 - - default default] No more DHCP agents
2026-04-28 08:52:24.184 10 WARNING neutron.api.rpc.agentnotifiers.dhcp_rpc_agent_api [None req-330dedd2-3310-4a86-b563-4b520d272aa1 56172e8c90ef45059602b768e6b9d171 fac1150d86bd43b48062b71e86218f90 - - default default] Unable to schedule network 208f264e-72fa-40d2-be6f-c51289ff39dd: no agents available; will retry on subsequent port and subnet creation events.
2026-04-28 08:52:24.222 10 INFO neutron.db.ovn_revision_numbers_db [None req-571740e8-b794-4432-9383-ebae05917d64 - - - - - -] Successfully bumped revision number for resource 0bad95fb-ba32-47de-9d05-2e25071856f8 (type: router_ports) to 4
2026-04-28 08:52:24.832 9 INFO neutron.plugins.ml2.drivers.ovn.mech_driver.mech_driver [None req-9d8d9a68-c9b2-4170-96b5-9135659312c3 - - - - - -] OVN reports status up for port: 8219ea56-b239-4b9e-87dc-44b5c795252a
2026-04-28 08:52:24.840 10 INFO neutron.plugins.ml2.drivers.ovn.mech_driver.ovsdb.ovsdb_monitor [None req-571740e8-b794-4432-9383-ebae05917d64 - - - - - -] Router 54111e6c-3ac7-4101-a0ac-f4a61c9ece2e is bound to host instance
2026-04-28 08:52:24.862 9 INFO neutron.plugins.ml2.plugin [None req-9d8d9a68-c9b2-4170-96b5-9135659312c3 - - - - - -] Attempt 1 to provision port 8219ea56-b239-4b9e-87dc-44b5c795252a
2026-04-28 08:52:24.920 9 INFO neutron.db.ovn_revision_numbers_db [None req-39239ee4-7ab6-4a13-9cf6-9eaa1e739ecc 56172e8c90ef45059602b768e6b9d171 fac1150d86bd43b48062b71e86218f90 - - default default] Successfully bumped revision number for resource 8219ea56-b239-4b9e-87dc-44b5c795252a (type: router_ports) to 1
2026-04-28 08:52:25.042 9 INFO neutron.db.ovn_revision_numbers_db [None req-625b023f-3cdc-4978-bb81-829ef6998e31 - - - - - -] Successfully bumped revision number for resource 5d284657-2024-442d-a131-3a6d44f6893f (type: ports) to 1
2026-04-28 08:52:25.075 9 INFO neutron.db.ovn_revision_numbers_db [None req-39239ee4-7ab6-4a13-9cf6-9eaa1e739ecc 56172e8c90ef45059602b768e6b9d171 fac1150d86bd43b48062b71e86218f90 - - default default] Successfully bumped revision number for resource 54111e6c-3ac7-4101-a0ac-f4a61c9ece2e (type: routers) to 2
2026-04-28 08:52:25.108 9 INFO neutron.db.ovn_revision_numbers_db [None req-c1cb67ac-24d3-41e2-806d-dec11e433e01 56172e8c90ef45059602b768e6b9d171 fac1150d86bd43b48062b71e86218f90 - - default default] Successfully bumped revision number for resource 9ccbfea4-15ad-4315-9c56-79151d777724 (type: router_ports) to 1
2026-04-28 08:52:25.111 9 INFO neutron.wsgi [None req-c1cb67ac-24d3-41e2-806d-dec11e433e01 56172e8c90ef45059602b768e6b9d171 fac1150d86bd43b48062b71e86218f90 - - default default] 10.0.0.101 "PUT /v2.0/routers/376a6c69-b8cd-4278-b568-97b1a592f722/add_router_interface HTTP/1.1" status: 200 len: 503 time: 4.4114766
2026-04-28 08:52:25.120 9 INFO neutron.wsgi [None req-39239ee4-7ab6-4a13-9cf6-9eaa1e739ecc 56172e8c90ef45059602b768e6b9d171 fac1150d86bd43b48062b71e86218f90 - - default default] 10.0.0.101 "POST /v2.0/routers HTTP/1.1" status: 201 len: 878 time: 2.9667268
2026-04-28 08:52:25.517 10 INFO neutron.db.ovn_revision_numbers_db [None req-8cba053c-3597-47e0-83fa-8fdcb10b6383 56172e8c90ef45059602b768e6b9d171 fac1150d86bd43b48062b71e86218f90 - - default default] Successfully bumped revision number for resource 61f89c9a-5d50-45f0-a231-544d24c0f378 (type: router_ports) to 1
2026-04-28 08:52:25.520 10 INFO neutron.wsgi [None req-8cba053c-3597-47e0-83fa-8fdcb10b6383 56172e8c90ef45059602b768e6b9d171 fac1150d86bd43b48062b71e86218f90 - - default default] 10.0.0.101 "PUT /v2.0/routers/f0686317-dd39-43d1-8bcf-5c426490b917/add_router_interface HTTP/1.1" status: 200 len: 503 time: 4.5850508
2026-04-28 08:52:25.549 10 INFO neutron.db.ovn_revision_numbers_db [None req-330dedd2-3310-4a86-b563-4b520d272aa1 56172e8c90ef45059602b768e6b9d171 fac1150d86bd43b48062b71e86218f90 - - default default] Successfully bumped revision number for resource 8ec5133c-767d-470b-bf84-ad75a409ecb2 (type: router_ports) to 1
2026-04-28 08:52:25.551 10 INFO neutron.wsgi [None req-330dedd2-3310-4a86-b563-4b520d272aa1 56172e8c90ef45059602b768e6b9d171 fac1150d86bd43b48062b71e86218f90 - - default default] 10.0.0.101 "PUT /v2.0/routers/fe8870a0-66a5-42ce-b3ca-c4d086a942f4/add_router_interface HTTP/1.1" status: 200 len: 503 time: 4.5264783
2026-04-28 08:52:25.646 9 INFO neutron.db.ovn_revision_numbers_db [None req-625b023f-3cdc-4978-bb81-829ef6998e31 - - - - - -] Successfully bumped revision number for resource 5d284657-2024-442d-a131-3a6d44f6893f (type: router_ports) to 3
2026-04-28 08:52:25.710 10 INFO neutron.plugins.ml2.drivers.ovn.mech_driver.mech_driver [None req-f510634f-91cc-4364-8747-c1e950e212a6 - - - - - -] OVN reports status up for port: 9ccbfea4-15ad-4315-9c56-79151d777724
2026-04-28 08:52:25.734 10 INFO neutron.plugins.ml2.plugin [None req-f510634f-91cc-4364-8747-c1e950e212a6 - - - - - -] Attempt 1 to provision port 9ccbfea4-15ad-4315-9c56-79151d777724
2026-04-28 08:52:25.816 9 INFO neutron.db.ovn_revision_numbers_db [None req-625b023f-3cdc-4978-bb81-829ef6998e31 - - - - - -] Successfully bumped revision number for resource 5d284657-2024-442d-a131-3a6d44f6893f (type: ports) to 2
2026-04-28 08:52:25.843 9 WARNING neutron.scheduler.dhcp_agent_scheduler [None req-aca27574-41fb-4a8c-8c5c-b1b81b06d712 56172e8c90ef45059602b768e6b9d171 fac1150d86bd43b48062b71e86218f90 - - default default] No more DHCP agents
2026-04-28 08:52:25.847 9 WARNING neutron.api.rpc.agentnotifiers.dhcp_rpc_agent_api [None req-aca27574-41fb-4a8c-8c5c-b1b81b06d712 56172e8c90ef45059602b768e6b9d171 fac1150d86bd43b48062b71e86218f90 - - default default] Unable to schedule network f317893a-e8e5-4fc7-9603-0b64912e568d: no agents available; will retry on subsequent port and subnet creation events.
2026-04-28 08:52:25.894 10 INFO neutron.db.ovn_revision_numbers_db [None req-571740e8-b794-4432-9383-ebae05917d64 - - - - - -] Successfully bumped revision number for resource 8219ea56-b239-4b9e-87dc-44b5c795252a (type: ports) to 1
2026-04-28 08:52:25.921 10 INFO neutron.db.ovn_revision_numbers_db [None req-73794c18-69c9-4c54-88c6-3a40ff6e25a8 3e5bdc04382142c18fc5968c9b219894 cb559ca823fc4599a456cda9bf813f2d - - default default] Successfully bumped revision number for resource 5fabfc1c-165a-4660-bf09-793781fa59a9 (type: security_groups) to 1
2026-04-28 08:52:25.963 10 INFO neutron.db.ovn_revision_numbers_db [None req-73794c18-69c9-4c54-88c6-3a40ff6e25a8 3e5bdc04382142c18fc5968c9b219894 cb559ca823fc4599a456cda9bf813f2d - - default default] Successfully bumped revision number for resource 23123a7d-1c01-4d4c-98de-ebcbd9a9a063 (type: security_group_rules) to 0
2026-04-28 08:52:26.016 10 INFO neutron.db.ovn_revision_numbers_db [None req-73794c18-69c9-4c54-88c6-3a40ff6e25a8 3e5bdc04382142c18fc5968c9b219894 cb559ca823fc4599a456cda9bf813f2d - - default default] Successfully bumped revision number for resource c5afdb4e-1e17-4b9a-ae68-58e933cfa0ad (type: security_group_rules) to 0
2026-04-28 08:52:26.049 9 INFO neutron.db.ovn_revision_numbers_db [None req-aca27574-41fb-4a8c-8c5c-b1b81b06d712 56172e8c90ef45059602b768e6b9d171 fac1150d86bd43b48062b71e86218f90 - - default default] Successfully bumped revision number for resource d2a40f2e-8241-4939-b9d6-50396ba29b05 (type: ports) to 1
2026-04-28 08:52:26.097 10 INFO neutron.wsgi [None req-73794c18-69c9-4c54-88c6-3a40ff6e25a8 3e5bdc04382142c18fc5968c9b219894 cb559ca823fc4599a456cda9bf813f2d - - default default] 10.0.0.101 "POST /v2.0/security-groups HTTP/1.1" status: 201 len: 1793 time: 0.3827686
2026-04-28 08:52:26.246 9 INFO neutron.db.ovn_revision_numbers_db [None req-625b023f-3cdc-4978-bb81-829ef6998e31 - - - - - -] Successfully bumped revision number for resource 5d284657-2024-442d-a131-3a6d44f6893f (type: ports) to 4
2026-04-28 08:52:26.440 10 INFO neutron.db.ovn_revision_numbers_db [None req-f510634f-91cc-4364-8747-c1e950e212a6 - - - - - -] Successfully bumped revision number for resource 9ccbfea4-15ad-4315-9c56-79151d777724 (type: ports) to 2
2026-04-28 08:52:26.630 10 INFO neutron.db.ovn_revision_numbers_db [None req-571740e8-b794-4432-9383-ebae05917d64 - - - - - -] Successfully bumped revision number for resource 8219ea56-b239-4b9e-87dc-44b5c795252a (type: router_ports) to 3
2026-04-28 08:52:26.686 9 INFO neutron.db.ovn_revision_numbers_db [None req-ba3b5951-d14f-410f-b5a5-9724957e5c99 a6b454600d1643139053912254819638 afe881ef118d45448b68b21dd4c59de3 - - default default] Successfully bumped revision number for resource ac806b2e-138f-46a0-a85e-2b82af042729 (type: security_groups) to 1
2026-04-28 08:52:26.697 10 INFO neutron.db.ovn_revision_numbers_db [None req-f510634f-91cc-4364-8747-c1e950e212a6 - - - - - -] Successfully bumped revision number for resource 9ccbfea4-15ad-4315-9c56-79151d777724 (type: router_ports) to 2
2026-04-28 08:52:26.782 9 INFO neutron.db.ovn_revision_numbers_db [None req-ba3b5951-d14f-410f-b5a5-9724957e5c99 a6b454600d1643139053912254819638 afe881ef118d45448b68b21dd4c59de3 - - default default] Successfully bumped revision number for resource 33d0df90-4818-42d2-871e-a659ecdca628 (type: security_group_rules) to 0
2026-04-28 08:52:26.815 9 INFO neutron.db.ovn_revision_numbers_db [None req-b53a53dc-e3d9-4eb3-81fa-80ccbf29fba0 3e5bdc04382142c18fc5968c9b219894 cb559ca823fc4599a456cda9bf813f2d - - default default] Successfully bumped revision number for resource 4133a676-594f-4278-b292-386d84d031fd (type: security_group_rules) to 0
2026-04-28 08:52:26.820 10 INFO neutron.db.ovn_revision_numbers_db [None req-571740e8-b794-4432-9383-ebae05917d64 - - - - - -] Successfully bumped revision number for resource 8219ea56-b239-4b9e-87dc-44b5c795252a (type: ports) to 2
2026-04-28 08:52:26.824 9 INFO neutron.db.ovn_revision_numbers_db [None req-ba3b5951-d14f-410f-b5a5-9724957e5c99 a6b454600d1643139053912254819638 afe881ef118d45448b68b21dd4c59de3 - - default default] Successfully bumped revision number for resource cdaa80eb-9424-48a9-b32e-0b474a786669 (type: security_group_rules) to 0
2026-04-28 08:52:26.936 9 INFO neutron.wsgi [None req-ba3b5951-d14f-410f-b5a5-9724957e5c99 a6b454600d1643139053912254819638 afe881ef118d45448b68b21dd4c59de3 - - default default] 10.0.0.101 "POST /v2.0/security-groups HTTP/1.1" status: 201 len: 1796 time: 0.8698251
2026-04-28 08:52:26.939 9 INFO neutron.db.ovn_revision_numbers_db [None req-625b023f-3cdc-4978-bb81-829ef6998e31 - - - - - -] Successfully bumped revision number for resource 5d284657-2024-442d-a131-3a6d44f6893f (type: router_ports) to 4
2026-04-28 08:52:26.944 9 INFO neutron.wsgi [None req-b53a53dc-e3d9-4eb3-81fa-80ccbf29fba0 3e5bdc04382142c18fc5968c9b219894 cb559ca823fc4599a456cda9bf813f2d - - default default] 10.0.0.101 "POST /v2.0/security-group-rules HTTP/1.1" status: 201 len: 764 time: 0.8394656
2026-04-28 08:52:27.057 9 INFO neutron.db.ovn_revision_numbers_db [req-6063260d-8c15-4fad-a8ca-ffc028c4c081 req-ba73f9e0-6595-48db-b4c0-3609d5a52955 5fa2fc9583c94d1aa6d2c525212446a1 dbc64d9d6af7440baeb8100b76f421c6 - - default default] Successfully bumped revision number for resource f2c326ce-fc16-4053-9ba0-f30707886cab (type: security_groups) to 1
2026-04-28 08:52:27.059 9 INFO neutron.db.ovn_revision_numbers_db [None req-aca27574-41fb-4a8c-8c5c-b1b81b06d712 56172e8c90ef45059602b768e6b9d171 fac1150d86bd43b48062b71e86218f90 - - default default] Successfully bumped revision number for resource d2a40f2e-8241-4939-b9d6-50396ba29b05 (type: router_ports) to 1
2026-04-28 08:52:27.213 9 INFO neutron.db.ovn_revision_numbers_db [req-6063260d-8c15-4fad-a8ca-ffc028c4c081 req-ba73f9e0-6595-48db-b4c0-3609d5a52955 5fa2fc9583c94d1aa6d2c525212446a1 dbc64d9d6af7440baeb8100b76f421c6 - - default default] Successfully bumped revision number for resource ce1b50a3-64e0-4ad7-b00b-ff4e3e4fb647 (type: security_group_rules) to 0
2026-04-28 08:52:27.231 10 INFO neutron.db.ovn_revision_numbers_db [None req-571740e8-b794-4432-9383-ebae05917d64 - - - - - -] Successfully bumped revision number for resource 8219ea56-b239-4b9e-87dc-44b5c795252a (type: ports) to 4
2026-04-28 08:52:27.249 9 INFO neutron.db.ovn_revision_numbers_db [None req-aca27574-41fb-4a8c-8c5c-b1b81b06d712 56172e8c90ef45059602b768e6b9d171 fac1150d86bd43b48062b71e86218f90 - - default default] Successfully bumped revision number for resource d2a40f2e-8241-4939-b9d6-50396ba29b05 (type: ports) to 1
2026-04-28 08:52:27.272 9 INFO neutron.db.ovn_revision_numbers_db [req-6063260d-8c15-4fad-a8ca-ffc028c4c081 req-ba73f9e0-6595-48db-b4c0-3609d5a52955 5fa2fc9583c94d1aa6d2c525212446a1 dbc64d9d6af7440baeb8100b76f421c6 - - default default] Successfully bumped revision number for resource ced7bf69-42c3-4837-a6c0-04f02e6526eb (type: security_group_rules) to 0
2026-04-28 08:52:27.322 10 INFO neutron.db.ovn_revision_numbers_db [None req-f8850869-ccd9-4bad-b662-37ddf4299e35 a6b454600d1643139053912254819638 afe881ef118d45448b68b21dd4c59de3 - - default default] Successfully bumped revision number for resource cb045950-13a5-487a-96ac-3260135a2f48 (type: security_group_rules) to 0
2026-04-28 08:52:27.326 9 INFO neutron.wsgi [req-6063260d-8c15-4fad-a8ca-ffc028c4c081 req-ba73f9e0-6595-48db-b4c0-3609d5a52955 5fa2fc9583c94d1aa6d2c525212446a1 dbc64d9d6af7440baeb8100b76f421c6 - - default default] 10.0.0.127 "POST /v2.0/security-groups HTTP/1.1" status: 201 len: 1827 time: 0.8933177
2026-04-28 08:52:27.341 10 INFO neutron.db.ovn_revision_numbers_db [None req-b53fd963-d00f-4e6b-83a4-78ed77fef0b2 3e5bdc04382142c18fc5968c9b219894 cb559ca823fc4599a456cda9bf813f2d - - default default] Successfully bumped revision number for resource 677c6775-1ae4-439a-b091-9fd71b8156e0 (type: security_group_rules) to 0
2026-04-28 08:52:27.344 9 WARNING neutron.scheduler.dhcp_agent_scheduler [None req-aca27574-41fb-4a8c-8c5c-b1b81b06d712 56172e8c90ef45059602b768e6b9d171 fac1150d86bd43b48062b71e86218f90 - - default default] No more DHCP agents
2026-04-28 08:52:27.346 9 WARNING neutron.api.rpc.agentnotifiers.dhcp_rpc_agent_api [None req-aca27574-41fb-4a8c-8c5c-b1b81b06d712 56172e8c90ef45059602b768e6b9d171 fac1150d86bd43b48062b71e86218f90 - - default default] Unable to schedule network f317893a-e8e5-4fc7-9603-0b64912e568d: no agents available; will retry on subsequent port and subnet creation events.
2026-04-28 08:52:27.397 10 INFO neutron.wsgi [None req-f8850869-ccd9-4bad-b662-37ddf4299e35 a6b454600d1643139053912254819638 afe881ef118d45448b68b21dd4c59de3 - - default default] 10.0.0.101 "POST /v2.0/security-group-rules HTTP/1.1" status: 201 len: 764 time: 0.4526408
2026-04-28 08:52:27.401 10 INFO neutron.wsgi [None req-b53fd963-d00f-4e6b-83a4-78ed77fef0b2 3e5bdc04382142c18fc5968c9b219894 cb559ca823fc4599a456cda9bf813f2d - - default default] 10.0.0.101 "POST /v2.0/security-group-rules HTTP/1.1" status: 201 len: 769 time: 0.4460871
2026-04-28 08:52:27.676 9 INFO neutron.plugins.ml2.drivers.ovn.mech_driver.mech_driver [None req-9d8d9a68-c9b2-4170-96b5-9135659312c3 - - - - - -] OVN reports status up for port: d2a40f2e-8241-4939-b9d6-50396ba29b05
2026-04-28 08:52:27.684 9 INFO neutron.plugins.ml2.plugin [None req-9d8d9a68-c9b2-4170-96b5-9135659312c3 - - - - - -] Attempt 1 to provision port d2a40f2e-8241-4939-b9d6-50396ba29b05
2026-04-28 08:52:27.796 9 INFO neutron.wsgi [req-b1f130b1-ea9f-4089-b1cf-557c73f99f7e req-7c1553b9-a4a6-40c0-ab5e-29661dc77392 5fa2fc9583c94d1aa6d2c525212446a1 dbc64d9d6af7440baeb8100b76f421c6 - - default default] 10.0.0.127 "GET /v2.0/security-groups/f2c326ce-fc16-4053-9ba0-f30707886cab HTTP/1.1" status: 200 len: 1822 time: 0.0979300
2026-04-28 08:52:27.816 10 INFO neutron.db.ovn_revision_numbers_db [None req-571740e8-b794-4432-9383-ebae05917d64 - - - - - -] Successfully bumped revision number for resource 8219ea56-b239-4b9e-87dc-44b5c795252a (type: router_ports) to 4
2026-04-28 08:52:27.879 10 INFO neutron.db.ovn_revision_numbers_db [None req-87c5827c-66f1-497e-abb7-8f6259d38d5e a6b454600d1643139053912254819638 afe881ef118d45448b68b21dd4c59de3 - - default default] Successfully bumped revision number for resource 331bba9b-d6f0-4186-8cfa-d3f5cfad844d (type: security_group_rules) to 0
2026-04-28 08:52:27.927 10 INFO neutron.wsgi [None req-87c5827c-66f1-497e-abb7-8f6259d38d5e a6b454600d1643139053912254819638 afe881ef118d45448b68b21dd4c59de3 - - default default] 10.0.0.101 "POST /v2.0/security-group-rules HTTP/1.1" status: 201 len: 769 time: 0.5248573
2026-04-28 08:52:27.982 10 WARNING neutron.scheduler.dhcp_agent_scheduler [None req-8c04cb83-815d-4be2-a8ae-13e60c3ecdc9 3e5bdc04382142c18fc5968c9b219894 cb559ca823fc4599a456cda9bf813f2d - - default default] No more DHCP agents
2026-04-28 08:52:27.987 10 WARNING neutron.api.rpc.agentnotifiers.dhcp_rpc_agent_api [None req-8c04cb83-815d-4be2-a8ae-13e60c3ecdc9 3e5bdc04382142c18fc5968c9b219894 cb559ca823fc4599a456cda9bf813f2d - - default default] Unable to schedule network e419bf3e-e073-4dc2-adef-16fff092c040: no agents available; will retry on subsequent port and subnet creation events.
2026-04-28 08:52:28.106 9 INFO neutron.db.ovn_revision_numbers_db [req-b1f130b1-ea9f-4089-b1cf-557c73f99f7e req-76740e0c-d157-460c-9bb2-c2626d906bca 5fa2fc9583c94d1aa6d2c525212446a1 dbc64d9d6af7440baeb8100b76f421c6 - - default default] Successfully bumped revision number for resource eed1528f-139e-48e6-875f-1443985a27ba (type: security_group_rules) to 0
2026-04-28 08:52:28.276 9 INFO neutron.wsgi [req-b1f130b1-ea9f-4089-b1cf-557c73f99f7e req-76740e0c-d157-460c-9bb2-c2626d906bca 5fa2fc9583c94d1aa6d2c525212446a1 dbc64d9d6af7440baeb8100b76f421c6 - - default default] 10.0.0.127 "POST /v2.0/security-group-rules HTTP/1.1" status: 201 len: 786 time: 0.4654319
2026-04-28 08:52:28.294 9 INFO neutron.db.ovn_revision_numbers_db [None req-9d8d9a68-c9b2-4170-96b5-9135659312c3 - - - - - -] Successfully bumped revision number for resource d2a40f2e-8241-4939-b9d6-50396ba29b05 (type: ports) to 2
2026-04-28 08:52:28.346 10 WARNING neutron.scheduler.dhcp_agent_scheduler [None req-b705efa5-705f-42f1-8aef-642c92e6d7fe a6b454600d1643139053912254819638 afe881ef118d45448b68b21dd4c59de3 - - default default] No more DHCP agents
2026-04-28 08:52:28.351 10 WARNING neutron.api.rpc.agentnotifiers.dhcp_rpc_agent_api [None req-b705efa5-705f-42f1-8aef-642c92e6d7fe a6b454600d1643139053912254819638 afe881ef118d45448b68b21dd4c59de3 - - default default] Unable to schedule network e419bf3e-e073-4dc2-adef-16fff092c040: no agents available; will retry on subsequent port and subnet creation events.
2026-04-28 08:52:28.631 9 INFO neutron.db.ovn_revision_numbers_db [None req-aca27574-41fb-4a8c-8c5c-b1b81b06d712 56172e8c90ef45059602b768e6b9d171 fac1150d86bd43b48062b71e86218f90 - - default default] Successfully bumped revision number for resource d2a40f2e-8241-4939-b9d6-50396ba29b05 (type: router_ports) to 1
2026-04-28 08:52:28.634 9 INFO neutron.wsgi [None req-aca27574-41fb-4a8c-8c5c-b1b81b06d712 56172e8c90ef45059602b768e6b9d171 fac1150d86bd43b48062b71e86218f90 - - default default] 10.0.0.101 "PUT /v2.0/routers/54111e6c-3ac7-4101-a0ac-f4a61c9ece2e/add_router_interface HTTP/1.1" status: 200 len: 503 time: 3.5097787
2026-04-28 08:52:28.666 9 INFO neutron.db.ovn_revision_numbers_db [None req-9d8d9a68-c9b2-4170-96b5-9135659312c3 - - - - - -] Successfully bumped revision number for resource d2a40f2e-8241-4939-b9d6-50396ba29b05 (type: router_ports) to 2
2026-04-28 08:52:28.690 10 INFO neutron.db.ovn_revision_numbers_db [None req-8c04cb83-815d-4be2-a8ae-13e60c3ecdc9 3e5bdc04382142c18fc5968c9b219894 cb559ca823fc4599a456cda9bf813f2d - - default default] Successfully bumped revision number for resource 28478fa1-0dd5-490e-bc55-466c7cf32922 (type: floatingips) to 0
2026-04-28 08:52:28.730 10 INFO neutron.wsgi [None req-8c04cb83-815d-4be2-a8ae-13e60c3ecdc9 3e5bdc04382142c18fc5968c9b219894 cb559ca823fc4599a456cda9bf813f2d - - default default] 10.0.0.101 "POST /v2.0/floatingips HTTP/1.1" status: 201 len: 751 time: 1.3218205
2026-04-28 08:52:28.751 9 INFO neutron.db.ovn_revision_numbers_db [req-7ecf0ec3-e2dc-41b5-9c4f-5b0a7067869e req-26e2928e-eb80-4071-9cd8-658c14ab691b 5fa2fc9583c94d1aa6d2c525212446a1 dbc64d9d6af7440baeb8100b76f421c6 - - default default] Successfully bumped revision number for resource dadcde94-0eab-4fbf-8152-378ff4944aff (type: security_groups) to 1
2026-04-28 08:52:28.785 9 INFO neutron.db.ovn_revision_numbers_db [req-7ecf0ec3-e2dc-41b5-9c4f-5b0a7067869e req-26e2928e-eb80-4071-9cd8-658c14ab691b 5fa2fc9583c94d1aa6d2c525212446a1 dbc64d9d6af7440baeb8100b76f421c6 - - default default] Successfully bumped revision number for resource 9388a6e2-2572-4d1c-9da4-79b119b719c9 (type: security_group_rules) to 0
2026-04-28 08:52:28.807 9 INFO neutron.db.ovn_revision_numbers_db [req-7ecf0ec3-e2dc-41b5-9c4f-5b0a7067869e req-26e2928e-eb80-4071-9cd8-658c14ab691b 5fa2fc9583c94d1aa6d2c525212446a1 dbc64d9d6af7440baeb8100b76f421c6 - - default default] Successfully bumped revision number for resource ec532532-8c7c-4dd0-98c8-d67052b304dc (type: security_group_rules) to 0
2026-04-28 08:52:28.833 9 INFO neutron.wsgi [req-7ecf0ec3-e2dc-41b5-9c4f-5b0a7067869e req-26e2928e-eb80-4071-9cd8-658c14ab691b 5fa2fc9583c94d1aa6d2c525212446a1 dbc64d9d6af7440baeb8100b76f421c6 - - default default] 10.0.0.127 "POST /v2.0/security-groups HTTP/1.1" status: 201 len: 1826 time: 0.4910922
2026-04-28 08:52:28.902 9 INFO neutron.wsgi [req-8731d69e-3ca6-48d1-9dcc-52547d7d5e2b req-359a1278-06e9-4a4c-8341-746c85058ff1 5fa2fc9583c94d1aa6d2c525212446a1 dbc64d9d6af7440baeb8100b76f421c6 - - default default] 10.0.0.127 "GET /v2.0/security-groups/dadcde94-0eab-4fbf-8152-378ff4944aff HTTP/1.1" status: 200 len: 1821 time: 0.0357256
2026-04-28 08:52:28.932 10 INFO neutron.db.ovn_revision_numbers_db [None req-b705efa5-705f-42f1-8aef-642c92e6d7fe a6b454600d1643139053912254819638 afe881ef118d45448b68b21dd4c59de3 - - default default] Successfully bumped revision number for resource dd6a2b2a-2ef1-4432-b842-eb8ee635f14b (type: floatingips) to 0
2026-04-28 08:52:28.957 10 INFO neutron.wsgi [None req-b705efa5-705f-42f1-8aef-642c92e6d7fe a6b454600d1643139053912254819638 afe881ef118d45448b68b21dd4c59de3 - - default default] 10.0.0.101 "POST /v2.0/floatingips HTTP/1.1" status: 201 len: 751 time: 1.0243993
2026-04-28 08:52:29.041 9 INFO neutron.db.ovn_revision_numbers_db [req-8731d69e-3ca6-48d1-9dcc-52547d7d5e2b req-151c9a46-f66f-4088-b409-68b12e9c6cf9 5fa2fc9583c94d1aa6d2c525212446a1 dbc64d9d6af7440baeb8100b76f421c6 - - default default] Successfully bumped revision number for resource a40e8e60-eef1-49a5-b7fb-4ff4ee063fb1 (type: security_group_rules) to 0
2026-04-28 08:52:29.080 9 INFO neutron.wsgi [req-8731d69e-3ca6-48d1-9dcc-52547d7d5e2b req-151c9a46-f66f-4088-b409-68b12e9c6cf9 5fa2fc9583c94d1aa6d2c525212446a1 dbc64d9d6af7440baeb8100b76f421c6 - - default default] 10.0.0.127 "POST /v2.0/security-group-rules HTTP/1.1" status: 201 len: 786 time: 0.1726787
2026-04-28 08:52:29.159 9 INFO neutron.wsgi [req-3112c3d4-e8e6-48d0-a14c-1b8a055a772b req-23ae7985-37dc-45b1-bf2c-8f8578458b3c 5fa2fc9583c94d1aa6d2c525212446a1 dbc64d9d6af7440baeb8100b76f421c6 - - default default] 10.0.0.127 "GET /v2.0/security-groups/dadcde94-0eab-4fbf-8152-378ff4944aff HTTP/1.1" status: 200 len: 2414 time: 0.0413332
2026-04-28 08:52:29.243 9 INFO neutron.wsgi [req-5ea78763-62da-4081-842c-329f53edfc8a req-cad053c0-2375-41a9-a1ef-63186a2f70d9 3e5bdc04382142c18fc5968c9b219894 cb559ca823fc4599a456cda9bf813f2d - - default default] 10.0.0.127 "GET /v2.0/security-groups?name=tempest-securitygroup--682566953&fields=id&tenant_id=cb559ca823fc4599a456cda9bf813f2d HTTP/1.1" status: 200 len: 267 time: 0.0637708
2026-04-28 08:52:29.373 9 INFO neutron.wsgi [req-5ea78763-62da-4081-842c-329f53edfc8a req-09c317f0-5470-41b0-98fc-e210e82167b7 3e5bdc04382142c18fc5968c9b219894 cb559ca823fc4599a456cda9bf813f2d - - default default] 10.0.0.127 "GET /v2.0/networks?id=f37fb732-f015-4ffb-bea3-991660d01228 HTTP/1.1" status: 200 len: 883 time: 0.1221013
2026-04-28 08:52:29.402 9 INFO neutron.wsgi [req-5ea78763-62da-4081-842c-329f53edfc8a req-53f86514-842b-428f-87c8-9409a621b499 3e5bdc04382142c18fc5968c9b219894 cb559ca823fc4599a456cda9bf813f2d - - default default] 10.0.0.127 "GET /v2.0/quotas/cb559ca823fc4599a456cda9bf813f2d HTTP/1.1" status: 200 len: 386 time: 0.0206492
2026-04-28 08:52:29.474 9 INFO neutron.db.ovn_revision_numbers_db [req-3112c3d4-e8e6-48d0-a14c-1b8a055a772b req-655ae89d-f01d-44a9-9342-940a93942811 5fa2fc9583c94d1aa6d2c525212446a1 dbc64d9d6af7440baeb8100b76f421c6 - - default default] Successfully bumped revision number for resource 2582d0dd-b3c3-4d92-ae87-d1cf257312ac (type: security_group_rules) to 0
2026-04-28 08:52:29.511 9 INFO neutron.wsgi [req-3112c3d4-e8e6-48d0-a14c-1b8a055a772b req-655ae89d-f01d-44a9-9342-940a93942811 5fa2fc9583c94d1aa6d2c525212446a1 dbc64d9d6af7440baeb8100b76f421c6 - - default default] 10.0.0.127 "POST /v2.0/security-group-rules HTTP/1.1" status: 201 len: 791 time: 0.3434737
2026-04-28 08:52:29.562 9 INFO neutron.wsgi [req-5ea78763-62da-4081-842c-329f53edfc8a req-3d8ecd0f-73f6-4b29-bfd0-69134c4dcd89 3e5bdc04382142c18fc5968c9b219894 cb559ca823fc4599a456cda9bf813f2d - - default default] 10.0.0.127 "GET /v2.0/ports?tenant_id=cb559ca823fc4599a456cda9bf813f2d&fields=id HTTP/1.1" status: 200 len: 302 time: 0.1490822
2026-04-28 08:52:29.678 9 INFO neutron.db.ovn_revision_numbers_db [req-a6c5ca00-645a-41c8-97e5-48027b6d37a5 req-28e61c6e-9b86-429c-a055-be1eff67b44e 07d47d31fcd141a8a11516b6ce6a4198 ea9e2810468845bb887c0d368ee2a09d - - default default] Successfully bumped revision number for resource 28cf637b-dc24-4b34-aae1-673171e710b4 (type: security_groups) to 1
2026-04-28 08:52:29.692 9 INFO neutron.db.ovn_revision_numbers_db [req-a6c5ca00-645a-41c8-97e5-48027b6d37a5 req-28e61c6e-9b86-429c-a055-be1eff67b44e 07d47d31fcd141a8a11516b6ce6a4198 ea9e2810468845bb887c0d368ee2a09d - - default default] Successfully bumped revision number for resource 7848e13b-6c8a-4170-8a78-84bfddfedf8f (type: security_group_rules) to 0
2026-04-28 08:52:29.706 9 INFO neutron.db.ovn_revision_numbers_db [req-a6c5ca00-645a-41c8-97e5-48027b6d37a5 req-28e61c6e-9b86-429c-a055-be1eff67b44e 07d47d31fcd141a8a11516b6ce6a4198 ea9e2810468845bb887c0d368ee2a09d - - default default] Successfully bumped revision number for resource a5400a32-2ed2-4ab8-a247-2c4c412dc294 (type: security_group_rules) to 0
2026-04-28 08:52:29.726 9 INFO neutron.wsgi [req-a6c5ca00-645a-41c8-97e5-48027b6d37a5 req-28e61c6e-9b86-429c-a055-be1eff67b44e 07d47d31fcd141a8a11516b6ce6a4198 ea9e2810468845bb887c0d368ee2a09d - - default default] 10.0.0.127 "POST /v2.0/security-groups HTTP/1.1" status: 201 len: 1821 time: 0.1560559
2026-04-28 08:52:29.848 9 INFO neutron.wsgi [req-871804fb-8b3a-45fa-a141-291021c8f38f req-1edbdca2-33e1-4957-89fa-84c9445b6a3c a6b454600d1643139053912254819638 afe881ef118d45448b68b21dd4c59de3 - - default default] 10.0.0.127 "GET /v2.0/security-groups?name=tempest-securitygroup--1830360195&fields=id&tenant_id=afe881ef118d45448b68b21dd4c59de3 HTTP/1.1" status: 200 len: 267 time: 0.0554864
2026-04-28 08:52:29.930 9 INFO neutron.wsgi [req-871804fb-8b3a-45fa-a141-291021c8f38f req-b1234284-9891-4bf6-9d7b-3ec74ce39dc3 a6b454600d1643139053912254819638 afe881ef118d45448b68b21dd4c59de3 - - default default] 10.0.0.127 "GET /v2.0/networks?id=3ad06a34-1e1a-4436-829b-7b021d1e7408 HTTP/1.1" status: 200 len: 868 time: 0.0751531
2026-04-28 08:52:29.950 9 INFO neutron.wsgi [req-5ea78763-62da-4081-842c-329f53edfc8a req-742402a4-7399-4261-adc7-cdbcd3f64103 1673306297ea46cea0e2e65a93c8fee4 cb1a5111c579418fa4a3f1cfa1f10d6c - - 4f80f72be974423bb1c156b6d22b4158 4f80f72be974423bb1c156b6d22b4158] 10.0.0.127 "GET /v2.0/extensions HTTP/1.1" status: 200 len: 16525 time: 0.0487554
2026-04-28 08:52:29.952 9 INFO neutron.wsgi [req-871804fb-8b3a-45fa-a141-291021c8f38f req-c3b8896f-048e-4485-8a22-c214f4441a49 a6b454600d1643139053912254819638 afe881ef118d45448b68b21dd4c59de3 - - default default] 10.0.0.127 "GET /v2.0/quotas/afe881ef118d45448b68b21dd4c59de3 HTTP/1.1" status: 200 len: 386 time: 0.0156732
2026-04-28 08:52:30.065 9 INFO neutron.wsgi [req-5ea78763-62da-4081-842c-329f53edfc8a req-30e14d6e-acb6-4e80-b0e5-af31a07164b2 1673306297ea46cea0e2e65a93c8fee4 cb1a5111c579418fa4a3f1cfa1f10d6c - - 4f80f72be974423bb1c156b6d22b4158 4f80f72be974423bb1c156b6d22b4158] 10.0.0.127 "GET /v2.0/networks/f37fb732-f015-4ffb-bea3-991660d01228?fields=segments HTTP/1.1" status: 200 len: 212 time: 0.1049342
2026-04-28 08:52:30.103 9 INFO neutron.wsgi [req-871804fb-8b3a-45fa-a141-291021c8f38f req-a1761a5f-df1e-4dc4-a930-f9284ba91892 a6b454600d1643139053912254819638 afe881ef118d45448b68b21dd4c59de3 - - default default] 10.0.0.127 "GET /v2.0/ports?tenant_id=afe881ef118d45448b68b21dd4c59de3&fields=id HTTP/1.1" status: 200 len: 302 time: 0.1411905
2026-04-28 08:52:30.150 9 INFO neutron.wsgi [req-5ea78763-62da-4081-842c-329f53edfc8a req-10ea1603-197a-461d-ad10-9ef8b436fc23 1673306297ea46cea0e2e65a93c8fee4 cb1a5111c579418fa4a3f1cfa1f10d6c - - 4f80f72be974423bb1c156b6d22b4158 4f80f72be974423bb1c156b6d22b4158] 10.0.0.127 "GET /v2.0/networks/f37fb732-f015-4ffb-bea3-991660d01228?fields=provider%3Aphysical_network&fields=provider%3Anetwork_type HTTP/1.1" status: 200 len: 277 time: 0.0769207
2026-04-28 08:52:30.309 9 INFO neutron.wsgi [req-9e7d891d-2b53-43a8-ada4-be33cc1bd26f req-379cca6f-b9e5-4970-9adc-2e90d130e8f4 5fa2fc9583c94d1aa6d2c525212446a1 dbc64d9d6af7440baeb8100b76f421c6 - - default default] 10.0.0.127 "GET /v2.0/security-groups/dadcde94-0eab-4fbf-8152-378ff4944aff HTTP/1.1" status: 200 len: 3012 time: 0.0408239
2026-04-28 08:52:30.470 9 INFO neutron.db.ovn_revision_numbers_db [req-e83d3387-e117-4d5c-8262-730dd1f1c462 req-82a0d3a1-2899-4460-8f9b-4c305885fc5a 07d47d31fcd141a8a11516b6ce6a4198 ea9e2810468845bb887c0d368ee2a09d - - default default] Successfully bumped revision number for resource 178e93a4-9dec-4a4f-ba62-c6348720bfe6 (type: security_groups) to 1
2026-04-28 08:52:30.509 9 INFO neutron.db.ovn_revision_numbers_db [req-e83d3387-e117-4d5c-8262-730dd1f1c462 req-82a0d3a1-2899-4460-8f9b-4c305885fc5a 07d47d31fcd141a8a11516b6ce6a4198 ea9e2810468845bb887c0d368ee2a09d - - default default] Successfully bumped revision number for resource 77f8e3a2-5c88-419f-a707-4e7be703dea1 (type: security_group_rules) to 0
2026-04-28 08:52:30.533 9 INFO neutron.db.ovn_revision_numbers_db [req-e83d3387-e117-4d5c-8262-730dd1f1c462 req-82a0d3a1-2899-4460-8f9b-4c305885fc5a 07d47d31fcd141a8a11516b6ce6a4198 ea9e2810468845bb887c0d368ee2a09d - - default default] Successfully bumped revision number for resource bb14e8f7-8094-4da7-9c95-e26baa19ea69 (type: security_group_rules) to 0
2026-04-28 08:52:30.551 9 INFO neutron.wsgi [req-e83d3387-e117-4d5c-8262-730dd1f1c462 req-82a0d3a1-2899-4460-8f9b-4c305885fc5a 07d47d31fcd141a8a11516b6ce6a4198 ea9e2810468845bb887c0d368ee2a09d - - default default] 10.0.0.127 "POST /v2.0/security-groups HTTP/1.1" status: 201 len: 1822 time: 0.2205637
2026-04-28 08:52:30.595 9 INFO neutron.wsgi [req-871804fb-8b3a-45fa-a141-291021c8f38f req-37d5a4b3-ae42-4663-8f46-9ae11e2b8c25 1673306297ea46cea0e2e65a93c8fee4 cb1a5111c579418fa4a3f1cfa1f10d6c - - 4f80f72be974423bb1c156b6d22b4158 4f80f72be974423bb1c156b6d22b4158] 10.0.0.127 "GET /v2.0/extensions HTTP/1.1" status: 200 len: 16525 time: 0.0781980
2026-04-28 08:52:30.743 9 INFO neutron.wsgi [req-a357dac9-2014-44fa-9079-85a40e141341 req-34faddb8-af57-49b5-ace7-cb6c7a5ddf0f 3e5bdc04382142c18fc5968c9b219894 cb559ca823fc4599a456cda9bf813f2d - - default default] 10.0.0.127 "GET /v2.0/ports?device_id=65944674-ffb7-49e5-829e-f58a7403974f HTTP/1.1" status: 200 len: 210 time: 0.1571815
2026-04-28 08:52:30.789 9 INFO neutron.wsgi [req-cd751563-a16d-4817-8a98-fcd9d9a36d44 req-444b4d02-6325-4f59-beed-7722e74aab2f 5fa2fc9583c94d1aa6d2c525212446a1 dbc64d9d6af7440baeb8100b76f421c6 - - default default] 10.0.0.127 "GET /v2.0/security-group-rules/2582d0dd-b3c3-4d92-ae87-d1cf257312ac HTTP/1.1" status: 200 len: 783 time: 0.0150576
2026-04-28 08:52:30.807 9 INFO neutron.wsgi [req-871804fb-8b3a-45fa-a141-291021c8f38f req-b4075d2f-b75e-4819-8b4f-c76b4cd3e3ef 1673306297ea46cea0e2e65a93c8fee4 cb1a5111c579418fa4a3f1cfa1f10d6c - - 4f80f72be974423bb1c156b6d22b4158 4f80f72be974423bb1c156b6d22b4158] 10.0.0.127 "GET /v2.0/networks/3ad06a34-1e1a-4436-829b-7b021d1e7408?fields=segments HTTP/1.1" status: 200 len: 212 time: 0.2013230
2026-04-28 08:52:30.839 9 INFO neutron.wsgi [req-cd751563-a16d-4817-8a98-fcd9d9a36d44 req-a2610a1d-157f-4c21-b7f6-fc1f5a671cb9 5fa2fc9583c94d1aa6d2c525212446a1 dbc64d9d6af7440baeb8100b76f421c6 - - default default] 10.0.0.127 "GET /v2.0/security-groups/dadcde94-0eab-4fbf-8152-378ff4944aff HTTP/1.1" status: 200 len: 3012 time: 0.0428743
2026-04-28 08:52:30.888 9 INFO neutron.wsgi [req-871804fb-8b3a-45fa-a141-291021c8f38f req-7db7265d-7514-429a-aa6b-7d8b35268154 1673306297ea46cea0e2e65a93c8fee4 cb1a5111c579418fa4a3f1cfa1f10d6c - - 4f80f72be974423bb1c156b6d22b4158 4f80f72be974423bb1c156b6d22b4158] 10.0.0.127 "GET /v2.0/networks/3ad06a34-1e1a-4436-829b-7b021d1e7408?fields=provider%3Aphysical_network&fields=provider%3Anetwork_type HTTP/1.1" status: 200 len: 277 time: 0.0737338
2026-04-28 08:52:30.983 9 INFO neutron.wsgi [req-cd751563-a16d-4817-8a98-fcd9d9a36d44 req-fb47ad78-8a54-4685-a1b5-f8d4f0e86796 5fa2fc9583c94d1aa6d2c525212446a1 dbc64d9d6af7440baeb8100b76f421c6 - - default default] 10.0.0.127 "DELETE /v2.0/security-group-rules/2582d0dd-b3c3-4d92-ae87-d1cf257312ac HTTP/1.1" status: 204 len: 173 time: 0.1316340
2026-04-28 08:52:31.138 9 INFO neutron.wsgi [req-a87f5381-17a6-42f6-9738-5ceed0e5d266 req-901fdf2c-2ed9-486d-8b1e-9e19b3d58a4a 5fa2fc9583c94d1aa6d2c525212446a1 dbc64d9d6af7440baeb8100b76f421c6 - - default default] 10.0.0.127 "GET /v2.0/security-groups/dadcde94-0eab-4fbf-8152-378ff4944aff HTTP/1.1" status: 200 len: 2414 time: 0.0514817
2026-04-28 08:52:31.147 9 INFO neutron.db.ovn_revision_numbers_db [req-f5661f91-38ef-4268-8d18-6bec257db7ec req-0697e7fa-0031-4687-9dc6-855a4ae0692e 07d47d31fcd141a8a11516b6ce6a4198 ea9e2810468845bb887c0d368ee2a09d - - default default] Successfully bumped revision number for resource 1e38d3d1-db47-467a-be1e-56fa85aa8a46 (type: security_groups) to 1
2026-04-28 08:52:31.171 9 INFO neutron.db.ovn_revision_numbers_db [req-f5661f91-38ef-4268-8d18-6bec257db7ec req-0697e7fa-0031-4687-9dc6-855a4ae0692e 07d47d31fcd141a8a11516b6ce6a4198 ea9e2810468845bb887c0d368ee2a09d - - default default] Successfully bumped revision number for resource 9115ec29-396e-4a7a-8411-dcabbb85aca1 (type: security_group_rules) to 0
