2026-04-28 08:54:23.355 9 INFO neutron.db.ovn_revision_numbers_db [None req-743b31bc-86ce-4a60-a813-7224ec1b4a36 56172e8c90ef45059602b768e6b9d171 fac1150d86bd43b48062b71e86218f90 - - default default] Successfully bumped revision number for resource 6f46fa9c-23a5-48b2-ba24-8baf71ea836c (type: security_group_rules) to 0
2026-04-28 08:54:23.370 9 INFO neutron.db.ovn_revision_numbers_db [None req-743b31bc-86ce-4a60-a813-7224ec1b4a36 56172e8c90ef45059602b768e6b9d171 fac1150d86bd43b48062b71e86218f90 - - default default] Successfully bumped revision number for resource a569144e-4b49-41c7-959a-2455369fdce4 (type: security_group_rules) to 0
2026-04-28 08:54:23.385 9 INFO neutron.db.ovn_revision_numbers_db [None req-743b31bc-86ce-4a60-a813-7224ec1b4a36 56172e8c90ef45059602b768e6b9d171 fac1150d86bd43b48062b71e86218f90 - - default default] Successfully bumped revision number for resource ba408a5a-e803-4339-8621-3414eebe4a23 (type: security_group_rules) to 0
2026-04-28 08:54:23.414 9 INFO neutron.wsgi [None req-743b31bc-86ce-4a60-a813-7224ec1b4a36 56172e8c90ef45059602b768e6b9d171 fac1150d86bd43b48062b71e86218f90 - - default default] 10.0.0.101 "GET /v2.0/security-groups?tenant_id=b7ea5d08a8f44e58bda6f56ab21dadd4&name=default HTTP/1.1" status: 200 len: 2996 time: 0.2374704
2026-04-28 08:54:23.463 10 INFO neutron.db.ovn_revision_numbers_db [None req-700ed809-2162-4dbc-a209-e9e2587d947b 56172e8c90ef45059602b768e6b9d171 fac1150d86bd43b48062b71e86218f90 - - default default] Successfully bumped revision number for resource 15d6d468-4014-41f5-b741-6b911e9737b7 (type: security_groups) to 1
2026-04-28 08:54:23.508 10 INFO neutron.db.ovn_revision_numbers_db [None req-700ed809-2162-4dbc-a209-e9e2587d947b 56172e8c90ef45059602b768e6b9d171 fac1150d86bd43b48062b71e86218f90 - - default default] Successfully bumped revision number for resource 15d6ffcc-1540-4c4f-941b-0778310e258f (type: security_group_rules) to 0
2026-04-28 08:54:23.539 10 INFO neutron.db.ovn_revision_numbers_db [None req-700ed809-2162-4dbc-a209-e9e2587d947b 56172e8c90ef45059602b768e6b9d171 fac1150d86bd43b48062b71e86218f90 - - default default] Successfully bumped revision number for resource 2e659969-3177-44d0-a975-04fa59857a5d (type: security_group_rules) to 0
2026-04-28 08:54:23.559 10 WARNING neutron.scheduler.dhcp_agent_scheduler [None req-a8bf29a7-a10e-476c-a9fd-f5aea31320e2 3fedc38a6d76481986d2d166b174bd5a 68cd0a6439064a29b3c5e7095824ba99 - - default default] No more DHCP agents
2026-04-28 08:54:23.563 10 INFO neutron.db.ovn_revision_numbers_db [None req-700ed809-2162-4dbc-a209-e9e2587d947b 56172e8c90ef45059602b768e6b9d171 fac1150d86bd43b48062b71e86218f90 - - default default] Successfully bumped revision number for resource 6ef5ee86-c20f-4022-b67f-56adf96ffec2 (type: security_group_rules) to 0
2026-04-28 08:54:23.564 10 WARNING neutron.api.rpc.agentnotifiers.dhcp_rpc_agent_api [None req-a8bf29a7-a10e-476c-a9fd-f5aea31320e2 3fedc38a6d76481986d2d166b174bd5a 68cd0a6439064a29b3c5e7095824ba99 - - default default] Unable to schedule network 5010b249-e702-4955-bd6b-434c0c887854: no agents available; will retry on subsequent port and subnet creation events.
2026-04-28 08:54:23.599 10 INFO neutron.db.ovn_revision_numbers_db [None req-700ed809-2162-4dbc-a209-e9e2587d947b 56172e8c90ef45059602b768e6b9d171 fac1150d86bd43b48062b71e86218f90 - - default default] Successfully bumped revision number for resource 7bba36d3-d5c8-4019-8b9c-7dccc701f301 (type: security_group_rules) to 0
2026-04-28 08:54:23.629 9 INFO neutron.wsgi [None req-a66a5f6b-83d9-4231-ab44-ee33e55eda24 56172e8c90ef45059602b768e6b9d171 fac1150d86bd43b48062b71e86218f90 - - default default] 10.0.0.101 "DELETE /v2.0/security-groups/34c8744f-6603-41c7-bea1-e2a2bb743618 HTTP/1.1" status: 204 len: 168 time: 0.2102838
2026-04-28 08:54:23.639 10 INFO neutron.wsgi [None req-700ed809-2162-4dbc-a209-e9e2587d947b 56172e8c90ef45059602b768e6b9d171 fac1150d86bd43b48062b71e86218f90 - - default default] 10.0.0.101 "GET /v2.0/security-groups?tenant_id=f16454cf59164759a3c6af69233f3121&name=default HTTP/1.1" status: 200 len: 2996 time: 0.5642507
2026-04-28 08:54:23.671 10 INFO neutron.db.ovn_revision_numbers_db [None req-a8bf29a7-a10e-476c-a9fd-f5aea31320e2 3fedc38a6d76481986d2d166b174bd5a 68cd0a6439064a29b3c5e7095824ba99 - - default default] Successfully bumped revision number for resource 17ecd7b0-f702-484a-a4a7-86eafdf9279e (type: ports) to 1
2026-04-28 08:54:23.696 10 INFO neutron.wsgi [None req-a8bf29a7-a10e-476c-a9fd-f5aea31320e2 3fedc38a6d76481986d2d166b174bd5a 68cd0a6439064a29b3c5e7095824ba99 - - default default] 10.0.0.101 "POST /v2.0/networks HTTP/1.1" status: 201 len: 853 time: 0.7898688
2026-04-28 08:54:23.987 9 INFO neutron.wsgi [None req-0f5aadfc-b5fd-4041-b64f-4d7527000aa1 56172e8c90ef45059602b768e6b9d171 fac1150d86bd43b48062b71e86218f90 - - default default] 10.0.0.101 "DELETE /v2.0/security-groups/15d6d468-4014-41f5-b741-6b911e9737b7 HTTP/1.1" status: 204 len: 168 time: 0.3413978
2026-04-28 08:54:24.242 9 WARNING neutron.scheduler.dhcp_agent_scheduler [None req-891f1d6e-fc79-491b-9b27-c1857f6882b8 3fedc38a6d76481986d2d166b174bd5a 68cd0a6439064a29b3c5e7095824ba99 - - default default] No more DHCP agents
2026-04-28 08:54:24.246 9 WARNING neutron.api.rpc.agentnotifiers.dhcp_rpc_agent_api [None req-891f1d6e-fc79-491b-9b27-c1857f6882b8 3fedc38a6d76481986d2d166b174bd5a 68cd0a6439064a29b3c5e7095824ba99 - - default default] Unable to schedule network ef5ffb9b-b885-4af8-87b0-c19f44a669ba: no agents available; will retry on subsequent port and subnet creation events.
2026-04-28 08:54:24.299 10 INFO neutron.db.ovn_revision_numbers_db [None req-d4bbf029-117a-41b4-a6ac-db6ba5a76082 56172e8c90ef45059602b768e6b9d171 fac1150d86bd43b48062b71e86218f90 - - default default] Successfully bumped revision number for resource 8e3fc404-417c-4dd8-a64c-004a658858c9 (type: security_groups) to 1
2026-04-28 08:54:24.330 10 INFO neutron.db.ovn_revision_numbers_db [None req-d4bbf029-117a-41b4-a6ac-db6ba5a76082 56172e8c90ef45059602b768e6b9d171 fac1150d86bd43b48062b71e86218f90 - - default default] Successfully bumped revision number for resource 2a2ac3a5-05f9-4d7f-9173-b6092a80091f (type: security_group_rules) to 0
2026-04-28 08:54:24.342 9 INFO neutron.db.ovn_revision_numbers_db [None req-891f1d6e-fc79-491b-9b27-c1857f6882b8 3fedc38a6d76481986d2d166b174bd5a 68cd0a6439064a29b3c5e7095824ba99 - - default default] Successfully bumped revision number for resource 2337876b-6051-402b-ae40-a3da0c13d340 (type: ports) to 1
2026-04-28 08:54:24.350 10 INFO neutron.db.ovn_revision_numbers_db [None req-d4bbf029-117a-41b4-a6ac-db6ba5a76082 56172e8c90ef45059602b768e6b9d171 fac1150d86bd43b48062b71e86218f90 - - default default] Successfully bumped revision number for resource 5415867f-df1c-421f-9f18-4b082af0e4a6 (type: security_group_rules) to 0
2026-04-28 08:54:24.366 10 INFO neutron.db.ovn_revision_numbers_db [None req-d4bbf029-117a-41b4-a6ac-db6ba5a76082 56172e8c90ef45059602b768e6b9d171 fac1150d86bd43b48062b71e86218f90 - - default default] Successfully bumped revision number for resource 854b1141-f90f-456d-8ef3-85f06b81dbec (type: security_group_rules) to 0
2026-04-28 08:54:24.374 9 WARNING neutron.scheduler.dhcp_agent_scheduler [None req-891f1d6e-fc79-491b-9b27-c1857f6882b8 3fedc38a6d76481986d2d166b174bd5a 68cd0a6439064a29b3c5e7095824ba99 - - default default] No more DHCP agents
2026-04-28 08:54:24.377 9 WARNING neutron.api.rpc.agentnotifiers.dhcp_rpc_agent_api [None req-891f1d6e-fc79-491b-9b27-c1857f6882b8 3fedc38a6d76481986d2d166b174bd5a 68cd0a6439064a29b3c5e7095824ba99 - - default default] Unable to schedule network 5010b249-e702-4955-bd6b-434c0c887854: no agents available; will retry on subsequent port and subnet creation events.
2026-04-28 08:54:24.382 10 INFO neutron.db.ovn_revision_numbers_db [None req-d4bbf029-117a-41b4-a6ac-db6ba5a76082 56172e8c90ef45059602b768e6b9d171 fac1150d86bd43b48062b71e86218f90 - - default default] Successfully bumped revision number for resource e705f96d-b618-4740-969e-b6622183abdb (type: security_group_rules) to 0
2026-04-28 08:54:24.407 10 INFO neutron.wsgi [None req-d4bbf029-117a-41b4-a6ac-db6ba5a76082 56172e8c90ef45059602b768e6b9d171 fac1150d86bd43b48062b71e86218f90 - - default default] 10.0.0.101 "GET /v2.0/security-groups?tenant_id=64b4784e2cf943ffb691c9e570026e83&name=default HTTP/1.1" status: 200 len: 2996 time: 0.2464671
2026-04-28 08:54:24.465 9 INFO neutron.db.ovn_revision_numbers_db [None req-891f1d6e-fc79-491b-9b27-c1857f6882b8 3fedc38a6d76481986d2d166b174bd5a 68cd0a6439064a29b3c5e7095824ba99 - - default default] Successfully bumped revision number for resource af28e139-8c97-42b2-a8af-535f728a9ef0 (type: ports) to 1
2026-04-28 08:54:24.490 9 INFO neutron.wsgi [None req-891f1d6e-fc79-491b-9b27-c1857f6882b8 3fedc38a6d76481986d2d166b174bd5a 68cd0a6439064a29b3c5e7095824ba99 - - default default] 10.0.0.101 "POST /v2.0/ports HTTP/1.1" status: 201 len: 1705 time: 0.7887456
2026-04-28 08:54:24.865 10 INFO neutron.wsgi [None req-92dd7656-7cd0-46d7-a9e9-f5517c9f3cc4 3fedc38a6d76481986d2d166b174bd5a 68cd0a6439064a29b3c5e7095824ba99 - - default default] 10.0.0.101 "GET /v2.0/ports HTTP/1.1" status: 200 len: 3212 time: 0.3673365
2026-04-28 08:54:24.955 10 INFO neutron.wsgi [None req-93afde46-6295-4783-a27b-e6466d18210f 56172e8c90ef45059602b768e6b9d171 fac1150d86bd43b48062b71e86218f90 - - default default] 10.0.0.101 "DELETE /v2.0/security-groups/8e3fc404-417c-4dd8-a64c-004a658858c9 HTTP/1.1" status: 204 len: 168 time: 0.5438528
2026-04-28 08:54:25.116 10 INFO neutron.wsgi [None req-c57b8731-75cc-46cf-b535-b14639b72c20 3fedc38a6d76481986d2d166b174bd5a 68cd0a6439064a29b3c5e7095824ba99 - - default default] 10.0.0.101 "DELETE /v2.0/ports/2337876b-6051-402b-ae40-a3da0c13d340 HTTP/1.1" status: 204 len: 168 time: 0.2458649
2026-04-28 08:54:25.228 10 INFO neutron.db.ovn_revision_numbers_db [None req-b331dceb-83bc-44ad-a1c5-f47275a01875 56172e8c90ef45059602b768e6b9d171 fac1150d86bd43b48062b71e86218f90 - - default default] Successfully bumped revision number for resource c6299c43-264b-474e-8737-b50c909c5bad (type: security_groups) to 1
2026-04-28 08:54:25.246 10 INFO neutron.db.ovn_revision_numbers_db [None req-b331dceb-83bc-44ad-a1c5-f47275a01875 56172e8c90ef45059602b768e6b9d171 fac1150d86bd43b48062b71e86218f90 - - default default] Successfully bumped revision number for resource 2df70fd6-b529-4fd0-ba3b-4a531f4772ac (type: security_group_rules) to 0
2026-04-28 08:54:25.284 10 INFO neutron.db.ovn_revision_numbers_db [None req-b331dceb-83bc-44ad-a1c5-f47275a01875 56172e8c90ef45059602b768e6b9d171 fac1150d86bd43b48062b71e86218f90 - - default default] Successfully bumped revision number for resource 5a392cab-fd4b-4ccf-9f43-1ebdb99f2004 (type: security_group_rules) to 0
2026-04-28 08:54:25.297 10 INFO neutron.db.ovn_revision_numbers_db [None req-b331dceb-83bc-44ad-a1c5-f47275a01875 56172e8c90ef45059602b768e6b9d171 fac1150d86bd43b48062b71e86218f90 - - default default] Successfully bumped revision number for resource 961e7d73-02d1-4b78-be95-c75719cc4782 (type: security_group_rules) to 0
2026-04-28 08:54:25.311 10 INFO neutron.db.ovn_revision_numbers_db [None req-b331dceb-83bc-44ad-a1c5-f47275a01875 56172e8c90ef45059602b768e6b9d171 fac1150d86bd43b48062b71e86218f90 - - default default] Successfully bumped revision number for resource f4147a61-408d-4581-845a-6e2c64e26253 (type: security_group_rules) to 0
2026-04-28 08:54:25.344 10 INFO neutron.wsgi [None req-b331dceb-83bc-44ad-a1c5-f47275a01875 56172e8c90ef45059602b768e6b9d171 fac1150d86bd43b48062b71e86218f90 - - default default] 10.0.0.101 "GET /v2.0/security-groups?tenant_id=e295e1e1ab394cf3afb5a01b06348d40&name=default HTTP/1.1" status: 200 len: 2996 time: 0.2709038 /var/lib/openstack/lib/python3.10/site-packages/pycadf/identifier.py:71: UserWarning: Invalid uuid: neutron. To ensure interoperability, identifiers should be a valid uuid. warnings.warn(('Invalid uuid: %s. To ensure interoperability, '
2026-04-28 08:54:25.365 10 INFO neutron.wsgi [None req-d72f27b3-2f57-4722-a0ea-f6752cbfdb98 3fedc38a6d76481986d2d166b174bd5a 68cd0a6439064a29b3c5e7095824ba99 - - default default] 10.0.0.101 "DELETE /v2.0/ports/af28e139-8c97-42b2-a8af-535f728a9ef0 HTTP/1.1" status: 204 len: 168 time: 0.2444756
2026-04-28 08:54:25.413 10 INFO neutron.wsgi [None req-d52f000e-72f8-4c05-bfe0-e8d1291bbaf0 3fedc38a6d76481986d2d166b174bd5a 68cd0a6439064a29b3c5e7095824ba99 - - default default] 10.0.0.101 "GET /v2.0/ports HTTP/1.1" status: 200 len: 1718 time: 0.0423095
2026-04-28 08:54:25.509 10 INFO neutron.db.segments_db [None req-cdc9effb-905c-4e2a-8c89-eb07810116e2 3fedc38a6d76481986d2d166b174bd5a 68cd0a6439064a29b3c5e7095824ba99 - - default default] Added segment fb5231d3-31b3-4e7e-8922-ce650be3f024 of type geneve for network 71bd4b88-1d65-4afe-a770-23544cf68a0f
2026-04-28 08:54:25.695 9 INFO neutron.wsgi [None req-bfe564fe-31e6-4e60-8c83-92d924e2ddb6 56172e8c90ef45059602b768e6b9d171 fac1150d86bd43b48062b71e86218f90 - - default default] 10.0.0.101 "DELETE /v2.0/security-groups/c6299c43-264b-474e-8737-b50c909c5bad HTTP/1.1" status: 204 len: 168 time: 0.3472805
2026-04-28 08:54:25.699 10 INFO neutron.db.ovn_revision_numbers_db [None req-cdc9effb-905c-4e2a-8c89-eb07810116e2 3fedc38a6d76481986d2d166b174bd5a 68cd0a6439064a29b3c5e7095824ba99 - - default default] Successfully bumped revision number for resource 71bd4b88-1d65-4afe-a770-23544cf68a0f (type: networks) to 1
2026-04-28 08:54:26.133 10 WARNING neutron.scheduler.dhcp_agent_scheduler [None req-cdc9effb-905c-4e2a-8c89-eb07810116e2 3fedc38a6d76481986d2d166b174bd5a 68cd0a6439064a29b3c5e7095824ba99 - - default default] No more DHCP agents
2026-04-28 08:54:26.137 10 WARNING neutron.api.rpc.agentnotifiers.dhcp_rpc_agent_api [None req-cdc9effb-905c-4e2a-8c89-eb07810116e2 3fedc38a6d76481986d2d166b174bd5a 68cd0a6439064a29b3c5e7095824ba99 - - default default] Unable to schedule network 71bd4b88-1d65-4afe-a770-23544cf68a0f: no agents available; will retry on subsequent port and subnet creation events.
2026-04-28 08:54:26.249 10 INFO neutron.db.ovn_revision_numbers_db [None req-cdc9effb-905c-4e2a-8c89-eb07810116e2 3fedc38a6d76481986d2d166b174bd5a 68cd0a6439064a29b3c5e7095824ba99 - - default default] Successfully bumped revision number for resource 96d30854-fdd1-41b4-8a1e-c96dcbf9b0e4 (type: ports) to 1
2026-04-28 08:54:26.310 10 INFO neutron.wsgi [None req-cdc9effb-905c-4e2a-8c89-eb07810116e2 3fedc38a6d76481986d2d166b174bd5a 68cd0a6439064a29b3c5e7095824ba99 - - default default] 10.0.0.101 "POST /v2.0/networks HTTP/1.1" status: 201 len: 853 time: 0.8906262
2026-04-28 08:54:26.434 9 INFO neutron.db.segments_db [None req-f066482b-0778-4e69-9440-8720f9ccf027 3fedc38a6d76481986d2d166b174bd5a 68cd0a6439064a29b3c5e7095824ba99 - - default default] Added segment 4eec77e3-5f2d-462d-a5bf-285e011dc2ab of type geneve for network d154caaa-0cf2-4ec5-9256-1f16d81d1000
2026-04-28 08:54:26.799 9 INFO neutron.db.ovn_revision_numbers_db [None req-f066482b-0778-4e69-9440-8720f9ccf027 3fedc38a6d76481986d2d166b174bd5a 68cd0a6439064a29b3c5e7095824ba99 - - default default] Successfully bumped revision number for resource d154caaa-0cf2-4ec5-9256-1f16d81d1000 (type: networks) to 1
2026-04-28 08:54:27.006 9 WARNING neutron.scheduler.dhcp_agent_scheduler [None req-f066482b-0778-4e69-9440-8720f9ccf027 3fedc38a6d76481986d2d166b174bd5a 68cd0a6439064a29b3c5e7095824ba99 - - default default] No more DHCP agents
2026-04-28 08:54:27.009 9 WARNING neutron.api.rpc.agentnotifiers.dhcp_rpc_agent_api [None req-f066482b-0778-4e69-9440-8720f9ccf027 3fedc38a6d76481986d2d166b174bd5a 68cd0a6439064a29b3c5e7095824ba99 - - default default] Unable to schedule network d154caaa-0cf2-4ec5-9256-1f16d81d1000: no agents available; will retry on subsequent port and subnet creation events.
2026-04-28 08:54:27.145 9 INFO neutron.db.ovn_revision_numbers_db [None req-f066482b-0778-4e69-9440-8720f9ccf027 3fedc38a6d76481986d2d166b174bd5a 68cd0a6439064a29b3c5e7095824ba99 - - default default] Successfully bumped revision number for resource 934c4f58-a1dc-41ff-8ceb-b530f6e0f11e (type: ports) to 1
2026-04-28 08:54:27.191 9 INFO neutron.wsgi [None req-f066482b-0778-4e69-9440-8720f9ccf027 3fedc38a6d76481986d2d166b174bd5a 68cd0a6439064a29b3c5e7095824ba99 - - default default] 10.0.0.101 "POST /v2.0/networks HTTP/1.1" status: 201 len: 852 time: 0.8748682
2026-04-28 08:54:28.483 10 WARNING neutron.scheduler.dhcp_agent_scheduler [None req-197b5518-5f9b-4832-a35e-ba86b75862ce 3fedc38a6d76481986d2d166b174bd5a 68cd0a6439064a29b3c5e7095824ba99 - - default default] No more DHCP agents
2026-04-28 08:54:28.485 10 WARNING neutron.api.rpc.agentnotifiers.dhcp_rpc_agent_api [None req-197b5518-5f9b-4832-a35e-ba86b75862ce 3fedc38a6d76481986d2d166b174bd5a 68cd0a6439064a29b3c5e7095824ba99 - - default default] Unable to schedule network 71bd4b88-1d65-4afe-a770-23544cf68a0f: no agents available; will retry on subsequent port and subnet creation events.
2026-04-28 08:54:28.863 10 INFO neutron.db.ovn_revision_numbers_db [None req-197b5518-5f9b-4832-a35e-ba86b75862ce 3fedc38a6d76481986d2d166b174bd5a 68cd0a6439064a29b3c5e7095824ba99 - - default default] Successfully bumped revision number for resource 8d7e6ab3-4326-41eb-91aa-06e1d55efae7 (type: subnets) to 0
2026-04-28 08:54:28.903 10 WARNING neutron.scheduler.dhcp_agent_scheduler [None req-197b5518-5f9b-4832-a35e-ba86b75862ce 3fedc38a6d76481986d2d166b174bd5a 68cd0a6439064a29b3c5e7095824ba99 - - default default] No more DHCP agents
2026-04-28 08:54:28.909 10 WARNING neutron.api.rpc.agentnotifiers.dhcp_rpc_agent_api [None req-197b5518-5f9b-4832-a35e-ba86b75862ce 3fedc38a6d76481986d2d166b174bd5a 68cd0a6439064a29b3c5e7095824ba99 - - default default] Unable to schedule network d154caaa-0cf2-4ec5-9256-1f16d81d1000: no agents available; will retry on subsequent port and subnet creation events.
2026-04-28 08:54:29.064 10 INFO neutron.db.ovn_revision_numbers_db [None req-197b5518-5f9b-4832-a35e-ba86b75862ce 3fedc38a6d76481986d2d166b174bd5a 68cd0a6439064a29b3c5e7095824ba99 - - default default] Successfully bumped revision number for resource 4472247c-3945-4e75-80c5-4af5a29bb5b0 (type: subnets) to 0
2026-04-28 08:54:29.155 10 INFO neutron.wsgi [None req-197b5518-5f9b-4832-a35e-ba86b75862ce 3fedc38a6d76481986d2d166b174bd5a 68cd0a6439064a29b3c5e7095824ba99 - - default default] 10.0.0.101 "POST /v2.0/subnets HTTP/1.1" status: 201 len: 1475 time: 1.3830674
2026-04-28 08:54:29.203 10 INFO neutron.wsgi [None req-08d8851d-980f-4e45-b4c7-3303b9208573 3fedc38a6d76481986d2d166b174bd5a 68cd0a6439064a29b3c5e7095824ba99 - - default default] 10.0.0.101 "GET /v2.0/subnets HTTP/1.1" status: 200 len: 2083 time: 0.0415893
2026-04-28 08:54:29.456 10 INFO neutron.wsgi [None req-68db4591-9fae-4b3e-bf87-14af03de2092 3fedc38a6d76481986d2d166b174bd5a 68cd0a6439064a29b3c5e7095824ba99 - - default default] 10.0.0.101 "DELETE /v2.0/subnets/8d7e6ab3-4326-41eb-91aa-06e1d55efae7 HTTP/1.1" status: 204 len: 168 time: 0.2399654
2026-04-28 08:54:29.958 10 INFO neutron.wsgi [None req-9131cffc-e1dc-4a2b-8f77-d5d800d0517c 3fedc38a6d76481986d2d166b174bd5a 68cd0a6439064a29b3c5e7095824ba99 - - default default] 10.0.0.101 "DELETE /v2.0/subnets/4472247c-3945-4e75-80c5-4af5a29bb5b0 HTTP/1.1" status: 204 len: 168 time: 0.4965193
2026-04-28 08:54:30.023 9 INFO neutron.wsgi [None req-36318f3e-d512-4f5d-a37d-534fe4429823 3fedc38a6d76481986d2d166b174bd5a 68cd0a6439064a29b3c5e7095824ba99 - - default default] 10.0.0.101 "GET /v2.0/subnets HTTP/1.1" status: 200 len: 820 time: 0.0610580
2026-04-28 08:54:30.492 10 INFO neutron.services.segments.plugin [-] Segment 4eec77e3-5f2d-462d-a5bf-285e011dc2ab resource provider aggregate not found
2026-04-28 08:54:30.512 10 INFO neutron.services.segments.plugin [-] Segment 4eec77e3-5f2d-462d-a5bf-285e011dc2ab resource provider aggregate not found
2026-04-28 08:54:30.531 10 INFO neutron.services.segments.plugin [-] Segment 4eec77e3-5f2d-462d-a5bf-285e011dc2ab resource provider not found; error: Placement Client Error (4xx): {"errors": [{"status": 404, "title": "Not Found", "detail": "The resource could not be found.\n\n No resource provider with uuid 4eec77e3-5f2d-462d-a5bf-285e011dc2ab found for delete ", "request_id": "req-72861da8-c238-4572-a956-21add5dfddcf"}]}
2026-04-28 08:54:30.534 10 INFO neutron.services.segments.plugin [-] Segment 4eec77e3-5f2d-462d-a5bf-285e011dc2ab resource provider not found; error: Placement Client Error (4xx): {"errors": [{"status": 404, "title": "Not Found", "detail": "The resource could not be found.\n\n No resource provider with uuid 4eec77e3-5f2d-462d-a5bf-285e011dc2ab found for delete ", "request_id": "req-be8d16fc-b7a2-4e4c-8b05-6ac2b31b656c"}]}
2026-04-28 08:54:30.601 10 INFO neutron.wsgi [None req-be3f2985-d31d-4a48-8532-1d33234e28b4 3fedc38a6d76481986d2d166b174bd5a 68cd0a6439064a29b3c5e7095824ba99 - - default default] 10.0.0.101 "DELETE /v2.0/networks/d154caaa-0cf2-4ec5-9256-1f16d81d1000 HTTP/1.1" status: 204 len: 168 time: 0.5735700
2026-04-28 08:54:31.462 10 INFO neutron.wsgi [None req-aa3bf4a2-f9e8-4a7f-a98a-2f7b1dc5e790 3fedc38a6d76481986d2d166b174bd5a 68cd0a6439064a29b3c5e7095824ba99 - - default default] 10.0.0.101 "DELETE /v2.0/networks/71bd4b88-1d65-4afe-a770-23544cf68a0f HTTP/1.1" status: 204 len: 168 time: 0.8560915
2026-04-28 08:54:32.082 9 INFO neutron.services.segments.plugin [-] Segment 294d2f32-5f2b-4129-b1da-8fc8d2413638 resource provider aggregate not found
2026-04-28 08:54:32.087 9 INFO neutron.services.segments.plugin [-] Segment 294d2f32-5f2b-4129-b1da-8fc8d2413638 resource provider aggregate not found
2026-04-28 08:54:32.107 9 INFO neutron.services.segments.plugin [-] Segment 294d2f32-5f2b-4129-b1da-8fc8d2413638 resource provider not found; error: Placement Client Error (4xx): {"errors": [{"status": 404, "title": "Not Found", "detail": "The resource could not be found.\n\n No resource provider with uuid 294d2f32-5f2b-4129-b1da-8fc8d2413638 found for delete ", "request_id": "req-607982f8-fc14-40ed-bd14-2d6df159e9cb"}]}
2026-04-28 08:54:32.109 9 INFO neutron.services.segments.plugin [-] Segment 294d2f32-5f2b-4129-b1da-8fc8d2413638 resource provider not found; error: Placement Client Error (4xx): {"errors": [{"status": 404, "title": "Not Found", "detail": "The resource could not be found.\n\n No resource provider with uuid 294d2f32-5f2b-4129-b1da-8fc8d2413638 found for delete ", "request_id": "req-817061e9-b14a-4dcb-a0c0-4fe4f055fddd"}]}
2026-04-28 08:54:32.188 9 INFO neutron.wsgi [None req-040f4257-adcf-4a85-9abe-1addbbfec8ac 3fedc38a6d76481986d2d166b174bd5a 68cd0a6439064a29b3c5e7095824ba99 - - default default] 10.0.0.101 "DELETE /v2.0/networks/5010b249-e702-4955-bd6b-434c0c887854 HTTP/1.1" status: 204 len: 168 time: 0.7202294
2026-04-28 08:54:32.551 10 INFO neutron.services.segments.plugin [-] Segment fb5231d3-31b3-4e7e-8922-ce650be3f024 resource provider aggregate not found
2026-04-28 08:54:32.557 10 INFO neutron.services.segments.plugin [-] Segment fb5231d3-31b3-4e7e-8922-ce650be3f024 resource provider aggregate not found
2026-04-28 08:54:32.569 10 INFO neutron.services.segments.plugin [-] Segment fb5231d3-31b3-4e7e-8922-ce650be3f024 resource provider not found; error: Placement Client Error (4xx): {"errors": [{"status": 404, "title": "Not Found", "detail": "The resource could not be found.\n\n No resource provider with uuid fb5231d3-31b3-4e7e-8922-ce650be3f024 found for delete ", "request_id": "req-5725dbdd-f4d8-48fe-aa44-c0c34009d7da"}]}
2026-04-28 08:54:32.574 10 INFO neutron.services.segments.plugin [-] Segment fb5231d3-31b3-4e7e-8922-ce650be3f024 resource provider not found; error: Placement Client Error (4xx): {"errors": [{"status": 404, "title": "Not Found", "detail": "The resource could not be found.\n\n No resource provider with uuid fb5231d3-31b3-4e7e-8922-ce650be3f024 found for delete ", "request_id": "req-984d84e5-d1e4-43ee-95b4-a794ab4db71b"}]}
2026-04-28 08:54:32.651 10 INFO neutron.wsgi [req-d92e1d7c-7aee-457f-9532-3323469d48b7 req-e785ac01-c12a-4eb0-b80a-13bca764b27c 1673306297ea46cea0e2e65a93c8fee4 cb1a5111c579418fa4a3f1cfa1f10d6c - - 4f80f72be974423bb1c156b6d22b4158 4f80f72be974423bb1c156b6d22b4158] 10.0.0.223 "GET /v2.0/ports?device_id=55933228-239d-47d4-88bf-d181a1416c65 HTTP/1.1" status: 200 len: 1409 time: 0.0372052
2026-04-28 08:54:32.734 10 INFO neutron.wsgi [req-d92e1d7c-7aee-457f-9532-3323469d48b7 req-6ae89c6a-ec82-4b1b-bd17-bfaeccb3ccf5 1673306297ea46cea0e2e65a93c8fee4 cb1a5111c579418fa4a3f1cfa1f10d6c - - 4f80f72be974423bb1c156b6d22b4158 4f80f72be974423bb1c156b6d22b4158] 10.0.0.223 "GET /v2.0/security-groups?id=2b510eaf-1f0b-4930-82b7-e01bd112cd78&fields=id&fields=name HTTP/1.1" status: 200 len: 312 time: 0.0762262
2026-04-28 08:54:32.827 9 INFO neutron.db.ovn_revision_numbers_db [None req-5430918a-7ac8-4fb9-8013-71ddcd669b90 16608ff4c68b47a4ab567cddd0d137af c950503486ef48698be18fed2f4b7835 - - default default] Successfully bumped revision number for resource 297d4c66-10d8-4151-a042-74be692c1620 (type: security_groups) to 1
2026-04-28 08:54:32.858 9 INFO neutron.db.ovn_revision_numbers_db [None req-5430918a-7ac8-4fb9-8013-71ddcd669b90 16608ff4c68b47a4ab567cddd0d137af c950503486ef48698be18fed2f4b7835 - - default default] Successfully bumped revision number for resource 5cb08125-ab17-4c46-9af7-5766c18fe66a (type: security_group_rules) to 0
2026-04-28 08:54:32.883 10 INFO neutron.wsgi [None req-a652af48-80cb-4b79-96a5-166fc50ef657 3fedc38a6d76481986d2d166b174bd5a 68cd0a6439064a29b3c5e7095824ba99 - - default default] 10.0.0.101 "DELETE /v2.0/networks/ef5ffb9b-b885-4af8-87b0-c19f44a669ba HTTP/1.1" status: 204 len: 168 time: 0.6729233
2026-04-28 08:54:32.892 9 INFO neutron.db.ovn_revision_numbers_db [None req-5430918a-7ac8-4fb9-8013-71ddcd669b90 16608ff4c68b47a4ab567cddd0d137af c950503486ef48698be18fed2f4b7835 - - default default] Successfully bumped revision number for resource b58bc93d-441b-4fa8-a93e-d0487f265478 (type: security_group_rules) to 0
2026-04-28 08:54:32.997 9 INFO neutron.db.ovn_revision_numbers_db [None req-5430918a-7ac8-4fb9-8013-71ddcd669b90 16608ff4c68b47a4ab567cddd0d137af c950503486ef48698be18fed2f4b7835 - - default default] Successfully bumped revision number for resource b8818434-eda4-4602-8f89-c57fdbebc66c (type: security_group_rules) to 0
2026-04-28 08:54:33.164 9 INFO neutron.db.ovn_revision_numbers_db [None req-5430918a-7ac8-4fb9-8013-71ddcd669b90 16608ff4c68b47a4ab567cddd0d137af c950503486ef48698be18fed2f4b7835 - - default default] Successfully bumped revision number for resource eab3efe0-6354-4e8d-93c0-f9bd89ae0642 (type: security_group_rules) to 0
2026-04-28 08:54:33.312 9 INFO neutron.db.ovn_revision_numbers_db [None req-5430918a-7ac8-4fb9-8013-71ddcd669b90 16608ff4c68b47a4ab567cddd0d137af c950503486ef48698be18fed2f4b7835 - - default default] Successfully bumped revision number for resource 9e64d156-71bf-42e0-a498-d1e84e753d6c (type: security_groups) to 1
2026-04-28 08:54:33.341 9 INFO neutron.db.ovn_revision_numbers_db [None req-5430918a-7ac8-4fb9-8013-71ddcd669b90 16608ff4c68b47a4ab567cddd0d137af c950503486ef48698be18fed2f4b7835 - - default default] Successfully bumped revision number for resource 9e4c8366-cba8-4342-a140-74617d7d5456 (type: security_group_rules) to 0
2026-04-28 08:54:33.394 9 INFO neutron.db.ovn_revision_numbers_db [None req-5430918a-7ac8-4fb9-8013-71ddcd669b90 16608ff4c68b47a4ab567cddd0d137af c950503486ef48698be18fed2f4b7835 - - default default] Successfully bumped revision number for resource f3e670af-5a6f-45a7-9a0f-d8114c26a0f1 (type: security_group_rules) to 0
2026-04-28 08:54:33.430 9 INFO neutron.wsgi [None req-5430918a-7ac8-4fb9-8013-71ddcd669b90 16608ff4c68b47a4ab567cddd0d137af c950503486ef48698be18fed2f4b7835 - - default default] 10.0.0.101 "POST /v2.0/security-groups HTTP/1.1" status: 201 len: 1737 time: 1.1939256
2026-04-28 08:54:33.647 9 INFO neutron.db.ovn_revision_numbers_db [None req-f85be6fe-173d-4387-b3fa-21cfe644e792 56172e8c90ef45059602b768e6b9d171 fac1150d86bd43b48062b71e86218f90 - - default default] Successfully bumped revision number for resource ce43314d-7ce2-4554-a2a0-733be8fd6bf7 (type: security_groups) to 1
2026-04-28 08:54:33.675 9 INFO neutron.db.ovn_revision_numbers_db [None req-274c2f85-0515-40f6-a796-4e4c201b71bd 16608ff4c68b47a4ab567cddd0d137af c950503486ef48698be18fed2f4b7835 - - default default] Successfully bumped revision number for resource fd061b5b-251f-4020-95d5-014fee096c4b (type: security_groups) to 1
2026-04-28 08:54:33.699 9 INFO neutron.db.ovn_revision_numbers_db [None req-f85be6fe-173d-4387-b3fa-21cfe644e792 56172e8c90ef45059602b768e6b9d171 fac1150d86bd43b48062b71e86218f90 - - default default] Successfully bumped revision number for resource ab0ad7f8-3426-4c05-b0fe-953f654feba5 (type: security_group_rules) to 0
2026-04-28 08:54:33.714 9 INFO neutron.db.ovn_revision_numbers_db [None req-274c2f85-0515-40f6-a796-4e4c201b71bd 16608ff4c68b47a4ab567cddd0d137af c950503486ef48698be18fed2f4b7835 - - default default] Successfully bumped revision number for resource 151aaaf4-fe5f-433f-9d1a-ab04672cc949 (type: security_group_rules) to 0
2026-04-28 08:54:33.729 9 INFO neutron.db.ovn_revision_numbers_db [None req-f85be6fe-173d-4387-b3fa-21cfe644e792 56172e8c90ef45059602b768e6b9d171 fac1150d86bd43b48062b71e86218f90 - - default default] Successfully bumped revision number for resource de29d256-eced-4ec5-9628-5d00b85a900e (type: security_group_rules) to 0
2026-04-28 08:54:33.746 9 INFO neutron.db.ovn_revision_numbers_db [None req-274c2f85-0515-40f6-a796-4e4c201b71bd 16608ff4c68b47a4ab567cddd0d137af c950503486ef48698be18fed2f4b7835 - - default default] Successfully bumped revision number for resource dee5eb5b-b646-41b7-8879-f3ae692bf390 (type: security_group_rules) to 0
2026-04-28 08:54:33.757 9 INFO neutron.db.ovn_revision_numbers_db [None req-f85be6fe-173d-4387-b3fa-21cfe644e792 56172e8c90ef45059602b768e6b9d171 fac1150d86bd43b48062b71e86218f90 - - default default] Successfully bumped revision number for resource e3a91a51-b683-44f8-a51c-5ceb44529992 (type: security_group_rules) to 0
2026-04-28 08:54:33.773 9 INFO neutron.wsgi [None req-274c2f85-0515-40f6-a796-4e4c201b71bd 16608ff4c68b47a4ab567cddd0d137af c950503486ef48698be18fed2f4b7835 - - default default] 10.0.0.101 "POST /v2.0/security-groups HTTP/1.1" status: 201 len: 1737 time: 0.3394396
2026-04-28 08:54:33.781 9 INFO neutron.db.ovn_revision_numbers_db [None req-f85be6fe-173d-4387-b3fa-21cfe644e792 56172e8c90ef45059602b768e6b9d171 fac1150d86bd43b48062b71e86218f90 - - default default] Successfully bumped revision number for resource e81e7dcf-2fdb-41da-bb3b-6c606f71b914 (type: security_group_rules) to 0
2026-04-28 08:54:33.806 9 INFO neutron.wsgi [None req-f85be6fe-173d-4387-b3fa-21cfe644e792 56172e8c90ef45059602b768e6b9d171 fac1150d86bd43b48062b71e86218f90 - - default default] 10.0.0.101 "GET /v2.0/security-groups?tenant_id=5bc1a843c6914b45a0d68c885c4dc272&name=default HTTP/1.1" status: 200 len: 2996 time: 0.5757215
2026-04-28 08:54:33.911 10 INFO neutron.db.ovn_revision_numbers_db [None req-965060ac-6b85-4400-b33a-15f08d398dec 16608ff4c68b47a4ab567cddd0d137af c950503486ef48698be18fed2f4b7835 - - default default] Successfully bumped revision number for resource 0cb56db6-6563-4a74-9e1f-1fdef39318ec (type: security_groups) to 1
2026-04-28 08:54:33.932 10 INFO neutron.db.ovn_revision_numbers_db [None req-965060ac-6b85-4400-b33a-15f08d398dec 16608ff4c68b47a4ab567cddd0d137af c950503486ef48698be18fed2f4b7835 - - default default] Successfully bumped revision number for resource 6572c1d8-f43a-4ea6-88f3-3e3af8a3f1c1 (type: security_group_rules) to 0
2026-04-28 08:54:33.954 10 INFO neutron.db.ovn_revision_numbers_db [None req-965060ac-6b85-4400-b33a-15f08d398dec 16608ff4c68b47a4ab567cddd0d137af c950503486ef48698be18fed2f4b7835 - - default default] Successfully bumped revision number for resource e76070e2-cc68-4921-9d66-a3409600531b (type: security_group_rules) to 0
2026-04-28 08:54:33.994 10 INFO neutron.wsgi [None req-965060ac-6b85-4400-b33a-15f08d398dec 16608ff4c68b47a4ab567cddd0d137af c950503486ef48698be18fed2f4b7835 - - default default] 10.0.0.101 "POST /v2.0/security-groups HTTP/1.1" status: 201 len: 1737 time: 0.2145896
2026-04-28 08:54:34.014 9 INFO neutron.wsgi [None req-c3cde0cd-36d4-4b2e-84ec-7111ef0a4f78 56172e8c90ef45059602b768e6b9d171 fac1150d86bd43b48062b71e86218f90 - - default default] 10.0.0.101 "GET /v2.0/security-groups?tenant_id=68cd0a6439064a29b3c5e7095824ba99&name=default HTTP/1.1" status: 200 len: 2996 time: 0.2652395
2026-04-28 08:54:34.050 9 INFO neutron.wsgi [None req-d40e7599-a58c-482a-a4ac-7033c5a31fd2 56172e8c90ef45059602b768e6b9d171 fac1150d86bd43b48062b71e86218f90 - - default default] 10.0.0.101 "DELETE /v2.0/security-groups/ce43314d-7ce2-4554-a2a0-733be8fd6bf7 HTTP/1.1" status: 204 len: 168 time: 0.2352498
2026-04-28 08:54:34.129 10 INFO neutron.db.ovn_revision_numbers_db [None req-65727986-2567-4e79-8e33-5037381aa0e5 16608ff4c68b47a4ab567cddd0d137af c950503486ef48698be18fed2f4b7835 - - default default] Successfully bumped revision number for resource 804bad6f-5a91-4c16-885e-5a3cb9c94b21 (type: security_groups) to 1
2026-04-28 08:54:34.258 10 INFO neutron.db.ovn_revision_numbers_db [None req-65727986-2567-4e79-8e33-5037381aa0e5 16608ff4c68b47a4ab567cddd0d137af c950503486ef48698be18fed2f4b7835 - - default default] Successfully bumped revision number for resource 390aebd9-8ef4-4028-9966-0f465d5876ff (type: security_group_rules) to 0
2026-04-28 08:54:34.281 10 INFO neutron.db.ovn_revision_numbers_db [None req-65727986-2567-4e79-8e33-5037381aa0e5 16608ff4c68b47a4ab567cddd0d137af c950503486ef48698be18fed2f4b7835 - - default default] Successfully bumped revision number for resource d4b0af50-dff6-40ec-b847-38b4077ab808 (type: security_group_rules) to 0
2026-04-28 08:54:34.306 10 INFO neutron.wsgi [None req-65727986-2567-4e79-8e33-5037381aa0e5 16608ff4c68b47a4ab567cddd0d137af c950503486ef48698be18fed2f4b7835 - - default default] 10.0.0.101 "POST /v2.0/security-groups HTTP/1.1" status: 201 len: 1737 time: 0.3081965
2026-04-28 08:54:34.318 10 INFO neutron.wsgi [-] 10.0.0.12 "GET / HTTP/1.1" status: 200 len: 246 time: 0.0012331
2026-04-28 08:54:34.319 10 INFO neutron.wsgi [-] 10.0.0.12 "GET / HTTP/1.1" status: 200 len: 246 time: 0.0009611
2026-04-28 08:54:34.335 10 INFO neutron.wsgi [None req-abf71846-eed2-4b2e-b62b-644996bc934d 56172e8c90ef45059602b768e6b9d171 fac1150d86bd43b48062b71e86218f90 - - default default] 10.0.0.101 "DELETE /v2.0/security-groups/207ddd2b-dcaf-446e-ba98-92142e59790d HTTP/1.1" status: 204 len: 168 time: 0.3149486
2026-04-28 08:54:34.392 10 INFO neutron.db.ovn_revision_numbers_db [None req-99768c82-f3ea-44cc-b6f0-8decbabbf9f2 56172e8c90ef45059602b768e6b9d171 fac1150d86bd43b48062b71e86218f90 - - default default] Successfully bumped revision number for resource 9f2153cb-02ac-415c-8a5b-6d2a7c36ce28 (type: security_groups) to 1
2026-04-28 08:54:34.407 10 INFO neutron.db.ovn_revision_numbers_db [None req-99768c82-f3ea-44cc-b6f0-8decbabbf9f2 56172e8c90ef45059602b768e6b9d171 fac1150d86bd43b48062b71e86218f90 - - default default] Successfully bumped revision number for resource 29a0f068-a1fe-4056-a0e3-bfd14e1efef2 (type: security_group_rules) to 0
2026-04-28 08:54:34.421 10 INFO neutron.db.ovn_revision_numbers_db [None req-99768c82-f3ea-44cc-b6f0-8decbabbf9f2 56172e8c90ef45059602b768e6b9d171 fac1150d86bd43b48062b71e86218f90 - - default default] Successfully bumped revision number for resource bb59df56-0828-4d9c-bbc1-f153900dd936 (type: security_group_rules) to 0
2026-04-28 08:54:34.426 9 INFO neutron.db.ovn_revision_numbers_db [None req-9a72bc3b-8e1a-4af0-ad2b-f7ac3601b0e3 16608ff4c68b47a4ab567cddd0d137af c950503486ef48698be18fed2f4b7835 - - default default] Successfully bumped revision number for resource 925702a8-3248-4c3a-8dec-ff079929d2d8 (type: security_groups) to 1
2026-04-28 08:54:34.435 10 INFO neutron.db.ovn_revision_numbers_db [None req-99768c82-f3ea-44cc-b6f0-8decbabbf9f2 56172e8c90ef45059602b768e6b9d171 fac1150d86bd43b48062b71e86218f90 - - default default] Successfully bumped revision number for resource e0cb2491-480a-4efa-98a8-7d289b0ad3d2 (type: security_group_rules) to 0
2026-04-28 08:54:34.440 9 INFO neutron.db.ovn_revision_numbers_db [None req-9a72bc3b-8e1a-4af0-ad2b-f7ac3601b0e3 16608ff4c68b47a4ab567cddd0d137af c950503486ef48698be18fed2f4b7835 - - default default] Successfully bumped revision number for resource 59dded90-613f-4cad-8667-923fbb373465 (type: security_group_rules) to 0
2026-04-28 08:54:34.452 10 INFO neutron.db.ovn_revision_numbers_db [None req-99768c82-f3ea-44cc-b6f0-8decbabbf9f2 56172e8c90ef45059602b768e6b9d171 fac1150d86bd43b48062b71e86218f90 - - default default] Successfully bumped revision number for resource fcd54d45-770e-478a-89ec-12c7c13e8bb5 (type: security_group_rules) to 0
2026-04-28 08:54:34.456 9 INFO neutron.db.ovn_revision_numbers_db [None req-9a72bc3b-8e1a-4af0-ad2b-f7ac3601b0e3 16608ff4c68b47a4ab567cddd0d137af c950503486ef48698be18fed2f4b7835 - - default default] Successfully bumped revision number for resource ace476b5-7590-4d94-9a99-4f4f7da243f1 (type: security_group_rules) to 0
2026-04-28 08:54:34.479 10 INFO neutron.wsgi [None req-99768c82-f3ea-44cc-b6f0-8decbabbf9f2 56172e8c90ef45059602b768e6b9d171 fac1150d86bd43b48062b71e86218f90 - - default default] 10.0.0.101 "GET /v2.0/security-groups?tenant_id=67d0490b894e40548c2b2b69e6f68e5d&name=default HTTP/1.1" status: 200 len: 2996 time: 0.2312911
2026-04-28 08:54:34.480 9 INFO neutron.wsgi [None req-9a72bc3b-8e1a-4af0-ad2b-f7ac3601b0e3 16608ff4c68b47a4ab567cddd0d137af c950503486ef48698be18fed2f4b7835 - - default default] 10.0.0.101 "POST /v2.0/security-groups HTTP/1.1" status: 201 len: 1737 time: 0.1647327
2026-04-28 08:54:34.529 10 INFO neutron.wsgi [None req-334807a2-c6ca-4ffd-bb90-8e8b9c598525 16608ff4c68b47a4ab567cddd0d137af c950503486ef48698be18fed2f4b7835 - - default default] 10.0.0.101 "PUT /v2.0/security-groups/9e64d156-71bf-42e0-a498-d1e84e753d6c/tags HTTP/1.1" status: 200 len: 210 time: 0.0399828
2026-04-28 08:54:34.564 10 INFO neutron.wsgi [None req-d845888a-bb9f-4481-8d4d-1755d1329af4 16608ff4c68b47a4ab567cddd0d137af c950503486ef48698be18fed2f4b7835 - - default default] 10.0.0.101 "PUT /v2.0/security-groups/fd061b5b-251f-4020-95d5-014fee096c4b/tags HTTP/1.1" status: 200 len: 218 time: 0.0287867
2026-04-28 08:54:34.587 10 INFO neutron.services.segments.plugin [-] Segment e58adcdb-1a27-47e5-ada0-51b0333fbcf5 resource provider aggregate not found
2026-04-28 08:54:34.598 10 INFO neutron.services.segments.plugin [-] Segment e58adcdb-1a27-47e5-ada0-51b0333fbcf5 resource provider aggregate not found
2026-04-28 08:54:34.603 10 INFO neutron.services.segments.plugin [-] Segment e58adcdb-1a27-47e5-ada0-51b0333fbcf5 resource provider not found; error: Placement Client Error (4xx): {"errors": [{"status": 404, "title": "Not Found", "detail": "The resource could not be found.\n\n No resource provider with uuid e58adcdb-1a27-47e5-ada0-51b0333fbcf5 found for delete ", "request_id": "req-ea0daa8a-2b6b-48c0-89bf-a2154d378617"}]}
2026-04-28 08:54:34.615 9 INFO neutron.wsgi [None req-fc272676-c162-4c16-a7cc-423992b12593 16608ff4c68b47a4ab567cddd0d137af c950503486ef48698be18fed2f4b7835 - - default default] 10.0.0.101 "PUT /v2.0/security-groups/0cb56db6-6563-4a74-9e1f-1fdef39318ec/tags HTTP/1.1" status: 200 len: 227 time: 0.0444765
2026-04-28 08:54:34.618 10 INFO neutron.services.segments.plugin [-] Segment e58adcdb-1a27-47e5-ada0-51b0333fbcf5 resource provider not found; error: Placement Client Error (4xx): {"errors": [{"status": 404, "title": "Not Found", "detail": "The resource could not be found.\n\n No resource provider with uuid e58adcdb-1a27-47e5-ada0-51b0333fbcf5 found for delete ", "request_id": "req-5e2ece4e-6dfc-48ee-9bef-85cf21988d6b"}]}
2026-04-28 08:54:34.667 9 INFO neutron.wsgi [None req-6942560b-74c0-4eab-8513-cea51a26b066 16608ff4c68b47a4ab567cddd0d137af c950503486ef48698be18fed2f4b7835 - - default default] 10.0.0.101 "PUT /v2.0/security-groups/804bad6f-5a91-4c16-885e-5a3cb9c94b21/tags HTTP/1.1" status: 200 len: 212 time: 0.0413966
2026-04-28 08:54:34.741 10 INFO neutron.wsgi [None req-a6ad2afe-2ba0-4bc0-9ff2-a3d5cc93ada5 16608ff4c68b47a4ab567cddd0d137af c950503486ef48698be18fed2f4b7835 - - default default] 10.0.0.101 "GET /v2.0/security-groups?tags=red HTTP/1.1" status: 200 len: 4813 time: 0.0657842
2026-04-28 08:54:34.757 9 INFO neutron.wsgi [None req-06ca6c0d-6d63-436b-bf68-ced33ee99aee 56172e8c90ef45059602b768e6b9d171 fac1150d86bd43b48062b71e86218f90 - - default default] 10.0.0.101 "DELETE /v2.0/security-groups/9f2153cb-02ac-415c-8a5b-6d2a7c36ce28 HTTP/1.1" status: 204 len: 168 time: 0.2716615
2026-04-28 08:54:34.802 10 INFO neutron.wsgi [None req-ae7d77b0-abc3-4f7f-b50c-0eabd9d3e9fe 16608ff4c68b47a4ab567cddd0d137af c950503486ef48698be18fed2f4b7835 - - default default] 10.0.0.101 "GET /v2.0/security-groups?tags=red%2Cblue HTTP/1.1" status: 200 len: 3289 time: 0.0546284
2026-04-28 08:54:34.859 10 INFO neutron.wsgi [None req-9dadff8e-d16f-494e-b8ee-857fa3695861 16608ff4c68b47a4ab567cddd0d137af c950503486ef48698be18fed2f4b7835 - - default default] 10.0.0.101 "GET /v2.0/security-groups?tags-any=blue HTTP/1.1" status: 200 len: 3289 time: 0.0506423
2026-04-28 08:54:34.911 10 INFO neutron.wsgi [None req-b310a9bc-7abd-42de-b142-b5621d7acecf 16608ff4c68b47a4ab567cddd0d137af c950503486ef48698be18fed2f4b7835 - - default default] 10.0.0.101 "GET /v2.0/security-groups?tags-any=red%2Cblue HTTP/1.1" status: 200 len: 4813 time: 0.0464823
2026-04-28 08:54:34.962 10 INFO neutron.wsgi [None req-f3f34f46-2971-46dc-9cb6-4e42073d2135 16608ff4c68b47a4ab567cddd0d137af c950503486ef48698be18fed2f4b7835 - - default default] 10.0.0.101 "GET /v2.0/security-groups?not-tags=red HTTP/1.1" status: 200 len: 6041 time: 0.0448732
2026-04-28 08:54:35.030 9 INFO neutron.wsgi [None req-79844863-b694-4ece-b650-9dbf91a7ca4d 16608ff4c68b47a4ab567cddd0d137af c950503486ef48698be18fed2f4b7835 - - default default] 10.0.0.101 "GET /v2.0/security-groups?not-tags=red%2Cblue HTTP/1.1" status: 200 len: 7565 time: 0.0612147
2026-04-28 08:54:35.090 9 INFO neutron.wsgi [None req-60e734bb-7a38-44f4-8155-93139e2d4883 16608ff4c68b47a4ab567cddd0d137af c950503486ef48698be18fed2f4b7835 - - default default] 10.0.0.101 "GET /v2.0/security-groups?not-tags-any=blue HTTP/1.1" status: 200 len: 7565 time: 0.0530958
2026-04-28 08:54:35.148 10 INFO neutron.wsgi [None req-c4c9928e-6202-4166-966e-6e7c49c99b48 16608ff4c68b47a4ab567cddd0d137af c950503486ef48698be18fed2f4b7835 - - default default] 10.0.0.101 "GET /v2.0/security-groups?not-tags-any=red%2Cblue HTTP/1.1" status: 200 len: 6041 time: 0.0516317
2026-04-28 08:54:35.279 10 INFO neutron.wsgi [None req-8eb3925a-770b-4382-9e10-b0decab20899 16608ff4c68b47a4ab567cddd0d137af c950503486ef48698be18fed2f4b7835 - - default default] 10.0.0.101 "DELETE /v2.0/security-groups/9e64d156-71bf-42e0-a498-d1e84e753d6c HTTP/1.1" status: 204 len: 168 time: 0.1250019
2026-04-28 08:54:35.390 10 INFO neutron.wsgi [None req-e133f74d-4e07-4452-a1ed-f6474ddeae07 16608ff4c68b47a4ab567cddd0d137af c950503486ef48698be18fed2f4b7835 - - default default] 10.0.0.101 "DELETE /v2.0/security-groups/fd061b5b-251f-4020-95d5-014fee096c4b HTTP/1.1" status: 204 len: 168 time: 0.1060317
2026-04-28 08:54:35.499 10 INFO neutron.wsgi [None req-70440b88-b31f-415a-a2cd-de727e394d57 16608ff4c68b47a4ab567cddd0d137af c950503486ef48698be18fed2f4b7835 - - default default] 10.0.0.101 "DELETE /v2.0/security-groups/0cb56db6-6563-4a74-9e1f-1fdef39318ec HTTP/1.1" status: 204 len: 168 time: 0.1031928
2026-04-28 08:54:35.623 10 INFO neutron.wsgi [None req-281ce67a-e17d-4638-9805-0d1d9fa982f0 16608ff4c68b47a4ab567cddd0d137af c950503486ef48698be18fed2f4b7835 - - default default] 10.0.0.101 "DELETE /v2.0/security-groups/804bad6f-5a91-4c16-885e-5a3cb9c94b21 HTTP/1.1" status: 204 len: 168 time: 0.1187608
2026-04-28 08:54:35.733 10 INFO neutron.wsgi [None req-e3cdf5dd-14a1-45e3-9474-db41ffc8285e 16608ff4c68b47a4ab567cddd0d137af c950503486ef48698be18fed2f4b7835 - - default default] 10.0.0.101 "DELETE /v2.0/security-groups/925702a8-3248-4c3a-8dec-ff079929d2d8 HTTP/1.1" status: 204 len: 168 time: 0.1035769
2026-04-28 08:54:36.417 10 INFO neutron.db.ovn_revision_numbers_db [None req-017c88a8-c88d-4330-b947-1aedbf4879e2 abe73b40e2524139b5b529691bab1930 d40061121e204c5fad9cc2d6a0d24d7a - - default default] Successfully bumped revision number for resource 02f41487-f3bf-4686-8241-e325fff7f012 (type: security_groups) to 1
2026-04-28 08:54:36.433 10 INFO neutron.db.ovn_revision_numbers_db [None req-017c88a8-c88d-4330-b947-1aedbf4879e2 abe73b40e2524139b5b529691bab1930 d40061121e204c5fad9cc2d6a0d24d7a - - default default] Successfully bumped revision number for resource 3ececaaa-ae65-4fc1-8e62-fd213ef5f6e3 (type: security_group_rules) to 0
2026-04-28 08:54:36.449 10 INFO neutron.db.ovn_revision_numbers_db [None req-017c88a8-c88d-4330-b947-1aedbf4879e2 abe73b40e2524139b5b529691bab1930 d40061121e204c5fad9cc2d6a0d24d7a - - default default] Successfully bumped revision number for resource 53b9b9b1-b239-4f81-a92b-fddd4432330c (type: security_group_rules) to 0
2026-04-28 08:54:36.469 10 INFO neutron.db.ovn_revision_numbers_db [None req-017c88a8-c88d-4330-b947-1aedbf4879e2 abe73b40e2524139b5b529691bab1930 d40061121e204c5fad9cc2d6a0d24d7a - - default default] Successfully bumped revision number for resource 9b7ca773-1d78-4efd-a57f-343dd44618a4 (type: security_group_rules) to 0
2026-04-28 08:54:36.487 10 INFO neutron.db.ovn_revision_numbers_db [None req-017c88a8-c88d-4330-b947-1aedbf4879e2 abe73b40e2524139b5b529691bab1930 d40061121e204c5fad9cc2d6a0d24d7a - - default default] Successfully bumped revision number for resource d9ee8e99-9e32-4660-93dc-23f1781fdd75 (type: security_group_rules) to 0
2026-04-28 08:54:36.558 10 INFO neutron.db.segments_db [None req-017c88a8-c88d-4330-b947-1aedbf4879e2 abe73b40e2524139b5b529691bab1930 d40061121e204c5fad9cc2d6a0d24d7a - - default default] Added segment 7eda78c5-dcc2-4f6e-a836-83193c417c82 of type geneve for network 3b98f683-3b85-45cf-8829-da3299320b53
2026-04-28 08:54:36.672 10 INFO neutron.db.segments_db [None req-017c88a8-c88d-4330-b947-1aedbf4879e2 abe73b40e2524139b5b529691bab1930 d40061121e204c5fad9cc2d6a0d24d7a - - default default] Added segment f96df9d7-22f6-49da-a8f6-478394b96241 of type geneve for network 1513e3c6-5390-40e8-bbaf-6790301cb4dc
2026-04-28 08:54:36.742 9 INFO neutron.wsgi [None req-c6a82b00-c31c-4987-b92d-eb061f698224 56172e8c90ef45059602b768e6b9d171 fac1150d86bd43b48062b71e86218f90 - - default default] 10.0.0.101 "GET /v2.0/security-groups?tenant_id=c950503486ef48698be18fed2f4b7835&name=default HTTP/1.1" status: 200 len: 2996 time: 0.1357844
2026-04-28 08:54:36.822 10 INFO neutron.db.ovn_revision_numbers_db [None req-017c88a8-c88d-4330-b947-1aedbf4879e2 abe73b40e2524139b5b529691bab1930 d40061121e204c5fad9cc2d6a0d24d7a - - default default] Successfully bumped revision number for resource 3b98f683-3b85-45cf-8829-da3299320b53 (type: networks) to 1
2026-04-28 08:54:36.921 9 INFO neutron.wsgi [None req-02bab990-8f9d-45e3-8825-417e50c20f97 56172e8c90ef45059602b768e6b9d171 fac1150d86bd43b48062b71e86218f90 - - default default] 10.0.0.101 "DELETE /v2.0/security-groups/297d4c66-10d8-4151-a042-74be692c1620 HTTP/1.1" status: 204 len: 168 time: 0.1728048
2026-04-28 08:54:37.029 10 WARNING neutron.scheduler.dhcp_agent_scheduler [None req-017c88a8-c88d-4330-b947-1aedbf4879e2 abe73b40e2524139b5b529691bab1930 d40061121e204c5fad9cc2d6a0d24d7a - - default default] No more DHCP agents
2026-04-28 08:54:37.032 10 WARNING neutron.api.rpc.agentnotifiers.dhcp_rpc_agent_api [None req-017c88a8-c88d-4330-b947-1aedbf4879e2 abe73b40e2524139b5b529691bab1930 d40061121e204c5fad9cc2d6a0d24d7a - - default default] Unable to schedule network 3b98f683-3b85-45cf-8829-da3299320b53: no agents available; will retry on subsequent port and subnet creation events.
2026-04-28 08:54:37.126 10 INFO neutron.db.ovn_revision_numbers_db [None req-017c88a8-c88d-4330-b947-1aedbf4879e2 abe73b40e2524139b5b529691bab1930 d40061121e204c5fad9cc2d6a0d24d7a - - default default] Successfully bumped revision number for resource d10bb5f6-284a-421c-9571-158f579a9983 (type: ports) to 1
2026-04-28 08:54:37.208 10 INFO neutron.db.ovn_revision_numbers_db [None req-017c88a8-c88d-4330-b947-1aedbf4879e2 abe73b40e2524139b5b529691bab1930 d40061121e204c5fad9cc2d6a0d24d7a - - default default] Successfully bumped revision number for resource 1513e3c6-5390-40e8-bbaf-6790301cb4dc (type: networks) to 1
2026-04-28 08:54:37.233 9 INFO neutron.db.ovn_revision_numbers_db [None req-a3526154-d57d-43cf-80c7-dd58a7f42951 56172e8c90ef45059602b768e6b9d171 fac1150d86bd43b48062b71e86218f90 - - default default] Successfully bumped revision number for resource 379f3280-f6ec-48ea-8fce-d4544d6550ae (type: security_groups) to 1
2026-04-28 08:54:37.254 9 INFO neutron.plugins.ml2.drivers.ovn.mech_driver.mech_driver [None req-9d8d9a68-c9b2-4170-96b5-9135659312c3 - - - - - -] OVN reports status down for port: 5a72601d-2cce-4cb5-87d6-52b1cc29821e
2026-04-28 08:54:37.276 9 INFO neutron.db.ovn_revision_numbers_db [None req-a3526154-d57d-43cf-80c7-dd58a7f42951 56172e8c90ef45059602b768e6b9d171 fac1150d86bd43b48062b71e86218f90 - - default default] Successfully bumped revision number for resource 1fbe51cd-4132-4582-a097-ea6fabc4184d (type: security_group_rules) to 0
2026-04-28 08:54:37.313 9 INFO neutron.db.ovn_revision_numbers_db [None req-a3526154-d57d-43cf-80c7-dd58a7f42951 56172e8c90ef45059602b768e6b9d171 fac1150d86bd43b48062b71e86218f90 - - default default] Successfully bumped revision number for resource 61979efe-0676-4f7b-9319-7c0d6147e605 (type: security_group_rules) to 0
2026-04-28 08:54:37.343 9 INFO neutron.db.ovn_revision_numbers_db [None req-a3526154-d57d-43cf-80c7-dd58a7f42951 56172e8c90ef45059602b768e6b9d171 fac1150d86bd43b48062b71e86218f90 - - default default] Successfully bumped revision number for resource 7d6be6e9-bb0a-416c-a3ec-65a42663dac1 (type: security_group_rules) to 0
