2026-04-28 08:58:44.519 10 INFO neutron.wsgi [req-3b9a2270-5de0-49cf-8df2-d55036934eb5 req-82821065-4336-4a6b-835d-250b12e7df88 1673306297ea46cea0e2e65a93c8fee4 cb1a5111c579418fa4a3f1cfa1f10d6c - - 4f80f72be974423bb1c156b6d22b4158 4f80f72be974423bb1c156b6d22b4158] 199.19.213.205 "GET /v2.0/ports?tenant_id=fac1150d86bd43b48062b71e86218f90&device_id=c6e2ed02-88db-4fe7-aecf-0f3de016a3c7 HTTP/1.1" status: 200 len: 3918 time: 0.0381444
2026-04-28 08:58:44.530 9 INFO neutron.wsgi [None req-c0f53cf1-7f64-41a9-b144-8178f798ecd3 56172e8c90ef45059602b768e6b9d171 fac1150d86bd43b48062b71e86218f90 - - default default] 199.19.213.205 "GET /v2.0/subnets/8cbc7b31-58db-4486-af88-2e9bce2e0c8d HTTP/1.1" status: 200 len: 848 time: 0.0301526
2026-04-28 08:58:44.604 9 INFO neutron.wsgi [None req-49585927-7938-4e9b-9dfe-de97a6eed60d 56172e8c90ef45059602b768e6b9d171 fac1150d86bd43b48062b71e86218f90 - - default default] 199.19.213.205 "GET /v2.0/extensions/security-group HTTP/1.1" status: 200 len: 369 time: 0.0054531
2026-04-28 08:58:44.615 9 INFO neutron.wsgi [None req-bfd7ec21-9aa7-49fe-b842-ea79106a6ce0 56172e8c90ef45059602b768e6b9d171 fac1150d86bd43b48062b71e86218f90 - - default default] 199.19.213.205 "GET /v2.0/extensions/dns-integration HTTP/1.1" status: 200 len: 371 time: 0.0054631
2026-04-28 08:58:44.625 9 INFO neutron.wsgi [None req-85e416b6-a1e2-49df-a91c-fdfc20e7a7df 56172e8c90ef45059602b768e6b9d171 fac1150d86bd43b48062b71e86218f90 - - default default] 199.19.213.205 "GET /v2.0/extensions/qos HTTP/1.1" status: 200 len: 365 time: 0.0049047
2026-04-28 08:58:44.636 9 INFO neutron.wsgi [None req-9bee258d-b08b-47fe-879b-32f8e9924486 56172e8c90ef45059602b768e6b9d171 fac1150d86bd43b48062b71e86218f90 - - default default] 199.19.213.205 "GET /v2.0/extensions/allowed-address-pairs HTTP/1.1" status: 200 len: 383 time: 0.0053971
2026-04-28 08:58:44.675 9 INFO neutron.wsgi [None req-7b2742e7-7963-405b-902a-b7a8344e46a8 56172e8c90ef45059602b768e6b9d171 fac1150d86bd43b48062b71e86218f90 - - default default] 199.19.213.205 "GET /v2.0/subnets/61ecb551-164d-4fd1-a203-48989cc4c64e HTTP/1.1" status: 200 len: 850 time: 0.0333893
2026-04-28 08:58:44.725 9 INFO neutron.wsgi [None req-575447bd-e635-4ab9-bdca-8af953ee4f77 56172e8c90ef45059602b768e6b9d171 fac1150d86bd43b48062b71e86218f90 - - default default] 199.19.213.205 "GET /v2.0/ports/cfc47d45-fd70-4534-9ff1-56f31e0c2675 HTTP/1.1" status: 200 len: 1340 time: 0.0431817
2026-04-28 08:58:44.771 9 INFO neutron.wsgi [None req-2e6ce8a9-748b-4f08-ae8c-4187b95b1f61 56172e8c90ef45059602b768e6b9d171 fac1150d86bd43b48062b71e86218f90 - - default default] 199.19.213.205 "GET /v2.0/ports/339366b1-e5aa-4aac-b41f-45df4b170611 HTTP/1.1" status: 200 len: 1515 time: 0.0405850
2026-04-28 08:58:44.818 9 INFO neutron.wsgi [None req-b509da0c-1f2c-48f7-9d89-f408fcd6d934 56172e8c90ef45059602b768e6b9d171 fac1150d86bd43b48062b71e86218f90 - - default default] 199.19.213.205 "GET /v2.0/subnets/61ecb551-164d-4fd1-a203-48989cc4c64e HTTP/1.1" status: 200 len: 850 time: 0.0423851
2026-04-28 08:58:44.905 10 INFO neutron.wsgi [req-3b9a2270-5de0-49cf-8df2-d55036934eb5 req-33daf4c7-90cb-4cb4-b3d2-d587f110a9a8 1673306297ea46cea0e2e65a93c8fee4 cb1a5111c579418fa4a3f1cfa1f10d6c - - 4f80f72be974423bb1c156b6d22b4158 4f80f72be974423bb1c156b6d22b4158] 199.19.213.205 "GET /v2.0/networks?id=f1236790-7915-4ce2-90ec-74d89dc898f3 HTTP/1.1" status: 200 len: 1001 time: 0.3790658
2026-04-28 08:58:44.912 10 INFO neutron.notifiers.nova [-] Nova event matching ['req-894ea364-59fe-406e-8815-f5368b4d6a19'] response: {'server_uuid': 'c6e2ed02-88db-4fe7-aecf-0f3de016a3c7', 'name': 'network-vif-plugged', 'status': 'completed', 'tag': 'fb7e0358-07ca-4bef-99c3-dea1ab843339', 'code': 200}
2026-04-28 08:58:44.913 10 INFO neutron.notifiers.nova [-] Nova event matching ['req-894ea364-59fe-406e-8815-f5368b4d6a19'] response: {'server_uuid': 'c6e2ed02-88db-4fe7-aecf-0f3de016a3c7', 'name': 'network-vif-plugged', 'status': 'completed', 'tag': 'fb7e0358-07ca-4bef-99c3-dea1ab843339', 'code': 200}
2026-04-28 08:58:44.914 9 INFO neutron.wsgi [None req-36e119e7-b5ae-4ac2-9eff-0f1c9c77a96d 56172e8c90ef45059602b768e6b9d171 fac1150d86bd43b48062b71e86218f90 - - default default] 199.19.213.205 "GET /v2.0/networks/404698a0-e6f9-4253-99cb-c7ce73bd8d9c HTTP/1.1" status: 200 len: 1002 time: 0.0877700
2026-04-28 08:58:44.941 10 INFO neutron.wsgi [req-3b9a2270-5de0-49cf-8df2-d55036934eb5 req-af216fdb-9f04-4671-a4f2-15c41e6a013c 1673306297ea46cea0e2e65a93c8fee4 cb1a5111c579418fa4a3f1cfa1f10d6c - - 4f80f72be974423bb1c156b6d22b4158 4f80f72be974423bb1c156b6d22b4158] 199.19.213.205 "GET /v2.0/floatingips?fixed_ip_address=10.2.1.83&port_id=fb7e0358-07ca-4bef-99c3-dea1ab843339 HTTP/1.1" status: 200 len: 217 time: 0.0300965
2026-04-28 08:58:44.953 9 INFO neutron.wsgi [None req-46980c67-98de-41b9-8460-3dc4b35519be 56172e8c90ef45059602b768e6b9d171 fac1150d86bd43b48062b71e86218f90 - - default default] 199.19.213.205 "GET /v2.0/ports/cfc47d45-fd70-4534-9ff1-56f31e0c2675 HTTP/1.1" status: 200 len: 1340 time: 0.0332675
2026-04-28 08:58:44.984 10 INFO neutron.wsgi [req-3b9a2270-5de0-49cf-8df2-d55036934eb5 req-556d99ba-8cc8-4627-898c-94d350568c57 1673306297ea46cea0e2e65a93c8fee4 cb1a5111c579418fa4a3f1cfa1f10d6c - - 4f80f72be974423bb1c156b6d22b4158 4f80f72be974423bb1c156b6d22b4158] 199.19.213.205 "GET /v2.0/subnets?id=8cbc7b31-58db-4486-af88-2e9bce2e0c8d HTTP/1.1" status: 200 len: 851 time: 0.0378983
2026-04-28 08:58:44.993 9 INFO neutron.wsgi [None req-1724ca08-f9a1-4300-8b82-8d22d4f4bd74 56172e8c90ef45059602b768e6b9d171 fac1150d86bd43b48062b71e86218f90 - - default default] 199.19.213.205 "GET /v2.0/subnets/61ecb551-164d-4fd1-a203-48989cc4c64e HTTP/1.1" status: 200 len: 850 time: 0.0344338
2026-04-28 08:58:45.014 10 INFO neutron.wsgi [req-3b9a2270-5de0-49cf-8df2-d55036934eb5 req-e83c1c66-6bf7-4aaa-b822-423482ba866b 1673306297ea46cea0e2e65a93c8fee4 cb1a5111c579418fa4a3f1cfa1f10d6c - - 4f80f72be974423bb1c156b6d22b4158 4f80f72be974423bb1c156b6d22b4158] 199.19.213.205 "GET /v2.0/ports?network_id=f1236790-7915-4ce2-90ec-74d89dc898f3&device_owner=network%3Adhcp HTTP/1.1" status: 200 len: 210 time: 0.0245893
2026-04-28 08:58:45.103 10 INFO neutron.wsgi [req-3b9a2270-5de0-49cf-8df2-d55036934eb5 req-177860b9-30f8-44ff-ab1d-0e6208ce66fc 1673306297ea46cea0e2e65a93c8fee4 cb1a5111c579418fa4a3f1cfa1f10d6c - - 4f80f72be974423bb1c156b6d22b4158 4f80f72be974423bb1c156b6d22b4158] 199.19.213.205 "GET /v2.0/networks/f1236790-7915-4ce2-90ec-74d89dc898f3?fields=segments HTTP/1.1" status: 200 len: 212 time: 0.0814764
2026-04-28 08:58:45.185 10 INFO neutron.wsgi [req-3b9a2270-5de0-49cf-8df2-d55036934eb5 req-5375ac46-9a69-43ec-b001-ebf9290d6563 1673306297ea46cea0e2e65a93c8fee4 cb1a5111c579418fa4a3f1cfa1f10d6c - - 4f80f72be974423bb1c156b6d22b4158 4f80f72be974423bb1c156b6d22b4158] 199.19.213.205 "GET /v2.0/networks/f1236790-7915-4ce2-90ec-74d89dc898f3?fields=provider%3Aphysical_network&fields=provider%3Anetwork_type HTTP/1.1" status: 200 len: 277 time: 0.0758624
2026-04-28 08:58:49.319 9 INFO neutron.wsgi [-] 10.0.0.12 "GET / HTTP/1.1" status: 200 len: 246 time: 0.0021729
2026-04-28 08:58:49.322 9 INFO neutron.wsgi [-] 10.0.0.12 "GET / HTTP/1.1" status: 200 len: 246 time: 0.0017023
2026-04-28 08:58:50.572 9 INFO neutron.wsgi [None req-5abd0fbd-97b8-4df3-b064-77187e53319f 56172e8c90ef45059602b768e6b9d171 fac1150d86bd43b48062b71e86218f90 - - default default] 10.0.0.212 "GET /v2.0/extensions/security-group HTTP/1.1" status: 200 len: 369 time: 0.0071619
2026-04-28 08:58:50.586 9 INFO neutron.wsgi [None req-4927a4d2-a444-4155-bf33-2276e063458c 56172e8c90ef45059602b768e6b9d171 fac1150d86bd43b48062b71e86218f90 - - default default] 10.0.0.212 "GET /v2.0/extensions/dns-integration HTTP/1.1" status: 200 len: 371 time: 0.0041146
2026-04-28 08:58:50.596 9 INFO neutron.wsgi [None req-479cbd2d-d097-4fd8-a4b4-79c1897ce01e 56172e8c90ef45059602b768e6b9d171 fac1150d86bd43b48062b71e86218f90 - - default default] 10.0.0.212 "GET /v2.0/extensions/qos HTTP/1.1" status: 200 len: 365 time: 0.0054681
2026-04-28 08:58:50.607 9 INFO neutron.wsgi [None req-5ab88aeb-c60c-46ae-9f5c-7a27add2bf50 56172e8c90ef45059602b768e6b9d171 fac1150d86bd43b48062b71e86218f90 - - default default] 10.0.0.212 "GET /v2.0/extensions/allowed-address-pairs HTTP/1.1" status: 200 len: 383 time: 0.0046570
2026-04-28 08:58:50.971 10 INFO neutron.wsgi [-] 10.0.0.212 "GET / HTTP/1.1" status: 200 len: 284 time: 0.0040050
2026-04-28 08:58:51.023 10 INFO neutron.wsgi [None req-cb6ac767-50e3-4e15-b3ed-6eca91b7e5f6 ad808c3a06f44f239d6df8796be1f187 d7d18da476e746bfbc0837caee14e6dd - - default default] 10.0.0.212 "GET /v2.0/subnets/f78669f7-05d9-4ad0-9894-9e51ab28a569 HTTP/1.1" status: 200 len: 830 time: 0.0450213
2026-04-28 08:58:51.574 9 INFO neutron.wsgi [None req-dc8348a7-2298-431d-af80-9bb1f3a6caca 56172e8c90ef45059602b768e6b9d171 fac1150d86bd43b48062b71e86218f90 - - default default] 199.19.213.205 "GET /v2.0/extensions/security-group HTTP/1.1" status: 200 len: 369 time: 0.0075016
2026-04-28 08:58:51.585 9 INFO neutron.wsgi [None req-95276fe6-4693-48bd-85d5-f927f8c9c8be 56172e8c90ef45059602b768e6b9d171 fac1150d86bd43b48062b71e86218f90 - - default default] 199.19.213.205 "GET /v2.0/extensions/dns-integration HTTP/1.1" status: 200 len: 371 time: 0.0047479
2026-04-28 08:58:51.594 9 INFO neutron.wsgi [None req-f28d1b14-54e4-4d89-a987-44c11d784dcf 56172e8c90ef45059602b768e6b9d171 fac1150d86bd43b48062b71e86218f90 - - default default] 199.19.213.205 "GET /v2.0/extensions/qos HTTP/1.1" status: 200 len: 365 time: 0.0043318
2026-04-28 08:58:51.604 9 INFO neutron.wsgi [None req-d77a7f6e-d365-4bef-a59b-6f32be953df4 56172e8c90ef45059602b768e6b9d171 fac1150d86bd43b48062b71e86218f90 - - default default] 199.19.213.205 "GET /v2.0/extensions/allowed-address-pairs HTTP/1.1" status: 200 len: 383 time: 0.0042806
2026-04-28 08:58:51.646 9 INFO neutron.wsgi [None req-4d6e5f5c-2ac7-47fd-9628-0ca5426cd5e2 56172e8c90ef45059602b768e6b9d171 fac1150d86bd43b48062b71e86218f90 - - default default] 199.19.213.205 "GET /v2.0/subnets/8cbc7b31-58db-4486-af88-2e9bce2e0c8d HTTP/1.1" status: 200 len: 848 time: 0.0356882
2026-04-28 08:58:51.689 9 INFO neutron.wsgi [None req-1db13c18-2aa8-4519-8344-566a15518397 56172e8c90ef45059602b768e6b9d171 fac1150d86bd43b48062b71e86218f90 - - default default] 199.19.213.205 "GET /v2.0/subnets/f78669f7-05d9-4ad0-9894-9e51ab28a569 HTTP/1.1" status: 200 len: 848 time: 0.0370739
2026-04-28 08:58:51.731 9 INFO neutron.wsgi [None req-f8ddf374-25d0-4fb7-aa44-014608ca449b 56172e8c90ef45059602b768e6b9d171 fac1150d86bd43b48062b71e86218f90 - - default default] 199.19.213.205 "GET /v2.0/ports?device_id=c6e2ed02-88db-4fe7-aecf-0f3de016a3c7 HTTP/1.1" status: 200 len: 3918 time: 0.0348635
2026-04-28 08:58:51.871 9 INFO neutron.wsgi [None req-38c82866-29d1-4052-906d-39f486f33b4d 56172e8c90ef45059602b768e6b9d171 fac1150d86bd43b48062b71e86218f90 - - default default] 199.19.213.205 "GET /v2.0/extensions/security-group HTTP/1.1" status: 200 len: 369 time: 0.0048637
2026-04-28 08:58:51.879 9 INFO neutron.wsgi [None req-39e757f7-8bec-402d-9986-5361e14e9400 56172e8c90ef45059602b768e6b9d171 fac1150d86bd43b48062b71e86218f90 - - default default] 199.19.213.205 "GET /v2.0/extensions/dns-integration HTTP/1.1" status: 200 len: 371 time: 0.0038536
2026-04-28 08:58:51.887 9 INFO neutron.wsgi [None req-1d91544b-1a45-46f8-a5cd-ecf6d94d58aa 56172e8c90ef45059602b768e6b9d171 fac1150d86bd43b48062b71e86218f90 - - default default] 199.19.213.205 "GET /v2.0/extensions/qos HTTP/1.1" status: 200 len: 365 time: 0.0040429
2026-04-28 08:58:51.896 9 INFO neutron.wsgi [None req-38d36918-c48a-4e15-8f66-c7ea793ace7a 56172e8c90ef45059602b768e6b9d171 fac1150d86bd43b48062b71e86218f90 - - default default] 199.19.213.205 "GET /v2.0/extensions/allowed-address-pairs HTTP/1.1" status: 200 len: 383 time: 0.0044584
2026-04-28 08:58:52.065 10 INFO neutron.wsgi [req-8f4da898-05e3-46cf-a0a4-ce2bc0bd0425 req-0a8cad10-4236-49a4-91bf-ccf9326b318b 1673306297ea46cea0e2e65a93c8fee4 cb1a5111c579418fa4a3f1cfa1f10d6c - - 4f80f72be974423bb1c156b6d22b4158 4f80f72be974423bb1c156b6d22b4158] 199.19.213.205 "GET /v2.0/networks/b0b4cc9d-8d9e-42d4-bd46-6cb26648f155?fields=segments HTTP/1.1" status: 200 len: 212 time: 0.0714500
2026-04-28 08:58:52.133 10 INFO neutron.wsgi [req-8f4da898-05e3-46cf-a0a4-ce2bc0bd0425 req-65f37a81-c5cf-43ef-b23c-e9531d935281 1673306297ea46cea0e2e65a93c8fee4 cb1a5111c579418fa4a3f1cfa1f10d6c - - 4f80f72be974423bb1c156b6d22b4158 4f80f72be974423bb1c156b6d22b4158] 199.19.213.205 "GET /v2.0/networks/b0b4cc9d-8d9e-42d4-bd46-6cb26648f155?fields=provider%3Aphysical_network&fields=provider%3Anetwork_type HTTP/1.1" status: 200 len: 277 time: 0.0631583
2026-04-28 08:58:52.212 10 INFO neutron.wsgi [req-8f4da898-05e3-46cf-a0a4-ce2bc0bd0425 req-57be4af0-e550-4453-a238-70799af7f599 56172e8c90ef45059602b768e6b9d171 fac1150d86bd43b48062b71e86218f90 - - default default] 199.19.213.205 "GET /v2.0/networks?id=b0b4cc9d-8d9e-42d4-bd46-6cb26648f155 HTTP/1.1" status: 200 len: 1003 time: 0.0640531
2026-04-28 08:58:52.532 10 WARNING neutron.scheduler.dhcp_agent_scheduler [req-8f4da898-05e3-46cf-a0a4-ce2bc0bd0425 req-ca133e52-1c70-4867-b14d-90b4ff59a382 56172e8c90ef45059602b768e6b9d171 fac1150d86bd43b48062b71e86218f90 - - default default] No more DHCP agents
2026-04-28 08:58:52.534 10 WARNING neutron.api.rpc.agentnotifiers.dhcp_rpc_agent_api [req-8f4da898-05e3-46cf-a0a4-ce2bc0bd0425 req-ca133e52-1c70-4867-b14d-90b4ff59a382 56172e8c90ef45059602b768e6b9d171 fac1150d86bd43b48062b71e86218f90 - - default default] Unable to schedule network b0b4cc9d-8d9e-42d4-bd46-6cb26648f155: no agents available; will retry on subsequent port and subnet creation events.
2026-04-28 08:58:52.750 10 INFO neutron.db.ovn_revision_numbers_db [req-8f4da898-05e3-46cf-a0a4-ce2bc0bd0425 req-ca133e52-1c70-4867-b14d-90b4ff59a382 56172e8c90ef45059602b768e6b9d171 fac1150d86bd43b48062b71e86218f90 - - default default] Successfully bumped revision number for resource a8758240-3b53-4a6f-92f6-9157b0acb215 (type: ports) to 1
2026-04-28 08:58:52.770 10 INFO neutron.wsgi [req-8f4da898-05e3-46cf-a0a4-ce2bc0bd0425 req-ca133e52-1c70-4867-b14d-90b4ff59a382 56172e8c90ef45059602b768e6b9d171 fac1150d86bd43b48062b71e86218f90 - - default default] 199.19.213.205 "POST /v2.0/ports HTTP/1.1" status: 201 len: 1508 time: 0.5523918 /var/lib/openstack/lib/python3.10/site-packages/pycadf/identifier.py:71: UserWarning: Invalid uuid: neutron. To ensure interoperability, identifiers should be a valid uuid. warnings.warn(('Invalid uuid: %s. To ensure interoperability, '
2026-04-28 08:58:53.190 10 INFO neutron.db.ovn_revision_numbers_db [req-8f4da898-05e3-46cf-a0a4-ce2bc0bd0425 req-87412c5b-ff44-458a-ad97-7234712cb4a7 1673306297ea46cea0e2e65a93c8fee4 cb1a5111c579418fa4a3f1cfa1f10d6c - - 4f80f72be974423bb1c156b6d22b4158 4f80f72be974423bb1c156b6d22b4158] Successfully bumped revision number for resource a8758240-3b53-4a6f-92f6-9157b0acb215 (type: ports) to 2
2026-04-28 08:58:53.380 10 INFO neutron.db.ovn_revision_numbers_db [req-8f4da898-05e3-46cf-a0a4-ce2bc0bd0425 req-87412c5b-ff44-458a-ad97-7234712cb4a7 1673306297ea46cea0e2e65a93c8fee4 cb1a5111c579418fa4a3f1cfa1f10d6c - - 4f80f72be974423bb1c156b6d22b4158 4f80f72be974423bb1c156b6d22b4158] Successfully bumped revision number for resource a8758240-3b53-4a6f-92f6-9157b0acb215 (type: ports) to 2
2026-04-28 08:58:53.396 10 INFO neutron.wsgi [req-8f4da898-05e3-46cf-a0a4-ce2bc0bd0425 req-87412c5b-ff44-458a-ad97-7234712cb4a7 1673306297ea46cea0e2e65a93c8fee4 cb1a5111c579418fa4a3f1cfa1f10d6c - - 4f80f72be974423bb1c156b6d22b4158 4f80f72be974423bb1c156b6d22b4158] 199.19.213.205 "PUT /v2.0/ports/a8758240-3b53-4a6f-92f6-9157b0acb215 HTTP/1.1" status: 200 len: 1605 time: 0.6210897
2026-04-28 08:58:53.429 10 INFO neutron.notifiers.nova [-] Nova event matching ['req-60fc42d3-4a2e-4dd4-b461-93b7bf648f3a'] response: {'name': 'network-changed', 'server_uuid': 'c6e2ed02-88db-4fe7-aecf-0f3de016a3c7', 'tag': 'a8758240-3b53-4a6f-92f6-9157b0acb215', 'status': 'completed', 'code': 200} /var/lib/openstack/lib/python3.10/site-packages/pycadf/identifier.py:71: UserWarning: Invalid uuid: neutron. To ensure interoperability, identifiers should be a valid uuid. warnings.warn(('Invalid uuid: %s. To ensure interoperability, '
2026-04-28 08:58:53.477 10 INFO neutron.wsgi [req-8f4da898-05e3-46cf-a0a4-ce2bc0bd0425 req-76c41c37-af19-430b-ac56-2354d6871f7b 1673306297ea46cea0e2e65a93c8fee4 cb1a5111c579418fa4a3f1cfa1f10d6c - - 4f80f72be974423bb1c156b6d22b4158 4f80f72be974423bb1c156b6d22b4158] 199.19.213.205 "GET /v2.0/ports?tenant_id=fac1150d86bd43b48062b71e86218f90&device_id=c6e2ed02-88db-4fe7-aecf-0f3de016a3c7 HTTP/1.1" status: 200 len: 5343 time: 0.0406961
2026-04-28 08:58:53.505 10 INFO neutron.wsgi [req-8f4da898-05e3-46cf-a0a4-ce2bc0bd0425 req-99f34f33-109b-4065-9434-baf97e7019da 1673306297ea46cea0e2e65a93c8fee4 cb1a5111c579418fa4a3f1cfa1f10d6c - - 4f80f72be974423bb1c156b6d22b4158 4f80f72be974423bb1c156b6d22b4158] 199.19.213.205 "GET /v2.0/floatingips?fixed_ip_address=172.24.2.150&port_id=4f026ec0-4048-4aca-80e0-82ba7db0429c HTTP/1.1" status: 200 len: 217 time: 0.0222771
2026-04-28 08:58:53.543 10 INFO neutron.wsgi [req-8f4da898-05e3-46cf-a0a4-ce2bc0bd0425 req-22be18d0-55bc-4e43-a507-b61760fd704b 1673306297ea46cea0e2e65a93c8fee4 cb1a5111c579418fa4a3f1cfa1f10d6c - - 4f80f72be974423bb1c156b6d22b4158 4f80f72be974423bb1c156b6d22b4158] 199.19.213.205 "GET /v2.0/subnets?id=43d486e9-29b1-4073-9e17-5298ca563219 HTTP/1.1" status: 200 len: 829 time: 0.0324166
2026-04-28 08:58:53.576 10 INFO neutron.wsgi [req-8f4da898-05e3-46cf-a0a4-ce2bc0bd0425 req-8d971853-d0c4-43f9-b7ba-d99e6f4e0b15 1673306297ea46cea0e2e65a93c8fee4 cb1a5111c579418fa4a3f1cfa1f10d6c - - 4f80f72be974423bb1c156b6d22b4158 4f80f72be974423bb1c156b6d22b4158] 199.19.213.205 "GET /v2.0/ports?network_id=5e1f6116-8bcb-4682-8370-ea8ea8e90dca&device_owner=network%3Adhcp HTTP/1.1" status: 200 len: 210 time: 0.0255141
2026-04-28 08:58:53.641 10 INFO neutron.wsgi [req-8f4da898-05e3-46cf-a0a4-ce2bc0bd0425 req-fc866b9f-bdad-4aee-9003-39993484aa64 1673306297ea46cea0e2e65a93c8fee4 cb1a5111c579418fa4a3f1cfa1f10d6c - - 4f80f72be974423bb1c156b6d22b4158 4f80f72be974423bb1c156b6d22b4158] 199.19.213.205 "GET /v2.0/networks/5e1f6116-8bcb-4682-8370-ea8ea8e90dca?fields=segments HTTP/1.1" status: 200 len: 212 time: 0.0584090
2026-04-28 08:58:53.702 10 INFO neutron.wsgi [req-8f4da898-05e3-46cf-a0a4-ce2bc0bd0425 req-e906cf3c-7701-4df9-965a-ecba8039139b 1673306297ea46cea0e2e65a93c8fee4 cb1a5111c579418fa4a3f1cfa1f10d6c - - 4f80f72be974423bb1c156b6d22b4158 4f80f72be974423bb1c156b6d22b4158] 199.19.213.205 "GET /v2.0/networks/5e1f6116-8bcb-4682-8370-ea8ea8e90dca?fields=provider%3Aphysical_network&fields=provider%3Anetwork_type HTTP/1.1" status: 200 len: 277 time: 0.0566618
2026-04-28 08:58:53.733 10 INFO neutron.wsgi [req-8f4da898-05e3-46cf-a0a4-ce2bc0bd0425 req-9f3cd4d8-33c3-4381-8ac6-15375996c48b 1673306297ea46cea0e2e65a93c8fee4 cb1a5111c579418fa4a3f1cfa1f10d6c - - 4f80f72be974423bb1c156b6d22b4158 4f80f72be974423bb1c156b6d22b4158] 199.19.213.205 "GET /v2.0/floatingips?fixed_ip_address=10.1.1.42&port_id=339366b1-e5aa-4aac-b41f-45df4b170611 HTTP/1.1" status: 200 len: 217 time: 0.0239453
2026-04-28 08:58:53.763 10 INFO neutron.wsgi [req-8f4da898-05e3-46cf-a0a4-ce2bc0bd0425 req-f168fd1d-9a4f-4b45-911b-5e274a366bbc 1673306297ea46cea0e2e65a93c8fee4 cb1a5111c579418fa4a3f1cfa1f10d6c - - 4f80f72be974423bb1c156b6d22b4158 4f80f72be974423bb1c156b6d22b4158] 199.19.213.205 "GET /v2.0/subnets?id=61ecb551-164d-4fd1-a203-48989cc4c64e HTTP/1.1" status: 200 len: 853 time: 0.0270278
2026-04-28 08:58:53.791 10 INFO neutron.wsgi [req-8f4da898-05e3-46cf-a0a4-ce2bc0bd0425 req-081d0d52-0685-4a37-9dfc-6cdfd7e581e9 1673306297ea46cea0e2e65a93c8fee4 cb1a5111c579418fa4a3f1cfa1f10d6c - - 4f80f72be974423bb1c156b6d22b4158 4f80f72be974423bb1c156b6d22b4158] 199.19.213.205 "GET /v2.0/ports?network_id=404698a0-e6f9-4253-99cb-c7ce73bd8d9c&device_owner=network%3Adhcp HTTP/1.1" status: 200 len: 210 time: 0.0214050
2026-04-28 08:58:53.862 10 INFO neutron.wsgi [req-8f4da898-05e3-46cf-a0a4-ce2bc0bd0425 req-4af71a7e-ea9a-4aa3-9159-031c0973d121 1673306297ea46cea0e2e65a93c8fee4 cb1a5111c579418fa4a3f1cfa1f10d6c - - 4f80f72be974423bb1c156b6d22b4158 4f80f72be974423bb1c156b6d22b4158] 199.19.213.205 "GET /v2.0/networks/404698a0-e6f9-4253-99cb-c7ce73bd8d9c?fields=segments HTTP/1.1" status: 200 len: 212 time: 0.0650153
2026-04-28 08:58:53.928 10 INFO neutron.wsgi [req-8f4da898-05e3-46cf-a0a4-ce2bc0bd0425 req-c956a27f-e093-4c43-89e3-0b023f1b75b0 1673306297ea46cea0e2e65a93c8fee4 cb1a5111c579418fa4a3f1cfa1f10d6c - - 4f80f72be974423bb1c156b6d22b4158 4f80f72be974423bb1c156b6d22b4158] 199.19.213.205 "GET /v2.0/networks/404698a0-e6f9-4253-99cb-c7ce73bd8d9c?fields=provider%3Aphysical_network&fields=provider%3Anetwork_type HTTP/1.1" status: 200 len: 277 time: 0.0589261
2026-04-28 08:58:53.956 10 INFO neutron.wsgi [req-8f4da898-05e3-46cf-a0a4-ce2bc0bd0425 req-d91b45d8-9344-432e-ad5e-0375ac7725cc 1673306297ea46cea0e2e65a93c8fee4 cb1a5111c579418fa4a3f1cfa1f10d6c - - 4f80f72be974423bb1c156b6d22b4158 4f80f72be974423bb1c156b6d22b4158] 199.19.213.205 "GET /v2.0/floatingips?fixed_ip_address=10.2.1.83&port_id=fb7e0358-07ca-4bef-99c3-dea1ab843339 HTTP/1.1" status: 200 len: 217 time: 0.0208635
2026-04-28 08:58:53.993 10 INFO neutron.wsgi [req-8f4da898-05e3-46cf-a0a4-ce2bc0bd0425 req-4bca2be9-ab21-4d98-b8a4-52282f8ee691 1673306297ea46cea0e2e65a93c8fee4 cb1a5111c579418fa4a3f1cfa1f10d6c - - 4f80f72be974423bb1c156b6d22b4158 4f80f72be974423bb1c156b6d22b4158] 199.19.213.205 "GET /v2.0/subnets?id=8cbc7b31-58db-4486-af88-2e9bce2e0c8d HTTP/1.1" status: 200 len: 851 time: 0.0278699
2026-04-28 08:58:54.022 10 INFO neutron.wsgi [req-8f4da898-05e3-46cf-a0a4-ce2bc0bd0425 req-7b16b4c3-3228-483d-8116-da74f6b270f2 1673306297ea46cea0e2e65a93c8fee4 cb1a5111c579418fa4a3f1cfa1f10d6c - - 4f80f72be974423bb1c156b6d22b4158 4f80f72be974423bb1c156b6d22b4158] 199.19.213.205 "GET /v2.0/ports?network_id=f1236790-7915-4ce2-90ec-74d89dc898f3&device_owner=network%3Adhcp HTTP/1.1" status: 200 len: 210 time: 0.0230718
2026-04-28 08:58:54.087 10 INFO neutron.wsgi [req-8f4da898-05e3-46cf-a0a4-ce2bc0bd0425 req-89c35bcb-e7dd-49c3-9232-93ba7500ef66 1673306297ea46cea0e2e65a93c8fee4 cb1a5111c579418fa4a3f1cfa1f10d6c - - 4f80f72be974423bb1c156b6d22b4158 4f80f72be974423bb1c156b6d22b4158] 199.19.213.205 "GET /v2.0/networks/f1236790-7915-4ce2-90ec-74d89dc898f3?fields=segments HTTP/1.1" status: 200 len: 212 time: 0.0585461
2026-04-28 08:58:54.172 10 INFO neutron.wsgi [req-8f4da898-05e3-46cf-a0a4-ce2bc0bd0425 req-bc17254d-db46-4a7a-ab2c-d720a9a3c4f7 1673306297ea46cea0e2e65a93c8fee4 cb1a5111c579418fa4a3f1cfa1f10d6c - - 4f80f72be974423bb1c156b6d22b4158 4f80f72be974423bb1c156b6d22b4158] 199.19.213.205 "GET /v2.0/networks/f1236790-7915-4ce2-90ec-74d89dc898f3?fields=provider%3Aphysical_network&fields=provider%3Anetwork_type HTTP/1.1" status: 200 len: 277 time: 0.0778420
2026-04-28 08:58:54.202 10 INFO neutron.wsgi [req-8f4da898-05e3-46cf-a0a4-ce2bc0bd0425 req-cc421727-ac17-4858-a532-b42c00473113 1673306297ea46cea0e2e65a93c8fee4 cb1a5111c579418fa4a3f1cfa1f10d6c - - 4f80f72be974423bb1c156b6d22b4158 4f80f72be974423bb1c156b6d22b4158] 199.19.213.205 "GET /v2.0/floatingips?fixed_ip_address=10.2.2.44&port_id=a8758240-3b53-4a6f-92f6-9157b0acb215 HTTP/1.1" status: 200 len: 217 time: 0.0233839
2026-04-28 08:58:54.229 10 INFO neutron.wsgi [req-8f4da898-05e3-46cf-a0a4-ce2bc0bd0425 req-d2fd8d84-5482-4954-a18e-cf3dcebd9f6e 1673306297ea46cea0e2e65a93c8fee4 cb1a5111c579418fa4a3f1cfa1f10d6c - - 4f80f72be974423bb1c156b6d22b4158 4f80f72be974423bb1c156b6d22b4158] 199.19.213.205 "GET /v2.0/floatingips?fixed_ip_address=fd77%3A1457%3A4cf0%3A26a8%3A%3A3b8&port_id=a8758240-3b53-4a6f-92f6-9157b0acb215 HTTP/1.1" status: 200 len: 217 time: 0.0199242
2026-04-28 08:58:54.268 10 INFO neutron.wsgi [req-8f4da898-05e3-46cf-a0a4-ce2bc0bd0425 req-84ec8a44-3426-4c46-8e49-43712f34da61 1673306297ea46cea0e2e65a93c8fee4 cb1a5111c579418fa4a3f1cfa1f10d6c - - 4f80f72be974423bb1c156b6d22b4158 4f80f72be974423bb1c156b6d22b4158] 199.19.213.205 "GET /v2.0/subnets?id=f78669f7-05d9-4ad0-9894-9e51ab28a569&id=e7f652cf-ed0b-4551-905f-72d3fc5bde97 HTTP/1.1" status: 200 len: 1566 time: 0.0339549
2026-04-28 08:58:54.302 10 INFO neutron.wsgi [req-8f4da898-05e3-46cf-a0a4-ce2bc0bd0425 req-6d068766-ccb9-40ca-835d-e8f7538c1a89 1673306297ea46cea0e2e65a93c8fee4 cb1a5111c579418fa4a3f1cfa1f10d6c - - 4f80f72be974423bb1c156b6d22b4158 4f80f72be974423bb1c156b6d22b4158] 199.19.213.205 "GET /v2.0/ports?network_id=b0b4cc9d-8d9e-42d4-bd46-6cb26648f155&device_owner=network%3Adhcp HTTP/1.1" status: 200 len: 210 time: 0.0259948
2026-04-28 08:58:54.329 10 INFO neutron.wsgi [req-8f4da898-05e3-46cf-a0a4-ce2bc0bd0425 req-dc7bb869-7a79-4764-94df-a4165d7577fe 1673306297ea46cea0e2e65a93c8fee4 cb1a5111c579418fa4a3f1cfa1f10d6c - - 4f80f72be974423bb1c156b6d22b4158 4f80f72be974423bb1c156b6d22b4158] 199.19.213.205 "GET /v2.0/ports?network_id=b0b4cc9d-8d9e-42d4-bd46-6cb26648f155&device_owner=network%3Adhcp HTTP/1.1" status: 200 len: 210 time: 0.0198507
2026-04-28 08:58:54.391 10 INFO neutron.wsgi [req-8f4da898-05e3-46cf-a0a4-ce2bc0bd0425 req-30c11a2b-6e7c-4917-a583-4cd11752a7fa 1673306297ea46cea0e2e65a93c8fee4 cb1a5111c579418fa4a3f1cfa1f10d6c - - 4f80f72be974423bb1c156b6d22b4158 4f80f72be974423bb1c156b6d22b4158] 199.19.213.205 "GET /v2.0/networks/b0b4cc9d-8d9e-42d4-bd46-6cb26648f155?fields=segments HTTP/1.1" status: 200 len: 212 time: 0.0558391
2026-04-28 08:58:54.460 10 INFO neutron.wsgi [req-8f4da898-05e3-46cf-a0a4-ce2bc0bd0425 req-2b45c448-6ec9-4992-993d-14c23220d686 1673306297ea46cea0e2e65a93c8fee4 cb1a5111c579418fa4a3f1cfa1f10d6c - - 4f80f72be974423bb1c156b6d22b4158 4f80f72be974423bb1c156b6d22b4158] 199.19.213.205 "GET /v2.0/networks/b0b4cc9d-8d9e-42d4-bd46-6cb26648f155?fields=provider%3Aphysical_network&fields=provider%3Anetwork_type HTTP/1.1" status: 200 len: 277 time: 0.0610490
2026-04-28 08:58:54.549 10 INFO neutron.wsgi [req-bd63fed4-db68-44f8-9811-0fde7f4f6da4 req-69705c15-878e-4f8b-a68e-1d40d03a9d31 1673306297ea46cea0e2e65a93c8fee4 cb1a5111c579418fa4a3f1cfa1f10d6c - - 4f80f72be974423bb1c156b6d22b4158 4f80f72be974423bb1c156b6d22b4158] 199.19.213.205 "GET /v2.0/ports?tenant_id=fac1150d86bd43b48062b71e86218f90&device_id=c6e2ed02-88db-4fe7-aecf-0f3de016a3c7 HTTP/1.1" status: 200 len: 5343 time: 0.0418782
2026-04-28 08:58:54.560 10 INFO neutron.plugins.ml2.drivers.ovn.mech_driver.mech_driver [None req-f510634f-91cc-4364-8747-c1e950e212a6 - - - - - -] OVN reports status up for port: a8758240-3b53-4a6f-92f6-9157b0acb215
2026-04-28 08:58:54.611 10 INFO neutron.plugins.ml2.plugin [None req-f510634f-91cc-4364-8747-c1e950e212a6 - - - - - -] Attempt 1 to provision port a8758240-3b53-4a6f-92f6-9157b0acb215
2026-04-28 08:58:54.650 10 INFO neutron.wsgi [req-bd63fed4-db68-44f8-9811-0fde7f4f6da4 req-3a8d8d20-e6df-412c-b4fc-849eaf80b02e 1673306297ea46cea0e2e65a93c8fee4 cb1a5111c579418fa4a3f1cfa1f10d6c - - 4f80f72be974423bb1c156b6d22b4158 4f80f72be974423bb1c156b6d22b4158] 199.19.213.205 "GET /v2.0/networks?id=b0b4cc9d-8d9e-42d4-bd46-6cb26648f155 HTTP/1.1" status: 200 len: 1003 time: 0.0908792
2026-04-28 08:58:54.686 10 INFO neutron.wsgi [req-bd63fed4-db68-44f8-9811-0fde7f4f6da4 req-f3c62d1c-f16e-43ea-ab87-b4cdd769c9c8 1673306297ea46cea0e2e65a93c8fee4 cb1a5111c579418fa4a3f1cfa1f10d6c - - 4f80f72be974423bb1c156b6d22b4158 4f80f72be974423bb1c156b6d22b4158] 199.19.213.205 "GET /v2.0/floatingips?fixed_ip_address=10.2.2.44&port_id=a8758240-3b53-4a6f-92f6-9157b0acb215 HTTP/1.1" status: 200 len: 217 time: 0.0255699
2026-04-28 08:58:54.718 10 INFO neutron.wsgi [req-bd63fed4-db68-44f8-9811-0fde7f4f6da4 req-17a9f497-a794-4b33-be11-60472b35caaa 1673306297ea46cea0e2e65a93c8fee4 cb1a5111c579418fa4a3f1cfa1f10d6c - - 4f80f72be974423bb1c156b6d22b4158 4f80f72be974423bb1c156b6d22b4158] 199.19.213.205 "GET /v2.0/floatingips?fixed_ip_address=fd77%3A1457%3A4cf0%3A26a8%3A%3A3b8&port_id=a8758240-3b53-4a6f-92f6-9157b0acb215 HTTP/1.1" status: 200 len: 217 time: 0.0271363
2026-04-28 08:58:54.750 9 INFO neutron.wsgi [req-8f4da898-05e3-46cf-a0a4-ce2bc0bd0425 req-a8cf8d70-c786-494f-bf36-fbd064cc19ac 56172e8c90ef45059602b768e6b9d171 fac1150d86bd43b48062b71e86218f90 - - default default] 10.0.0.127 "GET /v2.0/ports/a8758240-3b53-4a6f-92f6-9157b0acb215 HTTP/1.1" status: 200 len: 1633 time: 0.0366716
2026-04-28 08:58:54.777 10 INFO neutron.wsgi [req-bd63fed4-db68-44f8-9811-0fde7f4f6da4 req-eadc215e-2c4b-42e2-853b-955b4dcc1e11 1673306297ea46cea0e2e65a93c8fee4 cb1a5111c579418fa4a3f1cfa1f10d6c - - 4f80f72be974423bb1c156b6d22b4158 4f80f72be974423bb1c156b6d22b4158] 199.19.213.205 "GET /v2.0/subnets?id=f78669f7-05d9-4ad0-9894-9e51ab28a569&id=e7f652cf-ed0b-4551-905f-72d3fc5bde97 HTTP/1.1" status: 200 len: 1566 time: 0.0515075
2026-04-28 08:58:54.786 9 INFO neutron.wsgi [None req-3cdf33d5-4db3-4c2e-b3f2-b80556cc8351 56172e8c90ef45059602b768e6b9d171 fac1150d86bd43b48062b71e86218f90 - - default default] 199.19.213.205 "GET /v2.0/ports/a8758240-3b53-4a6f-92f6-9157b0acb215 HTTP/1.1" status: 200 len: 1635 time: 0.0268826
2026-04-28 08:58:54.819 10 INFO neutron.wsgi [req-bd63fed4-db68-44f8-9811-0fde7f4f6da4 req-b869d168-9364-4cdc-b07f-f26115898924 1673306297ea46cea0e2e65a93c8fee4 cb1a5111c579418fa4a3f1cfa1f10d6c - - 4f80f72be974423bb1c156b6d22b4158 4f80f72be974423bb1c156b6d22b4158] 199.19.213.205 "GET /v2.0/ports?network_id=b0b4cc9d-8d9e-42d4-bd46-6cb26648f155&device_owner=network%3Adhcp HTTP/1.1" status: 200 len: 210 time: 0.0367293
2026-04-28 08:58:54.823 9 INFO neutron.wsgi [None req-ce776bc5-dddc-4769-a942-79d6d817c599 56172e8c90ef45059602b768e6b9d171 fac1150d86bd43b48062b71e86218f90 - - default default] 199.19.213.205 "GET /v2.0/ports/a8758240-3b53-4a6f-92f6-9157b0acb215 HTTP/1.1" status: 200 len: 1635 time: 0.0285952
2026-04-28 08:58:54.848 10 INFO neutron.wsgi [req-bd63fed4-db68-44f8-9811-0fde7f4f6da4 req-d8e36a3b-5f50-4f92-8ff9-bacc7425265d 1673306297ea46cea0e2e65a93c8fee4 cb1a5111c579418fa4a3f1cfa1f10d6c - - 4f80f72be974423bb1c156b6d22b4158 4f80f72be974423bb1c156b6d22b4158] 199.19.213.205 "GET /v2.0/ports?network_id=b0b4cc9d-8d9e-42d4-bd46-6cb26648f155&device_owner=network%3Adhcp HTTP/1.1" status: 200 len: 210 time: 0.0217688
2026-04-28 08:58:54.945 10 INFO neutron.wsgi [req-bd63fed4-db68-44f8-9811-0fde7f4f6da4 req-0299e7bc-914a-4a14-a8a0-164abbdaee2b 1673306297ea46cea0e2e65a93c8fee4 cb1a5111c579418fa4a3f1cfa1f10d6c - - 4f80f72be974423bb1c156b6d22b4158 4f80f72be974423bb1c156b6d22b4158] 199.19.213.205 "GET /v2.0/networks/b0b4cc9d-8d9e-42d4-bd46-6cb26648f155?fields=segments HTTP/1.1" status: 200 len: 212 time: 0.0910192
2026-04-28 08:58:55.033 10 INFO neutron.wsgi [req-bd63fed4-db68-44f8-9811-0fde7f4f6da4 req-59678e80-fe85-4a6b-a6c4-bf72453873fb 1673306297ea46cea0e2e65a93c8fee4 cb1a5111c579418fa4a3f1cfa1f10d6c - - 4f80f72be974423bb1c156b6d22b4158 4f80f72be974423bb1c156b6d22b4158] 199.19.213.205 "GET /v2.0/networks/b0b4cc9d-8d9e-42d4-bd46-6cb26648f155?fields=provider%3Aphysical_network&fields=provider%3Anetwork_type HTTP/1.1" status: 200 len: 277 time: 0.0799360
2026-04-28 08:58:55.036 10 INFO neutron.db.ovn_revision_numbers_db [None req-f510634f-91cc-4364-8747-c1e950e212a6 - - - - - -] Successfully bumped revision number for resource a8758240-3b53-4a6f-92f6-9157b0acb215 (type: ports) to 4
2026-04-28 08:58:55.178 15 INFO neutron.db.ovn_revision_numbers_db [None req-8a39858b-19b5-4c97-abe2-b170a0e5bd1f - - - - - -] Successfully bumped revision number for resource 404698a0-e6f9-4253-99cb-c7ce73bd8d9c (type: networks) to 3
2026-04-28 08:58:55.237 9 INFO neutron.db.ovn_revision_numbers_db [None req-9d25d484-f2b6-4fbc-a82e-7e81a1911a74 56172e8c90ef45059602b768e6b9d171 fac1150d86bd43b48062b71e86218f90 - - default default] Successfully bumped revision number for resource a8758240-3b53-4a6f-92f6-9157b0acb215 (type: ports) to 5
2026-04-28 08:58:55.246 9 INFO neutron.wsgi [None req-9d25d484-f2b6-4fbc-a82e-7e81a1911a74 56172e8c90ef45059602b768e6b9d171 fac1150d86bd43b48062b71e86218f90 - - default default] 199.19.213.205 "PUT /v2.0/ports/a8758240-3b53-4a6f-92f6-9157b0acb215 HTTP/1.1" status: 200 len: 1374 time: 0.4181826 /var/lib/openstack/lib/python3.10/site-packages/pycadf/identifier.py:71: UserWarning: Invalid uuid: neutron. To ensure interoperability, identifiers should be a valid uuid. warnings.warn(('Invalid uuid: %s. To ensure interoperability, '
2026-04-28 08:58:55.292 9 INFO neutron.notifiers.nova [-] Nova event matching ['req-c69eabcb-6c20-4efc-b7c4-a8e2b612c6f1'] response: {'name': 'network-changed', 'server_uuid': 'c6e2ed02-88db-4fe7-aecf-0f3de016a3c7', 'tag': 'a8758240-3b53-4a6f-92f6-9157b0acb215', 'status': 'completed', 'code': 200}
2026-04-28 08:58:55.309 15 INFO neutron.db.ovn_revision_numbers_db [None req-8a39858b-19b5-4c97-abe2-b170a0e5bd1f - - - - - -] Successfully bumped revision number for resource f1236790-7915-4ce2-90ec-74d89dc898f3 (type: networks) to 3 /var/lib/openstack/lib/python3.10/site-packages/pycadf/identifier.py:71: UserWarning: Invalid uuid: neutron. To ensure interoperability, identifiers should be a valid uuid. warnings.warn(('Invalid uuid: %s. To ensure interoperability, '
2026-04-28 08:58:55.325 9 INFO neutron.wsgi [None req-61230165-01a6-472f-8831-86f602ee5264 56172e8c90ef45059602b768e6b9d171 fac1150d86bd43b48062b71e86218f90 - - default default] 199.19.213.205 "GET /v2.0/networks/b0b4cc9d-8d9e-42d4-bd46-6cb26648f155 HTTP/1.1" status: 200 len: 1000 time: 0.0694981
2026-04-28 08:58:55.356 10 INFO neutron.wsgi [req-825893ed-c463-4de5-b867-22c9990e15ad req-99f5a406-1426-4a9f-8eab-70bdec34eea1 1673306297ea46cea0e2e65a93c8fee4 cb1a5111c579418fa4a3f1cfa1f10d6c - - 4f80f72be974423bb1c156b6d22b4158 4f80f72be974423bb1c156b6d22b4158] 199.19.213.205 "GET /v2.0/ports?tenant_id=fac1150d86bd43b48062b71e86218f90&device_id=c6e2ed02-88db-4fe7-aecf-0f3de016a3c7 HTTP/1.1" status: 200 len: 5112 time: 0.0461466
2026-04-28 08:58:55.366 9 INFO neutron.wsgi [None req-ee2a8088-3b6f-40a7-bb89-2a4a0a5be7e6 56172e8c90ef45059602b768e6b9d171 fac1150d86bd43b48062b71e86218f90 - - default default] 199.19.213.205 "GET /v2.0/subnets/f78669f7-05d9-4ad0-9894-9e51ab28a569 HTTP/1.1" status: 200 len: 848 time: 0.0335903
2026-04-28 08:58:55.453 15 INFO neutron.db.ovn_revision_numbers_db [None req-8a39858b-19b5-4c97-abe2-b170a0e5bd1f - - - - - -] Successfully bumped revision number for resource b0b4cc9d-8d9e-42d4-bd46-6cb26648f155 (type: networks) to 3
2026-04-28 08:58:55.458 10 INFO neutron.wsgi [req-825893ed-c463-4de5-b867-22c9990e15ad req-5f6c1f81-955d-4824-b8ed-9cb3801dfd4f 1673306297ea46cea0e2e65a93c8fee4 cb1a5111c579418fa4a3f1cfa1f10d6c - - 4f80f72be974423bb1c156b6d22b4158 4f80f72be974423bb1c156b6d22b4158] 199.19.213.205 "GET /v2.0/networks?id=b0b4cc9d-8d9e-42d4-bd46-6cb26648f155 HTTP/1.1" status: 200 len: 1003 time: 0.0931008
2026-04-28 08:58:55.459 9 INFO neutron.wsgi [None req-9c96d82e-230c-45cc-9779-676d0c756663 56172e8c90ef45059602b768e6b9d171 fac1150d86bd43b48062b71e86218f90 - - default default] 199.19.213.205 "GET /v2.0/extensions/security-group HTTP/1.1" status: 200 len: 369 time: 0.0053902
2026-04-28 08:58:55.471 9 INFO neutron.wsgi [None req-d4f620ec-bfaa-416a-9fda-a995c4c15cde 56172e8c90ef45059602b768e6b9d171 fac1150d86bd43b48062b71e86218f90 - - default default] 199.19.213.205 "GET /v2.0/extensions/dns-integration HTTP/1.1" status: 200 len: 371 time: 0.0046799
2026-04-28 08:58:55.476 10 INFO neutron.notifiers.nova [-] Nova event matching ['req-b039990b-ce0e-40c1-8265-0aa6cb02885d'] response: {'server_uuid': 'c6e2ed02-88db-4fe7-aecf-0f3de016a3c7', 'name': 'network-vif-plugged', 'status': 'completed', 'tag': 'a8758240-3b53-4a6f-92f6-9157b0acb215', 'code': 200}
2026-04-28 08:58:55.476 10 INFO neutron.notifiers.nova [-] Nova event matching ['req-b039990b-ce0e-40c1-8265-0aa6cb02885d'] response: {'server_uuid': 'c6e2ed02-88db-4fe7-aecf-0f3de016a3c7', 'name': 'network-vif-plugged', 'status': 'completed', 'tag': 'a8758240-3b53-4a6f-92f6-9157b0acb215', 'code': 200}
2026-04-28 08:58:55.481 9 INFO neutron.wsgi [None req-c4ba425b-8ace-4e2b-ad68-8e656107c194 56172e8c90ef45059602b768e6b9d171 fac1150d86bd43b48062b71e86218f90 - - default default] 199.19.213.205 "GET /v2.0/extensions/qos HTTP/1.1" status: 200 len: 365 time: 0.0046964
2026-04-28 08:58:55.492 9 INFO neutron.wsgi [None req-bf17a0b2-2b31-4eea-9aae-c57d12070783 56172e8c90ef45059602b768e6b9d171 fac1150d86bd43b48062b71e86218f90 - - default default] 199.19.213.205 "GET /v2.0/extensions/allowed-address-pairs HTTP/1.1" status: 200 len: 383 time: 0.0062234
2026-04-28 08:58:55.496 10 INFO neutron.wsgi [req-825893ed-c463-4de5-b867-22c9990e15ad req-c80d517a-b47e-49b3-ab24-a7457e36429a 1673306297ea46cea0e2e65a93c8fee4 cb1a5111c579418fa4a3f1cfa1f10d6c - - 4f80f72be974423bb1c156b6d22b4158 4f80f72be974423bb1c156b6d22b4158] 199.19.213.205 "GET /v2.0/floatingips?fixed_ip_address=10.2.2.44&port_id=a8758240-3b53-4a6f-92f6-9157b0acb215 HTTP/1.1" status: 200 len: 217 time: 0.0310326
2026-04-28 08:58:55.516 15 INFO neutron.db.ovn_revision_numbers_db [None req-8a39858b-19b5-4c97-abe2-b170a0e5bd1f - - - - - -] Successfully bumped revision number for resource 8bd7654f-6acc-4d99-83da-7b9e597f54fd (type: security_groups) to 12
2026-04-28 08:58:55.535 10 INFO neutron.wsgi [req-825893ed-c463-4de5-b867-22c9990e15ad req-ef11c3b7-1dfe-4f37-b85b-4b1b1845a104 1673306297ea46cea0e2e65a93c8fee4 cb1a5111c579418fa4a3f1cfa1f10d6c - - 4f80f72be974423bb1c156b6d22b4158 4f80f72be974423bb1c156b6d22b4158] 199.19.213.205 "GET /v2.0/subnets?id=f78669f7-05d9-4ad0-9894-9e51ab28a569 HTTP/1.1" status: 200 len: 851 time: 0.0319963
2026-04-28 08:58:55.563 10 INFO neutron.wsgi [req-825893ed-c463-4de5-b867-22c9990e15ad req-f0d4f05e-dfa1-4ee9-8e6f-5133c7db25f2 1673306297ea46cea0e2e65a93c8fee4 cb1a5111c579418fa4a3f1cfa1f10d6c - - 4f80f72be974423bb1c156b6d22b4158 4f80f72be974423bb1c156b6d22b4158] 199.19.213.205 "GET /v2.0/ports?network_id=b0b4cc9d-8d9e-42d4-bd46-6cb26648f155&device_owner=network%3Adhcp HTTP/1.1" status: 200 len: 210 time: 0.0190141
2026-04-28 08:58:55.565 15 INFO neutron.db.ovn_revision_numbers_db [None req-8a39858b-19b5-4c97-abe2-b170a0e5bd1f - - - - - -] Successfully bumped revision number for resource ad21aa97-2893-47c0-a71f-5c9dfab69bbc (type: security_groups) to 3
2026-04-28 08:58:55.631 10 INFO neutron.wsgi [req-825893ed-c463-4de5-b867-22c9990e15ad req-374b0a3f-0d87-40f1-b999-ce67ac520e00 1673306297ea46cea0e2e65a93c8fee4 cb1a5111c579418fa4a3f1cfa1f10d6c - - 4f80f72be974423bb1c156b6d22b4158 4f80f72be974423bb1c156b6d22b4158] 199.19.213.205 "GET /v2.0/networks/b0b4cc9d-8d9e-42d4-bd46-6cb26648f155?fields=segments HTTP/1.1" status: 200 len: 212 time: 0.0617013
2026-04-28 08:58:55.690 10 INFO neutron.wsgi [req-825893ed-c463-4de5-b867-22c9990e15ad req-2f2c35ac-6c0e-4e3b-a13b-1abe8fcd1885 1673306297ea46cea0e2e65a93c8fee4 cb1a5111c579418fa4a3f1cfa1f10d6c - - 4f80f72be974423bb1c156b6d22b4158 4f80f72be974423bb1c156b6d22b4158] 199.19.213.205 "GET /v2.0/networks/b0b4cc9d-8d9e-42d4-bd46-6cb26648f155?fields=provider%3Aphysical_network&fields=provider%3Anetwork_type HTTP/1.1" status: 200 len: 277 time: 0.0516384
2026-04-28 08:58:55.830 9 INFO neutron.wsgi [None req-90ca0d59-7b94-45ce-a205-0f532040385e 56172e8c90ef45059602b768e6b9d171 fac1150d86bd43b48062b71e86218f90 - - default default] 199.19.213.205 "GET /v2.0/subnets/61ecb551-164d-4fd1-a203-48989cc4c64e HTTP/1.1" status: 200 len: 850 time: 0.3320408
2026-04-28 08:58:55.863 9 INFO neutron.wsgi [None req-1df83228-db94-43eb-8a01-63db6424e2f6 56172e8c90ef45059602b768e6b9d171 fac1150d86bd43b48062b71e86218f90 - - default default] 199.19.213.205 "GET /v2.0/ports/cfc47d45-fd70-4534-9ff1-56f31e0c2675 HTTP/1.1" status: 200 len: 1340 time: 0.0292842
2026-04-28 08:58:55.895 9 INFO neutron.wsgi [None req-1314ecee-12a1-4de3-b33b-363741f8ab36 56172e8c90ef45059602b768e6b9d171 fac1150d86bd43b48062b71e86218f90 - - default default] 199.19.213.205 "GET /v2.0/ports/339366b1-e5aa-4aac-b41f-45df4b170611 HTTP/1.1" status: 200 len: 1515 time: 0.0259688
2026-04-28 08:58:55.948 9 INFO neutron.wsgi [None req-3039f69a-deff-4f00-9e73-e92560a7dfbb 56172e8c90ef45059602b768e6b9d171 fac1150d86bd43b48062b71e86218f90 - - default default] 199.19.213.205 "GET /v2.0/subnets/61ecb551-164d-4fd1-a203-48989cc4c64e HTTP/1.1" status: 200 len: 850 time: 0.0440130
2026-04-28 08:58:56.020 9 INFO neutron.wsgi [None req-a83de911-f75a-4a2a-be3a-7e9758732aa7 56172e8c90ef45059602b768e6b9d171 fac1150d86bd43b48062b71e86218f90 - - default default] 199.19.213.205 "GET /v2.0/networks/404698a0-e6f9-4253-99cb-c7ce73bd8d9c HTTP/1.1" status: 200 len: 1002 time: 0.0644574
2026-04-28 08:58:56.048 15 INFO neutron.db.ovn_revision_numbers_db [None req-8a39858b-19b5-4c97-abe2-b170a0e5bd1f - - - - - -] Successfully bumped revision number for resource d53e8ac6-b41d-4568-b193-f65853503376 (type: routers) to 5
2026-04-28 08:58:56.050 9 INFO neutron.wsgi [None req-43bd38f0-0cf1-4fcc-8c72-93fe91ad5a95 56172e8c90ef45059602b768e6b9d171 fac1150d86bd43b48062b71e86218f90 - - default default] 199.19.213.205 "GET /v2.0/ports/cfc47d45-fd70-4534-9ff1-56f31e0c2675 HTTP/1.1" status: 200 len: 1340 time: 0.0254421
2026-04-28 08:58:56.101 9 INFO neutron.wsgi [None req-fb90820d-2af8-4305-b7dc-7bb041cb789b 56172e8c90ef45059602b768e6b9d171 fac1150d86bd43b48062b71e86218f90 - - default default] 199.19.213.205 "GET /v2.0/subnets/61ecb551-164d-4fd1-a203-48989cc4c64e HTTP/1.1" status: 200 len: 850 time: 0.0431058
2026-04-28 08:58:57.848 15 INFO neutron.plugins.ml2.drivers.ovn.mech_driver.ovsdb.maintenance [None req-8a39858b-19b5-4c97-abe2-b170a0e5bd1f - - - - - -] Maintenance task: Synchronization finished (took 2.81 seconds)
2026-04-28 08:59:03.523 9 INFO neutron.wsgi [req-5fce5e14-e428-4f58-b708-405dee69264b req-4f7c060d-6a26-451c-bec4-a412e16155ec 56172e8c90ef45059602b768e6b9d171 fac1150d86bd43b48062b71e86218f90 - - default default] 10.0.0.127 "GET /v2.0/ports?device_id=c6e2ed02-88db-4fe7-aecf-0f3de016a3c7&device_id=17f9aff3-672d-4d54-afdd-ada0591a05ba&device_id=57e674c5-9cc3-4af5-a457-baaab390827b HTTP/1.1" status: 200 len: 7970 time: 0.0595627
2026-04-28 08:59:03.589 9 INFO neutron.wsgi [req-5fce5e14-e428-4f58-b708-405dee69264b req-2f2ebde3-cf2b-40d0-b20e-aae33bf09416 56172e8c90ef45059602b768e6b9d171 fac1150d86bd43b48062b71e86218f90 - - default default] 10.0.0.127 "GET /v2.0/security-groups?id=ad21aa97-2893-47c0-a71f-5c9dfab69bbc&id=9bd27d58-cf6a-42a1-8b90-e392bd3f1d35&id=8bd7654f-6acc-4d99-83da-7b9e597f54fd&id=f874f277-b7d3-4f6a-b262-45245c287b54&fields=id&fields=name HTTP/1.1" status: 200 len: 552 time: 0.0617514
2026-04-28 08:59:04.318 9 INFO neutron.wsgi [-] 10.0.0.12 "GET / HTTP/1.1" status: 200 len: 246 time: 0.0017667
2026-04-28 08:59:04.320 9 INFO neutron.wsgi [-] 10.0.0.12 "GET / HTTP/1.1" status: 200 len: 246 time: 0.0016313
2026-04-28 08:59:04.668 9 INFO neutron.wsgi [req-40b2cd5d-60dc-47a7-8047-9b914fd81b01 req-714cb099-afa5-4378-97ae-a9a4849d6b80 56172e8c90ef45059602b768e6b9d171 fac1150d86bd43b48062b71e86218f90 - - default default] 10.0.0.127 "GET /v2.0/ports?device_id=17f9aff3-672d-4d54-afdd-ada0591a05ba&device_id=57e674c5-9cc3-4af5-a457-baaab390827b HTTP/1.1" status: 200 len: 3069 time: 0.0449464
2026-04-28 08:59:04.727 9 INFO neutron.wsgi [req-40b2cd5d-60dc-47a7-8047-9b914fd81b01 req-ba07111e-eb74-4f1f-b52b-a4737c75a438 56172e8c90ef45059602b768e6b9d171 fac1150d86bd43b48062b71e86218f90 - - default default] 10.0.0.127 "GET /v2.0/security-groups?id=8bd7654f-6acc-4d99-83da-7b9e597f54fd&fields=id&fields=name HTTP/1.1" status: 200 len: 311 time: 0.0517080
2026-04-28 08:59:04.922 9 INFO neutron.wsgi [req-44233d0b-6fef-4dd1-be01-1c875876faee req-a3ec4e97-9fe0-477c-89b9-f2b0c6f88215 56172e8c90ef45059602b768e6b9d171 fac1150d86bd43b48062b71e86218f90 - - default default] 10.0.0.127 "GET /v2.0/ports?device_id=c6e2ed02-88db-4fe7-aecf-0f3de016a3c7 HTTP/1.1" status: 200 len: 5112 time: 0.0505307
2026-04-28 08:59:04.982 9 INFO neutron.wsgi [req-44233d0b-6fef-4dd1-be01-1c875876faee req-6d3f3c5c-acc2-4f43-b084-198c92674895 56172e8c90ef45059602b768e6b9d171 fac1150d86bd43b48062b71e86218f90 - - default default] 10.0.0.127 "GET /v2.0/security-groups?id=ad21aa97-2893-47c0-a71f-5c9dfab69bbc&id=9bd27d58-cf6a-42a1-8b90-e392bd3f1d35&id=f874f277-b7d3-4f6a-b262-45245c287b54&fields=id&fields=name HTTP/1.1" status: 200 len: 461 time: 0.0514328
2026-04-28 08:59:05.308 9 INFO neutron.wsgi [None req-9a49064f-5740-403d-bf17-027edb2f85b3 56172e8c90ef45059602b768e6b9d171 fac1150d86bd43b48062b71e86218f90 - - default default] 199.19.213.205 "GET /v2.0/extensions/security-group HTTP/1.1" status: 200 len: 369 time: 0.0078785
2026-04-28 08:59:05.318 9 INFO neutron.wsgi [None req-f7657887-91e2-4ee8-b631-6685801e42c9 56172e8c90ef45059602b768e6b9d171 fac1150d86bd43b48062b71e86218f90 - - default default] 199.19.213.205 "GET /v2.0/extensions/dns-integration HTTP/1.1" status: 200 len: 371 time: 0.0057127
2026-04-28 08:59:05.328 9 INFO neutron.wsgi [None req-bf62c167-e6d6-43f1-9337-ad98c8589497 56172e8c90ef45059602b768e6b9d171 fac1150d86bd43b48062b71e86218f90 - - default default] 199.19.213.205 "GET /v2.0/extensions/qos HTTP/1.1" status: 200 len: 365 time: 0.0054586
2026-04-28 08:59:05.340 9 INFO neutron.wsgi [None req-ae77eda6-e52e-4844-bf3c-11804151100b 56172e8c90ef45059602b768e6b9d171 fac1150d86bd43b48062b71e86218f90 - - default default] 199.19.213.205 "GET /v2.0/extensions/allowed-address-pairs HTTP/1.1" status: 200 len: 383 time: 0.0060396
2026-04-28 08:59:05.378 9 INFO neutron.wsgi [None req-f472552e-c6f8-4216-89f2-bc86f3590d03 56172e8c90ef45059602b768e6b9d171 fac1150d86bd43b48062b71e86218f90 - - default default] 199.19.213.205 "GET /v2.0/subnets/8cbc7b31-58db-4486-af88-2e9bce2e0c8d HTTP/1.1" status: 200 len: 848 time: 0.0322032
2026-04-28 08:59:05.420 9 INFO neutron.wsgi [None req-bd63f429-24aa-43fc-aebe-04c89202175c 56172e8c90ef45059602b768e6b9d171 fac1150d86bd43b48062b71e86218f90 - - default default] 199.19.213.205 "GET /v2.0/ports?device_id=c6e2ed02-88db-4fe7-aecf-0f3de016a3c7 HTTP/1.1" status: 200 len: 5112 time: 0.0367382
2026-04-28 08:59:05.542 9 INFO neutron.wsgi [None req-af174319-610d-4a72-a4f7-b68b56369809 56172e8c90ef45059602b768e6b9d171 fac1150d86bd43b48062b71e86218f90 - - default default] 199.19.213.205 "GET /v2.0/extensions/security-group HTTP/1.1" status: 200 len: 369 time: 0.0068986
2026-04-28 08:59:05.551 9 INFO neutron.wsgi [None req-29740ad1-8fbc-494d-b22e-a43baab05240 56172e8c90ef45059602b768e6b9d171 fac1150d86bd43b48062b71e86218f90 - - default default] 199.19.213.205 "GET /v2.0/extensions/dns-integration HTTP/1.1" status: 200 len: 371 time: 0.0045025
2026-04-28 08:59:05.560 9 INFO neutron.wsgi [None req-afa5c007-cd0b-47f4-8249-fe22f3451769 56172e8c90ef45059602b768e6b9d171 fac1150d86bd43b48062b71e86218f90 - - default default] 199.19.213.205 "GET /v2.0/extensions/qos HTTP/1.1" status: 200 len: 365 time: 0.0044429
2026-04-28 08:59:05.569 9 INFO neutron.wsgi [None req-19480d2a-8f9e-4146-b0c3-4e281b38e373 56172e8c90ef45059602b768e6b9d171 fac1150d86bd43b48062b71e86218f90 - - default default] 199.19.213.205 "GET /v2.0/extensions/allowed-address-pairs HTTP/1.1" status: 200 len: 383 time: 0.0048203
2026-04-28 08:59:05.607 9 INFO neutron.wsgi [None req-2691a00b-23ca-4f18-b842-23f6d87f1150 56172e8c90ef45059602b768e6b9d171 fac1150d86bd43b48062b71e86218f90 - - default default] 199.19.213.205 "GET /v2.0/ports/a8758240-3b53-4a6f-92f6-9157b0acb215 HTTP/1.1" status: 200 len: 1402 time: 0.0311189
2026-04-28 08:59:05.989 9 INFO neutron.db.ovn_revision_numbers_db [None req-689c22ac-ce0b-4e54-9ac0-957ab7fda21e 56172e8c90ef45059602b768e6b9d171 fac1150d86bd43b48062b71e86218f90 - - default default] Successfully bumped revision number for resource a8758240-3b53-4a6f-92f6-9157b0acb215 (type: ports) to 6
2026-04-28 08:59:05.999 9 INFO neutron.wsgi [None req-689c22ac-ce0b-4e54-9ac0-957ab7fda21e 56172e8c90ef45059602b768e6b9d171 fac1150d86bd43b48062b71e86218f90 - - default default] 199.19.213.205 "PUT /v2.0/ports/a8758240-3b53-4a6f-92f6-9157b0acb215 HTTP/1.1" status: 200 len: 1203 time: 0.3862293 /var/lib/openstack/lib/python3.10/site-packages/pycadf/identifier.py:71: UserWarning: Invalid uuid: neutron. To ensure interoperability, identifiers should be a valid uuid. warnings.warn(('Invalid uuid: %s. To ensure interoperability, '
2026-04-28 08:59:06.042 9 INFO neutron.notifiers.nova [-] Nova event matching ['req-a974b769-8ecb-494f-9dd8-5f321af2597e'] response: {'name': 'network-changed', 'server_uuid': 'c6e2ed02-88db-4fe7-aecf-0f3de016a3c7', 'tag': 'a8758240-3b53-4a6f-92f6-9157b0acb215', 'status': 'completed', 'code': 200}
2026-04-28 08:59:06.073 9 INFO neutron.wsgi [None req-ba166180-4b68-4f4a-9090-ad237f6618d9 56172e8c90ef45059602b768e6b9d171 fac1150d86bd43b48062b71e86218f90 - - default default] 199.19.213.205 "GET /v2.0/networks/b0b4cc9d-8d9e-42d4-bd46-6cb26648f155 HTTP/1.1" status: 200 len: 1000 time: 0.0650184
2026-04-28 08:59:06.103 10 INFO neutron.wsgi [req-77e7a921-537b-4861-9f5b-e4b0418d459f req-35942f4a-5006-4688-ba88-9cd4dfde7562 1673306297ea46cea0e2e65a93c8fee4 cb1a5111c579418fa4a3f1cfa1f10d6c - - 4f80f72be974423bb1c156b6d22b4158 4f80f72be974423bb1c156b6d22b4158] 199.19.213.205 "GET /v2.0/ports?tenant_id=fac1150d86bd43b48062b71e86218f90&device_id=c6e2ed02-88db-4fe7-aecf-0f3de016a3c7 HTTP/1.1" status: 200 len: 4941 time: 0.0455484
2026-04-28 08:59:06.107 9 INFO neutron.wsgi [None req-aee4e283-419f-435b-a527-e80356a498a9 56172e8c90ef45059602b768e6b9d171 fac1150d86bd43b48062b71e86218f90 - - default default] 199.19.213.205 "GET /v2.0/ports?device_id=c6e2ed02-88db-4fe7-aecf-0f3de016a3c7 HTTP/1.1" status: 200 len: 4941 time: 0.0289340
2026-04-28 08:59:06.169 10 INFO neutron.wsgi [req-77e7a921-537b-4861-9f5b-e4b0418d459f req-224c86aa-73a1-4460-948a-9241cd7f0e7c 1673306297ea46cea0e2e65a93c8fee4 cb1a5111c579418fa4a3f1cfa1f10d6c - - 4f80f72be974423bb1c156b6d22b4158 4f80f72be974423bb1c156b6d22b4158] 199.19.213.205 "GET /v2.0/networks?id=b0b4cc9d-8d9e-42d4-bd46-6cb26648f155 HTTP/1.1" status: 200 len: 1003 time: 0.0591106
