2026-04-28 08:54:37.350 9 INFO neutron.wsgi [req-b29988e0-6ad6-4e6b-910d-2e20309b3a23 req-a38a8773-c8e4-4b72-923b-ee84d6071915 2f80b9eb1f3245b49d27d93635b33196 803f6a34f8dc420a9d2fad6c908502a6 - - default default] 10.0.0.127 "GET /v2.0/ports?device_id=55933228-239d-47d4-88bf-d181a1416c65 HTTP/1.1" status: 200 len: 1170 time: 0.1428652
2026-04-28 08:54:37.401 9 INFO neutron.db.ovn_revision_numbers_db [None req-a3526154-d57d-43cf-80c7-dd58a7f42951 56172e8c90ef45059602b768e6b9d171 fac1150d86bd43b48062b71e86218f90 - - default default] Successfully bumped revision number for resource ef3110f0-9024-45b9-b59b-1f3bdd183656 (type: security_group_rules) to 0
2026-04-28 08:54:37.407 10 WARNING neutron.scheduler.dhcp_agent_scheduler [None req-017c88a8-c88d-4330-b947-1aedbf4879e2 abe73b40e2524139b5b529691bab1930 d40061121e204c5fad9cc2d6a0d24d7a - - default default] No more DHCP agents
2026-04-28 08:54:37.409 10 WARNING neutron.api.rpc.agentnotifiers.dhcp_rpc_agent_api [None req-017c88a8-c88d-4330-b947-1aedbf4879e2 abe73b40e2524139b5b529691bab1930 d40061121e204c5fad9cc2d6a0d24d7a - - default default] Unable to schedule network 1513e3c6-5390-40e8-bbaf-6790301cb4dc: no agents available; will retry on subsequent port and subnet creation events.
2026-04-28 08:54:37.456 9 INFO neutron.wsgi [None req-a3526154-d57d-43cf-80c7-dd58a7f42951 56172e8c90ef45059602b768e6b9d171 fac1150d86bd43b48062b71e86218f90 - - default default] 10.0.0.101 "GET /v2.0/security-groups?tenant_id=c03d87614c1f4ef7baed237a4497b63c&name=default HTTP/1.1" status: 200 len: 2996 time: 0.3850141
2026-04-28 08:54:37.460 9 INFO neutron.wsgi [req-b29988e0-6ad6-4e6b-910d-2e20309b3a23 req-a271f2ba-871e-488d-9abf-45099a304c07 2f80b9eb1f3245b49d27d93635b33196 803f6a34f8dc420a9d2fad6c908502a6 - - default default] 10.0.0.127 "GET /v2.0/security-groups?id=2b510eaf-1f0b-4930-82b7-e01bd112cd78&fields=id&fields=name HTTP/1.1" status: 200 len: 312 time: 0.0850763
2026-04-28 08:54:37.507 9 INFO neutron.notifiers.nova [-] Nova event matching ['req-6c673b6b-7ddf-47a8-86b6-f1d16a679023'] response: {'server_uuid': '55933228-239d-47d4-88bf-d181a1416c65', 'name': 'network-vif-unplugged', 'status': 'completed', 'tag': '5a72601d-2cce-4cb5-87d6-52b1cc29821e', 'code': 200}
2026-04-28 08:54:37.534 10 INFO neutron.db.ovn_revision_numbers_db [None req-017c88a8-c88d-4330-b947-1aedbf4879e2 abe73b40e2524139b5b529691bab1930 d40061121e204c5fad9cc2d6a0d24d7a - - default default] Successfully bumped revision number for resource e2a5c1b0-4b4c-4574-8747-9c2f18989a3d (type: ports) to 1
2026-04-28 08:54:37.569 10 INFO neutron.wsgi [None req-017c88a8-c88d-4330-b947-1aedbf4879e2 abe73b40e2524139b5b529691bab1930 d40061121e204c5fad9cc2d6a0d24d7a - - default default] 10.0.0.101 "POST /v2.0/networks HTTP/1.1" status: 201 len: 1445 time: 1.4326506
2026-04-28 08:54:37.608 9 INFO neutron.wsgi [req-0850a624-971f-43dd-9f59-004d4a9bdb3d req-8858e91b-c171-48f6-bf94-b8d813d749b8 2f80b9eb1f3245b49d27d93635b33196 803f6a34f8dc420a9d2fad6c908502a6 - - default default] 199.19.213.205 "GET /v2.0/ports?device_id=55933228-239d-47d4-88bf-d181a1416c65 HTTP/1.1" status: 200 len: 1168 time: 0.0574794
2026-04-28 08:54:37.630 9 INFO neutron.db.ovn_revision_numbers_db [None req-4022adf0-5fda-4258-8483-152ba1df3611 56172e8c90ef45059602b768e6b9d171 fac1150d86bd43b48062b71e86218f90 - - default default] Successfully bumped revision number for resource b35c62cc-a1cf-4713-bec9-02f886d30129 (type: security_groups) to 1
2026-04-28 08:54:37.659 9 INFO neutron.db.ovn_revision_numbers_db [None req-4022adf0-5fda-4258-8483-152ba1df3611 56172e8c90ef45059602b768e6b9d171 fac1150d86bd43b48062b71e86218f90 - - default default] Successfully bumped revision number for resource 06b95d8f-9df3-48b6-965c-a643ae3a61ad (type: security_group_rules) to 0
2026-04-28 08:54:37.693 9 INFO neutron.db.ovn_revision_numbers_db [None req-4022adf0-5fda-4258-8483-152ba1df3611 56172e8c90ef45059602b768e6b9d171 fac1150d86bd43b48062b71e86218f90 - - default default] Successfully bumped revision number for resource 4ee28129-d457-4d62-81c8-58a661e14248 (type: security_group_rules) to 0
2026-04-28 08:54:37.725 9 INFO neutron.db.ovn_revision_numbers_db [None req-4022adf0-5fda-4258-8483-152ba1df3611 56172e8c90ef45059602b768e6b9d171 fac1150d86bd43b48062b71e86218f90 - - default default] Successfully bumped revision number for resource 5626ec32-79b7-4548-a706-fd48410e549e (type: security_group_rules) to 0
2026-04-28 08:54:37.749 9 INFO neutron.db.ovn_revision_numbers_db [None req-4022adf0-5fda-4258-8483-152ba1df3611 56172e8c90ef45059602b768e6b9d171 fac1150d86bd43b48062b71e86218f90 - - default default] Successfully bumped revision number for resource 8e25910b-9249-4923-998b-4f88fdc3bbfc (type: security_group_rules) to 0
2026-04-28 08:54:37.806 9 INFO neutron.wsgi [None req-4022adf0-5fda-4258-8483-152ba1df3611 56172e8c90ef45059602b768e6b9d171 fac1150d86bd43b48062b71e86218f90 - - default default] 10.0.0.101 "GET /v2.0/security-groups?tenant_id=60c0b6ee8d6e4c8fb656a504cffd623f&name=default HTTP/1.1" status: 200 len: 2996 time: 0.6090856
2026-04-28 08:54:37.854 10 INFO neutron.wsgi [None req-37c010c8-01e2-45ee-b377-e7c99e7f7f78 abe73b40e2524139b5b529691bab1930 d40061121e204c5fad9cc2d6a0d24d7a - - default default] 10.0.0.101 "GET /v2.0/networks HTTP/1.1" status: 200 len: 2051 time: 0.2763181
2026-04-28 08:54:37.871 9 INFO neutron.db.ovn_revision_numbers_db [None req-9d8d9a68-c9b2-4170-96b5-9135659312c3 - - - - - -] Successfully bumped revision number for resource 5a72601d-2cce-4cb5-87d6-52b1cc29821e (type: ports) to 5
2026-04-28 08:54:38.026 10 INFO neutron.wsgi [None req-d5368e0f-25da-4890-aeed-fde341fe3d3c 56172e8c90ef45059602b768e6b9d171 fac1150d86bd43b48062b71e86218f90 - - default default] 10.0.0.101 "DELETE /v2.0/security-groups/379f3280-f6ec-48ea-8fce-d4544d6550ae HTTP/1.1" status: 204 len: 168 time: 0.5617282
2026-04-28 08:54:38.050 9 INFO neutron.db.l3_db [req-0850a624-971f-43dd-9f59-004d4a9bdb3d req-d3e3ba80-3c17-474c-9347-885c330d924f 2f80b9eb1f3245b49d27d93635b33196 803f6a34f8dc420a9d2fad6c908502a6 - - default default] Floating IP 4bdec667-06b7-477c-98cd-5e582beb73cc disassociated. External IP: 10.96.250.212, port: 5a72601d-2cce-4cb5-87d6-52b1cc29821e. /var/lib/openstack/lib/python3.10/site-packages/pycadf/identifier.py:71: UserWarning: Invalid uuid: neutron. To ensure interoperability, identifiers should be a valid uuid. warnings.warn(('Invalid uuid: %s. To ensure interoperability, '
2026-04-28 08:54:38.191 10 INFO neutron.wsgi [None req-4a16843b-a905-45da-bd16-482956721602 56172e8c90ef45059602b768e6b9d171 fac1150d86bd43b48062b71e86218f90 - - default default] 10.0.0.101 "DELETE /v2.0/security-groups/b35c62cc-a1cf-4713-bec9-02f886d30129 HTTP/1.1" status: 204 len: 168 time: 0.3780506
2026-04-28 08:54:38.250 9 INFO neutron.wsgi [req-0850a624-971f-43dd-9f59-004d4a9bdb3d req-d3e3ba80-3c17-474c-9347-885c330d924f 2f80b9eb1f3245b49d27d93635b33196 803f6a34f8dc420a9d2fad6c908502a6 - - default default] 199.19.213.205 "DELETE /v2.0/ports/5a72601d-2cce-4cb5-87d6-52b1cc29821e HTTP/1.1" status: 204 len: 173 time: 0.6355925
2026-04-28 08:54:38.342 10 INFO neutron.db.ovn_revision_numbers_db [None req-6ebee1b1-8117-425f-86cc-8cbee47af92f 56172e8c90ef45059602b768e6b9d171 fac1150d86bd43b48062b71e86218f90 - - default default] Successfully bumped revision number for resource fd577ba6-bb77-4774-9ad5-75cbc1252fd7 (type: security_groups) to 1
2026-04-28 08:54:38.376 10 INFO neutron.services.segments.plugin [-] Segment 7eda78c5-dcc2-4f6e-a836-83193c417c82 resource provider aggregate not found
2026-04-28 08:54:38.383 10 INFO neutron.services.segments.plugin [-] Segment 7eda78c5-dcc2-4f6e-a836-83193c417c82 resource provider aggregate not found
2026-04-28 08:54:38.401 10 INFO neutron.services.segments.plugin [-] Segment 7eda78c5-dcc2-4f6e-a836-83193c417c82 resource provider not found; error: Placement Client Error (4xx): {"errors": [{"status": 404, "title": "Not Found", "detail": "The resource could not be found.\n\n No resource provider with uuid 7eda78c5-dcc2-4f6e-a836-83193c417c82 found for delete ", "request_id": "req-ca887bba-a837-43f3-8142-a8dcb03b5463"}]}
2026-04-28 08:54:38.403 10 INFO neutron.db.ovn_revision_numbers_db [None req-6ebee1b1-8117-425f-86cc-8cbee47af92f 56172e8c90ef45059602b768e6b9d171 fac1150d86bd43b48062b71e86218f90 - - default default] Successfully bumped revision number for resource 491a1000-a80d-4a09-bba6-462d52f5b3bc (type: security_group_rules) to 0
2026-04-28 08:54:38.406 10 INFO neutron.services.segments.plugin [-] Segment 7eda78c5-dcc2-4f6e-a836-83193c417c82 resource provider not found; error: Placement Client Error (4xx): {"errors": [{"status": 404, "title": "Not Found", "detail": "The resource could not be found.\n\n No resource provider with uuid 7eda78c5-dcc2-4f6e-a836-83193c417c82 found for delete ", "request_id": "req-c9726df0-31e6-44f2-b268-d5489b1de27b"}]}
2026-04-28 08:54:38.422 10 INFO neutron.db.ovn_revision_numbers_db [None req-6ebee1b1-8117-425f-86cc-8cbee47af92f 56172e8c90ef45059602b768e6b9d171 fac1150d86bd43b48062b71e86218f90 - - default default] Successfully bumped revision number for resource 8875523a-0984-4e51-8f66-49f8f30219e8 (type: security_group_rules) to 0
2026-04-28 08:54:38.439 10 INFO neutron.wsgi [None req-8cb33f7a-d3a4-4a1b-a492-680772bd18cd abe73b40e2524139b5b529691bab1930 d40061121e204c5fad9cc2d6a0d24d7a - - default default] 10.0.0.101 "DELETE /v2.0/networks/3b98f683-3b85-45cf-8829-da3299320b53 HTTP/1.1" status: 204 len: 168 time: 0.5807152
2026-04-28 08:54:38.457 10 INFO neutron.db.ovn_revision_numbers_db [None req-6ebee1b1-8117-425f-86cc-8cbee47af92f 56172e8c90ef45059602b768e6b9d171 fac1150d86bd43b48062b71e86218f90 - - default default] Successfully bumped revision number for resource aa92366b-4899-494f-86bb-da347324a877 (type: security_group_rules) to 0
2026-04-28 08:54:38.496 10 INFO neutron.db.ovn_revision_numbers_db [None req-6ebee1b1-8117-425f-86cc-8cbee47af92f 56172e8c90ef45059602b768e6b9d171 fac1150d86bd43b48062b71e86218f90 - - default default] Successfully bumped revision number for resource e413e658-4b0b-4606-adc5-0aadf13235c9 (type: security_group_rules) to 0
2026-04-28 08:54:38.542 10 INFO neutron.wsgi [None req-6ebee1b1-8117-425f-86cc-8cbee47af92f 56172e8c90ef45059602b768e6b9d171 fac1150d86bd43b48062b71e86218f90 - - default default] 10.0.0.101 "GET /v2.0/security-groups?tenant_id=e07cd65aa7464fef80b18c17b686c7cd&name=default HTTP/1.1" status: 200 len: 2996 time: 0.4035337 /var/lib/openstack/lib/python3.10/site-packages/pycadf/identifier.py:71: UserWarning: Invalid uuid: neutron. To ensure interoperability, identifiers should be a valid uuid. warnings.warn(('Invalid uuid: %s. To ensure interoperability, '
2026-04-28 08:54:38.584 9 INFO neutron.wsgi [req-614ed74e-fdde-4822-91a3-659e8cba0e47 req-85727983-4497-4aa8-8b2b-c7acdfc05663 2f80b9eb1f3245b49d27d93635b33196 803f6a34f8dc420a9d2fad6c908502a6 - - default default] 10.0.0.127 "GET /v2.0/ports?device_id=55933228-239d-47d4-88bf-d181a1416c65 HTTP/1.1" status: 200 len: 210 time: 0.0254376
2026-04-28 08:54:38.616 10 INFO neutron.wsgi [None req-63de244d-889a-4505-9859-053dba8f9a7f 56172e8c90ef45059602b768e6b9d171 fac1150d86bd43b48062b71e86218f90 - - default default] 10.0.0.204 "GET /v2.0/networks HTTP/1.1" status: 200 len: 3797 time: 0.3989384
2026-04-28 08:54:38.777 10 INFO neutron.wsgi [None req-109b93d5-574f-4d1a-8f2f-5b2d35614798 56172e8c90ef45059602b768e6b9d171 fac1150d86bd43b48062b71e86218f90 - - default default] 10.0.0.204 "GET /v2.0/routers HTTP/1.1" status: 200 len: 859 time: 0.1565609
2026-04-28 08:54:38.799 10 INFO neutron.wsgi [None req-43c95630-e600-4633-a9dc-f983d0c34cd5 56172e8c90ef45059602b768e6b9d171 fac1150d86bd43b48062b71e86218f90 - - default default] 10.0.0.204 "GET /v2.0/agents?binary=ovn-controller HTTP/1.1" status: 200 len: 591 time: 0.0196381
2026-04-28 08:54:38.811 10 INFO neutron.wsgi [None req-3ab54e16-a845-493d-9e5f-487f0797ac1f 56172e8c90ef45059602b768e6b9d171 fac1150d86bd43b48062b71e86218f90 - - default default] 10.0.0.204 "GET /v2.0/network-ip-availabilities HTTP/1.1" status: 200 len: 1989 time: 0.0113721
2026-04-28 08:54:38.850 10 INFO neutron.wsgi [None req-4a945bfa-19aa-4c58-88c9-3f86a012ef4c 56172e8c90ef45059602b768e6b9d171 fac1150d86bd43b48062b71e86218f90 - - default default] 10.0.0.204 "GET /v2.0/subnets HTTP/1.1" status: 200 len: 2078 time: 0.0376549
2026-04-28 08:54:38.890 10 INFO neutron.wsgi [None req-0b129e65-15e3-408a-b6db-17dd4223bb54 56172e8c90ef45059602b768e6b9d171 fac1150d86bd43b48062b71e86218f90 - - default default] 10.0.0.204 "GET /v2.0/floatingips HTTP/1.1" status: 200 len: 730 time: 0.0383046
2026-04-28 08:54:38.894 9 INFO neutron.wsgi [None req-2393e8c2-4acc-4c3c-a5e8-5747f11d7a90 56172e8c90ef45059602b768e6b9d171 fac1150d86bd43b48062b71e86218f90 - - default default] 10.0.0.101 "DELETE /v2.0/security-groups/fd577ba6-bb77-4774-9ad5-75cbc1252fd7 HTTP/1.1" status: 204 len: 168 time: 0.3433928
2026-04-28 08:54:38.945 10 INFO neutron.wsgi [None req-b98d4af1-c788-42d3-9b54-7c1899897a31 56172e8c90ef45059602b768e6b9d171 fac1150d86bd43b48062b71e86218f90 - - default default] 10.0.0.204 "GET /v2.0/subnets HTTP/1.1" status: 200 len: 2078 time: 0.0528123
2026-04-28 08:54:38.978 10 INFO neutron.wsgi [None req-11d2823e-0252-4c72-a3f5-b070bf67a3d1 56172e8c90ef45059602b768e6b9d171 fac1150d86bd43b48062b71e86218f90 - - default default] 10.0.0.204 "GET /v2.0/subnetpools HTTP/1.1" status: 200 len: 193 time: 0.0296843
2026-04-28 08:54:39.044 10 INFO neutron.wsgi [None req-b8460756-b69e-4e41-81ed-ead36b3f4a03 56172e8c90ef45059602b768e6b9d171 fac1150d86bd43b48062b71e86218f90 - - default default] 10.0.0.204 "GET /v2.0/ports HTTP/1.1" status: 200 len: 10765 time: 0.0631647
2026-04-28 08:54:39.069 10 INFO neutron.wsgi [None req-2b6b6036-1a78-4364-9c45-bac6b321f2b0 56172e8c90ef45059602b768e6b9d171 fac1150d86bd43b48062b71e86218f90 - - default default] 10.0.0.204 "GET /v2.0/agents HTTP/1.1" status: 200 len: 997 time: 0.0188401
2026-04-28 08:54:39.164 10 INFO neutron.wsgi [None req-c4306aa0-c4eb-4e1a-ac55-5e2a75490899 56172e8c90ef45059602b768e6b9d171 fac1150d86bd43b48062b71e86218f90 - - default default] 10.0.0.204 "GET /v2.0/security-groups HTTP/1.1" status: 200 len: 32543 time: 0.0937152
2026-04-28 08:54:39.190 10 INFO neutron.wsgi [None req-d8fa09bf-0368-42da-8aa6-f0fa657a8c09 abe73b40e2524139b5b529691bab1930 d40061121e204c5fad9cc2d6a0d24d7a - - default default] 10.0.0.101 "DELETE /v2.0/networks/1513e3c6-5390-40e8-bbaf-6790301cb4dc HTTP/1.1" status: 204 len: 168 time: 0.7419896
2026-04-28 08:54:39.286 9 INFO neutron.wsgi [None req-eb4ffcbc-8b37-48c0-8ae7-196f0017e432 abe73b40e2524139b5b529691bab1930 d40061121e204c5fad9cc2d6a0d24d7a - - default default] 10.0.0.101 "GET /v2.0/networks HTTP/1.1" status: 200 len: 845 time: 0.0899804
2026-04-28 08:54:39.406 10 INFO neutron.db.segments_db [None req-5b3d33cd-37b9-4ffd-a50f-e8868b15312b abe73b40e2524139b5b529691bab1930 d40061121e204c5fad9cc2d6a0d24d7a - - default default] Added segment a02f35a9-0079-495c-a115-b88e5a63fc1a of type geneve for network 2cd331f4-3542-44a1-b296-55a474d6623e
2026-04-28 08:54:39.543 9 INFO neutron.notifiers.nova [-] Nova event matching ['req-73a00198-7696-464b-9777-66cd71fd054e'] response: {'server_uuid': '55933228-239d-47d4-88bf-d181a1416c65', 'name': 'network-vif-plugged', 'status': 'completed', 'tag': '5a72601d-2cce-4cb5-87d6-52b1cc29821e', 'code': 200}
2026-04-28 08:54:39.543 9 INFO neutron.notifiers.nova [-] Nova event matching ['req-73a00198-7696-464b-9777-66cd71fd054e'] response: {'server_uuid': '55933228-239d-47d4-88bf-d181a1416c65', 'name': 'network-vif-deleted', 'tag': '5a72601d-2cce-4cb5-87d6-52b1cc29821e', 'status': 'completed', 'code': 200}
2026-04-28 08:54:39.679 10 INFO neutron.db.ovn_revision_numbers_db [None req-5b3d33cd-37b9-4ffd-a50f-e8868b15312b abe73b40e2524139b5b529691bab1930 d40061121e204c5fad9cc2d6a0d24d7a - - default default] Successfully bumped revision number for resource 2cd331f4-3542-44a1-b296-55a474d6623e (type: networks) to 1
2026-04-28 08:54:39.890 10 INFO neutron.wsgi [None req-2c85ee19-62de-4fa8-9dfb-ecabf610aef6 2f80b9eb1f3245b49d27d93635b33196 803f6a34f8dc420a9d2fad6c908502a6 - - default default] 10.0.0.101 "DELETE /v2.0/security-groups/2b510eaf-1f0b-4930-82b7-e01bd112cd78 HTTP/1.1" status: 204 len: 168 time: 0.2458055
2026-04-28 08:54:39.915 10 WARNING neutron.scheduler.dhcp_agent_scheduler [None req-5b3d33cd-37b9-4ffd-a50f-e8868b15312b abe73b40e2524139b5b529691bab1930 d40061121e204c5fad9cc2d6a0d24d7a - - default default] No more DHCP agents
2026-04-28 08:54:39.918 10 WARNING neutron.api.rpc.agentnotifiers.dhcp_rpc_agent_api [None req-5b3d33cd-37b9-4ffd-a50f-e8868b15312b abe73b40e2524139b5b529691bab1930 d40061121e204c5fad9cc2d6a0d24d7a - - default default] Unable to schedule network 2cd331f4-3542-44a1-b296-55a474d6623e: no agents available; will retry on subsequent port and subnet creation events.
2026-04-28 08:54:40.059 10 INFO neutron.db.ovn_revision_numbers_db [None req-5b3d33cd-37b9-4ffd-a50f-e8868b15312b abe73b40e2524139b5b529691bab1930 d40061121e204c5fad9cc2d6a0d24d7a - - default default] Successfully bumped revision number for resource 8618f3b5-b4b0-4695-8ddb-1385d91fa18d (type: ports) to 1
2026-04-28 08:54:40.111 10 INFO neutron.wsgi [None req-5b3d33cd-37b9-4ffd-a50f-e8868b15312b abe73b40e2524139b5b529691bab1930 d40061121e204c5fad9cc2d6a0d24d7a - - default default] 10.0.0.101 "POST /v2.0/networks HTTP/1.1" status: 201 len: 849 time: 0.8185732
2026-04-28 08:54:40.216 9 INFO neutron.db.segments_db [None req-fdb77561-c747-457a-9f80-916775a3c989 abe73b40e2524139b5b529691bab1930 d40061121e204c5fad9cc2d6a0d24d7a - - default default] Added segment 6fd267d2-1953-4433-838d-d0312c54927d of type geneve for network a6ad077e-1fed-4e94-bcb2-54b60a342d5b
2026-04-28 08:54:40.384 10 INFO neutron.wsgi [None req-b961f081-b3a5-4b21-9835-9efebdf40777 2f80b9eb1f3245b49d27d93635b33196 803f6a34f8dc420a9d2fad6c908502a6 - - default default] 10.0.0.101 "DELETE /v2.0/floatingips/4bdec667-06b7-477c-98cd-5e582beb73cc HTTP/1.1" status: 204 len: 168 time: 0.4635983
2026-04-28 08:54:40.393 9 INFO neutron.db.ovn_revision_numbers_db [None req-fdb77561-c747-457a-9f80-916775a3c989 abe73b40e2524139b5b529691bab1930 d40061121e204c5fad9cc2d6a0d24d7a - - default default] Successfully bumped revision number for resource a6ad077e-1fed-4e94-bcb2-54b60a342d5b (type: networks) to 1
2026-04-28 08:54:40.422 10 INFO neutron.services.segments.plugin [-] Segment f96df9d7-22f6-49da-a8f6-478394b96241 resource provider aggregate not found
2026-04-28 08:54:40.431 10 INFO neutron.services.segments.plugin [-] Segment f96df9d7-22f6-49da-a8f6-478394b96241 resource provider aggregate not found
2026-04-28 08:54:40.461 10 INFO neutron.services.segments.plugin [-] Segment f96df9d7-22f6-49da-a8f6-478394b96241 resource provider not found; error: Placement Client Error (4xx): {"errors": [{"status": 404, "title": "Not Found", "detail": "The resource could not be found.\n\n No resource provider with uuid f96df9d7-22f6-49da-a8f6-478394b96241 found for delete ", "request_id": "req-12a46365-f388-4bcf-bebc-56b34eac0500"}]}
2026-04-28 08:54:40.462 10 INFO neutron.services.segments.plugin [-] Segment f96df9d7-22f6-49da-a8f6-478394b96241 resource provider not found; error: Placement Client Error (4xx): {"errors": [{"status": 404, "title": "Not Found", "detail": "The resource could not be found.\n\n No resource provider with uuid f96df9d7-22f6-49da-a8f6-478394b96241 found for delete ", "request_id": "req-c7e35475-ed23-46a5-bcff-e4d3d098321b"}]}
2026-04-28 08:54:40.799 9 INFO neutron.plugins.ml2.drivers.ovn.mech_driver.mech_driver [None req-9d8d9a68-c9b2-4170-96b5-9135659312c3 - - - - - -] OVN reports status down for port: 96e4b250-ddd2-4b6f-b3d0-bb932318a1a7
2026-04-28 08:54:40.870 9 INFO neutron.wsgi [req-f4bc0192-c58f-4258-a074-556bb12e0bba req-6f4c3660-895f-40f8-9822-61e3fa162bd3 2f80b9eb1f3245b49d27d93635b33196 803f6a34f8dc420a9d2fad6c908502a6 - - default default] 10.0.0.127 "GET /v2.0/ports?device_id=0093475e-6d1f-4633-9e39-b4da65fe0025 HTTP/1.1" status: 200 len: 1170 time: 0.0765088
2026-04-28 08:54:40.979 9 INFO neutron.wsgi [req-6be667e5-a20f-420b-bf13-17a47f570c6f req-385c7a2d-c4b5-424d-b8cf-bfb7fc61d814 2f80b9eb1f3245b49d27d93635b33196 803f6a34f8dc420a9d2fad6c908502a6 - - default default] 199.19.213.205 "GET /v2.0/ports?device_id=0093475e-6d1f-4633-9e39-b4da65fe0025 HTTP/1.1" status: 200 len: 1170 time: 0.0772653
2026-04-28 08:54:41.005 9 INFO neutron.wsgi [req-f4bc0192-c58f-4258-a074-556bb12e0bba req-ca84b6de-7db1-403b-ad58-633c4adbd2cf 2f80b9eb1f3245b49d27d93635b33196 803f6a34f8dc420a9d2fad6c908502a6 - - default default] 10.0.0.127 "GET /v2.0/security-groups?id=2704bb1e-5aef-4cc1-a3e4-5706b6c43273&fields=id&fields=name HTTP/1.1" status: 200 len: 312 time: 0.1233220
2026-04-28 08:54:41.007 9 WARNING neutron.scheduler.dhcp_agent_scheduler [None req-fdb77561-c747-457a-9f80-916775a3c989 abe73b40e2524139b5b529691bab1930 d40061121e204c5fad9cc2d6a0d24d7a - - default default] No more DHCP agents
2026-04-28 08:54:41.020 9 WARNING neutron.api.rpc.agentnotifiers.dhcp_rpc_agent_api [None req-fdb77561-c747-457a-9f80-916775a3c989 abe73b40e2524139b5b529691bab1930 d40061121e204c5fad9cc2d6a0d24d7a - - default default] Unable to schedule network a6ad077e-1fed-4e94-bcb2-54b60a342d5b: no agents available; will retry on subsequent port and subnet creation events.
2026-04-28 08:54:41.172 9 INFO neutron.db.ovn_revision_numbers_db [None req-fdb77561-c747-457a-9f80-916775a3c989 abe73b40e2524139b5b529691bab1930 d40061121e204c5fad9cc2d6a0d24d7a - - default default] Successfully bumped revision number for resource 738efba1-da5a-459d-bc05-e5cb7986a3bc (type: ports) to 1
2026-04-28 08:54:41.213 9 INFO neutron.wsgi [None req-fdb77561-c747-457a-9f80-916775a3c989 abe73b40e2524139b5b529691bab1930 d40061121e204c5fad9cc2d6a0d24d7a - - default default] 10.0.0.101 "POST /v2.0/networks HTTP/1.1" status: 201 len: 849 time: 1.0952001
2026-04-28 08:54:41.346 9 INFO neutron.db.ovn_revision_numbers_db [None req-9d8d9a68-c9b2-4170-96b5-9135659312c3 - - - - - -] Successfully bumped revision number for resource 96e4b250-ddd2-4b6f-b3d0-bb932318a1a7 (type: ports) to 5
2026-04-28 08:54:41.393 9 INFO neutron.wsgi [req-6be667e5-a20f-420b-bf13-17a47f570c6f req-e30ae98f-9e7f-4130-82e1-976291869244 2f80b9eb1f3245b49d27d93635b33196 803f6a34f8dc420a9d2fad6c908502a6 - - default default] 199.19.213.205 "DELETE /v2.0/ports/96e4b250-ddd2-4b6f-b3d0-bb932318a1a7 HTTP/1.1" status: 204 len: 173 time: 0.4080510
2026-04-28 08:54:41.586 9 INFO neutron.notifiers.nova [-] Nova event matching ['req-6ba85602-b278-4beb-9c9b-f2dfba650267'] response: {'server_uuid': '0093475e-6d1f-4633-9e39-b4da65fe0025', 'name': 'network-vif-unplugged', 'status': 'completed', 'tag': '96e4b250-ddd2-4b6f-b3d0-bb932318a1a7', 'code': 200}
2026-04-28 08:54:41.587 9 INFO neutron.notifiers.nova [-] Nova event matching ['req-6ba85602-b278-4beb-9c9b-f2dfba650267'] response: {'server_uuid': '0093475e-6d1f-4633-9e39-b4da65fe0025', 'name': 'network-vif-plugged', 'status': 'completed', 'tag': '96e4b250-ddd2-4b6f-b3d0-bb932318a1a7', 'code': 200}
2026-04-28 08:54:41.587 9 INFO neutron.notifiers.nova [-] Nova event matching ['req-6ba85602-b278-4beb-9c9b-f2dfba650267'] response: {'server_uuid': '0093475e-6d1f-4633-9e39-b4da65fe0025', 'name': 'network-vif-deleted', 'tag': '96e4b250-ddd2-4b6f-b3d0-bb932318a1a7', 'status': 'completed', 'code': 200}
2026-04-28 08:54:41.775 10 WARNING neutron.scheduler.dhcp_agent_scheduler [None req-70feb40f-6dbb-4b51-98cc-b8dddb040ddd abe73b40e2524139b5b529691bab1930 d40061121e204c5fad9cc2d6a0d24d7a - - default default] No more DHCP agents
2026-04-28 08:54:41.778 10 WARNING neutron.api.rpc.agentnotifiers.dhcp_rpc_agent_api [None req-70feb40f-6dbb-4b51-98cc-b8dddb040ddd abe73b40e2524139b5b529691bab1930 d40061121e204c5fad9cc2d6a0d24d7a - - default default] Unable to schedule network 2cd331f4-3542-44a1-b296-55a474d6623e: no agents available; will retry on subsequent port and subnet creation events.
2026-04-28 08:54:41.876 10 INFO neutron.db.ovn_revision_numbers_db [None req-70feb40f-6dbb-4b51-98cc-b8dddb040ddd abe73b40e2524139b5b529691bab1930 d40061121e204c5fad9cc2d6a0d24d7a - - default default] Successfully bumped revision number for resource eba807a6-1ef9-4383-a854-a5ab64dac700 (type: ports) to 1
2026-04-28 08:54:41.921 10 WARNING neutron.scheduler.dhcp_agent_scheduler [None req-70feb40f-6dbb-4b51-98cc-b8dddb040ddd abe73b40e2524139b5b529691bab1930 d40061121e204c5fad9cc2d6a0d24d7a - - default default] No more DHCP agents
2026-04-28 08:54:41.924 10 WARNING neutron.api.rpc.agentnotifiers.dhcp_rpc_agent_api [None req-70feb40f-6dbb-4b51-98cc-b8dddb040ddd abe73b40e2524139b5b529691bab1930 d40061121e204c5fad9cc2d6a0d24d7a - - default default] Unable to schedule network a6ad077e-1fed-4e94-bcb2-54b60a342d5b: no agents available; will retry on subsequent port and subnet creation events.
2026-04-28 08:54:42.012 10 INFO neutron.db.ovn_revision_numbers_db [None req-70feb40f-6dbb-4b51-98cc-b8dddb040ddd abe73b40e2524139b5b529691bab1930 d40061121e204c5fad9cc2d6a0d24d7a - - default default] Successfully bumped revision number for resource 8758eb3c-7096-41fa-8f3c-0fc7da5b77b0 (type: ports) to 1
2026-04-28 08:54:42.042 10 INFO neutron.wsgi [None req-70feb40f-6dbb-4b51-98cc-b8dddb040ddd abe73b40e2524139b5b529691bab1930 d40061121e204c5fad9cc2d6a0d24d7a - - default default] 10.0.0.101 "POST /v2.0/ports HTTP/1.1" status: 201 len: 1706 time: 0.8233428 /var/lib/openstack/lib/python3.10/site-packages/pycadf/identifier.py:71: UserWarning: Invalid uuid: neutron. To ensure interoperability, identifiers should be a valid uuid. warnings.warn(('Invalid uuid: %s. To ensure interoperability, '
2026-04-28 08:54:42.419 10 INFO neutron.wsgi [None req-bb51b92b-fc39-4fe5-9e39-723a29bcee5b abe73b40e2524139b5b529691bab1930 d40061121e204c5fad9cc2d6a0d24d7a - - default default] 10.0.0.101 "GET /v2.0/ports HTTP/1.1" status: 200 len: 3213 time: 0.3734131
2026-04-28 08:54:42.515 10 INFO neutron.wsgi [None req-e0754294-5195-493d-9223-bba0215c6808 2f80b9eb1f3245b49d27d93635b33196 803f6a34f8dc420a9d2fad6c908502a6 - - default default] 10.0.0.101 "DELETE /v2.0/security-groups/2704bb1e-5aef-4cc1-a3e4-5706b6c43273 HTTP/1.1" status: 204 len: 168 time: 0.4246397
2026-04-28 08:54:42.705 10 INFO neutron.wsgi [None req-5644c827-eb41-41bf-a18c-fb21ab52ee1c abe73b40e2524139b5b529691bab1930 d40061121e204c5fad9cc2d6a0d24d7a - - default default] 10.0.0.101 "DELETE /v2.0/ports/eba807a6-1ef9-4383-a854-a5ab64dac700 HTTP/1.1" status: 204 len: 168 time: 0.2801976
2026-04-28 08:54:42.965 9 INFO neutron.wsgi [None req-9427cebb-ba11-4f30-a73a-77862d48fad2 abe73b40e2524139b5b529691bab1930 d40061121e204c5fad9cc2d6a0d24d7a - - default default] 10.0.0.101 "DELETE /v2.0/ports/8758eb3c-7096-41fa-8f3c-0fc7da5b77b0 HTTP/1.1" status: 204 len: 168 time: 0.2521894
2026-04-28 08:54:43.110 9 INFO neutron.wsgi [None req-60ce1352-6355-4d0b-8c64-1939ccc0bac5 abe73b40e2524139b5b529691bab1930 d40061121e204c5fad9cc2d6a0d24d7a - - default default] 10.0.0.101 "GET /v2.0/ports HTTP/1.1" status: 200 len: 1718 time: 0.1393127
2026-04-28 08:54:43.215 9 INFO neutron.db.segments_db [None req-36bd516a-2dd9-4ed2-b662-7ee2f8888ddb abe73b40e2524139b5b529691bab1930 d40061121e204c5fad9cc2d6a0d24d7a - - default default] Added segment 1e0fb940-35c7-418e-8d52-a9e9eb262680 of type geneve for network 61d61877-0b68-43b2-ba1b-0e44941beb47
2026-04-28 08:54:43.400 9 INFO neutron.db.ovn_revision_numbers_db [None req-36bd516a-2dd9-4ed2-b662-7ee2f8888ddb abe73b40e2524139b5b529691bab1930 d40061121e204c5fad9cc2d6a0d24d7a - - default default] Successfully bumped revision number for resource 61d61877-0b68-43b2-ba1b-0e44941beb47 (type: networks) to 1
2026-04-28 08:54:43.512 10 INFO neutron.wsgi [None req-c6cc4979-18ed-43b1-818f-39d523c308d9 2f80b9eb1f3245b49d27d93635b33196 803f6a34f8dc420a9d2fad6c908502a6 - - default default] 10.0.0.101 "PUT /v2.0/routers/add7abef-1b64-4b9e-9b81-8bb8ebfb6f71/remove_router_interface HTTP/1.1" status: 200 len: 503 time: 0.9602342 /var/lib/openstack/lib/python3.10/site-packages/pycadf/identifier.py:71: UserWarning: Invalid uuid: neutron. To ensure interoperability, identifiers should be a valid uuid. warnings.warn(('Invalid uuid: %s. To ensure interoperability, '
2026-04-28 08:54:43.623 9 INFO neutron.db.ovn_revision_numbers_db [None req-9ab49588-899d-4d39-98c6-1952d46d1ba1 b86e721f3ed044c084e9f893934a8f85 72774333713b4714a9924ea2f81863c8 - - default default] Successfully bumped revision number for resource 7de0e02a-8654-4857-a29e-8dcdf35a3621 (type: security_groups) to 1
2026-04-28 08:54:43.645 9 WARNING neutron.scheduler.dhcp_agent_scheduler [None req-36bd516a-2dd9-4ed2-b662-7ee2f8888ddb abe73b40e2524139b5b529691bab1930 d40061121e204c5fad9cc2d6a0d24d7a - - default default] No more DHCP agents
2026-04-28 08:54:43.647 9 WARNING neutron.api.rpc.agentnotifiers.dhcp_rpc_agent_api [None req-36bd516a-2dd9-4ed2-b662-7ee2f8888ddb abe73b40e2524139b5b529691bab1930 d40061121e204c5fad9cc2d6a0d24d7a - - default default] Unable to schedule network 61d61877-0b68-43b2-ba1b-0e44941beb47: no agents available; will retry on subsequent port and subnet creation events.
2026-04-28 08:54:43.650 9 INFO neutron.db.ovn_revision_numbers_db [None req-9ab49588-899d-4d39-98c6-1952d46d1ba1 b86e721f3ed044c084e9f893934a8f85 72774333713b4714a9924ea2f81863c8 - - default default] Successfully bumped revision number for resource 222fd9c6-9078-49b3-bd7b-0752534b69ef (type: security_group_rules) to 0
2026-04-28 08:54:43.690 9 INFO neutron.db.ovn_revision_numbers_db [None req-9ab49588-899d-4d39-98c6-1952d46d1ba1 b86e721f3ed044c084e9f893934a8f85 72774333713b4714a9924ea2f81863c8 - - default default] Successfully bumped revision number for resource 554c4944-f98e-460d-ade4-c202eb86c4ad (type: security_group_rules) to 0
2026-04-28 08:54:43.713 9 INFO neutron.db.ovn_revision_numbers_db [None req-9ab49588-899d-4d39-98c6-1952d46d1ba1 b86e721f3ed044c084e9f893934a8f85 72774333713b4714a9924ea2f81863c8 - - default default] Successfully bumped revision number for resource 81eb737e-5415-46b9-a48f-f20279574e34 (type: security_group_rules) to 0
2026-04-28 08:54:43.734 9 INFO neutron.db.ovn_revision_numbers_db [None req-9ab49588-899d-4d39-98c6-1952d46d1ba1 b86e721f3ed044c084e9f893934a8f85 72774333713b4714a9924ea2f81863c8 - - default default] Successfully bumped revision number for resource c8f2f98a-6870-41f5-881c-084e76593368 (type: security_group_rules) to 0
2026-04-28 08:54:43.746 9 INFO neutron.db.ovn_revision_numbers_db [None req-36bd516a-2dd9-4ed2-b662-7ee2f8888ddb abe73b40e2524139b5b529691bab1930 d40061121e204c5fad9cc2d6a0d24d7a - - default default] Successfully bumped revision number for resource 91ae41d0-5182-4f1f-931b-837603922302 (type: ports) to 1
2026-04-28 08:54:43.755 10 INFO neutron.wsgi [None req-27230ec6-9e2f-436c-9387-05f6191520aa 2f80b9eb1f3245b49d27d93635b33196 803f6a34f8dc420a9d2fad6c908502a6 - - default default] 10.0.0.101 "DELETE /v2.0/subnets/35629d82-c002-4393-9722-30e2a6997b06 HTTP/1.1" status: 204 len: 168 time: 0.2356768
2026-04-28 08:54:43.786 9 INFO neutron.wsgi [None req-36bd516a-2dd9-4ed2-b662-7ee2f8888ddb abe73b40e2524139b5b529691bab1930 d40061121e204c5fad9cc2d6a0d24d7a - - default default] 10.0.0.101 "POST /v2.0/networks HTTP/1.1" status: 201 len: 849 time: 0.6676579
2026-04-28 08:54:43.808 9 INFO neutron.db.segments_db [None req-9ab49588-899d-4d39-98c6-1952d46d1ba1 b86e721f3ed044c084e9f893934a8f85 72774333713b4714a9924ea2f81863c8 - - default default] Added segment f605088a-1f8a-4efc-81c3-db9bfea0010a of type geneve for network aad22595-1d75-481e-aacc-d598e6e3b9a1
2026-04-28 08:54:43.986 9 INFO neutron.db.segments_db [None req-5ee4bf82-8b27-4912-afe8-9c7955c64f0b abe73b40e2524139b5b529691bab1930 d40061121e204c5fad9cc2d6a0d24d7a - - default default] Added segment b55b758e-af78-485a-aa78-1958b790d23c of type geneve for network 06b164bf-f3a9-4d9e-9cee-e230103729d6
2026-04-28 08:54:44.029 10 INFO neutron.db.ovn_revision_numbers_db [None req-44ee9bf0-cabf-4b3f-8922-2f1ac19865aa 56172e8c90ef45059602b768e6b9d171 fac1150d86bd43b48062b71e86218f90 - - default default] Successfully bumped revision number for resource 2460f13c-3a69-4fab-a8da-a92a4e052c5c (type: security_groups) to 1
2026-04-28 08:54:44.044 10 INFO neutron.db.ovn_revision_numbers_db [None req-44ee9bf0-cabf-4b3f-8922-2f1ac19865aa 56172e8c90ef45059602b768e6b9d171 fac1150d86bd43b48062b71e86218f90 - - default default] Successfully bumped revision number for resource 0dafdd55-1a7b-447f-a788-ca304f1a5730 (type: security_group_rules) to 0
2026-04-28 08:54:44.063 10 INFO neutron.db.ovn_revision_numbers_db [None req-44ee9bf0-cabf-4b3f-8922-2f1ac19865aa 56172e8c90ef45059602b768e6b9d171 fac1150d86bd43b48062b71e86218f90 - - default default] Successfully bumped revision number for resource 8f260470-daac-4fdf-aba5-9330b8b02977 (type: security_group_rules) to 0
2026-04-28 08:54:44.064 9 INFO neutron.db.ovn_revision_numbers_db [None req-9ab49588-899d-4d39-98c6-1952d46d1ba1 b86e721f3ed044c084e9f893934a8f85 72774333713b4714a9924ea2f81863c8 - - default default] Successfully bumped revision number for resource aad22595-1d75-481e-aacc-d598e6e3b9a1 (type: networks) to 1
2026-04-28 08:54:44.094 10 INFO neutron.db.ovn_revision_numbers_db [None req-44ee9bf0-cabf-4b3f-8922-2f1ac19865aa 56172e8c90ef45059602b768e6b9d171 fac1150d86bd43b48062b71e86218f90 - - default default] Successfully bumped revision number for resource a9855b1e-e9ab-42eb-9ccc-8c840fe85cfc (type: security_group_rules) to 0
2026-04-28 08:54:44.109 10 INFO neutron.db.ovn_revision_numbers_db [None req-44ee9bf0-cabf-4b3f-8922-2f1ac19865aa 56172e8c90ef45059602b768e6b9d171 fac1150d86bd43b48062b71e86218f90 - - default default] Successfully bumped revision number for resource ce80f61c-bd98-4620-8316-e3239b30b433 (type: security_group_rules) to 0
2026-04-28 08:54:44.139 10 INFO neutron.wsgi [None req-44ee9bf0-cabf-4b3f-8922-2f1ac19865aa 56172e8c90ef45059602b768e6b9d171 fac1150d86bd43b48062b71e86218f90 - - default default] 10.0.0.101 "GET /v2.0/security-groups?tenant_id=9476fcfc3c714ef2afbce629f3b018c8&name=default HTTP/1.1" status: 200 len: 2996 time: 0.3343492
2026-04-28 08:54:44.327 9 INFO neutron.db.ovn_revision_numbers_db [None req-5ee4bf82-8b27-4912-afe8-9c7955c64f0b abe73b40e2524139b5b529691bab1930 d40061121e204c5fad9cc2d6a0d24d7a - - default default] Successfully bumped revision number for resource 06b164bf-f3a9-4d9e-9cee-e230103729d6 (type: networks) to 1
2026-04-28 08:54:44.332 10 INFO neutron.wsgi [None req-7ef4201c-ca45-4eaf-8157-79a696de8055 56172e8c90ef45059602b768e6b9d171 fac1150d86bd43b48062b71e86218f90 - - default default] 10.0.0.101 "DELETE /v2.0/security-groups/2460f13c-3a69-4fab-a8da-a92a4e052c5c HTTP/1.1" status: 204 len: 168 time: 0.1884530
2026-04-28 08:54:44.456 9 WARNING neutron.scheduler.dhcp_agent_scheduler [None req-9ab49588-899d-4d39-98c6-1952d46d1ba1 b86e721f3ed044c084e9f893934a8f85 72774333713b4714a9924ea2f81863c8 - - default default] No more DHCP agents
2026-04-28 08:54:44.461 9 WARNING neutron.api.rpc.agentnotifiers.dhcp_rpc_agent_api [None req-9ab49588-899d-4d39-98c6-1952d46d1ba1 b86e721f3ed044c084e9f893934a8f85 72774333713b4714a9924ea2f81863c8 - - default default] Unable to schedule network aad22595-1d75-481e-aacc-d598e6e3b9a1: no agents available; will retry on subsequent port and subnet creation events.
2026-04-28 08:54:44.622 9 INFO neutron.db.ovn_revision_numbers_db [None req-9ab49588-899d-4d39-98c6-1952d46d1ba1 b86e721f3ed044c084e9f893934a8f85 72774333713b4714a9924ea2f81863c8 - - default default] Successfully bumped revision number for resource eb6d7472-349c-45dc-8602-3bbd7e6e39b3 (type: ports) to 1
2026-04-28 08:54:44.670 9 WARNING neutron.scheduler.dhcp_agent_scheduler [None req-5ee4bf82-8b27-4912-afe8-9c7955c64f0b abe73b40e2524139b5b529691bab1930 d40061121e204c5fad9cc2d6a0d24d7a - - default default] No more DHCP agents
2026-04-28 08:54:44.673 9 WARNING neutron.api.rpc.agentnotifiers.dhcp_rpc_agent_api [None req-5ee4bf82-8b27-4912-afe8-9c7955c64f0b abe73b40e2524139b5b529691bab1930 d40061121e204c5fad9cc2d6a0d24d7a - - default default] Unable to schedule network 06b164bf-f3a9-4d9e-9cee-e230103729d6: no agents available; will retry on subsequent port and subnet creation events.
2026-04-28 08:54:44.688 9 INFO neutron.wsgi [None req-9ab49588-899d-4d39-98c6-1952d46d1ba1 b86e721f3ed044c084e9f893934a8f85 72774333713b4714a9924ea2f81863c8 - - default default] 10.0.0.101 "POST /v2.0/networks HTTP/1.1" status: 201 len: 830 time: 1.4909511
2026-04-28 08:54:44.797 9 INFO neutron.db.ovn_revision_numbers_db [None req-5ee4bf82-8b27-4912-afe8-9c7955c64f0b abe73b40e2524139b5b529691bab1930 d40061121e204c5fad9cc2d6a0d24d7a - - default default] Successfully bumped revision number for resource d914b148-4b8b-4ff1-ab70-334da56c6c92 (type: ports) to 1
2026-04-28 08:54:44.861 9 INFO neutron.wsgi [None req-5ee4bf82-8b27-4912-afe8-9c7955c64f0b abe73b40e2524139b5b529691bab1930 d40061121e204c5fad9cc2d6a0d24d7a - - default default] 10.0.0.101 "POST /v2.0/networks HTTP/1.1" status: 201 len: 848 time: 1.0695872
2026-04-28 08:54:44.887 9 INFO neutron.wsgi [None req-72e6206e-0ebf-48c9-a195-be7e8c977899 2f80b9eb1f3245b49d27d93635b33196 803f6a34f8dc420a9d2fad6c908502a6 - - default default] 10.0.0.101 "DELETE /v2.0/routers/add7abef-1b64-4b9e-9b81-8bb8ebfb6f71 HTTP/1.1" status: 204 len: 168 time: 1.1270833
2026-04-28 08:54:44.997 10 WARNING neutron.scheduler.dhcp_agent_scheduler [None req-ba43403a-2b46-4d18-a6f5-1d039a719819 b86e721f3ed044c084e9f893934a8f85 72774333713b4714a9924ea2f81863c8 - - default default] No more DHCP agents
2026-04-28 08:54:45.004 10 WARNING neutron.api.rpc.agentnotifiers.dhcp_rpc_agent_api [None req-ba43403a-2b46-4d18-a6f5-1d039a719819 b86e721f3ed044c084e9f893934a8f85 72774333713b4714a9924ea2f81863c8 - - default default] Unable to schedule network aad22595-1d75-481e-aacc-d598e6e3b9a1: no agents available; will retry on subsequent port and subnet creation events.
2026-04-28 08:54:45.276 9 INFO neutron.services.segments.plugin [-] Segment 716263d0-5901-421b-a353-e03bc093b618 resource provider aggregate not found
2026-04-28 08:54:45.282 9 INFO neutron.services.segments.plugin [-] Segment 716263d0-5901-421b-a353-e03bc093b618 resource provider aggregate not found
2026-04-28 08:54:45.315 9 INFO neutron.services.segments.plugin [-] Segment 716263d0-5901-421b-a353-e03bc093b618 resource provider not found; error: Placement Client Error (4xx): {"errors": [{"status": 404, "title": "Not Found", "detail": "The resource could not be found.\n\n No resource provider with uuid 716263d0-5901-421b-a353-e03bc093b618 found for delete ", "request_id": "req-9996abcf-2b4b-44f4-ab20-b18303374a36"}]}
2026-04-28 08:54:45.322 9 INFO neutron.services.segments.plugin [-] Segment 716263d0-5901-421b-a353-e03bc093b618 resource provider not found; error: Placement Client Error (4xx): {"errors": [{"status": 404, "title": "Not Found", "detail": "The resource could not be found.\n\n No resource provider with uuid 716263d0-5901-421b-a353-e03bc093b618 found for delete ", "request_id": "req-cf271043-eca8-48d6-84c0-daeaaa2ba3f8"}]}
2026-04-28 08:54:45.340 9 INFO neutron.wsgi [None req-0e51d1db-84d2-4a01-a52e-9eb28662c931 2f80b9eb1f3245b49d27d93635b33196 803f6a34f8dc420a9d2fad6c908502a6 - - default default] 10.0.0.101 "DELETE /v2.0/networks/1b93ea36-aa71-486b-9479-f522eeee3807 HTTP/1.1" status: 204 len: 168 time: 0.4469299
2026-04-28 08:54:45.529 10 WARNING neutron.scheduler.dhcp_agent_scheduler [None req-966c82e8-e8cd-4d32-ae6c-4c30cd66ff27 abe73b40e2524139b5b529691bab1930 d40061121e204c5fad9cc2d6a0d24d7a - - default default] No more DHCP agents
2026-04-28 08:54:45.534 10 WARNING neutron.api.rpc.agentnotifiers.dhcp_rpc_agent_api [None req-966c82e8-e8cd-4d32-ae6c-4c30cd66ff27 abe73b40e2524139b5b529691bab1930 d40061121e204c5fad9cc2d6a0d24d7a - - default default] Unable to schedule network 61d61877-0b68-43b2-ba1b-0e44941beb47: no agents available; will retry on subsequent port and subnet creation events.
2026-04-28 08:54:45.736 10 INFO neutron.db.ovn_revision_numbers_db [None req-ba43403a-2b46-4d18-a6f5-1d039a719819 b86e721f3ed044c084e9f893934a8f85 72774333713b4714a9924ea2f81863c8 - - default default] Successfully bumped revision number for resource eb6d7472-349c-45dc-8602-3bbd7e6e39b3 (type: ports) to 2
2026-04-28 08:54:45.778 10 INFO neutron.db.ovn_revision_numbers_db [None req-ba43403a-2b46-4d18-a6f5-1d039a719819 b86e721f3ed044c084e9f893934a8f85 72774333713b4714a9924ea2f81863c8 - - default default] Successfully bumped revision number for resource 431977f6-7a25-4263-ab03-5b81cbee933f (type: subnets) to 0
2026-04-28 08:54:45.799 10 INFO neutron.wsgi [None req-ba43403a-2b46-4d18-a6f5-1d039a719819 b86e721f3ed044c084e9f893934a8f85 72774333713b4714a9924ea2f81863c8 - - default default] 10.0.0.101 "POST /v2.0/subnets HTTP/1.1" status: 201 len: 801 time: 1.1055992
2026-04-28 08:54:45.925 10 INFO neutron.db.segments_db [None req-d974e790-d193-4065-9ce7-e81a9a592a06 b86e721f3ed044c084e9f893934a8f85 72774333713b4714a9924ea2f81863c8 - - default default] Added segment c22d8523-1e0e-435a-a3cd-51a14346111f of type geneve for network ccdf9444-3e20-4994-b444-3e2ccf84eb1b
2026-04-28 08:54:46.137 10 INFO neutron.db.ovn_revision_numbers_db [None req-d974e790-d193-4065-9ce7-e81a9a592a06 b86e721f3ed044c084e9f893934a8f85 72774333713b4714a9924ea2f81863c8 - - default default] Successfully bumped revision number for resource ccdf9444-3e20-4994-b444-3e2ccf84eb1b (type: networks) to 1
2026-04-28 08:54:46.334 9 INFO neutron.db.ovn_revision_numbers_db [None req-fc82509c-4a7b-4197-9780-0a4b56e00313 56172e8c90ef45059602b768e6b9d171 fac1150d86bd43b48062b71e86218f90 - - default default] Successfully bumped revision number for resource 929c9ff0-c465-46ec-af6b-3c4026f3fc3f (type: security_groups) to 1
2026-04-28 08:54:46.349 9 INFO neutron.db.ovn_revision_numbers_db [None req-fc82509c-4a7b-4197-9780-0a4b56e00313 56172e8c90ef45059602b768e6b9d171 fac1150d86bd43b48062b71e86218f90 - - default default] Successfully bumped revision number for resource 1b2cd5ae-d657-45c7-9262-2e9b5d81ee57 (type: security_group_rules) to 0
2026-04-28 08:54:46.365 9 INFO neutron.db.ovn_revision_numbers_db [None req-fc82509c-4a7b-4197-9780-0a4b56e00313 56172e8c90ef45059602b768e6b9d171 fac1150d86bd43b48062b71e86218f90 - - default default] Successfully bumped revision number for resource 52655651-5701-407c-9cc3-40cd18a18bda (type: security_group_rules) to 0
2026-04-28 08:54:46.388 9 INFO neutron.db.ovn_revision_numbers_db [None req-fc82509c-4a7b-4197-9780-0a4b56e00313 56172e8c90ef45059602b768e6b9d171 fac1150d86bd43b48062b71e86218f90 - - default default] Successfully bumped revision number for resource 5bfddc06-c77d-4125-94e9-bc5d3e9a435f (type: security_group_rules) to 0
2026-04-28 08:54:46.410 9 INFO neutron.db.ovn_revision_numbers_db [None req-fc82509c-4a7b-4197-9780-0a4b56e00313 56172e8c90ef45059602b768e6b9d171 fac1150d86bd43b48062b71e86218f90 - - default default] Successfully bumped revision number for resource 5f8fccce-55ea-4a8e-b148-b05c10dee891 (type: security_group_rules) to 0
2026-04-28 08:54:46.419 9 INFO neutron.db.ovn_revision_numbers_db [None req-887bdea2-8041-4841-a2f8-1659907be6bf 56df13cd539244f0b25cb218895297f8 79ec0b7db0f841a9a6a37fdc015f9cc0 - - default default] Successfully bumped revision number for resource fa03abc4-e480-46bb-b54b-c600938ec911 (type: security_groups) to 1
2026-04-28 08:54:46.432 9 INFO neutron.wsgi [None req-fc82509c-4a7b-4197-9780-0a4b56e00313 56172e8c90ef45059602b768e6b9d171 fac1150d86bd43b48062b71e86218f90 - - default default] 10.0.0.101 "GET /v2.0/security-groups?tenant_id=70202b8404ac48f3a4171eeb1feddf8f&name=default HTTP/1.1" status: 200 len: 2996 time: 0.4123366
2026-04-28 08:54:46.448 9 INFO neutron.db.ovn_revision_numbers_db [None req-887bdea2-8041-4841-a2f8-1659907be6bf 56df13cd539244f0b25cb218895297f8 79ec0b7db0f841a9a6a37fdc015f9cc0 - - default default] Successfully bumped revision number for resource 07a4a5c0-b5cf-430b-8f28-3caf7b1410e8 (type: security_group_rules) to 0
2026-04-28 08:54:46.466 9 INFO neutron.db.ovn_revision_numbers_db [None req-887bdea2-8041-4841-a2f8-1659907be6bf 56df13cd539244f0b25cb218895297f8 79ec0b7db0f841a9a6a37fdc015f9cc0 - - default default] Successfully bumped revision number for resource 85a09adf-9122-4a90-ab84-8906118b717e (type: security_group_rules) to 0
2026-04-28 08:54:46.482 9 INFO neutron.db.ovn_revision_numbers_db [None req-887bdea2-8041-4841-a2f8-1659907be6bf 56df13cd539244f0b25cb218895297f8 79ec0b7db0f841a9a6a37fdc015f9cc0 - - default default] Successfully bumped revision number for resource 91a760fe-0e05-4cf9-8a27-d11473ddb476 (type: security_group_rules) to 0
2026-04-28 08:54:46.504 9 INFO neutron.db.ovn_revision_numbers_db [None req-887bdea2-8041-4841-a2f8-1659907be6bf 56df13cd539244f0b25cb218895297f8 79ec0b7db0f841a9a6a37fdc015f9cc0 - - default default] Successfully bumped revision number for resource bcdfe569-4006-4411-9f3a-349ec03931c6 (type: security_group_rules) to 0
2026-04-28 08:54:46.538 10 INFO neutron.db.ovn_revision_numbers_db [None req-966c82e8-e8cd-4d32-ae6c-4c30cd66ff27 abe73b40e2524139b5b529691bab1930 d40061121e204c5fad9cc2d6a0d24d7a - - default default] Successfully bumped revision number for resource 91ae41d0-5182-4f1f-931b-837603922302 (type: ports) to 2
2026-04-28 08:54:46.576 9 INFO neutron.db.segments_db [None req-887bdea2-8041-4841-a2f8-1659907be6bf 56df13cd539244f0b25cb218895297f8 79ec0b7db0f841a9a6a37fdc015f9cc0 - - default default] Added segment c56b1d3b-e17d-44fc-943d-07aed67bcfd6 of type geneve for network 51531e35-131b-4388-be8b-ffc1a05b40a4
2026-04-28 08:54:46.605 10 INFO neutron.db.ovn_revision_numbers_db [None req-966c82e8-e8cd-4d32-ae6c-4c30cd66ff27 abe73b40e2524139b5b529691bab1930 d40061121e204c5fad9cc2d6a0d24d7a - - default default] Successfully bumped revision number for resource 7fb826a0-bab2-459d-b553-f56957fabcda (type: subnets) to 0
2026-04-28 08:54:46.657 10 WARNING neutron.scheduler.dhcp_agent_scheduler [None req-966c82e8-e8cd-4d32-ae6c-4c30cd66ff27 abe73b40e2524139b5b529691bab1930 d40061121e204c5fad9cc2d6a0d24d7a - - default default] No more DHCP agents
2026-04-28 08:54:46.660 10 WARNING neutron.api.rpc.agentnotifiers.dhcp_rpc_agent_api [None req-966c82e8-e8cd-4d32-ae6c-4c30cd66ff27 abe73b40e2524139b5b529691bab1930 d40061121e204c5fad9cc2d6a0d24d7a - - default default] Unable to schedule network 06b164bf-f3a9-4d9e-9cee-e230103729d6: no agents available; will retry on subsequent port and subnet creation events.
2026-04-28 08:54:46.665 10 WARNING neutron.scheduler.dhcp_agent_scheduler [None req-d974e790-d193-4065-9ce7-e81a9a592a06 b86e721f3ed044c084e9f893934a8f85 72774333713b4714a9924ea2f81863c8 - - default default] No more DHCP agents
2026-04-28 08:54:46.669 10 WARNING neutron.api.rpc.agentnotifiers.dhcp_rpc_agent_api [None req-d974e790-d193-4065-9ce7-e81a9a592a06 b86e721f3ed044c084e9f893934a8f85 72774333713b4714a9924ea2f81863c8 - - default default] Unable to schedule network ccdf9444-3e20-4994-b444-3e2ccf84eb1b: no agents available; will retry on subsequent port and subnet creation events.
2026-04-28 08:54:46.768 9 INFO neutron.db.ovn_revision_numbers_db [None req-887bdea2-8041-4841-a2f8-1659907be6bf 56df13cd539244f0b25cb218895297f8 79ec0b7db0f841a9a6a37fdc015f9cc0 - - default default] Successfully bumped revision number for resource 51531e35-131b-4388-be8b-ffc1a05b40a4 (type: networks) to 1
2026-04-28 08:54:46.773 9 INFO neutron.wsgi [None req-3b21c5a0-9454-4bab-ba66-7b93c649df0b 56172e8c90ef45059602b768e6b9d171 fac1150d86bd43b48062b71e86218f90 - - default default] 10.0.0.101 "DELETE /v2.0/security-groups/929c9ff0-c465-46ec-af6b-3c4026f3fc3f HTTP/1.1" status: 204 len: 168 time: 0.3354580
2026-04-28 08:54:46.829 10 INFO neutron.db.ovn_revision_numbers_db [None req-d974e790-d193-4065-9ce7-e81a9a592a06 b86e721f3ed044c084e9f893934a8f85 72774333713b4714a9924ea2f81863c8 - - default default] Successfully bumped revision number for resource 13a53be3-9ee8-49c4-96e9-7ca567997b6f (type: ports) to 1
2026-04-28 08:54:46.867 10 INFO neutron.wsgi [None req-d974e790-d193-4065-9ce7-e81a9a592a06 b86e721f3ed044c084e9f893934a8f85 72774333713b4714a9924ea2f81863c8 - - default default] 10.0.0.101 "POST /v2.0/networks HTTP/1.1" status: 201 len: 831 time: 1.0504050
2026-04-28 08:54:47.210 9 INFO neutron.wsgi [None req-f38b2de1-ce26-4f8b-b78c-e072e789e603 56172e8c90ef45059602b768e6b9d171 fac1150d86bd43b48062b71e86218f90 - - default default] 10.0.0.101 "GET /v2.0/security-groups?tenant_id=803f6a34f8dc420a9d2fad6c908502a6&name=default HTTP/1.1" status: 200 len: 2996 time: 0.3172283
2026-04-28 08:54:47.235 10 WARNING neutron.scheduler.dhcp_agent_scheduler [None req-46a2c421-9b17-42d2-90f7-624f1fbf4e26 b86e721f3ed044c084e9f893934a8f85 72774333713b4714a9924ea2f81863c8 - - default default] No more DHCP agents
2026-04-28 08:54:47.237 10 WARNING neutron.api.rpc.agentnotifiers.dhcp_rpc_agent_api [None req-46a2c421-9b17-42d2-90f7-624f1fbf4e26 b86e721f3ed044c084e9f893934a8f85 72774333713b4714a9924ea2f81863c8 - - default default] Unable to schedule network ccdf9444-3e20-4994-b444-3e2ccf84eb1b: no agents available; will retry on subsequent port and subnet creation events.
2026-04-28 08:54:47.241 9 WARNING neutron.scheduler.dhcp_agent_scheduler [None req-887bdea2-8041-4841-a2f8-1659907be6bf 56df13cd539244f0b25cb218895297f8 79ec0b7db0f841a9a6a37fdc015f9cc0 - - default default] No more DHCP agents
2026-04-28 08:54:47.248 9 WARNING neutron.api.rpc.agentnotifiers.dhcp_rpc_agent_api [None req-887bdea2-8041-4841-a2f8-1659907be6bf 56df13cd539244f0b25cb218895297f8 79ec0b7db0f841a9a6a37fdc015f9cc0 - - default default] Unable to schedule network 51531e35-131b-4388-be8b-ffc1a05b40a4: no agents available; will retry on subsequent port and subnet creation events.
