2026-04-28 08:55:59.360 9 INFO neutron.wsgi [None req-f8a69167-2c93-428c-9026-983bcaec99d6 d99497423cae42c5af5ba148cd2b26d2 0f52b6c259f2457c986fc463ab289713 - - default default] 10.0.0.101 "PUT /v2.0/security-groups/28df56af-d544-4e3d-9a37-393fa70d6d2d/tags HTTP/1.1" status: 200 len: 230 time: 0.0363264
2026-04-28 08:55:59.389 10 INFO neutron.wsgi [None req-be1aa121-f593-4451-ac8d-d31c4939b8e8 d99497423cae42c5af5ba148cd2b26d2 0f52b6c259f2457c986fc463ab289713 - - default default] 10.0.0.101 "GET /v2.0/security-groups/28df56af-d544-4e3d-9a37-393fa70d6d2d/tags HTTP/1.1" status: 200 len: 230 time: 0.0226448
2026-04-28 08:55:59.415 9 INFO neutron.wsgi [None req-de10b576-5d48-4eba-8222-fff03b1fcd92 d99497423cae42c5af5ba148cd2b26d2 0f52b6c259f2457c986fc463ab289713 - - default default] 10.0.0.101 "GET /v2.0/security-groups/28df56af-d544-4e3d-9a37-393fa70d6d2d/tags/red HTTP/1.1" status: 204 len: 168 time: 0.0215192
2026-04-28 08:55:59.444 10 INFO neutron.api.v2.resource [None req-e19ef072-a383-43b6-9169-8c0426a98eda d99497423cae42c5af5ba148cd2b26d2 0f52b6c259f2457c986fc463ab289713 - - default default] show failed (client error): The resource could not be found.
2026-04-28 08:55:59.445 10 INFO neutron.wsgi [None req-e19ef072-a383-43b6-9169-8c0426a98eda d99497423cae42c5af5ba148cd2b26d2 0f52b6c259f2457c986fc463ab289713 - - default default] 10.0.0.101 "GET /v2.0/security-groups/28df56af-d544-4e3d-9a37-393fa70d6d2d/tags/green HTTP/1.1" status: 404 len: 299 time: 0.0240190
2026-04-28 08:55:59.505 9 INFO neutron.wsgi [None req-6b0386b2-8fbb-4ce2-b05e-64631b5f3341 d99497423cae42c5af5ba148cd2b26d2 0f52b6c259f2457c986fc463ab289713 - - default default] 10.0.0.101 "DELETE /v2.0/security-groups/28df56af-d544-4e3d-9a37-393fa70d6d2d/tags/red HTTP/1.1" status: 204 len: 168 time: 0.0550840
2026-04-28 08:55:59.523 10 INFO neutron.db.ovn_revision_numbers_db [None req-bf3af699-cfdf-4d22-91a4-61d0877804b7 56172e8c90ef45059602b768e6b9d171 fac1150d86bd43b48062b71e86218f90 - - default default] Successfully bumped revision number for resource 3aaf7493-99d6-4b3a-be06-22ca892f39fa (type: ports) to 1
2026-04-28 08:55:59.534 9 INFO neutron.wsgi [None req-345b7277-8c0a-4b68-bcfc-8053b570494d d99497423cae42c5af5ba148cd2b26d2 0f52b6c259f2457c986fc463ab289713 - - default default] 10.0.0.101 "GET /v2.0/security-groups/28df56af-d544-4e3d-9a37-393fa70d6d2d/tags HTTP/1.1" status: 200 len: 223 time: 0.0254171
2026-04-28 08:55:59.587 9 INFO neutron.api.v2.resource [None req-6160a2ca-af12-4dd6-8deb-47d9cbe4c4f2 d99497423cae42c5af5ba148cd2b26d2 0f52b6c259f2457c986fc463ab289713 - - default default] delete failed (client error): The resource could not be found.
2026-04-28 08:55:59.588 9 INFO neutron.wsgi [None req-6160a2ca-af12-4dd6-8deb-47d9cbe4c4f2 d99497423cae42c5af5ba148cd2b26d2 0f52b6c259f2457c986fc463ab289713 - - default default] 10.0.0.101 "DELETE /v2.0/security-groups/28df56af-d544-4e3d-9a37-393fa70d6d2d/tags/green HTTP/1.1" status: 404 len: 299 time: 0.0498073
2026-04-28 08:55:59.632 9 INFO neutron.wsgi [None req-35839dea-7636-44f0-809e-8e41821d1f6f d99497423cae42c5af5ba148cd2b26d2 0f52b6c259f2457c986fc463ab289713 - - default default] 10.0.0.101 "DELETE /v2.0/security-groups/28df56af-d544-4e3d-9a37-393fa70d6d2d/tags HTTP/1.1" status: 204 len: 168 time: 0.0384586
2026-04-28 08:55:59.661 9 INFO neutron.wsgi [None req-7ce2ea7b-9aee-4b93-b4e5-43743caa7203 d99497423cae42c5af5ba148cd2b26d2 0f52b6c259f2457c986fc463ab289713 - - default default] 10.0.0.101 "GET /v2.0/security-groups/28df56af-d544-4e3d-9a37-393fa70d6d2d/tags HTTP/1.1" status: 200 len: 205 time: 0.0210974
2026-04-28 08:55:59.671 9 INFO neutron.db.ovn_revision_numbers_db [None req-625b023f-3cdc-4978-bb81-829ef6998e31 - - - - - -] Successfully bumped revision number for resource e2278428-a878-48a4-acef-ad6f2be1a9c3 (type: router_ports) to 3
2026-04-28 08:55:59.852 9 INFO neutron.db.ovn_revision_numbers_db [None req-625b023f-3cdc-4978-bb81-829ef6998e31 - - - - - -] Successfully bumped revision number for resource e2278428-a878-48a4-acef-ad6f2be1a9c3 (type: ports) to 2
2026-04-28 08:55:59.858 10 INFO neutron.wsgi [None req-e27e2686-8582-4245-8742-5c82adc0b125 d99497423cae42c5af5ba148cd2b26d2 0f52b6c259f2457c986fc463ab289713 - - default default] 10.0.0.101 "DELETE /v2.0/security-groups/28df56af-d544-4e3d-9a37-393fa70d6d2d HTTP/1.1" status: 204 len: 168 time: 0.1900282
2026-04-28 08:56:00.026 10 INFO neutron.db.ovn_revision_numbers_db [None req-bf3af699-cfdf-4d22-91a4-61d0877804b7 56172e8c90ef45059602b768e6b9d171 fac1150d86bd43b48062b71e86218f90 - - default default] Successfully bumped revision number for resource 3aaf7493-99d6-4b3a-be06-22ca892f39fa (type: router_ports) to 1
2026-04-28 08:56:00.105 9 INFO neutron.db.ovn_revision_numbers_db [None req-625b023f-3cdc-4978-bb81-829ef6998e31 - - - - - -] Successfully bumped revision number for resource e2278428-a878-48a4-acef-ad6f2be1a9c3 (type: ports) to 4
2026-04-28 08:56:00.194 10 INFO neutron.db.ovn_revision_numbers_db [None req-bf3af699-cfdf-4d22-91a4-61d0877804b7 56172e8c90ef45059602b768e6b9d171 fac1150d86bd43b48062b71e86218f90 - - default default] Successfully bumped revision number for resource 3aaf7493-99d6-4b3a-be06-22ca892f39fa (type: ports) to 1
2026-04-28 08:56:00.268 10 WARNING neutron.scheduler.dhcp_agent_scheduler [None req-bf3af699-cfdf-4d22-91a4-61d0877804b7 56172e8c90ef45059602b768e6b9d171 fac1150d86bd43b48062b71e86218f90 - - default default] No more DHCP agents
2026-04-28 08:56:00.269 10 WARNING neutron.api.rpc.agentnotifiers.dhcp_rpc_agent_api [None req-bf3af699-cfdf-4d22-91a4-61d0877804b7 56172e8c90ef45059602b768e6b9d171 fac1150d86bd43b48062b71e86218f90 - - default default] Unable to schedule network 60aeb5df-afbc-4fdd-96e6-b948dd4c6fd9: no agents available; will retry on subsequent port and subnet creation events.
2026-04-28 08:56:00.628 9 INFO neutron.db.ovn_revision_numbers_db [None req-625b023f-3cdc-4978-bb81-829ef6998e31 - - - - - -] Successfully bumped revision number for resource e2278428-a878-48a4-acef-ad6f2be1a9c3 (type: router_ports) to 4
2026-04-28 08:56:00.740 10 INFO neutron.wsgi [None req-efc03df4-8c82-46dc-ae34-671bddd66ec0 56172e8c90ef45059602b768e6b9d171 fac1150d86bd43b48062b71e86218f90 - - default default] 10.0.0.101 "GET /v2.0/security-groups?tenant_id=0f52b6c259f2457c986fc463ab289713&name=default HTTP/1.1" status: 200 len: 2996 time: 0.1647074
2026-04-28 08:56:01.019 10 INFO neutron.plugins.ml2.drivers.ovn.mech_driver.mech_driver [None req-f510634f-91cc-4364-8747-c1e950e212a6 - - - - - -] OVN reports status up for port: 3aaf7493-99d6-4b3a-be06-22ca892f39fa
2026-04-28 08:56:01.028 10 INFO neutron.db.ovn_revision_numbers_db [None req-bf3af699-cfdf-4d22-91a4-61d0877804b7 56172e8c90ef45059602b768e6b9d171 fac1150d86bd43b48062b71e86218f90 - - default default] Successfully bumped revision number for resource 3aaf7493-99d6-4b3a-be06-22ca892f39fa (type: router_ports) to 1
2026-04-28 08:56:01.031 10 INFO neutron.wsgi [None req-bf3af699-cfdf-4d22-91a4-61d0877804b7 56172e8c90ef45059602b768e6b9d171 fac1150d86bd43b48062b71e86218f90 - - default default] 10.0.0.101 "PUT /v2.0/routers/e13f556d-f789-4e37-84a9-a0a8a349a799/add_router_interface HTTP/1.1" status: 200 len: 503 time: 2.1507683
2026-04-28 08:56:01.036 10 INFO neutron.plugins.ml2.plugin [None req-f510634f-91cc-4364-8747-c1e950e212a6 - - - - - -] Attempt 1 to provision port 3aaf7493-99d6-4b3a-be06-22ca892f39fa
2026-04-28 08:56:01.259 10 INFO neutron.wsgi [None req-46abc413-b05e-44ef-ad8b-3759907560de 56172e8c90ef45059602b768e6b9d171 fac1150d86bd43b48062b71e86218f90 - - default default] 10.0.0.101 "DELETE /v2.0/security-groups/6bc1606c-9058-45e4-b6a6-9718b8ad6036 HTTP/1.1" status: 204 len: 168 time: 0.5143435
2026-04-28 08:56:01.311 10 INFO neutron.db.ovn_revision_numbers_db [None req-f510634f-91cc-4364-8747-c1e950e212a6 - - - - - -] Successfully bumped revision number for resource 3aaf7493-99d6-4b3a-be06-22ca892f39fa (type: ports) to 2
2026-04-28 08:56:01.464 10 INFO neutron.db.ovn_revision_numbers_db [None req-f510634f-91cc-4364-8747-c1e950e212a6 - - - - - -] Successfully bumped revision number for resource 3aaf7493-99d6-4b3a-be06-22ca892f39fa (type: router_ports) to 2
2026-04-28 08:56:01.478 9 INFO neutron.db.ovn_revision_numbers_db [None req-f077d3df-1710-46b7-b2f8-106706be1bb7 56172e8c90ef45059602b768e6b9d171 fac1150d86bd43b48062b71e86218f90 - - default default] Successfully bumped revision number for resource 44a4dbc1-da1f-4d7b-b137-79f41723f110 (type: security_groups) to 1
2026-04-28 08:56:01.494 9 INFO neutron.db.ovn_revision_numbers_db [None req-f077d3df-1710-46b7-b2f8-106706be1bb7 56172e8c90ef45059602b768e6b9d171 fac1150d86bd43b48062b71e86218f90 - - default default] Successfully bumped revision number for resource 0e13b00b-6e2d-4b77-bfde-90c3d65787db (type: security_group_rules) to 0
2026-04-28 08:56:01.517 9 INFO neutron.db.ovn_revision_numbers_db [None req-f077d3df-1710-46b7-b2f8-106706be1bb7 56172e8c90ef45059602b768e6b9d171 fac1150d86bd43b48062b71e86218f90 - - default default] Successfully bumped revision number for resource 447ef63e-d15f-46f3-bd3d-5c10cae33acb (type: security_group_rules) to 0
2026-04-28 08:56:01.543 9 INFO neutron.db.ovn_revision_numbers_db [None req-f077d3df-1710-46b7-b2f8-106706be1bb7 56172e8c90ef45059602b768e6b9d171 fac1150d86bd43b48062b71e86218f90 - - default default] Successfully bumped revision number for resource 75c49845-ca7b-4c49-89a7-788707a7be84 (type: security_group_rules) to 0
2026-04-28 08:56:01.557 9 INFO neutron.db.ovn_revision_numbers_db [None req-f077d3df-1710-46b7-b2f8-106706be1bb7 56172e8c90ef45059602b768e6b9d171 fac1150d86bd43b48062b71e86218f90 - - default default] Successfully bumped revision number for resource 947586ac-611f-48d7-8802-b82302725c2b (type: security_group_rules) to 0
2026-04-28 08:56:01.581 9 INFO neutron.wsgi [None req-f077d3df-1710-46b7-b2f8-106706be1bb7 56172e8c90ef45059602b768e6b9d171 fac1150d86bd43b48062b71e86218f90 - - default default] 10.0.0.101 "GET /v2.0/security-groups?tenant_id=20e88f238afe4e6094d03d73ee1882ca&name=default HTTP/1.1" status: 200 len: 2996 time: 0.2124286
2026-04-28 08:56:01.779 9 INFO neutron.wsgi [None req-24c80252-c5cf-41e5-b5c7-1e5d86624636 56172e8c90ef45059602b768e6b9d171 fac1150d86bd43b48062b71e86218f90 - - default default] 10.0.0.101 "DELETE /v2.0/security-groups/44a4dbc1-da1f-4d7b-b137-79f41723f110 HTTP/1.1" status: 204 len: 168 time: 0.1946461
2026-04-28 08:56:03.399 9 INFO neutron.wsgi [req-b2a5ba67-273d-47bc-8a91-7f2fca1b269b req-486663cb-15dc-46be-8060-c3b9df8c4119 4e5876413fd3420a996d00a1acda8df4 8c5f9ec70d284928aca469dd8f682ff1 - - default default] 10.0.0.127 "GET /v2.0/networks?id=60aeb5df-afbc-4fdd-96e6-b948dd4c6fd9 HTTP/1.1" status: 200 len: 870 time: 0.0958393
2026-04-28 08:56:03.420 9 INFO neutron.wsgi [req-b2a5ba67-273d-47bc-8a91-7f2fca1b269b req-0821156f-0b94-43bb-a8b8-3b50ba6d9137 4e5876413fd3420a996d00a1acda8df4 8c5f9ec70d284928aca469dd8f682ff1 - - default default] 10.0.0.127 "GET /v2.0/quotas/8c5f9ec70d284928aca469dd8f682ff1 HTTP/1.1" status: 200 len: 386 time: 0.0129731
2026-04-28 08:56:03.549 9 INFO neutron.wsgi [req-b2a5ba67-273d-47bc-8a91-7f2fca1b269b req-a0f0c516-9b33-4f16-a73a-6ec8ae723e9d 4e5876413fd3420a996d00a1acda8df4 8c5f9ec70d284928aca469dd8f682ff1 - - default default] 10.0.0.127 "GET /v2.0/ports?tenant_id=8c5f9ec70d284928aca469dd8f682ff1&fields=id HTTP/1.1" status: 200 len: 302 time: 0.1200397
2026-04-28 08:56:03.620 9 INFO neutron.wsgi [req-b2a5ba67-273d-47bc-8a91-7f2fca1b269b req-97c8cdc1-e587-45ba-81d1-8dec2ddd983c 1673306297ea46cea0e2e65a93c8fee4 cb1a5111c579418fa4a3f1cfa1f10d6c - - 4f80f72be974423bb1c156b6d22b4158 4f80f72be974423bb1c156b6d22b4158] 10.0.0.127 "GET /v2.0/networks/60aeb5df-afbc-4fdd-96e6-b948dd4c6fd9?fields=segments HTTP/1.1" status: 200 len: 212 time: 0.0638154
2026-04-28 08:56:03.716 9 INFO neutron.wsgi [req-b2a5ba67-273d-47bc-8a91-7f2fca1b269b req-00931d05-417b-4241-89cb-d03782072f3a 1673306297ea46cea0e2e65a93c8fee4 cb1a5111c579418fa4a3f1cfa1f10d6c - - 4f80f72be974423bb1c156b6d22b4158 4f80f72be974423bb1c156b6d22b4158] 10.0.0.127 "GET /v2.0/networks/60aeb5df-afbc-4fdd-96e6-b948dd4c6fd9?fields=provider%3Aphysical_network&fields=provider%3Anetwork_type HTTP/1.1" status: 200 len: 277 time: 0.0797329
2026-04-28 08:56:03.864 9 INFO neutron.wsgi [req-a5f32915-45f7-4aa6-9128-c4f37b972e15 req-f7b28c4c-c6eb-4663-8ea9-569c45b21168 4e5876413fd3420a996d00a1acda8df4 8c5f9ec70d284928aca469dd8f682ff1 - - default default] 10.0.0.127 "GET /v2.0/ports?device_id=083848aa-f27a-40e8-8b78-751daf2ce953 HTTP/1.1" status: 200 len: 210 time: 0.0200417
2026-04-28 08:56:04.063 9 INFO neutron.db.ovn_revision_numbers_db [None req-62d94a09-9a0e-4d4b-8189-8ffc9a4886de 56172e8c90ef45059602b768e6b9d171 fac1150d86bd43b48062b71e86218f90 - - default default] Successfully bumped revision number for resource 978517f0-aa20-4c9f-b41d-c3e5ad9b3771 (type: security_groups) to 1
2026-04-28 08:56:04.084 9 INFO neutron.db.ovn_revision_numbers_db [None req-62d94a09-9a0e-4d4b-8189-8ffc9a4886de 56172e8c90ef45059602b768e6b9d171 fac1150d86bd43b48062b71e86218f90 - - default default] Successfully bumped revision number for resource 33c2b24f-4b69-4fdb-9dc5-58631caac783 (type: security_group_rules) to 0
2026-04-28 08:56:04.102 9 INFO neutron.db.ovn_revision_numbers_db [None req-62d94a09-9a0e-4d4b-8189-8ffc9a4886de 56172e8c90ef45059602b768e6b9d171 fac1150d86bd43b48062b71e86218f90 - - default default] Successfully bumped revision number for resource 8748743f-db18-466b-ba90-9539c0fdbfc3 (type: security_group_rules) to 0
2026-04-28 08:56:04.127 9 INFO neutron.db.ovn_revision_numbers_db [None req-62d94a09-9a0e-4d4b-8189-8ffc9a4886de 56172e8c90ef45059602b768e6b9d171 fac1150d86bd43b48062b71e86218f90 - - default default] Successfully bumped revision number for resource c6b5922e-8ac8-4930-bdcf-9fbed09e4f4e (type: security_group_rules) to 0
2026-04-28 08:56:04.145 9 INFO neutron.db.ovn_revision_numbers_db [None req-62d94a09-9a0e-4d4b-8189-8ffc9a4886de 56172e8c90ef45059602b768e6b9d171 fac1150d86bd43b48062b71e86218f90 - - default default] Successfully bumped revision number for resource fe608a3b-25e5-4b43-b1b4-cecad7c40aa3 (type: security_group_rules) to 0
2026-04-28 08:56:04.173 9 INFO neutron.wsgi [None req-62d94a09-9a0e-4d4b-8189-8ffc9a4886de 56172e8c90ef45059602b768e6b9d171 fac1150d86bd43b48062b71e86218f90 - - default default] 10.0.0.101 "GET /v2.0/security-groups?tenant_id=36a6438840a54b56bb3c9fc0638f67e1&name=default HTTP/1.1" status: 200 len: 2996 time: 0.4554689
2026-04-28 08:56:04.318 10 INFO neutron.wsgi [-] 10.0.0.12 "GET / HTTP/1.1" status: 200 len: 246 time: 0.0017099
2026-04-28 08:56:04.320 10 INFO neutron.wsgi [-] 10.0.0.12 "GET / HTTP/1.1" status: 200 len: 246 time: 0.0013053
2026-04-28 08:56:04.644 9 INFO neutron.wsgi [None req-b8d043cf-e735-42b5-99b6-23ec9e30f266 56172e8c90ef45059602b768e6b9d171 fac1150d86bd43b48062b71e86218f90 - - default default] 10.0.0.101 "DELETE /v2.0/security-groups/978517f0-aa20-4c9f-b41d-c3e5ad9b3771 HTTP/1.1" status: 204 len: 168 time: 0.4662831
2026-04-28 08:56:04.989 9 INFO neutron.wsgi [req-0da3c656-4000-449b-b764-41266e7a8f43 req-d12d1668-a5e8-4439-ae14-5d8e72203b79 4e5876413fd3420a996d00a1acda8df4 8c5f9ec70d284928aca469dd8f682ff1 - - default default] 10.0.0.127 "GET /v2.0/ports?device_id=083848aa-f27a-40e8-8b78-751daf2ce953 HTTP/1.1" status: 200 len: 210 time: 0.0252674
2026-04-28 08:56:05.288 9 INFO neutron.wsgi [req-b2a5ba67-273d-47bc-8a91-7f2fca1b269b req-57aa1f7c-105c-4d0e-813d-c0def48c796d 4e5876413fd3420a996d00a1acda8df4 8c5f9ec70d284928aca469dd8f682ff1 - - default default] 199.19.213.205 "GET /v2.0/networks?id=60aeb5df-afbc-4fdd-96e6-b948dd4c6fd9 HTTP/1.1" status: 200 len: 870 time: 0.0731139
2026-04-28 08:56:05.351 10 INFO neutron.wsgi [None req-42761e46-2c08-402b-bb62-405045478812 82c0b6c225e840afbeda4bbfa41f1842 718a868a33fd4405a48e5ff2c2bc80bc - - default default] 10.0.0.101 "POST /v2.0/subnetpools HTTP/1.1" status: 201 len: 715 time: 0.2575598
2026-04-28 08:56:05.393 10 INFO neutron.wsgi [None req-40659baa-42c6-45da-9498-addfa42781a7 82c0b6c225e840afbeda4bbfa41f1842 718a868a33fd4405a48e5ff2c2bc80bc - - default default] 10.0.0.101 "PUT /v2.0/subnetpools/50b40fd8-8f82-4c5e-ae76-5326e4b46be1/tags HTTP/1.1" status: 200 len: 218 time: 0.0317605
2026-04-28 08:56:05.429 9 INFO neutron.wsgi [None req-c547fff2-2010-4273-8179-6d8fc87218da 82c0b6c225e840afbeda4bbfa41f1842 718a868a33fd4405a48e5ff2c2bc80bc - - default default] 10.0.0.101 "GET /v2.0/subnetpools/50b40fd8-8f82-4c5e-ae76-5326e4b46be1/tags HTTP/1.1" status: 200 len: 218 time: 0.0307505
2026-04-28 08:56:05.472 10 INFO neutron.wsgi [None req-1888717d-2dba-48a2-ae68-e72b8f97a615 82c0b6c225e840afbeda4bbfa41f1842 718a868a33fd4405a48e5ff2c2bc80bc - - default default] 10.0.0.101 "PUT /v2.0/subnetpools/50b40fd8-8f82-4c5e-ae76-5326e4b46be1/tags/green HTTP/1.1" status: 201 len: 201 time: 0.0344741
2026-04-28 08:56:05.502 10 INFO neutron.wsgi [None req-57d538b8-f6a6-4175-a5fa-85502e1129f0 82c0b6c225e840afbeda4bbfa41f1842 718a868a33fd4405a48e5ff2c2bc80bc - - default default] 10.0.0.101 "GET /v2.0/subnetpools/50b40fd8-8f82-4c5e-ae76-5326e4b46be1/tags HTTP/1.1" status: 200 len: 227 time: 0.0248992
2026-04-28 08:56:05.532 10 INFO neutron.wsgi [None req-730975a4-f448-4a2a-a021-6784307941db 82c0b6c225e840afbeda4bbfa41f1842 718a868a33fd4405a48e5ff2c2bc80bc - - default default] 10.0.0.101 "PUT /v2.0/subnetpools/50b40fd8-8f82-4c5e-ae76-5326e4b46be1/tags/red HTTP/1.1" status: 201 len: 201 time: 0.0245199
2026-04-28 08:56:05.557 10 INFO neutron.wsgi [None req-59a3bc70-cbf6-4858-9e83-abde8bc452e1 82c0b6c225e840afbeda4bbfa41f1842 718a868a33fd4405a48e5ff2c2bc80bc - - default default] 10.0.0.101 "GET /v2.0/subnetpools/50b40fd8-8f82-4c5e-ae76-5326e4b46be1/tags HTTP/1.1" status: 200 len: 227 time: 0.0196555
2026-04-28 08:56:05.611 10 INFO neutron.wsgi [None req-1b434a1e-48b1-4a61-8d70-039f4eeae4d0 82c0b6c225e840afbeda4bbfa41f1842 718a868a33fd4405a48e5ff2c2bc80bc - - default default] 10.0.0.101 "PUT /v2.0/subnetpools/50b40fd8-8f82-4c5e-ae76-5326e4b46be1/tags/black.or.white HTTP/1.1" status: 201 len: 201 time: 0.0475643
2026-04-28 08:56:05.639 10 INFO neutron.wsgi [None req-111895df-c94b-4bda-a5b5-4d4d9e41e123 82c0b6c225e840afbeda4bbfa41f1842 718a868a33fd4405a48e5ff2c2bc80bc - - default default] 10.0.0.101 "GET /v2.0/subnetpools/50b40fd8-8f82-4c5e-ae76-5326e4b46be1/tags HTTP/1.1" status: 200 len: 245 time: 0.0237517
2026-04-28 08:56:05.677 10 INFO neutron.wsgi [None req-755173e6-50c2-45c8-a3c5-6636d3d105e0 82c0b6c225e840afbeda4bbfa41f1842 718a868a33fd4405a48e5ff2c2bc80bc - - default default] 10.0.0.101 "PUT /v2.0/subnetpools/50b40fd8-8f82-4c5e-ae76-5326e4b46be1/tags HTTP/1.1" status: 200 len: 230 time: 0.0318568
2026-04-28 08:56:05.687 9 WARNING neutron.scheduler.dhcp_agent_scheduler [req-b2a5ba67-273d-47bc-8a91-7f2fca1b269b req-e177206f-9b2e-4257-98f9-e9088195b8c9 4e5876413fd3420a996d00a1acda8df4 8c5f9ec70d284928aca469dd8f682ff1 - - default default] No more DHCP agents
2026-04-28 08:56:05.689 9 WARNING neutron.api.rpc.agentnotifiers.dhcp_rpc_agent_api [req-b2a5ba67-273d-47bc-8a91-7f2fca1b269b req-e177206f-9b2e-4257-98f9-e9088195b8c9 4e5876413fd3420a996d00a1acda8df4 8c5f9ec70d284928aca469dd8f682ff1 - - default default] Unable to schedule network 60aeb5df-afbc-4fdd-96e6-b948dd4c6fd9: no agents available; will retry on subsequent port and subnet creation events.
2026-04-28 08:56:05.708 10 INFO neutron.wsgi [None req-21d5580d-6734-4f95-9bf3-618216f9ceb3 82c0b6c225e840afbeda4bbfa41f1842 718a868a33fd4405a48e5ff2c2bc80bc - - default default] 10.0.0.101 "GET /v2.0/subnetpools/50b40fd8-8f82-4c5e-ae76-5326e4b46be1/tags HTTP/1.1" status: 200 len: 230 time: 0.0260706
2026-04-28 08:56:05.734 10 INFO neutron.wsgi [None req-376bf101-ef0a-4240-93ec-17db5907f353 82c0b6c225e840afbeda4bbfa41f1842 718a868a33fd4405a48e5ff2c2bc80bc - - default default] 10.0.0.101 "GET /v2.0/subnetpools/50b40fd8-8f82-4c5e-ae76-5326e4b46be1/tags/red HTTP/1.1" status: 204 len: 168 time: 0.0209608
2026-04-28 08:56:05.758 10 INFO neutron.api.v2.resource [None req-9ae5688a-1c8b-4625-a591-79f738d9cd27 82c0b6c225e840afbeda4bbfa41f1842 718a868a33fd4405a48e5ff2c2bc80bc - - default default] show failed (client error): The resource could not be found.
2026-04-28 08:56:05.760 10 INFO neutron.wsgi [None req-9ae5688a-1c8b-4625-a591-79f738d9cd27 82c0b6c225e840afbeda4bbfa41f1842 718a868a33fd4405a48e5ff2c2bc80bc - - default default] 10.0.0.101 "GET /v2.0/subnetpools/50b40fd8-8f82-4c5e-ae76-5326e4b46be1/tags/green HTTP/1.1" status: 404 len: 299 time: 0.0218706
2026-04-28 08:56:05.800 10 INFO neutron.wsgi [None req-430f77ab-5346-4e26-9858-2d162a3db9b6 82c0b6c225e840afbeda4bbfa41f1842 718a868a33fd4405a48e5ff2c2bc80bc - - default default] 10.0.0.101 "DELETE /v2.0/subnetpools/50b40fd8-8f82-4c5e-ae76-5326e4b46be1/tags/red HTTP/1.1" status: 204 len: 168 time: 0.0363994 /var/lib/openstack/lib/python3.10/site-packages/pycadf/identifier.py:71: UserWarning: Invalid uuid: neutron. To ensure interoperability, identifiers should be a valid uuid. warnings.warn(('Invalid uuid: %s. To ensure interoperability, '
2026-04-28 08:56:05.831 9 INFO neutron.wsgi [None req-036f70b2-0c92-41b9-b758-ea5943bdd2dc 82c0b6c225e840afbeda4bbfa41f1842 718a868a33fd4405a48e5ff2c2bc80bc - - default default] 10.0.0.101 "GET /v2.0/subnetpools/50b40fd8-8f82-4c5e-ae76-5326e4b46be1/tags HTTP/1.1" status: 200 len: 223 time: 0.0248947
2026-04-28 08:56:05.870 10 INFO neutron.api.v2.resource [None req-db678af6-4dcf-4dea-b475-e2b36142a2c6 82c0b6c225e840afbeda4bbfa41f1842 718a868a33fd4405a48e5ff2c2bc80bc - - default default] delete failed (client error): The resource could not be found.
2026-04-28 08:56:05.874 10 INFO neutron.wsgi [None req-db678af6-4dcf-4dea-b475-e2b36142a2c6 82c0b6c225e840afbeda4bbfa41f1842 718a868a33fd4405a48e5ff2c2bc80bc - - default default] 10.0.0.101 "DELETE /v2.0/subnetpools/50b40fd8-8f82-4c5e-ae76-5326e4b46be1/tags/green HTTP/1.1" status: 404 len: 299 time: 0.0367162
2026-04-28 08:56:05.893 9 INFO neutron.db.ovn_revision_numbers_db [req-b2a5ba67-273d-47bc-8a91-7f2fca1b269b req-e177206f-9b2e-4257-98f9-e9088195b8c9 4e5876413fd3420a996d00a1acda8df4 8c5f9ec70d284928aca469dd8f682ff1 - - default default] Successfully bumped revision number for resource a489f61f-df91-4180-8c00-f9717433a326 (type: ports) to 1
2026-04-28 08:56:05.912 10 WARNING neutron.plugins.ml2.drivers.ovn.mech_driver.ovsdb.ovn_client [None req-f510634f-91cc-4364-8747-c1e950e212a6 - - - - - -] No hosting information found for port 3aaf7493-99d6-4b3a-be06-22ca892f39fa: RuntimeError: No hosting information found for port 3aaf7493-99d6-4b3a-be06-22ca892f39fa
2026-04-28 08:56:05.917 9 INFO neutron.wsgi [req-b2a5ba67-273d-47bc-8a91-7f2fca1b269b req-e177206f-9b2e-4257-98f9-e9088195b8c9 4e5876413fd3420a996d00a1acda8df4 8c5f9ec70d284928aca469dd8f682ff1 - - default default] 199.19.213.205 "POST /v2.0/ports HTTP/1.1" status: 201 len: 1158 time: 0.6237440
2026-04-28 08:56:05.930 10 INFO neutron.wsgi [None req-ff6f2dd3-ee91-4f22-8fd8-0022822a4f80 82c0b6c225e840afbeda4bbfa41f1842 718a868a33fd4405a48e5ff2c2bc80bc - - default default] 10.0.0.101 "DELETE /v2.0/subnetpools/50b40fd8-8f82-4c5e-ae76-5326e4b46be1/tags HTTP/1.1" status: 204 len: 168 time: 0.0501010
2026-04-28 08:56:05.952 10 INFO neutron.wsgi [None req-4d0a6461-51ab-43e1-96dd-8d34663c1477 82c0b6c225e840afbeda4bbfa41f1842 718a868a33fd4405a48e5ff2c2bc80bc - - default default] 10.0.0.101 "GET /v2.0/subnetpools/50b40fd8-8f82-4c5e-ae76-5326e4b46be1/tags HTTP/1.1" status: 200 len: 205 time: 0.0171430
2026-04-28 08:56:06.032 10 INFO neutron.wsgi [None req-0ff4990e-537a-4c4d-bb50-18c9fedab983 82c0b6c225e840afbeda4bbfa41f1842 718a868a33fd4405a48e5ff2c2bc80bc - - default default] 10.0.0.101 "DELETE /v2.0/subnetpools/50b40fd8-8f82-4c5e-ae76-5326e4b46be1 HTTP/1.1" status: 204 len: 168 time: 0.0602767
2026-04-28 08:56:06.115 9 INFO neutron.wsgi [req-66b0462b-7518-48d4-81fc-ffb647c0f9d4 req-21811f18-3778-49af-986b-426af8214a60 4e5876413fd3420a996d00a1acda8df4 8c5f9ec70d284928aca469dd8f682ff1 - - default default] 10.0.0.127 "GET /v2.0/ports?device_id=083848aa-f27a-40e8-8b78-751daf2ce953 HTTP/1.1" status: 200 len: 1156 time: 0.0459838
2026-04-28 08:56:06.169 9 INFO neutron.wsgi [req-66b0462b-7518-48d4-81fc-ffb647c0f9d4 req-d54082f3-7287-45e5-80d4-442c05d2a5a1 4e5876413fd3420a996d00a1acda8df4 8c5f9ec70d284928aca469dd8f682ff1 - - default default] 10.0.0.127 "GET /v2.0/security-groups?id=b682f05d-fb05-489e-a51a-a994f9400535&fields=id&fields=name HTTP/1.1" status: 200 len: 286 time: 0.0491090
2026-04-28 08:56:06.388 9 INFO neutron.db.ovn_revision_numbers_db [req-b2a5ba67-273d-47bc-8a91-7f2fca1b269b req-a56b02ed-31ea-47df-b05b-dd2af629c5d2 1673306297ea46cea0e2e65a93c8fee4 cb1a5111c579418fa4a3f1cfa1f10d6c - - 4f80f72be974423bb1c156b6d22b4158 4f80f72be974423bb1c156b6d22b4158] Successfully bumped revision number for resource a489f61f-df91-4180-8c00-f9717433a326 (type: ports) to 2
2026-04-28 08:56:06.587 9 INFO neutron.db.ovn_revision_numbers_db [req-b2a5ba67-273d-47bc-8a91-7f2fca1b269b req-a56b02ed-31ea-47df-b05b-dd2af629c5d2 1673306297ea46cea0e2e65a93c8fee4 cb1a5111c579418fa4a3f1cfa1f10d6c - - 4f80f72be974423bb1c156b6d22b4158 4f80f72be974423bb1c156b6d22b4158] Successfully bumped revision number for resource a489f61f-df91-4180-8c00-f9717433a326 (type: ports) to 2
2026-04-28 08:56:06.602 9 INFO neutron.wsgi [req-b2a5ba67-273d-47bc-8a91-7f2fca1b269b req-a56b02ed-31ea-47df-b05b-dd2af629c5d2 1673306297ea46cea0e2e65a93c8fee4 cb1a5111c579418fa4a3f1cfa1f10d6c - - 4f80f72be974423bb1c156b6d22b4158 4f80f72be974423bb1c156b6d22b4158] 199.19.213.205 "PUT /v2.0/ports/a489f61f-df91-4180-8c00-f9717433a326 HTTP/1.1" status: 200 len: 1376 time: 0.6747870
2026-04-28 08:56:06.638 9 INFO neutron.notifiers.nova [-] Nova event matching ['req-a6902b1a-3864-4894-adf6-6713a45df281'] response: {'name': 'network-changed', 'server_uuid': '083848aa-f27a-40e8-8b78-751daf2ce953', 'tag': 'a489f61f-df91-4180-8c00-f9717433a326', 'status': 'completed', 'code': 200} /var/lib/openstack/lib/python3.10/site-packages/pycadf/identifier.py:71: UserWarning: Invalid uuid: neutron. To ensure interoperability, identifiers should be a valid uuid. warnings.warn(('Invalid uuid: %s. To ensure interoperability, '
2026-04-28 08:56:06.679 9 INFO neutron.wsgi [req-b2a5ba67-273d-47bc-8a91-7f2fca1b269b req-d273bda3-df29-4e8d-a888-f9716a48655f 1673306297ea46cea0e2e65a93c8fee4 cb1a5111c579418fa4a3f1cfa1f10d6c - - 4f80f72be974423bb1c156b6d22b4158 4f80f72be974423bb1c156b6d22b4158] 199.19.213.205 "GET /v2.0/ports?tenant_id=8c5f9ec70d284928aca469dd8f682ff1&device_id=083848aa-f27a-40e8-8b78-751daf2ce953 HTTP/1.1" status: 200 len: 1407 time: 0.0326350
2026-04-28 08:56:06.712 9 INFO neutron.wsgi [req-b2a5ba67-273d-47bc-8a91-7f2fca1b269b req-ec3567eb-f876-4c51-816b-90ddd1e91259 1673306297ea46cea0e2e65a93c8fee4 cb1a5111c579418fa4a3f1cfa1f10d6c - - 4f80f72be974423bb1c156b6d22b4158 4f80f72be974423bb1c156b6d22b4158] 199.19.213.205 "GET /v2.0/floatingips?fixed_ip_address=10.100.0.5&port_id=a489f61f-df91-4180-8c00-f9717433a326 HTTP/1.1" status: 200 len: 217 time: 0.0255179
2026-04-28 08:56:06.758 9 INFO neutron.wsgi [req-b2a5ba67-273d-47bc-8a91-7f2fca1b269b req-b52fb97e-7144-45da-ac69-ca0b8d794afb 1673306297ea46cea0e2e65a93c8fee4 cb1a5111c579418fa4a3f1cfa1f10d6c - - 4f80f72be974423bb1c156b6d22b4158 4f80f72be974423bb1c156b6d22b4158] 199.19.213.205 "GET /v2.0/subnets?id=08cea170-27a3-415c-b83b-28bf020a5d7b HTTP/1.1" status: 200 len: 864 time: 0.0363533
2026-04-28 08:56:06.784 9 INFO neutron.wsgi [req-b2a5ba67-273d-47bc-8a91-7f2fca1b269b req-77bfc278-6dae-44e2-ad30-38a3364a2b92 1673306297ea46cea0e2e65a93c8fee4 cb1a5111c579418fa4a3f1cfa1f10d6c - - 4f80f72be974423bb1c156b6d22b4158 4f80f72be974423bb1c156b6d22b4158] 199.19.213.205 "GET /v2.0/ports?network_id=60aeb5df-afbc-4fdd-96e6-b948dd4c6fd9&device_owner=network%3Adhcp HTTP/1.1" status: 200 len: 210 time: 0.0209582
2026-04-28 08:56:06.862 9 INFO neutron.wsgi [req-b2a5ba67-273d-47bc-8a91-7f2fca1b269b req-948631db-3f4f-46db-a729-caf6b7e5be41 1673306297ea46cea0e2e65a93c8fee4 cb1a5111c579418fa4a3f1cfa1f10d6c - - 4f80f72be974423bb1c156b6d22b4158 4f80f72be974423bb1c156b6d22b4158] 199.19.213.205 "GET /v2.0/networks/60aeb5df-afbc-4fdd-96e6-b948dd4c6fd9?fields=segments HTTP/1.1" status: 200 len: 212 time: 0.0696976
2026-04-28 08:56:06.899 10 INFO neutron.db.ovn_revision_numbers_db [None req-8479c9c4-23f6-4a45-864d-0dfbe42f314c 56172e8c90ef45059602b768e6b9d171 fac1150d86bd43b48062b71e86218f90 - - default default] Successfully bumped revision number for resource 4f4eb7c5-e92d-4753-880b-ed76f5032579 (type: security_groups) to 1
2026-04-28 08:56:06.913 10 INFO neutron.db.ovn_revision_numbers_db [None req-8479c9c4-23f6-4a45-864d-0dfbe42f314c 56172e8c90ef45059602b768e6b9d171 fac1150d86bd43b48062b71e86218f90 - - default default] Successfully bumped revision number for resource 02eb47ad-7cb9-421b-a0b5-2eeb505d4bfb (type: security_group_rules) to 0
2026-04-28 08:56:06.927 10 INFO neutron.db.ovn_revision_numbers_db [None req-8479c9c4-23f6-4a45-864d-0dfbe42f314c 56172e8c90ef45059602b768e6b9d171 fac1150d86bd43b48062b71e86218f90 - - default default] Successfully bumped revision number for resource 507ce8fc-3094-4d87-8a08-d92331a9df30 (type: security_group_rules) to 0
2026-04-28 08:56:06.941 9 INFO neutron.wsgi [req-b2a5ba67-273d-47bc-8a91-7f2fca1b269b req-a6406b6b-4d49-40bf-a74e-be5e4004d01f 1673306297ea46cea0e2e65a93c8fee4 cb1a5111c579418fa4a3f1cfa1f10d6c - - 4f80f72be974423bb1c156b6d22b4158 4f80f72be974423bb1c156b6d22b4158] 199.19.213.205 "GET /v2.0/networks/60aeb5df-afbc-4fdd-96e6-b948dd4c6fd9?fields=provider%3Aphysical_network&fields=provider%3Anetwork_type HTTP/1.1" status: 200 len: 277 time: 0.0710928
2026-04-28 08:56:06.943 10 INFO neutron.db.ovn_revision_numbers_db [None req-8479c9c4-23f6-4a45-864d-0dfbe42f314c 56172e8c90ef45059602b768e6b9d171 fac1150d86bd43b48062b71e86218f90 - - default default] Successfully bumped revision number for resource d5dcbc4a-3b9e-4046-aafa-0361d28104cc (type: security_group_rules) to 0
2026-04-28 08:56:06.963 10 INFO neutron.db.ovn_revision_numbers_db [None req-8479c9c4-23f6-4a45-864d-0dfbe42f314c 56172e8c90ef45059602b768e6b9d171 fac1150d86bd43b48062b71e86218f90 - - default default] Successfully bumped revision number for resource ec87fc08-4d81-4a32-9644-aee2f5f3c5dc (type: security_group_rules) to 0
2026-04-28 08:56:06.973 9 INFO neutron.db.ovn_revision_numbers_db [None req-35c452ef-418b-460c-832d-d0da05355b5a 56172e8c90ef45059602b768e6b9d171 fac1150d86bd43b48062b71e86218f90 - - default default] Successfully bumped revision number for resource 1536b04e-345e-4ae5-bed3-98786b0561e2 (type: security_groups) to 1
2026-04-28 08:56:06.988 10 INFO neutron.wsgi [None req-8479c9c4-23f6-4a45-864d-0dfbe42f314c 56172e8c90ef45059602b768e6b9d171 fac1150d86bd43b48062b71e86218f90 - - default default] 10.0.0.101 "GET /v2.0/security-groups?tenant_id=ee8abcee51d546a99b8827566bfe7889&name=default HTTP/1.1" status: 200 len: 2996 time: 0.3078699
2026-04-28 08:56:07.004 9 INFO neutron.db.ovn_revision_numbers_db [None req-35c452ef-418b-460c-832d-d0da05355b5a 56172e8c90ef45059602b768e6b9d171 fac1150d86bd43b48062b71e86218f90 - - default default] Successfully bumped revision number for resource 65718ebe-06ae-490f-8552-1602dc52dfa7 (type: security_group_rules) to 0
2026-04-28 08:56:07.023 9 INFO neutron.wsgi [req-910cbc18-e69a-40ff-ad88-a340525515e6 req-fec1dba5-9139-4228-93d7-51a3f4197f60 1673306297ea46cea0e2e65a93c8fee4 cb1a5111c579418fa4a3f1cfa1f10d6c - - 4f80f72be974423bb1c156b6d22b4158 4f80f72be974423bb1c156b6d22b4158] 199.19.213.205 "GET /v2.0/ports?tenant_id=8c5f9ec70d284928aca469dd8f682ff1&device_id=083848aa-f27a-40e8-8b78-751daf2ce953 HTTP/1.1" status: 200 len: 1407 time: 0.0428238
2026-04-28 08:56:07.024 9 INFO neutron.db.ovn_revision_numbers_db [None req-35c452ef-418b-460c-832d-d0da05355b5a 56172e8c90ef45059602b768e6b9d171 fac1150d86bd43b48062b71e86218f90 - - default default] Successfully bumped revision number for resource 907f049c-a704-4704-89c4-55d3168ca7a8 (type: security_group_rules) to 0
2026-04-28 08:56:07.048 9 INFO neutron.db.ovn_revision_numbers_db [None req-35c452ef-418b-460c-832d-d0da05355b5a 56172e8c90ef45059602b768e6b9d171 fac1150d86bd43b48062b71e86218f90 - - default default] Successfully bumped revision number for resource e011d8bf-3e90-4e08-ac91-1c80f9c866a8 (type: security_group_rules) to 0
2026-04-28 08:56:07.071 9 INFO neutron.db.ovn_revision_numbers_db [None req-35c452ef-418b-460c-832d-d0da05355b5a 56172e8c90ef45059602b768e6b9d171 fac1150d86bd43b48062b71e86218f90 - - default default] Successfully bumped revision number for resource e9ab7471-4691-4ae6-ae66-b8ae8100ce9d (type: security_group_rules) to 0
2026-04-28 08:56:07.104 9 INFO neutron.wsgi [req-910cbc18-e69a-40ff-ad88-a340525515e6 req-9b6a94f0-3835-49a9-843a-0799d39db469 1673306297ea46cea0e2e65a93c8fee4 cb1a5111c579418fa4a3f1cfa1f10d6c - - 4f80f72be974423bb1c156b6d22b4158 4f80f72be974423bb1c156b6d22b4158] 199.19.213.205 "GET /v2.0/networks?id=60aeb5df-afbc-4fdd-96e6-b948dd4c6fd9 HTTP/1.1" status: 200 len: 969 time: 0.0761979
2026-04-28 08:56:07.120 10 INFO neutron.plugins.ml2.drivers.ovn.mech_driver.mech_driver [None req-f510634f-91cc-4364-8747-c1e950e212a6 - - - - - -] OVN reports status up for port: a489f61f-df91-4180-8c00-f9717433a326
2026-04-28 08:56:07.146 9 INFO neutron.db.segments_db [None req-35c452ef-418b-460c-832d-d0da05355b5a 56172e8c90ef45059602b768e6b9d171 fac1150d86bd43b48062b71e86218f90 - - default default] Added segment 542d4621-7a96-464f-aba0-731faa6d4754 of type geneve for network f37d53bc-707b-474c-9d82-df44340f39f9
2026-04-28 08:56:07.149 9 INFO neutron.wsgi [req-910cbc18-e69a-40ff-ad88-a340525515e6 req-e86feb1a-494d-43b4-b771-886e56181e03 1673306297ea46cea0e2e65a93c8fee4 cb1a5111c579418fa4a3f1cfa1f10d6c - - 4f80f72be974423bb1c156b6d22b4158 4f80f72be974423bb1c156b6d22b4158] 199.19.213.205 "GET /v2.0/floatingips?fixed_ip_address=10.100.0.5&port_id=a489f61f-df91-4180-8c00-f9717433a326 HTTP/1.1" status: 200 len: 217 time: 0.0284848
2026-04-28 08:56:07.152 10 INFO neutron.plugins.ml2.plugin [None req-f510634f-91cc-4364-8747-c1e950e212a6 - - - - - -] Attempt 1 to provision port a489f61f-df91-4180-8c00-f9717433a326
2026-04-28 08:56:07.216 9 INFO neutron.wsgi [req-910cbc18-e69a-40ff-ad88-a340525515e6 req-0c796656-870b-4864-a794-f0590dad6ed2 1673306297ea46cea0e2e65a93c8fee4 cb1a5111c579418fa4a3f1cfa1f10d6c - - 4f80f72be974423bb1c156b6d22b4158 4f80f72be974423bb1c156b6d22b4158] 199.19.213.205 "GET /v2.0/subnets?id=08cea170-27a3-415c-b83b-28bf020a5d7b HTTP/1.1" status: 200 len: 864 time: 0.0608568
2026-04-28 08:56:07.270 9 INFO neutron.wsgi [req-910cbc18-e69a-40ff-ad88-a340525515e6 req-754bd5f7-5971-41cd-ba28-0481341b1fe0 1673306297ea46cea0e2e65a93c8fee4 cb1a5111c579418fa4a3f1cfa1f10d6c - - 4f80f72be974423bb1c156b6d22b4158 4f80f72be974423bb1c156b6d22b4158] 199.19.213.205 "GET /v2.0/ports?network_id=60aeb5df-afbc-4fdd-96e6-b948dd4c6fd9&device_owner=network%3Adhcp HTTP/1.1" status: 200 len: 210 time: 0.0422177
2026-04-28 08:56:07.331 10 INFO neutron.notifiers.nova [-] Nova event matching ['req-7469f36f-3f6e-43a6-874e-3f726ece277d'] response: {'server_uuid': '083848aa-f27a-40e8-8b78-751daf2ce953', 'name': 'network-vif-plugged', 'status': 'completed', 'tag': 'a489f61f-df91-4180-8c00-f9717433a326', 'code': 200}
2026-04-28 08:56:07.337 9 INFO neutron.wsgi [req-260db45b-26d2-4f08-b4b5-1ccd29c3c812 req-bdd51228-2944-42b2-8419-0858a5de0ad8 4e5876413fd3420a996d00a1acda8df4 8c5f9ec70d284928aca469dd8f682ff1 - - default default] 10.0.0.127 "GET /v2.0/ports?device_id=083848aa-f27a-40e8-8b78-751daf2ce953 HTTP/1.1" status: 200 len: 1168 time: 0.0860441
2026-04-28 08:56:07.346 10 INFO neutron.wsgi [None req-522965b1-463c-472e-8e61-0b398b0fb7d3 56172e8c90ef45059602b768e6b9d171 fac1150d86bd43b48062b71e86218f90 - - default default] 10.0.0.101 "DELETE /v2.0/security-groups/4f4eb7c5-e92d-4753-880b-ed76f5032579 HTTP/1.1" status: 204 len: 168 time: 0.3528850
2026-04-28 08:56:07.425 9 INFO neutron.wsgi [req-910cbc18-e69a-40ff-ad88-a340525515e6 req-0863c661-9e7e-4f27-8097-a28a71d5f0bf 1673306297ea46cea0e2e65a93c8fee4 cb1a5111c579418fa4a3f1cfa1f10d6c - - 4f80f72be974423bb1c156b6d22b4158 4f80f72be974423bb1c156b6d22b4158] 199.19.213.205 "GET /v2.0/networks/60aeb5df-afbc-4fdd-96e6-b948dd4c6fd9?fields=segments HTTP/1.1" status: 200 len: 212 time: 0.1505578
2026-04-28 08:56:07.445 9 INFO neutron.db.ovn_revision_numbers_db [None req-35c452ef-418b-460c-832d-d0da05355b5a 56172e8c90ef45059602b768e6b9d171 fac1150d86bd43b48062b71e86218f90 - - default default] Successfully bumped revision number for resource f37d53bc-707b-474c-9d82-df44340f39f9 (type: networks) to 1
2026-04-28 08:56:07.456 9 INFO neutron.wsgi [req-260db45b-26d2-4f08-b4b5-1ccd29c3c812 req-293e798b-adf9-48d4-b376-e1e076b651be 4e5876413fd3420a996d00a1acda8df4 8c5f9ec70d284928aca469dd8f682ff1 - - default default] 10.0.0.127 "GET /v2.0/security-groups?id=b682f05d-fb05-489e-a51a-a994f9400535&fields=id&fields=name HTTP/1.1" status: 200 len: 286 time: 0.0950484
2026-04-28 08:56:07.546 10 INFO neutron.db.ovn_revision_numbers_db [None req-f510634f-91cc-4364-8747-c1e950e212a6 - - - - - -] Successfully bumped revision number for resource a489f61f-df91-4180-8c00-f9717433a326 (type: ports) to 4
2026-04-28 08:56:07.556 9 INFO neutron.wsgi [req-910cbc18-e69a-40ff-ad88-a340525515e6 req-87e17b03-a56f-4741-880f-55686c75f297 1673306297ea46cea0e2e65a93c8fee4 cb1a5111c579418fa4a3f1cfa1f10d6c - - 4f80f72be974423bb1c156b6d22b4158 4f80f72be974423bb1c156b6d22b4158] 199.19.213.205 "GET /v2.0/networks/60aeb5df-afbc-4fdd-96e6-b948dd4c6fd9?fields=provider%3Aphysical_network&fields=provider%3Anetwork_type HTTP/1.1" status: 200 len: 277 time: 0.1222932
2026-04-28 08:56:07.660 9 INFO neutron.db.ovn_revision_numbers_db [None req-e1769ac3-9dff-4f70-a182-ab7956f73ebc 56172e8c90ef45059602b768e6b9d171 fac1150d86bd43b48062b71e86218f90 - - default default] Successfully bumped revision number for resource 364ffe51-d0a6-4c7d-82c7-5c6b32300a04 (type: security_groups) to 1
2026-04-28 08:56:07.683 9 INFO neutron.db.ovn_revision_numbers_db [None req-e1769ac3-9dff-4f70-a182-ab7956f73ebc 56172e8c90ef45059602b768e6b9d171 fac1150d86bd43b48062b71e86218f90 - - default default] Successfully bumped revision number for resource 7db66f3b-42aa-495d-a6ed-456bc9ddc5a3 (type: security_group_rules) to 0
2026-04-28 08:56:07.693 9 WARNING neutron.scheduler.dhcp_agent_scheduler [None req-35c452ef-418b-460c-832d-d0da05355b5a 56172e8c90ef45059602b768e6b9d171 fac1150d86bd43b48062b71e86218f90 - - default default] No more DHCP agents
2026-04-28 08:56:07.697 9 WARNING neutron.api.rpc.agentnotifiers.dhcp_rpc_agent_api [None req-35c452ef-418b-460c-832d-d0da05355b5a 56172e8c90ef45059602b768e6b9d171 fac1150d86bd43b48062b71e86218f90 - - default default] Unable to schedule network f37d53bc-707b-474c-9d82-df44340f39f9: no agents available; will retry on subsequent port and subnet creation events.
2026-04-28 08:56:07.712 9 INFO neutron.db.ovn_revision_numbers_db [None req-e1769ac3-9dff-4f70-a182-ab7956f73ebc 56172e8c90ef45059602b768e6b9d171 fac1150d86bd43b48062b71e86218f90 - - default default] Successfully bumped revision number for resource a5b7bd1a-e264-4a2f-b659-cade74558de6 (type: security_group_rules) to 0
2026-04-28 08:56:07.753 9 INFO neutron.db.ovn_revision_numbers_db [None req-e1769ac3-9dff-4f70-a182-ab7956f73ebc 56172e8c90ef45059602b768e6b9d171 fac1150d86bd43b48062b71e86218f90 - - default default] Successfully bumped revision number for resource af0a0a9f-aa95-4ded-abed-233243ac3d82 (type: security_group_rules) to 0
2026-04-28 08:56:07.782 9 INFO neutron.db.ovn_revision_numbers_db [None req-e1769ac3-9dff-4f70-a182-ab7956f73ebc 56172e8c90ef45059602b768e6b9d171 fac1150d86bd43b48062b71e86218f90 - - default default] Successfully bumped revision number for resource c1fba3fb-2f85-44be-ae34-7b5d4386632f (type: security_group_rules) to 0
2026-04-28 08:56:07.806 9 INFO neutron.wsgi [None req-e1769ac3-9dff-4f70-a182-ab7956f73ebc 56172e8c90ef45059602b768e6b9d171 fac1150d86bd43b48062b71e86218f90 - - default default] 10.0.0.101 "GET /v2.0/security-groups?tenant_id=718a868a33fd4405a48e5ff2c2bc80bc&name=default HTTP/1.1" status: 200 len: 2996 time: 0.3347235
2026-04-28 08:56:07.811 9 INFO neutron.db.ovn_revision_numbers_db [None req-35c452ef-418b-460c-832d-d0da05355b5a 56172e8c90ef45059602b768e6b9d171 fac1150d86bd43b48062b71e86218f90 - - default default] Successfully bumped revision number for resource 7e8084ce-3a91-435d-a584-82bb158fe485 (type: ports) to 1 /var/lib/openstack/lib/python3.10/site-packages/pycadf/identifier.py:71: UserWarning: Invalid uuid: neutron. To ensure interoperability, identifiers should be a valid uuid. warnings.warn(('Invalid uuid: %s. To ensure interoperability, '
2026-04-28 08:56:07.830 9 INFO neutron.wsgi [None req-35c452ef-418b-460c-832d-d0da05355b5a 56172e8c90ef45059602b768e6b9d171 fac1150d86bd43b48062b71e86218f90 - - default default] 10.0.0.101 "POST /v2.0/networks HTTP/1.1" status: 201 len: 942 time: 1.2088728
2026-04-28 08:56:08.055 10 WARNING neutron.scheduler.dhcp_agent_scheduler [None req-c8783949-fbd2-493d-985b-b693afc09960 56172e8c90ef45059602b768e6b9d171 fac1150d86bd43b48062b71e86218f90 - - default default] No more DHCP agents
2026-04-28 08:56:08.058 10 WARNING neutron.api.rpc.agentnotifiers.dhcp_rpc_agent_api [None req-c8783949-fbd2-493d-985b-b693afc09960 56172e8c90ef45059602b768e6b9d171 fac1150d86bd43b48062b71e86218f90 - - default default] Unable to schedule network f37d53bc-707b-474c-9d82-df44340f39f9: no agents available; will retry on subsequent port and subnet creation events.
2026-04-28 08:56:08.112 10 INFO neutron.wsgi [None req-d829fb39-f4b6-4b13-9182-67f942d3e63a 56172e8c90ef45059602b768e6b9d171 fac1150d86bd43b48062b71e86218f90 - - default default] 10.0.0.101 "DELETE /v2.0/security-groups/364ffe51-d0a6-4c7d-82c7-5c6b32300a04 HTTP/1.1" status: 204 len: 168 time: 0.2998698
2026-04-28 08:56:08.602 10 INFO neutron.db.ovn_revision_numbers_db [None req-c8783949-fbd2-493d-985b-b693afc09960 56172e8c90ef45059602b768e6b9d171 fac1150d86bd43b48062b71e86218f90 - - default default] Successfully bumped revision number for resource 7e8084ce-3a91-435d-a584-82bb158fe485 (type: ports) to 2
2026-04-28 08:56:08.639 10 INFO neutron.db.ovn_revision_numbers_db [None req-c8783949-fbd2-493d-985b-b693afc09960 56172e8c90ef45059602b768e6b9d171 fac1150d86bd43b48062b71e86218f90 - - default default] Successfully bumped revision number for resource 04e24308-3801-4f47-bc60-5c69ace94c26 (type: subnets) to 0
2026-04-28 08:56:08.656 9 INFO neutron.wsgi [req-f5ed1c0a-100f-463e-9672-0df3d0242f8b req-936dc4a7-4448-42d7-9225-fdadffbf993a 4e5876413fd3420a996d00a1acda8df4 8c5f9ec70d284928aca469dd8f682ff1 - - default default] 10.0.0.127 "GET /v2.0/ports?device_id=083848aa-f27a-40e8-8b78-751daf2ce953 HTTP/1.1" status: 200 len: 1170 time: 0.1142125
2026-04-28 08:56:08.657 10 INFO neutron.wsgi [None req-c8783949-fbd2-493d-985b-b693afc09960 56172e8c90ef45059602b768e6b9d171 fac1150d86bd43b48062b71e86218f90 - - default default] 10.0.0.101 "POST /v2.0/subnets HTTP/1.1" status: 201 len: 862 time: 0.8192360
2026-04-28 08:56:08.737 9 INFO neutron.wsgi [req-f5ed1c0a-100f-463e-9672-0df3d0242f8b req-83d28487-c46c-4748-8786-2bc99466b65f 4e5876413fd3420a996d00a1acda8df4 8c5f9ec70d284928aca469dd8f682ff1 - - default default] 10.0.0.127 "GET /v2.0/security-groups?id=b682f05d-fb05-489e-a51a-a994f9400535&fields=id&fields=name HTTP/1.1" status: 200 len: 286 time: 0.0744629
2026-04-28 08:56:09.218 10 WARNING neutron.scheduler.dhcp_agent_scheduler [None req-f940429a-81fd-4a3c-9827-5842cda82404 56172e8c90ef45059602b768e6b9d171 fac1150d86bd43b48062b71e86218f90 - - default default] No more DHCP agents
2026-04-28 08:56:09.222 10 WARNING neutron.api.rpc.agentnotifiers.dhcp_rpc_agent_api [None req-f940429a-81fd-4a3c-9827-5842cda82404 56172e8c90ef45059602b768e6b9d171 fac1150d86bd43b48062b71e86218f90 - - default default] Unable to schedule network e419bf3e-e073-4dc2-adef-16fff092c040: no agents available; will retry on subsequent port and subnet creation events.
2026-04-28 08:56:09.355 10 INFO neutron.plugins.ml2.drivers.ovn.mech_driver.mech_driver [None req-f510634f-91cc-4364-8747-c1e950e212a6 - - - - - -] OVN reports status down for port: a489f61f-df91-4180-8c00-f9717433a326
2026-04-28 08:56:09.376 9 INFO neutron.wsgi [req-8b98b987-f7c0-4be4-915d-9ad142ae4c45 req-6dc112b0-4ea7-4561-864b-760314e3e4ac 4e5876413fd3420a996d00a1acda8df4 8c5f9ec70d284928aca469dd8f682ff1 - - default default] 10.0.0.127 "GET /v2.0/ports?device_id=083848aa-f27a-40e8-8b78-751daf2ce953 HTTP/1.1" status: 200 len: 1170 time: 0.0718861
2026-04-28 08:56:09.392 10 INFO neutron.notifiers.nova [-] Nova event matching ['req-4833b025-172d-4245-b8ee-a5716ddedce7'] response: {'server_uuid': '083848aa-f27a-40e8-8b78-751daf2ce953', 'name': 'network-vif-plugged', 'status': 'completed', 'tag': 'a489f61f-df91-4180-8c00-f9717433a326', 'code': 200}
2026-04-28 08:56:09.436 9 INFO neutron.wsgi [req-8b98b987-f7c0-4be4-915d-9ad142ae4c45 req-98d98d9a-065a-47eb-8adb-5660c40f140b 4e5876413fd3420a996d00a1acda8df4 8c5f9ec70d284928aca469dd8f682ff1 - - default default] 10.0.0.127 "GET /v2.0/security-groups?id=b682f05d-fb05-489e-a51a-a994f9400535&fields=id&fields=name HTTP/1.1" status: 200 len: 286 time: 0.0526583
2026-04-28 08:56:09.512 10 INFO neutron.db.ovn_revision_numbers_db [None req-f940429a-81fd-4a3c-9827-5842cda82404 56172e8c90ef45059602b768e6b9d171 fac1150d86bd43b48062b71e86218f90 - - default default] Successfully bumped revision number for resource 06a82c39-902d-476c-9fdb-f260eeca00e0 (type: ports) to 1
2026-04-28 08:56:09.657 9 INFO neutron.wsgi [req-9c0b8833-8c26-4dd5-a3b6-196de961da74 req-83fec623-3139-4f74-8a5e-74945bd4aa2c 4e5876413fd3420a996d00a1acda8df4 8c5f9ec70d284928aca469dd8f682ff1 - - default default] 199.19.213.205 "GET /v2.0/ports?device_id=083848aa-f27a-40e8-8b78-751daf2ce953 HTTP/1.1" status: 200 len: 1168 time: 0.0510535
2026-04-28 08:56:09.768 10 INFO neutron.db.ovn_revision_numbers_db [None req-f510634f-91cc-4364-8747-c1e950e212a6 - - - - - -] Successfully bumped revision number for resource a489f61f-df91-4180-8c00-f9717433a326 (type: ports) to 5
2026-04-28 08:56:09.970 9 INFO neutron.wsgi [req-9c0b8833-8c26-4dd5-a3b6-196de961da74 req-08a67084-bce2-4314-9567-cb569754af11 4e5876413fd3420a996d00a1acda8df4 8c5f9ec70d284928aca469dd8f682ff1 - - default default] 199.19.213.205 "DELETE /v2.0/ports/a489f61f-df91-4180-8c00-f9717433a326 HTTP/1.1" status: 204 len: 173 time: 0.3080440
2026-04-28 08:56:10.018 9 INFO neutron.notifiers.nova [-] Nova event matching ['req-7f692294-4b5f-45e6-8509-b1d9c3d774c6'] response: {'server_uuid': '083848aa-f27a-40e8-8b78-751daf2ce953', 'name': 'network-vif-deleted', 'tag': 'a489f61f-df91-4180-8c00-f9717433a326', 'status': 'completed', 'code': 200}
2026-04-28 08:56:10.369 9 INFO neutron.plugins.ml2.drivers.ovn.mech_driver.mech_driver [None req-9d8d9a68-c9b2-4170-96b5-9135659312c3 - - - - - -] OVN reports status up for port: 06a82c39-902d-476c-9fdb-f260eeca00e0
2026-04-28 08:56:10.381 9 INFO neutron.plugins.ml2.plugin [None req-9d8d9a68-c9b2-4170-96b5-9135659312c3 - - - - - -] Attempt 1 to provision port 06a82c39-902d-476c-9fdb-f260eeca00e0
2026-04-28 08:56:10.384 10 INFO neutron.plugins.ml2.drivers.ovn.mech_driver.ovsdb.ovsdb_monitor [None req-571740e8-b794-4432-9383-ebae05917d64 - - - - - -] Router e40e0604-e5d4-4c1e-bc74-ecd84d328a9b is bound to host instance
2026-04-28 08:56:10.422 10 INFO neutron.db.ovn_revision_numbers_db [None req-f940429a-81fd-4a3c-9827-5842cda82404 56172e8c90ef45059602b768e6b9d171 fac1150d86bd43b48062b71e86218f90 - - default default] Successfully bumped revision number for resource 06a82c39-902d-476c-9fdb-f260eeca00e0 (type: router_ports) to 1
2026-04-28 08:56:10.527 10 INFO neutron.db.ovn_revision_numbers_db [None req-f940429a-81fd-4a3c-9827-5842cda82404 56172e8c90ef45059602b768e6b9d171 fac1150d86bd43b48062b71e86218f90 - - default default] Successfully bumped revision number for resource e40e0604-e5d4-4c1e-bc74-ecd84d328a9b (type: routers) to 2
2026-04-28 08:56:10.559 10 INFO neutron.wsgi [None req-f940429a-81fd-4a3c-9827-5842cda82404 56172e8c90ef45059602b768e6b9d171 fac1150d86bd43b48062b71e86218f90 - - default default] 10.0.0.101 "POST /v2.0/routers HTTP/1.1" status: 201 len: 873 time: 1.8877702
2026-04-28 08:56:10.993 10 INFO neutron.db.ovn_revision_numbers_db [None req-571740e8-b794-4432-9383-ebae05917d64 - - - - - -] Successfully bumped revision number for resource 06a82c39-902d-476c-9fdb-f260eeca00e0 (type: ports) to 1
2026-04-28 08:56:11.045 9 WARNING neutron.scheduler.dhcp_agent_scheduler [None req-d7cb1eb1-1629-42b2-bd29-4f0173a4ebca 56172e8c90ef45059602b768e6b9d171 fac1150d86bd43b48062b71e86218f90 - - default default] No more DHCP agents
2026-04-28 08:56:11.048 9 WARNING neutron.api.rpc.agentnotifiers.dhcp_rpc_agent_api [None req-d7cb1eb1-1629-42b2-bd29-4f0173a4ebca 56172e8c90ef45059602b768e6b9d171 fac1150d86bd43b48062b71e86218f90 - - default default] Unable to schedule network f37d53bc-707b-474c-9d82-df44340f39f9: no agents available; will retry on subsequent port and subnet creation events.
2026-04-28 08:56:11.211 9 INFO neutron.db.ovn_revision_numbers_db [None req-d7cb1eb1-1629-42b2-bd29-4f0173a4ebca 56172e8c90ef45059602b768e6b9d171 fac1150d86bd43b48062b71e86218f90 - - default default] Successfully bumped revision number for resource 2aca9c40-2bfd-4299-ab35-03a88be3eaaf (type: ports) to 1
2026-04-28 08:56:11.254 10 INFO neutron.db.ovn_revision_numbers_db [None req-571740e8-b794-4432-9383-ebae05917d64 - - - - - -] Successfully bumped revision number for resource 06a82c39-902d-476c-9fdb-f260eeca00e0 (type: router_ports) to 3
2026-04-28 08:56:11.413 10 INFO neutron.db.ovn_revision_numbers_db [None req-571740e8-b794-4432-9383-ebae05917d64 - - - - - -] Successfully bumped revision number for resource 06a82c39-902d-476c-9fdb-f260eeca00e0 (type: ports) to 2
