2026-04-28 08:55:37.826 9 INFO neutron.api.v2.resource [None req-11d4b8e1-627c-4014-be05-4c5578d91f7b d56a67e10a06437eb1d0248102661769 7525c3660c2b4b239daf4fd307eccf65 - - default default] delete failed (client error): The resource could not be found.
2026-04-28 08:55:37.828 9 INFO neutron.wsgi [None req-11d4b8e1-627c-4014-be05-4c5578d91f7b d56a67e10a06437eb1d0248102661769 7525c3660c2b4b239daf4fd307eccf65 - - default default] 10.0.0.101 "DELETE /v2.0/routers/6ad55e08-2894-466c-9a5e-073a03883b61 HTTP/1.1" status: 404 len: 336 time: 0.0305464
2026-04-28 08:55:37.858 9 INFO neutron.wsgi [None req-a28ca2e9-dcec-447e-8edd-ded8e346c64c d56a67e10a06437eb1d0248102661769 7525c3660c2b4b239daf4fd307eccf65 - - default default] 10.0.0.101 "GET /v2.0/ports?device_id=69c5ac7a-7554-441d-9ae7-4c49d9f2a3b2 HTTP/1.1" status: 200 len: 205 time: 0.0244172
2026-04-28 08:55:37.891 9 INFO neutron.api.v2.resource [None req-1f517d67-857f-4d6a-b93a-24681048c012 d56a67e10a06437eb1d0248102661769 7525c3660c2b4b239daf4fd307eccf65 - - default default] delete failed (client error): The resource could not be found.
2026-04-28 08:55:37.892 9 INFO neutron.wsgi [None req-1f517d67-857f-4d6a-b93a-24681048c012 d56a67e10a06437eb1d0248102661769 7525c3660c2b4b239daf4fd307eccf65 - - default default] 10.0.0.101 "DELETE /v2.0/routers/69c5ac7a-7554-441d-9ae7-4c49d9f2a3b2 HTTP/1.1" status: 404 len: 336 time: 0.0281518
2026-04-28 08:55:37.902 10 INFO neutron.db.ovn_revision_numbers_db [None req-befab55f-2794-4137-9e81-40afd3a010fe 60b2650438d64a4191ad197ca96486b2 9f90088d75af463abd5a2e2fec4d7328 - - default default] Successfully bumped revision number for resource 2793a53d-bf19-4b89-90d1-beb326ec6880 (type: routers) to 2
2026-04-28 08:55:37.922 9 INFO neutron.pecan_wsgi.hooks.translation [None req-98a3c8d2-63e9-4ac3-8dba-30efc1c1b693 d56a67e10a06437eb1d0248102661769 7525c3660c2b4b239daf4fd307eccf65 - - default default] DELETE failed (client error): The resource could not be found.
2026-04-28 08:55:37.926 9 INFO neutron.wsgi [None req-98a3c8d2-63e9-4ac3-8dba-30efc1c1b693 d56a67e10a06437eb1d0248102661769 7525c3660c2b4b239daf4fd307eccf65 - - default default] 10.0.0.101 "DELETE /v2.0/subnets/b24e57e4-539c-4e90-a267-9dbff14a82d9 HTTP/1.1" status: 404 len: 337 time: 0.0270028
2026-04-28 08:55:37.938 10 INFO neutron.wsgi [None req-befab55f-2794-4137-9e81-40afd3a010fe 60b2650438d64a4191ad197ca96486b2 9f90088d75af463abd5a2e2fec4d7328 - - default default] 10.0.0.101 "POST /v2.0/routers HTTP/1.1" status: 201 len: 872 time: 2.0941253
2026-04-28 08:55:37.959 9 INFO neutron.wsgi [None req-2d9c4e84-3ca8-4941-97d6-fbe4b73c0ef9 d56a67e10a06437eb1d0248102661769 7525c3660c2b4b239daf4fd307eccf65 - - default default] 10.0.0.101 "GET /v2.0/ports?device_id=4eaee18d-c4fa-4a95-9943-97f821688e6d HTTP/1.1" status: 200 len: 205 time: 0.0233500
2026-04-28 08:55:37.988 9 INFO neutron.api.v2.resource [None req-30cdbd62-0e76-442f-a405-2eb4737defae d56a67e10a06437eb1d0248102661769 7525c3660c2b4b239daf4fd307eccf65 - - default default] delete failed (client error): The resource could not be found.
2026-04-28 08:55:37.989 9 INFO neutron.wsgi [None req-30cdbd62-0e76-442f-a405-2eb4737defae d56a67e10a06437eb1d0248102661769 7525c3660c2b4b239daf4fd307eccf65 - - default default] 10.0.0.101 "DELETE /v2.0/routers/4eaee18d-c4fa-4a95-9943-97f821688e6d HTTP/1.1" status: 404 len: 336 time: 0.0247624
2026-04-28 08:55:37.998 10 INFO neutron.db.ovn_revision_numbers_db [None req-120d1f05-2f20-4569-842b-ec5aafb90e56 8b4a338c1a694983999ee2703fbff9cb 7a46301582e34af2bd98cfd1402e698d - - default default] Successfully bumped revision number for resource 4a5f38cb-4dba-4eec-a0dd-b6f88edf4405 (type: networks) to 1
2026-04-28 08:55:38.020 9 INFO neutron.pecan_wsgi.hooks.translation [None req-e3189805-d57a-44e5-a3a6-5c3e7a9bf657 d56a67e10a06437eb1d0248102661769 7525c3660c2b4b239daf4fd307eccf65 - - default default] DELETE failed (client error): The resource could not be found.
2026-04-28 08:55:38.024 9 INFO neutron.wsgi [None req-e3189805-d57a-44e5-a3a6-5c3e7a9bf657 d56a67e10a06437eb1d0248102661769 7525c3660c2b4b239daf4fd307eccf65 - - default default] 10.0.0.101 "DELETE /v2.0/subnets/cc2c5399-64f4-4618-81d4-b5c7f6990dd5 HTTP/1.1" status: 404 len: 337 time: 0.0250387
2026-04-28 08:55:38.028 10 INFO neutron.wsgi [None req-051497d2-7589-4ca6-8f5d-e13797fcfaae 60b2650438d64a4191ad197ca96486b2 9f90088d75af463abd5a2e2fec4d7328 - - default default] 10.0.0.101 "GET /v2.0/routers/2793a53d-bf19-4b89-90d1-beb326ec6880 HTTP/1.1" status: 200 len: 873 time: 0.0806220
2026-04-28 08:55:38.054 9 INFO neutron.wsgi [None req-7bd5bc49-0f20-4eac-a0ef-9a384cc5e322 d56a67e10a06437eb1d0248102661769 7525c3660c2b4b239daf4fd307eccf65 - - default default] 10.0.0.101 "GET /v2.0/ports?device_id=75be2ce4-63c7-491a-8fda-d2fd53cdaa7a HTTP/1.1" status: 200 len: 205 time: 0.0251174
2026-04-28 08:55:38.096 9 INFO neutron.api.v2.resource [None req-ab5f2d9b-7ed8-4653-b93f-093a1d7937a7 d56a67e10a06437eb1d0248102661769 7525c3660c2b4b239daf4fd307eccf65 - - default default] delete failed (client error): The resource could not be found.
2026-04-28 08:55:38.097 9 INFO neutron.wsgi [None req-ab5f2d9b-7ed8-4653-b93f-093a1d7937a7 d56a67e10a06437eb1d0248102661769 7525c3660c2b4b239daf4fd307eccf65 - - default default] 10.0.0.101 "DELETE /v2.0/routers/75be2ce4-63c7-491a-8fda-d2fd53cdaa7a HTTP/1.1" status: 404 len: 336 time: 0.0307200
2026-04-28 08:55:38.145 10 INFO neutron.pecan_wsgi.hooks.translation [None req-e97cb7de-cfe1-4233-9328-ea6a10f948b4 d56a67e10a06437eb1d0248102661769 7525c3660c2b4b239daf4fd307eccf65 - - default default] DELETE failed (client error): The resource could not be found.
2026-04-28 08:55:38.147 10 INFO neutron.wsgi [None req-e97cb7de-cfe1-4233-9328-ea6a10f948b4 d56a67e10a06437eb1d0248102661769 7525c3660c2b4b239daf4fd307eccf65 - - default default] 10.0.0.101 "DELETE /v2.0/subnets/0a0bd6cc-939b-48cf-87c4-272d21eeccf7 HTTP/1.1" status: 404 len: 337 time: 0.0451548
2026-04-28 08:55:38.183 9 INFO neutron.pecan_wsgi.hooks.translation [None req-cb55acb8-38d7-434d-91d2-f5aa354b775c d56a67e10a06437eb1d0248102661769 7525c3660c2b4b239daf4fd307eccf65 - - default default] DELETE failed (client error): The resource could not be found.
2026-04-28 08:55:38.188 9 INFO neutron.wsgi [None req-cb55acb8-38d7-434d-91d2-f5aa354b775c d56a67e10a06437eb1d0248102661769 7525c3660c2b4b239daf4fd307eccf65 - - default default] 10.0.0.101 "DELETE /v2.0/subnets/ed56ef12-427c-4d34-847d-a70ce3a10db1 HTTP/1.1" status: 404 len: 337 time: 0.0331640
2026-04-28 08:55:38.200 10 INFO neutron.wsgi [None req-2e38e0dd-a927-4666-b947-4d731c067df7 60b2650438d64a4191ad197ca96486b2 9f90088d75af463abd5a2e2fec4d7328 - - default default] 10.0.0.101 "GET /v2.0/routers HTTP/1.1" status: 200 len: 876 time: 0.1668973
2026-04-28 08:55:38.330 10 WARNING neutron.scheduler.dhcp_agent_scheduler [None req-120d1f05-2f20-4569-842b-ec5aafb90e56 8b4a338c1a694983999ee2703fbff9cb 7a46301582e34af2bd98cfd1402e698d - - default default] No more DHCP agents
2026-04-28 08:55:38.678 10 WARNING neutron.api.rpc.agentnotifiers.dhcp_rpc_agent_api [None req-120d1f05-2f20-4569-842b-ec5aafb90e56 8b4a338c1a694983999ee2703fbff9cb 7a46301582e34af2bd98cfd1402e698d - - default default] Unable to schedule network 4a5f38cb-4dba-4eec-a0dd-b6f88edf4405: no agents available; will retry on subsequent port and subnet creation events.
2026-04-28 08:55:38.804 9 WARNING neutron.plugins.ml2.drivers.ovn.mech_driver.ovsdb.ovn_client [None req-9d8d9a68-c9b2-4170-96b5-9135659312c3 - - - - - -] No port found with ID c344e8c9-6d45-47d6-94ab-da5b2c44b4eb: RuntimeError: No port found with ID c344e8c9-6d45-47d6-94ab-da5b2c44b4eb
2026-04-28 08:55:38.804 9 INFO neutron.plugins.ml2.drivers.ovn.mech_driver.mech_driver [None req-9d8d9a68-c9b2-4170-96b5-9135659312c3 - - - - - -] OVN reports status up for port: ed83da7f-071d-4161-90b4-51d6cc18ef52
2026-04-28 08:55:38.819 9 INFO neutron.plugins.ml2.plugin [None req-9d8d9a68-c9b2-4170-96b5-9135659312c3 - - - - - -] Attempt 1 to provision port ed83da7f-071d-4161-90b4-51d6cc18ef52
2026-04-28 08:55:38.848 10 INFO neutron.wsgi [None req-eda0902d-5046-4a93-a593-d8e3b819c5d3 56172e8c90ef45059602b768e6b9d171 fac1150d86bd43b48062b71e86218f90 - - default default] 10.0.0.204 "GET /v2.0/routers HTTP/1.1" status: 200 len: 857 time: 0.6850927
2026-04-28 08:55:38.873 10 INFO neutron.wsgi [None req-405a711c-6b6c-4cb4-9c5a-e50733380f87 56172e8c90ef45059602b768e6b9d171 fac1150d86bd43b48062b71e86218f90 - - default default] 10.0.0.204 "GET /v2.0/agents?binary=ovn-controller HTTP/1.1" status: 200 len: 591 time: 0.0224531
2026-04-28 08:55:38.916 10 INFO neutron.db.ovn_revision_numbers_db [None req-120d1f05-2f20-4569-842b-ec5aafb90e56 8b4a338c1a694983999ee2703fbff9cb 7a46301582e34af2bd98cfd1402e698d - - default default] Successfully bumped revision number for resource ec28fcba-ddab-4e8b-8c9c-13ca3982a7cc (type: ports) to 1
2026-04-28 08:55:38.932 9 INFO neutron.wsgi [None req-6bd764d3-b1ad-4e20-92ee-c3fab355376a 56172e8c90ef45059602b768e6b9d171 fac1150d86bd43b48062b71e86218f90 - - default default] 10.0.0.101 "GET /v2.0/security-groups?tenant_id=7525c3660c2b4b239daf4fd307eccf65&name=default HTTP/1.1" status: 200 len: 2996 time: 0.2552235
2026-04-28 08:55:38.967 10 INFO neutron.wsgi [None req-55ef5043-a003-4187-a5e5-07f256d2ac8d 56172e8c90ef45059602b768e6b9d171 fac1150d86bd43b48062b71e86218f90 - - default default] 10.0.0.204 "GET /v2.0/subnets HTTP/1.1" status: 200 len: 1437 time: 0.0911872
2026-04-28 08:55:38.991 10 INFO neutron.wsgi [None req-120d1f05-2f20-4569-842b-ec5aafb90e56 8b4a338c1a694983999ee2703fbff9cb 7a46301582e34af2bd98cfd1402e698d - - default default] 10.0.0.101 "POST /v2.0/networks HTTP/1.1" status: 201 len: 830 time: 1.3059328
2026-04-28 08:55:38.993 10 INFO neutron.wsgi [None req-31d77207-6476-443d-9b55-96111a9bbd8a 56172e8c90ef45059602b768e6b9d171 fac1150d86bd43b48062b71e86218f90 - - default default] 10.0.0.204 "GET /v2.0/network-ip-availabilities HTTP/1.1" status: 200 len: 2349 time: 0.0232852
2026-04-28 08:55:39.049 10 INFO neutron.wsgi [None req-5f8f4433-4f8d-415d-81ea-4bf6c5fb9cf8 56172e8c90ef45059602b768e6b9d171 fac1150d86bd43b48062b71e86218f90 - - default default] 10.0.0.204 "GET /v2.0/subnets HTTP/1.1" status: 200 len: 1437 time: 0.0542815
2026-04-28 08:55:39.077 10 INFO neutron.wsgi [None req-c1dbd942-52ea-4335-b799-5f7a50bd5465 56172e8c90ef45059602b768e6b9d171 fac1150d86bd43b48062b71e86218f90 - - default default] 10.0.0.204 "GET /v2.0/subnetpools HTTP/1.1" status: 200 len: 193 time: 0.0256543
2026-04-28 08:55:39.123 10 INFO neutron.wsgi [None req-05e28539-5f22-4d40-b59d-7e19b4bb0551 56172e8c90ef45059602b768e6b9d171 fac1150d86bd43b48062b71e86218f90 - - default default] 10.0.0.204 "GET /v2.0/floatingips HTTP/1.1" status: 200 len: 193 time: 0.0449040
2026-04-28 08:55:39.148 10 INFO neutron.wsgi [None req-b366a564-dcae-43d4-8b2e-196717f13eb4 56172e8c90ef45059602b768e6b9d171 fac1150d86bd43b48062b71e86218f90 - - default default] 10.0.0.204 "GET /v2.0/agents HTTP/1.1" status: 200 len: 997 time: 0.0220258
2026-04-28 08:55:39.205 9 INFO neutron.wsgi [None req-c1a71746-4234-42df-9fae-1e9c8cc119fd 56172e8c90ef45059602b768e6b9d171 fac1150d86bd43b48062b71e86218f90 - - default default] 10.0.0.101 "DELETE /v2.0/security-groups/8f19faee-e256-4293-8fcd-95829b740bfd HTTP/1.1" status: 204 len: 168 time: 0.2667620
2026-04-28 08:55:39.269 10 INFO neutron.wsgi [None req-bd739504-18eb-469a-874e-ba3ff1ac84d9 56172e8c90ef45059602b768e6b9d171 fac1150d86bd43b48062b71e86218f90 - - default default] 10.0.0.204 "GET /v2.0/security-groups HTTP/1.1" status: 200 len: 22359 time: 0.1147225
2026-04-28 08:55:39.363 10 INFO neutron.wsgi [None req-a84dfb0f-bba7-4ec1-bd4d-dd738b22f497 56172e8c90ef45059602b768e6b9d171 fac1150d86bd43b48062b71e86218f90 - - default default] 10.0.0.204 "GET /v2.0/ports HTTP/1.1" status: 200 len: 12665 time: 0.0867772
2026-04-28 08:55:39.372 10 INFO neutron.db.ovn_revision_numbers_db [None req-539d271b-23a8-44db-9c72-db9cd3dd7b05 60b2650438d64a4191ad197ca96486b2 9f90088d75af463abd5a2e2fec4d7328 - - default default] Successfully bumped revision number for resource 2793a53d-bf19-4b89-90d1-beb326ec6880 (type: routers) to 3
2026-04-28 08:55:39.375 10 INFO neutron.wsgi [None req-539d271b-23a8-44db-9c72-db9cd3dd7b05 60b2650438d64a4191ad197ca96486b2 9f90088d75af463abd5a2e2fec4d7328 - - default default] 10.0.0.101 "PUT /v2.0/routers/2793a53d-bf19-4b89-90d1-beb326ec6880 HTTP/1.1" status: 200 len: 880 time: 1.1691711
2026-04-28 08:55:39.455 9 INFO neutron.wsgi [None req-2a9893b2-3c99-4c60-bb44-5efa929faf49 60b2650438d64a4191ad197ca96486b2 9f90088d75af463abd5a2e2fec4d7328 - - default default] 10.0.0.101 "GET /v2.0/routers/2793a53d-bf19-4b89-90d1-beb326ec6880 HTTP/1.1" status: 200 len: 880 time: 0.0735035
2026-04-28 08:55:39.483 10 WARNING neutron.scheduler.dhcp_agent_scheduler [None req-d88dc4a2-eca7-4f0e-a02a-203f72c43d20 8b4a338c1a694983999ee2703fbff9cb 7a46301582e34af2bd98cfd1402e698d - - default default] No more DHCP agents
2026-04-28 08:55:39.485 9 INFO neutron.wsgi [None req-77e5743f-a045-42b7-bb9c-3a21b07b33d7 60b2650438d64a4191ad197ca96486b2 9f90088d75af463abd5a2e2fec4d7328 - - default default] 10.0.0.101 "GET /v2.0/ports?device_id=2793a53d-bf19-4b89-90d1-beb326ec6880 HTTP/1.1" status: 200 len: 205 time: 0.0252399
2026-04-28 08:55:39.487 10 WARNING neutron.api.rpc.agentnotifiers.dhcp_rpc_agent_api [None req-d88dc4a2-eca7-4f0e-a02a-203f72c43d20 8b4a338c1a694983999ee2703fbff9cb 7a46301582e34af2bd98cfd1402e698d - - default default] Unable to schedule network 4a5f38cb-4dba-4eec-a0dd-b6f88edf4405: no agents available; will retry on subsequent port and subnet creation events.
2026-04-28 08:55:39.500 10 INFO neutron.wsgi [None req-2267b54f-3152-4da0-a243-eed8fcb42e69 56172e8c90ef45059602b768e6b9d171 fac1150d86bd43b48062b71e86218f90 - - default default] 10.0.0.204 "GET /v2.0/networks HTTP/1.1" status: 200 len: 5173 time: 0.1230018 /var/lib/openstack/lib/python3.10/site-packages/pycadf/identifier.py:71: UserWarning: Invalid uuid: neutron. To ensure interoperability, identifiers should be a valid uuid. warnings.warn(('Invalid uuid: %s. To ensure interoperability, '
2026-04-28 08:55:39.823 10 INFO neutron.db.ovn_revision_numbers_db [None req-d88dc4a2-eca7-4f0e-a02a-203f72c43d20 8b4a338c1a694983999ee2703fbff9cb 7a46301582e34af2bd98cfd1402e698d - - default default] Successfully bumped revision number for resource 4f628e56-f934-4076-8c3f-ab212dc2c94b (type: ports) to 1
2026-04-28 08:55:39.849 10 INFO neutron.wsgi [None req-d88dc4a2-eca7-4f0e-a02a-203f72c43d20 8b4a338c1a694983999ee2703fbff9cb 7a46301582e34af2bd98cfd1402e698d - - default default] 10.0.0.101 "POST /v2.0/ports HTTP/1.1" status: 201 len: 942 time: 0.8534091
2026-04-28 08:55:40.156 9 INFO neutron.wsgi [None req-6094c30d-cdb3-4c0f-bc21-a3d041e5c3cd 8b4a338c1a694983999ee2703fbff9cb 7a46301582e34af2bd98cfd1402e698d - - default default] 10.0.0.101 "POST /v2.0/trunks HTTP/1.1" status: 201 len: 608 time: 0.2967036
2026-04-28 08:55:40.301 10 INFO neutron.db.segments_db [None req-f8fed0b7-99e2-4299-844c-cdae5c100c9b 8b4a338c1a694983999ee2703fbff9cb 7a46301582e34af2bd98cfd1402e698d - - default default] Added segment 8339aeae-b9a4-421a-8d2e-1f4a1c871f4f of type geneve for network 5183b26b-90b9-4e72-a413-3de729125e72
2026-04-28 08:55:40.373 10 INFO neutron.wsgi [None req-4dd03a31-80ba-4069-b8f8-52b0714613f4 60b2650438d64a4191ad197ca96486b2 9f90088d75af463abd5a2e2fec4d7328 - - default default] 10.0.0.101 "DELETE /v2.0/routers/2793a53d-bf19-4b89-90d1-beb326ec6880 HTTP/1.1" status: 204 len: 168 time: 0.8705981
2026-04-28 08:55:40.399 10 INFO neutron.wsgi [None req-c4b3c389-5ab0-4416-b3f6-ce72a44a30dd 60b2650438d64a4191ad197ca96486b2 9f90088d75af463abd5a2e2fec4d7328 - - default default] 10.0.0.101 "GET /v2.0/ports?device_id=2793a53d-bf19-4b89-90d1-beb326ec6880 HTTP/1.1" status: 200 len: 205 time: 0.0201492
2026-04-28 08:55:40.434 9 INFO neutron.api.v2.resource [None req-3030ca87-4733-4984-9846-4312e8bc565c 60b2650438d64a4191ad197ca96486b2 9f90088d75af463abd5a2e2fec4d7328 - - default default] delete failed (client error): The resource could not be found.
2026-04-28 08:55:40.436 9 INFO neutron.wsgi [None req-3030ca87-4733-4984-9846-4312e8bc565c 60b2650438d64a4191ad197ca96486b2 9f90088d75af463abd5a2e2fec4d7328 - - default default] 10.0.0.101 "DELETE /v2.0/routers/2793a53d-bf19-4b89-90d1-beb326ec6880 HTTP/1.1" status: 404 len: 336 time: 0.0321534
2026-04-28 08:55:40.470 10 INFO neutron.wsgi [None req-7ee71151-12f6-481d-8b73-55fa369b03fb 60b2650438d64a4191ad197ca96486b2 9f90088d75af463abd5a2e2fec4d7328 - - default default] 10.0.0.101 "GET /v2.0/ports?device_id=f1895bbc-857f-4c3e-b79c-e265c89cea7e HTTP/1.1" status: 200 len: 205 time: 0.0283709
2026-04-28 08:55:40.493 10 INFO neutron.db.ovn_revision_numbers_db [None req-f8fed0b7-99e2-4299-844c-cdae5c100c9b 8b4a338c1a694983999ee2703fbff9cb 7a46301582e34af2bd98cfd1402e698d - - default default] Successfully bumped revision number for resource 5183b26b-90b9-4e72-a413-3de729125e72 (type: networks) to 1
2026-04-28 08:55:40.495 10 INFO neutron.api.v2.resource [None req-7523e262-3bfb-4a57-a8ef-8162ec5a0951 60b2650438d64a4191ad197ca96486b2 9f90088d75af463abd5a2e2fec4d7328 - - default default] delete failed (client error): The resource could not be found.
2026-04-28 08:55:40.496 10 INFO neutron.wsgi [None req-7523e262-3bfb-4a57-a8ef-8162ec5a0951 60b2650438d64a4191ad197ca96486b2 9f90088d75af463abd5a2e2fec4d7328 - - default default] 10.0.0.101 "DELETE /v2.0/routers/f1895bbc-857f-4c3e-b79c-e265c89cea7e HTTP/1.1" status: 404 len: 336 time: 0.0211952
2026-04-28 08:55:40.524 9 INFO neutron.pecan_wsgi.hooks.translation [None req-4f2a2a35-673b-4942-843e-74ca2601fb0f 60b2650438d64a4191ad197ca96486b2 9f90088d75af463abd5a2e2fec4d7328 - - default default] DELETE failed (client error): The resource could not be found.
2026-04-28 08:55:40.526 9 INFO neutron.wsgi [None req-4f2a2a35-673b-4942-843e-74ca2601fb0f 60b2650438d64a4191ad197ca96486b2 9f90088d75af463abd5a2e2fec4d7328 - - default default] 10.0.0.101 "DELETE /v2.0/subnets/37ea898f-4d5a-4567-9d2e-42d8e138792e HTTP/1.1" status: 404 len: 337 time: 0.0249710
2026-04-28 08:55:40.553 9 INFO neutron.wsgi [None req-5f7292a6-39dd-4536-8d3b-13ec51c07b4f 60b2650438d64a4191ad197ca96486b2 9f90088d75af463abd5a2e2fec4d7328 - - default default] 10.0.0.101 "GET /v2.0/ports?device_id=3c8ccfdf-cd20-4b8a-bc7c-d7c6e813ade9 HTTP/1.1" status: 200 len: 205 time: 0.0224404
2026-04-28 08:55:40.581 9 INFO neutron.api.v2.resource [None req-78cd464f-2ca4-4e7a-8cba-8eaaf1463743 60b2650438d64a4191ad197ca96486b2 9f90088d75af463abd5a2e2fec4d7328 - - default default] delete failed (client error): The resource could not be found.
2026-04-28 08:55:40.583 9 INFO neutron.wsgi [None req-78cd464f-2ca4-4e7a-8cba-8eaaf1463743 60b2650438d64a4191ad197ca96486b2 9f90088d75af463abd5a2e2fec4d7328 - - default default] 10.0.0.101 "DELETE /v2.0/routers/3c8ccfdf-cd20-4b8a-bc7c-d7c6e813ade9 HTTP/1.1" status: 404 len: 336 time: 0.0250633
2026-04-28 08:55:40.604 10 INFO neutron.pecan_wsgi.hooks.translation [None req-b9d640af-d99a-4286-b596-e294e1755c6f 60b2650438d64a4191ad197ca96486b2 9f90088d75af463abd5a2e2fec4d7328 - - default default] DELETE failed (client error): The resource could not be found.
2026-04-28 08:55:40.606 10 INFO neutron.wsgi [None req-b9d640af-d99a-4286-b596-e294e1755c6f 60b2650438d64a4191ad197ca96486b2 9f90088d75af463abd5a2e2fec4d7328 - - default default] 10.0.0.101 "DELETE /v2.0/subnets/477a60e1-895a-4717-95fd-bcce6cc3d81b HTTP/1.1" status: 404 len: 337 time: 0.0184441
2026-04-28 08:55:40.628 10 INFO neutron.wsgi [None req-2486d4a8-84c3-4971-9b64-e9f3cfa73f2b 60b2650438d64a4191ad197ca96486b2 9f90088d75af463abd5a2e2fec4d7328 - - default default] 10.0.0.101 "GET /v2.0/ports?device_id=dca3df36-fd70-40a4-b13e-3f23daaf3cab HTTP/1.1" status: 200 len: 205 time: 0.0176024
2026-04-28 08:55:40.660 9 INFO neutron.api.v2.resource [None req-1a35985a-9040-4729-8f33-b4198723f8b7 60b2650438d64a4191ad197ca96486b2 9f90088d75af463abd5a2e2fec4d7328 - - default default] delete failed (client error): The resource could not be found.
2026-04-28 08:55:40.662 9 INFO neutron.wsgi [None req-1a35985a-9040-4729-8f33-b4198723f8b7 60b2650438d64a4191ad197ca96486b2 9f90088d75af463abd5a2e2fec4d7328 - - default default] 10.0.0.101 "DELETE /v2.0/routers/dca3df36-fd70-40a4-b13e-3f23daaf3cab HTTP/1.1" status: 404 len: 336 time: 0.0277030
2026-04-28 08:55:40.678 10 WARNING neutron.scheduler.dhcp_agent_scheduler [None req-f8fed0b7-99e2-4299-844c-cdae5c100c9b 8b4a338c1a694983999ee2703fbff9cb 7a46301582e34af2bd98cfd1402e698d - - default default] No more DHCP agents
2026-04-28 08:55:40.680 10 WARNING neutron.api.rpc.agentnotifiers.dhcp_rpc_agent_api [None req-f8fed0b7-99e2-4299-844c-cdae5c100c9b 8b4a338c1a694983999ee2703fbff9cb 7a46301582e34af2bd98cfd1402e698d - - default default] Unable to schedule network 5183b26b-90b9-4e72-a413-3de729125e72: no agents available; will retry on subsequent port and subnet creation events.
2026-04-28 08:55:40.693 9 INFO neutron.pecan_wsgi.hooks.translation [None req-e5f34df3-090e-4cab-912f-565885ec38ac 60b2650438d64a4191ad197ca96486b2 9f90088d75af463abd5a2e2fec4d7328 - - default default] DELETE failed (client error): The resource could not be found.
2026-04-28 08:55:40.696 9 INFO neutron.wsgi [None req-e5f34df3-090e-4cab-912f-565885ec38ac 60b2650438d64a4191ad197ca96486b2 9f90088d75af463abd5a2e2fec4d7328 - - default default] 10.0.0.101 "DELETE /v2.0/subnets/1909c688-cd0c-4284-b4ee-74c55fd5f05f HTTP/1.1" status: 404 len: 337 time: 0.0300295
2026-04-28 08:55:40.718 9 INFO neutron.pecan_wsgi.hooks.translation [None req-94fffed5-6c83-4afc-b610-554d2a01cdbd 60b2650438d64a4191ad197ca96486b2 9f90088d75af463abd5a2e2fec4d7328 - - default default] DELETE failed (client error): The resource could not be found.
2026-04-28 08:55:40.721 9 INFO neutron.wsgi [None req-94fffed5-6c83-4afc-b610-554d2a01cdbd 60b2650438d64a4191ad197ca96486b2 9f90088d75af463abd5a2e2fec4d7328 - - default default] 10.0.0.101 "DELETE /v2.0/subnets/0553407c-317e-4aaf-9bd2-acf8ea5e24a0 HTTP/1.1" status: 404 len: 337 time: 0.0193794
2026-04-28 08:55:40.773 10 INFO neutron.db.ovn_revision_numbers_db [None req-f8fed0b7-99e2-4299-844c-cdae5c100c9b 8b4a338c1a694983999ee2703fbff9cb 7a46301582e34af2bd98cfd1402e698d - - default default] Successfully bumped revision number for resource 772a9b49-3be8-406d-a1d9-12127e230a33 (type: ports) to 1
2026-04-28 08:55:40.802 10 INFO neutron.wsgi [None req-f8fed0b7-99e2-4299-844c-cdae5c100c9b 8b4a338c1a694983999ee2703fbff9cb 7a46301582e34af2bd98cfd1402e698d - - default default] 10.0.0.101 "POST /v2.0/networks HTTP/1.1" status: 201 len: 830 time: 0.6412060
2026-04-28 08:55:41.099 10 WARNING neutron.scheduler.dhcp_agent_scheduler [None req-c08e2942-fdba-4f26-8cec-ddfb1d9dc65e 8b4a338c1a694983999ee2703fbff9cb 7a46301582e34af2bd98cfd1402e698d - - default default] No more DHCP agents
2026-04-28 08:55:41.103 10 WARNING neutron.api.rpc.agentnotifiers.dhcp_rpc_agent_api [None req-c08e2942-fdba-4f26-8cec-ddfb1d9dc65e 8b4a338c1a694983999ee2703fbff9cb 7a46301582e34af2bd98cfd1402e698d - - default default] Unable to schedule network 5183b26b-90b9-4e72-a413-3de729125e72: no agents available; will retry on subsequent port and subnet creation events.
2026-04-28 08:55:41.218 10 INFO neutron.db.ovn_revision_numbers_db [None req-c08e2942-fdba-4f26-8cec-ddfb1d9dc65e 8b4a338c1a694983999ee2703fbff9cb 7a46301582e34af2bd98cfd1402e698d - - default default] Successfully bumped revision number for resource a7cda19d-bf14-4699-bdfc-44d937bf74e0 (type: ports) to 1
2026-04-28 08:55:41.250 10 INFO neutron.wsgi [None req-c08e2942-fdba-4f26-8cec-ddfb1d9dc65e 8b4a338c1a694983999ee2703fbff9cb 7a46301582e34af2bd98cfd1402e698d - - default default] 10.0.0.101 "POST /v2.0/ports HTTP/1.1" status: 201 len: 942 time: 0.4418302
2026-04-28 08:55:41.294 9 INFO neutron.db.ovn_revision_numbers_db [None req-8928c59b-69d1-49a1-be48-8ee232234a0b 56172e8c90ef45059602b768e6b9d171 fac1150d86bd43b48062b71e86218f90 - - default default] Successfully bumped revision number for resource 594aa826-c76d-4df3-9c98-0ccc8861785e (type: security_groups) to 1 /var/lib/openstack/lib/python3.10/site-packages/pycadf/identifier.py:71: UserWarning: Invalid uuid: neutron. To ensure interoperability, identifiers should be a valid uuid. warnings.warn(('Invalid uuid: %s. To ensure interoperability, '
2026-04-28 08:55:41.323 9 INFO neutron.db.ovn_revision_numbers_db [None req-8928c59b-69d1-49a1-be48-8ee232234a0b 56172e8c90ef45059602b768e6b9d171 fac1150d86bd43b48062b71e86218f90 - - default default] Successfully bumped revision number for resource 2403beb6-e9c1-421e-b197-3bd39f46074a (type: security_group_rules) to 0
2026-04-28 08:55:41.347 10 INFO neutron.wsgi [None req-c0213432-1e09-4684-ac57-1fcd96256a1b 56172e8c90ef45059602b768e6b9d171 fac1150d86bd43b48062b71e86218f90 - - default default] 10.0.0.101 "GET /v2.0/security-groups?tenant_id=9f90088d75af463abd5a2e2fec4d7328&name=default HTTP/1.1" status: 200 len: 2996 time: 0.1036558
2026-04-28 08:55:41.353 9 INFO neutron.db.ovn_revision_numbers_db [None req-8928c59b-69d1-49a1-be48-8ee232234a0b 56172e8c90ef45059602b768e6b9d171 fac1150d86bd43b48062b71e86218f90 - - default default] Successfully bumped revision number for resource 39a129d0-bd84-4009-8e20-bb14b3e12291 (type: security_group_rules) to 0
2026-04-28 08:55:41.377 9 INFO neutron.db.ovn_revision_numbers_db [None req-c5226bb4-9b5f-4d78-a5f5-467d98c1bbce f0c0232fb17e433fbbb19520387c1862 a3185369c3fc4d8aa72efbf228db55ce - - default default] Successfully bumped revision number for resource f7a2f17d-dc78-48d7-b03c-199fab784000 (type: security_groups) to 1
2026-04-28 08:55:41.378 9 INFO neutron.db.ovn_revision_numbers_db [None req-8928c59b-69d1-49a1-be48-8ee232234a0b 56172e8c90ef45059602b768e6b9d171 fac1150d86bd43b48062b71e86218f90 - - default default] Successfully bumped revision number for resource 869e77f3-7ab6-4e83-bbc4-fa585b8691ca (type: security_group_rules) to 0
2026-04-28 08:55:41.405 9 INFO neutron.db.ovn_revision_numbers_db [None req-8928c59b-69d1-49a1-be48-8ee232234a0b 56172e8c90ef45059602b768e6b9d171 fac1150d86bd43b48062b71e86218f90 - - default default] Successfully bumped revision number for resource ef0d2877-35de-4f6c-a154-53d8160e09cc (type: security_group_rules) to 0
2026-04-28 08:55:41.410 9 INFO neutron.db.ovn_revision_numbers_db [None req-c5226bb4-9b5f-4d78-a5f5-467d98c1bbce f0c0232fb17e433fbbb19520387c1862 a3185369c3fc4d8aa72efbf228db55ce - - default default] Successfully bumped revision number for resource 30deaff5-437a-4a03-8e6d-7a545e495861 (type: security_group_rules) to 0
2026-04-28 08:55:41.436 9 INFO neutron.wsgi [None req-8928c59b-69d1-49a1-be48-8ee232234a0b 56172e8c90ef45059602b768e6b9d171 fac1150d86bd43b48062b71e86218f90 - - default default] 10.0.0.101 "GET /v2.0/security-groups?tenant_id=349d8b0f9be54101aa4074c6b4605d90&name=default HTTP/1.1" status: 200 len: 2996 time: 0.5237746
2026-04-28 08:55:41.453 9 INFO neutron.db.ovn_revision_numbers_db [None req-c5226bb4-9b5f-4d78-a5f5-467d98c1bbce f0c0232fb17e433fbbb19520387c1862 a3185369c3fc4d8aa72efbf228db55ce - - default default] Successfully bumped revision number for resource 41f74aa9-ef60-458c-8076-fd5af2ad2abf (type: security_group_rules) to 0
2026-04-28 08:55:41.473 9 INFO neutron.db.ovn_revision_numbers_db [None req-c5226bb4-9b5f-4d78-a5f5-467d98c1bbce f0c0232fb17e433fbbb19520387c1862 a3185369c3fc4d8aa72efbf228db55ce - - default default] Successfully bumped revision number for resource 4a44d416-2f16-4b8a-818f-4fd85cf5c8f7 (type: security_group_rules) to 0
2026-04-28 08:55:41.489 9 INFO neutron.db.ovn_revision_numbers_db [None req-c5226bb4-9b5f-4d78-a5f5-467d98c1bbce f0c0232fb17e433fbbb19520387c1862 a3185369c3fc4d8aa72efbf228db55ce - - default default] Successfully bumped revision number for resource aec8fc1a-d994-451a-ab96-9d2c9d669532 (type: security_group_rules) to 0
2026-04-28 08:55:41.531 9 INFO neutron.wsgi [None req-05af2b41-2cf7-4048-9142-0ffa4c939171 8b4a338c1a694983999ee2703fbff9cb 7a46301582e34af2bd98cfd1402e698d - - default default] 10.0.0.101 "POST /v2.0/trunks HTTP/1.1" status: 201 len: 608 time: 0.2740340
2026-04-28 08:55:41.567 10 INFO neutron.wsgi [None req-0557d1a9-169f-45f6-a186-d2960dc15864 8b4a338c1a694983999ee2703fbff9cb 7a46301582e34af2bd98cfd1402e698d - - default default] 10.0.0.101 "PUT /v2.0/trunks/7d3cd5aa-851b-417b-95ec-0ecf68ed7b01/tags HTTP/1.1" status: 200 len: 210 time: 0.0305805
2026-04-28 08:55:41.584 9 INFO neutron.db.ovn_revision_numbers_db [None req-c5226bb4-9b5f-4d78-a5f5-467d98c1bbce f0c0232fb17e433fbbb19520387c1862 a3185369c3fc4d8aa72efbf228db55ce - - default default] Successfully bumped revision number for resource c4ed6e4a-bad8-4a1e-bc30-ccd78f3710bf (type: security_groups) to 1
2026-04-28 08:55:41.600 9 INFO neutron.db.ovn_revision_numbers_db [None req-c5226bb4-9b5f-4d78-a5f5-467d98c1bbce f0c0232fb17e433fbbb19520387c1862 a3185369c3fc4d8aa72efbf228db55ce - - default default] Successfully bumped revision number for resource 0019bb09-601b-416b-8002-45174ff2d90d (type: security_group_rules) to 0
2026-04-28 08:55:41.612 10 INFO neutron.wsgi [None req-85927122-7886-43d7-922a-fc1844c376a8 56172e8c90ef45059602b768e6b9d171 fac1150d86bd43b48062b71e86218f90 - - default default] 10.0.0.101 "DELETE /v2.0/security-groups/414c1783-ac16-417c-8691-a1b4eafc1fa3 HTTP/1.1" status: 204 len: 168 time: 0.2609684
2026-04-28 08:55:41.614 9 INFO neutron.db.ovn_revision_numbers_db [None req-c5226bb4-9b5f-4d78-a5f5-467d98c1bbce f0c0232fb17e433fbbb19520387c1862 a3185369c3fc4d8aa72efbf228db55ce - - default default] Successfully bumped revision number for resource b013d0d1-6b35-47f3-beb0-d2c77dd1d6eb (type: security_group_rules) to 0
2026-04-28 08:55:41.619 10 INFO neutron.wsgi [None req-baf13828-4dff-42d0-9fdf-efe99efe4933 8b4a338c1a694983999ee2703fbff9cb 7a46301582e34af2bd98cfd1402e698d - - default default] 10.0.0.101 "PUT /v2.0/trunks/54afdc9e-d3a1-4c42-9dc7-f8645daa0aad/tags HTTP/1.1" status: 200 len: 218 time: 0.0471604
2026-04-28 08:55:41.633 9 INFO neutron.wsgi [None req-c5226bb4-9b5f-4d78-a5f5-467d98c1bbce f0c0232fb17e433fbbb19520387c1862 a3185369c3fc4d8aa72efbf228db55ce - - default default] 10.0.0.101 "POST /v2.0/security-groups HTTP/1.1" status: 201 len: 1760 time: 0.5913174
2026-04-28 08:55:41.644 10 WARNING neutron.plugins.ml2.drivers.ovn.mech_driver.ovsdb.ovn_client [None req-f510634f-91cc-4364-8747-c1e950e212a6 - - - - - -] No port found with ID 496b4e48-2a99-48cc-a968-a395ef7c60b2: RuntimeError: No port found with ID 496b4e48-2a99-48cc-a968-a395ef7c60b2
2026-04-28 08:55:41.673 9 INFO neutron.wsgi [None req-311b93c1-de84-4b7f-a5cf-c4f74f5f91c5 8b4a338c1a694983999ee2703fbff9cb 7a46301582e34af2bd98cfd1402e698d - - default default] 10.0.0.101 "PUT /v2.0/trunks/cb9d7070-3d46-4503-9c2c-3ca396d175eb/tags HTTP/1.1" status: 200 len: 227 time: 0.0364969
2026-04-28 08:55:41.697 9 INFO neutron.wsgi [None req-34472d0b-e3e9-44c9-a43f-98ed0487a63c f0c0232fb17e433fbbb19520387c1862 a3185369c3fc4d8aa72efbf228db55ce - - default default] 10.0.0.101 "GET /v2.0/security-groups HTTP/1.1" status: 200 len: 4538 time: 0.0562205
2026-04-28 08:55:41.709 9 INFO neutron.wsgi [None req-3dda4f8e-edb1-4aeb-9b51-5dca2f438b25 8b4a338c1a694983999ee2703fbff9cb 7a46301582e34af2bd98cfd1402e698d - - default default] 10.0.0.101 "PUT /v2.0/trunks/acb750d9-7977-4ecd-96a8-dbee9d5d6a0c/tags HTTP/1.1" status: 200 len: 212 time: 0.0301874
2026-04-28 08:55:41.738 9 INFO neutron.wsgi [None req-c8b0529b-4b36-495f-aeef-13a7d2c8657c 8b4a338c1a694983999ee2703fbff9cb 7a46301582e34af2bd98cfd1402e698d - - default default] 10.0.0.101 "GET /v2.0/trunks?tags=red HTTP/1.1" status: 200 len: 1447 time: 0.0228875
2026-04-28 08:55:41.746 10 INFO neutron.wsgi [None req-389165eb-646b-41fd-9d96-5bef3a380cf7 56172e8c90ef45059602b768e6b9d171 fac1150d86bd43b48062b71e86218f90 - - default default] 10.0.0.101 "DELETE /v2.0/security-groups/594aa826-c76d-4df3-9c98-0ccc8861785e HTTP/1.1" status: 204 len: 168 time: 0.3047118
2026-04-28 08:55:41.765 9 INFO neutron.wsgi [None req-f6089e58-61ca-43a4-82f3-5233946ea459 8b4a338c1a694983999ee2703fbff9cb 7a46301582e34af2bd98cfd1402e698d - - default default] 10.0.0.101 "GET /v2.0/trunks?tags=red%2Cblue HTTP/1.1" status: 200 len: 1041 time: 0.0217490
2026-04-28 08:55:41.791 9 INFO neutron.wsgi [None req-a016cb62-135b-4568-9a5c-97ca428223cc 8b4a338c1a694983999ee2703fbff9cb 7a46301582e34af2bd98cfd1402e698d - - default default] 10.0.0.101 "GET /v2.0/trunks?tags-any=blue HTTP/1.1" status: 200 len: 1041 time: 0.0204885
2026-04-28 08:55:41.811 10 INFO neutron.db.ovn_revision_numbers_db [None req-2b020a78-6427-45d7-979c-955d82115334 f0c0232fb17e433fbbb19520387c1862 a3185369c3fc4d8aa72efbf228db55ce - - default default] Successfully bumped revision number for resource c4ed6e4a-bad8-4a1e-bc30-ccd78f3710bf (type: security_groups) to 2
2026-04-28 08:55:41.816 10 INFO neutron.wsgi [None req-2b020a78-6427-45d7-979c-955d82115334 f0c0232fb17e433fbbb19520387c1862 a3185369c3fc4d8aa72efbf228db55ce - - default default] 10.0.0.101 "PUT /v2.0/security-groups/c4ed6e4a-bad8-4a1e-bc30-ccd78f3710bf HTTP/1.1" status: 200 len: 1794 time: 0.1123097
2026-04-28 08:55:41.820 9 INFO neutron.wsgi [None req-db7faf79-6e06-4f39-a289-8ac3428c2755 8b4a338c1a694983999ee2703fbff9cb 7a46301582e34af2bd98cfd1402e698d - - default default] 10.0.0.101 "GET /v2.0/trunks?tags-any=red%2Cblue HTTP/1.1" status: 200 len: 1447 time: 0.0230336
2026-04-28 08:55:41.851 9 INFO neutron.wsgi [None req-4c4d083c-66f9-4cd6-901e-d1430efab303 8b4a338c1a694983999ee2703fbff9cb 7a46301582e34af2bd98cfd1402e698d - - default default] 10.0.0.101 "GET /v2.0/trunks?not-tags=red HTTP/1.1" status: 200 len: 1013 time: 0.0266232
2026-04-28 08:55:41.852 10 INFO neutron.wsgi [None req-b38f21f5-a7ec-4c49-a8c1-8fdc914cfd31 f0c0232fb17e433fbbb19520387c1862 a3185369c3fc4d8aa72efbf228db55ce - - default default] 10.0.0.101 "GET /v2.0/security-groups/c4ed6e4a-bad8-4a1e-bc30-ccd78f3710bf HTTP/1.1" status: 200 len: 1794 time: 0.0319121
2026-04-28 08:55:41.887 9 INFO neutron.wsgi [None req-4f5ea63f-f0f7-488f-b685-937ef9385042 8b4a338c1a694983999ee2703fbff9cb 7a46301582e34af2bd98cfd1402e698d - - default default] 10.0.0.101 "GET /v2.0/trunks?not-tags=red%2Cblue HTTP/1.1" status: 200 len: 1419 time: 0.0285275
2026-04-28 08:55:41.920 10 INFO neutron.wsgi [None req-2d788f95-726b-4f6e-80cd-41509c15558b 8b4a338c1a694983999ee2703fbff9cb 7a46301582e34af2bd98cfd1402e698d - - default default] 10.0.0.101 "GET /v2.0/trunks?not-tags-any=blue HTTP/1.1" status: 200 len: 1419 time: 0.0293400
2026-04-28 08:55:41.952 9 INFO neutron.wsgi [None req-57738dad-5a03-45cd-a559-8df06ac774be 8b4a338c1a694983999ee2703fbff9cb 7a46301582e34af2bd98cfd1402e698d - - default default] 10.0.0.101 "GET /v2.0/trunks?not-tags-any=red%2Cblue HTTP/1.1" status: 200 len: 1013 time: 0.0247519
2026-04-28 08:55:41.985 10 INFO neutron.wsgi [None req-1c61fc31-3bc8-485d-9822-77ae198b0327 f0c0232fb17e433fbbb19520387c1862 a3185369c3fc4d8aa72efbf228db55ce - - default default] 10.0.0.101 "DELETE /v2.0/security-groups/c4ed6e4a-bad8-4a1e-bc30-ccd78f3710bf HTTP/1.1" status: 204 len: 168 time: 0.1282170
2026-04-28 08:55:41.989 9 INFO neutron.wsgi [None req-0b2dc415-bf03-4c01-ac99-98c7226dee82 8b4a338c1a694983999ee2703fbff9cb 7a46301582e34af2bd98cfd1402e698d - - default default] 10.0.0.101 "GET /v2.0/trunks/7d3cd5aa-851b-417b-95ec-0ecf68ed7b01 HTTP/1.1" status: 200 len: 608 time: 0.0246270
2026-04-28 08:55:42.037 10 INFO neutron.wsgi [None req-8a5920d1-0f2b-4a40-974b-64a4636b09ce f0c0232fb17e433fbbb19520387c1862 a3185369c3fc4d8aa72efbf228db55ce - - default default] 10.0.0.101 "GET /v2.0/security-groups HTTP/1.1" status: 200 len: 2996 time: 0.0459228
2026-04-28 08:55:42.052 10 INFO neutron.api.v2.resource [None req-0b0c7e76-4d85-44ba-bc34-1b96289d0765 f0c0232fb17e433fbbb19520387c1862 a3185369c3fc4d8aa72efbf228db55ce - - default default] delete failed (client error): The resource could not be found.
2026-04-28 08:55:42.054 10 INFO neutron.wsgi [None req-0b0c7e76-4d85-44ba-bc34-1b96289d0765 f0c0232fb17e433fbbb19520387c1862 a3185369c3fc4d8aa72efbf228db55ce - - default default] 10.0.0.101 "DELETE /v2.0/security-groups/c4ed6e4a-bad8-4a1e-bc30-ccd78f3710bf HTTP/1.1" status: 404 len: 347 time: 0.0113764
2026-04-28 08:55:42.106 9 INFO neutron.wsgi [None req-5b258046-f7ba-479c-baf2-48b8eea9221b 8b4a338c1a694983999ee2703fbff9cb 7a46301582e34af2bd98cfd1402e698d - - default default] 10.0.0.101 "GET /v2.0/ports/1def8737-a61f-4441-ad38-bf71fc72d920 HTTP/1.1" status: 200 len: 1020 time: 0.1108479
2026-04-28 08:55:42.117 9 INFO neutron.db.ovn_revision_numbers_db [None req-e54aeca4-a77f-45dd-b0c1-ba77c572e4de 56172e8c90ef45059602b768e6b9d171 fac1150d86bd43b48062b71e86218f90 - - default default] Successfully bumped revision number for resource b5400035-e5b7-46b1-9dfb-0e6740c2247a (type: security_groups) to 1
2026-04-28 08:55:42.139 9 INFO neutron.db.ovn_revision_numbers_db [None req-e54aeca4-a77f-45dd-b0c1-ba77c572e4de 56172e8c90ef45059602b768e6b9d171 fac1150d86bd43b48062b71e86218f90 - - default default] Successfully bumped revision number for resource 66c15ba4-d40c-41d7-bbdd-917b9ab0a741 (type: security_group_rules) to 0
2026-04-28 08:55:42.159 9 INFO neutron.db.ovn_revision_numbers_db [None req-e54aeca4-a77f-45dd-b0c1-ba77c572e4de 56172e8c90ef45059602b768e6b9d171 fac1150d86bd43b48062b71e86218f90 - - default default] Successfully bumped revision number for resource 6f9b5abf-b69d-4f53-8300-0a0e44bc7f6f (type: security_group_rules) to 0
2026-04-28 08:55:42.179 9 INFO neutron.db.ovn_revision_numbers_db [None req-e54aeca4-a77f-45dd-b0c1-ba77c572e4de 56172e8c90ef45059602b768e6b9d171 fac1150d86bd43b48062b71e86218f90 - - default default] Successfully bumped revision number for resource a2ce23ed-2f0e-4189-914b-aa8cfc9d4f05 (type: security_group_rules) to 0
2026-04-28 08:55:42.190 10 INFO neutron.db.ovn_revision_numbers_db [None req-9f4da684-b551-4cbf-97c6-5da30ad7fca3 f0c0232fb17e433fbbb19520387c1862 a3185369c3fc4d8aa72efbf228db55ce - - default default] Successfully bumped revision number for resource d54fe51c-6fc3-4873-8259-ce00ad95dc41 (type: security_groups) to 1
2026-04-28 08:55:42.197 9 INFO neutron.db.ovn_revision_numbers_db [None req-e54aeca4-a77f-45dd-b0c1-ba77c572e4de 56172e8c90ef45059602b768e6b9d171 fac1150d86bd43b48062b71e86218f90 - - default default] Successfully bumped revision number for resource eaea6211-ba70-4577-90a6-fc9b41346132 (type: security_group_rules) to 0
2026-04-28 08:55:42.203 10 INFO neutron.db.ovn_revision_numbers_db [None req-9f4da684-b551-4cbf-97c6-5da30ad7fca3 f0c0232fb17e433fbbb19520387c1862 a3185369c3fc4d8aa72efbf228db55ce - - default default] Successfully bumped revision number for resource bd45439d-930a-4556-ac06-154502fdd961 (type: security_group_rules) to 0
2026-04-28 08:55:42.204 9 INFO neutron.wsgi [None req-edd4936d-22d8-4490-a0d3-33b162196dfb 8b4a338c1a694983999ee2703fbff9cb 7a46301582e34af2bd98cfd1402e698d - - default default] 10.0.0.101 "DELETE /v2.0/trunks/7d3cd5aa-851b-417b-95ec-0ecf68ed7b01 HTTP/1.1" status: 204 len: 168 time: 0.0917878
2026-04-28 08:55:42.221 10 INFO neutron.db.ovn_revision_numbers_db [None req-9f4da684-b551-4cbf-97c6-5da30ad7fca3 f0c0232fb17e433fbbb19520387c1862 a3185369c3fc4d8aa72efbf228db55ce - - default default] Successfully bumped revision number for resource dbeced05-fdd9-47a5-89ef-b831324d01af (type: security_group_rules) to 0
2026-04-28 08:55:42.231 9 INFO neutron.wsgi [None req-e54aeca4-a77f-45dd-b0c1-ba77c572e4de 56172e8c90ef45059602b768e6b9d171 fac1150d86bd43b48062b71e86218f90 - - default default] 10.0.0.101 "GET /v2.0/security-groups?tenant_id=91cf5b7057594019afbcc65613b9e6f2&name=default HTTP/1.1" status: 200 len: 2996 time: 0.3322394
2026-04-28 08:55:42.234 9 INFO neutron.wsgi [None req-710126f2-cd69-4275-9b79-fc5b6cd257af 8b4a338c1a694983999ee2703fbff9cb 7a46301582e34af2bd98cfd1402e698d - - default default] 10.0.0.101 "GET /v2.0/trunks/54afdc9e-d3a1-4c42-9dc7-f8645daa0aad HTTP/1.1" status: 200 len: 616 time: 0.0233419
2026-04-28 08:55:42.274 10 INFO neutron.wsgi [None req-9f4da684-b551-4cbf-97c6-5da30ad7fca3 f0c0232fb17e433fbbb19520387c1862 a3185369c3fc4d8aa72efbf228db55ce - - default default] 10.0.0.101 "POST /v2.0/security-groups HTTP/1.1" status: 201 len: 1761 time: 0.2141681
2026-04-28 08:55:42.348 9 INFO neutron.wsgi [None req-05ac9c66-f1b3-43d6-9020-f78bc032a81b 8b4a338c1a694983999ee2703fbff9cb 7a46301582e34af2bd98cfd1402e698d - - default default] 10.0.0.101 "GET /v2.0/ports/df7a14e2-0bc2-4d6c-8e28-32503b262a7b HTTP/1.1" status: 200 len: 1020 time: 0.1079013
2026-04-28 08:55:42.455 9 INFO neutron.wsgi [None req-a868009b-ad3d-48aa-a9c6-febbf2742b9d 8b4a338c1a694983999ee2703fbff9cb 7a46301582e34af2bd98cfd1402e698d - - default default] 10.0.0.101 "DELETE /v2.0/trunks/54afdc9e-d3a1-4c42-9dc7-f8645daa0aad HTTP/1.1" status: 204 len: 168 time: 0.1007082
2026-04-28 08:55:42.480 10 INFO neutron.wsgi [None req-b3076509-3cd2-4052-902d-224d7168ab9a 56172e8c90ef45059602b768e6b9d171 fac1150d86bd43b48062b71e86218f90 - - default default] 10.0.0.101 "DELETE /v2.0/security-groups/b5400035-e5b7-46b1-9dfb-0e6740c2247a HTTP/1.1" status: 204 len: 168 time: 0.2320673
2026-04-28 08:55:42.480 9 INFO neutron.wsgi [None req-660da985-4841-45ec-9d44-cea57cf9372b 8b4a338c1a694983999ee2703fbff9cb 7a46301582e34af2bd98cfd1402e698d - - default default] 10.0.0.101 "GET /v2.0/trunks/cb9d7070-3d46-4503-9c2c-3ca396d175eb HTTP/1.1" status: 200 len: 625 time: 0.0205379
2026-04-28 08:55:42.481 9 INFO neutron.db.ovn_revision_numbers_db [None req-7b21171f-9dd0-4fa6-a4e5-5e48afe3b950 f0c0232fb17e433fbbb19520387c1862 a3185369c3fc4d8aa72efbf228db55ce - - default default] Successfully bumped revision number for resource 90d4eb38-4f8e-4900-a3cc-6fa181c63c7f (type: security_group_rules) to 0
2026-04-28 08:55:42.506 9 INFO neutron.wsgi [None req-7b21171f-9dd0-4fa6-a4e5-5e48afe3b950 f0c0232fb17e433fbbb19520387c1862 a3185369c3fc4d8aa72efbf228db55ce - - default default] 10.0.0.101 "POST /v2.0/security-group-rules HTTP/1.1" status: 201 len: 768 time: 0.2265944
2026-04-28 08:55:42.528 9 INFO neutron.wsgi [None req-fdb2561c-ad8f-4b7d-adc1-2ce11b54bff5 f0c0232fb17e433fbbb19520387c1862 a3185369c3fc4d8aa72efbf228db55ce - - default default] 10.0.0.101 "GET /v2.0/security-group-rules/90d4eb38-4f8e-4900-a3cc-6fa181c63c7f HTTP/1.1" status: 200 len: 763 time: 0.0172055
2026-04-28 08:55:42.582 10 INFO neutron.wsgi [None req-f848bd2f-5dad-4771-bf19-9a154d821f6a 8b4a338c1a694983999ee2703fbff9cb 7a46301582e34af2bd98cfd1402e698d - - default default] 10.0.0.101 "GET /v2.0/ports/e060db3f-2f2b-4a16-a11a-33f22d33366b HTTP/1.1" status: 200 len: 1020 time: 0.0983591
2026-04-28 08:55:42.601 10 INFO neutron.wsgi [None req-cd12954f-53ec-44d3-9d54-36826a5342a2 f0c0232fb17e433fbbb19520387c1862 a3185369c3fc4d8aa72efbf228db55ce - - default default] 10.0.0.101 "GET /v2.0/security-group-rules HTTP/1.1" status: 200 len: 4113 time: 0.0670788
2026-04-28 08:55:42.681 10 INFO neutron.wsgi [None req-d7de3211-48e7-407a-82d9-46625afd755a 8b4a338c1a694983999ee2703fbff9cb 7a46301582e34af2bd98cfd1402e698d - - default default] 10.0.0.101 "DELETE /v2.0/trunks/cb9d7070-3d46-4503-9c2c-3ca396d175eb HTTP/1.1" status: 204 len: 168 time: 0.0911536
2026-04-28 08:55:42.711 10 INFO neutron.wsgi [None req-0df1dfa8-d3aa-499e-ac07-2f1c34e65008 8b4a338c1a694983999ee2703fbff9cb 7a46301582e34af2bd98cfd1402e698d - - default default] 10.0.0.101 "GET /v2.0/trunks/acb750d9-7977-4ecd-96a8-dbee9d5d6a0c HTTP/1.1" status: 200 len: 610 time: 0.0210536
2026-04-28 08:55:42.752 10 INFO neutron.wsgi [None req-2ad4fc71-dfcf-4488-a44a-e342da2cdef7 f0c0232fb17e433fbbb19520387c1862 a3185369c3fc4d8aa72efbf228db55ce - - default default] 10.0.0.101 "DELETE /v2.0/security-group-rules/90d4eb38-4f8e-4900-a3cc-6fa181c63c7f HTTP/1.1" status: 204 len: 168 time: 0.1442499
2026-04-28 08:55:42.800 10 INFO neutron.wsgi [None req-527c4543-e068-48a9-8843-c49e55a93a86 f0c0232fb17e433fbbb19520387c1862 a3185369c3fc4d8aa72efbf228db55ce - - default default] 10.0.0.101 "GET /v2.0/security-group-rules HTTP/1.1" status: 200 len: 3567 time: 0.0431430
2026-04-28 08:55:42.815 9 INFO neutron.wsgi [None req-5c37b697-a375-4820-9278-78b9854930bb 8b4a338c1a694983999ee2703fbff9cb 7a46301582e34af2bd98cfd1402e698d - - default default] 10.0.0.101 "GET /v2.0/ports/4f628e56-f934-4076-8c3f-ab212dc2c94b HTTP/1.1" status: 200 len: 1020 time: 0.0984566
2026-04-28 08:55:42.897 9 INFO neutron.wsgi [None req-2bf2c7fd-318a-48eb-bb37-58617a0a3493 8b4a338c1a694983999ee2703fbff9cb 7a46301582e34af2bd98cfd1402e698d - - default default] 10.0.0.101 "DELETE /v2.0/trunks/acb750d9-7977-4ecd-96a8-dbee9d5d6a0c HTTP/1.1" status: 204 len: 168 time: 0.0775335
2026-04-28 08:55:42.922 9 INFO neutron.wsgi [None req-5d8dd466-2407-4fa0-ab1c-acf0c97bbe9c 8b4a338c1a694983999ee2703fbff9cb 7a46301582e34af2bd98cfd1402e698d - - default default] 10.0.0.101 "GET /v2.0/trunks/186858c6-777f-4606-9f86-5bb3a9d595bb HTTP/1.1" status: 200 len: 603 time: 0.0190396
2026-04-28 08:55:42.935 10 INFO neutron.db.ovn_revision_numbers_db [None req-9357b19f-2a73-4aad-9770-060e1843561d f0c0232fb17e433fbbb19520387c1862 a3185369c3fc4d8aa72efbf228db55ce - - default default] Successfully bumped revision number for resource efaa6f1c-5959-4168-b53c-5343a2d54f89 (type: security_group_rules) to 0
2026-04-28 08:55:42.962 10 INFO neutron.wsgi [None req-9357b19f-2a73-4aad-9770-060e1843561d f0c0232fb17e433fbbb19520387c1862 a3185369c3fc4d8aa72efbf228db55ce - - default default] 10.0.0.101 "POST /v2.0/security-group-rules HTTP/1.1" status: 201 len: 768 time: 0.1571398
2026-04-28 08:55:42.982 10 INFO neutron.wsgi [None req-a9d44355-9a02-4817-b107-3bc7a303aada f0c0232fb17e433fbbb19520387c1862 a3185369c3fc4d8aa72efbf228db55ce - - default default] 10.0.0.101 "GET /v2.0/security-group-rules/efaa6f1c-5959-4168-b53c-5343a2d54f89 HTTP/1.1" status: 200 len: 763 time: 0.0155888
2026-04-28 08:55:43.027 9 INFO neutron.wsgi [None req-4bb2b73b-6f4d-48c1-a5c8-9f908ce35400 8b4a338c1a694983999ee2703fbff9cb 7a46301582e34af2bd98cfd1402e698d - - default default] 10.0.0.101 "GET /v2.0/ports/a7cda19d-bf14-4699-bdfc-44d937bf74e0 HTTP/1.1" status: 200 len: 1020 time: 0.0984478
2026-04-28 08:55:43.027 10 INFO neutron.wsgi [None req-06d11739-1899-4650-8fe3-21b9e6da4781 f0c0232fb17e433fbbb19520387c1862 a3185369c3fc4d8aa72efbf228db55ce - - default default] 10.0.0.101 "GET /v2.0/security-group-rules HTTP/1.1" status: 200 len: 4113 time: 0.0401118
2026-04-28 08:55:43.112 9 INFO neutron.wsgi [None req-adaa5a70-22f8-4425-bd31-95cd869d7cce 8b4a338c1a694983999ee2703fbff9cb 7a46301582e34af2bd98cfd1402e698d - - default default] 10.0.0.101 "DELETE /v2.0/trunks/186858c6-777f-4606-9f86-5bb3a9d595bb HTTP/1.1" status: 204 len: 168 time: 0.0793731
2026-04-28 08:55:43.192 10 INFO neutron.wsgi [None req-d6b3107d-0e5a-462a-9eb4-54e5d44537bd f0c0232fb17e433fbbb19520387c1862 a3185369c3fc4d8aa72efbf228db55ce - - default default] 10.0.0.101 "DELETE /v2.0/security-group-rules/efaa6f1c-5959-4168-b53c-5343a2d54f89 HTTP/1.1" status: 204 len: 168 time: 0.1598215
2026-04-28 08:55:43.235 10 INFO neutron.wsgi [None req-25d909c9-9a3e-416f-84db-963ef7f80a51 f0c0232fb17e433fbbb19520387c1862 a3185369c3fc4d8aa72efbf228db55ce - - default default] 10.0.0.101 "GET /v2.0/security-group-rules HTTP/1.1" status: 200 len: 3567 time: 0.0378282
2026-04-28 08:55:43.359 10 INFO neutron.db.ovn_revision_numbers_db [None req-1033806c-3018-4f79-8748-2ea712da4cdf f0c0232fb17e433fbbb19520387c1862 a3185369c3fc4d8aa72efbf228db55ce - - default default] Successfully bumped revision number for resource b9b4a49b-6b18-4cc0-8058-4b6a95275f9b (type: security_group_rules) to 0
2026-04-28 08:55:43.364 9 INFO neutron.wsgi [None req-880a60ff-f729-48d1-b311-8e0f4674f910 8b4a338c1a694983999ee2703fbff9cb 7a46301582e34af2bd98cfd1402e698d - - default default] 10.0.0.101 "DELETE /v2.0/ports/1def8737-a61f-4441-ad38-bf71fc72d920 HTTP/1.1" status: 204 len: 168 time: 0.2461057
2026-04-28 08:55:43.383 10 INFO neutron.wsgi [None req-1033806c-3018-4f79-8748-2ea712da4cdf f0c0232fb17e433fbbb19520387c1862 a3185369c3fc4d8aa72efbf228db55ce - - default default] 10.0.0.101 "POST /v2.0/security-group-rules HTTP/1.1" status: 201 len: 769 time: 0.1431012
2026-04-28 08:55:43.404 10 INFO neutron.wsgi [None req-77d2f017-08f6-4e89-a0b0-818a8f6098e1 f0c0232fb17e433fbbb19520387c1862 a3185369c3fc4d8aa72efbf228db55ce - - default default] 10.0.0.101 "GET /v2.0/security-group-rules/b9b4a49b-6b18-4cc0-8058-4b6a95275f9b HTTP/1.1" status: 200 len: 764 time: 0.0160837
2026-04-28 08:55:43.452 10 INFO neutron.wsgi [None req-b073b447-0646-4560-af03-03a51b753e4d f0c0232fb17e433fbbb19520387c1862 a3185369c3fc4d8aa72efbf228db55ce - - default default] 10.0.0.101 "GET /v2.0/security-group-rules HTTP/1.1" status: 200 len: 4114 time: 0.0424995
2026-04-28 08:55:43.558 10 INFO neutron.wsgi [None req-c313a65e-850c-4a76-b7f8-b5633a9b0a55 f0c0232fb17e433fbbb19520387c1862 a3185369c3fc4d8aa72efbf228db55ce - - default default] 10.0.0.101 "DELETE /v2.0/security-group-rules/b9b4a49b-6b18-4cc0-8058-4b6a95275f9b HTTP/1.1" status: 204 len: 168 time: 0.1003008
2026-04-28 08:55:43.600 10 INFO neutron.wsgi [None req-7c8050d7-9443-4677-8777-b61f093cd3d4 f0c0232fb17e433fbbb19520387c1862 a3185369c3fc4d8aa72efbf228db55ce - - default default] 10.0.0.101 "GET /v2.0/security-group-rules HTTP/1.1" status: 200 len: 3567 time: 0.0371463
2026-04-28 08:55:43.609 9 INFO neutron.wsgi [None req-dc9b3c83-2d70-4223-a8e7-3f92656d1f0e 8b4a338c1a694983999ee2703fbff9cb 7a46301582e34af2bd98cfd1402e698d - - default default] 10.0.0.101 "DELETE /v2.0/ports/df7a14e2-0bc2-4d6c-8e28-32503b262a7b HTTP/1.1" status: 204 len: 168 time: 0.2402992
2026-04-28 08:55:43.771 10 INFO neutron.wsgi [None req-67d2055d-fc46-45e9-be81-074907529199 f0c0232fb17e433fbbb19520387c1862 a3185369c3fc4d8aa72efbf228db55ce - - default default] 10.0.0.101 "DELETE /v2.0/security-groups/d54fe51c-6fc3-4873-8259-ce00ad95dc41 HTTP/1.1" status: 204 len: 168 time: 0.1656935
