2026-04-28 08:59:06.242 9 INFO neutron.wsgi [None req-7e92ebca-5c58-495b-ae6b-ab48c052c1e3 56172e8c90ef45059602b768e6b9d171 fac1150d86bd43b48062b71e86218f90 - - default default] 199.19.213.205 "GET /v2.0/ports?device_id=c6e2ed02-88db-4fe7-aecf-0f3de016a3c7 HTTP/1.1" status: 200 len: 4941 time: 0.0479672
2026-04-28 08:59:06.255 10 INFO neutron.wsgi [req-77e7a921-537b-4861-9f5b-e4b0418d459f req-df4180f1-31ed-4a4a-ad53-5d66b93d1bf9 1673306297ea46cea0e2e65a93c8fee4 cb1a5111c579418fa4a3f1cfa1f10d6c - - 4f80f72be974423bb1c156b6d22b4158 4f80f72be974423bb1c156b6d22b4158] 199.19.213.205 "GET /v2.0/networks/b0b4cc9d-8d9e-42d4-bd46-6cb26648f155?fields=segments HTTP/1.1" status: 200 len: 212 time: 0.0780470
2026-04-28 08:59:06.327 10 INFO neutron.wsgi [req-77e7a921-537b-4861-9f5b-e4b0418d459f req-25ebfdc6-4e34-4660-a65e-d6e6029ca38a 1673306297ea46cea0e2e65a93c8fee4 cb1a5111c579418fa4a3f1cfa1f10d6c - - 4f80f72be974423bb1c156b6d22b4158 4f80f72be974423bb1c156b6d22b4158] 199.19.213.205 "GET /v2.0/networks/b0b4cc9d-8d9e-42d4-bd46-6cb26648f155?fields=provider%3Aphysical_network&fields=provider%3Anetwork_type HTTP/1.1" status: 200 len: 277 time: 0.0658519
2026-04-28 08:59:06.519 10 INFO neutron.plugins.ml2.drivers.ovn.mech_driver.mech_driver [None req-f510634f-91cc-4364-8747-c1e950e212a6 - - - - - -] OVN reports status down for port: a8758240-3b53-4a6f-92f6-9157b0acb215
2026-04-28 08:59:06.577 10 INFO neutron.wsgi [req-cb16f74c-bf74-460d-8fd2-7c4bd98f7aa4 req-d0298baa-31d1-4367-a5db-d77f5c7184ba 1673306297ea46cea0e2e65a93c8fee4 cb1a5111c579418fa4a3f1cfa1f10d6c - - 4f80f72be974423bb1c156b6d22b4158 4f80f72be974423bb1c156b6d22b4158] 199.19.213.205 "GET /v2.0/ports/a8758240-3b53-4a6f-92f6-9157b0acb215 HTTP/1.1" status: 200 len: 1231 time: 0.0325143
2026-04-28 08:59:06.693 10 INFO neutron.notifiers.nova [-] Nova event matching ['req-0983800a-6b70-4ef7-8b3d-c042eb243181'] response: {'server_uuid': 'c6e2ed02-88db-4fe7-aecf-0f3de016a3c7', 'name': 'network-vif-unplugged', 'status': 'completed', 'tag': 'a8758240-3b53-4a6f-92f6-9157b0acb215', 'code': 200}
2026-04-28 08:59:06.904 10 INFO neutron.db.ovn_revision_numbers_db [None req-f510634f-91cc-4364-8747-c1e950e212a6 - - - - - -] Successfully bumped revision number for resource a8758240-3b53-4a6f-92f6-9157b0acb215 (type: ports) to 7
2026-04-28 08:59:06.908 10 ERROR ovsdbapp.backend.ovs_idl.command [None req-f510634f-91cc-4364-8747-c1e950e212a6 - - - - - -] Error executing command (LspGetUpCommand): ovsdbapp.backend.ovs_idl.idlutils.RowNotFound: Cannot find Logical_Switch_Port with name=a8758240-3b53-4a6f-92f6-9157b0acb215
2026-04-28 08:59:06.908 10 ERROR ovsdbapp.backend.ovs_idl.command
Traceback (most recent call last):
2026-04-28 08:59:06.908 10 ERROR ovsdbapp.backend.ovs_idl.command
File "/var/lib/openstack/lib/python3.10/site-packages/ovsdbapp/backend/ovs_idl/command.py", line 47, in execute
2026-04-28 08:59:06.908 10 ERROR ovsdbapp.backend.ovs_idl.command self.run_idl(None)
2026-04-28 08:59:06.908 10 ERROR ovsdbapp.backend.ovs_idl.command
File "/var/lib/openstack/lib/python3.10/site-packages/ovsdbapp/schema/ovn_northbound/commands.py", line 650, in run_idl
2026-04-28 08:59:06.908 10 ERROR ovsdbapp.backend.ovs_idl.command lsp = self.api.lookup('Logical_Switch_Port', self.port)
2026-04-28 08:59:06.908 10 ERROR ovsdbapp.backend.ovs_idl.command
File "/var/lib/openstack/lib/python3.10/site-packages/ovsdbapp/backend/ovs_idl/__init__.py", line 183, in lookup
2026-04-28 08:59:06.908 10 ERROR ovsdbapp.backend.ovs_idl.command return self._lookup(table, record)
2026-04-28 08:59:06.908 10 ERROR ovsdbapp.backend.ovs_idl.command
File "/var/lib/openstack/lib/python3.10/site-packages/ovsdbapp/backend/ovs_idl/__init__.py", line 234, in _lookup
2026-04-28 08:59:06.908 10 ERROR ovsdbapp.backend.ovs_idl.command row = idlutils.row_by_value(self, rl.table, rl.column, record)
2026-04-28 08:59:06.908 10 ERROR ovsdbapp.backend.ovs_idl.command
File "/var/lib/openstack/lib/python3.10/site-packages/ovsdbapp/backend/ovs_idl/idlutils.py", line 114, in row_by_value
2026-04-28 08:59:06.908 10 ERROR ovsdbapp.backend.ovs_idl.command raise RowNotFound(table=table, col=column, match=match)
2026-04-28 08:59:06.908 10 ERROR ovsdbapp.backend.ovs_idl.command ovsdbapp.backend.ovs_idl.idlutils.RowNotFound: Cannot find Logical_Switch_Port with name=a8758240-3b53-4a6f-92f6-9157b0acb215
2026-04-28 08:59:06.908 10 ERROR ovsdbapp.backend.ovs_idl.command 
2026-04-28 08:59:06.909 10 ERROR ovsdbapp.event [None req-f510634f-91cc-4364-8747-c1e950e212a6 - - - - - -] Unexpected exception in notify_loop: ovsdbapp.backend.ovs_idl.idlutils.RowNotFound: Cannot find Logical_Switch_Port with name=a8758240-3b53-4a6f-92f6-9157b0acb215
2026-04-28 08:59:06.909 10 ERROR ovsdbapp.event
Traceback (most recent call last):
2026-04-28 08:59:06.909 10 ERROR ovsdbapp.event
File "/var/lib/openstack/lib/python3.10/site-packages/ovsdbapp/event.py", line 177, in notify_loop
2026-04-28 08:59:06.909 10 ERROR ovsdbapp.event match.run(event, row, updates)
2026-04-28 08:59:06.909 10 ERROR ovsdbapp.event
File "/var/lib/openstack/lib/python3.10/site-packages/neutron/plugins/ml2/drivers/ovn/mech_driver/ovsdb/ovsdb_monitor.py", line 543, in run
2026-04-28 08:59:06.909 10 ERROR ovsdbapp.event self.driver.set_port_status_down(row.name)
2026-04-28 08:59:06.909 10 ERROR ovsdbapp.event
File "/var/lib/openstack/lib/python3.10/site-packages/neutron/plugins/ml2/drivers/ovn/mech_driver/mech_driver.py", line 1231, in set_port_status_down
2026-04-28 08:59:06.909 10 ERROR ovsdbapp.event self._ovn_client.update_lsp_host_info(
2026-04-28 08:59:06.909 10 ERROR ovsdbapp.event
File "/var/lib/openstack/lib/python3.10/site-packages/neutron/plugins/ml2/drivers/ovn/mech_driver/ovsdb/ovn_client.py", line 297, in update_lsp_host_info
2026-04-28 08:59:06.909 10 ERROR ovsdbapp.event port_up = self._nb_idl.lsp_get_up(db_port.id).execute(
2026-04-28 08:59:06.909 10 ERROR ovsdbapp.event
File "/var/lib/openstack/lib/python3.10/site-packages/ovsdbapp/backend/ovs_idl/command.py", line 47, in execute
2026-04-28 08:59:06.909 10 ERROR ovsdbapp.event self.run_idl(None)
2026-04-28 08:59:06.909 10 ERROR ovsdbapp.event
File "/var/lib/openstack/lib/python3.10/site-packages/ovsdbapp/schema/ovn_northbound/commands.py", line 650, in run_idl
2026-04-28 08:59:06.909 10 ERROR ovsdbapp.event lsp = self.api.lookup('Logical_Switch_Port', self.port)
2026-04-28 08:59:06.909 10 ERROR ovsdbapp.event
File "/var/lib/openstack/lib/python3.10/site-packages/ovsdbapp/backend/ovs_idl/__init__.py", line 183, in lookup
2026-04-28 08:59:06.909 10 ERROR ovsdbapp.event return self._lookup(table, record)
2026-04-28 08:59:06.909 10 ERROR ovsdbapp.event
File "/var/lib/openstack/lib/python3.10/site-packages/ovsdbapp/backend/ovs_idl/__init__.py", line 234, in _lookup
2026-04-28 08:59:06.909 10 ERROR ovsdbapp.event row = idlutils.row_by_value(self, rl.table, rl.column, record)
2026-04-28 08:59:06.909 10 ERROR ovsdbapp.event
File "/var/lib/openstack/lib/python3.10/site-packages/ovsdbapp/backend/ovs_idl/idlutils.py", line 114, in row_by_value
2026-04-28 08:59:06.909 10 ERROR ovsdbapp.event raise RowNotFound(table=table, col=column, match=match)
2026-04-28 08:59:06.909 10 ERROR ovsdbapp.event ovsdbapp.backend.ovs_idl.idlutils.RowNotFound: Cannot find Logical_Switch_Port with name=a8758240-3b53-4a6f-92f6-9157b0acb215
2026-04-28 08:59:06.909 10 ERROR ovsdbapp.event 
2026-04-28 08:59:06.916 10 INFO neutron.wsgi [req-cb16f74c-bf74-460d-8fd2-7c4bd98f7aa4 req-e1f01ae8-8a5a-43db-b863-cafc55fbcf2a 56172e8c90ef45059602b768e6b9d171 fac1150d86bd43b48062b71e86218f90 - - default default] 199.19.213.205 "DELETE /v2.0/ports/a8758240-3b53-4a6f-92f6-9157b0acb215 HTTP/1.1" status: 204 len: 173 time: 0.3351028
2026-04-28 08:59:07.005 10 INFO neutron.wsgi [req-cb16f74c-bf74-460d-8fd2-7c4bd98f7aa4 req-a3ede075-dfdc-44e1-a054-c78094a2fa73 1673306297ea46cea0e2e65a93c8fee4 cb1a5111c579418fa4a3f1cfa1f10d6c - - 4f80f72be974423bb1c156b6d22b4158 4f80f72be974423bb1c156b6d22b4158] 199.19.213.205 "GET /v2.0/ports?tenant_id=fac1150d86bd43b48062b71e86218f90&device_id=c6e2ed02-88db-4fe7-aecf-0f3de016a3c7 HTTP/1.1" status: 200 len: 3918 time: 0.0332859
2026-04-28 08:59:07.083 10 INFO neutron.wsgi [req-cb16f74c-bf74-460d-8fd2-7c4bd98f7aa4 req-c8774e99-2f5b-4310-b043-b2747425e69a 1673306297ea46cea0e2e65a93c8fee4 cb1a5111c579418fa4a3f1cfa1f10d6c - - 4f80f72be974423bb1c156b6d22b4158 4f80f72be974423bb1c156b6d22b4158] 199.19.213.205 "GET /v2.0/networks?id=5e1f6116-8bcb-4682-8370-ea8ea8e90dca&id=404698a0-e6f9-4253-99cb-c7ce73bd8d9c&id=f1236790-7915-4ce2-90ec-74d89dc898f3&id=b0b4cc9d-8d9e-42d4-bd46-6cb26648f155 HTTP/1.1" status: 200 len: 3308 time: 0.0709395
2026-04-28 08:59:07.115 10 INFO neutron.wsgi [req-cb16f74c-bf74-460d-8fd2-7c4bd98f7aa4 req-0799519c-e1d6-4d80-8ac4-24ff5d795b8b 1673306297ea46cea0e2e65a93c8fee4 cb1a5111c579418fa4a3f1cfa1f10d6c - - 4f80f72be974423bb1c156b6d22b4158 4f80f72be974423bb1c156b6d22b4158] 199.19.213.205 "GET /v2.0/floatingips?fixed_ip_address=172.24.2.150&port_id=4f026ec0-4048-4aca-80e0-82ba7db0429c HTTP/1.1" status: 200 len: 217 time: 0.0244021
2026-04-28 08:59:07.154 10 INFO neutron.wsgi [req-cb16f74c-bf74-460d-8fd2-7c4bd98f7aa4 req-65974fa1-a8b8-4b35-a772-8c7dad8e0b3d 1673306297ea46cea0e2e65a93c8fee4 cb1a5111c579418fa4a3f1cfa1f10d6c - - 4f80f72be974423bb1c156b6d22b4158 4f80f72be974423bb1c156b6d22b4158] 199.19.213.205 "GET /v2.0/subnets?id=43d486e9-29b1-4073-9e17-5298ca563219 HTTP/1.1" status: 200 len: 829 time: 0.0335891
2026-04-28 08:59:07.177 10 INFO neutron.wsgi [req-cb16f74c-bf74-460d-8fd2-7c4bd98f7aa4 req-52a613ef-6c6f-4ff6-a481-17fa9444e32b 1673306297ea46cea0e2e65a93c8fee4 cb1a5111c579418fa4a3f1cfa1f10d6c - - 4f80f72be974423bb1c156b6d22b4158 4f80f72be974423bb1c156b6d22b4158] 199.19.213.205 "GET /v2.0/ports?network_id=5e1f6116-8bcb-4682-8370-ea8ea8e90dca&device_owner=network%3Adhcp HTTP/1.1" status: 200 len: 210 time: 0.0166075
2026-04-28 08:59:07.251 10 INFO neutron.wsgi [req-cb16f74c-bf74-460d-8fd2-7c4bd98f7aa4 req-cae9d499-96c4-4c85-bcb3-6e26a7ed20b1 1673306297ea46cea0e2e65a93c8fee4 cb1a5111c579418fa4a3f1cfa1f10d6c - - 4f80f72be974423bb1c156b6d22b4158 4f80f72be974423bb1c156b6d22b4158] 199.19.213.205 "GET /v2.0/networks/5e1f6116-8bcb-4682-8370-ea8ea8e90dca?fields=segments HTTP/1.1" status: 200 len: 212 time: 0.0685399
2026-04-28 08:59:07.288 9 INFO neutron.wsgi [None req-59798082-3b41-4e56-b8d5-16907bec85ce 56172e8c90ef45059602b768e6b9d171 fac1150d86bd43b48062b71e86218f90 - - default default] 199.19.213.205 "GET /v2.0/ports?device_id=c6e2ed02-88db-4fe7-aecf-0f3de016a3c7 HTTP/1.1" status: 200 len: 3918 time: 0.0389631
2026-04-28 08:59:07.310 9 INFO neutron.pecan_wsgi.hooks.translation [None req-7be250c5-c7dd-44c9-ab30-b773d66d8bd5 56172e8c90ef45059602b768e6b9d171 fac1150d86bd43b48062b71e86218f90 - - default default] DELETE failed (client error): The resource could not be found.
2026-04-28 08:59:07.313 9 INFO neutron.wsgi [None req-7be250c5-c7dd-44c9-ab30-b773d66d8bd5 56172e8c90ef45059602b768e6b9d171 fac1150d86bd43b48062b71e86218f90 - - default default] 199.19.213.205 "DELETE /v2.0/ports/a8758240-3b53-4a6f-92f6-9157b0acb215 HTTP/1.1" status: 404 len: 338 time: 0.0205028
2026-04-28 08:59:07.330 10 INFO neutron.wsgi [req-cb16f74c-bf74-460d-8fd2-7c4bd98f7aa4 req-33942d34-88b5-4160-967c-a52950b24d2f 1673306297ea46cea0e2e65a93c8fee4 cb1a5111c579418fa4a3f1cfa1f10d6c - - 4f80f72be974423bb1c156b6d22b4158 4f80f72be974423bb1c156b6d22b4158] 199.19.213.205 "GET /v2.0/networks/5e1f6116-8bcb-4682-8370-ea8ea8e90dca?fields=provider%3Aphysical_network&fields=provider%3Anetwork_type HTTP/1.1" status: 200 len: 277 time: 0.0705502
2026-04-28 08:59:07.358 10 INFO neutron.wsgi [req-cb16f74c-bf74-460d-8fd2-7c4bd98f7aa4 req-617bbadd-4275-478a-8e0a-28c83afdddd2 1673306297ea46cea0e2e65a93c8fee4 cb1a5111c579418fa4a3f1cfa1f10d6c - - 4f80f72be974423bb1c156b6d22b4158 4f80f72be974423bb1c156b6d22b4158] 199.19.213.205 "GET /v2.0/floatingips?fixed_ip_address=10.1.1.42&port_id=339366b1-e5aa-4aac-b41f-45df4b170611 HTTP/1.1" status: 200 len: 217 time: 0.0223248
2026-04-28 08:59:07.393 9 INFO neutron.wsgi [None req-877df06f-5cd3-49cc-8fc3-3c6886ad404d 56172e8c90ef45059602b768e6b9d171 fac1150d86bd43b48062b71e86218f90 - - default default] 199.19.213.205 "GET /v2.0/extensions/security-group HTTP/1.1" status: 200 len: 369 time: 0.0052927
2026-04-28 08:59:07.407 9 INFO neutron.wsgi [None req-05090e4b-0b70-434e-ae74-ebac95f5dba0 56172e8c90ef45059602b768e6b9d171 fac1150d86bd43b48062b71e86218f90 - - default default] 199.19.213.205 "GET /v2.0/extensions/dns-integration HTTP/1.1" status: 200 len: 371 time: 0.0083950
2026-04-28 08:59:07.408 10 INFO neutron.wsgi [req-cb16f74c-bf74-460d-8fd2-7c4bd98f7aa4 req-d56eb0fa-4ba5-4ef0-adad-a85941dce762 1673306297ea46cea0e2e65a93c8fee4 cb1a5111c579418fa4a3f1cfa1f10d6c - - 4f80f72be974423bb1c156b6d22b4158 4f80f72be974423bb1c156b6d22b4158] 199.19.213.205 "GET /v2.0/subnets?id=61ecb551-164d-4fd1-a203-48989cc4c64e HTTP/1.1" status: 200 len: 853 time: 0.0431159
2026-04-28 08:59:07.420 9 INFO neutron.wsgi [None req-75fbce67-98f8-4095-aea9-0ab8859fe723 56172e8c90ef45059602b768e6b9d171 fac1150d86bd43b48062b71e86218f90 - - default default] 199.19.213.205 "GET /v2.0/extensions/qos HTTP/1.1" status: 200 len: 365 time: 0.0054657
2026-04-28 08:59:07.432 9 INFO neutron.wsgi [None req-dad0744b-1efc-4d67-bcb9-3f9252afb15a 56172e8c90ef45059602b768e6b9d171 fac1150d86bd43b48062b71e86218f90 - - default default] 199.19.213.205 "GET /v2.0/extensions/allowed-address-pairs HTTP/1.1" status: 200 len: 383 time: 0.0056150
2026-04-28 08:59:07.436 10 INFO neutron.wsgi [req-cb16f74c-bf74-460d-8fd2-7c4bd98f7aa4 req-de78d484-0abf-4102-9365-2b3f34495864 1673306297ea46cea0e2e65a93c8fee4 cb1a5111c579418fa4a3f1cfa1f10d6c - - 4f80f72be974423bb1c156b6d22b4158 4f80f72be974423bb1c156b6d22b4158] 199.19.213.205 "GET /v2.0/ports?network_id=404698a0-e6f9-4253-99cb-c7ce73bd8d9c&device_owner=network%3Adhcp HTTP/1.1" status: 200 len: 210 time: 0.0232139
2026-04-28 08:59:07.475 9 INFO neutron.wsgi [None req-4138c81f-6b87-4620-9470-425a060cf0d6 56172e8c90ef45059602b768e6b9d171 fac1150d86bd43b48062b71e86218f90 - - default default] 199.19.213.205 "GET /v2.0/subnets/61ecb551-164d-4fd1-a203-48989cc4c64e HTTP/1.1" status: 200 len: 850 time: 0.0372415
2026-04-28 08:59:07.505 10 INFO neutron.wsgi [req-cb16f74c-bf74-460d-8fd2-7c4bd98f7aa4 req-f4147dc1-75e4-4ade-aff9-0a7264a0cadd 1673306297ea46cea0e2e65a93c8fee4 cb1a5111c579418fa4a3f1cfa1f10d6c - - 4f80f72be974423bb1c156b6d22b4158 4f80f72be974423bb1c156b6d22b4158] 199.19.213.205 "GET /v2.0/networks/404698a0-e6f9-4253-99cb-c7ce73bd8d9c?fields=segments HTTP/1.1" status: 200 len: 212 time: 0.0636895
2026-04-28 08:59:07.514 9 INFO neutron.wsgi [None req-2fe21651-52ec-4259-ab74-1d1e03be0029 56172e8c90ef45059602b768e6b9d171 fac1150d86bd43b48062b71e86218f90 - - default default] 199.19.213.205 "GET /v2.0/ports/cfc47d45-fd70-4534-9ff1-56f31e0c2675 HTTP/1.1" status: 200 len: 1340 time: 0.0337498
2026-04-28 08:59:07.550 9 INFO neutron.wsgi [None req-7f8d98a9-6f10-4ce0-b8be-177310750070 56172e8c90ef45059602b768e6b9d171 fac1150d86bd43b48062b71e86218f90 - - default default] 199.19.213.205 "GET /v2.0/ports/339366b1-e5aa-4aac-b41f-45df4b170611 HTTP/1.1" status: 200 len: 1515 time: 0.0289438
2026-04-28 08:59:07.590 9 INFO neutron.wsgi [None req-e7907921-8cb7-4c70-a2e8-3203fc9598f8 56172e8c90ef45059602b768e6b9d171 fac1150d86bd43b48062b71e86218f90 - - default default] 199.19.213.205 "GET /v2.0/subnets/61ecb551-164d-4fd1-a203-48989cc4c64e HTTP/1.1" status: 200 len: 850 time: 0.0319304
2026-04-28 08:59:07.665 9 INFO neutron.wsgi [None req-ffcc5a7a-71ca-4778-844f-3e5e0cb64adc 56172e8c90ef45059602b768e6b9d171 fac1150d86bd43b48062b71e86218f90 - - default default] 199.19.213.205 "GET /v2.0/networks/404698a0-e6f9-4253-99cb-c7ce73bd8d9c HTTP/1.1" status: 200 len: 1002 time: 0.0685334
2026-04-28 08:59:07.703 9 INFO neutron.wsgi [None req-63ce2856-a76e-4998-8abe-c34046a879a7 56172e8c90ef45059602b768e6b9d171 fac1150d86bd43b48062b71e86218f90 - - default default] 199.19.213.205 "GET /v2.0/ports/cfc47d45-fd70-4534-9ff1-56f31e0c2675 HTTP/1.1" status: 200 len: 1340 time: 0.0337906
2026-04-28 08:59:07.744 9 INFO neutron.wsgi [None req-8a16effe-7dca-442f-a6af-244335d9ba30 56172e8c90ef45059602b768e6b9d171 fac1150d86bd43b48062b71e86218f90 - - default default] 199.19.213.205 "GET /v2.0/subnets/61ecb551-164d-4fd1-a203-48989cc4c64e HTTP/1.1" status: 200 len: 850 time: 0.0333681
2026-04-28 08:59:07.827 10 INFO neutron.wsgi [req-cb16f74c-bf74-460d-8fd2-7c4bd98f7aa4 req-37a3c2aa-c51d-447a-98bc-f4d8313edc58 1673306297ea46cea0e2e65a93c8fee4 cb1a5111c579418fa4a3f1cfa1f10d6c - - 4f80f72be974423bb1c156b6d22b4158 4f80f72be974423bb1c156b6d22b4158] 199.19.213.205 "GET /v2.0/networks/404698a0-e6f9-4253-99cb-c7ce73bd8d9c?fields=provider%3Aphysical_network&fields=provider%3Anetwork_type HTTP/1.1" status: 200 len: 277 time: 0.3168855
2026-04-28 08:59:07.856 10 INFO neutron.wsgi [req-cb16f74c-bf74-460d-8fd2-7c4bd98f7aa4 req-dadec9d5-52f4-4c0f-9afa-734ac6f5a637 1673306297ea46cea0e2e65a93c8fee4 cb1a5111c579418fa4a3f1cfa1f10d6c - - 4f80f72be974423bb1c156b6d22b4158 4f80f72be974423bb1c156b6d22b4158] 199.19.213.205 "GET /v2.0/floatingips?fixed_ip_address=10.2.1.83&port_id=fb7e0358-07ca-4bef-99c3-dea1ab843339 HTTP/1.1" status: 200 len: 217 time: 0.0236466
2026-04-28 08:59:07.895 10 INFO neutron.wsgi [req-cb16f74c-bf74-460d-8fd2-7c4bd98f7aa4 req-e98c5bdc-edad-4123-b2c2-80c07c97982c 1673306297ea46cea0e2e65a93c8fee4 cb1a5111c579418fa4a3f1cfa1f10d6c - - 4f80f72be974423bb1c156b6d22b4158 4f80f72be974423bb1c156b6d22b4158] 199.19.213.205 "GET /v2.0/subnets?id=8cbc7b31-58db-4486-af88-2e9bce2e0c8d HTTP/1.1" status: 200 len: 851 time: 0.0298867
2026-04-28 08:59:07.919 10 INFO neutron.wsgi [req-cb16f74c-bf74-460d-8fd2-7c4bd98f7aa4 req-a84eae30-863c-4855-a0f7-3f2f25cb39b1 1673306297ea46cea0e2e65a93c8fee4 cb1a5111c579418fa4a3f1cfa1f10d6c - - 4f80f72be974423bb1c156b6d22b4158 4f80f72be974423bb1c156b6d22b4158] 199.19.213.205 "GET /v2.0/ports?network_id=f1236790-7915-4ce2-90ec-74d89dc898f3&device_owner=network%3Adhcp HTTP/1.1" status: 200 len: 210 time: 0.0190468
2026-04-28 08:59:07.978 10 INFO neutron.wsgi [req-cb16f74c-bf74-460d-8fd2-7c4bd98f7aa4 req-2dbb4dfe-c6a0-4740-b4f5-efb05ae1bb7f 1673306297ea46cea0e2e65a93c8fee4 cb1a5111c579418fa4a3f1cfa1f10d6c - - 4f80f72be974423bb1c156b6d22b4158 4f80f72be974423bb1c156b6d22b4158] 199.19.213.205 "GET /v2.0/networks/f1236790-7915-4ce2-90ec-74d89dc898f3?fields=segments HTTP/1.1" status: 200 len: 212 time: 0.0549872
2026-04-28 08:59:08.062 10 INFO neutron.wsgi [req-cb16f74c-bf74-460d-8fd2-7c4bd98f7aa4 req-10295e8f-f459-4093-9f89-d1876eda8b1b 1673306297ea46cea0e2e65a93c8fee4 cb1a5111c579418fa4a3f1cfa1f10d6c - - 4f80f72be974423bb1c156b6d22b4158 4f80f72be974423bb1c156b6d22b4158] 199.19.213.205 "GET /v2.0/networks/f1236790-7915-4ce2-90ec-74d89dc898f3?fields=provider%3Aphysical_network&fields=provider%3Anetwork_type HTTP/1.1" status: 200 len: 277 time: 0.0753460
2026-04-28 08:59:08.730 10 INFO neutron.notifiers.nova [-] Nova event matching ['req-2216ef46-2ec8-4c24-8a92-7723174535fe'] response: {'server_uuid': 'c6e2ed02-88db-4fe7-aecf-0f3de016a3c7', 'name': 'network-vif-plugged', 'status': 'completed', 'tag': 'a8758240-3b53-4a6f-92f6-9157b0acb215', 'code': 200}
2026-04-28 08:59:08.731 10 INFO neutron.notifiers.nova [-] Nova event matching ['req-2216ef46-2ec8-4c24-8a92-7723174535fe'] response: {'server_uuid': 'c6e2ed02-88db-4fe7-aecf-0f3de016a3c7', 'name': 'network-vif-deleted', 'tag': 'a8758240-3b53-4a6f-92f6-9157b0acb215', 'status': 'completed', 'code': 200}
2026-04-28 08:59:10.861 9 INFO neutron.wsgi [None req-036eeb3f-9e79-452b-888f-32ef752c9f15 56172e8c90ef45059602b768e6b9d171 fac1150d86bd43b48062b71e86218f90 - - default default] 199.19.213.205 "GET /v2.0/extensions/security-group HTTP/1.1" status: 200 len: 369 time: 0.0056808
2026-04-28 08:59:10.869 9 INFO neutron.wsgi [None req-5073416f-554a-4b08-bbb2-7bbd2fcac863 56172e8c90ef45059602b768e6b9d171 fac1150d86bd43b48062b71e86218f90 - - default default] 199.19.213.205 "GET /v2.0/extensions/dns-integration HTTP/1.1" status: 200 len: 371 time: 0.0034091
2026-04-28 08:59:10.878 9 INFO neutron.wsgi [None req-4f85fa0e-bbd4-4a8f-ab96-38077f1173b3 56172e8c90ef45059602b768e6b9d171 fac1150d86bd43b48062b71e86218f90 - - default default] 199.19.213.205 "GET /v2.0/extensions/qos HTTP/1.1" status: 200 len: 365 time: 0.0049794
2026-04-28 08:59:10.888 9 INFO neutron.wsgi [None req-ac8b61b2-fbfc-4685-ae37-0951d020e817 56172e8c90ef45059602b768e6b9d171 fac1150d86bd43b48062b71e86218f90 - - default default] 199.19.213.205 "GET /v2.0/extensions/allowed-address-pairs HTTP/1.1" status: 200 len: 383 time: 0.0057530
2026-04-28 08:59:10.930 9 INFO neutron.wsgi [None req-3385af42-de75-437d-ab56-a568b409628a 56172e8c90ef45059602b768e6b9d171 fac1150d86bd43b48062b71e86218f90 - - default default] 199.19.213.205 "GET /v2.0/ports?device_id=c6e2ed02-88db-4fe7-aecf-0f3de016a3c7 HTTP/1.1" status: 200 len: 3918 time: 0.0357716
2026-04-28 08:59:11.070 9 INFO neutron.wsgi [None req-6e293289-0530-4656-b8eb-2398c8dc3053 56172e8c90ef45059602b768e6b9d171 fac1150d86bd43b48062b71e86218f90 - - default default] 199.19.213.205 "GET /v2.0/extensions/security-group HTTP/1.1" status: 200 len: 369 time: 0.0069430
2026-04-28 08:59:11.078 9 INFO neutron.wsgi [None req-54adda5a-1765-4198-a337-392531efac57 56172e8c90ef45059602b768e6b9d171 fac1150d86bd43b48062b71e86218f90 - - default default] 199.19.213.205 "GET /v2.0/extensions/dns-integration HTTP/1.1" status: 200 len: 371 time: 0.0047429
2026-04-28 08:59:11.087 9 INFO neutron.wsgi [None req-3963fd7f-d0ee-4d89-9526-85a737d3283c 56172e8c90ef45059602b768e6b9d171 fac1150d86bd43b48062b71e86218f90 - - default default] 199.19.213.205 "GET /v2.0/extensions/qos HTTP/1.1" status: 200 len: 365 time: 0.0046096
2026-04-28 08:59:11.101 9 INFO neutron.wsgi [None req-25599ae3-2ab8-4412-b49f-128269611f03 56172e8c90ef45059602b768e6b9d171 fac1150d86bd43b48062b71e86218f90 - - default default] 199.19.213.205 "GET /v2.0/extensions/allowed-address-pairs HTTP/1.1" status: 200 len: 383 time: 0.0085313
2026-04-28 08:59:11.139 9 INFO neutron.wsgi [None req-c07c2fd5-ed4b-43c1-a8ba-cd36d0611338 56172e8c90ef45059602b768e6b9d171 fac1150d86bd43b48062b71e86218f90 - - default default] 199.19.213.205 "GET /v2.0/ports/fb7e0358-07ca-4bef-99c3-dea1ab843339 HTTP/1.1" status: 200 len: 1402 time: 0.0322313
2026-04-28 08:59:11.541 9 INFO neutron.db.ovn_revision_numbers_db [None req-51f61c25-ddbb-4344-b465-bf01eded0509 56172e8c90ef45059602b768e6b9d171 fac1150d86bd43b48062b71e86218f90 - - default default] Successfully bumped revision number for resource fb7e0358-07ca-4bef-99c3-dea1ab843339 (type: ports) to 6
2026-04-28 08:59:11.551 9 INFO neutron.wsgi [None req-51f61c25-ddbb-4344-b465-bf01eded0509 56172e8c90ef45059602b768e6b9d171 fac1150d86bd43b48062b71e86218f90 - - default default] 199.19.213.205 "PUT /v2.0/ports/fb7e0358-07ca-4bef-99c3-dea1ab843339 HTTP/1.1" status: 200 len: 1203 time: 0.4069195 /var/lib/openstack/lib/python3.10/site-packages/pycadf/identifier.py:71: UserWarning: Invalid uuid: neutron. To ensure interoperability, identifiers should be a valid uuid. warnings.warn(('Invalid uuid: %s. To ensure interoperability, '
2026-04-28 08:59:11.592 9 INFO neutron.notifiers.nova [-] Nova event matching ['req-009aa86c-cb53-4e84-a406-734dd6ad1e97'] response: {'name': 'network-changed', 'server_uuid': 'c6e2ed02-88db-4fe7-aecf-0f3de016a3c7', 'tag': 'fb7e0358-07ca-4bef-99c3-dea1ab843339', 'status': 'completed', 'code': 200}
2026-04-28 08:59:11.624 9 INFO neutron.wsgi [None req-42816977-0872-497e-ad27-752dfa19ba54 56172e8c90ef45059602b768e6b9d171 fac1150d86bd43b48062b71e86218f90 - - default default] 199.19.213.205 "GET /v2.0/networks/f1236790-7915-4ce2-90ec-74d89dc898f3 HTTP/1.1" status: 200 len: 998 time: 0.0653205
2026-04-28 08:59:11.659 10 INFO neutron.wsgi [req-ab721199-e1e9-427b-9ad0-cda6b0431721 req-833a095e-3f1e-45c9-b2be-1a915ad117aa 1673306297ea46cea0e2e65a93c8fee4 cb1a5111c579418fa4a3f1cfa1f10d6c - - 4f80f72be974423bb1c156b6d22b4158 4f80f72be974423bb1c156b6d22b4158] 199.19.213.205 "GET /v2.0/ports?tenant_id=fac1150d86bd43b48062b71e86218f90&device_id=c6e2ed02-88db-4fe7-aecf-0f3de016a3c7 HTTP/1.1" status: 200 len: 3747 time: 0.0399673
2026-04-28 08:59:11.668 9 INFO neutron.wsgi [None req-3e254b0f-c83e-4768-92e8-945a73fc2dd5 56172e8c90ef45059602b768e6b9d171 fac1150d86bd43b48062b71e86218f90 - - default default] 199.19.213.205 "GET /v2.0/ports?device_id=c6e2ed02-88db-4fe7-aecf-0f3de016a3c7 HTTP/1.1" status: 200 len: 3747 time: 0.0392265
2026-04-28 08:59:11.725 10 INFO neutron.wsgi [req-ab721199-e1e9-427b-9ad0-cda6b0431721 req-440a6ea3-edd1-4a9c-98ff-65af1fe609d7 1673306297ea46cea0e2e65a93c8fee4 cb1a5111c579418fa4a3f1cfa1f10d6c - - 4f80f72be974423bb1c156b6d22b4158 4f80f72be974423bb1c156b6d22b4158] 199.19.213.205 "GET /v2.0/networks?id=f1236790-7915-4ce2-90ec-74d89dc898f3 HTTP/1.1" status: 200 len: 1001 time: 0.0592065
2026-04-28 08:59:11.765 9 INFO neutron.wsgi [None req-c1fdd96c-dad2-41f4-af4e-43eda2b8b7b5 56172e8c90ef45059602b768e6b9d171 fac1150d86bd43b48062b71e86218f90 - - default default] 199.19.213.205 "GET /v2.0/ports?device_id=c6e2ed02-88db-4fe7-aecf-0f3de016a3c7 HTTP/1.1" status: 200 len: 3747 time: 0.0346210
2026-04-28 08:59:11.786 10 INFO neutron.wsgi [req-ab721199-e1e9-427b-9ad0-cda6b0431721 req-deb49238-4869-43e9-817e-eb7b3ae21e6f 1673306297ea46cea0e2e65a93c8fee4 cb1a5111c579418fa4a3f1cfa1f10d6c - - 4f80f72be974423bb1c156b6d22b4158 4f80f72be974423bb1c156b6d22b4158] 199.19.213.205 "GET /v2.0/networks/f1236790-7915-4ce2-90ec-74d89dc898f3?fields=segments HTTP/1.1" status: 200 len: 212 time: 0.0535407
2026-04-28 08:59:11.858 10 INFO neutron.wsgi [req-ab721199-e1e9-427b-9ad0-cda6b0431721 req-fc5a5f4c-294a-4b37-a4d0-30ef8baf1af2 1673306297ea46cea0e2e65a93c8fee4 cb1a5111c579418fa4a3f1cfa1f10d6c - - 4f80f72be974423bb1c156b6d22b4158 4f80f72be974423bb1c156b6d22b4158] 199.19.213.205 "GET /v2.0/networks/f1236790-7915-4ce2-90ec-74d89dc898f3?fields=provider%3Aphysical_network&fields=provider%3Anetwork_type HTTP/1.1" status: 200 len: 277 time: 0.0677059
2026-04-28 08:59:12.028 10 INFO neutron.plugins.ml2.drivers.ovn.mech_driver.mech_driver [None req-f510634f-91cc-4364-8747-c1e950e212a6 - - - - - -] OVN reports status down for port: fb7e0358-07ca-4bef-99c3-dea1ab843339
2026-04-28 08:59:12.097 10 INFO neutron.wsgi [req-dc9c9185-dda4-4792-a46d-6755bdccb440 req-ddc12119-9904-4fce-a423-8a901ea02923 1673306297ea46cea0e2e65a93c8fee4 cb1a5111c579418fa4a3f1cfa1f10d6c - - 4f80f72be974423bb1c156b6d22b4158 4f80f72be974423bb1c156b6d22b4158] 199.19.213.205 "GET /v2.0/ports/fb7e0358-07ca-4bef-99c3-dea1ab843339 HTTP/1.1" status: 200 len: 1231 time: 0.0401006
2026-04-28 08:59:12.207 10 INFO neutron.notifiers.nova [-] Nova event matching ['req-0c0b6e5e-09e8-4cf1-9dde-a223a18d1717'] response: {'server_uuid': 'c6e2ed02-88db-4fe7-aecf-0f3de016a3c7', 'name': 'network-vif-unplugged', 'status': 'completed', 'tag': 'fb7e0358-07ca-4bef-99c3-dea1ab843339', 'code': 200}
2026-04-28 08:59:12.435 10 ERROR ovsdbapp.backend.ovs_idl.command [None req-f510634f-91cc-4364-8747-c1e950e212a6 - - - - - -] Error executing command (LspGetUpCommand): ovsdbapp.backend.ovs_idl.idlutils.RowNotFound: Cannot find Logical_Switch_Port with name=fb7e0358-07ca-4bef-99c3-dea1ab843339
2026-04-28 08:59:12.435 10 ERROR ovsdbapp.backend.ovs_idl.command
Traceback (most recent call last):
2026-04-28 08:59:12.435 10 ERROR ovsdbapp.backend.ovs_idl.command
File "/var/lib/openstack/lib/python3.10/site-packages/ovsdbapp/backend/ovs_idl/command.py", line 47, in execute
2026-04-28 08:59:12.435 10 ERROR ovsdbapp.backend.ovs_idl.command self.run_idl(None)
2026-04-28 08:59:12.435 10 ERROR ovsdbapp.backend.ovs_idl.command
File "/var/lib/openstack/lib/python3.10/site-packages/ovsdbapp/schema/ovn_northbound/commands.py", line 650, in run_idl
2026-04-28 08:59:12.435 10 ERROR ovsdbapp.backend.ovs_idl.command lsp = self.api.lookup('Logical_Switch_Port', self.port)
2026-04-28 08:59:12.435 10 ERROR ovsdbapp.backend.ovs_idl.command
File "/var/lib/openstack/lib/python3.10/site-packages/ovsdbapp/backend/ovs_idl/__init__.py", line 183, in lookup
2026-04-28 08:59:12.435 10 ERROR ovsdbapp.backend.ovs_idl.command return self._lookup(table, record)
2026-04-28 08:59:12.435 10 ERROR ovsdbapp.backend.ovs_idl.command
File "/var/lib/openstack/lib/python3.10/site-packages/ovsdbapp/backend/ovs_idl/__init__.py", line 234, in _lookup
2026-04-28 08:59:12.435 10 ERROR ovsdbapp.backend.ovs_idl.command row = idlutils.row_by_value(self, rl.table, rl.column, record)
2026-04-28 08:59:12.435 10 ERROR ovsdbapp.backend.ovs_idl.command
File "/var/lib/openstack/lib/python3.10/site-packages/ovsdbapp/backend/ovs_idl/idlutils.py", line 114, in row_by_value
2026-04-28 08:59:12.435 10 ERROR ovsdbapp.backend.ovs_idl.command raise RowNotFound(table=table, col=column, match=match)
2026-04-28 08:59:12.435 10 ERROR ovsdbapp.backend.ovs_idl.command ovsdbapp.backend.ovs_idl.idlutils.RowNotFound: Cannot find Logical_Switch_Port with name=fb7e0358-07ca-4bef-99c3-dea1ab843339
2026-04-28 08:59:12.435 10 ERROR ovsdbapp.backend.ovs_idl.command 
2026-04-28 08:59:12.436 10 ERROR ovsdbapp.event [None req-f510634f-91cc-4364-8747-c1e950e212a6 - - - - - -] Unexpected exception in notify_loop: ovsdbapp.backend.ovs_idl.idlutils.RowNotFound: Cannot find Logical_Switch_Port with name=fb7e0358-07ca-4bef-99c3-dea1ab843339
2026-04-28 08:59:12.436 10 ERROR ovsdbapp.event
Traceback (most recent call last):
2026-04-28 08:59:12.436 10 ERROR ovsdbapp.event
File "/var/lib/openstack/lib/python3.10/site-packages/ovsdbapp/event.py", line 177, in notify_loop
2026-04-28 08:59:12.436 10 ERROR ovsdbapp.event match.run(event, row, updates)
2026-04-28 08:59:12.436 10 ERROR ovsdbapp.event
File "/var/lib/openstack/lib/python3.10/site-packages/neutron/plugins/ml2/drivers/ovn/mech_driver/ovsdb/ovsdb_monitor.py", line 543, in run
2026-04-28 08:59:12.436 10 ERROR ovsdbapp.event self.driver.set_port_status_down(row.name)
2026-04-28 08:59:12.436 10 ERROR ovsdbapp.event
File "/var/lib/openstack/lib/python3.10/site-packages/neutron/plugins/ml2/drivers/ovn/mech_driver/mech_driver.py", line 1231, in set_port_status_down
2026-04-28 08:59:12.436 10 ERROR ovsdbapp.event self._ovn_client.update_lsp_host_info(
2026-04-28 08:59:12.436 10 ERROR ovsdbapp.event
File "/var/lib/openstack/lib/python3.10/site-packages/neutron/plugins/ml2/drivers/ovn/mech_driver/ovsdb/ovn_client.py", line 297, in update_lsp_host_info
2026-04-28 08:59:12.436 10 ERROR ovsdbapp.event port_up = self._nb_idl.lsp_get_up(db_port.id).execute(
2026-04-28 08:59:12.436 10 ERROR ovsdbapp.event
File "/var/lib/openstack/lib/python3.10/site-packages/ovsdbapp/backend/ovs_idl/command.py", line 47, in execute
2026-04-28 08:59:12.436 10 ERROR ovsdbapp.event self.run_idl(None)
2026-04-28 08:59:12.436 10 ERROR ovsdbapp.event
File "/var/lib/openstack/lib/python3.10/site-packages/ovsdbapp/schema/ovn_northbound/commands.py", line 650, in run_idl
2026-04-28 08:59:12.436 10 ERROR ovsdbapp.event lsp = self.api.lookup('Logical_Switch_Port', self.port)
2026-04-28 08:59:12.436 10 ERROR ovsdbapp.event
File "/var/lib/openstack/lib/python3.10/site-packages/ovsdbapp/backend/ovs_idl/__init__.py", line 183, in lookup
2026-04-28 08:59:12.436 10 ERROR ovsdbapp.event return self._lookup(table, record)
2026-04-28 08:59:12.436 10 ERROR ovsdbapp.event
File "/var/lib/openstack/lib/python3.10/site-packages/ovsdbapp/backend/ovs_idl/__init__.py", line 234, in _lookup
2026-04-28 08:59:12.436 10 ERROR ovsdbapp.event row = idlutils.row_by_value(self, rl.table, rl.column, record)
2026-04-28 08:59:12.436 10 ERROR ovsdbapp.event
File "/var/lib/openstack/lib/python3.10/site-packages/ovsdbapp/backend/ovs_idl/idlutils.py", line 114, in row_by_value
2026-04-28 08:59:12.436 10 ERROR ovsdbapp.event raise RowNotFound(table=table, col=column, match=match)
2026-04-28 08:59:12.436 10 ERROR ovsdbapp.event ovsdbapp.backend.ovs_idl.idlutils.RowNotFound: Cannot find Logical_Switch_Port with name=fb7e0358-07ca-4bef-99c3-dea1ab843339
2026-04-28 08:59:12.436 10 ERROR ovsdbapp.event 
2026-04-28 08:59:12.455 10 INFO neutron.wsgi [req-dc9c9185-dda4-4792-a46d-6755bdccb440 req-b077755c-3060-4764-aafe-d17ed0feb795 56172e8c90ef45059602b768e6b9d171 fac1150d86bd43b48062b71e86218f90 - - default default] 199.19.213.205 "DELETE /v2.0/ports/fb7e0358-07ca-4bef-99c3-dea1ab843339 HTTP/1.1" status: 204 len: 173 time: 0.3528242
2026-04-28 08:59:12.552 10 INFO neutron.wsgi [req-dc9c9185-dda4-4792-a46d-6755bdccb440 req-82fc58af-db52-4573-9127-980903f070d3 1673306297ea46cea0e2e65a93c8fee4 cb1a5111c579418fa4a3f1cfa1f10d6c - - 4f80f72be974423bb1c156b6d22b4158 4f80f72be974423bb1c156b6d22b4158] 199.19.213.205 "GET /v2.0/ports?tenant_id=fac1150d86bd43b48062b71e86218f90&device_id=c6e2ed02-88db-4fe7-aecf-0f3de016a3c7 HTTP/1.1" status: 200 len: 2724 time: 0.0428896
2026-04-28 08:59:12.640 10 INFO neutron.wsgi [req-dc9c9185-dda4-4792-a46d-6755bdccb440 req-e5d7ba1e-f0e9-48dc-a07a-bb158fc8e84c 1673306297ea46cea0e2e65a93c8fee4 cb1a5111c579418fa4a3f1cfa1f10d6c - - 4f80f72be974423bb1c156b6d22b4158 4f80f72be974423bb1c156b6d22b4158] 199.19.213.205 "GET /v2.0/networks?id=5e1f6116-8bcb-4682-8370-ea8ea8e90dca&id=404698a0-e6f9-4253-99cb-c7ce73bd8d9c&id=f1236790-7915-4ce2-90ec-74d89dc898f3 HTTP/1.1" status: 200 len: 2518 time: 0.0784345
2026-04-28 08:59:12.672 10 INFO neutron.wsgi [req-dc9c9185-dda4-4792-a46d-6755bdccb440 req-6950ed94-5885-41ee-8a90-31a10dd9152d 1673306297ea46cea0e2e65a93c8fee4 cb1a5111c579418fa4a3f1cfa1f10d6c - - 4f80f72be974423bb1c156b6d22b4158 4f80f72be974423bb1c156b6d22b4158] 199.19.213.205 "GET /v2.0/floatingips?fixed_ip_address=172.24.2.150&port_id=4f026ec0-4048-4aca-80e0-82ba7db0429c HTTP/1.1" status: 200 len: 217 time: 0.0231433
2026-04-28 08:59:12.717 10 INFO neutron.wsgi [req-dc9c9185-dda4-4792-a46d-6755bdccb440 req-edb1d4fe-2ca1-4eed-8e25-183d749b2b60 1673306297ea46cea0e2e65a93c8fee4 cb1a5111c579418fa4a3f1cfa1f10d6c - - 4f80f72be974423bb1c156b6d22b4158 4f80f72be974423bb1c156b6d22b4158] 199.19.213.205 "GET /v2.0/subnets?id=43d486e9-29b1-4073-9e17-5298ca563219 HTTP/1.1" status: 200 len: 829 time: 0.0377848
2026-04-28 08:59:12.745 10 INFO neutron.wsgi [req-dc9c9185-dda4-4792-a46d-6755bdccb440 req-796f62c7-c244-4e27-931e-af6377e684b1 1673306297ea46cea0e2e65a93c8fee4 cb1a5111c579418fa4a3f1cfa1f10d6c - - 4f80f72be974423bb1c156b6d22b4158 4f80f72be974423bb1c156b6d22b4158] 199.19.213.205 "GET /v2.0/ports?network_id=5e1f6116-8bcb-4682-8370-ea8ea8e90dca&device_owner=network%3Adhcp HTTP/1.1" status: 200 len: 210 time: 0.0208950
2026-04-28 08:59:12.811 9 INFO neutron.wsgi [None req-d716dcc0-ce1f-4cb0-a1ac-d4d48c4bf909 56172e8c90ef45059602b768e6b9d171 fac1150d86bd43b48062b71e86218f90 - - default default] 199.19.213.205 "GET /v2.0/ports?device_id=c6e2ed02-88db-4fe7-aecf-0f3de016a3c7 HTTP/1.1" status: 200 len: 2724 time: 0.0371070
2026-04-28 08:59:12.812 10 INFO neutron.wsgi [req-dc9c9185-dda4-4792-a46d-6755bdccb440 req-60b77444-c2f4-4587-8c4a-393e5122b11c 1673306297ea46cea0e2e65a93c8fee4 cb1a5111c579418fa4a3f1cfa1f10d6c - - 4f80f72be974423bb1c156b6d22b4158 4f80f72be974423bb1c156b6d22b4158] 199.19.213.205 "GET /v2.0/networks/5e1f6116-8bcb-4682-8370-ea8ea8e90dca?fields=segments HTTP/1.1" status: 200 len: 212 time: 0.0590761
2026-04-28 08:59:12.833 9 INFO neutron.pecan_wsgi.hooks.translation [None req-9b44be4c-ced7-46dd-9552-b4f92691d9c5 56172e8c90ef45059602b768e6b9d171 fac1150d86bd43b48062b71e86218f90 - - default default] DELETE failed (client error): The resource could not be found.
2026-04-28 08:59:12.836 9 INFO neutron.wsgi [None req-9b44be4c-ced7-46dd-9552-b4f92691d9c5 56172e8c90ef45059602b768e6b9d171 fac1150d86bd43b48062b71e86218f90 - - default default] 199.19.213.205 "DELETE /v2.0/ports/fb7e0358-07ca-4bef-99c3-dea1ab843339 HTTP/1.1" status: 404 len: 338 time: 0.0178924
2026-04-28 08:59:12.881 10 INFO neutron.wsgi [req-dc9c9185-dda4-4792-a46d-6755bdccb440 req-3309a28c-0ae5-4961-85b3-ddd786f0d215 1673306297ea46cea0e2e65a93c8fee4 cb1a5111c579418fa4a3f1cfa1f10d6c - - 4f80f72be974423bb1c156b6d22b4158 4f80f72be974423bb1c156b6d22b4158] 199.19.213.205 "GET /v2.0/networks/5e1f6116-8bcb-4682-8370-ea8ea8e90dca?fields=provider%3Aphysical_network&fields=provider%3Anetwork_type HTTP/1.1" status: 200 len: 277 time: 0.0618441
2026-04-28 08:59:12.916 10 INFO neutron.wsgi [req-dc9c9185-dda4-4792-a46d-6755bdccb440 req-cd2256b9-633e-4a05-9cfe-d6d2e3a9cbaf 1673306297ea46cea0e2e65a93c8fee4 cb1a5111c579418fa4a3f1cfa1f10d6c - - 4f80f72be974423bb1c156b6d22b4158 4f80f72be974423bb1c156b6d22b4158] 199.19.213.205 "GET /v2.0/floatingips?fixed_ip_address=10.1.1.42&port_id=339366b1-e5aa-4aac-b41f-45df4b170611 HTTP/1.1" status: 200 len: 217 time: 0.0277913
2026-04-28 08:59:12.922 9 INFO neutron.wsgi [None req-7d7a5da4-4166-414e-9e6c-bc1e53773b00 56172e8c90ef45059602b768e6b9d171 fac1150d86bd43b48062b71e86218f90 - - default default] 199.19.213.205 "GET /v2.0/extensions/security-group HTTP/1.1" status: 200 len: 369 time: 0.0079892
2026-04-28 08:59:12.936 9 INFO neutron.wsgi [None req-a4b6a099-25ca-49da-85fc-52da7839da58 56172e8c90ef45059602b768e6b9d171 fac1150d86bd43b48062b71e86218f90 - - default default] 199.19.213.205 "GET /v2.0/extensions/dns-integration HTTP/1.1" status: 200 len: 371 time: 0.0051534
2026-04-28 08:59:12.945 9 INFO neutron.wsgi [None req-4a38726e-df15-45f7-96eb-41b72757bae4 56172e8c90ef45059602b768e6b9d171 fac1150d86bd43b48062b71e86218f90 - - default default] 199.19.213.205 "GET /v2.0/extensions/qos HTTP/1.1" status: 200 len: 365 time: 0.0046713
2026-04-28 08:59:12.953 10 INFO neutron.wsgi [req-dc9c9185-dda4-4792-a46d-6755bdccb440 req-84dba6d8-08f5-437b-9a22-a27f928c18a6 1673306297ea46cea0e2e65a93c8fee4 cb1a5111c579418fa4a3f1cfa1f10d6c - - 4f80f72be974423bb1c156b6d22b4158 4f80f72be974423bb1c156b6d22b4158] 199.19.213.205 "GET /v2.0/subnets?id=61ecb551-164d-4fd1-a203-48989cc4c64e HTTP/1.1" status: 200 len: 853 time: 0.0283160
2026-04-28 08:59:12.958 9 INFO neutron.wsgi [None req-fb2112be-10c1-4248-b6cb-8ece65eebaa3 56172e8c90ef45059602b768e6b9d171 fac1150d86bd43b48062b71e86218f90 - - default default] 199.19.213.205 "GET /v2.0/extensions/allowed-address-pairs HTTP/1.1" status: 200 len: 383 time: 0.0057335
2026-04-28 08:59:12.986 10 INFO neutron.wsgi [req-dc9c9185-dda4-4792-a46d-6755bdccb440 req-f2ba3a93-06d5-46ef-87ea-d051037c741f 1673306297ea46cea0e2e65a93c8fee4 cb1a5111c579418fa4a3f1cfa1f10d6c - - 4f80f72be974423bb1c156b6d22b4158 4f80f72be974423bb1c156b6d22b4158] 199.19.213.205 "GET /v2.0/ports?network_id=404698a0-e6f9-4253-99cb-c7ce73bd8d9c&device_owner=network%3Adhcp HTTP/1.1" status: 200 len: 210 time: 0.0259216
2026-04-28 08:59:13.004 9 INFO neutron.wsgi [None req-10f4f50e-8039-4750-97c0-33b0d5b9adc3 56172e8c90ef45059602b768e6b9d171 fac1150d86bd43b48062b71e86218f90 - - default default] 199.19.213.205 "GET /v2.0/subnets/61ecb551-164d-4fd1-a203-48989cc4c64e HTTP/1.1" status: 200 len: 850 time: 0.0385258
2026-04-28 08:59:13.050 9 INFO neutron.wsgi [None req-29c19699-0daf-4f3e-9f97-fc1338b0bc21 56172e8c90ef45059602b768e6b9d171 fac1150d86bd43b48062b71e86218f90 - - default default] 199.19.213.205 "GET /v2.0/ports/cfc47d45-fd70-4534-9ff1-56f31e0c2675 HTTP/1.1" status: 200 len: 1340 time: 0.0376680
2026-04-28 08:59:13.063 10 INFO neutron.wsgi [req-dc9c9185-dda4-4792-a46d-6755bdccb440 req-13a3a41e-f1ed-4b66-9ff2-e6885708d088 1673306297ea46cea0e2e65a93c8fee4 cb1a5111c579418fa4a3f1cfa1f10d6c - - 4f80f72be974423bb1c156b6d22b4158 4f80f72be974423bb1c156b6d22b4158] 199.19.213.205 "GET /v2.0/networks/404698a0-e6f9-4253-99cb-c7ce73bd8d9c?fields=segments HTTP/1.1" status: 200 len: 212 time: 0.0727186
2026-04-28 08:59:13.096 9 INFO neutron.wsgi [None req-e7a573e1-5209-4b69-aa53-2d64e5fc405c 56172e8c90ef45059602b768e6b9d171 fac1150d86bd43b48062b71e86218f90 - - default default] 199.19.213.205 "GET /v2.0/ports/339366b1-e5aa-4aac-b41f-45df4b170611 HTTP/1.1" status: 200 len: 1515 time: 0.0398891
2026-04-28 08:59:13.132 9 INFO neutron.wsgi [None req-3b1a7673-3de9-48d3-9294-b8ae6b49ec30 56172e8c90ef45059602b768e6b9d171 fac1150d86bd43b48062b71e86218f90 - - default default] 199.19.213.205 "GET /v2.0/subnets/61ecb551-164d-4fd1-a203-48989cc4c64e HTTP/1.1" status: 200 len: 850 time: 0.0326917
2026-04-28 08:59:13.133 10 INFO neutron.wsgi [req-dc9c9185-dda4-4792-a46d-6755bdccb440 req-46d89b5b-b6b5-47a6-91ec-001f8fbae9d7 1673306297ea46cea0e2e65a93c8fee4 cb1a5111c579418fa4a3f1cfa1f10d6c - - 4f80f72be974423bb1c156b6d22b4158 4f80f72be974423bb1c156b6d22b4158] 199.19.213.205 "GET /v2.0/networks/404698a0-e6f9-4253-99cb-c7ce73bd8d9c?fields=provider%3Aphysical_network&fields=provider%3Anetwork_type HTTP/1.1" status: 200 len: 277 time: 0.0605285
2026-04-28 08:59:13.212 9 INFO neutron.wsgi [None req-533f204c-e42a-4b66-b693-2aad8769456a 56172e8c90ef45059602b768e6b9d171 fac1150d86bd43b48062b71e86218f90 - - default default] 199.19.213.205 "GET /v2.0/networks/404698a0-e6f9-4253-99cb-c7ce73bd8d9c HTTP/1.1" status: 200 len: 1002 time: 0.0744917
2026-04-28 08:59:13.257 9 INFO neutron.wsgi [None req-059baf76-29ac-4dd0-b1a1-4cec9388083b 56172e8c90ef45059602b768e6b9d171 fac1150d86bd43b48062b71e86218f90 - - default default] 199.19.213.205 "GET /v2.0/ports/cfc47d45-fd70-4534-9ff1-56f31e0c2675 HTTP/1.1" status: 200 len: 1340 time: 0.0371161
2026-04-28 08:59:13.298 9 INFO neutron.wsgi [None req-87ef0f91-107a-4f04-84d9-e897495a0a90 56172e8c90ef45059602b768e6b9d171 fac1150d86bd43b48062b71e86218f90 - - default default] 199.19.213.205 "GET /v2.0/subnets/61ecb551-164d-4fd1-a203-48989cc4c64e HTTP/1.1" status: 200 len: 850 time: 0.0332441
2026-04-28 08:59:14.251 10 INFO neutron.notifiers.nova [-] Nova event matching ['req-08c37112-8a89-4e20-9268-8c439400d1a1'] response: {'server_uuid': 'c6e2ed02-88db-4fe7-aecf-0f3de016a3c7', 'name': 'network-vif-plugged', 'status': 'completed', 'tag': 'fb7e0358-07ca-4bef-99c3-dea1ab843339', 'code': 200}
2026-04-28 08:59:14.252 10 INFO neutron.notifiers.nova [-] Nova event matching ['req-08c37112-8a89-4e20-9268-8c439400d1a1'] response: {'server_uuid': 'c6e2ed02-88db-4fe7-aecf-0f3de016a3c7', 'name': 'network-vif-deleted', 'tag': 'fb7e0358-07ca-4bef-99c3-dea1ab843339', 'status': 'completed', 'code': 200}
2026-04-28 08:59:17.521 10 INFO neutron.wsgi [req-309ed3cc-0fb2-4aaa-b0a6-87474808606b req-64e6741f-ebcb-44ad-8d23-71a686ac64c8 1673306297ea46cea0e2e65a93c8fee4 cb1a5111c579418fa4a3f1cfa1f10d6c - - 4f80f72be974423bb1c156b6d22b4158 4f80f72be974423bb1c156b6d22b4158] 199.19.213.205 "GET /v2.0/ports?device_id=57e674c5-9cc3-4af5-a457-baaab390827b&fields=binding%3Ahost_id&fields=binding%3Avif_type HTTP/1.1" status: 200 len: 265 time: 0.0412986
2026-04-28 08:59:17.606 10 INFO neutron.wsgi [req-309ed3cc-0fb2-4aaa-b0a6-87474808606b req-99601632-5d69-4136-afc5-304478686a6e 1673306297ea46cea0e2e65a93c8fee4 cb1a5111c579418fa4a3f1cfa1f10d6c - - 4f80f72be974423bb1c156b6d22b4158 4f80f72be974423bb1c156b6d22b4158] 199.19.213.205 "GET /v2.0/ports?tenant_id=d7d18da476e746bfbc0837caee14e6dd&device_id=57e674c5-9cc3-4af5-a457-baaab390827b HTTP/1.1" status: 200 len: 1638 time: 0.0399599
2026-04-28 08:59:17.692 10 INFO neutron.wsgi [req-309ed3cc-0fb2-4aaa-b0a6-87474808606b req-e1d26fcc-02e4-400a-9129-e19df332ea8e 1673306297ea46cea0e2e65a93c8fee4 cb1a5111c579418fa4a3f1cfa1f10d6c - - 4f80f72be974423bb1c156b6d22b4158 4f80f72be974423bb1c156b6d22b4158] 199.19.213.205 "GET /v2.0/networks?id=f1236790-7915-4ce2-90ec-74d89dc898f3 HTTP/1.1" status: 200 len: 1001 time: 0.0691054
2026-04-28 08:59:17.751 10 INFO neutron.wsgi [req-309ed3cc-0fb2-4aaa-b0a6-87474808606b req-5f76ce22-2e7d-449b-9b11-1b746950f72a 1673306297ea46cea0e2e65a93c8fee4 cb1a5111c579418fa4a3f1cfa1f10d6c - - 4f80f72be974423bb1c156b6d22b4158 4f80f72be974423bb1c156b6d22b4158] 199.19.213.205 "GET /v2.0/floatingips?fixed_ip_address=10.2.1.205&port_id=eac8526f-e98f-453b-a921-77140c37bdf7 HTTP/1.1" status: 200 len: 1059 time: 0.0517280
2026-04-28 08:59:17.787 10 INFO neutron.wsgi [req-309ed3cc-0fb2-4aaa-b0a6-87474808606b req-707ed6fe-071d-4b55-bd06-0d7564aae472 1673306297ea46cea0e2e65a93c8fee4 cb1a5111c579418fa4a3f1cfa1f10d6c - - 4f80f72be974423bb1c156b6d22b4158 4f80f72be974423bb1c156b6d22b4158] 199.19.213.205 "GET /v2.0/floatingips?fixed_ip_address=fd7b%3Af9f7%3Afff%3A4eca%3A%3A301&port_id=eac8526f-e98f-453b-a921-77140c37bdf7 HTTP/1.1" status: 200 len: 217 time: 0.0303371
2026-04-28 08:59:17.839 10 INFO neutron.wsgi [req-309ed3cc-0fb2-4aaa-b0a6-87474808606b req-d7250ff1-9ccd-4fac-b9ab-410d326313b9 1673306297ea46cea0e2e65a93c8fee4 cb1a5111c579418fa4a3f1cfa1f10d6c - - 4f80f72be974423bb1c156b6d22b4158 4f80f72be974423bb1c156b6d22b4158] 199.19.213.205 "GET /v2.0/subnets?id=8cbc7b31-58db-4486-af88-2e9bce2e0c8d&id=292b6f8c-b9e7-4954-8221-829cca44c0e1 HTTP/1.1" status: 200 len: 1561 time: 0.0487614
2026-04-28 08:59:17.864 10 INFO neutron.wsgi [req-309ed3cc-0fb2-4aaa-b0a6-87474808606b req-2ef5c063-e974-4230-9455-338e3284a3e7 1673306297ea46cea0e2e65a93c8fee4 cb1a5111c579418fa4a3f1cfa1f10d6c - - 4f80f72be974423bb1c156b6d22b4158 4f80f72be974423bb1c156b6d22b4158] 199.19.213.205 "GET /v2.0/ports?network_id=f1236790-7915-4ce2-90ec-74d89dc898f3&device_owner=network%3Adhcp HTTP/1.1" status: 200 len: 210 time: 0.0205684
2026-04-28 08:59:17.893 10 INFO neutron.wsgi [req-309ed3cc-0fb2-4aaa-b0a6-87474808606b req-4997a927-3e53-47a9-9310-b6678747b73d 1673306297ea46cea0e2e65a93c8fee4 cb1a5111c579418fa4a3f1cfa1f10d6c - - 4f80f72be974423bb1c156b6d22b4158 4f80f72be974423bb1c156b6d22b4158] 199.19.213.205 "GET /v2.0/ports?network_id=f1236790-7915-4ce2-90ec-74d89dc898f3&device_owner=network%3Adhcp HTTP/1.1" status: 200 len: 210 time: 0.0243673
2026-04-28 08:59:17.971 10 INFO neutron.wsgi [req-309ed3cc-0fb2-4aaa-b0a6-87474808606b req-a1093178-2845-4d0e-a059-eb48a4e95512 1673306297ea46cea0e2e65a93c8fee4 cb1a5111c579418fa4a3f1cfa1f10d6c - - 4f80f72be974423bb1c156b6d22b4158 4f80f72be974423bb1c156b6d22b4158] 199.19.213.205 "GET /v2.0/networks/f1236790-7915-4ce2-90ec-74d89dc898f3?fields=segments HTTP/1.1" status: 200 len: 212 time: 0.0698235
2026-04-28 08:59:18.055 10 INFO neutron.wsgi [req-309ed3cc-0fb2-4aaa-b0a6-87474808606b req-b696ca35-a35a-4042-a5aa-d89acd868aca 1673306297ea46cea0e2e65a93c8fee4 cb1a5111c579418fa4a3f1cfa1f10d6c - - 4f80f72be974423bb1c156b6d22b4158 4f80f72be974423bb1c156b6d22b4158] 199.19.213.205 "GET /v2.0/networks/f1236790-7915-4ce2-90ec-74d89dc898f3?fields=provider%3Aphysical_network&fields=provider%3Anetwork_type HTTP/1.1" status: 200 len: 277 time: 0.0793104
2026-04-28 08:59:19.318 9 INFO neutron.wsgi [-] 10.0.0.12 "GET / HTTP/1.1" status: 200 len: 246 time: 0.0018249
2026-04-28 08:59:19.320 10 INFO neutron.wsgi [-] 10.0.0.12 "GET / HTTP/1.1" status: 200 len: 246 time: 0.0037017
2026-04-28 08:59:22.285 9 INFO neutron.wsgi [None req-7281d498-6c79-4432-a872-ddc19106c300 56172e8c90ef45059602b768e6b9d171 fac1150d86bd43b48062b71e86218f90 - - default default] 199.19.213.205 "GET /v2.0/extensions/security-group HTTP/1.1" status: 200 len: 369 time: 0.0057132
2026-04-28 08:59:22.292 9 INFO neutron.wsgi [None req-31f29b82-eddd-4031-ace3-8fab7a066f78 56172e8c90ef45059602b768e6b9d171 fac1150d86bd43b48062b71e86218f90 - - default default] 199.19.213.205 "GET /v2.0/extensions/dns-integration HTTP/1.1" status: 200 len: 371 time: 0.0039370
2026-04-28 08:59:22.300 9 INFO neutron.wsgi [None req-01a1baa4-0273-4735-8116-82e0885d08c5 56172e8c90ef45059602b768e6b9d171 fac1150d86bd43b48062b71e86218f90 - - default default] 199.19.213.205 "GET /v2.0/extensions/qos HTTP/1.1" status: 200 len: 365 time: 0.0033796
2026-04-28 08:59:22.308 9 INFO neutron.wsgi [None req-19dc8c7c-31ea-45ce-b64c-c206bf34cffb 56172e8c90ef45059602b768e6b9d171 fac1150d86bd43b48062b71e86218f90 - - default default] 199.19.213.205 "GET /v2.0/extensions/allowed-address-pairs HTTP/1.1" status: 200 len: 383 time: 0.0039508
2026-04-28 08:59:22.358 9 INFO neutron.wsgi [None req-877e582e-61bc-4df9-a85e-a0810d96f170 56172e8c90ef45059602b768e6b9d171 fac1150d86bd43b48062b71e86218f90 - - default default] 199.19.213.205 "GET /v2.0/security-groups?name=lb-ec42cd41-7b6e-4cd4-8bae-16a284d90ba2 HTTP/1.1" status: 200 len: 2941 time: 0.0440793
2026-04-28 08:59:22.394 9 INFO neutron.wsgi [None req-a8576b6b-4431-40e2-974d-6de42334c671 56172e8c90ef45059602b768e6b9d171 fac1150d86bd43b48062b71e86218f90 - - default default] 199.19.213.205 "GET /v2.0/security-group-rules?security_group_id=ad21aa97-2893-47c0-a71f-5c9dfab69bbc HTTP/1.1" status: 200 len: 2406 time: 0.0284510
2026-04-28 08:59:22.514 9 INFO neutron.wsgi [None req-8132507b-2192-4260-b43f-103c8eaf07da 56172e8c90ef45059602b768e6b9d171 fac1150d86bd43b48062b71e86218f90 - - default default] 199.19.213.205 "DELETE /v2.0/security-group-rules/0758d610-49cf-4e86-ad9f-6014805d7c4d HTTP/1.1" status: 204 len: 173 time: 0.1124792
2026-04-28 08:59:22.639 9 INFO neutron.wsgi [None req-4d1c87d5-9a2e-4aff-a06c-93b66ea22487 56172e8c90ef45059602b768e6b9d171 fac1150d86bd43b48062b71e86218f90 - - default default] 199.19.213.205 "DELETE /v2.0/security-group-rules/dfb337b3-9f62-41eb-9bb4-692d47272e3f HTTP/1.1" status: 204 len: 173 time: 0.1175957
2026-04-28 08:59:27.018 10 INFO neutron.db.l3_db [None req-2d28f47d-127b-46de-97c3-e6645231a432 ad808c3a06f44f239d6df8796be1f187 d7d18da476e746bfbc0837caee14e6dd - - default default] Floating IP ec1fd1ce-ddd7-4eb9-a585-e791e5e0f74d disassociated (deleted). External IP: 10.96.250.211, port: cfc47d45-fd70-4534-9ff1-56f31e0c2675.
2026-04-28 08:59:27.067 10 INFO neutron.wsgi [None req-2d28f47d-127b-46de-97c3-e6645231a432 ad808c3a06f44f239d6df8796be1f187 d7d18da476e746bfbc0837caee14e6dd - - default default] 10.0.0.101 "DELETE /v2.0/floatingips/ec1fd1ce-ddd7-4eb9-a585-e791e5e0f74d HTTP/1.1" status: 204 len: 168 time: 0.4120157
2026-04-28 08:59:27.091 10 INFO neutron.api.v2.resource [None req-d91f7063-c2af-46fa-9c8c-420e10d2bb06 ad808c3a06f44f239d6df8796be1f187 d7d18da476e746bfbc0837caee14e6dd - - default default] show failed (client error): The resource could not be found.
