2026-04-28 08:55:21.453 9 INFO neutron.services.segments.plugin [-] Segment 7db45ad6-9938-4278-b545-2b4aa94e7be5 resource provider not found; error: Placement Client Error (4xx): {"errors": [{"status": 404, "title": "Not Found", "detail": "The resource could not be found.\n\n No resource provider with uuid 7db45ad6-9938-4278-b545-2b4aa94e7be5 found for delete ", "request_id": "req-31d69e36-cc5a-4b47-84e1-7286fc2c2984"}]}
2026-04-28 08:55:21.454 9 INFO neutron.services.segments.plugin [-] Segment 7db45ad6-9938-4278-b545-2b4aa94e7be5 resource provider not found; error: Placement Client Error (4xx): {"errors": [{"status": 404, "title": "Not Found", "detail": "The resource could not be found.\n\n No resource provider with uuid 7db45ad6-9938-4278-b545-2b4aa94e7be5 found for delete ", "request_id": "req-58a92466-4efd-49ba-b28e-a7c74540112f"}]}
2026-04-28 08:55:21.484 9 INFO neutron.wsgi [None req-a7b3ed81-2cf0-4275-9e98-edbf8109f903 60b2650438d64a4191ad197ca96486b2 9f90088d75af463abd5a2e2fec4d7328 - - default default] 10.0.0.101 "DELETE /v2.0/networks/8a256aca-ad8f-4c1e-a1e2-97d0a1824b63 HTTP/1.1" status: 204 len: 168 time: 0.5519240
2026-04-28 08:55:21.563 9 INFO neutron.db.ovn_revision_numbers_db [None req-2553f45d-6e9a-4e0c-ab7f-965bfbfbe0de d56a67e10a06437eb1d0248102661769 7525c3660c2b4b239daf4fd307eccf65 - - default default] Successfully bumped revision number for resource d06e41e3-5bb9-4e9e-99be-d90b7c09accd (type: router_ports) to 2
2026-04-28 08:55:21.565 9 INFO neutron.wsgi [None req-2553f45d-6e9a-4e0c-ab7f-965bfbfbe0de d56a67e10a06437eb1d0248102661769 7525c3660c2b4b239daf4fd307eccf65 - - default default] 10.0.0.101 "PUT /v2.0/routers/4eaee18d-c4fa-4a95-9943-97f821688e6d/add_router_interface HTTP/1.1" status: 200 len: 503 time: 2.2539783
2026-04-28 08:55:21.619 10 INFO neutron.wsgi [None req-d5df2061-5319-41fd-aa62-d7df508848ba d56a67e10a06437eb1d0248102661769 7525c3660c2b4b239daf4fd307eccf65 - - default default] 10.0.0.101 "GET /v2.0/ports/d06e41e3-5bb9-4e9e-99be-d90b7c09accd HTTP/1.1" status: 200 len: 1203 time: 0.0486858
2026-04-28 08:55:21.781 10 INFO neutron.services.segments.plugin [-] Segment e5140f1f-112b-4074-a04a-2b362cc93f5c resource provider aggregate not found
2026-04-28 08:55:21.787 10 INFO neutron.services.segments.plugin [-] Segment e5140f1f-112b-4074-a04a-2b362cc93f5c resource provider aggregate not found
2026-04-28 08:55:21.816 10 INFO neutron.services.segments.plugin [-] Segment e5140f1f-112b-4074-a04a-2b362cc93f5c resource provider not found; error: Placement Client Error (4xx): {"errors": [{"status": 404, "title": "Not Found", "detail": "The resource could not be found.\n\n No resource provider with uuid e5140f1f-112b-4074-a04a-2b362cc93f5c found for delete ", "request_id": "req-e2a7a424-866b-48e7-b68e-70b765cb4f6d"}]}
2026-04-28 08:55:21.822 10 INFO neutron.services.segments.plugin [-] Segment e5140f1f-112b-4074-a04a-2b362cc93f5c resource provider not found; error: Placement Client Error (4xx): {"errors": [{"status": 404, "title": "Not Found", "detail": "The resource could not be found.\n\n No resource provider with uuid e5140f1f-112b-4074-a04a-2b362cc93f5c found for delete ", "request_id": "req-6456fbf7-6bad-4c54-8b22-1fb6be02fa91"}]}
2026-04-28 08:55:21.878 10 INFO neutron.wsgi [None req-a307424d-5a2e-4bd5-aaf6-6542ec573c2d 96a132e070c541f5b042260eba316681 c0c41e35c43b429f8c6b51c77d7d01c3 - - default default] 10.0.0.101 "DELETE /v2.0/networks/7844d8dd-6739-4a21-8c20-81896a897ffd HTTP/1.1" status: 204 len: 168 time: 0.5771890
2026-04-28 08:55:22.039 9 INFO neutron.db.ovn_revision_numbers_db [None req-7b123782-61de-411d-a560-61d5e0aca7ae 56172e8c90ef45059602b768e6b9d171 fac1150d86bd43b48062b71e86218f90 - - default default] Successfully bumped revision number for resource 6e1a6d75-2752-48df-af87-d310ca50e989 (type: security_groups) to 1
2026-04-28 08:55:22.061 9 INFO neutron.db.ovn_revision_numbers_db [None req-7b123782-61de-411d-a560-61d5e0aca7ae 56172e8c90ef45059602b768e6b9d171 fac1150d86bd43b48062b71e86218f90 - - default default] Successfully bumped revision number for resource 112ce5a6-e012-4e7e-9406-b441b93e2f68 (type: security_group_rules) to 0
2026-04-28 08:55:22.080 9 INFO neutron.db.ovn_revision_numbers_db [None req-7b123782-61de-411d-a560-61d5e0aca7ae 56172e8c90ef45059602b768e6b9d171 fac1150d86bd43b48062b71e86218f90 - - default default] Successfully bumped revision number for resource 484e17fe-a223-4ff4-b466-875bd015e8b3 (type: security_group_rules) to 0
2026-04-28 08:55:22.119 9 INFO neutron.db.ovn_revision_numbers_db [None req-7b123782-61de-411d-a560-61d5e0aca7ae 56172e8c90ef45059602b768e6b9d171 fac1150d86bd43b48062b71e86218f90 - - default default] Successfully bumped revision number for resource 937bfc37-c94e-41db-99da-2597d5e3bf92 (type: security_group_rules) to 0
2026-04-28 08:55:22.153 9 INFO neutron.wsgi [None req-82a2b5bb-cf5f-497b-ae98-c4dd1ea54b6a 60b2650438d64a4191ad197ca96486b2 9f90088d75af463abd5a2e2fec4d7328 - - default default] 10.0.0.101 "DELETE /v2.0/networks/517d05c7-9cda-47bb-95cf-158b314cdb29 HTTP/1.1" status: 204 len: 168 time: 0.6633058
2026-04-28 08:55:22.155 9 INFO neutron.db.ovn_revision_numbers_db [None req-7b123782-61de-411d-a560-61d5e0aca7ae 56172e8c90ef45059602b768e6b9d171 fac1150d86bd43b48062b71e86218f90 - - default default] Successfully bumped revision number for resource c86b0000-0155-48ab-88b0-d44dfcecac36 (type: security_group_rules) to 0
2026-04-28 08:55:22.194 9 INFO neutron.wsgi [None req-7b123782-61de-411d-a560-61d5e0aca7ae 56172e8c90ef45059602b768e6b9d171 fac1150d86bd43b48062b71e86218f90 - - default default] 10.0.0.101 "GET /v2.0/security-groups?tenant_id=6888bbbd75864fdba54c1bec381df332&name=default HTTP/1.1" status: 200 len: 2996 time: 0.6630847
2026-04-28 08:55:22.284 9 INFO neutron.db.segments_db [None req-ab8c72fc-0762-4e03-9287-bafa8b7e33d7 60b2650438d64a4191ad197ca96486b2 9f90088d75af463abd5a2e2fec4d7328 - - default default] Added segment fcadb7cc-b868-4b1c-bf61-b57bd0ca1afa of type geneve for network 9220e8d2-7739-4876-be93-3c422c49e167
2026-04-28 08:55:22.300 10 WARNING neutron.plugins.ml2.drivers.ovn.mech_driver.ovsdb.ovn_client [None req-f510634f-91cc-4364-8747-c1e950e212a6 - - - - - -] No port found with ID 5e62eba6-99a3-46cd-b5c5-d9aa9b1cbf37: RuntimeError: No port found with ID 5e62eba6-99a3-46cd-b5c5-d9aa9b1cbf37
2026-04-28 08:55:22.300 10 INFO neutron.plugins.ml2.drivers.ovn.mech_driver.mech_driver [None req-f510634f-91cc-4364-8747-c1e950e212a6 - - - - - -] OVN reports status up for port: d06e41e3-5bb9-4e9e-99be-d90b7c09accd
2026-04-28 08:55:22.318 10 INFO neutron.plugins.ml2.plugin [None req-f510634f-91cc-4364-8747-c1e950e212a6 - - - - - -] Attempt 1 to provision port d06e41e3-5bb9-4e9e-99be-d90b7c09accd
2026-04-28 08:55:22.622 9 INFO neutron.db.ovn_revision_numbers_db [None req-ab8c72fc-0762-4e03-9287-bafa8b7e33d7 60b2650438d64a4191ad197ca96486b2 9f90088d75af463abd5a2e2fec4d7328 - - default default] Successfully bumped revision number for resource 9220e8d2-7739-4876-be93-3c422c49e167 (type: networks) to 1
2026-04-28 08:55:22.659 9 INFO neutron.wsgi [None req-8ab40083-4d49-41e1-8ff0-989735afa875 56172e8c90ef45059602b768e6b9d171 fac1150d86bd43b48062b71e86218f90 - - default default] 10.0.0.101 "DELETE /v2.0/security-groups/6e1a6d75-2752-48df-af87-d310ca50e989 HTTP/1.1" status: 204 len: 168 time: 0.4598181
2026-04-28 08:55:22.840 10 ERROR neutron_lib.callbacks.manager [None req-f510634f-91cc-4364-8747-c1e950e212a6 - - - - - -] Error during notification for neutron.services.ovn_l3.plugin.OVNL3RouterPlugin._port_update-8738332935856 port, after_update: neutron.db.ovn_revision_numbers_db.StandardAttributeIDNotFound: Standard attribute ID not found for d06e41e3-5bb9-4e9e-99be-d90b7c09accd
2026-04-28 08:55:22.840 10 ERROR neutron_lib.callbacks.manager
Traceback (most recent call last):
2026-04-28 08:55:22.840 10 ERROR neutron_lib.callbacks.manager
File "/var/lib/openstack/lib/python3.10/site-packages/neutron/db/ovn_revision_numbers_db.py", line 100, in _get_standard_attr_id
2026-04-28 08:55:22.840 10 ERROR neutron_lib.callbacks.manager id=resource_uuid).one()
2026-04-28 08:55:22.840 10 ERROR neutron_lib.callbacks.manager
File "/var/lib/openstack/lib/python3.10/site-packages/sqlalchemy/orm/query.py", line 2869, in one
2026-04-28 08:55:22.840 10 ERROR neutron_lib.callbacks.manager return self._iter().one()
2026-04-28 08:55:22.840 10 ERROR neutron_lib.callbacks.manager
File "/var/lib/openstack/lib/python3.10/site-packages/sqlalchemy/engine/result.py", line 1476, in one
2026-04-28 08:55:22.840 10 ERROR neutron_lib.callbacks.manager return self._only_one_row(
2026-04-28 08:55:22.840 10 ERROR neutron_lib.callbacks.manager
File "/var/lib/openstack/lib/python3.10/site-packages/sqlalchemy/engine/result.py", line 562, in _only_one_row
2026-04-28 08:55:22.840 10 ERROR neutron_lib.callbacks.manager raise exc.NoResultFound(
2026-04-28 08:55:22.840 10 ERROR neutron_lib.callbacks.manager sqlalchemy.exc.NoResultFound: No row was found when one was required
2026-04-28 08:55:22.840 10 ERROR neutron_lib.callbacks.manager
2026-04-28 08:55:22.840 10 ERROR neutron_lib.callbacks.manager During handling of the above exception, another exception occurred:
2026-04-28 08:55:22.840 10 ERROR neutron_lib.callbacks.manager
2026-04-28 08:55:22.840 10 ERROR neutron_lib.callbacks.manager
Traceback (most recent call last):
2026-04-28 08:55:22.840 10 ERROR neutron_lib.callbacks.manager
File "/var/lib/openstack/lib/python3.10/site-packages/neutron_lib/callbacks/manager.py", line 189, in _notify_loop
2026-04-28 08:55:22.840 10 ERROR neutron_lib.callbacks.manager callback.method(resource, event, trigger, payload=payload)
2026-04-28 08:55:22.840 10 ERROR neutron_lib.callbacks.manager
File "/var/lib/openstack/lib/python3.10/site-packages/neutron/services/ovn_l3/plugin.py", line 533, in _port_update
2026-04-28 08:55:22.840 10 ERROR neutron_lib.callbacks.manager l3plugin._ovn_client.update_router_port(context,
2026-04-28 08:55:22.840 10 ERROR neutron_lib.callbacks.manager
File "/var/lib/openstack/lib/python3.10/site-packages/neutron/plugins/ml2/drivers/ovn/mech_driver/ovsdb/ovn_client.py", line 1796, in update_router_port
2026-04-28 08:55:22.840 10 ERROR neutron_lib.callbacks.manager db_rev.bump_revision(
2026-04-28 08:55:22.840 10 ERROR neutron_lib.callbacks.manager
File "/var/lib/openstack/lib/python3.10/site-packages/neutron_lib/db/api.py", line 226, in wrapped
2026-04-28 08:55:22.840 10 ERROR neutron_lib.callbacks.manager return f_with_retry(*args, **kwargs,
2026-04-28 08:55:22.840 10 ERROR neutron_lib.callbacks.manager
File "/var/lib/openstack/lib/python3.10/site-packages/neutron_lib/db/api.py", line 140, in wrapped
2026-04-28 08:55:22.840 10 ERROR neutron_lib.callbacks.manager with excutils.save_and_reraise_exception():
2026-04-28 08:55:22.840 10 ERROR neutron_lib.callbacks.manager
File "/var/lib/openstack/lib/python3.10/site-packages/oslo_utils/excutils.py", line 227, in __exit__
2026-04-28 08:55:22.840 10 ERROR neutron_lib.callbacks.manager self.force_reraise()
2026-04-28 08:55:22.840 10 ERROR neutron_lib.callbacks.manager
File "/var/lib/openstack/lib/python3.10/site-packages/oslo_utils/excutils.py", line 200, in force_reraise
2026-04-28 08:55:22.840 10 ERROR neutron_lib.callbacks.manager raise self.value
2026-04-28 08:55:22.840 10 ERROR neutron_lib.callbacks.manager
File "/var/lib/openstack/lib/python3.10/site-packages/neutron_lib/db/api.py", line 138, in wrapped
2026-04-28 08:55:22.840 10 ERROR neutron_lib.callbacks.manager return f(*args, **kwargs)
2026-04-28 08:55:22.840 10 ERROR neutron_lib.callbacks.manager
File "/var/lib/openstack/lib/python3.10/site-packages/oslo_db/api.py", line 144, in wrapper
2026-04-28 08:55:22.840 10 ERROR neutron_lib.callbacks.manager with excutils.save_and_reraise_exception() as ectxt:
2026-04-28 08:55:22.840 10 ERROR neutron_lib.callbacks.manager
File "/var/lib/openstack/lib/python3.10/site-packages/oslo_utils/excutils.py", line 227, in __exit__
2026-04-28 08:55:22.840 10 ERROR neutron_lib.callbacks.manager self.force_reraise()
2026-04-28 08:55:22.840 10 ERROR neutron_lib.callbacks.manager
File "/var/lib/openstack/lib/python3.10/site-packages/oslo_utils/excutils.py", line 200, in force_reraise
2026-04-28 08:55:22.840 10 ERROR neutron_lib.callbacks.manager raise self.value
2026-04-28 08:55:22.840 10 ERROR neutron_lib.callbacks.manager
File "/var/lib/openstack/lib/python3.10/site-packages/oslo_db/api.py", line 142, in wrapper
2026-04-28 08:55:22.840 10 ERROR neutron_lib.callbacks.manager return f(*args, **kwargs)
2026-04-28 08:55:22.840 10 ERROR neutron_lib.callbacks.manager
File "/var/lib/openstack/lib/python3.10/site-packages/neutron_lib/db/api.py", line 186, in wrapped
2026-04-28 08:55:22.840 10 ERROR neutron_lib.callbacks.manager with excutils.save_and_reraise_exception():
2026-04-28 08:55:22.840 10 ERROR neutron_lib.callbacks.manager
File "/var/lib/openstack/lib/python3.10/site-packages/oslo_utils/excutils.py", line 227, in __exit__
2026-04-28 08:55:22.840 10 ERROR neutron_lib.callbacks.manager self.force_reraise()
2026-04-28 08:55:22.840 10 ERROR neutron_lib.callbacks.manager
File "/var/lib/openstack/lib/python3.10/site-packages/oslo_utils/excutils.py", line 200, in force_reraise
2026-04-28 08:55:22.840 10 ERROR neutron_lib.callbacks.manager raise self.value
2026-04-28 08:55:22.840 10 ERROR neutron_lib.callbacks.manager
File "/var/lib/openstack/lib/python3.10/site-packages/neutron_lib/db/api.py", line 184, in wrapped
2026-04-28 08:55:22.840 10 ERROR neutron_lib.callbacks.manager return f(*dup_args, **dup_kwargs)
2026-04-28 08:55:22.840 10 ERROR neutron_lib.callbacks.manager
File "/var/lib/openstack/lib/python3.10/site-packages/neutron/db/ovn_revision_numbers_db.py", line 186, in bump_revision
2026-04-28 08:55:22.840 10 ERROR neutron_lib.callbacks.manager std_attr_id = _get_standard_attr_id(context, resource['id'],
2026-04-28 08:55:22.840 10 ERROR neutron_lib.callbacks.manager
File "/var/lib/openstack/lib/python3.10/site-packages/neutron/db/ovn_revision_numbers_db.py", line 103, in _get_standard_attr_id
2026-04-28 08:55:22.840 10 ERROR neutron_lib.callbacks.manager raise StandardAttributeIDNotFound(resource_uuid=resource_uuid)
2026-04-28 08:55:22.840 10 ERROR neutron_lib.callbacks.manager neutron.db.ovn_revision_numbers_db.StandardAttributeIDNotFound: Standard attribute ID not found for d06e41e3-5bb9-4e9e-99be-d90b7c09accd
2026-04-28 08:55:22.840 10 ERROR neutron_lib.callbacks.manager 
2026-04-28 08:55:22.926 9 WARNING neutron.scheduler.dhcp_agent_scheduler [None req-ab8c72fc-0762-4e03-9287-bafa8b7e33d7 60b2650438d64a4191ad197ca96486b2 9f90088d75af463abd5a2e2fec4d7328 - - default default] No more DHCP agents
2026-04-28 08:55:22.928 9 INFO neutron.db.ovn_revision_numbers_db [None req-6168e4b9-50c6-467a-affb-b91ff3e7a67b 56172e8c90ef45059602b768e6b9d171 fac1150d86bd43b48062b71e86218f90 - - default default] Successfully bumped revision number for resource 4e273546-e82a-4174-b089-2f8f03dc488a (type: security_groups) to 1
2026-04-28 08:55:22.932 9 WARNING neutron.api.rpc.agentnotifiers.dhcp_rpc_agent_api [None req-ab8c72fc-0762-4e03-9287-bafa8b7e33d7 60b2650438d64a4191ad197ca96486b2 9f90088d75af463abd5a2e2fec4d7328 - - default default] Unable to schedule network 9220e8d2-7739-4876-be93-3c422c49e167: no agents available; will retry on subsequent port and subnet creation events.
2026-04-28 08:55:22.942 10 INFO neutron.wsgi [None req-fabaa0e0-1c74-49c9-9cf7-292f1cae1541 d56a67e10a06437eb1d0248102661769 7525c3660c2b4b239daf4fd307eccf65 - - default default] 10.0.0.101 "PUT /v2.0/routers/4eaee18d-c4fa-4a95-9943-97f821688e6d/remove_router_interface HTTP/1.1" status: 200 len: 503 time: 1.3176515 /var/lib/openstack/lib/python3.10/site-packages/pycadf/identifier.py:71: UserWarning: Invalid uuid: neutron. To ensure interoperability, identifiers should be a valid uuid. warnings.warn(('Invalid uuid: %s. To ensure interoperability, '
2026-04-28 08:55:22.971 9 INFO neutron.db.ovn_revision_numbers_db [None req-6168e4b9-50c6-467a-affb-b91ff3e7a67b 56172e8c90ef45059602b768e6b9d171 fac1150d86bd43b48062b71e86218f90 - - default default] Successfully bumped revision number for resource 41e006d6-94e1-4d31-bbe2-0c3497997b58 (type: security_group_rules) to 0
2026-04-28 08:55:22.992 10 ERROR ovsdbapp.backend.ovs_idl.command [None req-f510634f-91cc-4364-8747-c1e950e212a6 - - - - - -] Error executing command (LspGetUpCommand): ovsdbapp.backend.ovs_idl.idlutils.RowNotFound: Cannot find Logical_Switch_Port with name=d06e41e3-5bb9-4e9e-99be-d90b7c09accd
2026-04-28 08:55:22.992 10 ERROR ovsdbapp.backend.ovs_idl.command
Traceback (most recent call last):
2026-04-28 08:55:22.992 10 ERROR ovsdbapp.backend.ovs_idl.command
File "/var/lib/openstack/lib/python3.10/site-packages/ovsdbapp/backend/ovs_idl/command.py", line 47, in execute
2026-04-28 08:55:22.992 10 ERROR ovsdbapp.backend.ovs_idl.command self.run_idl(None)
2026-04-28 08:55:22.992 10 ERROR ovsdbapp.backend.ovs_idl.command
File "/var/lib/openstack/lib/python3.10/site-packages/ovsdbapp/schema/ovn_northbound/commands.py", line 650, in run_idl
2026-04-28 08:55:22.992 10 ERROR ovsdbapp.backend.ovs_idl.command lsp = self.api.lookup('Logical_Switch_Port', self.port)
2026-04-28 08:55:22.992 10 ERROR ovsdbapp.backend.ovs_idl.command
File "/var/lib/openstack/lib/python3.10/site-packages/ovsdbapp/backend/ovs_idl/__init__.py", line 183, in lookup
2026-04-28 08:55:22.992 10 ERROR ovsdbapp.backend.ovs_idl.command return self._lookup(table, record)
2026-04-28 08:55:22.992 10 ERROR ovsdbapp.backend.ovs_idl.command
File "/var/lib/openstack/lib/python3.10/site-packages/ovsdbapp/backend/ovs_idl/__init__.py", line 234, in _lookup
2026-04-28 08:55:22.992 10 ERROR ovsdbapp.backend.ovs_idl.command row = idlutils.row_by_value(self, rl.table, rl.column, record)
2026-04-28 08:55:22.992 10 ERROR ovsdbapp.backend.ovs_idl.command
File "/var/lib/openstack/lib/python3.10/site-packages/ovsdbapp/backend/ovs_idl/idlutils.py", line 114, in row_by_value
2026-04-28 08:55:22.992 10 ERROR ovsdbapp.backend.ovs_idl.command raise RowNotFound(table=table, col=column, match=match)
2026-04-28 08:55:22.992 10 ERROR ovsdbapp.backend.ovs_idl.command ovsdbapp.backend.ovs_idl.idlutils.RowNotFound: Cannot find Logical_Switch_Port with name=d06e41e3-5bb9-4e9e-99be-d90b7c09accd
2026-04-28 08:55:22.992 10 ERROR ovsdbapp.backend.ovs_idl.command 
2026-04-28 08:55:22.994 10 ERROR ovsdbapp.event [None req-f510634f-91cc-4364-8747-c1e950e212a6 - - - - - -] Unexpected exception in notify_loop: ovsdbapp.backend.ovs_idl.idlutils.RowNotFound: Cannot find Logical_Switch_Port with name=d06e41e3-5bb9-4e9e-99be-d90b7c09accd
2026-04-28 08:55:22.994 10 ERROR ovsdbapp.event
Traceback (most recent call last):
2026-04-28 08:55:22.994 10 ERROR ovsdbapp.event
File "/var/lib/openstack/lib/python3.10/site-packages/ovsdbapp/event.py", line 177, in notify_loop
2026-04-28 08:55:22.994 10 ERROR ovsdbapp.event match.run(event, row, updates)
2026-04-28 08:55:22.994 10 ERROR ovsdbapp.event
File "/var/lib/openstack/lib/python3.10/site-packages/neutron/plugins/ml2/drivers/ovn/mech_driver/ovsdb/ovsdb_monitor.py", line 512, in run
2026-04-28 08:55:22.994 10 ERROR ovsdbapp.event self.driver.set_port_status_up(row.name)
2026-04-28 08:55:22.994 10 ERROR ovsdbapp.event
File "/var/lib/openstack/lib/python3.10/site-packages/neutron/plugins/ml2/drivers/ovn/mech_driver/mech_driver.py", line 1185, in set_port_status_up
2026-04-28 08:55:22.994 10 ERROR ovsdbapp.event self._ovn_client.update_lsp_host_info(admin_context, db_port)
2026-04-28 08:55:22.994 10 ERROR ovsdbapp.event
File "/var/lib/openstack/lib/python3.10/site-packages/neutron/plugins/ml2/drivers/ovn/mech_driver/ovsdb/ovn_client.py", line 297, in update_lsp_host_info
2026-04-28 08:55:22.994 10 ERROR ovsdbapp.event port_up = self._nb_idl.lsp_get_up(db_port.id).execute(
2026-04-28 08:55:22.994 10 ERROR ovsdbapp.event
File "/var/lib/openstack/lib/python3.10/site-packages/ovsdbapp/backend/ovs_idl/command.py", line 47, in execute
2026-04-28 08:55:22.994 10 ERROR ovsdbapp.event self.run_idl(None)
2026-04-28 08:55:22.994 10 ERROR ovsdbapp.event
File "/var/lib/openstack/lib/python3.10/site-packages/ovsdbapp/schema/ovn_northbound/commands.py", line 650, in run_idl
2026-04-28 08:55:22.994 10 ERROR ovsdbapp.event lsp = self.api.lookup('Logical_Switch_Port', self.port)
2026-04-28 08:55:22.994 10 ERROR ovsdbapp.event
File "/var/lib/openstack/lib/python3.10/site-packages/ovsdbapp/backend/ovs_idl/__init__.py", line 183, in lookup
2026-04-28 08:55:22.994 10 ERROR ovsdbapp.event return self._lookup(table, record)
2026-04-28 08:55:22.994 10 ERROR ovsdbapp.event
File "/var/lib/openstack/lib/python3.10/site-packages/ovsdbapp/backend/ovs_idl/__init__.py", line 234, in _lookup
2026-04-28 08:55:22.994 10 ERROR ovsdbapp.event row = idlutils.row_by_value(self, rl.table, rl.column, record)
2026-04-28 08:55:22.994 10 ERROR ovsdbapp.event
File "/var/lib/openstack/lib/python3.10/site-packages/ovsdbapp/backend/ovs_idl/idlutils.py", line 114, in row_by_value
2026-04-28 08:55:22.994 10 ERROR ovsdbapp.event raise RowNotFound(table=table, col=column, match=match)
2026-04-28 08:55:22.994 10 ERROR ovsdbapp.event ovsdbapp.backend.ovs_idl.idlutils.RowNotFound: Cannot find Logical_Switch_Port with name=d06e41e3-5bb9-4e9e-99be-d90b7c09accd
2026-04-28 08:55:22.994 10 ERROR ovsdbapp.event 
2026-04-28 08:55:23.005 9 INFO neutron.db.ovn_revision_numbers_db [None req-6168e4b9-50c6-467a-affb-b91ff3e7a67b 56172e8c90ef45059602b768e6b9d171 fac1150d86bd43b48062b71e86218f90 - - default default] Successfully bumped revision number for resource 8362cf85-6abd-49a4-bdb3-7953ce96b669 (type: security_group_rules) to 0
2026-04-28 08:55:23.032 9 INFO neutron.db.ovn_revision_numbers_db [None req-6168e4b9-50c6-467a-affb-b91ff3e7a67b 56172e8c90ef45059602b768e6b9d171 fac1150d86bd43b48062b71e86218f90 - - default default] Successfully bumped revision number for resource b8becc6c-43f8-4b84-8f7a-c85799316d34 (type: security_group_rules) to 0
2026-04-28 08:55:23.036 10 INFO neutron.api.v2.resource [None req-0c2cf5bf-e59b-462f-ac4f-9aae677bf06e d56a67e10a06437eb1d0248102661769 7525c3660c2b4b239daf4fd307eccf65 - - default default] remove_router_interface failed (client error): The resource could not be found.
2026-04-28 08:55:23.037 10 INFO neutron.wsgi [None req-0c2cf5bf-e59b-462f-ac4f-9aae677bf06e d56a67e10a06437eb1d0248102661769 7525c3660c2b4b239daf4fd307eccf65 - - default default] 10.0.0.101 "PUT /v2.0/routers/4eaee18d-c4fa-4a95-9943-97f821688e6d/remove_router_interface HTTP/1.1" status: 404 len: 398 time: 0.0889618
2026-04-28 08:55:23.045 9 INFO neutron.db.ovn_revision_numbers_db [None req-c2ac898f-4d2c-4eaa-bdf7-8dcfd84e4d4b 56172e8c90ef45059602b768e6b9d171 fac1150d86bd43b48062b71e86218f90 - - default default] Successfully bumped revision number for resource a019165c-a625-4be0-bcbf-51d7814789ff (type: security_groups) to 1
2026-04-28 08:55:23.055 9 INFO neutron.db.ovn_revision_numbers_db [None req-6168e4b9-50c6-467a-affb-b91ff3e7a67b 56172e8c90ef45059602b768e6b9d171 fac1150d86bd43b48062b71e86218f90 - - default default] Successfully bumped revision number for resource ea94b98b-305b-497b-abac-c1d95c0dc073 (type: security_group_rules) to 0
2026-04-28 08:55:23.061 9 INFO neutron.db.ovn_revision_numbers_db [None req-ab8c72fc-0762-4e03-9287-bafa8b7e33d7 60b2650438d64a4191ad197ca96486b2 9f90088d75af463abd5a2e2fec4d7328 - - default default] Successfully bumped revision number for resource 248c8f8e-83ba-49f9-9167-db24ec7742b4 (type: ports) to 1
2026-04-28 08:55:23.067 10 INFO neutron.wsgi [None req-9962229c-1847-4517-9798-85b79479b82e d56a67e10a06437eb1d0248102661769 7525c3660c2b4b239daf4fd307eccf65 - - default default] 10.0.0.101 "GET /v2.0/ports?device_id=4eaee18d-c4fa-4a95-9943-97f821688e6d HTTP/1.1" status: 200 len: 205 time: 0.0243590
2026-04-28 08:55:23.076 9 INFO neutron.db.ovn_revision_numbers_db [None req-c2ac898f-4d2c-4eaa-bdf7-8dcfd84e4d4b 56172e8c90ef45059602b768e6b9d171 fac1150d86bd43b48062b71e86218f90 - - default default] Successfully bumped revision number for resource 80095b7d-74e2-42e9-83fd-01451ff1c19e (type: security_group_rules) to 0
2026-04-28 08:55:23.081 9 INFO neutron.wsgi [None req-6168e4b9-50c6-467a-affb-b91ff3e7a67b 56172e8c90ef45059602b768e6b9d171 fac1150d86bd43b48062b71e86218f90 - - default default] 10.0.0.101 "GET /v2.0/security-groups?tenant_id=3992c86613b140f1a10d7d4eaf47c8c6&name=default HTTP/1.1" status: 200 len: 2996 time: 0.5274336
2026-04-28 08:55:23.103 9 INFO neutron.db.ovn_revision_numbers_db [None req-c2ac898f-4d2c-4eaa-bdf7-8dcfd84e4d4b 56172e8c90ef45059602b768e6b9d171 fac1150d86bd43b48062b71e86218f90 - - default default] Successfully bumped revision number for resource 87eb5f2e-9094-46ef-9d2e-63f74b98e3f7 (type: security_group_rules) to 0
2026-04-28 08:55:23.111 9 INFO neutron.wsgi [None req-ab8c72fc-0762-4e03-9287-bafa8b7e33d7 60b2650438d64a4191ad197ca96486b2 9f90088d75af463abd5a2e2fec4d7328 - - default default] 10.0.0.101 "POST /v2.0/networks HTTP/1.1" status: 201 len: 832 time: 0.9470272
2026-04-28 08:55:23.125 9 INFO neutron.db.ovn_revision_numbers_db [None req-c2ac898f-4d2c-4eaa-bdf7-8dcfd84e4d4b 56172e8c90ef45059602b768e6b9d171 fac1150d86bd43b48062b71e86218f90 - - default default] Successfully bumped revision number for resource a3935098-f0bb-4f30-be89-d451414bb52c (type: security_group_rules) to 0
2026-04-28 08:55:23.163 9 INFO neutron.db.ovn_revision_numbers_db [None req-c2ac898f-4d2c-4eaa-bdf7-8dcfd84e4d4b 56172e8c90ef45059602b768e6b9d171 fac1150d86bd43b48062b71e86218f90 - - default default] Successfully bumped revision number for resource cdc54886-56a8-4cab-ad5a-06076c9421a3 (type: security_group_rules) to 0
2026-04-28 08:55:23.202 9 INFO neutron.wsgi [None req-c2ac898f-4d2c-4eaa-bdf7-8dcfd84e4d4b 56172e8c90ef45059602b768e6b9d171 fac1150d86bd43b48062b71e86218f90 - - default default] 10.0.0.101 "GET /v2.0/security-groups?tenant_id=1c4a1139bee141e3bf2e96648c99699d&name=default HTTP/1.1" status: 200 len: 2996 time: 0.3866630
2026-04-28 08:55:23.267 10 INFO neutron.wsgi [None req-2b697ad1-9e09-4317-934f-50b79aaea6c1 d56a67e10a06437eb1d0248102661769 7525c3660c2b4b239daf4fd307eccf65 - - default default] 10.0.0.101 "DELETE /v2.0/routers/4eaee18d-c4fa-4a95-9943-97f821688e6d HTTP/1.1" status: 204 len: 168 time: 0.1957426
2026-04-28 08:55:23.464 9 INFO neutron.wsgi [None req-bfe82ebf-8ef9-48f3-ad27-a65b8e29bb99 56172e8c90ef45059602b768e6b9d171 fac1150d86bd43b48062b71e86218f90 - - default default] 10.0.0.101 "DELETE /v2.0/security-groups/4e273546-e82a-4174-b089-2f8f03dc488a HTTP/1.1" status: 204 len: 168 time: 0.3740687
2026-04-28 08:55:23.475 9 INFO neutron.services.segments.plugin [-] Segment 124773c1-4910-429d-9d51-e320826ed3b2 resource provider aggregate not found
2026-04-28 08:55:23.495 10 INFO neutron.wsgi [None req-52b8674e-48a0-4d89-9bbb-8dc6dd85c093 d56a67e10a06437eb1d0248102661769 7525c3660c2b4b239daf4fd307eccf65 - - default default] 10.0.0.101 "DELETE /v2.0/subnets/cc2c5399-64f4-4618-81d4-b5c7f6990dd5 HTTP/1.1" status: 204 len: 168 time: 0.2210114
2026-04-28 08:55:23.503 9 WARNING neutron.scheduler.dhcp_agent_scheduler [None req-acc9ccbd-b57b-4969-85ed-0e2863b07023 60b2650438d64a4191ad197ca96486b2 9f90088d75af463abd5a2e2fec4d7328 - - default default] No more DHCP agents
2026-04-28 08:55:23.510 9 INFO neutron.services.segments.plugin [-] Segment 124773c1-4910-429d-9d51-e320826ed3b2 resource provider aggregate not found
2026-04-28 08:55:23.515 9 INFO neutron.services.segments.plugin [-] Segment 124773c1-4910-429d-9d51-e320826ed3b2 resource provider not found; error: Placement Client Error (4xx): {"errors": [{"status": 404, "title": "Not Found", "detail": "The resource could not be found.\n\n No resource provider with uuid 124773c1-4910-429d-9d51-e320826ed3b2 found for delete ", "request_id": "req-bc3b2ea9-2249-447d-8409-d25e962e5b4c"}]}
2026-04-28 08:55:23.516 9 WARNING neutron.plugins.ml2.drivers.ovn.mech_driver.ovsdb.ovn_client [None req-9d8d9a68-c9b2-4170-96b5-9135659312c3 - - - - - -] No port found with ID 1289ec1c-dc8c-4ed4-a827-8ef17cc9b5e0: RuntimeError: No port found with ID 1289ec1c-dc8c-4ed4-a827-8ef17cc9b5e0
2026-04-28 08:55:23.518 9 WARNING neutron.api.rpc.agentnotifiers.dhcp_rpc_agent_api [None req-acc9ccbd-b57b-4969-85ed-0e2863b07023 60b2650438d64a4191ad197ca96486b2 9f90088d75af463abd5a2e2fec4d7328 - - default default] Unable to schedule network 9220e8d2-7739-4876-be93-3c422c49e167: no agents available; will retry on subsequent port and subnet creation events.
2026-04-28 08:55:23.534 9 INFO neutron.services.segments.plugin [-] Segment 124773c1-4910-429d-9d51-e320826ed3b2 resource provider not found; error: Placement Client Error (4xx): {"errors": [{"status": 404, "title": "Not Found", "detail": "The resource could not be found.\n\n No resource provider with uuid 124773c1-4910-429d-9d51-e320826ed3b2 found for delete ", "request_id": "req-263efa84-542c-4ab6-b791-52f8c40bfe44"}]}
2026-04-28 08:55:23.552 9 INFO neutron.db.ovn_revision_numbers_db [None req-acc9ccbd-b57b-4969-85ed-0e2863b07023 60b2650438d64a4191ad197ca96486b2 9f90088d75af463abd5a2e2fec4d7328 - - default default] Successfully bumped revision number for resource 477a60e1-895a-4717-95fd-bcce6cc3d81b (type: subnets) to 0
2026-04-28 08:55:23.573 9 INFO neutron.wsgi [None req-acc9ccbd-b57b-4969-85ed-0e2863b07023 60b2650438d64a4191ad197ca96486b2 9f90088d75af463abd5a2e2fec4d7328 - - default default] 10.0.0.101 "POST /v2.0/subnets HTTP/1.1" status: 201 len: 821 time: 0.4560082
2026-04-28 08:55:23.630 9 INFO neutron.wsgi [None req-9be4f48a-5f27-4692-b474-67064d277daa 56172e8c90ef45059602b768e6b9d171 fac1150d86bd43b48062b71e86218f90 - - default default] 10.0.0.101 "DELETE /v2.0/security-groups/a019165c-a625-4be0-bcbf-51d7814789ff HTTP/1.1" status: 204 len: 168 time: 0.4232149
2026-04-28 08:55:23.706 10 INFO neutron.wsgi [None req-9ae986ab-746c-48d3-99c1-297ff23fcf6e 56172e8c90ef45059602b768e6b9d171 fac1150d86bd43b48062b71e86218f90 - - default default] 10.0.0.101 "GET /v2.0/security-groups?tenant_id=c0c41e35c43b429f8c6b51c77d7d01c3&name=default HTTP/1.1" status: 200 len: 2996 time: 0.0672393
2026-04-28 08:55:23.772 9 INFO neutron.db.ovn_revision_numbers_db [None req-10c3f958-8e1c-4476-9616-59b8ec6c1d33 60b2650438d64a4191ad197ca96486b2 9f90088d75af463abd5a2e2fec4d7328 - - default default] Successfully bumped revision number for resource 3c8ccfdf-cd20-4b8a-bc7c-d7c6e813ade9 (type: routers) to 1
2026-04-28 08:55:23.788 9 INFO neutron.wsgi [None req-10c3f958-8e1c-4476-9616-59b8ec6c1d33 60b2650438d64a4191ad197ca96486b2 9f90088d75af463abd5a2e2fec4d7328 - - default default] 10.0.0.101 "POST /v2.0/routers HTTP/1.1" status: 201 len: 691 time: 0.2103574
2026-04-28 08:55:23.974 10 INFO neutron.services.segments.plugin [-] Segment e1d4e8cd-7913-45d1-ac60-3d42a6794985 resource provider aggregate not found
2026-04-28 08:55:23.979 10 INFO neutron.services.segments.plugin [-] Segment e1d4e8cd-7913-45d1-ac60-3d42a6794985 resource provider aggregate not found
2026-04-28 08:55:23.999 10 INFO neutron.services.segments.plugin [-] Segment e1d4e8cd-7913-45d1-ac60-3d42a6794985 resource provider not found; error: Placement Client Error (4xx): {"errors": [{"status": 404, "title": "Not Found", "detail": "The resource could not be found.\n\n No resource provider with uuid e1d4e8cd-7913-45d1-ac60-3d42a6794985 found for delete ", "request_id": "req-4f7ffd1e-a82f-4e2b-bcb3-c08935646cf4"}]}
2026-04-28 08:55:24.003 10 INFO neutron.services.segments.plugin [-] Segment e1d4e8cd-7913-45d1-ac60-3d42a6794985 resource provider not found; error: Placement Client Error (4xx): {"errors": [{"status": 404, "title": "Not Found", "detail": "The resource could not be found.\n\n No resource provider with uuid e1d4e8cd-7913-45d1-ac60-3d42a6794985 found for delete ", "request_id": "req-6482408c-b9f3-4f1a-984c-73213d8be091"}]}
2026-04-28 08:55:24.054 10 INFO neutron.wsgi [None req-e84d4879-d9f0-481a-ac30-75901c13d0f7 d56a67e10a06437eb1d0248102661769 7525c3660c2b4b239daf4fd307eccf65 - - default default] 10.0.0.101 "DELETE /v2.0/networks/7b7112ab-5798-4b18-b9ae-5cdb5877b0d5 HTTP/1.1" status: 204 len: 168 time: 0.5526474
2026-04-28 08:55:24.088 10 INFO neutron.db.ovn_revision_numbers_db [None req-31b2342e-8559-441d-b51b-d82e05614710 56172e8c90ef45059602b768e6b9d171 fac1150d86bd43b48062b71e86218f90 - - default default] Successfully bumped revision number for resource bb53e34e-d665-457c-875f-19cbc2a56157 (type: security_groups) to 1
2026-04-28 08:55:24.109 10 INFO neutron.db.ovn_revision_numbers_db [None req-31b2342e-8559-441d-b51b-d82e05614710 56172e8c90ef45059602b768e6b9d171 fac1150d86bd43b48062b71e86218f90 - - default default] Successfully bumped revision number for resource 29e5bb01-6e43-4d6f-a850-c88f019dec0d (type: security_group_rules) to 0
2026-04-28 08:55:24.122 9 WARNING neutron.scheduler.dhcp_agent_scheduler [None req-7c09ca16-fe35-451a-9780-093a3d9ff9a6 60b2650438d64a4191ad197ca96486b2 9f90088d75af463abd5a2e2fec4d7328 - - default default] No more DHCP agents
2026-04-28 08:55:24.127 9 WARNING neutron.api.rpc.agentnotifiers.dhcp_rpc_agent_api [None req-7c09ca16-fe35-451a-9780-093a3d9ff9a6 60b2650438d64a4191ad197ca96486b2 9f90088d75af463abd5a2e2fec4d7328 - - default default] Unable to schedule network 9220e8d2-7739-4876-be93-3c422c49e167: no agents available; will retry on subsequent port and subnet creation events.
2026-04-28 08:55:24.128 10 INFO neutron.wsgi [None req-d7984e11-55c2-4b89-bd22-7e09068ca3bf 56172e8c90ef45059602b768e6b9d171 fac1150d86bd43b48062b71e86218f90 - - default default] 10.0.0.101 "DELETE /v2.0/security-groups/d0fb95b8-9c13-4f83-818a-a530b2e11d57 HTTP/1.1" status: 204 len: 168 time: 0.4167893
2026-04-28 08:55:24.132 10 INFO neutron.db.ovn_revision_numbers_db [None req-31b2342e-8559-441d-b51b-d82e05614710 56172e8c90ef45059602b768e6b9d171 fac1150d86bd43b48062b71e86218f90 - - default default] Successfully bumped revision number for resource 38fd5106-7270-4651-8819-61b22d5f1814 (type: security_group_rules) to 0
2026-04-28 08:55:24.154 10 INFO neutron.db.ovn_revision_numbers_db [None req-31b2342e-8559-441d-b51b-d82e05614710 56172e8c90ef45059602b768e6b9d171 fac1150d86bd43b48062b71e86218f90 - - default default] Successfully bumped revision number for resource 4ca7bee4-fdf1-4e92-8ce6-3c97fde5acee (type: security_group_rules) to 0
2026-04-28 08:55:24.170 10 INFO neutron.db.segments_db [None req-4af6cac7-79d9-4097-bc25-dc35744989c2 d56a67e10a06437eb1d0248102661769 7525c3660c2b4b239daf4fd307eccf65 - - default default] Added segment 0bf99eef-5df2-45f4-8845-f673cc46b52d of type geneve for network 196d0f39-6523-4c81-b64c-0884d21ac2e4
2026-04-28 08:55:24.174 10 INFO neutron.db.ovn_revision_numbers_db [None req-31b2342e-8559-441d-b51b-d82e05614710 56172e8c90ef45059602b768e6b9d171 fac1150d86bd43b48062b71e86218f90 - - default default] Successfully bumped revision number for resource dcadf5c2-fb23-4b09-8784-e5ceb54b965c (type: security_group_rules) to 0
2026-04-28 08:55:24.210 10 INFO neutron.wsgi [None req-31b2342e-8559-441d-b51b-d82e05614710 56172e8c90ef45059602b768e6b9d171 fac1150d86bd43b48062b71e86218f90 - - default default] 10.0.0.101 "GET /v2.0/security-groups?tenant_id=392ef436b3c5462a917d90e12764247d&name=default HTTP/1.1" status: 200 len: 2996 time: 0.3868570
2026-04-28 08:55:24.246 9 INFO neutron.db.ovn_revision_numbers_db [None req-7c09ca16-fe35-451a-9780-093a3d9ff9a6 60b2650438d64a4191ad197ca96486b2 9f90088d75af463abd5a2e2fec4d7328 - - default default] Successfully bumped revision number for resource a808cc9f-8e90-4a36-8a3d-8c4f6441084f (type: ports) to 1
2026-04-28 08:55:24.270 9 INFO neutron.wsgi [None req-7c09ca16-fe35-451a-9780-093a3d9ff9a6 60b2650438d64a4191ad197ca96486b2 9f90088d75af463abd5a2e2fec4d7328 - - default default] 10.0.0.101 "POST /v2.0/ports HTTP/1.1" status: 201 len: 1163 time: 0.4773700 /var/lib/openstack/lib/python3.10/site-packages/pycadf/identifier.py:71: UserWarning: Invalid uuid: neutron. To ensure interoperability, identifiers should be a valid uuid. warnings.warn(('Invalid uuid: %s. To ensure interoperability, '
2026-04-28 08:55:24.383 10 INFO neutron.db.ovn_revision_numbers_db [None req-4af6cac7-79d9-4097-bc25-dc35744989c2 d56a67e10a06437eb1d0248102661769 7525c3660c2b4b239daf4fd307eccf65 - - default default] Successfully bumped revision number for resource 196d0f39-6523-4c81-b64c-0884d21ac2e4 (type: networks) to 1
2026-04-28 08:55:24.626 10 INFO neutron.wsgi [None req-7de18ba8-f085-4675-9e50-2100b61f86e3 56172e8c90ef45059602b768e6b9d171 fac1150d86bd43b48062b71e86218f90 - - default default] 10.0.0.101 "DELETE /v2.0/security-groups/bb53e34e-d665-457c-875f-19cbc2a56157 HTTP/1.1" status: 204 len: 168 time: 0.4107974
2026-04-28 08:55:24.631 10 WARNING neutron.scheduler.dhcp_agent_scheduler [None req-4af6cac7-79d9-4097-bc25-dc35744989c2 d56a67e10a06437eb1d0248102661769 7525c3660c2b4b239daf4fd307eccf65 - - default default] No more DHCP agents
2026-04-28 08:55:24.633 10 WARNING neutron.api.rpc.agentnotifiers.dhcp_rpc_agent_api [None req-4af6cac7-79d9-4097-bc25-dc35744989c2 d56a67e10a06437eb1d0248102661769 7525c3660c2b4b239daf4fd307eccf65 - - default default] Unable to schedule network 196d0f39-6523-4c81-b64c-0884d21ac2e4: no agents available; will retry on subsequent port and subnet creation events.
2026-04-28 08:55:24.733 10 INFO neutron.db.ovn_revision_numbers_db [None req-4af6cac7-79d9-4097-bc25-dc35744989c2 d56a67e10a06437eb1d0248102661769 7525c3660c2b4b239daf4fd307eccf65 - - default default] Successfully bumped revision number for resource 2400d267-5976-40fb-9f73-2525078b8eb4 (type: ports) to 1
2026-04-28 08:55:24.768 10 INFO neutron.wsgi [None req-4af6cac7-79d9-4097-bc25-dc35744989c2 d56a67e10a06437eb1d0248102661769 7525c3660c2b4b239daf4fd307eccf65 - - default default] 10.0.0.101 "POST /v2.0/networks HTTP/1.1" status: 201 len: 828 time: 0.7051525
2026-04-28 08:55:24.772 10 INFO neutron.plugins.ml2.drivers.ovn.mech_driver.mech_driver [None req-f510634f-91cc-4364-8747-c1e950e212a6 - - - - - -] OVN reports status up for port: a808cc9f-8e90-4a36-8a3d-8c4f6441084f
2026-04-28 08:55:24.790 10 INFO neutron.plugins.ml2.plugin [None req-f510634f-91cc-4364-8747-c1e950e212a6 - - - - - -] Attempt 1 to provision port a808cc9f-8e90-4a36-8a3d-8c4f6441084f
2026-04-28 08:55:24.816 9 INFO neutron.db.ovn_revision_numbers_db [None req-0eca75e8-e3b4-4c67-884c-d38ec4dc2757 60b2650438d64a4191ad197ca96486b2 9f90088d75af463abd5a2e2fec4d7328 - - default default] Successfully bumped revision number for resource a808cc9f-8e90-4a36-8a3d-8c4f6441084f (type: router_ports) to 2
2026-04-28 08:55:24.950 9 INFO neutron.db.ovn_revision_numbers_db [None req-0eca75e8-e3b4-4c67-884c-d38ec4dc2757 60b2650438d64a4191ad197ca96486b2 9f90088d75af463abd5a2e2fec4d7328 - - default default] Successfully bumped revision number for resource a808cc9f-8e90-4a36-8a3d-8c4f6441084f (type: ports) to 2
2026-04-28 08:55:25.120 10 WARNING neutron.scheduler.dhcp_agent_scheduler [None req-9ec04d7d-a464-477b-ace4-5a9040f5d9c4 d56a67e10a06437eb1d0248102661769 7525c3660c2b4b239daf4fd307eccf65 - - default default] No more DHCP agents
2026-04-28 08:55:25.124 10 WARNING neutron.api.rpc.agentnotifiers.dhcp_rpc_agent_api [None req-9ec04d7d-a464-477b-ace4-5a9040f5d9c4 d56a67e10a06437eb1d0248102661769 7525c3660c2b4b239daf4fd307eccf65 - - default default] Unable to schedule network 196d0f39-6523-4c81-b64c-0884d21ac2e4: no agents available; will retry on subsequent port and subnet creation events.
2026-04-28 08:55:25.196 10 INFO neutron.db.ovn_revision_numbers_db [None req-f510634f-91cc-4364-8747-c1e950e212a6 - - - - - -] Successfully bumped revision number for resource a808cc9f-8e90-4a36-8a3d-8c4f6441084f (type: ports) to 3
2026-04-28 08:55:25.360 10 INFO neutron.db.ovn_revision_numbers_db [None req-f510634f-91cc-4364-8747-c1e950e212a6 - - - - - -] Successfully bumped revision number for resource a808cc9f-8e90-4a36-8a3d-8c4f6441084f (type: router_ports) to 3
2026-04-28 08:55:25.465 9 INFO neutron.db.ovn_revision_numbers_db [None req-0eca75e8-e3b4-4c67-884c-d38ec4dc2757 60b2650438d64a4191ad197ca96486b2 9f90088d75af463abd5a2e2fec4d7328 - - default default] Successfully bumped revision number for resource a808cc9f-8e90-4a36-8a3d-8c4f6441084f (type: ports) to 3
2026-04-28 08:55:25.546 9 WARNING neutron.scheduler.dhcp_agent_scheduler [None req-0eca75e8-e3b4-4c67-884c-d38ec4dc2757 60b2650438d64a4191ad197ca96486b2 9f90088d75af463abd5a2e2fec4d7328 - - default default] No more DHCP agents
2026-04-28 08:55:25.554 9 WARNING neutron.api.rpc.agentnotifiers.dhcp_rpc_agent_api [None req-0eca75e8-e3b4-4c67-884c-d38ec4dc2757 60b2650438d64a4191ad197ca96486b2 9f90088d75af463abd5a2e2fec4d7328 - - default default] Unable to schedule network 9220e8d2-7739-4876-be93-3c422c49e167: no agents available; will retry on subsequent port and subnet creation events.
2026-04-28 08:55:25.674 10 INFO neutron.db.ovn_revision_numbers_db [None req-9ec04d7d-a464-477b-ace4-5a9040f5d9c4 d56a67e10a06437eb1d0248102661769 7525c3660c2b4b239daf4fd307eccf65 - - default default] Successfully bumped revision number for resource 2400d267-5976-40fb-9f73-2525078b8eb4 (type: ports) to 2
2026-04-28 08:55:25.716 10 INFO neutron.db.ovn_revision_numbers_db [None req-9ec04d7d-a464-477b-ace4-5a9040f5d9c4 d56a67e10a06437eb1d0248102661769 7525c3660c2b4b239daf4fd307eccf65 - - default default] Successfully bumped revision number for resource b24e57e4-539c-4e90-a267-9dbff14a82d9 (type: subnets) to 0
2026-04-28 08:55:25.721 9 INFO neutron.db.ovn_revision_numbers_db [None req-0eca75e8-e3b4-4c67-884c-d38ec4dc2757 60b2650438d64a4191ad197ca96486b2 9f90088d75af463abd5a2e2fec4d7328 - - default default] Successfully bumped revision number for resource a808cc9f-8e90-4a36-8a3d-8c4f6441084f (type: router_ports) to 3
2026-04-28 08:55:25.724 9 INFO neutron.wsgi [None req-0eca75e8-e3b4-4c67-884c-d38ec4dc2757 60b2650438d64a4191ad197ca96486b2 9f90088d75af463abd5a2e2fec4d7328 - - default default] 10.0.0.101 "PUT /v2.0/routers/3c8ccfdf-cd20-4b8a-bc7c-d7c6e813ade9/add_router_interface HTTP/1.1" status: 200 len: 503 time: 1.4452000
2026-04-28 08:55:25.740 10 INFO neutron.wsgi [None req-9ec04d7d-a464-477b-ace4-5a9040f5d9c4 d56a67e10a06437eb1d0248102661769 7525c3660c2b4b239daf4fd307eccf65 - - default default] 10.0.0.101 "POST /v2.0/subnets HTTP/1.1" status: 201 len: 801 time: 0.9650378 /var/lib/openstack/lib/python3.10/site-packages/pycadf/identifier.py:71: UserWarning: Invalid uuid: neutron. To ensure interoperability, identifiers should be a valid uuid. warnings.warn(('Invalid uuid: %s. To ensure interoperability, ' /var/lib/openstack/lib/python3.10/site-packages/pycadf/identifier.py:71: UserWarning: Invalid uuid: neutron. To ensure interoperability, identifiers should be a valid uuid. warnings.warn(('Invalid uuid: %s. To ensure interoperability, '
2026-04-28 08:55:25.777 9 INFO neutron.wsgi [None req-2ce12ed0-fb33-4b1b-a653-aadc571fa519 60b2650438d64a4191ad197ca96486b2 9f90088d75af463abd5a2e2fec4d7328 - - default default] 10.0.0.101 "GET /v2.0/ports/a808cc9f-8e90-4a36-8a3d-8c4f6441084f HTTP/1.1" status: 200 len: 1221 time: 0.0374248
2026-04-28 08:55:25.915 10 INFO neutron.db.ovn_revision_numbers_db [None req-23c2c9fc-20ee-43c6-a609-d9614623db75 d56a67e10a06437eb1d0248102661769 7525c3660c2b4b239daf4fd307eccf65 - - default default] Successfully bumped revision number for resource 69c5ac7a-7554-441d-9ae7-4c49d9f2a3b2 (type: routers) to 1
2026-04-28 08:55:25.934 10 INFO neutron.wsgi [None req-23c2c9fc-20ee-43c6-a609-d9614623db75 d56a67e10a06437eb1d0248102661769 7525c3660c2b4b239daf4fd307eccf65 - - default default] 10.0.0.101 "POST /v2.0/routers HTTP/1.1" status: 201 len: 686 time: 0.1892343
2026-04-28 08:55:26.653 10 WARNING neutron.scheduler.dhcp_agent_scheduler [None req-c0717475-202b-4790-80e7-4a24385b7e15 d56a67e10a06437eb1d0248102661769 7525c3660c2b4b239daf4fd307eccf65 - - default default] No more DHCP agents
2026-04-28 08:55:26.655 10 WARNING neutron.api.rpc.agentnotifiers.dhcp_rpc_agent_api [None req-c0717475-202b-4790-80e7-4a24385b7e15 d56a67e10a06437eb1d0248102661769 7525c3660c2b4b239daf4fd307eccf65 - - default default] Unable to schedule network 196d0f39-6523-4c81-b64c-0884d21ac2e4: no agents available; will retry on subsequent port and subnet creation events.
2026-04-28 08:55:26.658 9 INFO neutron.wsgi [None req-5bef9d1c-f752-433e-ac93-b32175f3c41b 60b2650438d64a4191ad197ca96486b2 9f90088d75af463abd5a2e2fec4d7328 - - default default] 10.0.0.101 "PUT /v2.0/routers/3c8ccfdf-cd20-4b8a-bc7c-d7c6e813ade9/remove_router_interface HTTP/1.1" status: 200 len: 503 time: 0.8764176 /var/lib/openstack/lib/python3.10/site-packages/pycadf/identifier.py:71: UserWarning: Invalid uuid: neutron. To ensure interoperability, identifiers should be a valid uuid. warnings.warn(('Invalid uuid: %s. To ensure interoperability, '
2026-04-28 08:55:26.740 9 INFO neutron.api.v2.resource [None req-7b39d19d-b102-4dc3-8a1b-09726d25f85c 60b2650438d64a4191ad197ca96486b2 9f90088d75af463abd5a2e2fec4d7328 - - default default] remove_router_interface failed (client error): The resource could not be found.
2026-04-28 08:55:26.741 9 INFO neutron.wsgi [None req-7b39d19d-b102-4dc3-8a1b-09726d25f85c 60b2650438d64a4191ad197ca96486b2 9f90088d75af463abd5a2e2fec4d7328 - - default default] 10.0.0.101 "PUT /v2.0/routers/3c8ccfdf-cd20-4b8a-bc7c-d7c6e813ade9/remove_router_interface HTTP/1.1" status: 404 len: 398 time: 0.0780246
2026-04-28 08:55:26.780 9 INFO neutron.wsgi [None req-06906f55-b99a-4eac-9121-7d5136e2afac 60b2650438d64a4191ad197ca96486b2 9f90088d75af463abd5a2e2fec4d7328 - - default default] 10.0.0.101 "GET /v2.0/ports?device_id=3c8ccfdf-cd20-4b8a-bc7c-d7c6e813ade9 HTTP/1.1" status: 200 len: 205 time: 0.0315061
2026-04-28 08:55:26.879 10 INFO neutron.db.ovn_revision_numbers_db [None req-c0717475-202b-4790-80e7-4a24385b7e15 d56a67e10a06437eb1d0248102661769 7525c3660c2b4b239daf4fd307eccf65 - - default default] Successfully bumped revision number for resource 7e75543d-fde6-424b-85e8-677d12e5cf0a (type: ports) to 1
2026-04-28 08:55:27.055 10 INFO neutron.wsgi [None req-e0a000cb-c31d-4400-9844-1d6ed3591210 60b2650438d64a4191ad197ca96486b2 9f90088d75af463abd5a2e2fec4d7328 - - default default] 10.0.0.101 "DELETE /v2.0/routers/3c8ccfdf-cd20-4b8a-bc7c-d7c6e813ade9 HTTP/1.1" status: 204 len: 168 time: 0.2704389
2026-04-28 08:55:27.259 9 INFO neutron.wsgi [None req-986367b3-1871-43cc-9302-f60c9fe1168e 60b2650438d64a4191ad197ca96486b2 9f90088d75af463abd5a2e2fec4d7328 - - default default] 10.0.0.101 "DELETE /v2.0/subnets/477a60e1-895a-4717-95fd-bcce6cc3d81b HTTP/1.1" status: 204 len: 168 time: 0.1983056
2026-04-28 08:55:27.359 10 INFO neutron.db.ovn_revision_numbers_db [None req-c0717475-202b-4790-80e7-4a24385b7e15 d56a67e10a06437eb1d0248102661769 7525c3660c2b4b239daf4fd307eccf65 - - default default] Successfully bumped revision number for resource 7e75543d-fde6-424b-85e8-677d12e5cf0a (type: router_ports) to 1
2026-04-28 08:55:27.506 10 INFO neutron.db.ovn_revision_numbers_db [None req-c0717475-202b-4790-80e7-4a24385b7e15 d56a67e10a06437eb1d0248102661769 7525c3660c2b4b239daf4fd307eccf65 - - default default] Successfully bumped revision number for resource 7e75543d-fde6-424b-85e8-677d12e5cf0a (type: ports) to 1
2026-04-28 08:55:27.600 10 WARNING neutron.scheduler.dhcp_agent_scheduler [None req-c0717475-202b-4790-80e7-4a24385b7e15 d56a67e10a06437eb1d0248102661769 7525c3660c2b4b239daf4fd307eccf65 - - default default] No more DHCP agents
2026-04-28 08:55:27.601 10 WARNING neutron.api.rpc.agentnotifiers.dhcp_rpc_agent_api [None req-c0717475-202b-4790-80e7-4a24385b7e15 d56a67e10a06437eb1d0248102661769 7525c3660c2b4b239daf4fd307eccf65 - - default default] Unable to schedule network 196d0f39-6523-4c81-b64c-0884d21ac2e4: no agents available; will retry on subsequent port and subnet creation events.
2026-04-28 08:55:27.751 9 INFO neutron.services.segments.plugin [-] Segment fcadb7cc-b868-4b1c-bf61-b57bd0ca1afa resource provider aggregate not found
2026-04-28 08:55:27.755 9 INFO neutron.services.segments.plugin [-] Segment fcadb7cc-b868-4b1c-bf61-b57bd0ca1afa resource provider aggregate not found
2026-04-28 08:55:27.771 9 INFO neutron.services.segments.plugin [-] Segment fcadb7cc-b868-4b1c-bf61-b57bd0ca1afa resource provider not found; error: Placement Client Error (4xx): {"errors": [{"status": 404, "title": "Not Found", "detail": "The resource could not be found.\n\n No resource provider with uuid fcadb7cc-b868-4b1c-bf61-b57bd0ca1afa found for delete ", "request_id": "req-35f747d8-effb-4747-9315-8fff04b32f9e"}]}
2026-04-28 08:55:27.776 9 INFO neutron.services.segments.plugin [-] Segment fcadb7cc-b868-4b1c-bf61-b57bd0ca1afa resource provider not found; error: Placement Client Error (4xx): {"errors": [{"status": 404, "title": "Not Found", "detail": "The resource could not be found.\n\n No resource provider with uuid fcadb7cc-b868-4b1c-bf61-b57bd0ca1afa found for delete ", "request_id": "req-45e340c0-e292-4617-892a-475ac4b4b0c8"}]}
2026-04-28 08:55:27.808 10 INFO neutron.db.ovn_revision_numbers_db [None req-c0717475-202b-4790-80e7-4a24385b7e15 d56a67e10a06437eb1d0248102661769 7525c3660c2b4b239daf4fd307eccf65 - - default default] Successfully bumped revision number for resource 7e75543d-fde6-424b-85e8-677d12e5cf0a (type: router_ports) to 1
2026-04-28 08:55:27.811 10 INFO neutron.wsgi [None req-c0717475-202b-4790-80e7-4a24385b7e15 d56a67e10a06437eb1d0248102661769 7525c3660c2b4b239daf4fd307eccf65 - - default default] 10.0.0.101 "PUT /v2.0/routers/69c5ac7a-7554-441d-9ae7-4c49d9f2a3b2/add_router_interface HTTP/1.1" status: 200 len: 503 time: 1.8723238
2026-04-28 08:55:27.869 10 INFO neutron.wsgi [None req-78e3f732-08b8-492d-a17e-6359e9b06f61 d56a67e10a06437eb1d0248102661769 7525c3660c2b4b239daf4fd307eccf65 - - default default] 10.0.0.101 "GET /v2.0/ports/7e75543d-fde6-424b-85e8-677d12e5cf0a HTTP/1.1" status: 200 len: 1135 time: 0.0520384
