2026-04-28 08:54:09.989 9 INFO neutron.wsgi [None req-d4f1ef9d-2361-40b8-8094-457202471f77 a8b18aca687548e9b401a300a0833676 c731fb5c619c4500916c8eabeea9d6cf - - default default] 10.0.0.101 "GET /v2.0/security-groups/2921057f-9c05-4124-8bcf-c8e657baefda HTTP/1.1" status: 404 len: 347 time: 0.0147669
2026-04-28 08:54:10.188 9 INFO neutron.db.ovn_revision_numbers_db [None req-05a95c94-c0d7-4ef7-8140-7416b8a71465 56172e8c90ef45059602b768e6b9d171 fac1150d86bd43b48062b71e86218f90 - - default default] Successfully bumped revision number for resource 053bb9b8-8910-4b08-a721-6b15ecdd7e1b (type: security_groups) to 1
2026-04-28 08:54:10.212 9 INFO neutron.db.ovn_revision_numbers_db [None req-05a95c94-c0d7-4ef7-8140-7416b8a71465 56172e8c90ef45059602b768e6b9d171 fac1150d86bd43b48062b71e86218f90 - - default default] Successfully bumped revision number for resource 8b760e8d-3724-40e3-acf6-81b0c16101e8 (type: security_group_rules) to 0
2026-04-28 08:54:10.232 9 INFO neutron.db.ovn_revision_numbers_db [None req-05a95c94-c0d7-4ef7-8140-7416b8a71465 56172e8c90ef45059602b768e6b9d171 fac1150d86bd43b48062b71e86218f90 - - default default] Successfully bumped revision number for resource da74ea26-addf-480b-8c03-88fddc591dac (type: security_group_rules) to 0
2026-04-28 08:54:10.257 9 INFO neutron.db.ovn_revision_numbers_db [None req-05a95c94-c0d7-4ef7-8140-7416b8a71465 56172e8c90ef45059602b768e6b9d171 fac1150d86bd43b48062b71e86218f90 - - default default] Successfully bumped revision number for resource dff5475b-67e9-4d4b-98b9-039323e0946d (type: security_group_rules) to 0
2026-04-28 08:54:10.272 9 INFO neutron.db.ovn_revision_numbers_db [None req-05a95c94-c0d7-4ef7-8140-7416b8a71465 56172e8c90ef45059602b768e6b9d171 fac1150d86bd43b48062b71e86218f90 - - default default] Successfully bumped revision number for resource f6cd48d1-2477-43b7-83b1-3160b221d110 (type: security_group_rules) to 0
2026-04-28 08:54:10.297 9 INFO neutron.wsgi [None req-05a95c94-c0d7-4ef7-8140-7416b8a71465 56172e8c90ef45059602b768e6b9d171 fac1150d86bd43b48062b71e86218f90 - - default default] 10.0.0.101 "GET /v2.0/security-groups?tenant_id=b512493fc7ee4d51a98021de618feef3&name=default HTTP/1.1" status: 200 len: 2996 time: 0.4070420
2026-04-28 08:54:10.355 9 INFO neutron.wsgi [None req-67a03c16-3472-4fff-a143-4a6698b90df1 a8b18aca687548e9b401a300a0833676 c731fb5c619c4500916c8eabeea9d6cf - - default default] 10.0.0.101 "DELETE /v2.0/floatingips/fa81aefe-4683-45fb-af3c-e15ccac2cf76 HTTP/1.1" status: 204 len: 168 time: 0.3597534
2026-04-28 08:54:10.374 10 INFO neutron.wsgi [None req-2ca31a63-9d14-40d9-b54e-6152e30b067a 32f42ab2cec94393b51b163728b75d39 70202b8404ac48f3a4171eeb1feddf8f - - default default] 10.0.0.101 "GET /v2.0/ports?project_id=803f6a34f8dc420a9d2fad6c908502a6&network_id=1b93ea36-aa71-486b-9479-f522eeee3807 HTTP/1.1" status: 200 len: 3510 time: 0.0633817
2026-04-28 08:54:10.617 10 INFO neutron.wsgi [None req-1d4ff324-6c0b-40bd-a873-5a9cd456db2c 56172e8c90ef45059602b768e6b9d171 fac1150d86bd43b48062b71e86218f90 - - default default] 10.0.0.101 "DELETE /v2.0/security-groups/053bb9b8-8910-4b08-a721-6b15ecdd7e1b HTTP/1.1" status: 204 len: 168 time: 0.3137288
2026-04-28 08:54:10.652 10 INFO neutron.wsgi [None req-b3a7eb10-d830-4ee5-830e-98212601eb5e 32f42ab2cec94393b51b163728b75d39 70202b8404ac48f3a4171eeb1feddf8f - - default default] 10.0.0.101 "GET /v2.0/subnets?network_id=e419bf3e-e073-4dc2-adef-16fff092c040 HTTP/1.1" status: 200 len: 838 time: 0.0335853
2026-04-28 08:54:10.684 9 INFO neutron.wsgi [req-89e73d86-513c-4ba3-9b92-2ac2e82acbe5 req-c94598e9-9a36-4ae5-8179-cd95ef5029df 1673306297ea46cea0e2e65a93c8fee4 cb1a5111c579418fa4a3f1cfa1f10d6c - - 4f80f72be974423bb1c156b6d22b4158 4f80f72be974423bb1c156b6d22b4158] 199.19.213.205 "GET /v2.0/ports?device_id=0093475e-6d1f-4633-9e39-b4da65fe0025&fields=binding%3Ahost_id&fields=binding%3Avif_type HTTP/1.1" status: 200 len: 265 time: 0.0512455
2026-04-28 08:54:10.763 9 INFO neutron.wsgi [req-89e73d86-513c-4ba3-9b92-2ac2e82acbe5 req-8fc4d51f-7d64-4106-b7c1-22c89b16e8e2 1673306297ea46cea0e2e65a93c8fee4 cb1a5111c579418fa4a3f1cfa1f10d6c - - 4f80f72be974423bb1c156b6d22b4158 4f80f72be974423bb1c156b6d22b4158] 199.19.213.205 "GET /v2.0/ports?tenant_id=803f6a34f8dc420a9d2fad6c908502a6&device_id=0093475e-6d1f-4633-9e39-b4da65fe0025 HTTP/1.1" status: 200 len: 1409 time: 0.0357111
2026-04-28 08:54:10.837 10 INFO neutron.db.ovn_revision_numbers_db [None req-7f68a3dc-28fc-4fff-b572-a2ec1b993a67 56172e8c90ef45059602b768e6b9d171 fac1150d86bd43b48062b71e86218f90 - - default default] Successfully bumped revision number for resource b62b1fb7-38e4-46e7-b19a-e550c9ef5a49 (type: security_groups) to 1
2026-04-28 08:54:10.886 10 INFO neutron.db.ovn_revision_numbers_db [None req-7f68a3dc-28fc-4fff-b572-a2ec1b993a67 56172e8c90ef45059602b768e6b9d171 fac1150d86bd43b48062b71e86218f90 - - default default] Successfully bumped revision number for resource 5b49e2d8-afb0-4dec-94e3-d7fd1e77d323 (type: security_group_rules) to 0
2026-04-28 08:54:10.915 10 INFO neutron.db.ovn_revision_numbers_db [None req-7f68a3dc-28fc-4fff-b572-a2ec1b993a67 56172e8c90ef45059602b768e6b9d171 fac1150d86bd43b48062b71e86218f90 - - default default] Successfully bumped revision number for resource 61b39d5b-5d71-4857-930f-6c19d3369bf0 (type: security_group_rules) to 0
2026-04-28 08:54:10.937 10 INFO neutron.db.ovn_revision_numbers_db [None req-7f68a3dc-28fc-4fff-b572-a2ec1b993a67 56172e8c90ef45059602b768e6b9d171 fac1150d86bd43b48062b71e86218f90 - - default default] Successfully bumped revision number for resource 8b8b2fe4-467e-4d42-aaae-795bdc582926 (type: security_group_rules) to 0
2026-04-28 08:54:10.970 10 INFO neutron.db.ovn_revision_numbers_db [None req-7f68a3dc-28fc-4fff-b572-a2ec1b993a67 56172e8c90ef45059602b768e6b9d171 fac1150d86bd43b48062b71e86218f90 - - default default] Successfully bumped revision number for resource 93dacd47-03a2-43b9-9901-f491dce1684f (type: security_group_rules) to 0
2026-04-28 08:54:11.010 10 INFO neutron.wsgi [None req-7f68a3dc-28fc-4fff-b572-a2ec1b993a67 56172e8c90ef45059602b768e6b9d171 fac1150d86bd43b48062b71e86218f90 - - default default] 10.0.0.101 "GET /v2.0/security-groups?tenant_id=7fe185ed186440d2b73d1e7aa4dd1e61&name=default HTTP/1.1" status: 200 len: 2996 time: 0.2986853
2026-04-28 08:54:11.011 10 INFO neutron.db.l3_db [None req-a4a2953b-e1e7-4be3-bbf7-eec9079c7538 2f80b9eb1f3245b49d27d93635b33196 803f6a34f8dc420a9d2fad6c908502a6 - - default default] Floating IP 4bdec667-06b7-477c-98cd-5e582beb73cc disassociated. External IP: 10.96.250.212, port: 96e4b250-ddd2-4b6f-b3d0-bb932318a1a7.
2026-04-28 08:54:11.064 10 INFO neutron.db.ovn_revision_numbers_db [None req-a4a2953b-e1e7-4be3-bbf7-eec9079c7538 2f80b9eb1f3245b49d27d93635b33196 803f6a34f8dc420a9d2fad6c908502a6 - - default default] Successfully bumped revision number for resource 4bdec667-06b7-477c-98cd-5e582beb73cc (type: floatingips) to 2
2026-04-28 08:54:11.118 9 INFO neutron.wsgi [req-89e73d86-513c-4ba3-9b92-2ac2e82acbe5 req-207b699f-3add-4d82-87a0-622ee63c26e4 1673306297ea46cea0e2e65a93c8fee4 cb1a5111c579418fa4a3f1cfa1f10d6c - - 4f80f72be974423bb1c156b6d22b4158 4f80f72be974423bb1c156b6d22b4158] 199.19.213.205 "GET /v2.0/networks?id=1b93ea36-aa71-486b-9479-f522eeee3807 HTTP/1.1" status: 200 len: 959 time: 0.3363876 /var/lib/openstack/lib/python3.10/site-packages/pycadf/identifier.py:71: UserWarning: Invalid uuid: neutron. To ensure interoperability, identifiers should be a valid uuid. warnings.warn(('Invalid uuid: %s. To ensure interoperability, '
2026-04-28 08:54:11.148 10 INFO neutron.wsgi [None req-a4a2953b-e1e7-4be3-bbf7-eec9079c7538 2f80b9eb1f3245b49d27d93635b33196 803f6a34f8dc420a9d2fad6c908502a6 - - default default] 10.0.0.101 "PUT /v2.0/floatingips/4bdec667-06b7-477c-98cd-5e582beb73cc HTTP/1.1" status: 200 len: 748 time: 0.3023608
2026-04-28 08:54:11.151 9 INFO neutron.wsgi [req-89e73d86-513c-4ba3-9b92-2ac2e82acbe5 req-44cf74a9-adfe-46ea-82a9-84f9272dfcf0 1673306297ea46cea0e2e65a93c8fee4 cb1a5111c579418fa4a3f1cfa1f10d6c - - 4f80f72be974423bb1c156b6d22b4158 4f80f72be974423bb1c156b6d22b4158] 199.19.213.205 "GET /v2.0/floatingips?fixed_ip_address=10.100.0.7&port_id=96e4b250-ddd2-4b6f-b3d0-bb932318a1a7 HTTP/1.1" status: 200 len: 217 time: 0.0275779
2026-04-28 08:54:11.186 10 INFO neutron.notifiers.nova [-] Nova event matching ['req-e001494c-92e8-4304-b95d-66d7039e3cc6'] response: {'name': 'network-changed', 'server_uuid': '0093475e-6d1f-4633-9e39-b4da65fe0025', 'tag': '96e4b250-ddd2-4b6f-b3d0-bb932318a1a7', 'status': 'completed', 'code': 200}
2026-04-28 08:54:11.204 9 INFO neutron.wsgi [req-89e73d86-513c-4ba3-9b92-2ac2e82acbe5 req-d6fb7638-3eeb-4122-933a-6860d3993e33 1673306297ea46cea0e2e65a93c8fee4 cb1a5111c579418fa4a3f1cfa1f10d6c - - 4f80f72be974423bb1c156b6d22b4158 4f80f72be974423bb1c156b6d22b4158] 199.19.213.205 "GET /v2.0/subnets?id=35629d82-c002-4393-9722-30e2a6997b06 HTTP/1.1" status: 200 len: 853 time: 0.0452721
2026-04-28 08:54:11.215 9 INFO neutron.wsgi [None req-d7e00b19-b5fe-4306-bc10-fd41cfaca28d 2f80b9eb1f3245b49d27d93635b33196 803f6a34f8dc420a9d2fad6c908502a6 - - default default] 10.0.0.101 "GET /v2.0/floatingips/4bdec667-06b7-477c-98cd-5e582beb73cc HTTP/1.1" status: 200 len: 746 time: 0.0618122
2026-04-28 08:54:11.242 9 INFO neutron.wsgi [req-89e73d86-513c-4ba3-9b92-2ac2e82acbe5 req-e08f21a5-1e80-4991-9539-3afef668e585 1673306297ea46cea0e2e65a93c8fee4 cb1a5111c579418fa4a3f1cfa1f10d6c - - 4f80f72be974423bb1c156b6d22b4158 4f80f72be974423bb1c156b6d22b4158] 199.19.213.205 "GET /v2.0/ports?network_id=1b93ea36-aa71-486b-9479-f522eeee3807&device_owner=network%3Adhcp HTTP/1.1" status: 200 len: 210 time: 0.0301719
2026-04-28 08:54:11.336 9 INFO neutron.wsgi [req-89e73d86-513c-4ba3-9b92-2ac2e82acbe5 req-f5ebe11a-263d-405f-96c0-2621904f3165 1673306297ea46cea0e2e65a93c8fee4 cb1a5111c579418fa4a3f1cfa1f10d6c - - 4f80f72be974423bb1c156b6d22b4158 4f80f72be974423bb1c156b6d22b4158] 199.19.213.205 "GET /v2.0/networks/1b93ea36-aa71-486b-9479-f522eeee3807?fields=segments HTTP/1.1" status: 200 len: 212 time: 0.0843437
2026-04-28 08:54:11.345 10 INFO neutron.wsgi [None req-3220d65e-1d49-4c98-8064-f8efa904604b 56172e8c90ef45059602b768e6b9d171 fac1150d86bd43b48062b71e86218f90 - - default default] 10.0.0.101 "DELETE /v2.0/security-groups/b62b1fb7-38e4-46e7-b19a-e550c9ef5a49 HTTP/1.1" status: 204 len: 168 time: 0.3258004
2026-04-28 08:54:11.446 9 INFO neutron.wsgi [req-89e73d86-513c-4ba3-9b92-2ac2e82acbe5 req-82e8fffb-f146-4332-82c5-f750d34c355f 1673306297ea46cea0e2e65a93c8fee4 cb1a5111c579418fa4a3f1cfa1f10d6c - - 4f80f72be974423bb1c156b6d22b4158 4f80f72be974423bb1c156b6d22b4158] 199.19.213.205 "GET /v2.0/networks/1b93ea36-aa71-486b-9479-f522eeee3807?fields=provider%3Aphysical_network&fields=provider%3Anetwork_type HTTP/1.1" status: 200 len: 277 time: 0.1048415
2026-04-28 08:54:11.543 9 INFO neutron.wsgi [req-ac86e990-3ced-41b3-b4c8-03c5f2af0818 req-14b4542a-ee52-4661-b1ff-8f7ae2ed4042 1673306297ea46cea0e2e65a93c8fee4 cb1a5111c579418fa4a3f1cfa1f10d6c - - 4f80f72be974423bb1c156b6d22b4158 4f80f72be974423bb1c156b6d22b4158] 199.19.213.205 "GET /v2.0/ports?tenant_id=803f6a34f8dc420a9d2fad6c908502a6&device_id=0093475e-6d1f-4633-9e39-b4da65fe0025 HTTP/1.1" status: 200 len: 1409 time: 0.0384145
2026-04-28 08:54:11.646 9 INFO neutron.wsgi [req-ac86e990-3ced-41b3-b4c8-03c5f2af0818 req-db80b8a2-07b5-47cc-8181-9b9a5690457b 1673306297ea46cea0e2e65a93c8fee4 cb1a5111c579418fa4a3f1cfa1f10d6c - - 4f80f72be974423bb1c156b6d22b4158 4f80f72be974423bb1c156b6d22b4158] 199.19.213.205 "GET /v2.0/networks?id=1b93ea36-aa71-486b-9479-f522eeee3807 HTTP/1.1" status: 200 len: 959 time: 0.0936530
2026-04-28 08:54:11.692 9 INFO neutron.wsgi [req-ac86e990-3ced-41b3-b4c8-03c5f2af0818 req-4a4ba45d-7271-4967-9906-c452b1fc15c0 1673306297ea46cea0e2e65a93c8fee4 cb1a5111c579418fa4a3f1cfa1f10d6c - - 4f80f72be974423bb1c156b6d22b4158 4f80f72be974423bb1c156b6d22b4158] 199.19.213.205 "GET /v2.0/floatingips?fixed_ip_address=10.100.0.7&port_id=96e4b250-ddd2-4b6f-b3d0-bb932318a1a7 HTTP/1.1" status: 200 len: 217 time: 0.0380805
2026-04-28 08:54:11.742 9 INFO neutron.wsgi [req-ac86e990-3ced-41b3-b4c8-03c5f2af0818 req-b0b53bdb-cf36-4336-9cd8-080c438bc13d 1673306297ea46cea0e2e65a93c8fee4 cb1a5111c579418fa4a3f1cfa1f10d6c - - 4f80f72be974423bb1c156b6d22b4158 4f80f72be974423bb1c156b6d22b4158] 199.19.213.205 "GET /v2.0/subnets?id=35629d82-c002-4393-9722-30e2a6997b06 HTTP/1.1" status: 200 len: 853 time: 0.0359921
2026-04-28 08:54:11.777 9 INFO neutron.wsgi [req-ac86e990-3ced-41b3-b4c8-03c5f2af0818 req-b70eaa9e-09f6-4385-8964-897759ee97d7 1673306297ea46cea0e2e65a93c8fee4 cb1a5111c579418fa4a3f1cfa1f10d6c - - 4f80f72be974423bb1c156b6d22b4158 4f80f72be974423bb1c156b6d22b4158] 199.19.213.205 "GET /v2.0/ports?network_id=1b93ea36-aa71-486b-9479-f522eeee3807&device_owner=network%3Adhcp HTTP/1.1" status: 200 len: 210 time: 0.0290546
2026-04-28 08:54:11.853 9 INFO neutron.wsgi [req-ac86e990-3ced-41b3-b4c8-03c5f2af0818 req-cb361a75-4cf5-4f80-9101-3cc4727e5251 1673306297ea46cea0e2e65a93c8fee4 cb1a5111c579418fa4a3f1cfa1f10d6c - - 4f80f72be974423bb1c156b6d22b4158 4f80f72be974423bb1c156b6d22b4158] 199.19.213.205 "GET /v2.0/networks/1b93ea36-aa71-486b-9479-f522eeee3807?fields=segments HTTP/1.1" status: 200 len: 212 time: 0.0711584
2026-04-28 08:54:11.938 9 INFO neutron.wsgi [req-ac86e990-3ced-41b3-b4c8-03c5f2af0818 req-4a27abf8-3f20-4119-b9c3-d4dff59ac3bb 1673306297ea46cea0e2e65a93c8fee4 cb1a5111c579418fa4a3f1cfa1f10d6c - - 4f80f72be974423bb1c156b6d22b4158 4f80f72be974423bb1c156b6d22b4158] 199.19.213.205 "GET /v2.0/networks/1b93ea36-aa71-486b-9479-f522eeee3807?fields=provider%3Aphysical_network&fields=provider%3Anetwork_type HTTP/1.1" status: 200 len: 277 time: 0.0798934
2026-04-28 08:54:12.025 9 INFO neutron.wsgi [None req-afee17ae-1dc8-423c-ba3b-ec65ed7d5a6b 56172e8c90ef45059602b768e6b9d171 fac1150d86bd43b48062b71e86218f90 - - default default] 10.0.0.101 "PUT /v2.0/routers/df64d876-1245-43b1-a3f7-cc08a2b53dc7/remove_router_interface HTTP/1.1" status: 200 len: 503 time: 1.6641803 /var/lib/openstack/lib/python3.10/site-packages/pycadf/identifier.py:71: UserWarning: Invalid uuid: neutron. To ensure interoperability, identifiers should be a valid uuid. warnings.warn(('Invalid uuid: %s. To ensure interoperability, '
2026-04-28 08:54:12.416 10 INFO neutron.db.ovn_revision_numbers_db [None req-4c94fff1-1ca2-4e7e-a26f-2233a69ab5b0 2f80b9eb1f3245b49d27d93635b33196 803f6a34f8dc420a9d2fad6c908502a6 - - default default] Successfully bumped revision number for resource 2b510eaf-1f0b-4930-82b7-e01bd112cd78 (type: security_groups) to 1
2026-04-28 08:54:12.431 10 INFO neutron.db.ovn_revision_numbers_db [None req-4c94fff1-1ca2-4e7e-a26f-2233a69ab5b0 2f80b9eb1f3245b49d27d93635b33196 803f6a34f8dc420a9d2fad6c908502a6 - - default default] Successfully bumped revision number for resource 5063f70f-383f-406a-aa08-7fc97d3552fc (type: security_group_rules) to 0
2026-04-28 08:54:12.446 10 INFO neutron.db.ovn_revision_numbers_db [None req-4c94fff1-1ca2-4e7e-a26f-2233a69ab5b0 2f80b9eb1f3245b49d27d93635b33196 803f6a34f8dc420a9d2fad6c908502a6 - - default default] Successfully bumped revision number for resource e1c6d9de-9677-4fcc-ab98-671e668e584a (type: security_group_rules) to 0
2026-04-28 08:54:12.469 10 INFO neutron.wsgi [None req-4c94fff1-1ca2-4e7e-a26f-2233a69ab5b0 2f80b9eb1f3245b49d27d93635b33196 803f6a34f8dc420a9d2fad6c908502a6 - - default default] 10.0.0.101 "POST /v2.0/security-groups HTTP/1.1" status: 201 len: 1809 time: 0.1739120
2026-04-28 08:54:12.599 10 INFO neutron.db.ovn_revision_numbers_db [None req-ce73ae4b-0a1a-4445-8761-1c1d765599cd 2f80b9eb1f3245b49d27d93635b33196 803f6a34f8dc420a9d2fad6c908502a6 - - default default] Successfully bumped revision number for resource ea5c7da4-aa81-4014-ac30-6a70201a8058 (type: security_group_rules) to 0
2026-04-28 08:54:12.625 10 INFO neutron.wsgi [None req-ce73ae4b-0a1a-4445-8761-1c1d765599cd 2f80b9eb1f3245b49d27d93635b33196 803f6a34f8dc420a9d2fad6c908502a6 - - default default] 10.0.0.101 "POST /v2.0/security-group-rules HTTP/1.1" status: 201 len: 764 time: 0.1510820
2026-04-28 08:54:12.694 9 INFO neutron.wsgi [None req-681c493d-ffd1-4068-812b-5d930e9ce411 56172e8c90ef45059602b768e6b9d171 fac1150d86bd43b48062b71e86218f90 - - default default] 10.0.0.101 "DELETE /v2.0/routers/df64d876-1245-43b1-a3f7-cc08a2b53dc7 HTTP/1.1" status: 204 len: 168 time: 0.6635146
2026-04-28 08:54:12.768 10 INFO neutron.db.ovn_revision_numbers_db [None req-4dce5158-95cd-45f4-9ec7-aeb865c040c0 2f80b9eb1f3245b49d27d93635b33196 803f6a34f8dc420a9d2fad6c908502a6 - - default default] Successfully bumped revision number for resource 2b1395ca-0806-4cb7-9a55-e17b8725f19d (type: security_group_rules) to 0
2026-04-28 08:54:12.797 10 INFO neutron.wsgi [None req-4dce5158-95cd-45f4-9ec7-aeb865c040c0 2f80b9eb1f3245b49d27d93635b33196 803f6a34f8dc420a9d2fad6c908502a6 - - default default] 10.0.0.101 "POST /v2.0/security-group-rules HTTP/1.1" status: 201 len: 763 time: 0.1674027
2026-04-28 08:54:12.914 9 INFO neutron.wsgi [None req-abed919e-53e2-46ab-b01b-7a9fbf1928a9 56172e8c90ef45059602b768e6b9d171 fac1150d86bd43b48062b71e86218f90 - - default default] 10.0.0.101 "DELETE /v2.0/subnets/4016f102-9709-4843-b3cc-a2ec32e3324c HTTP/1.1" status: 204 len: 168 time: 0.2137864
2026-04-28 08:54:12.946 10 INFO neutron.db.ovn_revision_numbers_db [None req-a619457e-6a0c-484a-8521-9d2ed893ebf8 2f80b9eb1f3245b49d27d93635b33196 803f6a34f8dc420a9d2fad6c908502a6 - - default default] Successfully bumped revision number for resource 9536f0e6-cfc8-4c4c-aa0e-1c398ac5a56e (type: security_group_rules) to 0
2026-04-28 08:54:12.973 10 INFO neutron.wsgi [None req-a619457e-6a0c-484a-8521-9d2ed893ebf8 2f80b9eb1f3245b49d27d93635b33196 803f6a34f8dc420a9d2fad6c908502a6 - - default default] 10.0.0.101 "POST /v2.0/security-group-rules HTTP/1.1" status: 201 len: 769 time: 0.1696632
2026-04-28 08:54:13.110 10 INFO neutron.db.ovn_revision_numbers_db [None req-3f1a192f-4021-428a-ac10-4b4088b4b934 2f80b9eb1f3245b49d27d93635b33196 803f6a34f8dc420a9d2fad6c908502a6 - - default default] Successfully bumped revision number for resource 4830134e-dacd-40de-8457-2513f58a166d (type: security_group_rules) to 0
2026-04-28 08:54:13.139 10 INFO neutron.wsgi [None req-3f1a192f-4021-428a-ac10-4b4088b4b934 2f80b9eb1f3245b49d27d93635b33196 803f6a34f8dc420a9d2fad6c908502a6 - - default default] 10.0.0.101 "POST /v2.0/security-group-rules HTTP/1.1" status: 201 len: 768 time: 0.1599219
2026-04-28 08:54:13.166 10 INFO neutron.db.securitygroups_db [None req-4c741fca-b737-4701-bc27-3039110271a6 2f80b9eb1f3245b49d27d93635b33196 803f6a34f8dc420a9d2fad6c908502a6 - - default default] Project 803f6a34f8dc420a9d2fad6c908502a6 added a security group rule with legacy IPv6 ICMP protocol name icmp, ipv6-icmp should be used instead. It was automatically converted.
2026-04-28 08:54:13.293 10 INFO neutron.db.ovn_revision_numbers_db [None req-4c741fca-b737-4701-bc27-3039110271a6 2f80b9eb1f3245b49d27d93635b33196 803f6a34f8dc420a9d2fad6c908502a6 - - default default] Successfully bumped revision number for resource 526abe93-6ca9-4a53-be80-82a3afe1c14d (type: security_group_rules) to 0
2026-04-28 08:54:13.302 9 INFO neutron.services.segments.plugin [-] Segment 0cc768b1-5ae4-409b-a6c9-0911ff811584 resource provider aggregate not found
2026-04-28 08:54:13.308 9 INFO neutron.services.segments.plugin [-] Segment 0cc768b1-5ae4-409b-a6c9-0911ff811584 resource provider aggregate not found
2026-04-28 08:54:13.320 10 INFO neutron.wsgi [None req-4c741fca-b737-4701-bc27-3039110271a6 2f80b9eb1f3245b49d27d93635b33196 803f6a34f8dc420a9d2fad6c908502a6 - - default default] 10.0.0.101 "POST /v2.0/security-group-rules HTTP/1.1" status: 201 len: 774 time: 0.1751783
2026-04-28 08:54:13.336 9 INFO neutron.services.segments.plugin [-] Segment 0cc768b1-5ae4-409b-a6c9-0911ff811584 resource provider not found; error: Placement Client Error (4xx): {"errors": [{"status": 404, "title": "Not Found", "detail": "The resource could not be found.\n\n No resource provider with uuid 0cc768b1-5ae4-409b-a6c9-0911ff811584 found for delete ", "request_id": "req-fc01b274-f3e7-4e36-a807-2cdfee657f98"}]}
2026-04-28 08:54:13.337 9 INFO neutron.services.segments.plugin [-] Segment 0cc768b1-5ae4-409b-a6c9-0911ff811584 resource provider not found; error: Placement Client Error (4xx): {"errors": [{"status": 404, "title": "Not Found", "detail": "The resource could not be found.\n\n No resource provider with uuid 0cc768b1-5ae4-409b-a6c9-0911ff811584 found for delete ", "request_id": "req-9c451858-7cbd-4663-8ef6-579a66ebbbe3"}]}
2026-04-28 08:54:13.357 10 INFO neutron.db.securitygroups_db [None req-f1e41c2a-f0c4-4944-a4b2-626bc4148053 2f80b9eb1f3245b49d27d93635b33196 803f6a34f8dc420a9d2fad6c908502a6 - - default default] Project 803f6a34f8dc420a9d2fad6c908502a6 added a security group rule with legacy IPv6 ICMP protocol name icmp, ipv6-icmp should be used instead. It was automatically converted.
2026-04-28 08:54:13.372 9 INFO neutron.wsgi [None req-f18d0790-78e1-4ab6-9b88-756caafaad41 56172e8c90ef45059602b768e6b9d171 fac1150d86bd43b48062b71e86218f90 - - default default] 10.0.0.101 "DELETE /v2.0/networks/973b7153-01ae-4147-93b4-d33571b05ef9 HTTP/1.1" status: 204 len: 168 time: 0.4527099
2026-04-28 08:54:13.465 10 INFO neutron.db.ovn_revision_numbers_db [None req-f1e41c2a-f0c4-4944-a4b2-626bc4148053 2f80b9eb1f3245b49d27d93635b33196 803f6a34f8dc420a9d2fad6c908502a6 - - default default] Successfully bumped revision number for resource 64b470ea-c1df-45a5-af98-7003226fc669 (type: security_group_rules) to 0
2026-04-28 08:54:13.486 10 INFO neutron.wsgi [None req-f1e41c2a-f0c4-4944-a4b2-626bc4148053 2f80b9eb1f3245b49d27d93635b33196 803f6a34f8dc420a9d2fad6c908502a6 - - default default] 10.0.0.101 "POST /v2.0/security-group-rules HTTP/1.1" status: 201 len: 773 time: 0.1624742
2026-04-28 08:54:13.575 9 INFO neutron.wsgi [None req-d7acf0b3-8717-43c8-89d5-1c48b991aa57 56172e8c90ef45059602b768e6b9d171 fac1150d86bd43b48062b71e86218f90 - - default default] 10.0.0.101 "GET /v2.0/security-groups?tenant_id=c731fb5c619c4500916c8eabeea9d6cf&name=default HTTP/1.1" status: 200 len: 2996 time: 0.0448153
2026-04-28 08:54:13.803 9 INFO neutron.wsgi [None req-297f00ba-7eb6-4bd6-890e-2c0633c6bbeb 56172e8c90ef45059602b768e6b9d171 fac1150d86bd43b48062b71e86218f90 - - default default] 10.0.0.101 "DELETE /v2.0/security-groups/4cb2bff3-94de-436a-b1fb-76057c3049da HTTP/1.1" status: 204 len: 168 time: 0.2221434
2026-04-28 08:54:13.873 10 INFO neutron.wsgi [None req-d12db7a1-b7df-45c6-ae0e-166a7bb3cc25 d5e5a3a70dc247068da18f18033d0711 2e9acccc06094d569ca32e32c957b14e - - default default] 10.0.0.101 "GET /v2.0/extensions HTTP/1.1" status: 200 len: 16520 time: 0.3646610
2026-04-28 08:54:13.883 10 INFO neutron.wsgi [None req-53bf2440-5500-415d-b5f9-8ac6356ce435 d5e5a3a70dc247068da18f18033d0711 2e9acccc06094d569ca32e32c957b14e - - default default] 10.0.0.101 "GET /v2.0/extensions/address-group HTTP/1.1" status: 200 len: 353 time: 0.0049775
2026-04-28 08:54:13.893 10 INFO neutron.wsgi [None req-ec880ab4-0cfc-4e84-a6d6-e90dce6433e9 d5e5a3a70dc247068da18f18033d0711 2e9acccc06094d569ca32e32c957b14e - - default default] 10.0.0.101 "GET /v2.0/extensions/address-scope HTTP/1.1" status: 200 len: 357 time: 0.0048673
2026-04-28 08:54:13.902 10 INFO neutron.wsgi [None req-d638a9f2-a224-4d31-8667-fe610ef8d037 d5e5a3a70dc247068da18f18033d0711 2e9acccc06094d569ca32e32c957b14e - - default default] 10.0.0.101 "GET /v2.0/extensions/agent HTTP/1.1" status: 200 len: 347 time: 0.0046632
2026-04-28 08:54:13.915 9 INFO neutron.wsgi [None req-21902bde-16cb-40ac-ac8f-d11b149a3062 d5e5a3a70dc247068da18f18033d0711 2e9acccc06094d569ca32e32c957b14e - - default default] 10.0.0.101 "GET /v2.0/extensions/allowed-address-pairs HTTP/1.1" status: 200 len: 378 time: 0.0085394
2026-04-28 08:54:13.926 10 INFO neutron.wsgi [None req-bce476bf-2812-4925-a046-6254c94e63d8 d5e5a3a70dc247068da18f18033d0711 2e9acccc06094d569ca32e32c957b14e - - default default] 10.0.0.101 "GET /v2.0/extensions/auto-allocated-topology HTTP/1.1" status: 200 len: 394 time: 0.0070670
2026-04-28 08:54:13.938 10 INFO neutron.wsgi [None req-d05cdc53-4b4a-46bd-9ff0-62e04f7cf21a d5e5a3a70dc247068da18f18033d0711 2e9acccc06094d569ca32e32c957b14e - - default default] 10.0.0.101 "GET /v2.0/extensions/availability_zone HTTP/1.1" status: 200 len: 372 time: 0.0044136
2026-04-28 08:54:13.949 10 INFO neutron.wsgi [None req-406f2ffa-39b2-49f2-ad36-66fb30383fd4 d5e5a3a70dc247068da18f18033d0711 2e9acccc06094d569ca32e32c957b14e - - default default] 10.0.0.101 "GET /v2.0/extensions/default-subnetpools HTTP/1.1" status: 200 len: 405 time: 0.0055287
2026-04-28 08:54:13.961 9 INFO neutron.wsgi [None req-903c8148-7e61-45ed-a0dc-83e1c51f5252 d5e5a3a70dc247068da18f18033d0711 2e9acccc06094d569ca32e32c957b14e - - default default] 10.0.0.101 "GET /v2.0/extensions/dhcp_agent_scheduler HTTP/1.1" status: 200 len: 381 time: 0.0058854
2026-04-28 08:54:13.971 9 INFO neutron.wsgi [None req-6f41e71e-40ec-415d-808e-352573aa0070 d5e5a3a70dc247068da18f18033d0711 2e9acccc06094d569ca32e32c957b14e - - default default] 10.0.0.101 "GET /v2.0/extensions/dns-integration HTTP/1.1" status: 200 len: 366 time: 0.0042710
2026-04-28 08:54:13.980 9 INFO neutron.wsgi [None req-f26a39f8-d014-4811-9cdf-2f3767a3411d d5e5a3a70dc247068da18f18033d0711 2e9acccc06094d569ca32e32c957b14e - - default default] 10.0.0.101 "GET /v2.0/extensions/dns-domain-ports HTTP/1.1" status: 200 len: 399 time: 0.0040846
2026-04-28 08:54:13.988 9 INFO neutron.wsgi [None req-4cee2b53-53eb-4a48-a4bc-475a21dd0fd8 d5e5a3a70dc247068da18f18033d0711 2e9acccc06094d569ca32e32c957b14e - - default default] 10.0.0.101 "GET /v2.0/extensions/dns-integration-domain-keywords HTTP/1.1" status: 200 len: 477 time: 0.0040524
2026-04-28 08:54:13.997 9 INFO neutron.wsgi [None req-7bdbd12a-2f1e-4304-b087-c22fd74588b0 d5e5a3a70dc247068da18f18033d0711 2e9acccc06094d569ca32e32c957b14e - - default default] 10.0.0.101 "GET /v2.0/extensions/external-net HTTP/1.1" status: 200 len: 394 time: 0.0047336
2026-04-28 08:54:14.007 9 INFO neutron.wsgi [None req-4599b253-b6d8-4100-99ef-c4f822056b38 d5e5a3a70dc247068da18f18033d0711 2e9acccc06094d569ca32e32c957b14e - - default default] 10.0.0.101 "GET /v2.0/extensions/extra_dhcp_opt HTTP/1.1" status: 200 len: 498 time: 0.0042996
2026-04-28 08:54:14.016 9 INFO neutron.wsgi [None req-288c7f78-2f55-481a-ab47-6465ba44f4e4 d5e5a3a70dc247068da18f18033d0711 2e9acccc06094d569ca32e32c957b14e - - default default] 10.0.0.101 "GET /v2.0/extensions/extraroute HTTP/1.1" status: 200 len: 375 time: 0.0042312
2026-04-28 08:54:14.024 9 INFO neutron.wsgi [None req-30334aee-76dd-47ee-81d0-4005f9ef04ad d5e5a3a70dc247068da18f18033d0711 2e9acccc06094d569ca32e32c957b14e - - default default] 10.0.0.101 "GET /v2.0/extensions/filter-validation HTTP/1.1" status: 200 len: 392 time: 0.0040624
2026-04-28 08:54:14.033 9 INFO neutron.wsgi [None req-d0dab087-00fc-4700-98a4-5fc55e350d7d d5e5a3a70dc247068da18f18033d0711 2e9acccc06094d569ca32e32c957b14e - - default default] 10.0.0.101 "GET /v2.0/extensions/floating-ip-port-forwarding-detail HTTP/1.1" status: 200 len: 465 time: 0.0044153
2026-04-28 08:54:14.044 9 INFO neutron.wsgi [None req-b80b0468-8811-4c46-b5fb-cfb5daa41c96 d5e5a3a70dc247068da18f18033d0711 2e9acccc06094d569ca32e32c957b14e - - default default] 10.0.0.101 "GET /v2.0/extensions/fip-port-details HTTP/1.1" status: 200 len: 406 time: 0.0064287
2026-04-28 08:54:14.053 9 INFO neutron.wsgi [None req-56dcfaae-5aa5-464d-80a6-f57544b675fe d5e5a3a70dc247068da18f18033d0711 2e9acccc06094d569ca32e32c957b14e - - default default] 10.0.0.101 "GET /v2.0/extensions/flavors HTTP/1.1" status: 200 len: 387 time: 0.0043645
2026-04-28 08:54:14.061 9 INFO neutron.wsgi [None req-8bec1b73-debf-4e4a-b819-ca5be0f6aa82 d5e5a3a70dc247068da18f18033d0711 2e9acccc06094d569ca32e32c957b14e - - default default] 10.0.0.101 "GET /v2.0/extensions/floatingip-pools HTTP/1.1" status: 200 len: 382 time: 0.0039635
2026-04-28 08:54:14.069 9 INFO neutron.wsgi [None req-a744d0bc-c679-4d18-b32d-bd95bedb1c31 d5e5a3a70dc247068da18f18033d0711 2e9acccc06094d569ca32e32c957b14e - - default default] 10.0.0.101 "GET /v2.0/extensions/ip_allocation HTTP/1.1" status: 200 len: 356 time: 0.0047293
2026-04-28 08:54:14.076 9 INFO neutron.wsgi [None req-29174925-8d21-4250-8947-a7ecba8d480f d5e5a3a70dc247068da18f18033d0711 2e9acccc06094d569ca32e32c957b14e - - default default] 10.0.0.101 "GET /v2.0/extensions/l2_adjacency HTTP/1.1" status: 200 len: 372 time: 0.0041316
2026-04-28 08:54:14.083 9 INFO neutron.wsgi [None req-e875d0d2-bcec-4c2d-bae8-9cf3c9ae23a2 d5e5a3a70dc247068da18f18033d0711 2e9acccc06094d569ca32e32c957b14e - - default default] 10.0.0.101 "GET /v2.0/extensions/router HTTP/1.1" status: 200 len: 450 time: 0.0043857
2026-04-28 08:54:14.090 9 INFO neutron.wsgi [None req-e5953dc6-195d-48e9-95bc-2b623293f95f d5e5a3a70dc247068da18f18033d0711 2e9acccc06094d569ca32e32c957b14e - - default default] 10.0.0.101 "GET /v2.0/extensions/ext-gw-mode HTTP/1.1" status: 200 len: 462 time: 0.0038447
2026-04-28 08:54:14.097 9 INFO neutron.wsgi [None req-c7ad730e-eba8-483b-8eb4-60092315d05e d5e5a3a70dc247068da18f18033d0711 2e9acccc06094d569ca32e32c957b14e - - default default] 10.0.0.101 "GET /v2.0/extensions/logging HTTP/1.1" status: 200 len: 407 time: 0.0040290
2026-04-28 08:54:14.106 9 INFO neutron.wsgi [None req-bb75d4a4-87cd-4e74-8bf8-612c1bb42540 d5e5a3a70dc247068da18f18033d0711 2e9acccc06094d569ca32e32c957b14e - - default default] 10.0.0.101 "GET /v2.0/extensions/multi-provider HTTP/1.1" status: 200 len: 406 time: 0.0042062
2026-04-28 08:54:14.114 9 INFO neutron.wsgi [None req-3ce2dbb1-2dbc-4bab-a90d-c7507fec2a98 d5e5a3a70dc247068da18f18033d0711 2e9acccc06094d569ca32e32c957b14e - - default default] 10.0.0.101 "GET /v2.0/extensions/net-mtu HTTP/1.1" status: 200 len: 370 time: 0.0042579
2026-04-28 08:54:14.124 9 INFO neutron.wsgi [None req-ae00257a-0629-43c3-9fe3-cffd0c9bab7b d5e5a3a70dc247068da18f18033d0711 2e9acccc06094d569ca32e32c957b14e - - default default] 10.0.0.101 "GET /v2.0/extensions/net-mtu-writable HTTP/1.1" status: 200 len: 401 time: 0.0044765
2026-04-28 08:54:14.131 9 INFO neutron.wsgi [None req-4686c163-d08a-4e06-a828-c0f2d66816d7 d5e5a3a70dc247068da18f18033d0711 2e9acccc06094d569ca32e32c957b14e - - default default] 10.0.0.101 "GET /v2.0/extensions/network_availability_zone HTTP/1.1" status: 200 len: 394 time: 0.0045657
2026-04-28 08:54:14.143 9 INFO neutron.wsgi [None req-dcd323e9-e6ab-4736-937b-16ab0d1eb7f5 d5e5a3a70dc247068da18f18033d0711 2e9acccc06094d569ca32e32c957b14e - - default default] 10.0.0.101 "GET /v2.0/extensions/network-ip-availability HTTP/1.1" status: 200 len: 410 time: 0.0071774
2026-04-28 08:54:14.158 10 INFO neutron.wsgi [None req-14628737-0b9d-4865-aa23-3900b7a0f2c9 d5e5a3a70dc247068da18f18033d0711 2e9acccc06094d569ca32e32c957b14e - - default default] 10.0.0.101 "GET /v2.0/extensions/pagination HTTP/1.1" status: 200 len: 386 time: 0.0097153
2026-04-28 08:54:14.166 10 INFO neutron.wsgi [None req-fd12760c-cfc5-4e6f-9570-2796f9178604 d5e5a3a70dc247068da18f18033d0711 2e9acccc06094d569ca32e32c957b14e - - default default] 10.0.0.101 "GET /v2.0/extensions/port-device-profile HTTP/1.1" status: 200 len: 383 time: 0.0039577
2026-04-28 08:54:14.175 10 INFO neutron.wsgi [None req-07090086-be1d-4357-82af-5112e08f14e2 d5e5a3a70dc247068da18f18033d0711 2e9acccc06094d569ca32e32c957b14e - - default default] 10.0.0.101 "GET /v2.0/extensions/port-mac-address-regenerate HTTP/1.1" status: 200 len: 403 time: 0.0045941
2026-04-28 08:54:14.192 9 INFO neutron.wsgi [None req-3a706e3e-e52a-4057-bafb-e166a0caf0fa d5e5a3a70dc247068da18f18033d0711 2e9acccc06094d569ca32e32c957b14e - - default default] 10.0.0.101 "GET /v2.0/extensions/port-numa-affinity-policy HTTP/1.1" status: 200 len: 392 time: 0.0136600
2026-04-28 08:54:14.204 10 INFO neutron.wsgi [None req-bfc2810c-0065-4dcb-9c92-7c133e23563c d5e5a3a70dc247068da18f18033d0711 2e9acccc06094d569ca32e32c957b14e - - default default] 10.0.0.101 "GET /v2.0/extensions/port-resource-request HTTP/1.1" status: 200 len: 379 time: 0.0052137
2026-04-28 08:54:14.211 10 INFO neutron.wsgi [None req-5ac35249-706f-4858-b59e-e972c393f204 d5e5a3a70dc247068da18f18033d0711 2e9acccc06094d569ca32e32c957b14e - - default default] 10.0.0.101 "GET /v2.0/extensions/port-resource-request-groups HTTP/1.1" status: 200 len: 465 time: 0.0040209
2026-04-28 08:54:14.219 10 INFO neutron.wsgi [None req-ef87006d-7133-4853-8d64-adc9b9421ca8 d5e5a3a70dc247068da18f18033d0711 2e9acccc06094d569ca32e32c957b14e - - default default] 10.0.0.101 "GET /v2.0/extensions/binding HTTP/1.1" status: 200 len: 387 time: 0.0039096
2026-04-28 08:54:14.225 10 INFO neutron.wsgi [None req-e0bcd13f-2142-44b4-8832-81727498137c d5e5a3a70dc247068da18f18033d0711 2e9acccc06094d569ca32e32c957b14e - - default default] 10.0.0.101 "GET /v2.0/extensions/binding-extended HTTP/1.1" status: 200 len: 406 time: 0.0037904
2026-04-28 08:54:14.233 10 INFO neutron.wsgi [None req-55002ac7-36d2-440f-be2e-3524c387aa79 d5e5a3a70dc247068da18f18033d0711 2e9acccc06094d569ca32e32c957b14e - - default default] 10.0.0.101 "GET /v2.0/extensions/port-security HTTP/1.1" status: 200 len: 354 time: 0.0042419
2026-04-28 08:54:14.240 10 INFO neutron.wsgi [None req-91a1c0b0-8aef-4aee-a1b5-55c0185a9f41 d5e5a3a70dc247068da18f18033d0711 2e9acccc06094d569ca32e32c957b14e - - default default] 10.0.0.101 "GET /v2.0/extensions/project-id HTTP/1.1" status: 200 len: 398 time: 0.0039263
2026-04-28 08:54:14.247 10 INFO neutron.wsgi [None req-6156f91d-d33e-4499-bb29-29fab85cebcd d5e5a3a70dc247068da18f18033d0711 2e9acccc06094d569ca32e32c957b14e - - default default] 10.0.0.101 "GET /v2.0/extensions/provider HTTP/1.1" status: 200 len: 385 time: 0.0042243
2026-04-28 08:54:14.257 10 INFO neutron.wsgi [None req-23424fa1-dd6e-466b-9fd9-79e6e2c01ed2 d5e5a3a70dc247068da18f18033d0711 2e9acccc06094d569ca32e32c957b14e - - default default] 10.0.0.101 "GET /v2.0/extensions/qos HTTP/1.1" status: 200 len: 360 time: 0.0054145
2026-04-28 08:54:14.270 10 INFO neutron.wsgi [None req-6361d75c-9956-4887-9dbc-3bb7dfb7cc7b d5e5a3a70dc247068da18f18033d0711 2e9acccc06094d569ca32e32c957b14e - - default default] 10.0.0.101 "GET /v2.0/extensions/qos-bw-limit-direction HTTP/1.1" status: 200 len: 452 time: 0.0040963
2026-04-28 08:54:14.281 10 INFO neutron.wsgi [None req-aa4f75ab-37e0-4c75-a65c-cc766961c02a d5e5a3a70dc247068da18f18033d0711 2e9acccc06094d569ca32e32c957b14e - - default default] 10.0.0.101 "GET /v2.0/extensions/qos-bw-minimum-ingress HTTP/1.1" status: 200 len: 445 time: 0.0037448
2026-04-28 08:54:14.290 10 INFO neutron.wsgi [None req-6ae9c0b8-0a1e-47d0-bf3d-4e99120caae8 d5e5a3a70dc247068da18f18033d0711 2e9acccc06094d569ca32e32c957b14e - - default default] 10.0.0.101 "GET /v2.0/extensions/qos-default HTTP/1.1" status: 200 len: 377 time: 0.0041080
2026-04-28 08:54:14.301 9 INFO neutron.wsgi [None req-48b48d08-274b-4adf-9128-8afe61bce719 d5e5a3a70dc247068da18f18033d0711 2e9acccc06094d569ca32e32c957b14e - - default default] 10.0.0.101 "GET /v2.0/extensions/qos-fip HTTP/1.1" status: 200 len: 372 time: 0.0075018
2026-04-28 08:54:14.314 10 INFO neutron.wsgi [None req-24aa7c7e-a892-4a01-8f64-ae472fe783ae d5e5a3a70dc247068da18f18033d0711 2e9acccc06094d569ca32e32c957b14e - - default default] 10.0.0.101 "GET /v2.0/extensions/qos-gateway-ip HTTP/1.1" status: 200 len: 391 time: 0.0060802
2026-04-28 08:54:14.329 10 INFO neutron.wsgi [None req-8aed5bf7-989b-4805-8a62-320f82e3cbbc d5e5a3a70dc247068da18f18033d0711 2e9acccc06094d569ca32e32c957b14e - - default default] 10.0.0.101 "GET /v2.0/extensions/qos-port-network-policy HTTP/1.1" status: 200 len: 403 time: 0.0079043
2026-04-28 08:54:14.341 10 INFO neutron.wsgi [None req-1c207512-3105-47a8-b457-3c053850f98a d5e5a3a70dc247068da18f18033d0711 2e9acccc06094d569ca32e32c957b14e - - default default] 10.0.0.101 "GET /v2.0/extensions/qos-pps-minimum HTTP/1.1" status: 200 len: 397 time: 0.0067704
2026-04-28 08:54:14.350 10 INFO neutron.wsgi [None req-cb5f093a-9243-4d98-8275-95206f35a987 d5e5a3a70dc247068da18f18033d0711 2e9acccc06094d569ca32e32c957b14e - - default default] 10.0.0.101 "GET /v2.0/extensions/qos-pps-minimum-rule-alias HTTP/1.1" status: 200 len: 471 time: 0.0049465
2026-04-28 08:54:14.351 9 INFO neutron.db.ovn_revision_numbers_db [None req-ac520712-06c6-4299-bcc4-0ea559bff381 2aecbdad3e33431aa4de1141de5cbefc f16454cf59164759a3c6af69233f3121 - - default default] Successfully bumped revision number for resource 9290e1d8-e504-419d-a17f-052d6793fb1c (type: routers) to 1
2026-04-28 08:54:14.360 9 INFO neutron.wsgi [None req-376d3ebc-7e7d-4136-8bdd-ecddd2b761b5 d5e5a3a70dc247068da18f18033d0711 2e9acccc06094d569ca32e32c957b14e - - default default] 10.0.0.101 "GET /v2.0/extensions/qos-pps HTTP/1.1" status: 200 len: 389 time: 0.0049751
2026-04-28 08:54:14.368 9 INFO neutron.wsgi [None req-9728c8e5-9606-4046-82ed-9f4cc004c23b d5e5a3a70dc247068da18f18033d0711 2e9acccc06094d569ca32e32c957b14e - - default default] 10.0.0.101 "GET /v2.0/extensions/qos-rule-type-details HTTP/1.1" status: 200 len: 423 time: 0.0047674
2026-04-28 08:54:14.372 10 INFO neutron.wsgi [None req-a89b4b2b-7b5e-4167-b658-c7bec51d4e54 2f80b9eb1f3245b49d27d93635b33196 803f6a34f8dc420a9d2fad6c908502a6 - - default default] 10.0.0.101 "GET /v2.0/networks HTTP/1.1" status: 200 len: 1493 time: 0.4328406
2026-04-28 08:54:14.377 9 INFO neutron.wsgi [None req-a6148fad-f139-48dd-baed-6709e947d914 d5e5a3a70dc247068da18f18033d0711 2e9acccc06094d569ca32e32c957b14e - - default default] 10.0.0.101 "GET /v2.0/extensions/qos-rule-type-filter HTTP/1.1" status: 200 len: 567 time: 0.0046744
2026-04-28 08:54:14.381 9 INFO neutron.wsgi [None req-ac520712-06c6-4299-bcc4-0ea559bff381 2aecbdad3e33431aa4de1141de5cbefc f16454cf59164759a3c6af69233f3121 - - default default] 10.0.0.101 "POST /v2.0/routers HTTP/1.1" status: 201 len: 654 time: 0.4433944
2026-04-28 08:54:14.387 10 INFO neutron.wsgi [None req-29cb5a08-1987-4df7-9f1c-1a1c13937d8e d5e5a3a70dc247068da18f18033d0711 2e9acccc06094d569ca32e32c957b14e - - default default] 10.0.0.101 "GET /v2.0/extensions/qos-rules-alias HTTP/1.1" status: 200 len: 448 time: 0.0062792
2026-04-28 08:54:14.396 9 INFO neutron.wsgi [None req-afe020bb-f2d5-4abd-8658-4a931212c4ce d5e5a3a70dc247068da18f18033d0711 2e9acccc06094d569ca32e32c957b14e - - default default] 10.0.0.101 "GET /v2.0/extensions/quota-check-limit HTTP/1.1" status: 200 len: 420 time: 0.0049903
2026-04-28 08:54:14.405 10 INFO neutron.wsgi [None req-e2ca2db6-80ae-4db0-badc-ca7099c4c571 d5e5a3a70dc247068da18f18033d0711 2e9acccc06094d569ca32e32c957b14e - - default default] 10.0.0.101 "GET /v2.0/extensions/quotas HTTP/1.1" status: 200 len: 386 time: 0.0048234
2026-04-28 08:54:14.413 9 INFO neutron.wsgi [None req-f365ab9c-27d1-4537-b379-9dafaa48d12f d5e5a3a70dc247068da18f18033d0711 2e9acccc06094d569ca32e32c957b14e - - default default] 10.0.0.101 "GET /v2.0/extensions/quota_details HTTP/1.1" status: 200 len: 407 time: 0.0042956
2026-04-28 08:54:14.423 10 INFO neutron.wsgi [None req-0291be2b-3a1b-4fc1-baab-cce86a530139 d5e5a3a70dc247068da18f18033d0711 2e9acccc06094d569ca32e32c957b14e - - default default] 10.0.0.101 "GET /v2.0/extensions/rbac-policies HTTP/1.1" status: 200 len: 417 time: 0.0066469
2026-04-28 08:54:14.433 10 INFO neutron.wsgi [None req-60b2dffa-fdef-4a82-b3e1-beed37434224 d5e5a3a70dc247068da18f18033d0711 2e9acccc06094d569ca32e32c957b14e - - default default] 10.0.0.101 "GET /v2.0/extensions/rbac-address-scope HTTP/1.1" status: 200 len: 384 time: 0.0054872
2026-04-28 08:54:14.441 10 INFO neutron.wsgi [None req-7e1afbb6-bf41-4ed6-9f1e-15fb25573f0e d5e5a3a70dc247068da18f18033d0711 2e9acccc06094d569ca32e32c957b14e - - default default] 10.0.0.101 "GET /v2.0/extensions/rbac-security-groups HTTP/1.1" status: 200 len: 404 time: 0.0042703
2026-04-28 08:54:14.449 10 INFO neutron.wsgi [None req-6e31258f-b9a8-4162-8fe7-519a2999e44e d5e5a3a70dc247068da18f18033d0711 2e9acccc06094d569ca32e32c957b14e - - default default] 10.0.0.101 "GET /v2.0/extensions/revision-if-match HTTP/1.1" status: 200 len: 441 time: 0.0043640
2026-04-28 08:54:14.457 10 INFO neutron.wsgi [None req-349f7e2b-bf2e-47a2-81cf-9a61e0c593ba d5e5a3a70dc247068da18f18033d0711 2e9acccc06094d569ca32e32c957b14e - - default default] 10.0.0.101 "GET /v2.0/extensions/standard-attr-revisions HTTP/1.1" status: 200 len: 423 time: 0.0041618
2026-04-28 08:54:14.465 10 INFO neutron.wsgi [None req-a8e15896-7080-49c4-a531-fd3ac6410e64 d5e5a3a70dc247068da18f18033d0711 2e9acccc06094d569ca32e32c957b14e - - default default] 10.0.0.101 "GET /v2.0/extensions/router_availability_zone HTTP/1.1" status: 200 len: 391 time: 0.0043941
2026-04-28 08:54:14.472 10 INFO neutron.wsgi [None req-011866cc-f1b9-4293-b72d-9932aec341c8 d5e5a3a70dc247068da18f18033d0711 2e9acccc06094d569ca32e32c957b14e - - default default] 10.0.0.101 "GET /v2.0/extensions/security-groups-normalized-cidr HTTP/1.1" status: 200 len: 445 time: 0.0040989
2026-04-28 08:54:14.481 10 INFO neutron.wsgi [None req-f4fcc248-8c14-47b2-a09e-df885e837836 d5e5a3a70dc247068da18f18033d0711 2e9acccc06094d569ca32e32c957b14e - - default default] 10.0.0.101 "GET /v2.0/extensions/security-groups-remote-address-group HTTP/1.1" status: 200 len: 448 time: 0.0042508
2026-04-28 08:54:14.488 10 INFO neutron.wsgi [None req-8e144c2f-dcf7-42fb-b7f3-18dd837ec2ee d5e5a3a70dc247068da18f18033d0711 2e9acccc06094d569ca32e32c957b14e - - default default] 10.0.0.101 "GET /v2.0/extensions/security-groups-shared-filtering HTTP/1.1" status: 200 len: 435 time: 0.0042584
2026-04-28 08:54:14.496 10 INFO neutron.wsgi [None req-9c5a23e9-edd0-4294-be7f-86ef31079aa6 d5e5a3a70dc247068da18f18033d0711 2e9acccc06094d569ca32e32c957b14e - - default default] 10.0.0.101 "GET /v2.0/extensions/security-group HTTP/1.1" status: 200 len: 364 time: 0.0045741
2026-04-28 08:54:14.504 10 INFO neutron.wsgi [None req-f2c7d40f-4cd4-40f6-8cb5-3c2f5bec882b d5e5a3a70dc247068da18f18033d0711 2e9acccc06094d569ca32e32c957b14e - - default default] 10.0.0.101 "GET /v2.0/extensions/segment HTTP/1.1" status: 200 len: 339 time: 0.0042822
2026-04-28 08:54:14.509 9 INFO neutron.wsgi [req-43d9ce00-b385-4ecd-953a-f39e056dcf83 req-cd4b3db7-ce7b-42ee-b2a3-f004e46202ed 2f80b9eb1f3245b49d27d93635b33196 803f6a34f8dc420a9d2fad6c908502a6 - - default default] 10.0.0.127 "GET /v2.0/security-groups?name=tempest-secgroup-smoke-166119631&fields=id&tenant_id=803f6a34f8dc420a9d2fad6c908502a6 HTTP/1.1" status: 200 len: 267 time: 0.0632851
2026-04-28 08:54:14.511 10 INFO neutron.wsgi [None req-66fbfeba-d4a0-4846-8ab9-beb9add36f56 d5e5a3a70dc247068da18f18033d0711 2e9acccc06094d569ca32e32c957b14e - - default default] 10.0.0.101 "GET /v2.0/extensions/segments-peer-subnet-host-routes HTTP/1.1" status: 200 len: 427 time: 0.0040305
2026-04-28 08:54:14.518 10 INFO neutron.wsgi [None req-d62d53f6-2b29-429d-9d45-f605e17307c8 d5e5a3a70dc247068da18f18033d0711 2e9acccc06094d569ca32e32c957b14e - - default default] 10.0.0.101 "GET /v2.0/extensions/service-type HTTP/1.1" status: 200 len: 415 time: 0.0041437
2026-04-28 08:54:14.527 10 INFO neutron.wsgi [None req-38b8b456-3ad5-4573-96d2-4a29c4b178d4 d5e5a3a70dc247068da18f18033d0711 2e9acccc06094d569ca32e32c957b14e - - default default] 10.0.0.101 "GET /v2.0/extensions/sorting HTTP/1.1" status: 200 len: 377 time: 0.0047452
2026-04-28 08:54:14.536 10 INFO neutron.wsgi [None req-652ddfee-bda4-4177-ad4a-916a2dfbb8b7 d5e5a3a70dc247068da18f18033d0711 2e9acccc06094d569ca32e32c957b14e - - default default] 10.0.0.101 "GET /v2.0/extensions/standard-attr-segment HTTP/1.1" status: 200 len: 406 time: 0.0041370
2026-04-28 08:54:14.543 10 INFO neutron.wsgi [None req-c0c6a874-e6f3-48bc-b15c-e349f13a3b28 d5e5a3a70dc247068da18f18033d0711 2e9acccc06094d569ca32e32c957b14e - - default default] 10.0.0.101 "GET /v2.0/extensions/standard-attr-description HTTP/1.1" status: 200 len: 408 time: 0.0040791
2026-04-28 08:54:14.550 10 INFO neutron.wsgi [None req-2a477911-efbe-4dca-8ccd-4fc8e0435cb8 d5e5a3a70dc247068da18f18033d0711 2e9acccc06094d569ca32e32c957b14e - - default default] 10.0.0.101 "GET /v2.0/extensions/stateful-security-group HTTP/1.1" status: 200 len: 402 time: 0.0040145
2026-04-28 08:54:14.558 10 INFO neutron.wsgi [None req-90cfa44f-4192-4c19-8fb9-d645a89bfada d5e5a3a70dc247068da18f18033d0711 2e9acccc06094d569ca32e32c957b14e - - default default] 10.0.0.101 "GET /v2.0/extensions/subnet-dns-publish-fixed-ip HTTP/1.1" status: 200 len: 421 time: 0.0042508
2026-04-28 08:54:14.565 10 INFO neutron.wsgi [None req-28911b74-cb8c-4c2a-adba-071387be24f7 d5e5a3a70dc247068da18f18033d0711 2e9acccc06094d569ca32e32c957b14e - - default default] 10.0.0.101 "GET /v2.0/extensions/subnet-segmentid-writable HTTP/1.1" status: 200 len: 421 time: 0.0040557
2026-04-28 08:54:14.574 10 INFO neutron.wsgi [None req-6e2d7008-23b7-43c0-b79d-bb236ae2ad14 d5e5a3a70dc247068da18f18033d0711 2e9acccc06094d569ca32e32c957b14e - - default default] 10.0.0.101 "GET /v2.0/extensions/subnet-service-types HTTP/1.1" status: 200 len: 400 time: 0.0043461
2026-04-28 08:54:14.581 10 INFO neutron.wsgi [None req-a6b5b332-e58d-4f82-8427-3445e2378c1d d5e5a3a70dc247068da18f18033d0711 2e9acccc06094d569ca32e32c957b14e - - default default] 10.0.0.101 "GET /v2.0/extensions/subnet_allocation HTTP/1.1" status: 200 len: 388 time: 0.0041108
2026-04-28 08:54:14.589 9 INFO neutron.db.ovn_revision_numbers_db [None req-4ac4f89a-a804-4f57-bf78-85d85f5f25a4 2aecbdad3e33431aa4de1141de5cbefc f16454cf59164759a3c6af69233f3121 - - default default] Successfully bumped revision number for resource 6f981058-69d7-449e-bb89-1d305571e937 (type: routers) to 1
2026-04-28 08:54:14.590 10 INFO neutron.wsgi [None req-f9f4e699-ae58-4dd2-a8dc-30bf1d2b799e d5e5a3a70dc247068da18f18033d0711 2e9acccc06094d569ca32e32c957b14e - - default default] 10.0.0.101 "GET /v2.0/extensions/subnetpool-prefix-ops HTTP/1.1" status: 200 len: 418 time: 0.0046988
2026-04-28 08:54:14.598 10 INFO neutron.wsgi [None req-324a2e5f-ebc6-4220-a4c7-2592e112eb2a d5e5a3a70dc247068da18f18033d0711 2e9acccc06094d569ca32e32c957b14e - - default default] 10.0.0.101 "GET /v2.0/extensions/standard-attr-tag HTTP/1.1" status: 200 len: 537 time: 0.0040312
2026-04-28 08:54:14.600 9 INFO neutron.wsgi [req-43d9ce00-b385-4ecd-953a-f39e056dcf83 req-6b55350e-5d88-4600-9eb0-64cdc62e30f1 2f80b9eb1f3245b49d27d93635b33196 803f6a34f8dc420a9d2fad6c908502a6 - - default default] 10.0.0.127 "GET /v2.0/networks?id=1b93ea36-aa71-486b-9479-f522eeee3807 HTTP/1.1" status: 200 len: 860 time: 0.0814562
2026-04-28 08:54:14.605 10 INFO neutron.wsgi [None req-26ea2337-bdf8-404b-9fdc-385cab56ae48 d5e5a3a70dc247068da18f18033d0711 2e9acccc06094d569ca32e32c957b14e - - default default] 10.0.0.101 "GET /v2.0/extensions/standard-attr-timestamp HTTP/1.1" status: 200 len: 449 time: 0.0046217
2026-04-28 08:54:14.606 9 INFO neutron.wsgi [None req-4ac4f89a-a804-4f57-bf78-85d85f5f25a4 2aecbdad3e33431aa4de1141de5cbefc f16454cf59164759a3c6af69233f3121 - - default default] 10.0.0.101 "POST /v2.0/routers HTTP/1.1" status: 201 len: 654 time: 0.2207901
2026-04-28 08:54:14.613 10 INFO neutron.wsgi [None req-84f9004f-408f-4961-bf1d-eaf3cd72e03c d5e5a3a70dc247068da18f18033d0711 2e9acccc06094d569ca32e32c957b14e - - default default] 10.0.0.101 "GET /v2.0/extensions/trunk HTTP/1.1" status: 200 len: 358 time: 0.0043073
2026-04-28 08:54:14.623 9 INFO neutron.wsgi [None req-a4eba503-4daf-4687-9789-e764f06339f4 d5e5a3a70dc247068da18f18033d0711 2e9acccc06094d569ca32e32c957b14e - - default default] 10.0.0.101 "GET /v2.0/extensions/trunk-details HTTP/1.1" status: 200 len: 362 time: 0.0048618
2026-04-28 08:54:14.626 9 INFO neutron.wsgi [req-43d9ce00-b385-4ecd-953a-f39e056dcf83 req-fb21d653-74a1-4ccb-8311-6f0b6baa4264 2f80b9eb1f3245b49d27d93635b33196 803f6a34f8dc420a9d2fad6c908502a6 - - default default] 10.0.0.127 "GET /v2.0/quotas/803f6a34f8dc420a9d2fad6c908502a6 HTTP/1.1" status: 200 len: 386 time: 0.0168498
2026-04-28 08:54:14.721 9 INFO neutron.wsgi [req-43d9ce00-b385-4ecd-953a-f39e056dcf83 req-d2d1076d-19bf-43a2-bb73-e750b3f02b6a 2f80b9eb1f3245b49d27d93635b33196 803f6a34f8dc420a9d2fad6c908502a6 - - default default] 10.0.0.127 "GET /v2.0/ports?tenant_id=803f6a34f8dc420a9d2fad6c908502a6&fields=id HTTP/1.1" status: 200 len: 348 time: 0.0905108
2026-04-28 08:54:14.796 10 INFO neutron.db.ovn_revision_numbers_db [None req-b7fb216e-9d37-4d03-9468-aea290b209bf 2aecbdad3e33431aa4de1141de5cbefc f16454cf59164759a3c6af69233f3121 - - default default] Successfully bumped revision number for resource d73a16da-0211-4514-9442-ef89a53832f1 (type: routers) to 1
2026-04-28 08:54:14.805 9 INFO neutron.wsgi [req-43d9ce00-b385-4ecd-953a-f39e056dcf83 req-98b12d42-b1d3-4e2d-84e2-13f82f7bd47a 1673306297ea46cea0e2e65a93c8fee4 cb1a5111c579418fa4a3f1cfa1f10d6c - - 4f80f72be974423bb1c156b6d22b4158 4f80f72be974423bb1c156b6d22b4158] 10.0.0.127 "GET /v2.0/networks/1b93ea36-aa71-486b-9479-f522eeee3807?fields=segments HTTP/1.1" status: 200 len: 212 time: 0.0678511
2026-04-28 08:54:14.815 10 INFO neutron.wsgi [None req-b7fb216e-9d37-4d03-9468-aea290b209bf 2aecbdad3e33431aa4de1141de5cbefc f16454cf59164759a3c6af69233f3121 - - default default] 10.0.0.101 "POST /v2.0/routers HTTP/1.1" status: 201 len: 654 time: 0.2005637
2026-04-28 08:54:14.878 9 INFO neutron.wsgi [req-43d9ce00-b385-4ecd-953a-f39e056dcf83 req-c31a97e8-406b-4f93-97cf-c028741a47a9 1673306297ea46cea0e2e65a93c8fee4 cb1a5111c579418fa4a3f1cfa1f10d6c - - 4f80f72be974423bb1c156b6d22b4158 4f80f72be974423bb1c156b6d22b4158] 10.0.0.127 "GET /v2.0/networks/1b93ea36-aa71-486b-9479-f522eeee3807?fields=provider%3Aphysical_network&fields=provider%3Anetwork_type HTTP/1.1" status: 200 len: 277 time: 0.0625281
2026-04-28 08:54:15.025 9 INFO neutron.wsgi [req-e441b94d-a7c5-416f-be6d-735851102aea req-889f9ea0-03c1-4a15-8012-f68e884bd31f 2f80b9eb1f3245b49d27d93635b33196 803f6a34f8dc420a9d2fad6c908502a6 - - default default] 10.0.0.127 "GET /v2.0/ports?device_id=55933228-239d-47d4-88bf-d181a1416c65 HTTP/1.1" status: 200 len: 210 time: 0.0369895
