2026-04-28 08:57:18.884 10 INFO neutron.wsgi [None req-3d7b9a80-8b84-4fd2-ab1c-851e35261973 b8673560feaa4519b23848a4bd1b9ef8 b618b63bcfc04e7991fff4eced1fe148 - - default default] 10.0.0.101 "DELETE /v2.0/qos/policies/dbc07d60-1722-4902-9789-3fb7639bd900 HTTP/1.1" status: 204 len: 168 time: 0.6694424
2026-04-28 08:57:18.914 9 INFO neutron.db.ovn_revision_numbers_db [None req-240d0dd0-d86a-4bb9-a12e-2a38ec4f0dac 56172e8c90ef45059602b768e6b9d171 fac1150d86bd43b48062b71e86218f90 - - default default] Successfully bumped revision number for resource 4d6c228f-b40e-402a-b0c6-157bf63f59ce (type: security_group_rules) to 0
2026-04-28 08:57:19.064 9 INFO neutron.db.ovn_revision_numbers_db [None req-240d0dd0-d86a-4bb9-a12e-2a38ec4f0dac 56172e8c90ef45059602b768e6b9d171 fac1150d86bd43b48062b71e86218f90 - - default default] Successfully bumped revision number for resource c9e8f298-718f-4910-b7c8-c48b8359d7cc (type: security_group_rules) to 0
2026-04-28 08:57:19.108 9 INFO neutron.wsgi [None req-240d0dd0-d86a-4bb9-a12e-2a38ec4f0dac 56172e8c90ef45059602b768e6b9d171 fac1150d86bd43b48062b71e86218f90 - - default default] 199.19.213.205 "POST /v2.0/security-groups HTTP/1.1" status: 201 len: 1779 time: 1.3736155
2026-04-28 08:57:19.150 9 INFO neutron.wsgi [None req-bf7da2df-474e-4e1c-b5d1-250b5531f478 56172e8c90ef45059602b768e6b9d171 fac1150d86bd43b48062b71e86218f90 - - default default] 199.19.213.205 "GET /v2.0/security-group-rules?security_group_id=ad21aa97-2893-47c0-a71f-5c9dfab69bbc HTTP/1.1" status: 200 len: 1318 time: 0.0293345
2026-04-28 08:57:19.318 10 INFO neutron.wsgi [-] 10.0.0.12 "GET / HTTP/1.1" status: 200 len: 246 time: 0.0018768
2026-04-28 08:57:19.320 10 INFO neutron.wsgi [-] 10.0.0.12 "GET / HTTP/1.1" status: 200 len: 246 time: 0.0013413
2026-04-28 08:57:19.728 9 INFO neutron.db.ovn_revision_numbers_db [None req-cecf7f87-b501-4bd0-ac89-defc5fd7c4a0 56172e8c90ef45059602b768e6b9d171 fac1150d86bd43b48062b71e86218f90 - - default default] Successfully bumped revision number for resource cfc47d45-fd70-4534-9ff1-56f31e0c2675 (type: ports) to 2
2026-04-28 08:57:19.736 9 INFO neutron.wsgi [None req-cecf7f87-b501-4bd0-ac89-defc5fd7c4a0 56172e8c90ef45059602b768e6b9d171 fac1150d86bd43b48062b71e86218f90 - - default default] 199.19.213.205 "PUT /v2.0/ports/cfc47d45-fd70-4534-9ff1-56f31e0c2675 HTTP/1.1" status: 200 len: 1332 time: 0.5819483 /var/lib/openstack/lib/python3.10/site-packages/pycadf/identifier.py:71: UserWarning: Invalid uuid: neutron. To ensure interoperability, identifiers should be a valid uuid. warnings.warn(('Invalid uuid: %s. To ensure interoperability, '
2026-04-28 08:57:19.752 9 INFO neutron.wsgi [None req-379deb14-27ac-4ef3-882f-60f44ce8fc88 56172e8c90ef45059602b768e6b9d171 fac1150d86bd43b48062b71e86218f90 - - default default] 199.19.213.205 "GET /v2.0/extensions/security-group HTTP/1.1" status: 200 len: 369 time: 0.0049691
2026-04-28 08:57:19.765 9 INFO neutron.wsgi [None req-755051f8-5cd8-4373-92a7-b1f094186339 56172e8c90ef45059602b768e6b9d171 fac1150d86bd43b48062b71e86218f90 - - default default] 199.19.213.205 "GET /v2.0/extensions/dns-integration HTTP/1.1" status: 200 len: 371 time: 0.0082467
2026-04-28 08:57:19.774 9 INFO neutron.wsgi [None req-5eb77b31-33ae-4f78-9393-aebc1285f90a 56172e8c90ef45059602b768e6b9d171 fac1150d86bd43b48062b71e86218f90 - - default default] 199.19.213.205 "GET /v2.0/extensions/qos HTTP/1.1" status: 200 len: 365 time: 0.0049191
2026-04-28 08:57:19.786 9 INFO neutron.wsgi [None req-c5edb686-75b8-4f4b-9450-bb6c02131894 56172e8c90ef45059602b768e6b9d171 fac1150d86bd43b48062b71e86218f90 - - default default] 199.19.213.205 "GET /v2.0/extensions/allowed-address-pairs HTTP/1.1" status: 200 len: 383 time: 0.0070317
2026-04-28 08:57:19.831 9 INFO neutron.wsgi [None req-6f464cff-72c7-413e-8dc8-a4363cbdbdfe 56172e8c90ef45059602b768e6b9d171 fac1150d86bd43b48062b71e86218f90 - - default default] 199.19.213.205 "GET /v2.0/subnets/61ecb551-164d-4fd1-a203-48989cc4c64e HTTP/1.1" status: 200 len: 850 time: 0.0376923
2026-04-28 08:57:21.297 10 INFO neutron.db.ovn_revision_numbers_db [None req-d212c666-6539-4458-aaf7-b69ed4cca536 56172e8c90ef45059602b768e6b9d171 fac1150d86bd43b48062b71e86218f90 - - default default] Successfully bumped revision number for resource 6251796f-3952-4b2b-846d-333a078e9570 (type: security_groups) to 1
2026-04-28 08:57:21.322 10 INFO neutron.db.ovn_revision_numbers_db [None req-d212c666-6539-4458-aaf7-b69ed4cca536 56172e8c90ef45059602b768e6b9d171 fac1150d86bd43b48062b71e86218f90 - - default default] Successfully bumped revision number for resource 1ed6266a-9277-46de-9eb0-1278eed8e1c9 (type: security_group_rules) to 0
2026-04-28 08:57:21.361 10 INFO neutron.db.ovn_revision_numbers_db [None req-d212c666-6539-4458-aaf7-b69ed4cca536 56172e8c90ef45059602b768e6b9d171 fac1150d86bd43b48062b71e86218f90 - - default default] Successfully bumped revision number for resource 9d40b352-89eb-42d2-8471-4618d730236e (type: security_group_rules) to 0
2026-04-28 08:57:21.388 10 INFO neutron.db.ovn_revision_numbers_db [None req-d212c666-6539-4458-aaf7-b69ed4cca536 56172e8c90ef45059602b768e6b9d171 fac1150d86bd43b48062b71e86218f90 - - default default] Successfully bumped revision number for resource a64be2e6-746f-4102-981a-1ae5a24fed5c (type: security_group_rules) to 0
2026-04-28 08:57:21.431 10 INFO neutron.db.ovn_revision_numbers_db [None req-d212c666-6539-4458-aaf7-b69ed4cca536 56172e8c90ef45059602b768e6b9d171 fac1150d86bd43b48062b71e86218f90 - - default default] Successfully bumped revision number for resource e59d30b0-aeb6-4f83-80dc-f35429ae8e1c (type: security_group_rules) to 0
2026-04-28 08:57:21.462 10 INFO neutron.wsgi [None req-d212c666-6539-4458-aaf7-b69ed4cca536 56172e8c90ef45059602b768e6b9d171 fac1150d86bd43b48062b71e86218f90 - - default default] 10.0.0.101 "GET /v2.0/security-groups?tenant_id=873b395357a847898585042acd0644e1&name=default HTTP/1.1" status: 200 len: 3000 time: 0.6828022
2026-04-28 08:57:21.812 10 INFO neutron.wsgi [None req-9cb3bb12-0365-4fdd-92f9-2eeb718cdd34 56172e8c90ef45059602b768e6b9d171 fac1150d86bd43b48062b71e86218f90 - - default default] 10.0.0.101 "DELETE /v2.0/security-groups/6251796f-3952-4b2b-846d-333a078e9570 HTTP/1.1" status: 204 len: 168 time: 0.3466561
2026-04-28 08:57:22.209 9 INFO neutron.db.ovn_revision_numbers_db [None req-bc13ed4e-fc9a-4558-908e-d619c823473c 56172e8c90ef45059602b768e6b9d171 fac1150d86bd43b48062b71e86218f90 - - default default] Successfully bumped revision number for resource a0376532-d4d6-4390-aa36-01b8fa8ad72d (type: security_groups) to 1
2026-04-28 08:57:22.228 9 INFO neutron.db.ovn_revision_numbers_db [None req-bc13ed4e-fc9a-4558-908e-d619c823473c 56172e8c90ef45059602b768e6b9d171 fac1150d86bd43b48062b71e86218f90 - - default default] Successfully bumped revision number for resource 52ddff2f-0ee4-4dda-9769-ec88b8eefd80 (type: security_group_rules) to 0
2026-04-28 08:57:22.250 9 INFO neutron.db.ovn_revision_numbers_db [None req-bc13ed4e-fc9a-4558-908e-d619c823473c 56172e8c90ef45059602b768e6b9d171 fac1150d86bd43b48062b71e86218f90 - - default default] Successfully bumped revision number for resource 910f8db6-07cf-40a5-a981-5b4bc7bd11fc (type: security_group_rules) to 0
2026-04-28 08:57:22.309 9 INFO neutron.db.ovn_revision_numbers_db [None req-bc13ed4e-fc9a-4558-908e-d619c823473c 56172e8c90ef45059602b768e6b9d171 fac1150d86bd43b48062b71e86218f90 - - default default] Successfully bumped revision number for resource d05493a3-9d1e-4a9f-ae76-9fa5be738e0e (type: security_group_rules) to 0
2026-04-28 08:57:22.337 9 INFO neutron.db.ovn_revision_numbers_db [None req-bc13ed4e-fc9a-4558-908e-d619c823473c 56172e8c90ef45059602b768e6b9d171 fac1150d86bd43b48062b71e86218f90 - - default default] Successfully bumped revision number for resource e5ed3878-d9b8-463d-8687-c44297ddd4e7 (type: security_group_rules) to 0
2026-04-28 08:57:22.368 9 INFO neutron.wsgi [None req-bc13ed4e-fc9a-4558-908e-d619c823473c 56172e8c90ef45059602b768e6b9d171 fac1150d86bd43b48062b71e86218f90 - - default default] 10.0.0.101 "GET /v2.0/security-groups?tenant_id=9ed61fba38264ec49439867d3d04bfba&name=default HTTP/1.1" status: 200 len: 3000 time: 0.3880217
2026-04-28 08:57:23.166 9 INFO neutron.wsgi [None req-b1cdf58e-7987-4a10-aae1-4ccbc624f8e1 56172e8c90ef45059602b768e6b9d171 fac1150d86bd43b48062b71e86218f90 - - default default] 10.0.0.101 "DELETE /v2.0/security-groups/a0376532-d4d6-4390-aa36-01b8fa8ad72d HTTP/1.1" status: 204 len: 168 time: 0.7922566
2026-04-28 08:57:23.504 9 INFO neutron.db.ovn_revision_numbers_db [None req-b2fe2a2c-6a59-4fac-ac1c-a12b00adec99 56172e8c90ef45059602b768e6b9d171 fac1150d86bd43b48062b71e86218f90 - - default default] Successfully bumped revision number for resource 79b940bc-91b6-4e4c-8696-a9350d6ce19d (type: security_groups) to 1
2026-04-28 08:57:23.517 9 INFO neutron.db.ovn_revision_numbers_db [None req-b2fe2a2c-6a59-4fac-ac1c-a12b00adec99 56172e8c90ef45059602b768e6b9d171 fac1150d86bd43b48062b71e86218f90 - - default default] Successfully bumped revision number for resource 2b5b26a5-2b49-4184-a09f-fe5a4c15710e (type: security_group_rules) to 0
2026-04-28 08:57:23.532 9 INFO neutron.db.ovn_revision_numbers_db [None req-b2fe2a2c-6a59-4fac-ac1c-a12b00adec99 56172e8c90ef45059602b768e6b9d171 fac1150d86bd43b48062b71e86218f90 - - default default] Successfully bumped revision number for resource eb3bee02-d5ce-4ad9-b142-49864391324b (type: security_group_rules) to 0
2026-04-28 08:57:23.546 9 INFO neutron.db.ovn_revision_numbers_db [None req-b2fe2a2c-6a59-4fac-ac1c-a12b00adec99 56172e8c90ef45059602b768e6b9d171 fac1150d86bd43b48062b71e86218f90 - - default default] Successfully bumped revision number for resource ef1cf84e-6de3-47d0-b95d-d1ce556b76d3 (type: security_group_rules) to 0
2026-04-28 08:57:23.560 9 INFO neutron.db.ovn_revision_numbers_db [None req-b2fe2a2c-6a59-4fac-ac1c-a12b00adec99 56172e8c90ef45059602b768e6b9d171 fac1150d86bd43b48062b71e86218f90 - - default default] Successfully bumped revision number for resource f2648cdd-7c8a-4c83-b1c2-3723fd375f0f (type: security_group_rules) to 0
2026-04-28 08:57:23.586 9 INFO neutron.wsgi [None req-b2fe2a2c-6a59-4fac-ac1c-a12b00adec99 56172e8c90ef45059602b768e6b9d171 fac1150d86bd43b48062b71e86218f90 - - default default] 10.0.0.101 "GET /v2.0/security-groups?tenant_id=b618b63bcfc04e7991fff4eced1fe148&name=default HTTP/1.1" status: 200 len: 3000 time: 0.2088723
2026-04-28 08:57:23.812 9 INFO neutron.wsgi [None req-0fd70185-c270-49e3-b4a0-252ee67ff7b2 56172e8c90ef45059602b768e6b9d171 fac1150d86bd43b48062b71e86218f90 - - default default] 10.0.0.101 "DELETE /v2.0/security-groups/79b940bc-91b6-4e4c-8696-a9350d6ce19d HTTP/1.1" status: 204 len: 168 time: 0.2224340
2026-04-28 08:57:27.657 9 WARNING neutron.scheduler.dhcp_agent_scheduler [None req-cd7e9887-6d99-4df6-b181-cbb0129781ce 29476ed6934b4e6ea6daf68800444ace e97b66bf5c414d278acc6fd7ad13d275 - - default default] No more DHCP agents
2026-04-28 08:57:27.660 9 WARNING neutron.api.rpc.agentnotifiers.dhcp_rpc_agent_api [None req-cd7e9887-6d99-4df6-b181-cbb0129781ce 29476ed6934b4e6ea6daf68800444ace e97b66bf5c414d278acc6fd7ad13d275 - - default default] Unable to schedule network e419bf3e-e073-4dc2-adef-16fff092c040: no agents available; will retry on subsequent port and subnet creation events.
2026-04-28 08:57:27.795 9 INFO neutron.wsgi [req-75323b0b-faa6-46d9-9561-287facc93cb4 req-21649589-6cf9-4f6f-84bc-9f6b290f3b6b 56172e8c90ef45059602b768e6b9d171 fac1150d86bd43b48062b71e86218f90 - - default default] 10.0.0.127 "GET /v2.0/security-groups?id=f874f277-b7d3-4f6a-b262-45245c287b54&fields=id HTTP/1.1" status: 200 len: 267 time: 0.0457609
2026-04-28 08:57:27.887 9 INFO neutron.wsgi [req-75323b0b-faa6-46d9-9561-287facc93cb4 req-e2186bdd-8bff-4574-9ee2-9a06bc6d882b 56172e8c90ef45059602b768e6b9d171 fac1150d86bd43b48062b71e86218f90 - - default default] 10.0.0.127 "GET /v2.0/networks?id=5e1f6116-8bcb-4682-8370-ea8ea8e90dca HTTP/1.1" status: 200 len: 937 time: 0.0859241
2026-04-28 08:57:27.912 9 INFO neutron.wsgi [req-75323b0b-faa6-46d9-9561-287facc93cb4 req-4b3c1a6c-a042-42bd-a56c-e8797ec47042 56172e8c90ef45059602b768e6b9d171 fac1150d86bd43b48062b71e86218f90 - - default default] 10.0.0.127 "GET /v2.0/quotas/fac1150d86bd43b48062b71e86218f90 HTTP/1.1" status: 200 len: 385 time: 0.0160677
2026-04-28 08:57:27.982 9 INFO neutron.wsgi [req-75323b0b-faa6-46d9-9561-287facc93cb4 req-b17ed878-237d-4868-8e14-304928a903d9 56172e8c90ef45059602b768e6b9d171 fac1150d86bd43b48062b71e86218f90 - - default default] 10.0.0.127 "GET /v2.0/ports?tenant_id=fac1150d86bd43b48062b71e86218f90&fields=id HTTP/1.1" status: 200 len: 348 time: 0.0607991
2026-04-28 08:57:28.099 9 INFO neutron.wsgi [req-75323b0b-faa6-46d9-9561-287facc93cb4 req-559476d2-5bcb-45f8-9780-b6199254cd45 1673306297ea46cea0e2e65a93c8fee4 cb1a5111c579418fa4a3f1cfa1f10d6c - - 4f80f72be974423bb1c156b6d22b4158 4f80f72be974423bb1c156b6d22b4158] 10.0.0.127 "GET /v2.0/networks/5e1f6116-8bcb-4682-8370-ea8ea8e90dca?fields=segments HTTP/1.1" status: 200 len: 212 time: 0.0889764
2026-04-28 08:57:28.116 9 INFO neutron.db.ovn_revision_numbers_db [None req-cd7e9887-6d99-4df6-b181-cbb0129781ce 29476ed6934b4e6ea6daf68800444ace e97b66bf5c414d278acc6fd7ad13d275 - - default default] Successfully bumped revision number for resource 3b9398f0-8ae7-428f-8418-4b00032b270a (type: floatingips) to 0
2026-04-28 08:57:28.147 9 INFO neutron.wsgi [None req-cd7e9887-6d99-4df6-b181-cbb0129781ce 29476ed6934b4e6ea6daf68800444ace e97b66bf5c414d278acc6fd7ad13d275 - - default default] 10.0.0.101 "POST /v2.0/floatingips HTTP/1.1" status: 201 len: 751 time: 0.9541090
2026-04-28 08:57:28.211 9 INFO neutron.wsgi [req-75323b0b-faa6-46d9-9561-287facc93cb4 req-56de71b4-fd5d-4546-843c-b037adb02a6f 1673306297ea46cea0e2e65a93c8fee4 cb1a5111c579418fa4a3f1cfa1f10d6c - - 4f80f72be974423bb1c156b6d22b4158 4f80f72be974423bb1c156b6d22b4158] 10.0.0.127 "GET /v2.0/networks/5e1f6116-8bcb-4682-8370-ea8ea8e90dca?fields=provider%3Aphysical_network&fields=provider%3Anetwork_type HTTP/1.1" status: 200 len: 277 time: 0.1055520
2026-04-28 08:57:28.226 9 INFO neutron.wsgi [None req-26f8d537-b674-4262-9c7c-d4af4b2967c7 29476ed6934b4e6ea6daf68800444ace e97b66bf5c414d278acc6fd7ad13d275 - - default default] 10.0.0.101 "PUT /v2.0/floatingips/3b9398f0-8ae7-428f-8418-4b00032b270a/tags HTTP/1.1" status: 200 len: 218 time: 0.0688045
2026-04-28 08:57:28.275 9 INFO neutron.wsgi [None req-1aff3b68-35eb-4da5-9d87-eeb77333f6a0 29476ed6934b4e6ea6daf68800444ace e97b66bf5c414d278acc6fd7ad13d275 - - default default] 10.0.0.101 "GET /v2.0/floatingips/3b9398f0-8ae7-428f-8418-4b00032b270a/tags HTTP/1.1" status: 200 len: 218 time: 0.0385098
2026-04-28 08:57:28.324 10 INFO neutron.wsgi [None req-aac4369d-da36-4772-a8b1-7ae1c12762f5 29476ed6934b4e6ea6daf68800444ace e97b66bf5c414d278acc6fd7ad13d275 - - default default] 10.0.0.101 "PUT /v2.0/floatingips/3b9398f0-8ae7-428f-8418-4b00032b270a/tags/green HTTP/1.1" status: 201 len: 201 time: 0.0431004
2026-04-28 08:57:28.361 10 INFO neutron.wsgi [None req-5629810b-5930-444f-820d-0b81ce3a682e 29476ed6934b4e6ea6daf68800444ace e97b66bf5c414d278acc6fd7ad13d275 - - default default] 10.0.0.101 "GET /v2.0/floatingips/3b9398f0-8ae7-428f-8418-4b00032b270a/tags HTTP/1.1" status: 200 len: 227 time: 0.0323715
2026-04-28 08:57:28.426 10 INFO neutron.wsgi [None req-ea23aa72-49ac-454c-a04d-afe28639717d 29476ed6934b4e6ea6daf68800444ace e97b66bf5c414d278acc6fd7ad13d275 - - default default] 10.0.0.101 "PUT /v2.0/floatingips/3b9398f0-8ae7-428f-8418-4b00032b270a/tags/red HTTP/1.1" status: 201 len: 201 time: 0.0609667
2026-04-28 08:57:28.482 10 INFO neutron.wsgi [None req-1ecb108c-3f49-47b5-8551-c4df54211665 29476ed6934b4e6ea6daf68800444ace e97b66bf5c414d278acc6fd7ad13d275 - - default default] 10.0.0.101 "GET /v2.0/floatingips/3b9398f0-8ae7-428f-8418-4b00032b270a/tags HTTP/1.1" status: 200 len: 227 time: 0.0507300
2026-04-28 08:57:28.555 10 INFO neutron.wsgi [None req-a45be8bf-dca2-414d-a9fd-622952755207 29476ed6934b4e6ea6daf68800444ace e97b66bf5c414d278acc6fd7ad13d275 - - default default] 10.0.0.101 "PUT /v2.0/floatingips/3b9398f0-8ae7-428f-8418-4b00032b270a/tags/black.or.white HTTP/1.1" status: 201 len: 201 time: 0.0687404
2026-04-28 08:57:28.588 10 INFO neutron.wsgi [None req-150629ee-14d3-406b-b238-921b55b516e4 29476ed6934b4e6ea6daf68800444ace e97b66bf5c414d278acc6fd7ad13d275 - - default default] 10.0.0.101 "GET /v2.0/floatingips/3b9398f0-8ae7-428f-8418-4b00032b270a/tags HTTP/1.1" status: 200 len: 245 time: 0.0272374
2026-04-28 08:57:28.644 9 INFO neutron.wsgi [None req-3b52dbda-4146-46a3-831a-4bd81dc10f81 29476ed6934b4e6ea6daf68800444ace e97b66bf5c414d278acc6fd7ad13d275 - - default default] 10.0.0.101 "PUT /v2.0/floatingips/3b9398f0-8ae7-428f-8418-4b00032b270a/tags HTTP/1.1" status: 200 len: 230 time: 0.0512381
2026-04-28 08:57:28.677 10 INFO neutron.wsgi [None req-94a44f8b-bae1-4549-b026-6d0c7702ac52 29476ed6934b4e6ea6daf68800444ace e97b66bf5c414d278acc6fd7ad13d275 - - default default] 10.0.0.101 "GET /v2.0/floatingips/3b9398f0-8ae7-428f-8418-4b00032b270a/tags HTTP/1.1" status: 200 len: 230 time: 0.0258844
2026-04-28 08:57:28.710 10 INFO neutron.wsgi [None req-7b8edcc7-4c75-493b-b6d6-03a709ea21e0 29476ed6934b4e6ea6daf68800444ace e97b66bf5c414d278acc6fd7ad13d275 - - default default] 10.0.0.101 "GET /v2.0/floatingips/3b9398f0-8ae7-428f-8418-4b00032b270a/tags/red HTTP/1.1" status: 204 len: 168 time: 0.0290232
2026-04-28 08:57:28.724 9 INFO neutron.wsgi [req-6bb6b747-5b49-4df5-8de6-09d375e77640 req-e4fdbbad-0ebc-42a0-bab2-fc51a56bf1a0 56172e8c90ef45059602b768e6b9d171 fac1150d86bd43b48062b71e86218f90 - - default default] 10.0.0.127 "GET /v2.0/ports?device_id=c6e2ed02-88db-4fe7-aecf-0f3de016a3c7 HTTP/1.1" status: 200 len: 210 time: 0.0748920
2026-04-28 08:57:28.753 9 INFO neutron.api.v2.resource [None req-5f48a8ad-96e9-4e21-8ce6-544071a0caf0 29476ed6934b4e6ea6daf68800444ace e97b66bf5c414d278acc6fd7ad13d275 - - default default] show failed (client error): The resource could not be found.
2026-04-28 08:57:28.755 9 INFO neutron.wsgi [None req-5f48a8ad-96e9-4e21-8ce6-544071a0caf0 29476ed6934b4e6ea6daf68800444ace e97b66bf5c414d278acc6fd7ad13d275 - - default default] 10.0.0.101 "GET /v2.0/floatingips/3b9398f0-8ae7-428f-8418-4b00032b270a/tags/green HTTP/1.1" status: 404 len: 299 time: 0.0403442
2026-04-28 08:57:28.813 9 INFO neutron.wsgi [req-2fb01a58-742f-45a0-8f62-55ef938f0742 req-2822ddbc-15f3-4aa2-8862-02efd30cecba 56172e8c90ef45059602b768e6b9d171 fac1150d86bd43b48062b71e86218f90 - - default default] 10.0.0.127 "GET /v2.0/ports?device_id=c6e2ed02-88db-4fe7-aecf-0f3de016a3c7 HTTP/1.1" status: 200 len: 210 time: 0.0271237
2026-04-28 08:57:28.828 9 INFO neutron.wsgi [None req-0cc4a7ed-e0fb-4347-8c12-b10969a69d9d 29476ed6934b4e6ea6daf68800444ace e97b66bf5c414d278acc6fd7ad13d275 - - default default] 10.0.0.101 "DELETE /v2.0/floatingips/3b9398f0-8ae7-428f-8418-4b00032b270a/tags/red HTTP/1.1" status: 204 len: 168 time: 0.0687101
2026-04-28 08:57:28.881 9 INFO neutron.wsgi [None req-be063b43-8cc8-4867-8542-aed18b117b2e 29476ed6934b4e6ea6daf68800444ace e97b66bf5c414d278acc6fd7ad13d275 - - default default] 10.0.0.101 "GET /v2.0/floatingips/3b9398f0-8ae7-428f-8418-4b00032b270a/tags HTTP/1.1" status: 200 len: 223 time: 0.0491345
2026-04-28 08:57:28.919 9 INFO neutron.api.v2.resource [None req-bfe5ec9b-a64f-4ca0-93e5-a4ec97f188b4 29476ed6934b4e6ea6daf68800444ace e97b66bf5c414d278acc6fd7ad13d275 - - default default] delete failed (client error): The resource could not be found.
2026-04-28 08:57:28.920 9 INFO neutron.wsgi [None req-bfe5ec9b-a64f-4ca0-93e5-a4ec97f188b4 29476ed6934b4e6ea6daf68800444ace e97b66bf5c414d278acc6fd7ad13d275 - - default default] 10.0.0.101 "DELETE /v2.0/floatingips/3b9398f0-8ae7-428f-8418-4b00032b270a/tags/green HTTP/1.1" status: 404 len: 299 time: 0.0334144
2026-04-28 08:57:28.962 9 INFO neutron.wsgi [None req-de153b97-c180-43fb-be52-9c39002e72e2 29476ed6934b4e6ea6daf68800444ace e97b66bf5c414d278acc6fd7ad13d275 - - default default] 10.0.0.101 "DELETE /v2.0/floatingips/3b9398f0-8ae7-428f-8418-4b00032b270a/tags HTTP/1.1" status: 204 len: 168 time: 0.0363100
2026-04-28 08:57:28.994 9 INFO neutron.wsgi [None req-5d006337-effc-4047-a06e-075b5f2c8eff 29476ed6934b4e6ea6daf68800444ace e97b66bf5c414d278acc6fd7ad13d275 - - default default] 10.0.0.101 "GET /v2.0/floatingips/3b9398f0-8ae7-428f-8418-4b00032b270a/tags HTTP/1.1" status: 200 len: 205 time: 0.0270154
2026-04-28 08:57:29.462 9 INFO neutron.wsgi [None req-b6a24aef-6169-442a-8b4f-b0f1414a50ba 29476ed6934b4e6ea6daf68800444ace e97b66bf5c414d278acc6fd7ad13d275 - - default default] 10.0.0.101 "DELETE /v2.0/floatingips/3b9398f0-8ae7-428f-8418-4b00032b270a HTTP/1.1" status: 204 len: 168 time: 0.4603283
2026-04-28 08:57:29.589 9 INFO neutron.wsgi [req-75323b0b-faa6-46d9-9561-287facc93cb4 req-f9024b4e-4634-45a0-b102-843c19c98d1d 56172e8c90ef45059602b768e6b9d171 fac1150d86bd43b48062b71e86218f90 - - default default] 199.19.213.205 "GET /v2.0/networks?id=5e1f6116-8bcb-4682-8370-ea8ea8e90dca HTTP/1.1" status: 200 len: 937 time: 0.0673738
2026-04-28 08:57:29.647 9 INFO neutron.wsgi [req-75323b0b-faa6-46d9-9561-287facc93cb4 req-964cef36-9cfb-439b-9202-29ccb8f69f1e 56172e8c90ef45059602b768e6b9d171 fac1150d86bd43b48062b71e86218f90 - - default default] 199.19.213.205 "GET /v2.0/security-groups?fields=id&fields=name&tenant_id=fac1150d86bd43b48062b71e86218f90 HTTP/1.1" status: 200 len: 542 time: 0.0495927
2026-04-28 08:57:29.909 9 WARNING neutron.scheduler.dhcp_agent_scheduler [req-75323b0b-faa6-46d9-9561-287facc93cb4 req-8f76cb4f-3b12-4cd6-b93e-30080d1da7a6 56172e8c90ef45059602b768e6b9d171 fac1150d86bd43b48062b71e86218f90 - - default default] No more DHCP agents
2026-04-28 08:57:29.915 9 WARNING neutron.api.rpc.agentnotifiers.dhcp_rpc_agent_api [req-75323b0b-faa6-46d9-9561-287facc93cb4 req-8f76cb4f-3b12-4cd6-b93e-30080d1da7a6 56172e8c90ef45059602b768e6b9d171 fac1150d86bd43b48062b71e86218f90 - - default default] Unable to schedule network 5e1f6116-8bcb-4682-8370-ea8ea8e90dca: no agents available; will retry on subsequent port and subnet creation events.
2026-04-28 08:57:30.089 9 INFO neutron.db.ovn_revision_numbers_db [req-75323b0b-faa6-46d9-9561-287facc93cb4 req-8f76cb4f-3b12-4cd6-b93e-30080d1da7a6 56172e8c90ef45059602b768e6b9d171 fac1150d86bd43b48062b71e86218f90 - - default default] Successfully bumped revision number for resource 4f026ec0-4048-4aca-80e0-82ba7db0429c (type: ports) to 1
2026-04-28 08:57:30.106 9 INFO neutron.wsgi [req-75323b0b-faa6-46d9-9561-287facc93cb4 req-8f76cb4f-3b12-4cd6-b93e-30080d1da7a6 56172e8c90ef45059602b768e6b9d171 fac1150d86bd43b48062b71e86218f90 - - default default] 199.19.213.205 "POST /v2.0/ports HTTP/1.1" status: 201 len: 1287 time: 0.4557261 /var/lib/openstack/lib/python3.10/site-packages/pycadf/identifier.py:71: UserWarning: Invalid uuid: neutron. To ensure interoperability, identifiers should be a valid uuid. warnings.warn(('Invalid uuid: %s. To ensure interoperability, '
2026-04-28 08:57:30.411 9 INFO neutron.db.ovn_revision_numbers_db [None req-b6c3271c-baf1-48de-980b-9163bfa50817 56172e8c90ef45059602b768e6b9d171 fac1150d86bd43b48062b71e86218f90 - - default default] Successfully bumped revision number for resource 77733fe0-fa32-4cc6-b703-4a167b221443 (type: security_groups) to 1
2026-04-28 08:57:30.441 9 INFO neutron.db.ovn_revision_numbers_db [None req-b6c3271c-baf1-48de-980b-9163bfa50817 56172e8c90ef45059602b768e6b9d171 fac1150d86bd43b48062b71e86218f90 - - default default] Successfully bumped revision number for resource 38e7244c-2f45-497d-be67-e0fb05fd1a3c (type: security_group_rules) to 0
2026-04-28 08:57:30.463 9 INFO neutron.db.ovn_revision_numbers_db [None req-b6c3271c-baf1-48de-980b-9163bfa50817 56172e8c90ef45059602b768e6b9d171 fac1150d86bd43b48062b71e86218f90 - - default default] Successfully bumped revision number for resource 4791e35b-cc1f-4b77-b0df-d3c8aaa0acf8 (type: security_group_rules) to 0
2026-04-28 08:57:30.478 9 INFO neutron.db.ovn_revision_numbers_db [None req-b6c3271c-baf1-48de-980b-9163bfa50817 56172e8c90ef45059602b768e6b9d171 fac1150d86bd43b48062b71e86218f90 - - default default] Successfully bumped revision number for resource 4d56eb90-733c-4155-abca-55cb7e0844a3 (type: security_group_rules) to 0
2026-04-28 08:57:30.506 9 INFO neutron.db.ovn_revision_numbers_db [None req-b6c3271c-baf1-48de-980b-9163bfa50817 56172e8c90ef45059602b768e6b9d171 fac1150d86bd43b48062b71e86218f90 - - default default] Successfully bumped revision number for resource c9c140b5-4f8a-4a57-9341-625aa149b218 (type: security_group_rules) to 0
2026-04-28 08:57:30.538 9 INFO neutron.wsgi [None req-b6c3271c-baf1-48de-980b-9163bfa50817 56172e8c90ef45059602b768e6b9d171 fac1150d86bd43b48062b71e86218f90 - - default default] 10.0.0.101 "GET /v2.0/security-groups?tenant_id=44557c1ca0d046dcb9743f6fb1bc4045&name=default HTTP/1.1" status: 200 len: 3000 time: 0.3892603 /var/lib/openstack/lib/python3.10/site-packages/pycadf/identifier.py:71: UserWarning: Invalid uuid: neutron. To ensure interoperability, identifiers should be a valid uuid. warnings.warn(('Invalid uuid: %s. To ensure interoperability, '
2026-04-28 08:57:30.589 9 INFO neutron.db.ovn_revision_numbers_db [req-75323b0b-faa6-46d9-9561-287facc93cb4 req-bc59812e-2566-42d2-a18e-ab879aa0699a 1673306297ea46cea0e2e65a93c8fee4 cb1a5111c579418fa4a3f1cfa1f10d6c - - 4f80f72be974423bb1c156b6d22b4158 4f80f72be974423bb1c156b6d22b4158] Successfully bumped revision number for resource 4f026ec0-4048-4aca-80e0-82ba7db0429c (type: ports) to 2
2026-04-28 08:57:30.809 9 INFO neutron.wsgi [None req-b57f8c81-5b95-443a-9ce1-31b630386e33 56172e8c90ef45059602b768e6b9d171 fac1150d86bd43b48062b71e86218f90 - - default default] 10.0.0.101 "DELETE /v2.0/security-groups/77733fe0-fa32-4cc6-b703-4a167b221443 HTTP/1.1" status: 204 len: 168 time: 0.2656913
2026-04-28 08:57:30.818 9 INFO neutron.db.ovn_revision_numbers_db [req-75323b0b-faa6-46d9-9561-287facc93cb4 req-bc59812e-2566-42d2-a18e-ab879aa0699a 1673306297ea46cea0e2e65a93c8fee4 cb1a5111c579418fa4a3f1cfa1f10d6c - - 4f80f72be974423bb1c156b6d22b4158 4f80f72be974423bb1c156b6d22b4158] Successfully bumped revision number for resource 4f026ec0-4048-4aca-80e0-82ba7db0429c (type: ports) to 2
2026-04-28 08:57:30.832 9 INFO neutron.wsgi [req-75323b0b-faa6-46d9-9561-287facc93cb4 req-bc59812e-2566-42d2-a18e-ab879aa0699a 1673306297ea46cea0e2e65a93c8fee4 cb1a5111c579418fa4a3f1cfa1f10d6c - - 4f80f72be974423bb1c156b6d22b4158 4f80f72be974423bb1c156b6d22b4158] 199.19.213.205 "PUT /v2.0/ports/4f026ec0-4048-4aca-80e0-82ba7db0429c HTTP/1.1" status: 200 len: 1384 time: 0.7167680
2026-04-28 08:57:30.869 9 INFO neutron.notifiers.nova [-] Nova event matching ['req-d4b00779-d861-4b2b-8ecc-1d4eb337c027'] response: {'name': 'network-changed', 'server_uuid': 'c6e2ed02-88db-4fe7-aecf-0f3de016a3c7', 'tag': '4f026ec0-4048-4aca-80e0-82ba7db0429c', 'status': 'completed', 'code': 200} /var/lib/openstack/lib/python3.10/site-packages/pycadf/identifier.py:71: UserWarning: Invalid uuid: neutron. To ensure interoperability, identifiers should be a valid uuid. warnings.warn(('Invalid uuid: %s. To ensure interoperability, '
2026-04-28 08:57:30.909 9 INFO neutron.wsgi [req-75323b0b-faa6-46d9-9561-287facc93cb4 req-0e081bef-15b9-4ccb-b71f-7db8a64f7597 1673306297ea46cea0e2e65a93c8fee4 cb1a5111c579418fa4a3f1cfa1f10d6c - - 4f80f72be974423bb1c156b6d22b4158 4f80f72be974423bb1c156b6d22b4158] 199.19.213.205 "GET /v2.0/ports?tenant_id=fac1150d86bd43b48062b71e86218f90&device_id=c6e2ed02-88db-4fe7-aecf-0f3de016a3c7 HTTP/1.1" status: 200 len: 1415 time: 0.0357435
2026-04-28 08:57:30.944 9 INFO neutron.wsgi [req-75323b0b-faa6-46d9-9561-287facc93cb4 req-7f629586-ba65-4230-8914-dc371134fb21 1673306297ea46cea0e2e65a93c8fee4 cb1a5111c579418fa4a3f1cfa1f10d6c - - 4f80f72be974423bb1c156b6d22b4158 4f80f72be974423bb1c156b6d22b4158] 199.19.213.205 "GET /v2.0/floatingips?fixed_ip_address=172.24.2.150&port_id=4f026ec0-4048-4aca-80e0-82ba7db0429c HTTP/1.1" status: 200 len: 217 time: 0.0274565
2026-04-28 08:57:31.001 9 INFO neutron.wsgi [req-5b253d39-5139-4655-8fc0-c914d1699c77 req-d74963e2-fb97-46c6-bcfb-6a3173425ed6 56172e8c90ef45059602b768e6b9d171 fac1150d86bd43b48062b71e86218f90 - - default default] 10.0.0.127 "GET /v2.0/ports?device_id=c6e2ed02-88db-4fe7-aecf-0f3de016a3c7 HTTP/1.1" status: 200 len: 1415 time: 0.0515931
2026-04-28 08:57:31.005 9 INFO neutron.wsgi [req-75323b0b-faa6-46d9-9561-287facc93cb4 req-42578348-59d6-4835-b229-116f400ddd9b 1673306297ea46cea0e2e65a93c8fee4 cb1a5111c579418fa4a3f1cfa1f10d6c - - 4f80f72be974423bb1c156b6d22b4158 4f80f72be974423bb1c156b6d22b4158] 199.19.213.205 "GET /v2.0/subnets?id=43d486e9-29b1-4073-9e17-5298ca563219 HTTP/1.1" status: 200 len: 829 time: 0.0549552
2026-04-28 08:57:31.045 9 INFO neutron.wsgi [req-75323b0b-faa6-46d9-9561-287facc93cb4 req-1b74109c-94e7-48bf-9258-bc91bc587d85 1673306297ea46cea0e2e65a93c8fee4 cb1a5111c579418fa4a3f1cfa1f10d6c - - 4f80f72be974423bb1c156b6d22b4158 4f80f72be974423bb1c156b6d22b4158] 199.19.213.205 "GET /v2.0/ports?network_id=5e1f6116-8bcb-4682-8370-ea8ea8e90dca&device_owner=network%3Adhcp HTTP/1.1" status: 200 len: 210 time: 0.0336666
2026-04-28 08:57:31.076 9 INFO neutron.wsgi [req-5b253d39-5139-4655-8fc0-c914d1699c77 req-f2a58192-3e1e-4897-86f7-5d9d543fd577 56172e8c90ef45059602b768e6b9d171 fac1150d86bd43b48062b71e86218f90 - - default default] 10.0.0.127 "GET /v2.0/security-groups?id=f874f277-b7d3-4f6a-b262-45245c287b54&fields=id&fields=name HTTP/1.1" status: 200 len: 294 time: 0.0661850
2026-04-28 08:57:31.115 9 INFO neutron.db.ovn_revision_numbers_db [None req-d2e90f73-1aa5-424a-a13f-8e77a15bd695 56172e8c90ef45059602b768e6b9d171 fac1150d86bd43b48062b71e86218f90 - - default default] Successfully bumped revision number for resource 1896b5c2-c148-4143-8338-6a10782ec9cc (type: security_groups) to 1
2026-04-28 08:57:31.124 9 INFO neutron.wsgi [req-75323b0b-faa6-46d9-9561-287facc93cb4 req-8b7ec119-cb79-42d7-94cc-094b05b7de1f 1673306297ea46cea0e2e65a93c8fee4 cb1a5111c579418fa4a3f1cfa1f10d6c - - 4f80f72be974423bb1c156b6d22b4158 4f80f72be974423bb1c156b6d22b4158] 199.19.213.205 "GET /v2.0/networks/5e1f6116-8bcb-4682-8370-ea8ea8e90dca?fields=segments HTTP/1.1" status: 200 len: 212 time: 0.0705998
2026-04-28 08:57:31.134 9 INFO neutron.db.ovn_revision_numbers_db [None req-d2e90f73-1aa5-424a-a13f-8e77a15bd695 56172e8c90ef45059602b768e6b9d171 fac1150d86bd43b48062b71e86218f90 - - default default] Successfully bumped revision number for resource 03c6c252-10aa-480c-9de0-3534b069b664 (type: security_group_rules) to 0
2026-04-28 08:57:31.188 9 INFO neutron.db.ovn_revision_numbers_db [None req-d2e90f73-1aa5-424a-a13f-8e77a15bd695 56172e8c90ef45059602b768e6b9d171 fac1150d86bd43b48062b71e86218f90 - - default default] Successfully bumped revision number for resource 3c2aed9c-d4d8-42e7-a03f-708804a4db1e (type: security_group_rules) to 0
2026-04-28 08:57:31.210 9 INFO neutron.wsgi [req-2c0e0bb2-cd25-494a-be1e-e27f09a75d9f req-448b56f0-9a69-4265-904f-b9d17b5fbfad 56172e8c90ef45059602b768e6b9d171 fac1150d86bd43b48062b71e86218f90 - - default default] 10.0.0.127 "GET /v2.0/ports?device_id=c6e2ed02-88db-4fe7-aecf-0f3de016a3c7 HTTP/1.1" status: 200 len: 1415 time: 0.0569315
2026-04-28 08:57:31.216 9 INFO neutron.db.ovn_revision_numbers_db [None req-d2e90f73-1aa5-424a-a13f-8e77a15bd695 56172e8c90ef45059602b768e6b9d171 fac1150d86bd43b48062b71e86218f90 - - default default] Successfully bumped revision number for resource 6672c761-0976-4500-8aac-d2ad2d52402a (type: security_group_rules) to 0
2026-04-28 08:57:31.228 9 INFO neutron.wsgi [req-75323b0b-faa6-46d9-9561-287facc93cb4 req-07c88e9f-d422-4c76-ad9c-87440ef65824 1673306297ea46cea0e2e65a93c8fee4 cb1a5111c579418fa4a3f1cfa1f10d6c - - 4f80f72be974423bb1c156b6d22b4158 4f80f72be974423bb1c156b6d22b4158] 199.19.213.205 "GET /v2.0/networks/5e1f6116-8bcb-4682-8370-ea8ea8e90dca?fields=provider%3Aphysical_network&fields=provider%3Anetwork_type HTTP/1.1" status: 200 len: 277 time: 0.0945857
2026-04-28 08:57:31.232 9 INFO neutron.db.ovn_revision_numbers_db [None req-d2e90f73-1aa5-424a-a13f-8e77a15bd695 56172e8c90ef45059602b768e6b9d171 fac1150d86bd43b48062b71e86218f90 - - default default] Successfully bumped revision number for resource 7237cbc1-78a0-462b-93c8-1975cc0092d0 (type: security_group_rules) to 0
2026-04-28 08:57:31.257 9 INFO neutron.wsgi [None req-d2e90f73-1aa5-424a-a13f-8e77a15bd695 56172e8c90ef45059602b768e6b9d171 fac1150d86bd43b48062b71e86218f90 - - default default] 10.0.0.101 "GET /v2.0/security-groups?tenant_id=e97b66bf5c414d278acc6fd7ad13d275&name=default HTTP/1.1" status: 200 len: 3000 time: 0.3386428
2026-04-28 08:57:31.311 9 INFO neutron.wsgi [req-2394cf60-8aab-43cb-a162-d44eb47e593d req-a5d29275-d1f1-450b-83a2-c765227e0387 1673306297ea46cea0e2e65a93c8fee4 cb1a5111c579418fa4a3f1cfa1f10d6c - - 4f80f72be974423bb1c156b6d22b4158 4f80f72be974423bb1c156b6d22b4158] 199.19.213.205 "GET /v2.0/ports?tenant_id=fac1150d86bd43b48062b71e86218f90&device_id=c6e2ed02-88db-4fe7-aecf-0f3de016a3c7 HTTP/1.1" status: 200 len: 1415 time: 0.0446393
2026-04-28 08:57:31.382 9 INFO neutron.wsgi [req-2394cf60-8aab-43cb-a162-d44eb47e593d req-1015e91f-5233-464b-9049-95391ca964e1 1673306297ea46cea0e2e65a93c8fee4 cb1a5111c579418fa4a3f1cfa1f10d6c - - 4f80f72be974423bb1c156b6d22b4158 4f80f72be974423bb1c156b6d22b4158] 199.19.213.205 "GET /v2.0/networks?id=5e1f6116-8bcb-4682-8370-ea8ea8e90dca HTTP/1.1" status: 200 len: 937 time: 0.0643628
2026-04-28 08:57:31.407 9 INFO neutron.wsgi [req-2394cf60-8aab-43cb-a162-d44eb47e593d req-a3d1d5a4-18c4-4405-980d-875b94662b57 1673306297ea46cea0e2e65a93c8fee4 cb1a5111c579418fa4a3f1cfa1f10d6c - - 4f80f72be974423bb1c156b6d22b4158 4f80f72be974423bb1c156b6d22b4158] 199.19.213.205 "GET /v2.0/floatingips?fixed_ip_address=172.24.2.150&port_id=4f026ec0-4048-4aca-80e0-82ba7db0429c HTTP/1.1" status: 200 len: 217 time: 0.0200181
2026-04-28 08:57:31.450 10 INFO neutron.wsgi [req-2719632d-f0d8-4477-b939-11add724bd53 req-8f854b0e-a1ce-4678-9034-e4aa87af1ea3 1673306297ea46cea0e2e65a93c8fee4 cb1a5111c579418fa4a3f1cfa1f10d6c - - 4f80f72be974423bb1c156b6d22b4158 4f80f72be974423bb1c156b6d22b4158] 199.19.213.205 "GET /v2.0/ports?device_id=c6e2ed02-88db-4fe7-aecf-0f3de016a3c7 HTTP/1.1" status: 200 len: 1415 time: 0.0323153
2026-04-28 08:57:31.455 9 INFO neutron.wsgi [req-2394cf60-8aab-43cb-a162-d44eb47e593d req-e5eb0b6d-fae6-452d-bed7-6c025196c78c 1673306297ea46cea0e2e65a93c8fee4 cb1a5111c579418fa4a3f1cfa1f10d6c - - 4f80f72be974423bb1c156b6d22b4158 4f80f72be974423bb1c156b6d22b4158] 199.19.213.205 "GET /v2.0/subnets?id=43d486e9-29b1-4073-9e17-5298ca563219 HTTP/1.1" status: 200 len: 829 time: 0.0372951
2026-04-28 08:57:31.483 9 INFO neutron.wsgi [req-2394cf60-8aab-43cb-a162-d44eb47e593d req-d726dba8-1500-4b22-b519-96b48c7ea337 1673306297ea46cea0e2e65a93c8fee4 cb1a5111c579418fa4a3f1cfa1f10d6c - - 4f80f72be974423bb1c156b6d22b4158 4f80f72be974423bb1c156b6d22b4158] 199.19.213.205 "GET /v2.0/ports?network_id=5e1f6116-8bcb-4682-8370-ea8ea8e90dca&device_owner=network%3Adhcp HTTP/1.1" status: 200 len: 210 time: 0.0213881
2026-04-28 08:57:31.505 10 INFO neutron.wsgi [req-2719632d-f0d8-4477-b939-11add724bd53 req-764fb2bc-7d81-426e-a623-9d0d4d92c9f9 1673306297ea46cea0e2e65a93c8fee4 cb1a5111c579418fa4a3f1cfa1f10d6c - - 4f80f72be974423bb1c156b6d22b4158 4f80f72be974423bb1c156b6d22b4158] 199.19.213.205 "GET /v2.0/security-groups?id=f874f277-b7d3-4f6a-b262-45245c287b54&fields=id&fields=name HTTP/1.1" status: 200 len: 294 time: 0.0422146
2026-04-28 08:57:31.556 9 INFO neutron.wsgi [req-2394cf60-8aab-43cb-a162-d44eb47e593d req-57380ec8-5059-4930-bf1a-0af02f8cfb11 1673306297ea46cea0e2e65a93c8fee4 cb1a5111c579418fa4a3f1cfa1f10d6c - - 4f80f72be974423bb1c156b6d22b4158 4f80f72be974423bb1c156b6d22b4158] 199.19.213.205 "GET /v2.0/networks/5e1f6116-8bcb-4682-8370-ea8ea8e90dca?fields=segments HTTP/1.1" status: 200 len: 212 time: 0.0655446
2026-04-28 08:57:31.562 9 INFO neutron.wsgi [None req-fe46ffd6-5d68-45e4-9f74-ee593a762d9e 56172e8c90ef45059602b768e6b9d171 fac1150d86bd43b48062b71e86218f90 - - default default] 10.0.0.101 "DELETE /v2.0/security-groups/1896b5c2-c148-4143-8338-6a10782ec9cc HTTP/1.1" status: 204 len: 168 time: 0.3007379
2026-04-28 08:57:31.610 10 INFO neutron.plugins.ml2.drivers.ovn.mech_driver.mech_driver [None req-f510634f-91cc-4364-8747-c1e950e212a6 - - - - - -] OVN reports status up for port: 4f026ec0-4048-4aca-80e0-82ba7db0429c
2026-04-28 08:57:31.624 10 INFO neutron.plugins.ml2.plugin [None req-f510634f-91cc-4364-8747-c1e950e212a6 - - - - - -] Attempt 1 to provision port 4f026ec0-4048-4aca-80e0-82ba7db0429c
2026-04-28 08:57:31.641 9 INFO neutron.wsgi [req-2394cf60-8aab-43cb-a162-d44eb47e593d req-eae17a19-be2b-4db6-baf0-22112e5abdc0 1673306297ea46cea0e2e65a93c8fee4 cb1a5111c579418fa4a3f1cfa1f10d6c - - 4f80f72be974423bb1c156b6d22b4158 4f80f72be974423bb1c156b6d22b4158] 199.19.213.205 "GET /v2.0/networks/5e1f6116-8bcb-4682-8370-ea8ea8e90dca?fields=provider%3Aphysical_network&fields=provider%3Anetwork_type HTTP/1.1" status: 200 len: 277 time: 0.0721099
2026-04-28 08:57:31.789 10 INFO neutron.notifiers.nova [-] Nova event matching ['req-bdeaa0c2-a769-4e3f-9edd-dd88270b9424'] response: {'server_uuid': 'c6e2ed02-88db-4fe7-aecf-0f3de016a3c7', 'name': 'network-vif-plugged', 'status': 'completed', 'tag': '4f026ec0-4048-4aca-80e0-82ba7db0429c', 'code': 200}
2026-04-28 08:57:32.123 10 INFO neutron.db.ovn_revision_numbers_db [None req-f510634f-91cc-4364-8747-c1e950e212a6 - - - - - -] Successfully bumped revision number for resource 4f026ec0-4048-4aca-80e0-82ba7db0429c (type: ports) to 4
2026-04-28 08:57:33.458 9 INFO neutron.wsgi [req-f7552b33-aa76-4114-9421-1e0d5bf8432a req-9371263f-cdd3-4538-bc3f-ebb3327cde26 56172e8c90ef45059602b768e6b9d171 fac1150d86bd43b48062b71e86218f90 - - default default] 10.0.0.127 "GET /v2.0/ports?device_id=c6e2ed02-88db-4fe7-aecf-0f3de016a3c7 HTTP/1.1" status: 200 len: 1417 time: 0.0465534
2026-04-28 08:57:33.510 9 INFO neutron.wsgi [req-f7552b33-aa76-4114-9421-1e0d5bf8432a req-3463cf2a-4705-4064-acbc-1266c4a9a74f 56172e8c90ef45059602b768e6b9d171 fac1150d86bd43b48062b71e86218f90 - - default default] 10.0.0.127 "GET /v2.0/security-groups?id=f874f277-b7d3-4f6a-b262-45245c287b54&fields=id&fields=name HTTP/1.1" status: 200 len: 294 time: 0.0465932
2026-04-28 08:57:33.626 9 INFO neutron.wsgi [req-cdb5786c-9430-4f53-877c-30ffd7d417e7 req-374615e1-5126-4eec-baa0-6bdf7fd457f4 56172e8c90ef45059602b768e6b9d171 fac1150d86bd43b48062b71e86218f90 - - default default] 10.0.0.127 "GET /v2.0/ports?device_id=c6e2ed02-88db-4fe7-aecf-0f3de016a3c7 HTTP/1.1" status: 200 len: 1417 time: 0.0344155
2026-04-28 08:57:33.844 10 INFO neutron.notifiers.nova [-] Nova event matching ['req-c69e24a2-0620-4f5d-b585-fee60f598e58'] response: {'server_uuid': 'c6e2ed02-88db-4fe7-aecf-0f3de016a3c7', 'name': 'network-vif-plugged', 'status': 'completed', 'tag': '4f026ec0-4048-4aca-80e0-82ba7db0429c', 'code': 200}
2026-04-28 08:57:34.319 9 INFO neutron.wsgi [-] 10.0.0.12 "GET / HTTP/1.1" status: 200 len: 246 time: 0.0024934
2026-04-28 08:57:34.320 10 INFO neutron.wsgi [-] 10.0.0.12 "GET / HTTP/1.1" status: 200 len: 246 time: 0.0036783
2026-04-28 08:57:35.883 9 INFO neutron.wsgi [req-216cb8d1-20f1-4e17-ac9b-5ecd14fb7398 req-51d4dcf3-dd58-44ed-ac56-32ca79a16f1f 56172e8c90ef45059602b768e6b9d171 fac1150d86bd43b48062b71e86218f90 - - default default] 10.0.0.127 "GET /v2.0/ports?device_id=c6e2ed02-88db-4fe7-aecf-0f3de016a3c7 HTTP/1.1" status: 200 len: 1417 time: 0.0523937
2026-04-28 08:57:35.949 9 INFO neutron.wsgi [req-216cb8d1-20f1-4e17-ac9b-5ecd14fb7398 req-b41ac1b2-d19f-4bf5-a36d-385cc4f4ede1 56172e8c90ef45059602b768e6b9d171 fac1150d86bd43b48062b71e86218f90 - - default default] 10.0.0.127 "GET /v2.0/security-groups?id=f874f277-b7d3-4f6a-b262-45245c287b54&fields=id&fields=name HTTP/1.1" status: 200 len: 294 time: 0.0587952
2026-04-28 08:57:35.991 9 INFO neutron.db.ovn_revision_numbers_db [None req-7aa3a67b-dec8-4bb7-a224-c30b36e0cb25 128fa5761a3d4fd09b38a1713597775d 08ad0fa6cbc04f089daaf79ef344c49e - - default default] Successfully bumped revision number for resource 5423c127-8593-408f-8c59-6fa4e0ce2956 (type: security_groups) to 1
2026-04-28 08:57:36.020 9 INFO neutron.db.ovn_revision_numbers_db [None req-7aa3a67b-dec8-4bb7-a224-c30b36e0cb25 128fa5761a3d4fd09b38a1713597775d 08ad0fa6cbc04f089daaf79ef344c49e - - default default] Successfully bumped revision number for resource 314a7a20-3f84-4711-867b-9ea70665f94b (type: security_group_rules) to 0
2026-04-28 08:57:36.039 9 INFO neutron.wsgi [req-ac8d1d41-4a9a-4115-946e-f18f2e44f25f req-aeab38ef-e821-4e3e-8069-845a32ec01d2 56172e8c90ef45059602b768e6b9d171 fac1150d86bd43b48062b71e86218f90 - - default default] 10.0.0.127 "GET /v2.0/ports?device_id=c6e2ed02-88db-4fe7-aecf-0f3de016a3c7 HTTP/1.1" status: 200 len: 1417 time: 0.0387852
2026-04-28 08:57:36.046 9 INFO neutron.db.ovn_revision_numbers_db [None req-7aa3a67b-dec8-4bb7-a224-c30b36e0cb25 128fa5761a3d4fd09b38a1713597775d 08ad0fa6cbc04f089daaf79ef344c49e - - default default] Successfully bumped revision number for resource 35a56b92-1f6b-48ab-b4c3-b390bfec92dc (type: security_group_rules) to 0
2026-04-28 08:57:36.083 9 INFO neutron.db.ovn_revision_numbers_db [None req-7aa3a67b-dec8-4bb7-a224-c30b36e0cb25 128fa5761a3d4fd09b38a1713597775d 08ad0fa6cbc04f089daaf79ef344c49e - - default default] Successfully bumped revision number for resource 87b3dbd9-dc95-436e-b0cb-924f0188f759 (type: security_group_rules) to 0
2026-04-28 08:57:36.103 9 INFO neutron.db.ovn_revision_numbers_db [None req-7aa3a67b-dec8-4bb7-a224-c30b36e0cb25 128fa5761a3d4fd09b38a1713597775d 08ad0fa6cbc04f089daaf79ef344c49e - - default default] Successfully bumped revision number for resource b90f678a-1011-4ce5-b5c4-943d7fb3d10d (type: security_group_rules) to 0
2026-04-28 08:57:36.170 9 INFO neutron.db.segments_db [None req-7aa3a67b-dec8-4bb7-a224-c30b36e0cb25 128fa5761a3d4fd09b38a1713597775d 08ad0fa6cbc04f089daaf79ef344c49e - - default default] Added segment a1497e4c-88f2-4b3a-b57b-eb301139f89c of type geneve for network 95f16069-b698-464c-93fd-cbdd9ac2c6eb
2026-04-28 08:57:36.662 9 INFO neutron.db.ovn_revision_numbers_db [None req-7aa3a67b-dec8-4bb7-a224-c30b36e0cb25 128fa5761a3d4fd09b38a1713597775d 08ad0fa6cbc04f089daaf79ef344c49e - - default default] Successfully bumped revision number for resource 95f16069-b698-464c-93fd-cbdd9ac2c6eb (type: networks) to 1
2026-04-28 08:57:36.864 9 WARNING neutron.scheduler.dhcp_agent_scheduler [None req-7aa3a67b-dec8-4bb7-a224-c30b36e0cb25 128fa5761a3d4fd09b38a1713597775d 08ad0fa6cbc04f089daaf79ef344c49e - - default default] No more DHCP agents
2026-04-28 08:57:36.867 9 WARNING neutron.api.rpc.agentnotifiers.dhcp_rpc_agent_api [None req-7aa3a67b-dec8-4bb7-a224-c30b36e0cb25 128fa5761a3d4fd09b38a1713597775d 08ad0fa6cbc04f089daaf79ef344c49e - - default default] Unable to schedule network 95f16069-b698-464c-93fd-cbdd9ac2c6eb: no agents available; will retry on subsequent port and subnet creation events.
2026-04-28 08:57:36.956 9 INFO neutron.db.ovn_revision_numbers_db [None req-7aa3a67b-dec8-4bb7-a224-c30b36e0cb25 128fa5761a3d4fd09b38a1713597775d 08ad0fa6cbc04f089daaf79ef344c49e - - default default] Successfully bumped revision number for resource 9bb606d7-4821-42c8-bce8-631d2f9a4556 (type: ports) to 1
2026-04-28 08:57:36.979 9 INFO neutron.wsgi [None req-7aa3a67b-dec8-4bb7-a224-c30b36e0cb25 128fa5761a3d4fd09b38a1713597775d 08ad0fa6cbc04f089daaf79ef344c49e - - default default] 10.0.0.101 "POST /v2.0/networks HTTP/1.1" status: 201 len: 830 time: 1.4030285
2026-04-28 08:57:37.069 9 INFO neutron.wsgi [None req-ff30d1cb-3146-47d7-a8fe-9ac1d8e8647d 128fa5761a3d4fd09b38a1713597775d 08ad0fa6cbc04f089daaf79ef344c49e - - default default] 10.0.0.101 "PUT /v2.0/networks/95f16069-b698-464c-93fd-cbdd9ac2c6eb/tags HTTP/1.1" status: 200 len: 218 time: 0.0723879
2026-04-28 08:57:37.127 9 INFO neutron.wsgi [None req-00acbf28-1cbb-4b55-b362-3141cc875896 128fa5761a3d4fd09b38a1713597775d 08ad0fa6cbc04f089daaf79ef344c49e - - default default] 10.0.0.101 "GET /v2.0/networks/95f16069-b698-464c-93fd-cbdd9ac2c6eb/tags HTTP/1.1" status: 200 len: 218 time: 0.0539336
2026-04-28 08:57:37.225 9 INFO neutron.wsgi [None req-e5fdb094-0f11-4cee-8a0b-753963c818bb 128fa5761a3d4fd09b38a1713597775d 08ad0fa6cbc04f089daaf79ef344c49e - - default default] 10.0.0.101 "PUT /v2.0/networks/95f16069-b698-464c-93fd-cbdd9ac2c6eb/tags/green HTTP/1.1" status: 201 len: 201 time: 0.0921991
2026-04-28 08:57:37.270 9 INFO neutron.wsgi [None req-4da95f74-aaab-4e58-9cf6-90f7acdb294e 128fa5761a3d4fd09b38a1713597775d 08ad0fa6cbc04f089daaf79ef344c49e - - default default] 10.0.0.101 "GET /v2.0/networks/95f16069-b698-464c-93fd-cbdd9ac2c6eb/tags HTTP/1.1" status: 200 len: 227 time: 0.0408561
2026-04-28 08:57:37.314 9 INFO neutron.wsgi [None req-2f5dae53-5840-4cf7-9a09-ec8869cd3ba5 128fa5761a3d4fd09b38a1713597775d 08ad0fa6cbc04f089daaf79ef344c49e - - default default] 10.0.0.101 "PUT /v2.0/networks/95f16069-b698-464c-93fd-cbdd9ac2c6eb/tags/red HTTP/1.1" status: 201 len: 201 time: 0.0402052
2026-04-28 08:57:37.369 9 INFO neutron.wsgi [None req-43f813f3-e4ea-40d4-ac57-9a5905cafa23 128fa5761a3d4fd09b38a1713597775d 08ad0fa6cbc04f089daaf79ef344c49e - - default default] 10.0.0.101 "GET /v2.0/networks/95f16069-b698-464c-93fd-cbdd9ac2c6eb/tags HTTP/1.1" status: 200 len: 227 time: 0.0468280
2026-04-28 08:57:37.445 9 INFO neutron.wsgi [None req-c2cad8a6-cb79-478f-a15e-7a1336719f19 128fa5761a3d4fd09b38a1713597775d 08ad0fa6cbc04f089daaf79ef344c49e - - default default] 10.0.0.101 "PUT /v2.0/networks/95f16069-b698-464c-93fd-cbdd9ac2c6eb/tags/black.or.white HTTP/1.1" status: 201 len: 201 time: 0.0689366
2026-04-28 08:57:37.501 9 INFO neutron.wsgi [None req-0daf60ab-0d40-45f0-8ad4-96ed178fe810 128fa5761a3d4fd09b38a1713597775d 08ad0fa6cbc04f089daaf79ef344c49e - - default default] 10.0.0.101 "GET /v2.0/networks/95f16069-b698-464c-93fd-cbdd9ac2c6eb/tags HTTP/1.1" status: 200 len: 245 time: 0.0519092
2026-04-28 08:57:37.573 9 INFO neutron.wsgi [None req-fa687ef1-7483-40f8-861c-b77707d96368 128fa5761a3d4fd09b38a1713597775d 08ad0fa6cbc04f089daaf79ef344c49e - - default default] 10.0.0.101 "PUT /v2.0/networks/95f16069-b698-464c-93fd-cbdd9ac2c6eb/tags HTTP/1.1" status: 200 len: 230 time: 0.0666945 /var/lib/openstack/lib/python3.10/site-packages/pycadf/identifier.py:71: UserWarning: Invalid uuid: neutron. To ensure interoperability, identifiers should be a valid uuid. warnings.warn(('Invalid uuid: %s. To ensure interoperability, '
2026-04-28 08:57:37.620 10 INFO neutron.wsgi [None req-9785110d-4d73-4b94-8e0a-a70cd98c40cd 128fa5761a3d4fd09b38a1713597775d 08ad0fa6cbc04f089daaf79ef344c49e - - default default] 10.0.0.101 "GET /v2.0/networks/95f16069-b698-464c-93fd-cbdd9ac2c6eb/tags HTTP/1.1" status: 200 len: 230 time: 0.0405467
2026-04-28 08:57:37.693 9 INFO neutron.wsgi [None req-fc551313-c22f-433b-b16b-d3765314ce9d 128fa5761a3d4fd09b38a1713597775d 08ad0fa6cbc04f089daaf79ef344c49e - - default default] 10.0.0.101 "GET /v2.0/networks/95f16069-b698-464c-93fd-cbdd9ac2c6eb/tags/red HTTP/1.1" status: 204 len: 168 time: 0.0666614
2026-04-28 08:57:37.749 10 INFO neutron.api.v2.resource [None req-02d57022-6063-40dc-bae5-5fccbf6462d6 128fa5761a3d4fd09b38a1713597775d 08ad0fa6cbc04f089daaf79ef344c49e - - default default] show failed (client error): The resource could not be found.
2026-04-28 08:57:37.751 10 INFO neutron.wsgi [None req-02d57022-6063-40dc-bae5-5fccbf6462d6 128fa5761a3d4fd09b38a1713597775d 08ad0fa6cbc04f089daaf79ef344c49e - - default default] 10.0.0.101 "GET /v2.0/networks/95f16069-b698-464c-93fd-cbdd9ac2c6eb/tags/green HTTP/1.1" status: 404 len: 299 time: 0.0515049
2026-04-28 08:57:37.827 10 INFO neutron.wsgi [None req-57b61efa-21dc-4237-aa03-31be9a8f0c82 128fa5761a3d4fd09b38a1713597775d 08ad0fa6cbc04f089daaf79ef344c49e - - default default] 10.0.0.101 "DELETE /v2.0/networks/95f16069-b698-464c-93fd-cbdd9ac2c6eb/tags/red HTTP/1.1" status: 204 len: 168 time: 0.0697134
2026-04-28 08:57:37.934 10 INFO neutron.wsgi [None req-0f71a17c-fb80-429c-addf-4782b6b1bab7 128fa5761a3d4fd09b38a1713597775d 08ad0fa6cbc04f089daaf79ef344c49e - - default default] 10.0.0.101 "GET /v2.0/networks/95f16069-b698-464c-93fd-cbdd9ac2c6eb/tags HTTP/1.1" status: 200 len: 223 time: 0.1020145
2026-04-28 08:57:38.006 9 INFO neutron.api.v2.resource [None req-c5f998a1-862b-45ad-bc77-afad19c99b9c 128fa5761a3d4fd09b38a1713597775d 08ad0fa6cbc04f089daaf79ef344c49e - - default default] delete failed (client error): The resource could not be found.
2026-04-28 08:57:38.008 9 INFO neutron.wsgi [None req-c5f998a1-862b-45ad-bc77-afad19c99b9c 128fa5761a3d4fd09b38a1713597775d 08ad0fa6cbc04f089daaf79ef344c49e - - default default] 10.0.0.101 "DELETE /v2.0/networks/95f16069-b698-464c-93fd-cbdd9ac2c6eb/tags/green HTTP/1.1" status: 404 len: 299 time: 0.0687845
2026-04-28 08:57:38.071 9 INFO neutron.wsgi [None req-d1df1330-5ae9-49a3-9a6c-756bb3852f80 128fa5761a3d4fd09b38a1713597775d 08ad0fa6cbc04f089daaf79ef344c49e - - default default] 10.0.0.101 "DELETE /v2.0/networks/95f16069-b698-464c-93fd-cbdd9ac2c6eb/tags HTTP/1.1" status: 204 len: 168 time: 0.0581446
2026-04-28 08:57:38.116 9 INFO neutron.wsgi [None req-046c1d7e-d329-49b0-9884-30c58aba3ae3 128fa5761a3d4fd09b38a1713597775d 08ad0fa6cbc04f089daaf79ef344c49e - - default default] 10.0.0.101 "GET /v2.0/networks/95f16069-b698-464c-93fd-cbdd9ac2c6eb/tags HTTP/1.1" status: 200 len: 205 time: 0.0405443
2026-04-28 08:57:38.435 10 INFO neutron.wsgi [None req-3033a5fa-9478-4375-b215-fadc6b93e78f 56172e8c90ef45059602b768e6b9d171 fac1150d86bd43b48062b71e86218f90 - - default default] 10.0.0.204 "GET /v2.0/agents HTTP/1.1" status: 200 len: 997 time: 0.1192102
2026-04-28 08:57:38.530 10 INFO neutron.wsgi [None req-a3d88fbe-57b9-47db-8d09-c490a794ed40 56172e8c90ef45059602b768e6b9d171 fac1150d86bd43b48062b71e86218f90 - - default default] 10.0.0.204 "GET /v2.0/routers HTTP/1.1" status: 200 len: 849 time: 0.0935135
