2026-04-28 08:53:44.522 9 WARNING neutron.api.rpc.agentnotifiers.dhcp_rpc_agent_api [None req-db62b5e4-4933-40b8-b0b4-8cb3a489a3dc da3a717da3a64b06ae21c14f26cc2b6f 48545569fe644bc68966803b4db33125 - - default default] Unable to schedule network 7bb8aad9-4cd4-4ff2-9967-f63f9892df8c: no agents available; will retry on subsequent port and subnet creation events.
2026-04-28 08:53:44.659 9 INFO neutron.db.ovn_revision_numbers_db [None req-db62b5e4-4933-40b8-b0b4-8cb3a489a3dc da3a717da3a64b06ae21c14f26cc2b6f 48545569fe644bc68966803b4db33125 - - default default] Successfully bumped revision number for resource a30ce86d-041e-4d2a-a40c-03bf017b6003 (type: ports) to 1
2026-04-28 08:53:44.700 9 INFO neutron.wsgi [None req-db62b5e4-4933-40b8-b0b4-8cb3a489a3dc da3a717da3a64b06ae21c14f26cc2b6f 48545569fe644bc68966803b4db33125 - - default default] 10.0.0.101 "POST /v2.0/networks HTTP/1.1" status: 201 len: 843 time: 0.6761267
2026-04-28 08:53:44.708 10 INFO neutron.db.ovn_revision_numbers_db [None req-3b087b42-2235-4fbf-a4fd-0f4dd7b19f2d 2f80b9eb1f3245b49d27d93635b33196 803f6a34f8dc420a9d2fad6c908502a6 - - default default] Successfully bumped revision number for resource 7ff781b7-9c26-499e-bd4d-2bac17eec6e8 (type: ports) to 1
2026-04-28 08:53:44.799 10 WARNING neutron.scheduler.dhcp_agent_scheduler [None req-3b087b42-2235-4fbf-a4fd-0f4dd7b19f2d 2f80b9eb1f3245b49d27d93635b33196 803f6a34f8dc420a9d2fad6c908502a6 - - default default] No more DHCP agents
2026-04-28 08:53:44.801 10 WARNING neutron.api.rpc.agentnotifiers.dhcp_rpc_agent_api [None req-3b087b42-2235-4fbf-a4fd-0f4dd7b19f2d 2f80b9eb1f3245b49d27d93635b33196 803f6a34f8dc420a9d2fad6c908502a6 - - default default] Unable to schedule network 1b93ea36-aa71-486b-9479-f522eeee3807: no agents available; will retry on subsequent port and subnet creation events.
2026-04-28 08:53:44.871 10 INFO neutron.db.ovn_revision_numbers_db [None req-f510634f-91cc-4364-8747-c1e950e212a6 - - - - - -] Successfully bumped revision number for resource 7ff781b7-9c26-499e-bd4d-2bac17eec6e8 (type: ports) to 2
2026-04-28 08:53:44.880 9 WARNING neutron.scheduler.dhcp_agent_scheduler [None req-6984ac8f-2181-45d1-9b39-6147d58c2261 56172e8c90ef45059602b768e6b9d171 fac1150d86bd43b48062b71e86218f90 - - default default] No more DHCP agents
2026-04-28 08:53:44.894 9 WARNING neutron.api.rpc.agentnotifiers.dhcp_rpc_agent_api [None req-6984ac8f-2181-45d1-9b39-6147d58c2261 56172e8c90ef45059602b768e6b9d171 fac1150d86bd43b48062b71e86218f90 - - default default] Unable to schedule network e419bf3e-e073-4dc2-adef-16fff092c040: no agents available; will retry on subsequent port and subnet creation events.
2026-04-28 08:53:44.970 9 INFO neutron.db.ovn_revision_numbers_db [None req-772d0ef5-f03b-4e88-b5dd-9d9376a7f6fc da3a717da3a64b06ae21c14f26cc2b6f 48545569fe644bc68966803b4db33125 - - default default] Successfully bumped revision number for resource 7bb8aad9-4cd4-4ff2-9967-f63f9892df8c (type: networks) to 2
2026-04-28 08:53:44.975 9 INFO neutron.wsgi [None req-772d0ef5-f03b-4e88-b5dd-9d9376a7f6fc da3a717da3a64b06ae21c14f26cc2b6f 48545569fe644bc68966803b4db33125 - - default default] 10.0.0.101 "PUT /v2.0/networks/7bb8aad9-4cd4-4ff2-9967-f63f9892df8c HTTP/1.1" status: 200 len: 792 time: 0.2682333
2026-04-28 08:53:45.100 9 INFO neutron.db.ovn_revision_numbers_db [None req-6984ac8f-2181-45d1-9b39-6147d58c2261 56172e8c90ef45059602b768e6b9d171 fac1150d86bd43b48062b71e86218f90 - - default default] Successfully bumped revision number for resource 78dba651-299c-4417-99f5-2437421623da (type: ports) to 1
2026-04-28 08:53:45.142 10 INFO neutron.db.ovn_revision_numbers_db [None req-f510634f-91cc-4364-8747-c1e950e212a6 - - - - - -] Successfully bumped revision number for resource 7ff781b7-9c26-499e-bd4d-2bac17eec6e8 (type: router_ports) to 2
2026-04-28 08:53:45.650 10 INFO neutron.db.ovn_revision_numbers_db [None req-3b087b42-2235-4fbf-a4fd-0f4dd7b19f2d 2f80b9eb1f3245b49d27d93635b33196 803f6a34f8dc420a9d2fad6c908502a6 - - default default] Successfully bumped revision number for resource 7ff781b7-9c26-499e-bd4d-2bac17eec6e8 (type: router_ports) to 2
2026-04-28 08:53:45.652 10 INFO neutron.wsgi [None req-3b087b42-2235-4fbf-a4fd-0f4dd7b19f2d 2f80b9eb1f3245b49d27d93635b33196 803f6a34f8dc420a9d2fad6c908502a6 - - default default] 10.0.0.101 "PUT /v2.0/routers/add7abef-1b64-4b9e-9b81-8bb8ebfb6f71/add_router_interface HTTP/1.1" status: 200 len: 503 time: 2.8137884
2026-04-28 08:53:45.705 10 WARNING neutron.scheduler.dhcp_agent_scheduler [None req-2cf430a2-6384-4844-8dfc-6f9ddee5aa4e da3a717da3a64b06ae21c14f26cc2b6f 48545569fe644bc68966803b4db33125 - - default default] No more DHCP agents
2026-04-28 08:53:45.709 10 WARNING neutron.api.rpc.agentnotifiers.dhcp_rpc_agent_api [None req-2cf430a2-6384-4844-8dfc-6f9ddee5aa4e da3a717da3a64b06ae21c14f26cc2b6f 48545569fe644bc68966803b4db33125 - - default default] Unable to schedule network 7bb8aad9-4cd4-4ff2-9967-f63f9892df8c: no agents available; will retry on subsequent port and subnet creation events.
2026-04-28 08:53:45.757 10 INFO neutron.wsgi [None req-c6e1e550-a3a3-484f-b69e-8e11bb8cada9 32f42ab2cec94393b51b163728b75d39 70202b8404ac48f3a4171eeb1feddf8f - - default default] 10.0.0.101 "GET /v2.0/networks HTTP/1.1" status: 200 len: 6114 time: 0.1014516
2026-04-28 08:53:45.810 10 INFO neutron.wsgi [None req-382cfdc9-6713-4cea-97e4-3820ff69ce0a 32f42ab2cec94393b51b163728b75d39 70202b8404ac48f3a4171eeb1feddf8f - - default default] 10.0.0.101 "GET /v2.0/subnets HTTP/1.1" status: 200 len: 4646 time: 0.0456045
2026-04-28 08:53:45.940 9 INFO neutron.wsgi [None req-b41589b7-052f-43e8-a915-a0c07b706b50 32f42ab2cec94393b51b163728b75d39 70202b8404ac48f3a4171eeb1feddf8f - - default default] 10.0.0.101 "GET /v2.0/routers HTTP/1.1" status: 200 len: 2221 time: 0.1239591
2026-04-28 08:53:45.989 9 INFO neutron.plugins.ml2.drivers.ovn.mech_driver.mech_driver [None req-9d8d9a68-c9b2-4170-96b5-9135659312c3 - - - - - -] OVN reports status up for port: 78dba651-299c-4417-99f5-2437421623da
2026-04-28 08:53:45.990 10 INFO neutron.plugins.ml2.drivers.ovn.mech_driver.ovsdb.ovsdb_monitor [None req-571740e8-b794-4432-9383-ebae05917d64 - - - - - -] Router e63a3f0b-ecb9-4c5a-9e36-ad1097496b61 is bound to host instance
2026-04-28 08:53:46.009 9 INFO neutron.plugins.ml2.plugin [None req-9d8d9a68-c9b2-4170-96b5-9135659312c3 - - - - - -] Attempt 1 to provision port 78dba651-299c-4417-99f5-2437421623da
2026-04-28 08:53:46.041 9 INFO neutron.db.ovn_revision_numbers_db [None req-6984ac8f-2181-45d1-9b39-6147d58c2261 56172e8c90ef45059602b768e6b9d171 fac1150d86bd43b48062b71e86218f90 - - default default] Successfully bumped revision number for resource 78dba651-299c-4417-99f5-2437421623da (type: router_ports) to 1
2026-04-28 08:53:46.156 9 INFO neutron.db.ovn_revision_numbers_db [None req-6984ac8f-2181-45d1-9b39-6147d58c2261 56172e8c90ef45059602b768e6b9d171 fac1150d86bd43b48062b71e86218f90 - - default default] Successfully bumped revision number for resource e63a3f0b-ecb9-4c5a-9e36-ad1097496b61 (type: routers) to 2
2026-04-28 08:53:46.179 9 INFO neutron.wsgi [None req-6984ac8f-2181-45d1-9b39-6147d58c2261 56172e8c90ef45059602b768e6b9d171 fac1150d86bd43b48062b71e86218f90 - - default default] 10.0.0.101 "POST /v2.0/routers HTTP/1.1" status: 201 len: 879 time: 1.9265482
2026-04-28 08:53:46.240 9 INFO neutron.db.ovn_revision_numbers_db [None req-3c037b8d-dae3-4039-9cf9-29e384be4deb 2f80b9eb1f3245b49d27d93635b33196 803f6a34f8dc420a9d2fad6c908502a6 - - default default] Successfully bumped revision number for resource 2704bb1e-5aef-4cc1-a3e4-5706b6c43273 (type: security_groups) to 1
2026-04-28 08:53:46.314 9 INFO neutron.db.ovn_revision_numbers_db [None req-3c037b8d-dae3-4039-9cf9-29e384be4deb 2f80b9eb1f3245b49d27d93635b33196 803f6a34f8dc420a9d2fad6c908502a6 - - default default] Successfully bumped revision number for resource af53962e-b820-4444-9e6b-ff0f6e39fa3b (type: security_group_rules) to 0
2026-04-28 08:53:46.494 10 INFO neutron.db.ovn_revision_numbers_db [None req-2cf430a2-6384-4844-8dfc-6f9ddee5aa4e da3a717da3a64b06ae21c14f26cc2b6f 48545569fe644bc68966803b4db33125 - - default default] Successfully bumped revision number for resource a30ce86d-041e-4d2a-a40c-03bf017b6003 (type: ports) to 2
2026-04-28 08:53:46.540 9 INFO neutron.db.ovn_revision_numbers_db [None req-3c037b8d-dae3-4039-9cf9-29e384be4deb 2f80b9eb1f3245b49d27d93635b33196 803f6a34f8dc420a9d2fad6c908502a6 - - default default] Successfully bumped revision number for resource fe92a110-4160-4dee-80b0-b64220d6fabf (type: security_group_rules) to 0
2026-04-28 08:53:46.567 10 INFO neutron.db.ovn_revision_numbers_db [None req-2cf430a2-6384-4844-8dfc-6f9ddee5aa4e da3a717da3a64b06ae21c14f26cc2b6f 48545569fe644bc68966803b4db33125 - - default default] Successfully bumped revision number for resource 9431a390-f5b3-4ad8-8d88-616693778e29 (type: subnets) to 0
2026-04-28 08:53:46.575 9 INFO neutron.wsgi [None req-3c037b8d-dae3-4039-9cf9-29e384be4deb 2f80b9eb1f3245b49d27d93635b33196 803f6a34f8dc420a9d2fad6c908502a6 - - default default] 10.0.0.101 "POST /v2.0/security-groups HTTP/1.1" status: 201 len: 1809 time: 0.5538146
2026-04-28 08:53:46.597 10 INFO neutron.wsgi [None req-2cf430a2-6384-4844-8dfc-6f9ddee5aa4e da3a717da3a64b06ae21c14f26cc2b6f 48545569fe644bc68966803b4db33125 - - default default] 10.0.0.101 "POST /v2.0/subnets HTTP/1.1" status: 201 len: 801 time: 1.6121755
2026-04-28 08:53:46.679 9 WARNING neutron.scheduler.dhcp_agent_scheduler [None req-ff303e50-47bf-4e0f-bd8f-17ce8d353bcb 56172e8c90ef45059602b768e6b9d171 fac1150d86bd43b48062b71e86218f90 - - default default] No more DHCP agents
2026-04-28 08:53:46.684 9 WARNING neutron.api.rpc.agentnotifiers.dhcp_rpc_agent_api [None req-ff303e50-47bf-4e0f-bd8f-17ce8d353bcb 56172e8c90ef45059602b768e6b9d171 fac1150d86bd43b48062b71e86218f90 - - default default] Unable to schedule network 74789a72-a744-40d5-b0f2-7be80078ac7d: no agents available; will retry on subsequent port and subnet creation events.
2026-04-28 08:53:46.697 10 INFO neutron.db.ovn_revision_numbers_db [None req-571740e8-b794-4432-9383-ebae05917d64 - - - - - -] Successfully bumped revision number for resource 78dba651-299c-4417-99f5-2437421623da (type: ports) to 1
2026-04-28 08:53:46.770 10 INFO neutron.db.ovn_revision_numbers_db [None req-85b4550d-6e05-415a-8641-609e05f679dc 2f80b9eb1f3245b49d27d93635b33196 803f6a34f8dc420a9d2fad6c908502a6 - - default default] Successfully bumped revision number for resource 1af4d8c7-b682-441b-8480-dcb9637921a4 (type: security_group_rules) to 0
2026-04-28 08:53:46.802 10 INFO neutron.wsgi [None req-85b4550d-6e05-415a-8641-609e05f679dc 2f80b9eb1f3245b49d27d93635b33196 803f6a34f8dc420a9d2fad6c908502a6 - - default default] 10.0.0.101 "POST /v2.0/security-group-rules HTTP/1.1" status: 201 len: 764 time: 0.2200339
2026-04-28 08:53:46.898 9 INFO neutron.db.ovn_revision_numbers_db [None req-ff303e50-47bf-4e0f-bd8f-17ce8d353bcb 56172e8c90ef45059602b768e6b9d171 fac1150d86bd43b48062b71e86218f90 - - default default] Successfully bumped revision number for resource 354f8cf6-9b1b-454a-9a86-926f09a9705c (type: ports) to 1
2026-04-28 08:53:47.028 9 INFO neutron.db.ovn_revision_numbers_db [None req-e619b189-c51a-4d51-923b-130ca996dcfb da3a717da3a64b06ae21c14f26cc2b6f 48545569fe644bc68966803b4db33125 - - default default] Successfully bumped revision number for resource 9431a390-f5b3-4ad8-8d88-616693778e29 (type: subnets) to 1
2026-04-28 08:53:47.032 9 INFO neutron.wsgi [None req-e619b189-c51a-4d51-923b-130ca996dcfb da3a717da3a64b06ae21c14f26cc2b6f 48545569fe644bc68966803b4db33125 - - default default] 10.0.0.101 "PUT /v2.0/subnets/9431a390-f5b3-4ad8-8d88-616693778e29 HTTP/1.1" status: 200 len: 806 time: 0.4280014
2026-04-28 08:53:47.348 10 INFO neutron.db.ovn_revision_numbers_db [None req-c2fbf5e6-f7b1-41b8-8bb0-ced4b68244f1 2f80b9eb1f3245b49d27d93635b33196 803f6a34f8dc420a9d2fad6c908502a6 - - default default] Successfully bumped revision number for resource e37bf0c9-bd55-4f6d-933c-6fc2cd63a880 (type: security_group_rules) to 0
2026-04-28 08:53:47.351 10 INFO neutron.db.ovn_revision_numbers_db [None req-571740e8-b794-4432-9383-ebae05917d64 - - - - - -] Successfully bumped revision number for resource 78dba651-299c-4417-99f5-2437421623da (type: router_ports) to 3
2026-04-28 08:53:47.466 9 INFO neutron.wsgi [req-67eff000-3cc7-40f3-be41-d8a899417c32 req-bd4cd842-f6b5-431d-ac80-2b39de27b12c a8b18aca687548e9b401a300a0833676 c731fb5c619c4500916c8eabeea9d6cf - - default default] 10.0.0.127 "GET /v2.0/ports?device_id=df44a5e8-6bcf-45f3-ab47-7a1997ab7ec0 HTTP/1.1" status: 200 len: 1174 time: 0.1037076
2026-04-28 08:53:47.474 10 INFO neutron.wsgi [None req-c2fbf5e6-f7b1-41b8-8bb0-ced4b68244f1 2f80b9eb1f3245b49d27d93635b33196 803f6a34f8dc420a9d2fad6c908502a6 - - default default] 10.0.0.101 "POST /v2.0/security-group-rules HTTP/1.1" status: 201 len: 763 time: 0.6564023
2026-04-28 08:53:47.574 9 INFO neutron.wsgi [req-67eff000-3cc7-40f3-be41-d8a899417c32 req-381260ed-aef9-461e-bb61-6afa5d06e7d5 a8b18aca687548e9b401a300a0833676 c731fb5c619c4500916c8eabeea9d6cf - - default default] 10.0.0.127 "GET /v2.0/security-groups?id=2921057f-9c05-4124-8bcf-c8e657baefda&fields=id&fields=name HTTP/1.1" status: 200 len: 312 time: 0.0945632
2026-04-28 08:53:47.677 9 INFO neutron.wsgi [req-4e2d9eac-b08c-4930-8b98-82970ac8ee8a req-c3c5d42a-b41a-47c2-a32a-98cb72e34635 a8b18aca687548e9b401a300a0833676 c731fb5c619c4500916c8eabeea9d6cf - - default default] 10.0.0.127 "GET /v2.0/ports?device_id=df44a5e8-6bcf-45f3-ab47-7a1997ab7ec0 HTTP/1.1" status: 200 len: 1174 time: 0.0329006
2026-04-28 08:53:47.686 10 INFO neutron.db.ovn_revision_numbers_db [None req-571740e8-b794-4432-9383-ebae05917d64 - - - - - -] Successfully bumped revision number for resource 78dba651-299c-4417-99f5-2437421623da (type: ports) to 2
2026-04-28 08:53:47.722 9 INFO neutron.wsgi [req-4e2d9eac-b08c-4930-8b98-82970ac8ee8a req-c4f86c3e-5699-4dd5-b96c-59872303158f a8b18aca687548e9b401a300a0833676 c731fb5c619c4500916c8eabeea9d6cf - - default default] 10.0.0.127 "GET /v2.0/security-groups?id=2921057f-9c05-4124-8bcf-c8e657baefda&fields=id&fields=name HTTP/1.1" status: 200 len: 312 time: 0.0392613
2026-04-28 08:53:47.931 9 INFO neutron.db.ovn_revision_numbers_db [None req-ff303e50-47bf-4e0f-bd8f-17ce8d353bcb 56172e8c90ef45059602b768e6b9d171 fac1150d86bd43b48062b71e86218f90 - - default default] Successfully bumped revision number for resource 354f8cf6-9b1b-454a-9a86-926f09a9705c (type: router_ports) to 1
2026-04-28 08:53:48.084 9 INFO neutron.db.ovn_revision_numbers_db [None req-4db191c6-594f-445a-a9ca-f74df0c4784a 2f80b9eb1f3245b49d27d93635b33196 803f6a34f8dc420a9d2fad6c908502a6 - - default default] Successfully bumped revision number for resource 930a1790-277e-449d-bade-df9d7e33618f (type: security_group_rules) to 0
2026-04-28 08:53:48.149 9 INFO neutron.db.ovn_revision_numbers_db [None req-ff303e50-47bf-4e0f-bd8f-17ce8d353bcb 56172e8c90ef45059602b768e6b9d171 fac1150d86bd43b48062b71e86218f90 - - default default] Successfully bumped revision number for resource 354f8cf6-9b1b-454a-9a86-926f09a9705c (type: ports) to 1
2026-04-28 08:53:48.193 9 INFO neutron.wsgi [None req-4db191c6-594f-445a-a9ca-f74df0c4784a 2f80b9eb1f3245b49d27d93635b33196 803f6a34f8dc420a9d2fad6c908502a6 - - default default] 10.0.0.101 "POST /v2.0/security-group-rules HTTP/1.1" status: 201 len: 769 time: 0.7090101
2026-04-28 08:53:48.282 10 INFO neutron.services.segments.plugin [-] Segment 91831892-1117-4980-bff0-0e2406f84049 resource provider aggregate not found
2026-04-28 08:53:48.285 9 WARNING neutron.scheduler.dhcp_agent_scheduler [None req-ff303e50-47bf-4e0f-bd8f-17ce8d353bcb 56172e8c90ef45059602b768e6b9d171 fac1150d86bd43b48062b71e86218f90 - - default default] No more DHCP agents
2026-04-28 08:53:48.289 9 WARNING neutron.api.rpc.agentnotifiers.dhcp_rpc_agent_api [None req-ff303e50-47bf-4e0f-bd8f-17ce8d353bcb 56172e8c90ef45059602b768e6b9d171 fac1150d86bd43b48062b71e86218f90 - - default default] Unable to schedule network 74789a72-a744-40d5-b0f2-7be80078ac7d: no agents available; will retry on subsequent port and subnet creation events.
2026-04-28 08:53:48.299 10 INFO neutron.services.segments.plugin [-] Segment 91831892-1117-4980-bff0-0e2406f84049 resource provider aggregate not found
2026-04-28 08:53:48.303 10 INFO neutron.services.segments.plugin [-] Segment 91831892-1117-4980-bff0-0e2406f84049 resource provider not found; error: Placement Client Error (4xx): {"errors": [{"status": 404, "title": "Not Found", "detail": "The resource could not be found.\n\n No resource provider with uuid 91831892-1117-4980-bff0-0e2406f84049 found for delete ", "request_id": "req-fdbf9270-3a33-4958-84f0-435cb4786885"}]}
2026-04-28 08:53:48.313 10 INFO neutron.services.segments.plugin [-] Segment 91831892-1117-4980-bff0-0e2406f84049 resource provider not found; error: Placement Client Error (4xx): {"errors": [{"status": 404, "title": "Not Found", "detail": "The resource could not be found.\n\n No resource provider with uuid 91831892-1117-4980-bff0-0e2406f84049 found for delete ", "request_id": "req-8a732a4a-5a9b-4163-aef8-074150fa8eed"}]}
2026-04-28 08:53:48.350 10 INFO neutron.db.ovn_revision_numbers_db [None req-571740e8-b794-4432-9383-ebae05917d64 - - - - - -] Successfully bumped revision number for resource 78dba651-299c-4417-99f5-2437421623da (type: ports) to 4
2026-04-28 08:53:48.630 9 INFO neutron.wsgi [req-158508f8-1632-4437-8cc5-feaaf77c448f req-93302fad-71fc-4d13-80cb-a614f2c7d014 a8b18aca687548e9b401a300a0833676 c731fb5c619c4500916c8eabeea9d6cf - - default default] 10.0.0.127 "GET /v2.0/ports?device_id=df44a5e8-6bcf-45f3-ab47-7a1997ab7ec0 HTTP/1.1" status: 200 len: 1174 time: 0.0648310
2026-04-28 08:53:48.645 10 INFO neutron.wsgi [None req-6f7ca3ab-d436-42cb-8792-8d27adb28792 da3a717da3a64b06ae21c14f26cc2b6f 48545569fe644bc68966803b4db33125 - - default default] 10.0.0.101 "DELETE /v2.0/networks/7bb8aad9-4cd4-4ff2-9967-f63f9892df8c HTTP/1.1" status: 204 len: 168 time: 1.6065402
2026-04-28 08:53:48.681 10 INFO neutron.pecan_wsgi.hooks.translation [None req-a22bb0d0-97c2-4fbd-bd08-3f128b2aa00c da3a717da3a64b06ae21c14f26cc2b6f 48545569fe644bc68966803b4db33125 - - default default] DELETE failed (client error): The resource could not be found.
2026-04-28 08:53:48.683 10 INFO neutron.wsgi [None req-a22bb0d0-97c2-4fbd-bd08-3f128b2aa00c da3a717da3a64b06ae21c14f26cc2b6f 48545569fe644bc68966803b4db33125 - - default default] 10.0.0.101 "DELETE /v2.0/networks/7bb8aad9-4cd4-4ff2-9967-f63f9892df8c HTTP/1.1" status: 404 len: 339 time: 0.0229788
2026-04-28 08:53:48.755 10 INFO neutron.db.ovn_revision_numbers_db [None req-571740e8-b794-4432-9383-ebae05917d64 - - - - - -] Successfully bumped revision number for resource 78dba651-299c-4417-99f5-2437421623da (type: router_ports) to 4
2026-04-28 08:53:48.757 9 INFO neutron.wsgi [req-daedcbf1-bf6d-4142-a21b-a0660e603618 req-57a611ed-cfc2-458f-9072-0f176bed5308 1673306297ea46cea0e2e65a93c8fee4 cb1a5111c579418fa4a3f1cfa1f10d6c - - 4f80f72be974423bb1c156b6d22b4158 4f80f72be974423bb1c156b6d22b4158] 199.19.213.205 "GET /v2.0/ports?tenant_id=c731fb5c619c4500916c8eabeea9d6cf&device_id=df44a5e8-6bcf-45f3-ab47-7a1997ab7ec0 HTTP/1.1" status: 200 len: 1413 time: 0.0681283
2026-04-28 08:53:48.761 9 INFO neutron.wsgi [req-158508f8-1632-4437-8cc5-feaaf77c448f req-6d4539ff-ce03-4b67-a9c3-ecd62a13842b a8b18aca687548e9b401a300a0833676 c731fb5c619c4500916c8eabeea9d6cf - - default default] 10.0.0.127 "GET /v2.0/security-groups?id=2921057f-9c05-4124-8bcf-c8e657baefda&fields=id&fields=name HTTP/1.1" status: 200 len: 312 time: 0.1211107
2026-04-28 08:53:48.771 10 INFO neutron.wsgi [None req-70cb6e6c-4974-459c-81a4-4b66e881c68f da3a717da3a64b06ae21c14f26cc2b6f 48545569fe644bc68966803b4db33125 - - default default] 10.0.0.101 "GET /v2.0/networks?router%3Aexternal=True HTTP/1.1" status: 200 len: 845 time: 0.0822651
2026-04-28 08:53:48.831 10 INFO neutron.wsgi [None req-6b3e3fc9-ab93-4161-be0d-a1b593102f91 da3a717da3a64b06ae21c14f26cc2b6f 48545569fe644bc68966803b4db33125 - - default default] 10.0.0.101 "GET /v2.0/subnets?network_id=e419bf3e-e073-4dc2-adef-16fff092c040 HTTP/1.1" status: 200 len: 820 time: 0.0543158
2026-04-28 08:53:48.840 10 INFO neutron.wsgi [None req-62305165-136e-466b-8605-6c5b17d29ebd da3a717da3a64b06ae21c14f26cc2b6f 48545569fe644bc68966803b4db33125 - - default default] 10.0.0.101 "GET /v2.0/extensions HTTP/1.1" status: 200 len: 16520 time: 0.0044932
2026-04-28 08:53:48.916 10 INFO neutron.wsgi [None req-683ede7d-d82f-4afa-b69a-da430c283cbd da3a717da3a64b06ae21c14f26cc2b6f 48545569fe644bc68966803b4db33125 - - default default] 10.0.0.101 "GET /v2.0/networks HTTP/1.1" status: 200 len: 1502 time: 0.0726097
2026-04-28 08:53:48.955 10 INFO neutron.wsgi [None req-493616fb-4692-49c6-8925-d3774395467a da3a717da3a64b06ae21c14f26cc2b6f 48545569fe644bc68966803b4db33125 - - default default] 10.0.0.101 "GET /v2.0/subnets HTTP/1.1" status: 200 len: 1428 time: 0.0341053
2026-04-28 08:53:49.046 10 INFO neutron.wsgi [None req-c4834151-58d5-4fef-a35f-250099c28298 da3a717da3a64b06ae21c14f26cc2b6f 48545569fe644bc68966803b4db33125 - - default default] 10.0.0.101 "GET /v2.0/networks/0ef172aa-eb81-4c53-827d-b6ff012e8c42 HTTP/1.1" status: 200 len: 861 time: 0.0658686
2026-04-28 08:53:49.063 9 INFO neutron.wsgi [req-daedcbf1-bf6d-4142-a21b-a0660e603618 req-c822ff2d-3e11-44bb-9fa9-ad59db95a2c7 1673306297ea46cea0e2e65a93c8fee4 cb1a5111c579418fa4a3f1cfa1f10d6c - - 4f80f72be974423bb1c156b6d22b4158 4f80f72be974423bb1c156b6d22b4158] 199.19.213.205 "GET /v2.0/networks?id=973b7153-01ae-4147-93b4-d33571b05ef9 HTTP/1.1" status: 200 len: 972 time: 0.3011565
2026-04-28 08:53:49.105 10 INFO neutron.wsgi [None req-d75b2652-29fa-4563-b949-ba4f263db6c2 da3a717da3a64b06ae21c14f26cc2b6f 48545569fe644bc68966803b4db33125 - - default default] 10.0.0.101 "GET /v2.0/subnets/354e53ab-5390-445d-9876-12140be17975 HTTP/1.1" status: 200 len: 811 time: 0.0533226
2026-04-28 08:53:49.123 9 INFO neutron.wsgi [req-daedcbf1-bf6d-4142-a21b-a0660e603618 req-af48a7c0-a323-483d-878d-963b17ebfa46 1673306297ea46cea0e2e65a93c8fee4 cb1a5111c579418fa4a3f1cfa1f10d6c - - 4f80f72be974423bb1c156b6d22b4158 4f80f72be974423bb1c156b6d22b4158] 199.19.213.205 "GET /v2.0/floatingips?fixed_ip_address=10.100.0.14&port_id=1f351140-e07e-4dfd-86b8-1884ec343658 HTTP/1.1" status: 200 len: 1060 time: 0.0535896
2026-04-28 08:53:49.131 10 INFO neutron.pecan_wsgi.hooks.translation [None req-9c8bda7c-5b84-4a01-a3b3-63f5327e6bf0 da3a717da3a64b06ae21c14f26cc2b6f 48545569fe644bc68966803b4db33125 - - default default] DELETE failed (client error): The resource could not be found.
2026-04-28 08:53:49.133 10 INFO neutron.wsgi [None req-9c8bda7c-5b84-4a01-a3b3-63f5327e6bf0 da3a717da3a64b06ae21c14f26cc2b6f 48545569fe644bc68966803b4db33125 - - default default] 10.0.0.101 "DELETE /v2.0/subnets/9431a390-f5b3-4ad8-8d88-616693778e29 HTTP/1.1" status: 404 len: 337 time: 0.0225506
2026-04-28 08:53:49.151 10 INFO neutron.pecan_wsgi.hooks.translation [None req-2dcccdd3-ce3e-41e0-af0d-523bb7a4fe91 da3a717da3a64b06ae21c14f26cc2b6f 48545569fe644bc68966803b4db33125 - - default default] DELETE failed (client error): The resource could not be found.
2026-04-28 08:53:49.153 10 INFO neutron.wsgi [None req-2dcccdd3-ce3e-41e0-af0d-523bb7a4fe91 da3a717da3a64b06ae21c14f26cc2b6f 48545569fe644bc68966803b4db33125 - - default default] 10.0.0.101 "DELETE /v2.0/networks/7bb8aad9-4cd4-4ff2-9967-f63f9892df8c HTTP/1.1" status: 404 len: 339 time: 0.0153871
2026-04-28 08:53:49.181 9 INFO neutron.wsgi [req-daedcbf1-bf6d-4142-a21b-a0660e603618 req-18d4ba7b-a197-47e6-9824-ca5cc0eea710 1673306297ea46cea0e2e65a93c8fee4 cb1a5111c579418fa4a3f1cfa1f10d6c - - 4f80f72be974423bb1c156b6d22b4158 4f80f72be974423bb1c156b6d22b4158] 199.19.213.205 "GET /v2.0/subnets?id=4016f102-9709-4843-b3cc-a2ec32e3324c HTTP/1.1" status: 200 len: 867 time: 0.0502212
2026-04-28 08:53:49.182 9 INFO neutron.db.ovn_revision_numbers_db [None req-13e192dc-364a-40c0-afc0-ab63756827c4 2f80b9eb1f3245b49d27d93635b33196 803f6a34f8dc420a9d2fad6c908502a6 - - default default] Successfully bumped revision number for resource 23d1184f-239e-46ec-8ebf-1fd83acf4d09 (type: security_group_rules) to 0
2026-04-28 08:53:49.215 9 INFO neutron.wsgi [req-daedcbf1-bf6d-4142-a21b-a0660e603618 req-8d46465f-5617-44e3-a43f-a34bba9e8638 1673306297ea46cea0e2e65a93c8fee4 cb1a5111c579418fa4a3f1cfa1f10d6c - - 4f80f72be974423bb1c156b6d22b4158 4f80f72be974423bb1c156b6d22b4158] 199.19.213.205 "GET /v2.0/ports?network_id=973b7153-01ae-4147-93b4-d33571b05ef9&device_owner=network%3Adhcp HTTP/1.1" status: 200 len: 210 time: 0.0285513
2026-04-28 08:53:49.297 9 INFO neutron.wsgi [req-daedcbf1-bf6d-4142-a21b-a0660e603618 req-bf957561-2918-4f96-b881-02216d5dc516 1673306297ea46cea0e2e65a93c8fee4 cb1a5111c579418fa4a3f1cfa1f10d6c - - 4f80f72be974423bb1c156b6d22b4158 4f80f72be974423bb1c156b6d22b4158] 199.19.213.205 "GET /v2.0/networks/973b7153-01ae-4147-93b4-d33571b05ef9?fields=segments HTTP/1.1" status: 200 len: 212 time: 0.0768728
2026-04-28 08:53:49.317 10 INFO neutron.wsgi [-] 10.0.0.12 "GET / HTTP/1.1" status: 200 len: 246 time: 0.0012212
2026-04-28 08:53:49.319 10 INFO neutron.wsgi [-] 10.0.0.12 "GET / HTTP/1.1" status: 200 len: 246 time: 0.0011818
2026-04-28 08:53:49.459 9 INFO neutron.wsgi [req-daedcbf1-bf6d-4142-a21b-a0660e603618 req-3d7f4022-c412-44ae-8e58-7b4fc2ea5c2e 1673306297ea46cea0e2e65a93c8fee4 cb1a5111c579418fa4a3f1cfa1f10d6c - - 4f80f72be974423bb1c156b6d22b4158 4f80f72be974423bb1c156b6d22b4158] 199.19.213.205 "GET /v2.0/networks/973b7153-01ae-4147-93b4-d33571b05ef9?fields=provider%3Aphysical_network&fields=provider%3Anetwork_type HTTP/1.1" status: 200 len: 277 time: 0.1478918
2026-04-28 08:53:49.551 9 INFO neutron.wsgi [None req-13e192dc-364a-40c0-afc0-ab63756827c4 2f80b9eb1f3245b49d27d93635b33196 803f6a34f8dc420a9d2fad6c908502a6 - - default default] 10.0.0.101 "POST /v2.0/security-group-rules HTTP/1.1" status: 201 len: 768 time: 1.3393025
2026-04-28 08:53:49.580 9 INFO neutron.db.ovn_revision_numbers_db [None req-ff303e50-47bf-4e0f-bd8f-17ce8d353bcb 56172e8c90ef45059602b768e6b9d171 fac1150d86bd43b48062b71e86218f90 - - default default] Successfully bumped revision number for resource 354f8cf6-9b1b-454a-9a86-926f09a9705c (type: router_ports) to 1
2026-04-28 08:53:49.582 9 INFO neutron.wsgi [None req-ff303e50-47bf-4e0f-bd8f-17ce8d353bcb 56172e8c90ef45059602b768e6b9d171 fac1150d86bd43b48062b71e86218f90 - - default default] 10.0.0.101 "PUT /v2.0/routers/e63a3f0b-ecb9-4c5a-9e36-ad1097496b61/add_router_interface HTTP/1.1" status: 200 len: 503 time: 3.3979497
2026-04-28 08:53:49.599 10 INFO neutron.wsgi [None req-9110a215-424d-4417-bf76-654d4fb51853 da3a717da3a64b06ae21c14f26cc2b6f 48545569fe644bc68966803b4db33125 - - default default] 10.0.0.101 "DELETE /v2.0/subnets/354e53ab-5390-445d-9876-12140be17975 HTTP/1.1" status: 204 len: 168 time: 0.4324737
2026-04-28 08:53:49.608 10 INFO neutron.db.securitygroups_db [None req-a49d7633-ef4f-4c50-b7cb-fbc01f49fbe3 2f80b9eb1f3245b49d27d93635b33196 803f6a34f8dc420a9d2fad6c908502a6 - - default default] Project 803f6a34f8dc420a9d2fad6c908502a6 added a security group rule with legacy IPv6 ICMP protocol name icmp, ipv6-icmp should be used instead. It was automatically converted.
2026-04-28 08:53:49.707 10 INFO neutron.db.ovn_revision_numbers_db [None req-a49d7633-ef4f-4c50-b7cb-fbc01f49fbe3 2f80b9eb1f3245b49d27d93635b33196 803f6a34f8dc420a9d2fad6c908502a6 - - default default] Successfully bumped revision number for resource ef1553e0-8e13-479e-971f-be5de591470f (type: security_group_rules) to 0
2026-04-28 08:53:49.736 10 INFO neutron.wsgi [None req-a49d7633-ef4f-4c50-b7cb-fbc01f49fbe3 2f80b9eb1f3245b49d27d93635b33196 803f6a34f8dc420a9d2fad6c908502a6 - - default default] 10.0.0.101 "POST /v2.0/security-group-rules HTTP/1.1" status: 201 len: 774 time: 0.1758869
2026-04-28 08:53:49.755 9 INFO neutron.plugins.ml2.drivers.ovn.mech_driver.mech_driver [None req-9d8d9a68-c9b2-4170-96b5-9135659312c3 - - - - - -] OVN reports status down for port: 1f351140-e07e-4dfd-86b8-1884ec343658
2026-04-28 08:53:49.764 10 INFO neutron.db.securitygroups_db [None req-8661d7e0-10f4-409d-ad1e-154383d41f9e 2f80b9eb1f3245b49d27d93635b33196 803f6a34f8dc420a9d2fad6c908502a6 - - default default] Project 803f6a34f8dc420a9d2fad6c908502a6 added a security group rule with legacy IPv6 ICMP protocol name icmp, ipv6-icmp should be used instead. It was automatically converted.
2026-04-28 08:53:49.921 9 INFO neutron.wsgi [req-2b5f60f2-8f25-45b4-bbd4-ad921915cc4d req-178761b6-5e71-4692-9609-afd2969a3dd4 a8b18aca687548e9b401a300a0833676 c731fb5c619c4500916c8eabeea9d6cf - - default default] 10.0.0.127 "GET /v2.0/ports?device_id=df44a5e8-6bcf-45f3-ab47-7a1997ab7ec0 HTTP/1.1" status: 200 len: 1174 time: 0.0620122
2026-04-28 08:53:49.933 10 INFO neutron.db.ovn_revision_numbers_db [None req-8661d7e0-10f4-409d-ad1e-154383d41f9e 2f80b9eb1f3245b49d27d93635b33196 803f6a34f8dc420a9d2fad6c908502a6 - - default default] Successfully bumped revision number for resource a83b26a7-195d-4e4d-8813-f4e2a8eecce0 (type: security_group_rules) to 0
2026-04-28 08:53:49.950 9 INFO neutron.notifiers.nova [-] Nova event matching ['req-6c5832d4-9790-42cf-98e1-a769522084a5'] response: {'server_uuid': 'df44a5e8-6bcf-45f3-ab47-7a1997ab7ec0', 'name': 'network-vif-unplugged', 'status': 'completed', 'tag': '1f351140-e07e-4dfd-86b8-1884ec343658', 'code': 200}
2026-04-28 08:53:49.973 10 INFO neutron.wsgi [None req-8661d7e0-10f4-409d-ad1e-154383d41f9e 2f80b9eb1f3245b49d27d93635b33196 803f6a34f8dc420a9d2fad6c908502a6 - - default default] 10.0.0.101 "POST /v2.0/security-group-rules HTTP/1.1" status: 201 len: 773 time: 0.2329242
2026-04-28 08:53:50.034 9 INFO neutron.wsgi [req-2b5f60f2-8f25-45b4-bbd4-ad921915cc4d req-5a8f1344-213a-4afe-958d-25939bfc4243 a8b18aca687548e9b401a300a0833676 c731fb5c619c4500916c8eabeea9d6cf - - default default] 10.0.0.127 "GET /v2.0/security-groups?id=2921057f-9c05-4124-8bcf-c8e657baefda&fields=id&fields=name HTTP/1.1" status: 200 len: 312 time: 0.1005888
2026-04-28 08:53:50.118 9 INFO neutron.services.segments.plugin [-] Segment 8594b0a3-9d56-4230-b6fd-1d931f629f07 resource provider aggregate not found
2026-04-28 08:53:50.130 9 INFO neutron.services.segments.plugin [-] Segment 8594b0a3-9d56-4230-b6fd-1d931f629f07 resource provider aggregate not found
2026-04-28 08:53:50.140 9 INFO neutron.services.segments.plugin [-] Segment 8594b0a3-9d56-4230-b6fd-1d931f629f07 resource provider not found; error: Placement Client Error (4xx): {"errors": [{"status": 404, "title": "Not Found", "detail": "The resource could not be found.\n\n No resource provider with uuid 8594b0a3-9d56-4230-b6fd-1d931f629f07 found for delete ", "request_id": "req-73bd8805-968b-45cd-ab5d-02b2ac99c938"}]}
2026-04-28 08:53:50.149 9 INFO neutron.services.segments.plugin [-] Segment 8594b0a3-9d56-4230-b6fd-1d931f629f07 resource provider not found; error: Placement Client Error (4xx): {"errors": [{"status": 404, "title": "Not Found", "detail": "The resource could not be found.\n\n No resource provider with uuid 8594b0a3-9d56-4230-b6fd-1d931f629f07 found for delete ", "request_id": "req-fea5cb14-4d58-47e2-b664-cf853f345019"}]}
2026-04-28 08:53:50.205 9 INFO neutron.wsgi [None req-1f71d162-a437-4fe4-ba3d-fbf8d5a5533e da3a717da3a64b06ae21c14f26cc2b6f 48545569fe644bc68966803b4db33125 - - default default] 10.0.0.101 "DELETE /v2.0/networks/0ef172aa-eb81-4c53-827d-b6ff012e8c42 HTTP/1.1" status: 204 len: 168 time: 0.6008580
2026-04-28 08:53:50.262 9 INFO neutron.db.ovn_revision_numbers_db [None req-9d8d9a68-c9b2-4170-96b5-9135659312c3 - - - - - -] Successfully bumped revision number for resource 1f351140-e07e-4dfd-86b8-1884ec343658 (type: ports) to 5
2026-04-28 08:53:50.314 10 WARNING neutron.plugins.ml2.drivers.ovn.mech_driver.ovsdb.ovn_client [None req-f510634f-91cc-4364-8747-c1e950e212a6 - - - - - -] No hosting information found for port 7ff781b7-9c26-499e-bd4d-2bac17eec6e8: RuntimeError: No hosting information found for port 7ff781b7-9c26-499e-bd4d-2bac17eec6e8
2026-04-28 08:53:50.314 10 INFO neutron.plugins.ml2.drivers.ovn.mech_driver.mech_driver [None req-f510634f-91cc-4364-8747-c1e950e212a6 - - - - - -] OVN reports status up for port: 354f8cf6-9b1b-454a-9a86-926f09a9705c
2026-04-28 08:53:50.320 10 INFO neutron.plugins.ml2.plugin [None req-f510634f-91cc-4364-8747-c1e950e212a6 - - - - - -] Attempt 1 to provision port 354f8cf6-9b1b-454a-9a86-926f09a9705c
2026-04-28 08:53:50.384 9 INFO neutron.plugins.ml2.drivers.ovn.mech_driver.mech_driver [None req-9d8d9a68-c9b2-4170-96b5-9135659312c3 - - - - - -] OVN reports status up for port: 1f351140-e07e-4dfd-86b8-1884ec343658
2026-04-28 08:53:50.399 9 INFO neutron.plugins.ml2.plugin [None req-9d8d9a68-c9b2-4170-96b5-9135659312c3 - - - - - -] Attempt 1 to provision port 1f351140-e07e-4dfd-86b8-1884ec343658
2026-04-28 08:53:50.679 10 INFO neutron.wsgi [None req-766123c9-cbe4-4c78-bba9-e8daa7261a89 2f80b9eb1f3245b49d27d93635b33196 803f6a34f8dc420a9d2fad6c908502a6 - - default default] 10.0.0.101 "GET /v2.0/networks HTTP/1.1" status: 200 len: 1493 time: 0.3026719
2026-04-28 08:53:50.695 10 INFO neutron.db.ovn_revision_numbers_db [None req-f510634f-91cc-4364-8747-c1e950e212a6 - - - - - -] Successfully bumped revision number for resource 354f8cf6-9b1b-454a-9a86-926f09a9705c (type: ports) to 2 /var/lib/openstack/lib/python3.10/site-packages/pycadf/identifier.py:71: UserWarning: Invalid uuid: neutron. To ensure interoperability, identifiers should be a valid uuid. warnings.warn(('Invalid uuid: %s. To ensure interoperability, '
2026-04-28 08:53:50.816 9 INFO neutron.db.ovn_revision_numbers_db [None req-9d8d9a68-c9b2-4170-96b5-9135659312c3 - - - - - -] Successfully bumped revision number for resource 1f351140-e07e-4dfd-86b8-1884ec343658 (type: ports) to 6
2026-04-28 08:53:50.829 9 INFO neutron.wsgi [req-f61742e2-a1c7-4f83-8b6c-21038a118942 req-c8340366-437f-4acf-a8d2-c237dac4185c 61986684784943dd8ecf70ce43af80ba 88646a428a2244be89461dcbdb84878f - - default default] 10.0.0.127 "GET /v2.0/networks?id=74789a72-a744-40d5-b0f2-7be80078ac7d HTTP/1.1" status: 200 len: 877 time: 0.1226680
2026-04-28 08:53:50.842 10 INFO neutron.db.ovn_revision_numbers_db [None req-f510634f-91cc-4364-8747-c1e950e212a6 - - - - - -] Successfully bumped revision number for resource 354f8cf6-9b1b-454a-9a86-926f09a9705c (type: router_ports) to 2
2026-04-28 08:53:50.875 9 INFO neutron.wsgi [req-89151a61-06b3-4c2d-b7de-130ceeebe31d req-44b65908-147e-4b08-8eda-d8a7e5f69c4b 2f80b9eb1f3245b49d27d93635b33196 803f6a34f8dc420a9d2fad6c908502a6 - - default default] 10.0.0.127 "GET /v2.0/security-groups?name=tempest-secgroup-smoke-455115788&fields=id&tenant_id=803f6a34f8dc420a9d2fad6c908502a6 HTTP/1.1" status: 200 len: 267 time: 0.0983636
2026-04-28 08:53:50.902 9 INFO neutron.wsgi [req-f61742e2-a1c7-4f83-8b6c-21038a118942 req-bc7c924f-3444-4e91-b1a3-8366e7ca249f 61986684784943dd8ecf70ce43af80ba 88646a428a2244be89461dcbdb84878f - - default default] 10.0.0.127 "GET /v2.0/quotas/88646a428a2244be89461dcbdb84878f HTTP/1.1" status: 200 len: 386 time: 0.0516987 /var/lib/openstack/lib/python3.10/site-packages/pycadf/identifier.py:71: UserWarning: Invalid uuid: neutron. To ensure interoperability, identifiers should be a valid uuid. warnings.warn(('Invalid uuid: %s. To ensure interoperability, '
2026-04-28 08:53:50.944 10 INFO neutron.wsgi [None req-fed3ca2a-2cd7-48c6-99a6-0365b6d2608d 56172e8c90ef45059602b768e6b9d171 fac1150d86bd43b48062b71e86218f90 - - default default] 10.0.0.101 "GET /v2.0/security-groups?tenant_id=48545569fe644bc68966803b4db33125&name=default HTTP/1.1" status: 200 len: 2996 time: 0.1852124
2026-04-28 08:53:51.022 9 INFO neutron.wsgi [req-89151a61-06b3-4c2d-b7de-130ceeebe31d req-53786aa3-940e-4d71-a06a-cf88359b9184 2f80b9eb1f3245b49d27d93635b33196 803f6a34f8dc420a9d2fad6c908502a6 - - default default] 10.0.0.127 "GET /v2.0/networks?id=1b93ea36-aa71-486b-9479-f522eeee3807 HTTP/1.1" status: 200 len: 860 time: 0.1358314
2026-04-28 08:53:51.044 9 INFO neutron.wsgi [req-89151a61-06b3-4c2d-b7de-130ceeebe31d req-bf6337fa-0337-4c2b-adcc-e81013bf747f 2f80b9eb1f3245b49d27d93635b33196 803f6a34f8dc420a9d2fad6c908502a6 - - default default] 10.0.0.127 "GET /v2.0/quotas/803f6a34f8dc420a9d2fad6c908502a6 HTTP/1.1" status: 200 len: 386 time: 0.0163352
2026-04-28 08:53:51.076 9 INFO neutron.wsgi [req-f61742e2-a1c7-4f83-8b6c-21038a118942 req-d53f5fc5-f647-4187-902a-f1f4b4ef3dd4 61986684784943dd8ecf70ce43af80ba 88646a428a2244be89461dcbdb84878f - - default default] 10.0.0.127 "GET /v2.0/ports?tenant_id=88646a428a2244be89461dcbdb84878f&fields=id HTTP/1.1" status: 200 len: 302 time: 0.1602485
2026-04-28 08:53:51.167 9 INFO neutron.wsgi [req-f61742e2-a1c7-4f83-8b6c-21038a118942 req-90da8db0-1f0a-4959-8cbb-1bdc71d14e7a 1673306297ea46cea0e2e65a93c8fee4 cb1a5111c579418fa4a3f1cfa1f10d6c - - 4f80f72be974423bb1c156b6d22b4158 4f80f72be974423bb1c156b6d22b4158] 10.0.0.127 "GET /v2.0/networks/74789a72-a744-40d5-b0f2-7be80078ac7d?fields=segments HTTP/1.1" status: 200 len: 212 time: 0.0841112
2026-04-28 08:53:51.176 10 INFO neutron.wsgi [None req-0cb60fe4-20ff-421f-a42d-a8d685ed62b1 56172e8c90ef45059602b768e6b9d171 fac1150d86bd43b48062b71e86218f90 - - default default] 10.0.0.101 "DELETE /v2.0/security-groups/fa201d87-2e5e-45fd-9825-cddb75118a1b HTTP/1.1" status: 204 len: 168 time: 0.2272460
2026-04-28 08:53:51.176 9 INFO neutron.wsgi [req-89151a61-06b3-4c2d-b7de-130ceeebe31d req-47077c24-6596-4e38-944e-0978e002c455 2f80b9eb1f3245b49d27d93635b33196 803f6a34f8dc420a9d2fad6c908502a6 - - default default] 10.0.0.127 "GET /v2.0/ports?tenant_id=803f6a34f8dc420a9d2fad6c908502a6&fields=id HTTP/1.1" status: 200 len: 302 time: 0.1220572
2026-04-28 08:53:51.256 9 INFO neutron.wsgi [req-f61742e2-a1c7-4f83-8b6c-21038a118942 req-ed9dbe2e-c38c-40e7-aa6a-3f7bdf690657 1673306297ea46cea0e2e65a93c8fee4 cb1a5111c579418fa4a3f1cfa1f10d6c - - 4f80f72be974423bb1c156b6d22b4158 4f80f72be974423bb1c156b6d22b4158] 10.0.0.127 "GET /v2.0/networks/74789a72-a744-40d5-b0f2-7be80078ac7d?fields=provider%3Aphysical_network&fields=provider%3Anetwork_type HTTP/1.1" status: 200 len: 277 time: 0.0788743
2026-04-28 08:53:51.262 9 INFO neutron.wsgi [req-89151a61-06b3-4c2d-b7de-130ceeebe31d req-8ef5e1f4-10f7-46ee-a29b-2c00a08047b4 1673306297ea46cea0e2e65a93c8fee4 cb1a5111c579418fa4a3f1cfa1f10d6c - - 4f80f72be974423bb1c156b6d22b4158 4f80f72be974423bb1c156b6d22b4158] 10.0.0.127 "GET /v2.0/networks/1b93ea36-aa71-486b-9479-f522eeee3807?fields=segments HTTP/1.1" status: 200 len: 212 time: 0.0718472
2026-04-28 08:53:51.353 9 INFO neutron.wsgi [req-89151a61-06b3-4c2d-b7de-130ceeebe31d req-7583b3f9-473c-407a-8251-027aa52e761c 1673306297ea46cea0e2e65a93c8fee4 cb1a5111c579418fa4a3f1cfa1f10d6c - - 4f80f72be974423bb1c156b6d22b4158 4f80f72be974423bb1c156b6d22b4158] 10.0.0.127 "GET /v2.0/networks/1b93ea36-aa71-486b-9479-f522eeee3807?fields=provider%3Aphysical_network&fields=provider%3Anetwork_type HTTP/1.1" status: 200 len: 277 time: 0.0795672
2026-04-28 08:53:51.431 9 INFO neutron.wsgi [req-ce89391c-602e-41da-9e92-cea703c6dfd8 req-e75b0ce7-45a0-411d-ab91-c541a85a0733 a8b18aca687548e9b401a300a0833676 c731fb5c619c4500916c8eabeea9d6cf - - default default] 10.0.0.127 "GET /v2.0/ports?device_id=df44a5e8-6bcf-45f3-ab47-7a1997ab7ec0 HTTP/1.1" status: 200 len: 1174 time: 0.0400259
2026-04-28 08:53:51.502 9 INFO neutron.wsgi [req-ce89391c-602e-41da-9e92-cea703c6dfd8 req-a4795187-7998-4d50-bf2d-01f8d7875b16 a8b18aca687548e9b401a300a0833676 c731fb5c619c4500916c8eabeea9d6cf - - default default] 10.0.0.127 "GET /v2.0/security-groups?id=2921057f-9c05-4124-8bcf-c8e657baefda&fields=id&fields=name HTTP/1.1" status: 200 len: 312 time: 0.0651560
2026-04-28 08:53:51.543 9 INFO neutron.wsgi [req-61c34182-363a-47a3-91a8-df5959892253 req-51dbdd43-62a7-45f9-acef-5f961ba8d52a 61986684784943dd8ecf70ce43af80ba 88646a428a2244be89461dcbdb84878f - - default default] 10.0.0.127 "GET /v2.0/ports?device_id=8fb04dda-3215-48ef-8803-bd074dcc81ab HTTP/1.1" status: 200 len: 210 time: 0.0279524
2026-04-28 08:53:51.570 9 INFO neutron.wsgi [req-d43fca6b-bfdf-49f1-b712-873e0052319e req-49a9092b-079b-45ba-9f66-2ec10f9d4688 2f80b9eb1f3245b49d27d93635b33196 803f6a34f8dc420a9d2fad6c908502a6 - - default default] 10.0.0.127 "GET /v2.0/ports?device_id=0093475e-6d1f-4633-9e39-b4da65fe0025 HTTP/1.1" status: 200 len: 210 time: 0.0200968
2026-04-28 08:53:52.000 9 INFO neutron.notifiers.nova [-] Nova event matching ['req-b7cde972-a6e3-4ebf-b304-d0aad54834d6'] response: {'server_uuid': 'df44a5e8-6bcf-45f3-ab47-7a1997ab7ec0', 'name': 'network-vif-plugged', 'status': 'completed', 'tag': '1f351140-e07e-4dfd-86b8-1884ec343658', 'code': 200}
2026-04-28 08:53:52.001 9 INFO neutron.notifiers.nova [-] Nova event matching ['req-b7cde972-a6e3-4ebf-b304-d0aad54834d6'] response: {'server_uuid': 'df44a5e8-6bcf-45f3-ab47-7a1997ab7ec0', 'name': 'network-vif-plugged', 'status': 'completed', 'tag': '1f351140-e07e-4dfd-86b8-1884ec343658', 'code': 200}
2026-04-28 08:53:52.001 9 INFO neutron.notifiers.nova [-] Nova event matching ['req-b7cde972-a6e3-4ebf-b304-d0aad54834d6'] response: {'server_uuid': 'df44a5e8-6bcf-45f3-ab47-7a1997ab7ec0', 'name': 'network-vif-plugged', 'status': 'completed', 'tag': '1f351140-e07e-4dfd-86b8-1884ec343658', 'code': 200}
2026-04-28 08:53:52.204 9 INFO neutron.wsgi [req-f61742e2-a1c7-4f83-8b6c-21038a118942 req-03e41a28-615c-405c-aa1c-b38cf5021b22 61986684784943dd8ecf70ce43af80ba 88646a428a2244be89461dcbdb84878f - - default default] 199.19.213.205 "GET /v2.0/networks?id=74789a72-a744-40d5-b0f2-7be80078ac7d HTTP/1.1" status: 200 len: 877 time: 0.0686340 /var/lib/openstack/lib/python3.10/site-packages/pycadf/identifier.py:71: UserWarning: Invalid uuid: neutron. To ensure interoperability, identifiers should be a valid uuid. warnings.warn(('Invalid uuid: %s. To ensure interoperability, '
2026-04-28 08:53:52.656 9 WARNING neutron.scheduler.dhcp_agent_scheduler [req-f61742e2-a1c7-4f83-8b6c-21038a118942 req-de3c354e-2d1e-4731-ad13-0d61a160473f 61986684784943dd8ecf70ce43af80ba 88646a428a2244be89461dcbdb84878f - - default default] No more DHCP agents /var/lib/openstack/lib/python3.10/site-packages/pycadf/identifier.py:71: UserWarning: Invalid uuid: neutron. To ensure interoperability, identifiers should be a valid uuid. warnings.warn(('Invalid uuid: %s. To ensure interoperability, '
2026-04-28 08:53:52.668 9 WARNING neutron.api.rpc.agentnotifiers.dhcp_rpc_agent_api [req-f61742e2-a1c7-4f83-8b6c-21038a118942 req-de3c354e-2d1e-4731-ad13-0d61a160473f 61986684784943dd8ecf70ce43af80ba 88646a428a2244be89461dcbdb84878f - - default default] Unable to schedule network 74789a72-a744-40d5-b0f2-7be80078ac7d: no agents available; will retry on subsequent port and subnet creation events.
2026-04-28 08:53:52.698 9 INFO neutron.wsgi [req-30fbbece-ed9d-48a0-8410-46768f00d139 req-fb9e1554-3e07-40cc-a21b-061e6f464b02 2f80b9eb1f3245b49d27d93635b33196 803f6a34f8dc420a9d2fad6c908502a6 - - default default] 10.0.0.127 "GET /v2.0/ports?device_id=0093475e-6d1f-4633-9e39-b4da65fe0025 HTTP/1.1" status: 200 len: 210 time: 0.0534446
2026-04-28 08:53:52.709 9 INFO neutron.wsgi [req-1c06a18c-4b37-47f0-8242-ed0aa832087f req-8340445a-3768-47c4-b42d-75e940cb24d7 61986684784943dd8ecf70ce43af80ba 88646a428a2244be89461dcbdb84878f - - default default] 10.0.0.127 "GET /v2.0/ports?device_id=8fb04dda-3215-48ef-8803-bd074dcc81ab HTTP/1.1" status: 200 len: 1156 time: 0.0863132
2026-04-28 08:53:52.770 9 INFO neutron.wsgi [req-1c06a18c-4b37-47f0-8242-ed0aa832087f req-ca0c2e3d-e919-468c-8a93-0ca3250c723e 61986684784943dd8ecf70ce43af80ba 88646a428a2244be89461dcbdb84878f - - default default] 10.0.0.127 "GET /v2.0/security-groups?id=5b89e20a-0619-436a-9b0d-332016ed7954&fields=id&fields=name HTTP/1.1" status: 200 len: 286 time: 0.0513165
2026-04-28 08:53:52.899 9 INFO neutron.db.ovn_revision_numbers_db [req-f61742e2-a1c7-4f83-8b6c-21038a118942 req-de3c354e-2d1e-4731-ad13-0d61a160473f 61986684784943dd8ecf70ce43af80ba 88646a428a2244be89461dcbdb84878f - - default default] Successfully bumped revision number for resource b6350344-0a24-44ac-8c8a-10e1c244d03f (type: ports) to 1
2026-04-28 08:53:52.907 10 INFO neutron.wsgi [req-89151a61-06b3-4c2d-b7de-130ceeebe31d req-b4f6af53-12a0-4bfb-a7d0-4f4ed2d618e9 2f80b9eb1f3245b49d27d93635b33196 803f6a34f8dc420a9d2fad6c908502a6 - - default default] 199.19.213.205 "GET /v2.0/networks?id=1b93ea36-aa71-486b-9479-f522eeee3807 HTTP/1.1" status: 200 len: 860 time: 0.4236000
2026-04-28 08:53:52.918 9 INFO neutron.wsgi [req-f61742e2-a1c7-4f83-8b6c-21038a118942 req-de3c354e-2d1e-4731-ad13-0d61a160473f 61986684784943dd8ecf70ce43af80ba 88646a428a2244be89461dcbdb84878f - - default default] 199.19.213.205 "POST /v2.0/ports HTTP/1.1" status: 201 len: 1158 time: 0.7108636
2026-04-28 08:53:52.980 10 INFO neutron.wsgi [req-89151a61-06b3-4c2d-b7de-130ceeebe31d req-c6e6ea51-a33f-4aef-870c-68428925f647 2f80b9eb1f3245b49d27d93635b33196 803f6a34f8dc420a9d2fad6c908502a6 - - default default] 199.19.213.205 "GET /v2.0/security-groups?fields=id&fields=name&tenant_id=803f6a34f8dc420a9d2fad6c908502a6 HTTP/1.1" status: 200 len: 379 time: 0.0644300
2026-04-28 08:53:53.284 10 INFO neutron.wsgi [None req-8f5f7028-6ed0-44e6-8683-f7383a10a097 ab1f461f8ef84c8294c1ef62370950ee 93b2f04829174ea78a78926da5163362 - - default default] 10.0.0.101 "POST /v2.0/subnetpools HTTP/1.1" status: 201 len: 747 time: 0.2058845 /var/lib/openstack/lib/python3.10/site-packages/pycadf/identifier.py:71: UserWarning: Invalid uuid: neutron. To ensure interoperability, identifiers should be a valid uuid. warnings.warn(('Invalid uuid: %s. To ensure interoperability, '
2026-04-28 08:53:53.343 10 WARNING neutron.scheduler.dhcp_agent_scheduler [req-89151a61-06b3-4c2d-b7de-130ceeebe31d req-896054b2-9dd5-4b59-8db9-5853d7055c7b 2f80b9eb1f3245b49d27d93635b33196 803f6a34f8dc420a9d2fad6c908502a6 - - default default] No more DHCP agents
2026-04-28 08:53:53.346 10 WARNING neutron.api.rpc.agentnotifiers.dhcp_rpc_agent_api [req-89151a61-06b3-4c2d-b7de-130ceeebe31d req-896054b2-9dd5-4b59-8db9-5853d7055c7b 2f80b9eb1f3245b49d27d93635b33196 803f6a34f8dc420a9d2fad6c908502a6 - - default default] Unable to schedule network 1b93ea36-aa71-486b-9479-f522eeee3807: no agents available; will retry on subsequent port and subnet creation events.
2026-04-28 08:53:53.520 10 INFO neutron.db.ovn_revision_numbers_db [req-89151a61-06b3-4c2d-b7de-130ceeebe31d req-896054b2-9dd5-4b59-8db9-5853d7055c7b 2f80b9eb1f3245b49d27d93635b33196 803f6a34f8dc420a9d2fad6c908502a6 - - default default] Successfully bumped revision number for resource 96e4b250-ddd2-4b6f-b3d0-bb932318a1a7 (type: ports) to 1
2026-04-28 08:53:53.542 9 INFO neutron.wsgi [None req-6d5cb04c-0131-4a3d-ac14-45ec58b19f5b ab1f461f8ef84c8294c1ef62370950ee 93b2f04829174ea78a78926da5163362 - - default default] 10.0.0.101 "GET /v2.0/subnetpools/b6ef4f58-f452-45e3-b057-3aaed4f2cb0e HTTP/1.1" status: 200 len: 742 time: 0.2523532
2026-04-28 08:53:53.548 10 INFO neutron.wsgi [req-89151a61-06b3-4c2d-b7de-130ceeebe31d req-896054b2-9dd5-4b59-8db9-5853d7055c7b 2f80b9eb1f3245b49d27d93635b33196 803f6a34f8dc420a9d2fad6c908502a6 - - default default] 199.19.213.205 "POST /v2.0/ports HTTP/1.1" status: 201 len: 1158 time: 0.5611720 /var/lib/openstack/lib/python3.10/site-packages/pycadf/identifier.py:71: UserWarning: Invalid uuid: neutron. To ensure interoperability, identifiers should be a valid uuid. warnings.warn(('Invalid uuid: %s. To ensure interoperability, '
2026-04-28 08:53:53.619 9 INFO neutron.wsgi [None req-24a4b2ca-97a4-4490-9dd1-5fecc309dc9d ab1f461f8ef84c8294c1ef62370950ee 93b2f04829174ea78a78926da5163362 - - default default] 10.0.0.101 "PUT /v2.0/subnetpools/b6ef4f58-f452-45e3-b057-3aaed4f2cb0e HTTP/1.1" status: 200 len: 695 time: 0.0713015
2026-04-28 08:53:53.632 9 INFO neutron.db.ovn_revision_numbers_db [req-f61742e2-a1c7-4f83-8b6c-21038a118942 req-f393c330-2d05-4216-ae34-b3c2e61b2f99 1673306297ea46cea0e2e65a93c8fee4 cb1a5111c579418fa4a3f1cfa1f10d6c - - 4f80f72be974423bb1c156b6d22b4158 4f80f72be974423bb1c156b6d22b4158] Successfully bumped revision number for resource b6350344-0a24-44ac-8c8a-10e1c244d03f (type: ports) to 2
2026-04-28 08:53:53.686 9 INFO neutron.wsgi [None req-20ad0b20-6460-436c-9514-c880527d1a71 ab1f461f8ef84c8294c1ef62370950ee 93b2f04829174ea78a78926da5163362 - - default default] 10.0.0.101 "DELETE /v2.0/subnetpools/b6ef4f58-f452-45e3-b057-3aaed4f2cb0e HTTP/1.1" status: 204 len: 168 time: 0.0614588
2026-04-28 08:53:53.714 10 INFO neutron.api.v2.resource [None req-6690fedf-de0c-45d1-aa5e-1bdd14cff3a4 ab1f461f8ef84c8294c1ef62370950ee 93b2f04829174ea78a78926da5163362 - - default default] show failed (client error): The resource could not be found.
2026-04-28 08:53:53.716 10 INFO neutron.wsgi [None req-6690fedf-de0c-45d1-aa5e-1bdd14cff3a4 ab1f461f8ef84c8294c1ef62370950ee 93b2f04829174ea78a78926da5163362 - - default default] 10.0.0.101 "GET /v2.0/subnetpools/b6ef4f58-f452-45e3-b057-3aaed4f2cb0e HTTP/1.1" status: 404 len: 346 time: 0.0238059
2026-04-28 08:53:53.734 10 INFO neutron.api.v2.resource [None req-9cfd314a-845a-442a-9464-4bbb430424aa ab1f461f8ef84c8294c1ef62370950ee 93b2f04829174ea78a78926da5163362 - - default default] delete failed (client error): The resource could not be found.
2026-04-28 08:53:53.736 10 INFO neutron.wsgi [None req-9cfd314a-845a-442a-9464-4bbb430424aa ab1f461f8ef84c8294c1ef62370950ee 93b2f04829174ea78a78926da5163362 - - default default] 10.0.0.101 "DELETE /v2.0/subnetpools/b6ef4f58-f452-45e3-b057-3aaed4f2cb0e HTTP/1.1" status: 404 len: 346 time: 0.0148299 /var/lib/openstack/lib/python3.10/site-packages/pycadf/identifier.py:71: UserWarning: Invalid uuid: neutron. To ensure interoperability, identifiers should be a valid uuid. warnings.warn(('Invalid uuid: %s. To ensure interoperability, '
