2026-04-28 08:54:55.307 10 WARNING neutron.api.rpc.agentnotifiers.dhcp_rpc_agent_api [None req-6cb1b4f8-7eed-4bbb-b805-6216f62bd6d1 bc9f0dda424149e1bedc3c96f25266f0 c93f0e6afc524fc2a6756fd8ea2cb4da - - default default] Unable to schedule network 62cc0e2a-d8f1-45ef-84e2-a868c79c69cc: no agents available; will retry on subsequent port and subnet creation events.
2026-04-28 08:54:55.325 10 INFO neutron.wsgi [None req-537d76c5-a6c0-403b-838f-10efc9746c40 56df13cd539244f0b25cb218895297f8 79ec0b7db0f841a9a6a37fdc015f9cc0 - - default default] 10.0.0.101 "DELETE /v2.0/subnets/f70b3435-a8f5-419e-ad31-a09e97973b3a HTTP/1.1" status: 204 len: 168 time: 0.3014534 /var/lib/openstack/lib/python3.10/site-packages/pycadf/identifier.py:71: UserWarning: Invalid uuid: neutron. To ensure interoperability, identifiers should be a valid uuid. warnings.warn(('Invalid uuid: %s. To ensure interoperability, '
2026-04-28 08:54:55.379 9 INFO neutron.db.segments_db [None req-0fd1947a-29fc-464c-baba-5e3fb862304b 3d345b0c866149868bde76e588c71aa0 1b16a71e902e4e1d81ae552700af0908 - - default default] Added segment 948c5f37-c46b-486d-b0d9-f4290c4eb7d7 of type geneve for network d92e9064-f6ef-46ff-ac19-60cd3d0a2435
2026-04-28 08:54:55.428 10 INFO neutron.db.ovn_revision_numbers_db [None req-6cb1b4f8-7eed-4bbb-b805-6216f62bd6d1 bc9f0dda424149e1bedc3c96f25266f0 c93f0e6afc524fc2a6756fd8ea2cb4da - - default default] Successfully bumped revision number for resource 4296a439-09f9-439a-94cb-caf90a3f04e7 (type: ports) to 1
2026-04-28 08:54:55.455 10 INFO neutron.wsgi [None req-6cb1b4f8-7eed-4bbb-b805-6216f62bd6d1 bc9f0dda424149e1bedc3c96f25266f0 c93f0e6afc524fc2a6756fd8ea2cb4da - - default default] 10.0.0.101 "POST /v2.0/ports HTTP/1.1" status: 201 len: 977 time: 0.4975979
2026-04-28 08:54:55.583 10 INFO neutron.db.segments_db [None req-9275d846-c79e-4548-9cff-f0c15e1f199c bc9f0dda424149e1bedc3c96f25266f0 c93f0e6afc524fc2a6756fd8ea2cb4da - - default default] Added segment e1300202-cf44-4220-bab3-01c303a8a600 of type geneve for network 6b69a66d-a4bb-4d33-a175-24e915e821ab
2026-04-28 08:54:55.771 10 INFO neutron.services.segments.plugin [-] Segment 4f83552b-f0cc-4953-aee4-a35c1ca4107b resource provider aggregate not found
2026-04-28 08:54:55.776 10 INFO neutron.services.segments.plugin [-] Segment 4f83552b-f0cc-4953-aee4-a35c1ca4107b resource provider aggregate not found
2026-04-28 08:54:55.789 10 INFO neutron.services.segments.plugin [-] Segment 4f83552b-f0cc-4953-aee4-a35c1ca4107b resource provider not found; error: Placement Client Error (4xx): {"errors": [{"status": 404, "title": "Not Found", "detail": "The resource could not be found.\n\n No resource provider with uuid 4f83552b-f0cc-4953-aee4-a35c1ca4107b found for delete ", "request_id": "req-874939b2-736c-431f-8a52-c1a8f86d9678"}]}
2026-04-28 08:54:55.791 10 INFO neutron.db.ovn_revision_numbers_db [None req-9275d846-c79e-4548-9cff-f0c15e1f199c bc9f0dda424149e1bedc3c96f25266f0 c93f0e6afc524fc2a6756fd8ea2cb4da - - default default] Successfully bumped revision number for resource 6b69a66d-a4bb-4d33-a175-24e915e821ab (type: networks) to 1
2026-04-28 08:54:55.792 9 INFO neutron.db.ovn_revision_numbers_db [None req-0fd1947a-29fc-464c-baba-5e3fb862304b 3d345b0c866149868bde76e588c71aa0 1b16a71e902e4e1d81ae552700af0908 - - default default] Successfully bumped revision number for resource d92e9064-f6ef-46ff-ac19-60cd3d0a2435 (type: networks) to 1
2026-04-28 08:54:55.794 10 INFO neutron.services.segments.plugin [-] Segment 4f83552b-f0cc-4953-aee4-a35c1ca4107b resource provider not found; error: Placement Client Error (4xx): {"errors": [{"status": 404, "title": "Not Found", "detail": "The resource could not be found.\n\n No resource provider with uuid 4f83552b-f0cc-4953-aee4-a35c1ca4107b found for delete ", "request_id": "req-a8231bf7-92f6-4a59-a8a6-0131486abcd3"}]}
2026-04-28 08:54:55.827 10 INFO neutron.wsgi [None req-99072acc-e631-45b7-8bca-6717d4bf8a55 56df13cd539244f0b25cb218895297f8 79ec0b7db0f841a9a6a37fdc015f9cc0 - - default default] 10.0.0.101 "DELETE /v2.0/networks/1de2b2aa-3d28-4468-94a1-02cf4e4bb901 HTTP/1.1" status: 204 len: 168 time: 0.4986670
2026-04-28 08:54:55.857 9 INFO neutron.wsgi [None req-a5ca0615-599f-4f7c-8abb-506ab4bffe5e b86e721f3ed044c084e9f893934a8f85 72774333713b4714a9924ea2f81863c8 - - default default] 10.0.0.101 "DELETE /v2.0/subnets/090b1070-082b-4566-8a8e-b64b3d822a14 HTTP/1.1" status: 204 len: 168 time: 0.5535724
2026-04-28 08:54:55.959 9 WARNING neutron.scheduler.dhcp_agent_scheduler [None req-0fd1947a-29fc-464c-baba-5e3fb862304b 3d345b0c866149868bde76e588c71aa0 1b16a71e902e4e1d81ae552700af0908 - - default default] No more DHCP agents
2026-04-28 08:54:55.963 9 WARNING neutron.api.rpc.agentnotifiers.dhcp_rpc_agent_api [None req-0fd1947a-29fc-464c-baba-5e3fb862304b 3d345b0c866149868bde76e588c71aa0 1b16a71e902e4e1d81ae552700af0908 - - default default] Unable to schedule network d92e9064-f6ef-46ff-ac19-60cd3d0a2435: no agents available; will retry on subsequent port and subnet creation events.
2026-04-28 08:54:56.062 9 INFO neutron.db.ovn_revision_numbers_db [None req-0fd1947a-29fc-464c-baba-5e3fb862304b 3d345b0c866149868bde76e588c71aa0 1b16a71e902e4e1d81ae552700af0908 - - default default] Successfully bumped revision number for resource 9a396092-e0ff-483b-81f4-b824f0e7c8bf (type: ports) to 1
2026-04-28 08:54:56.082 9 INFO neutron.wsgi [None req-0fd1947a-29fc-464c-baba-5e3fb862304b 3d345b0c866149868bde76e588c71aa0 1b16a71e902e4e1d81ae552700af0908 - - default default] 10.0.0.101 "POST /v2.0/networks HTTP/1.1" status: 201 len: 928 time: 0.8113737
2026-04-28 08:54:56.109 10 WARNING neutron.scheduler.dhcp_agent_scheduler [None req-9275d846-c79e-4548-9cff-f0c15e1f199c bc9f0dda424149e1bedc3c96f25266f0 c93f0e6afc524fc2a6756fd8ea2cb4da - - default default] No more DHCP agents
2026-04-28 08:54:56.121 10 WARNING neutron.api.rpc.agentnotifiers.dhcp_rpc_agent_api [None req-9275d846-c79e-4548-9cff-f0c15e1f199c bc9f0dda424149e1bedc3c96f25266f0 c93f0e6afc524fc2a6756fd8ea2cb4da - - default default] Unable to schedule network 6b69a66d-a4bb-4d33-a175-24e915e821ab: no agents available; will retry on subsequent port and subnet creation events.
2026-04-28 08:54:56.262 9 WARNING neutron.scheduler.dhcp_agent_scheduler [None req-4554ca3c-cd4d-4c03-8b85-d8f97453d216 3d345b0c866149868bde76e588c71aa0 1b16a71e902e4e1d81ae552700af0908 - - default default] No more DHCP agents
2026-04-28 08:54:56.264 9 WARNING neutron.api.rpc.agentnotifiers.dhcp_rpc_agent_api [None req-4554ca3c-cd4d-4c03-8b85-d8f97453d216 3d345b0c866149868bde76e588c71aa0 1b16a71e902e4e1d81ae552700af0908 - - default default] Unable to schedule network d92e9064-f6ef-46ff-ac19-60cd3d0a2435: no agents available; will retry on subsequent port and subnet creation events.
2026-04-28 08:54:56.286 10 INFO neutron.db.ovn_revision_numbers_db [None req-9275d846-c79e-4548-9cff-f0c15e1f199c bc9f0dda424149e1bedc3c96f25266f0 c93f0e6afc524fc2a6756fd8ea2cb4da - - default default] Successfully bumped revision number for resource 2eaf6263-1668-4a56-b633-790d759a22ca (type: ports) to 1
2026-04-28 08:54:56.292 10 INFO neutron.wsgi [None req-21a4d0e4-54b7-416d-8cdd-533e3ae17bfc b86e721f3ed044c084e9f893934a8f85 72774333713b4714a9924ea2f81863c8 - - default default] 10.0.0.101 "DELETE /v2.0/subnets/d13c8b06-7ddf-40dc-a1a3-e912984891e6 HTTP/1.1" status: 204 len: 168 time: 0.4280634
2026-04-28 08:54:56.323 10 WARNING neutron.scheduler.dhcp_agent_scheduler [None req-e9d5fb88-c221-4b40-8f1a-35a28b969c1f 56df13cd539244f0b25cb218895297f8 79ec0b7db0f841a9a6a37fdc015f9cc0 - - default default] No more DHCP agents
2026-04-28 08:54:56.332 10 WARNING neutron.api.rpc.agentnotifiers.dhcp_rpc_agent_api [None req-e9d5fb88-c221-4b40-8f1a-35a28b969c1f 56df13cd539244f0b25cb218895297f8 79ec0b7db0f841a9a6a37fdc015f9cc0 - - default default] Unable to schedule network 51531e35-131b-4388-be8b-ffc1a05b40a4: no agents available; will retry on subsequent port and subnet creation events.
2026-04-28 08:54:56.344 10 INFO neutron.wsgi [None req-9275d846-c79e-4548-9cff-f0c15e1f199c bc9f0dda424149e1bedc3c96f25266f0 c93f0e6afc524fc2a6756fd8ea2cb4da - - default default] 10.0.0.101 "POST /v2.0/networks HTTP/1.1" status: 201 len: 834 time: 0.8822954 /var/lib/openstack/lib/python3.10/site-packages/pycadf/identifier.py:71: UserWarning: Invalid uuid: neutron. To ensure interoperability, identifiers should be a valid uuid. warnings.warn(('Invalid uuid: %s. To ensure interoperability, '
2026-04-28 08:54:56.471 10 INFO neutron.db.ovn_revision_numbers_db [None req-e9d5fb88-c221-4b40-8f1a-35a28b969c1f 56df13cd539244f0b25cb218895297f8 79ec0b7db0f841a9a6a37fdc015f9cc0 - - default default] Successfully bumped revision number for resource 69d22b18-1a2f-475b-af6e-26fe760bea17 (type: ports) to 1
2026-04-28 08:54:56.526 10 INFO neutron.wsgi [None req-e9d5fb88-c221-4b40-8f1a-35a28b969c1f 56df13cd539244f0b25cb218895297f8 79ec0b7db0f841a9a6a37fdc015f9cc0 - - default default] 10.0.0.101 "POST /v2.0/ports HTTP/1.1" status: 201 len: 974 time: 0.6912603
2026-04-28 08:54:56.775 10 WARNING neutron.scheduler.dhcp_agent_scheduler [None req-099e6ff7-c550-4fe2-9fea-7fd95d6f6e42 bc9f0dda424149e1bedc3c96f25266f0 c93f0e6afc524fc2a6756fd8ea2cb4da - - default default] No more DHCP agents
2026-04-28 08:54:56.779 10 WARNING neutron.api.rpc.agentnotifiers.dhcp_rpc_agent_api [None req-099e6ff7-c550-4fe2-9fea-7fd95d6f6e42 bc9f0dda424149e1bedc3c96f25266f0 c93f0e6afc524fc2a6756fd8ea2cb4da - - default default] Unable to schedule network 6b69a66d-a4bb-4d33-a175-24e915e821ab: no agents available; will retry on subsequent port and subnet creation events.
2026-04-28 08:54:56.847 10 INFO neutron.db.ovn_revision_numbers_db [None req-099e6ff7-c550-4fe2-9fea-7fd95d6f6e42 bc9f0dda424149e1bedc3c96f25266f0 c93f0e6afc524fc2a6756fd8ea2cb4da - - default default] Successfully bumped revision number for resource 4a285d80-68bd-439e-b16d-a3fd5497952c (type: subnets) to 0
2026-04-28 08:54:56.849 9 INFO neutron.wsgi [None req-a088cbd3-b160-4b43-babd-4eb7b2d193a5 b86e721f3ed044c084e9f893934a8f85 72774333713b4714a9924ea2f81863c8 - - default default] 10.0.0.101 "DELETE /v2.0/networks/aad22595-1d75-481e-aacc-d598e6e3b9a1 HTTP/1.1" status: 204 len: 168 time: 0.5478618
2026-04-28 08:54:56.864 10 INFO neutron.wsgi [None req-099e6ff7-c550-4fe2-9fea-7fd95d6f6e42 bc9f0dda424149e1bedc3c96f25266f0 c93f0e6afc524fc2a6756fd8ea2cb4da - - default default] 10.0.0.101 "POST /v2.0/subnets HTTP/1.1" status: 201 len: 821 time: 0.5119977
2026-04-28 08:54:56.870 9 INFO neutron.plugins.ml2.drivers.ovn.mech_driver.mech_driver [None req-9d8d9a68-c9b2-4170-96b5-9135659312c3 - - - - - -] OVN reports status down for port: 69d22b18-1a2f-475b-af6e-26fe760bea17
2026-04-28 08:54:56.894 10 INFO neutron.db.ovn_revision_numbers_db [None req-299eb3cc-eafe-4a1c-85d6-6db4ab07cdef 56df13cd539244f0b25cb218895297f8 79ec0b7db0f841a9a6a37fdc015f9cc0 - - default default] Successfully bumped revision number for resource 69d22b18-1a2f-475b-af6e-26fe760bea17 (type: ports) to 2
2026-04-28 08:54:56.904 10 INFO neutron.wsgi [None req-299eb3cc-eafe-4a1c-85d6-6db4ab07cdef 56df13cd539244f0b25cb218895297f8 79ec0b7db0f841a9a6a37fdc015f9cc0 - - default default] 10.0.0.101 "PUT /v2.0/ports/69d22b18-1a2f-475b-af6e-26fe760bea17 HTTP/1.1" status: 200 len: 946 time: 0.3726084 /var/lib/openstack/lib/python3.10/site-packages/pycadf/identifier.py:71: UserWarning: Invalid uuid: neutron. To ensure interoperability, identifiers should be a valid uuid. warnings.warn(('Invalid uuid: %s. To ensure interoperability, '
2026-04-28 08:54:57.094 9 INFO neutron.db.ovn_revision_numbers_db [None req-4554ca3c-cd4d-4c03-8b85-d8f97453d216 3d345b0c866149868bde76e588c71aa0 1b16a71e902e4e1d81ae552700af0908 - - default default] Successfully bumped revision number for resource 9a396092-e0ff-483b-81f4-b824f0e7c8bf (type: ports) to 2
2026-04-28 08:54:57.155 10 INFO neutron.wsgi [None req-01c261a9-fd81-4426-b151-4f36fd923f81 56df13cd539244f0b25cb218895297f8 79ec0b7db0f841a9a6a37fdc015f9cc0 - - default default] 10.0.0.101 "DELETE /v2.0/ports/69d22b18-1a2f-475b-af6e-26fe760bea17 HTTP/1.1" status: 204 len: 168 time: 0.2446020
2026-04-28 08:54:57.177 9 INFO neutron.db.ovn_revision_numbers_db [None req-4554ca3c-cd4d-4c03-8b85-d8f97453d216 3d345b0c866149868bde76e588c71aa0 1b16a71e902e4e1d81ae552700af0908 - - default default] Successfully bumped revision number for resource 8ab863bd-c49c-453f-b582-6b29a6af4282 (type: subnets) to 0
2026-04-28 08:54:57.205 9 INFO neutron.wsgi [None req-4554ca3c-cd4d-4c03-8b85-d8f97453d216 3d345b0c866149868bde76e588c71aa0 1b16a71e902e4e1d81ae552700af0908 - - default default] 10.0.0.101 "POST /v2.0/subnets HTTP/1.1" status: 201 len: 822 time: 1.1177685
2026-04-28 08:54:57.214 10 WARNING neutron.api.v2.base [None req-245fe6b9-bd95-4dc6-b87d-2fd2eefd3cdc 3d345b0c866149868bde76e588c71aa0 1b16a71e902e4e1d81ae552700af0908 - - default default] An exception happened while processing the request body. The exception message is [Invalid input for target_tenant. Reason: '1234123412341234123412341234123412341234123412341234123412341234123412341234123412341234123412341234123412341234123412341234123412341234123412341234123412341234123412341234123412341234123412341234123412341234123412341234123412341234123412341234123412341234123412341234123412341234123412341234123412341234123412341234123412341234123412341234123412341234123412341234123412341234123412341234123412341234' exceeds maximum length of 255.].: webob.exc.HTTPBadRequest: Invalid input for target_tenant. Reason: '1234123412341234123412341234123412341234123412341234123412341234123412341234123412341234123412341234123412341234123412341234123412341234123412341234123412341234123412341234123412341234123412341234123412341234123412341234123412341234123412341234123412341234123412341234123412341234123412341234123412341234123412341234123412341234123412341234123412341234123412341234123412341234123412341234123412341234' exceeds maximum length of 255.
2026-04-28 08:54:57.215 10 INFO neutron.api.v2.resource [None req-245fe6b9-bd95-4dc6-b87d-2fd2eefd3cdc 3d345b0c866149868bde76e588c71aa0 1b16a71e902e4e1d81ae552700af0908 - - default default] create failed (client error): Invalid input for target_tenant. Reason: '1234123412341234123412341234123412341234123412341234123412341234123412341234123412341234123412341234123412341234123412341234123412341234123412341234123412341234123412341234123412341234123412341234123412341234123412341234123412341234123412341234123412341234123412341234123412341234123412341234123412341234123412341234123412341234123412341234123412341234123412341234123412341234123412341234123412341234' exceeds maximum length of 255.
2026-04-28 08:54:57.216 10 INFO neutron.wsgi [None req-245fe6b9-bd95-4dc6-b87d-2fd2eefd3cdc 3d345b0c866149868bde76e588c71aa0 1b16a71e902e4e1d81ae552700af0908 - - default default] 10.0.0.101 "POST /v2.0/rbac-policies HTTP/1.1" status: 400 len: 750 time: 0.0057981
2026-04-28 08:54:57.256 9 INFO neutron.services.segments.plugin [-] Segment f605088a-1f8a-4efc-81c3-db9bfea0010a resource provider aggregate not found
2026-04-28 08:54:57.278 9 INFO neutron.services.segments.plugin [-] Segment f605088a-1f8a-4efc-81c3-db9bfea0010a resource provider aggregate not found
2026-04-28 08:54:57.284 9 INFO neutron.services.segments.plugin [-] Segment f605088a-1f8a-4efc-81c3-db9bfea0010a resource provider not found; error: Placement Client Error (4xx): {"errors": [{"status": 404, "title": "Not Found", "detail": "The resource could not be found.\n\n No resource provider with uuid f605088a-1f8a-4efc-81c3-db9bfea0010a found for delete ", "request_id": "req-ea3171de-1675-44e9-a7ff-d050e6a7c9f2"}]}
2026-04-28 08:54:57.290 10 INFO neutron.wsgi [None req-7e1cc5e9-7dec-4ee4-a6e5-485be90ed13b 56df13cd539244f0b25cb218895297f8 79ec0b7db0f841a9a6a37fdc015f9cc0 - - default default] 10.0.0.101 "GET /v2.0/ports HTTP/1.1" status: 200 len: 1728 time: 0.1294546
2026-04-28 08:54:57.316 9 INFO neutron.services.segments.plugin [-] Segment f605088a-1f8a-4efc-81c3-db9bfea0010a resource provider not found; error: Placement Client Error (4xx): {"errors": [{"status": 404, "title": "Not Found", "detail": "The resource could not be found.\n\n No resource provider with uuid f605088a-1f8a-4efc-81c3-db9bfea0010a found for delete ", "request_id": "req-999c02e9-f630-4b4a-aa7a-a052daeed909"}]}
2026-04-28 08:54:57.330 9 INFO neutron.pecan_wsgi.hooks.translation [None req-97d525e4-4e20-4134-a606-68350edc5ee3 56df13cd539244f0b25cb218895297f8 79ec0b7db0f841a9a6a37fdc015f9cc0 - - default default] GET failed (client error): The resource could not be found.
2026-04-28 08:54:57.332 9 INFO neutron.wsgi [None req-97d525e4-4e20-4134-a606-68350edc5ee3 56df13cd539244f0b25cb218895297f8 79ec0b7db0f841a9a6a37fdc015f9cc0 - - default default] 10.0.0.101 "GET /v2.0/ports/69d22b18-1a2f-475b-af6e-26fe760bea17 HTTP/1.1" status: 404 len: 333 time: 0.0360439
2026-04-28 08:54:57.391 10 INFO neutron.wsgi [None req-8b019f0b-ca38-4265-a8a6-552e8acc2026 56df13cd539244f0b25cb218895297f8 79ec0b7db0f841a9a6a37fdc015f9cc0 - - default default] 10.0.0.101 "GET /v2.0/ports HTTP/1.1" status: 200 len: 1728 time: 0.0515916 /var/lib/openstack/lib/python3.10/site-packages/pycadf/identifier.py:71: UserWarning: Invalid uuid: neutron. To ensure interoperability, identifiers should be a valid uuid. warnings.warn(('Invalid uuid: %s. To ensure interoperability, '
2026-04-28 08:54:57.482 9 WARNING neutron.scheduler.dhcp_agent_scheduler [None req-db6ffee3-4c8a-4461-82bf-3be10dcba779 bc9f0dda424149e1bedc3c96f25266f0 c93f0e6afc524fc2a6756fd8ea2cb4da - - default default] No more DHCP agents
2026-04-28 08:54:57.492 9 WARNING neutron.api.rpc.agentnotifiers.dhcp_rpc_agent_api [None req-db6ffee3-4c8a-4461-82bf-3be10dcba779 bc9f0dda424149e1bedc3c96f25266f0 c93f0e6afc524fc2a6756fd8ea2cb4da - - default default] Unable to schedule network 6b69a66d-a4bb-4d33-a175-24e915e821ab: no agents available; will retry on subsequent port and subnet creation events.
2026-04-28 08:54:57.520 9 INFO neutron.wsgi [None req-d6de03a5-9ff7-4550-ba15-be2a1e896668 56df13cd539244f0b25cb218895297f8 79ec0b7db0f841a9a6a37fdc015f9cc0 - - default default] 10.0.0.101 "GET /v2.0/ports/6b5c32de-7015-4512-8047-9a80cbf65f5d HTTP/1.1" status: 200 len: 968 time: 0.1144977 /var/lib/openstack/lib/python3.10/site-packages/pycadf/identifier.py:71: UserWarning: Invalid uuid: neutron. To ensure interoperability, identifiers should be a valid uuid. warnings.warn(('Invalid uuid: %s. To ensure interoperability, '
2026-04-28 08:54:57.545 9 INFO neutron.pecan_wsgi.hooks.translation [None req-2234c54b-1612-45f7-80f0-3670ab6ec075 56df13cd539244f0b25cb218895297f8 79ec0b7db0f841a9a6a37fdc015f9cc0 - - default default] DELETE failed (client error): The resource could not be found.
2026-04-28 08:54:57.547 9 INFO neutron.wsgi [None req-2234c54b-1612-45f7-80f0-3670ab6ec075 56df13cd539244f0b25cb218895297f8 79ec0b7db0f841a9a6a37fdc015f9cc0 - - default default] 10.0.0.101 "DELETE /v2.0/ports/e928402e-14c9-4963-900b-987c64464307 HTTP/1.1" status: 404 len: 333 time: 0.0200276
2026-04-28 08:54:57.571 10 INFO neutron.pecan_wsgi.hooks.translation [None req-d5b5b82f-c2c3-4119-99ed-d3aa4d7619e1 56df13cd539244f0b25cb218895297f8 79ec0b7db0f841a9a6a37fdc015f9cc0 - - default default] DELETE failed (client error): The resource could not be found.
2026-04-28 08:54:57.573 10 INFO neutron.wsgi [None req-d5b5b82f-c2c3-4119-99ed-d3aa4d7619e1 56df13cd539244f0b25cb218895297f8 79ec0b7db0f841a9a6a37fdc015f9cc0 - - default default] 10.0.0.101 "DELETE /v2.0/subnets/f70b3435-a8f5-419e-ad31-a09e97973b3a HTTP/1.1" status: 404 len: 337 time: 0.0204284
2026-04-28 08:54:57.578 9 INFO neutron.wsgi [None req-8e59c0f3-e530-485d-a7d6-b4e104ac3345 b86e721f3ed044c084e9f893934a8f85 72774333713b4714a9924ea2f81863c8 - - default default] 10.0.0.101 "DELETE /v2.0/networks/ccdf9444-3e20-4994-b444-3e2ccf84eb1b HTTP/1.1" status: 204 len: 168 time: 0.7214446
2026-04-28 08:54:57.606 10 INFO neutron.pecan_wsgi.hooks.translation [None req-89f5b00a-e579-4a31-ad8d-235fa3a6edf7 56df13cd539244f0b25cb218895297f8 79ec0b7db0f841a9a6a37fdc015f9cc0 - - default default] DELETE failed (client error): The resource could not be found.
2026-04-28 08:54:57.608 10 INFO neutron.wsgi [None req-89f5b00a-e579-4a31-ad8d-235fa3a6edf7 56df13cd539244f0b25cb218895297f8 79ec0b7db0f841a9a6a37fdc015f9cc0 - - default default] 10.0.0.101 "DELETE /v2.0/subnets/750c1e02-d971-4b74-bacb-32eed338a418 HTTP/1.1" status: 404 len: 337 time: 0.0311317
2026-04-28 08:54:57.704 9 INFO neutron.db.ovn_revision_numbers_db [None req-db6ffee3-4c8a-4461-82bf-3be10dcba779 bc9f0dda424149e1bedc3c96f25266f0 c93f0e6afc524fc2a6756fd8ea2cb4da - - default default] Successfully bumped revision number for resource 887eef19-531e-4acb-9319-4541a1122a97 (type: ports) to 1
2026-04-28 08:54:57.745 9 INFO neutron.wsgi [None req-db6ffee3-4c8a-4461-82bf-3be10dcba779 bc9f0dda424149e1bedc3c96f25266f0 c93f0e6afc524fc2a6756fd8ea2cb4da - - default default] 10.0.0.101 "POST /v2.0/ports HTTP/1.1" status: 201 len: 1165 time: 0.8714941
2026-04-28 08:54:58.007 9 INFO neutron.wsgi [None req-5157c580-1ac2-4d32-9ea1-95be4ea8e9dc 56df13cd539244f0b25cb218895297f8 79ec0b7db0f841a9a6a37fdc015f9cc0 - - default default] 10.0.0.101 "DELETE /v2.0/ports/6b5c32de-7015-4512-8047-9a80cbf65f5d HTTP/1.1" status: 204 len: 168 time: 0.3852084
2026-04-28 08:54:58.121 9 INFO neutron.wsgi [None req-fd5b59ac-993e-4ef9-8bbd-bb2d97600068 b86e721f3ed044c084e9f893934a8f85 72774333713b4714a9924ea2f81863c8 - - default default] 10.0.0.101 "DELETE /v2.0/networks/a5349b7b-c29f-412f-a0d1-d9c9faa25362 HTTP/1.1" status: 204 len: 168 time: 0.5381513
2026-04-28 08:54:58.169 10 INFO neutron.services.segments.plugin [-] Segment 948c5f37-c46b-486d-b0d9-f4290c4eb7d7 resource provider aggregate not found
2026-04-28 08:54:58.174 10 INFO neutron.services.segments.plugin [-] Segment 948c5f37-c46b-486d-b0d9-f4290c4eb7d7 resource provider aggregate not found
2026-04-28 08:54:58.199 10 INFO neutron.services.segments.plugin [-] Segment 948c5f37-c46b-486d-b0d9-f4290c4eb7d7 resource provider not found; error: Placement Client Error (4xx): {"errors": [{"status": 404, "title": "Not Found", "detail": "The resource could not be found.\n\n No resource provider with uuid 948c5f37-c46b-486d-b0d9-f4290c4eb7d7 found for delete ", "request_id": "req-66411d6d-01a7-4395-b969-4771a5c14af7"}]}
2026-04-28 08:54:58.203 10 INFO neutron.services.segments.plugin [-] Segment 948c5f37-c46b-486d-b0d9-f4290c4eb7d7 resource provider not found; error: Placement Client Error (4xx): {"errors": [{"status": 404, "title": "Not Found", "detail": "The resource could not be found.\n\n No resource provider with uuid 948c5f37-c46b-486d-b0d9-f4290c4eb7d7 found for delete ", "request_id": "req-5196e452-1a8a-4df6-b3fc-2f469a1851d6"}]}
2026-04-28 08:54:58.249 10 INFO neutron.wsgi [None req-6f42fbec-8b8c-4639-a375-2a2eaf076c73 bc9f0dda424149e1bedc3c96f25266f0 c93f0e6afc524fc2a6756fd8ea2cb4da - - default default] 10.0.0.101 "DELETE /v2.0/ports/887eef19-531e-4acb-9319-4541a1122a97 HTTP/1.1" status: 204 len: 168 time: 0.4962926
2026-04-28 08:54:58.285 9 INFO neutron.pecan_wsgi.hooks.translation [None req-d11e5567-8fdc-407a-987e-9ef3f7bd1070 bc9f0dda424149e1bedc3c96f25266f0 c93f0e6afc524fc2a6756fd8ea2cb4da - - default default] DELETE failed (client error): The resource could not be found.
2026-04-28 08:54:58.287 10 INFO neutron.wsgi [None req-86871ada-56a3-4a02-8b21-07d8c84360a6 3d345b0c866149868bde76e588c71aa0 1b16a71e902e4e1d81ae552700af0908 - - default default] 10.0.0.101 "DELETE /v2.0/networks/d92e9064-f6ef-46ff-ac19-60cd3d0a2435 HTTP/1.1" status: 204 len: 168 time: 1.0671630
2026-04-28 08:54:58.287 9 INFO neutron.wsgi [None req-d11e5567-8fdc-407a-987e-9ef3f7bd1070 bc9f0dda424149e1bedc3c96f25266f0 c93f0e6afc524fc2a6756fd8ea2cb4da - - default default] 10.0.0.101 "DELETE /v2.0/ports/887eef19-531e-4acb-9319-4541a1122a97 HTTP/1.1" status: 404 len: 333 time: 0.0318315
2026-04-28 08:54:58.323 9 INFO neutron.pecan_wsgi.hooks.translation [None req-2e2f973e-ca33-4c82-8188-75fcd7f1a0c5 bc9f0dda424149e1bedc3c96f25266f0 c93f0e6afc524fc2a6756fd8ea2cb4da - - default default] GET failed (client error): The resource could not be found.
2026-04-28 08:54:58.325 9 INFO neutron.wsgi [None req-2e2f973e-ca33-4c82-8188-75fcd7f1a0c5 bc9f0dda424149e1bedc3c96f25266f0 c93f0e6afc524fc2a6756fd8ea2cb4da - - default default] 10.0.0.101 "GET /v2.0/ports/887eef19-531e-4acb-9319-4541a1122a97 HTTP/1.1" status: 404 len: 333 time: 0.0290220
2026-04-28 08:54:58.427 9 INFO neutron.db.segments_db [None req-300173e8-aa04-4e6f-afe2-f0aad3e8cb49 3d345b0c866149868bde76e588c71aa0 1b16a71e902e4e1d81ae552700af0908 - - default default] Added segment ea9c0e0b-e07a-44ae-86b8-981dcfc763cc of type geneve for network 65c0207c-9380-44a9-9ebf-66e7218a8f83
2026-04-28 08:54:58.589 10 INFO neutron.wsgi [None req-33bfe365-19f7-4ff5-a499-c7a37f3ca5ca bc9f0dda424149e1bedc3c96f25266f0 c93f0e6afc524fc2a6756fd8ea2cb4da - - default default] 10.0.0.101 "DELETE /v2.0/subnets/4a285d80-68bd-439e-b16d-a3fd5497952c HTTP/1.1" status: 204 len: 168 time: 0.2588494
2026-04-28 08:54:58.624 9 INFO neutron.db.ovn_revision_numbers_db [None req-300173e8-aa04-4e6f-afe2-f0aad3e8cb49 3d345b0c866149868bde76e588c71aa0 1b16a71e902e4e1d81ae552700af0908 - - default default] Successfully bumped revision number for resource 65c0207c-9380-44a9-9ebf-66e7218a8f83 (type: networks) to 1
2026-04-28 08:54:58.630 10 INFO neutron.wsgi [None req-6ae8ab6e-8543-47ea-a865-8ee636c7d85c 56df13cd539244f0b25cb218895297f8 79ec0b7db0f841a9a6a37fdc015f9cc0 - - default default] 10.0.0.101 "DELETE /v2.0/networks/51531e35-131b-4388-be8b-ffc1a05b40a4 HTTP/1.1" status: 204 len: 168 time: 0.6147265
2026-04-28 08:54:58.680 9 INFO neutron.wsgi [None req-ea0d8db5-e91c-42cc-9807-4ad730bdd1de b86e721f3ed044c084e9f893934a8f85 72774333713b4714a9924ea2f81863c8 - - default default] 10.0.0.101 "DELETE /v2.0/networks/43f9168c-b8b4-4333-8172-efc7e10e7e49 HTTP/1.1" status: 204 len: 168 time: 0.5506425
2026-04-28 08:54:58.807 9 WARNING neutron.scheduler.dhcp_agent_scheduler [None req-300173e8-aa04-4e6f-afe2-f0aad3e8cb49 3d345b0c866149868bde76e588c71aa0 1b16a71e902e4e1d81ae552700af0908 - - default default] No more DHCP agents
2026-04-28 08:54:58.811 9 WARNING neutron.api.rpc.agentnotifiers.dhcp_rpc_agent_api [None req-300173e8-aa04-4e6f-afe2-f0aad3e8cb49 3d345b0c866149868bde76e588c71aa0 1b16a71e902e4e1d81ae552700af0908 - - default default] Unable to schedule network 65c0207c-9380-44a9-9ebf-66e7218a8f83: no agents available; will retry on subsequent port and subnet creation events.
2026-04-28 08:54:58.892 9 INFO neutron.db.ovn_revision_numbers_db [None req-300173e8-aa04-4e6f-afe2-f0aad3e8cb49 3d345b0c866149868bde76e588c71aa0 1b16a71e902e4e1d81ae552700af0908 - - default default] Successfully bumped revision number for resource 2584941a-ee36-40af-be83-044e1b10c9ba (type: ports) to 1
2026-04-28 08:54:58.911 9 INFO neutron.wsgi [None req-300173e8-aa04-4e6f-afe2-f0aad3e8cb49 3d345b0c866149868bde76e588c71aa0 1b16a71e902e4e1d81ae552700af0908 - - default default] 10.0.0.101 "POST /v2.0/networks HTTP/1.1" status: 201 len: 929 time: 0.6158686
2026-04-28 08:54:59.102 9 WARNING neutron.scheduler.dhcp_agent_scheduler [None req-198a305c-ae9c-4674-ad70-5300d05ee749 3d345b0c866149868bde76e588c71aa0 1b16a71e902e4e1d81ae552700af0908 - - default default] No more DHCP agents
2026-04-28 08:54:59.107 9 WARNING neutron.api.rpc.agentnotifiers.dhcp_rpc_agent_api [None req-198a305c-ae9c-4674-ad70-5300d05ee749 3d345b0c866149868bde76e588c71aa0 1b16a71e902e4e1d81ae552700af0908 - - default default] Unable to schedule network 65c0207c-9380-44a9-9ebf-66e7218a8f83: no agents available; will retry on subsequent port and subnet creation events.
2026-04-28 08:54:59.317 9 INFO neutron.services.segments.plugin [-] Segment c22d8523-1e0e-435a-a3cd-51a14346111f resource provider aggregate not found
2026-04-28 08:54:59.339 9 INFO neutron.services.segments.plugin [-] Segment c22d8523-1e0e-435a-a3cd-51a14346111f resource provider aggregate not found
2026-04-28 08:54:59.345 9 INFO neutron.services.segments.plugin [-] Segment c22d8523-1e0e-435a-a3cd-51a14346111f resource provider not found; error: Placement Client Error (4xx): {"errors": [{"status": 404, "title": "Not Found", "detail": "The resource could not be found.\n\n No resource provider with uuid c22d8523-1e0e-435a-a3cd-51a14346111f found for delete ", "request_id": "req-d557acda-e9f3-4682-988d-94dbbdb56766"}]}
2026-04-28 08:54:59.367 9 INFO neutron.services.segments.plugin [-] Segment 08f6a73d-b46d-4a00-86bc-17dcbac506d7 resource provider aggregate not found
2026-04-28 08:54:59.371 9 INFO neutron.services.segments.plugin [-] Segment c22d8523-1e0e-435a-a3cd-51a14346111f resource provider not found; error: Placement Client Error (4xx): {"errors": [{"status": 404, "title": "Not Found", "detail": "The resource could not be found.\n\n No resource provider with uuid c22d8523-1e0e-435a-a3cd-51a14346111f found for delete ", "request_id": "req-553d8857-e8d2-4840-a445-a195e59123c2"}]}
2026-04-28 08:54:59.385 10 INFO neutron.wsgi [None req-67d83f59-7ab0-4f7c-a315-475c85799799 bc9f0dda424149e1bedc3c96f25266f0 c93f0e6afc524fc2a6756fd8ea2cb4da - - default default] 10.0.0.101 "DELETE /v2.0/networks/6b69a66d-a4bb-4d33-a175-24e915e821ab HTTP/1.1" status: 204 len: 168 time: 0.7895520
2026-04-28 08:54:59.388 9 INFO neutron.services.segments.plugin [-] Segment 08f6a73d-b46d-4a00-86bc-17dcbac506d7 resource provider not found; error: Placement Client Error (4xx): {"errors": [{"status": 404, "title": "Not Found", "detail": "The resource could not be found.\n\n No resource provider with uuid 08f6a73d-b46d-4a00-86bc-17dcbac506d7 found for delete ", "request_id": "req-5bd52717-6cdf-42fe-b968-e9a02c178a2a"}]}
2026-04-28 08:54:59.400 9 INFO neutron.services.segments.plugin [-] Segment 08f6a73d-b46d-4a00-86bc-17dcbac506d7 resource provider aggregate not found
2026-04-28 08:54:59.420 9 INFO neutron.services.segments.plugin [-] Segment 62e81eb8-ee0d-445a-a068-ae6af560aec3 resource provider aggregate not found
2026-04-28 08:54:59.435 9 INFO neutron.services.segments.plugin [-] Segment 08f6a73d-b46d-4a00-86bc-17dcbac506d7 resource provider not found; error: Placement Client Error (4xx): {"errors": [{"status": 404, "title": "Not Found", "detail": "The resource could not be found.\n\n No resource provider with uuid 08f6a73d-b46d-4a00-86bc-17dcbac506d7 found for delete ", "request_id": "req-2e244ede-67d9-422a-ac5a-d3731a7a52c5"}]}
2026-04-28 08:54:59.455 9 INFO neutron.services.segments.plugin [-] Segment 62e81eb8-ee0d-445a-a068-ae6af560aec3 resource provider not found; error: Placement Client Error (4xx): {"errors": [{"status": 404, "title": "Not Found", "detail": "The resource could not be found.\n\n No resource provider with uuid 62e81eb8-ee0d-445a-a068-ae6af560aec3 found for delete ", "request_id": "req-3a81bea7-9406-448f-a4a5-99f541cdabf3"}]}
2026-04-28 08:54:59.456 9 INFO neutron.services.segments.plugin [-] Segment 62e81eb8-ee0d-445a-a068-ae6af560aec3 resource provider aggregate not found
2026-04-28 08:54:59.472 9 INFO neutron.wsgi [None req-9bc44fea-7be7-47d5-818f-36b2d26d19a8 56172e8c90ef45059602b768e6b9d171 fac1150d86bd43b48062b71e86218f90 - - default default] 10.0.0.101 "GET /v2.0/security-groups?tenant_id=79ec0b7db0f841a9a6a37fdc015f9cc0&name=default HTTP/1.1" status: 200 len: 2996 time: 0.2374825
2026-04-28 08:54:59.476 9 INFO neutron.services.segments.plugin [-] Segment 62e81eb8-ee0d-445a-a068-ae6af560aec3 resource provider not found; error: Placement Client Error (4xx): {"errors": [{"status": 404, "title": "Not Found", "detail": "The resource could not be found.\n\n No resource provider with uuid 62e81eb8-ee0d-445a-a068-ae6af560aec3 found for delete ", "request_id": "req-76963222-bc69-4386-ab44-6c1e5fdcbf1a"}]}
2026-04-28 08:54:59.512 10 INFO neutron.wsgi [None req-908df93f-5401-4444-8a9e-ac0fa97f85cd b86e721f3ed044c084e9f893934a8f85 72774333713b4714a9924ea2f81863c8 - - default default] 10.0.0.101 "DELETE /v2.0/networks/d332fd81-a5a1-411c-a741-60e1b82d4d39 HTTP/1.1" status: 204 len: 168 time: 0.8242557
2026-04-28 08:54:59.527 10 INFO neutron.db.segments_db [None req-19b83d3e-363e-4691-8881-be0708f88ade bc9f0dda424149e1bedc3c96f25266f0 c93f0e6afc524fc2a6756fd8ea2cb4da - - default default] Added segment e0c2e6b4-7a3b-46ad-b752-6a4b51f20c64 of type geneve for network 3db40b75-3e34-493e-b98b-e603aea618bf
2026-04-28 08:54:59.694 10 INFO neutron.db.ovn_revision_numbers_db [None req-19b83d3e-363e-4691-8881-be0708f88ade bc9f0dda424149e1bedc3c96f25266f0 c93f0e6afc524fc2a6756fd8ea2cb4da - - default default] Successfully bumped revision number for resource 3db40b75-3e34-493e-b98b-e603aea618bf (type: networks) to 1
2026-04-28 08:54:59.735 9 INFO neutron.db.ovn_revision_numbers_db [None req-198a305c-ae9c-4674-ad70-5300d05ee749 3d345b0c866149868bde76e588c71aa0 1b16a71e902e4e1d81ae552700af0908 - - default default] Successfully bumped revision number for resource 2584941a-ee36-40af-be83-044e1b10c9ba (type: ports) to 2
2026-04-28 08:54:59.767 9 INFO neutron.db.ovn_revision_numbers_db [None req-198a305c-ae9c-4674-ad70-5300d05ee749 3d345b0c866149868bde76e588c71aa0 1b16a71e902e4e1d81ae552700af0908 - - default default] Successfully bumped revision number for resource 41b751a1-538f-444d-bd88-2580f733b61b (type: subnets) to 0
2026-04-28 08:54:59.782 9 INFO neutron.wsgi [None req-198a305c-ae9c-4674-ad70-5300d05ee749 3d345b0c866149868bde76e588c71aa0 1b16a71e902e4e1d81ae552700af0908 - - default default] 10.0.0.101 "POST /v2.0/subnets HTTP/1.1" status: 201 len: 822 time: 0.8661563
2026-04-28 08:54:59.820 10 INFO neutron.wsgi [None req-d1531d04-5875-474b-8642-c4bca57339e7 56172e8c90ef45059602b768e6b9d171 fac1150d86bd43b48062b71e86218f90 - - default default] 10.0.0.101 "DELETE /v2.0/security-groups/fa03abc4-e480-46bb-b54b-c600938ec911 HTTP/1.1" status: 204 len: 168 time: 0.3431520
2026-04-28 08:54:59.880 10 WARNING neutron.scheduler.dhcp_agent_scheduler [None req-19b83d3e-363e-4691-8881-be0708f88ade bc9f0dda424149e1bedc3c96f25266f0 c93f0e6afc524fc2a6756fd8ea2cb4da - - default default] No more DHCP agents
2026-04-28 08:54:59.883 10 WARNING neutron.api.rpc.agentnotifiers.dhcp_rpc_agent_api [None req-19b83d3e-363e-4691-8881-be0708f88ade bc9f0dda424149e1bedc3c96f25266f0 c93f0e6afc524fc2a6756fd8ea2cb4da - - default default] Unable to schedule network 3db40b75-3e34-493e-b98b-e603aea618bf: no agents available; will retry on subsequent port and subnet creation events.
2026-04-28 08:54:59.966 10 INFO neutron.db.ovn_revision_numbers_db [None req-19b83d3e-363e-4691-8881-be0708f88ade bc9f0dda424149e1bedc3c96f25266f0 c93f0e6afc524fc2a6756fd8ea2cb4da - - default default] Successfully bumped revision number for resource 5c83f265-f57d-41da-9564-690aefa475af (type: ports) to 1
2026-04-28 08:55:00.004 10 INFO neutron.wsgi [None req-19b83d3e-363e-4691-8881-be0708f88ade bc9f0dda424149e1bedc3c96f25266f0 c93f0e6afc524fc2a6756fd8ea2cb4da - - default default] 10.0.0.101 "POST /v2.0/networks HTTP/1.1" status: 201 len: 835 time: 0.6093082
2026-04-28 08:55:00.218 10 INFO neutron.services.segments.plugin [-] Segment c56b1d3b-e17d-44fc-943d-07aed67bcfd6 resource provider aggregate not found
2026-04-28 08:55:00.223 10 INFO neutron.services.segments.plugin [-] Segment c56b1d3b-e17d-44fc-943d-07aed67bcfd6 resource provider aggregate not found
2026-04-28 08:55:00.232 10 INFO neutron.services.segments.plugin [-] Segment c56b1d3b-e17d-44fc-943d-07aed67bcfd6 resource provider not found; error: Placement Client Error (4xx): {"errors": [{"status": 404, "title": "Not Found", "detail": "The resource could not be found.\n\n No resource provider with uuid c56b1d3b-e17d-44fc-943d-07aed67bcfd6 found for delete ", "request_id": "req-62c59dbb-b3ca-4533-b5fb-f38c372c748f"}]}
2026-04-28 08:55:00.246 10 INFO neutron.services.segments.plugin [-] Segment c56b1d3b-e17d-44fc-943d-07aed67bcfd6 resource provider not found; error: Placement Client Error (4xx): {"errors": [{"status": 404, "title": "Not Found", "detail": "The resource could not be found.\n\n No resource provider with uuid c56b1d3b-e17d-44fc-943d-07aed67bcfd6 found for delete ", "request_id": "req-f08a9921-b523-4cf4-aa4c-f6974fae836a"}]}
2026-04-28 08:55:00.257 10 INFO neutron.services.segments.plugin [-] Segment e1300202-cf44-4220-bab3-01c303a8a600 resource provider aggregate not found
2026-04-28 08:55:00.272 10 INFO neutron.services.segments.plugin [-] Segment e1300202-cf44-4220-bab3-01c303a8a600 resource provider aggregate not found
2026-04-28 08:55:00.278 10 INFO neutron.services.segments.plugin [-] Segment e1300202-cf44-4220-bab3-01c303a8a600 resource provider not found; error: Placement Client Error (4xx): {"errors": [{"status": 404, "title": "Not Found", "detail": "The resource could not be found.\n\n No resource provider with uuid e1300202-cf44-4220-bab3-01c303a8a600 found for delete ", "request_id": "req-7986c00b-07c0-4e95-851c-8e3a7a8e2e76"}]}
2026-04-28 08:55:00.292 10 INFO neutron.services.segments.plugin [-] Segment e1300202-cf44-4220-bab3-01c303a8a600 resource provider not found; error: Placement Client Error (4xx): {"errors": [{"status": 404, "title": "Not Found", "detail": "The resource could not be found.\n\n No resource provider with uuid e1300202-cf44-4220-bab3-01c303a8a600 found for delete ", "request_id": "req-a2a88b44-017a-4626-8c39-86f2a1be07d8"}]}
2026-04-28 08:55:00.297 10 INFO neutron.services.segments.plugin [-] Segment 94c2d249-6b21-4feb-b731-245854881d93 resource provider aggregate not found
2026-04-28 08:55:00.308 10 INFO neutron.services.segments.plugin [-] Segment 94c2d249-6b21-4feb-b731-245854881d93 resource provider aggregate not found
2026-04-28 08:55:00.315 10 INFO neutron.services.segments.plugin [-] Segment 94c2d249-6b21-4feb-b731-245854881d93 resource provider not found; error: Placement Client Error (4xx): {"errors": [{"status": 404, "title": "Not Found", "detail": "The resource could not be found.\n\n No resource provider with uuid 94c2d249-6b21-4feb-b731-245854881d93 found for delete ", "request_id": "req-dde9590f-aab8-46f6-a830-31310213b388"}]}
2026-04-28 08:55:00.333 10 INFO neutron.services.segments.plugin [-] Segment 94c2d249-6b21-4feb-b731-245854881d93 resource provider not found; error: Placement Client Error (4xx): {"errors": [{"status": 404, "title": "Not Found", "detail": "The resource could not be found.\n\n No resource provider with uuid 94c2d249-6b21-4feb-b731-245854881d93 found for delete ", "request_id": "req-645e9903-ef00-465b-95f7-a2ae4305cc90"}]}
2026-04-28 08:55:00.353 10 WARNING neutron.scheduler.dhcp_agent_scheduler [None req-14987c0b-9e9b-4b95-a087-b4660b9f3d48 bc9f0dda424149e1bedc3c96f25266f0 c93f0e6afc524fc2a6756fd8ea2cb4da - - default default] No more DHCP agents
2026-04-28 08:55:00.356 10 WARNING neutron.api.rpc.agentnotifiers.dhcp_rpc_agent_api [None req-14987c0b-9e9b-4b95-a087-b4660b9f3d48 bc9f0dda424149e1bedc3c96f25266f0 c93f0e6afc524fc2a6756fd8ea2cb4da - - default default] Unable to schedule network 3db40b75-3e34-493e-b98b-e603aea618bf: no agents available; will retry on subsequent port and subnet creation events.
2026-04-28 08:55:00.392 9 INFO neutron.wsgi [None req-4c621686-ad1a-40d6-ba1b-05aacaf4e121 3d345b0c866149868bde76e588c71aa0 1b16a71e902e4e1d81ae552700af0908 - - default default] 10.0.0.101 "POST /v2.0/rbac-policies HTTP/1.1" status: 201 len: 523 time: 0.6057973
2026-04-28 08:55:00.394 10 INFO neutron.db.ovn_revision_numbers_db [None req-14987c0b-9e9b-4b95-a087-b4660b9f3d48 bc9f0dda424149e1bedc3c96f25266f0 c93f0e6afc524fc2a6756fd8ea2cb4da - - default default] Successfully bumped revision number for resource 3ce958e2-fe9d-4c82-a515-59a8fdefa427 (type: subnets) to 0
2026-04-28 08:55:00.414 10 INFO neutron.wsgi [None req-14987c0b-9e9b-4b95-a087-b4660b9f3d48 bc9f0dda424149e1bedc3c96f25266f0 c93f0e6afc524fc2a6756fd8ea2cb4da - - default default] 10.0.0.101 "POST /v2.0/subnets HTTP/1.1" status: 201 len: 821 time: 0.4050214
2026-04-28 08:55:00.705 9 INFO neutron.db.ovn_revision_numbers_db [None req-8be87f4c-a87d-4d55-a328-aded4618aa7e 56172e8c90ef45059602b768e6b9d171 fac1150d86bd43b48062b71e86218f90 - - default default] Successfully bumped revision number for resource 6f6d4312-1de1-4a8b-ad88-69c0350fc30d (type: security_groups) to 1
2026-04-28 08:55:00.721 9 INFO neutron.db.ovn_revision_numbers_db [None req-8be87f4c-a87d-4d55-a328-aded4618aa7e 56172e8c90ef45059602b768e6b9d171 fac1150d86bd43b48062b71e86218f90 - - default default] Successfully bumped revision number for resource 025012b3-1565-4be7-94da-dad2512a7d4e (type: security_group_rules) to 0
2026-04-28 08:55:00.738 9 INFO neutron.db.ovn_revision_numbers_db [None req-8be87f4c-a87d-4d55-a328-aded4618aa7e 56172e8c90ef45059602b768e6b9d171 fac1150d86bd43b48062b71e86218f90 - - default default] Successfully bumped revision number for resource 60574c43-a381-48ff-a30e-934973eab858 (type: security_group_rules) to 0
2026-04-28 08:55:00.756 9 INFO neutron.db.ovn_revision_numbers_db [None req-8be87f4c-a87d-4d55-a328-aded4618aa7e 56172e8c90ef45059602b768e6b9d171 fac1150d86bd43b48062b71e86218f90 - - default default] Successfully bumped revision number for resource aeb49e15-7451-41b2-bffc-285bad8595ef (type: security_group_rules) to 0
2026-04-28 08:55:00.785 9 INFO neutron.db.ovn_revision_numbers_db [None req-8be87f4c-a87d-4d55-a328-aded4618aa7e 56172e8c90ef45059602b768e6b9d171 fac1150d86bd43b48062b71e86218f90 - - default default] Successfully bumped revision number for resource ffbacd27-242f-475a-a1f8-dc26a582e6ff (type: security_group_rules) to 0
2026-04-28 08:55:00.821 9 INFO neutron.wsgi [None req-8be87f4c-a87d-4d55-a328-aded4618aa7e 56172e8c90ef45059602b768e6b9d171 fac1150d86bd43b48062b71e86218f90 - - default default] 10.0.0.101 "GET /v2.0/security-groups?tenant_id=35b91f24fc75411aaa869e136e6fb04f&name=default HTTP/1.1" status: 200 len: 2996 time: 0.4756961
2026-04-28 08:55:00.888 10 WARNING neutron.scheduler.dhcp_agent_scheduler [None req-efc831de-4e48-4df5-aa3e-458168ac8db7 bc9f0dda424149e1bedc3c96f25266f0 c93f0e6afc524fc2a6756fd8ea2cb4da - - default default] No more DHCP agents
2026-04-28 08:55:00.891 10 WARNING neutron.api.rpc.agentnotifiers.dhcp_rpc_agent_api [None req-efc831de-4e48-4df5-aa3e-458168ac8db7 bc9f0dda424149e1bedc3c96f25266f0 c93f0e6afc524fc2a6756fd8ea2cb4da - - default default] Unable to schedule network 3db40b75-3e34-493e-b98b-e603aea618bf: no agents available; will retry on subsequent port and subnet creation events.
2026-04-28 08:55:01.028 9 INFO neutron.wsgi [None req-22212182-d1ff-440c-998b-17265eb06914 56172e8c90ef45059602b768e6b9d171 fac1150d86bd43b48062b71e86218f90 - - default default] 10.0.0.101 "DELETE /v2.0/security-groups/6f6d4312-1de1-4a8b-ad88-69c0350fc30d HTTP/1.1" status: 204 len: 168 time: 0.2022421
2026-04-28 08:55:01.038 10 INFO neutron.wsgi [None req-eb210369-020c-42a3-b46c-4d6bea19b636 b7ddd44e036645a4a0c9c4069a47be75 c77c39967b5843b98271e6e60bd6ec08 - - default default] 10.0.0.101 "GET /v2.0/networks/65c0207c-9380-44a9-9ebf-66e7218a8f83 HTTP/1.1" status: 200 len: 849 time: 0.2663836
2026-04-28 08:55:01.321 10 INFO neutron.db.ovn_revision_numbers_db [None req-efc831de-4e48-4df5-aa3e-458168ac8db7 bc9f0dda424149e1bedc3c96f25266f0 c93f0e6afc524fc2a6756fd8ea2cb4da - - default default] Successfully bumped revision number for resource 2de04976-c2c5-485d-815c-31a830f56ee5 (type: ports) to 1
2026-04-28 08:55:01.508 10 INFO neutron.wsgi [None req-efc831de-4e48-4df5-aa3e-458168ac8db7 bc9f0dda424149e1bedc3c96f25266f0 c93f0e6afc524fc2a6756fd8ea2cb4da - - default default] 10.0.0.101 "POST /v2.0/ports HTTP/1.1" status: 201 len: 1126 time: 1.0879762
2026-04-28 08:55:01.550 10 INFO neutron.pecan_wsgi.hooks.translation [None req-9d602893-9119-4043-a280-3ff99c4dda8b 7bbd0199e41a443f9ebdb313b1130da7 76803e6f6237424da4b7c30538587382 - - default default] GET failed (client error): The resource could not be found.
2026-04-28 08:55:01.552 10 INFO neutron.wsgi [None req-9d602893-9119-4043-a280-3ff99c4dda8b 7bbd0199e41a443f9ebdb313b1130da7 76803e6f6237424da4b7c30538587382 - - default default] 10.0.0.101 "GET /v2.0/networks/65c0207c-9380-44a9-9ebf-66e7218a8f83 HTTP/1.1" status: 404 len: 339 time: 0.1579368
2026-04-28 08:55:01.680 9 INFO neutron.db.ovn_revision_numbers_db [None req-4360ec39-25d7-4bc5-8096-d0c399339f9c 56172e8c90ef45059602b768e6b9d171 fac1150d86bd43b48062b71e86218f90 - - default default] Successfully bumped revision number for resource 31cd2d8e-2088-434d-b5bc-b80bf1f7c234 (type: security_groups) to 1
2026-04-28 08:55:01.703 9 INFO neutron.db.ovn_revision_numbers_db [None req-4360ec39-25d7-4bc5-8096-d0c399339f9c 56172e8c90ef45059602b768e6b9d171 fac1150d86bd43b48062b71e86218f90 - - default default] Successfully bumped revision number for resource 24ef367e-dbec-47a5-b242-73212e86abb5 (type: security_group_rules) to 0
2026-04-28 08:55:01.822 9 INFO neutron.db.ovn_revision_numbers_db [None req-4360ec39-25d7-4bc5-8096-d0c399339f9c 56172e8c90ef45059602b768e6b9d171 fac1150d86bd43b48062b71e86218f90 - - default default] Successfully bumped revision number for resource 517ed675-96ab-43ae-bc6e-b1675748d11d (type: security_group_rules) to 0
2026-04-28 08:55:01.854 9 INFO neutron.db.ovn_revision_numbers_db [None req-4360ec39-25d7-4bc5-8096-d0c399339f9c 56172e8c90ef45059602b768e6b9d171 fac1150d86bd43b48062b71e86218f90 - - default default] Successfully bumped revision number for resource 785a6be6-46a8-447d-b258-a08ab1a4e4cd (type: security_group_rules) to 0
2026-04-28 08:55:01.891 9 INFO neutron.db.ovn_revision_numbers_db [None req-4360ec39-25d7-4bc5-8096-d0c399339f9c 56172e8c90ef45059602b768e6b9d171 fac1150d86bd43b48062b71e86218f90 - - default default] Successfully bumped revision number for resource f43c30f4-4b01-45b5-b057-e19e5eb704df (type: security_group_rules) to 0
2026-04-28 08:55:01.927 9 INFO neutron.wsgi [None req-4360ec39-25d7-4bc5-8096-d0c399339f9c 56172e8c90ef45059602b768e6b9d171 fac1150d86bd43b48062b71e86218f90 - - default default] 10.0.0.101 "GET /v2.0/security-groups?tenant_id=c845e0e3924f4e2490507c3fb290bf43&name=default HTTP/1.1" status: 200 len: 2996 time: 0.3737774
2026-04-28 08:55:01.936 10 INFO neutron.wsgi [None req-39728d49-9f84-483e-b6ea-02e936c9ff13 bc9f0dda424149e1bedc3c96f25266f0 c93f0e6afc524fc2a6756fd8ea2cb4da - - default default] 10.0.0.101 "DELETE /v2.0/ports/2de04976-c2c5-485d-815c-31a830f56ee5 HTTP/1.1" status: 204 len: 168 time: 0.4237862
2026-04-28 08:55:01.958 10 INFO neutron.pecan_wsgi.hooks.translation [None req-d1c75814-6f21-4e21-b4ba-60c5f849c072 bc9f0dda424149e1bedc3c96f25266f0 c93f0e6afc524fc2a6756fd8ea2cb4da - - default default] GET failed (client error): The resource could not be found.
2026-04-28 08:55:01.960 10 INFO neutron.wsgi [None req-d1c75814-6f21-4e21-b4ba-60c5f849c072 bc9f0dda424149e1bedc3c96f25266f0 c93f0e6afc524fc2a6756fd8ea2cb4da - - default default] 10.0.0.101 "GET /v2.0/ports/2de04976-c2c5-485d-815c-31a830f56ee5 HTTP/1.1" status: 404 len: 333 time: 0.0172925
2026-04-28 08:55:02.240 9 INFO neutron.wsgi [None req-1a4f7e64-5421-4852-90e8-f29b9bf83ba2 bc9f0dda424149e1bedc3c96f25266f0 c93f0e6afc524fc2a6756fd8ea2cb4da - - default default] 10.0.0.101 "DELETE /v2.0/subnets/3ce958e2-fe9d-4c82-a515-59a8fdefa427 HTTP/1.1" status: 204 len: 168 time: 0.2746377
2026-04-28 08:55:02.276 9 INFO neutron.wsgi [None req-f12b1e6f-95b1-405a-bd57-1ec2c14a81b6 56172e8c90ef45059602b768e6b9d171 fac1150d86bd43b48062b71e86218f90 - - default default] 10.0.0.101 "DELETE /v2.0/security-groups/31cd2d8e-2088-434d-b5bc-b80bf1f7c234 HTTP/1.1" status: 204 len: 168 time: 0.3431535
2026-04-28 08:55:02.352 10 INFO neutron.services.segments.plugin [-] Segment ea9c0e0b-e07a-44ae-86b8-981dcfc763cc resource provider aggregate not found
2026-04-28 08:55:02.368 10 INFO neutron.services.segments.plugin [-] Segment ea9c0e0b-e07a-44ae-86b8-981dcfc763cc resource provider not found; error: Placement Client Error (4xx): {"errors": [{"status": 404, "title": "Not Found", "detail": "The resource could not be found.\n\n No resource provider with uuid ea9c0e0b-e07a-44ae-86b8-981dcfc763cc found for delete ", "request_id": "req-3c35679b-e504-4911-9b5f-5566f456bf9d"}]}
2026-04-28 08:55:02.373 10 INFO neutron.services.segments.plugin [-] Segment ea9c0e0b-e07a-44ae-86b8-981dcfc763cc resource provider aggregate not found
2026-04-28 08:55:02.393 10 INFO neutron.wsgi [None req-973c5a58-5a78-4149-9e46-7db79a998f45 3d345b0c866149868bde76e588c71aa0 1b16a71e902e4e1d81ae552700af0908 - - default default] 10.0.0.101 "DELETE /v2.0/networks/65c0207c-9380-44a9-9ebf-66e7218a8f83 HTTP/1.1" status: 204 len: 168 time: 0.8329470
2026-04-28 08:55:02.396 10 INFO neutron.services.segments.plugin [-] Segment ea9c0e0b-e07a-44ae-86b8-981dcfc763cc resource provider not found; error: Placement Client Error (4xx): {"errors": [{"status": 404, "title": "Not Found", "detail": "The resource could not be found.\n\n No resource provider with uuid ea9c0e0b-e07a-44ae-86b8-981dcfc763cc found for delete ", "request_id": "req-5b8837a1-7d3e-4041-99a6-dc3843933649"}]}
2026-04-28 08:55:02.426 9 INFO neutron.pecan_wsgi.hooks.translation [None req-4d60c22d-53ff-4bd9-af87-ae109b736f88 3d345b0c866149868bde76e588c71aa0 1b16a71e902e4e1d81ae552700af0908 - - default default] DELETE failed (client error): The resource could not be found.
2026-04-28 08:55:02.429 9 INFO neutron.wsgi [None req-4d60c22d-53ff-4bd9-af87-ae109b736f88 3d345b0c866149868bde76e588c71aa0 1b16a71e902e4e1d81ae552700af0908 - - default default] 10.0.0.101 "DELETE /v2.0/subnets/fb423a2b-67c5-4b21-90b9-2b04b427c61b HTTP/1.1" status: 404 len: 337 time: 0.0265360
2026-04-28 08:55:02.441 10 INFO neutron.db.ovn_revision_numbers_db [None req-d8e8095c-a857-4ce1-b9db-15958758de8b d56a67e10a06437eb1d0248102661769 7525c3660c2b4b239daf4fd307eccf65 - - default default] Successfully bumped revision number for resource 8f19faee-e256-4293-8fcd-95829b740bfd (type: security_groups) to 1
