2026-04-28 08:53:25.305 9 INFO neutron.wsgi [req-99ae8fc0-7b0d-4331-a298-0f0e0037de06 req-037216a0-82f3-4d51-ab7c-b7094744d4e5 1673306297ea46cea0e2e65a93c8fee4 cb1a5111c579418fa4a3f1cfa1f10d6c - - 4f80f72be974423bb1c156b6d22b4158 4f80f72be974423bb1c156b6d22b4158] 10.0.0.127 "GET /v2.0/networks/c4b7c84e-70c4-47a8-8607-aacd0c8ecf2f?fields=segments HTTP/1.1" status: 200 len: 212 time: 0.1013706
2026-04-28 08:53:25.307 9 INFO neutron.wsgi [req-eef326fa-f2eb-47e3-812f-200a5141bca8 req-a8323f42-69cd-41fa-b0be-4c0d45c910f3 1673306297ea46cea0e2e65a93c8fee4 cb1a5111c579418fa4a3f1cfa1f10d6c - - 4f80f72be974423bb1c156b6d22b4158 4f80f72be974423bb1c156b6d22b4158] 10.0.0.127 "GET /v2.0/networks/973b7153-01ae-4147-93b4-d33571b05ef9?fields=provider%3Aphysical_network&fields=provider%3Anetwork_type HTTP/1.1" status: 200 len: 277 time: 0.1020396
2026-04-28 08:53:25.384 9 INFO neutron.wsgi [req-99ae8fc0-7b0d-4331-a298-0f0e0037de06 req-daf8f5bc-9031-49ac-ae01-aa7e206024c2 1673306297ea46cea0e2e65a93c8fee4 cb1a5111c579418fa4a3f1cfa1f10d6c - - 4f80f72be974423bb1c156b6d22b4158 4f80f72be974423bb1c156b6d22b4158] 10.0.0.127 "GET /v2.0/networks/c4b7c84e-70c4-47a8-8607-aacd0c8ecf2f?fields=provider%3Aphysical_network&fields=provider%3Anetwork_type HTTP/1.1" status: 200 len: 277 time: 0.0649743
2026-04-28 08:53:25.470 9 INFO neutron.wsgi [None req-e66eb689-9f93-4639-9337-eaaac541fd1b 56172e8c90ef45059602b768e6b9d171 fac1150d86bd43b48062b71e86218f90 - - default default] 10.0.0.101 "DELETE /v2.0/security-groups/23306a60-e722-468e-b5fc-4a90e5af3fb8 HTTP/1.1" status: 204 len: 168 time: 0.5614834
2026-04-28 08:53:25.521 9 INFO neutron.wsgi [req-e4cdd4a1-c186-4da4-822f-e83643d51ae0 req-34601eef-70b3-42cb-9036-86d0ba6c8c16 a8b18aca687548e9b401a300a0833676 c731fb5c619c4500916c8eabeea9d6cf - - default default] 10.0.0.127 "GET /v2.0/ports?device_id=df44a5e8-6bcf-45f3-ab47-7a1997ab7ec0 HTTP/1.1" status: 200 len: 210 time: 0.0280607
2026-04-28 08:53:25.616 9 INFO neutron.wsgi [req-29e83f46-9dbb-4e1a-b68e-3d265dce22d2 req-173ca157-359b-4118-89f5-37b17ade3c7f 79d43dc80ef7480fb7c498dc2db7e7ce 0d6165ca4de94342a9650a56494986ef - - default default] 10.0.0.127 "GET /v2.0/ports?device_id=86f80dce-9cfb-413b-8950-48efc9112670 HTTP/1.1" status: 200 len: 210 time: 0.0324855
2026-04-28 08:53:26.204 10 INFO neutron.wsgi [None req-3eaf67bd-0a96-4456-b632-5d8f3a40ae87 a4b6754ede4d40768c7e602ccf984e13 289bc8af09cb4651987719b0b843a198 - - default default] 10.0.0.101 "PUT /v2.0/routers/8d64ea33-c3fc-4729-870e-c0bf9b924b92/remove_router_interface HTTP/1.1" status: 200 len: 503 time: 1.2855637
2026-04-28 08:53:26.380 9 INFO neutron.wsgi [req-eef326fa-f2eb-47e3-812f-200a5141bca8 req-208780e0-5818-4e00-8507-1a9e45e391be a8b18aca687548e9b401a300a0833676 c731fb5c619c4500916c8eabeea9d6cf - - default default] 199.19.213.205 "GET /v2.0/networks?id=973b7153-01ae-4147-93b4-d33571b05ef9 HTTP/1.1" status: 200 len: 873 time: 0.1062360
2026-04-28 08:53:26.472 9 INFO neutron.wsgi [req-eef326fa-f2eb-47e3-812f-200a5141bca8 req-722ce5c8-310a-4935-9359-2bfb288a2523 a8b18aca687548e9b401a300a0833676 c731fb5c619c4500916c8eabeea9d6cf - - default default] 199.19.213.205 "GET /v2.0/security-groups?fields=id&fields=name&tenant_id=c731fb5c619c4500916c8eabeea9d6cf HTTP/1.1" status: 200 len: 379 time: 0.0612600 /var/lib/openstack/lib/python3.10/site-packages/pycadf/identifier.py:71: UserWarning: Invalid uuid: neutron. To ensure interoperability, identifiers should be a valid uuid. warnings.warn(('Invalid uuid: %s. To ensure interoperability, '
2026-04-28 08:53:26.642 9 INFO neutron.wsgi [req-a13c37cd-72a2-4ee7-8490-8ebc38714c6a req-11b3623a-dd57-4256-8cc2-5994fa356e62 a8b18aca687548e9b401a300a0833676 c731fb5c619c4500916c8eabeea9d6cf - - default default] 10.0.0.127 "GET /v2.0/ports?device_id=df44a5e8-6bcf-45f3-ab47-7a1997ab7ec0 HTTP/1.1" status: 200 len: 210 time: 0.0290296
2026-04-28 08:53:26.693 10 INFO neutron.wsgi [req-99ae8fc0-7b0d-4331-a298-0f0e0037de06 req-6a72aab3-fbb7-4c08-a2ae-dd3b1434561e 79d43dc80ef7480fb7c498dc2db7e7ce 0d6165ca4de94342a9650a56494986ef - - default default] 199.19.213.205 "GET /v2.0/networks?id=c4b7c84e-70c4-47a8-8607-aacd0c8ecf2f HTTP/1.1" status: 200 len: 874 time: 0.1244256
2026-04-28 08:53:26.731 9 INFO neutron.wsgi [req-9fb225bf-5526-4283-b526-ef681f6cdda5 req-007e7800-5659-4e6e-93a6-bace820b285b 79d43dc80ef7480fb7c498dc2db7e7ce 0d6165ca4de94342a9650a56494986ef - - default default] 10.0.0.127 "GET /v2.0/ports?device_id=86f80dce-9cfb-413b-8950-48efc9112670 HTTP/1.1" status: 200 len: 210 time: 0.0369256
2026-04-28 08:53:26.770 10 INFO neutron.wsgi [req-99ae8fc0-7b0d-4331-a298-0f0e0037de06 req-a856fbdd-6752-4569-95c7-811ba427eb9f 79d43dc80ef7480fb7c498dc2db7e7ce 0d6165ca4de94342a9650a56494986ef - - default default] 199.19.213.205 "GET /v2.0/security-groups?fields=id&fields=name&tenant_id=0d6165ca4de94342a9650a56494986ef HTTP/1.1" status: 200 len: 379 time: 0.0474730
2026-04-28 08:53:26.991 9 WARNING neutron.scheduler.dhcp_agent_scheduler [req-eef326fa-f2eb-47e3-812f-200a5141bca8 req-f1773478-30a1-4d3c-833b-5af377188bd5 a8b18aca687548e9b401a300a0833676 c731fb5c619c4500916c8eabeea9d6cf - - default default] No more DHCP agents
2026-04-28 08:53:26.993 9 WARNING neutron.api.rpc.agentnotifiers.dhcp_rpc_agent_api [req-eef326fa-f2eb-47e3-812f-200a5141bca8 req-f1773478-30a1-4d3c-833b-5af377188bd5 a8b18aca687548e9b401a300a0833676 c731fb5c619c4500916c8eabeea9d6cf - - default default] Unable to schedule network 973b7153-01ae-4147-93b4-d33571b05ef9: no agents available; will retry on subsequent port and subnet creation events.
2026-04-28 08:53:27.047 9 INFO neutron.wsgi [None req-8cbcc5bd-37cf-44db-8920-da04f13938c7 a4b6754ede4d40768c7e602ccf984e13 289bc8af09cb4651987719b0b843a198 - - default default] 10.0.0.101 "DELETE /v2.0/routers/8d64ea33-c3fc-4729-870e-c0bf9b924b92 HTTP/1.1" status: 204 len: 168 time: 0.8355219
2026-04-28 08:53:27.187 9 INFO neutron.db.ovn_revision_numbers_db [req-eef326fa-f2eb-47e3-812f-200a5141bca8 req-f1773478-30a1-4d3c-833b-5af377188bd5 a8b18aca687548e9b401a300a0833676 c731fb5c619c4500916c8eabeea9d6cf - - default default] Successfully bumped revision number for resource 1f351140-e07e-4dfd-86b8-1884ec343658 (type: ports) to 1
2026-04-28 08:53:27.202 10 WARNING neutron.scheduler.dhcp_agent_scheduler [req-99ae8fc0-7b0d-4331-a298-0f0e0037de06 req-47f6d751-7f4a-4876-83ec-7998fd189feb 79d43dc80ef7480fb7c498dc2db7e7ce 0d6165ca4de94342a9650a56494986ef - - default default] No more DHCP agents
2026-04-28 08:53:27.206 10 WARNING neutron.api.rpc.agentnotifiers.dhcp_rpc_agent_api [req-99ae8fc0-7b0d-4331-a298-0f0e0037de06 req-47f6d751-7f4a-4876-83ec-7998fd189feb 79d43dc80ef7480fb7c498dc2db7e7ce 0d6165ca4de94342a9650a56494986ef - - default default] Unable to schedule network c4b7c84e-70c4-47a8-8607-aacd0c8ecf2f: no agents available; will retry on subsequent port and subnet creation events.
2026-04-28 08:53:27.210 9 INFO neutron.wsgi [req-eef326fa-f2eb-47e3-812f-200a5141bca8 req-f1773478-30a1-4d3c-833b-5af377188bd5 a8b18aca687548e9b401a300a0833676 c731fb5c619c4500916c8eabeea9d6cf - - default default] 199.19.213.205 "POST /v2.0/ports HTTP/1.1" status: 201 len: 1162 time: 0.7302346 /var/lib/openstack/lib/python3.10/site-packages/pycadf/identifier.py:71: UserWarning: Invalid uuid: neutron. To ensure interoperability, identifiers should be a valid uuid. warnings.warn(('Invalid uuid: %s. To ensure interoperability, '
2026-04-28 08:53:27.292 10 INFO neutron.wsgi [None req-0f7f321a-28df-40da-b240-9d14e4988747 a4b6754ede4d40768c7e602ccf984e13 289bc8af09cb4651987719b0b843a198 - - default default] 10.0.0.101 "DELETE /v2.0/subnets/0a2776c4-6f51-4e46-9484-be577bf7fcd8 HTTP/1.1" status: 204 len: 168 time: 0.2388017 /var/lib/openstack/lib/python3.10/site-packages/pycadf/identifier.py:71: UserWarning: Invalid uuid: neutron. To ensure interoperability, identifiers should be a valid uuid. warnings.warn(('Invalid uuid: %s. To ensure interoperability, '
2026-04-28 08:53:27.420 10 INFO neutron.db.ovn_revision_numbers_db [req-99ae8fc0-7b0d-4331-a298-0f0e0037de06 req-47f6d751-7f4a-4876-83ec-7998fd189feb 79d43dc80ef7480fb7c498dc2db7e7ce 0d6165ca4de94342a9650a56494986ef - - default default] Successfully bumped revision number for resource bbf16f86-1d34-4666-8124-2a9f212c4e22 (type: ports) to 1
2026-04-28 08:53:27.457 10 INFO neutron.wsgi [req-99ae8fc0-7b0d-4331-a298-0f0e0037de06 req-47f6d751-7f4a-4876-83ec-7998fd189feb 79d43dc80ef7480fb7c498dc2db7e7ce 0d6165ca4de94342a9650a56494986ef - - default default] 199.19.213.205 "POST /v2.0/ports HTTP/1.1" status: 201 len: 1162 time: 0.6814382
2026-04-28 08:53:27.651 9 INFO neutron.db.ovn_revision_numbers_db [req-eef326fa-f2eb-47e3-812f-200a5141bca8 req-f1aa019f-81ed-4d69-8eb7-8ec53738aa03 1673306297ea46cea0e2e65a93c8fee4 cb1a5111c579418fa4a3f1cfa1f10d6c - - 4f80f72be974423bb1c156b6d22b4158 4f80f72be974423bb1c156b6d22b4158] Successfully bumped revision number for resource 1f351140-e07e-4dfd-86b8-1884ec343658 (type: ports) to 2 /var/lib/openstack/lib/python3.10/site-packages/pycadf/identifier.py:71: UserWarning: Invalid uuid: neutron. To ensure interoperability, identifiers should be a valid uuid. warnings.warn(('Invalid uuid: %s. To ensure interoperability, '
2026-04-28 08:53:27.770 10 INFO neutron.services.segments.plugin [-] Segment f3ff7d18-643c-4752-9783-ec9e89d8d1cc resource provider aggregate not found
2026-04-28 08:53:27.775 9 INFO neutron.wsgi [req-61f95321-bfc8-4159-a370-732799689d87 req-a89f0093-c09a-437a-883c-8866389c442a a8b18aca687548e9b401a300a0833676 c731fb5c619c4500916c8eabeea9d6cf - - default default] 10.0.0.127 "GET /v2.0/ports?device_id=df44a5e8-6bcf-45f3-ab47-7a1997ab7ec0 HTTP/1.1" status: 200 len: 1172 time: 0.0520031
2026-04-28 08:53:27.777 10 INFO neutron.services.segments.plugin [-] Segment f3ff7d18-643c-4752-9783-ec9e89d8d1cc resource provider aggregate not found
2026-04-28 08:53:27.802 10 INFO neutron.services.segments.plugin [-] Segment f3ff7d18-643c-4752-9783-ec9e89d8d1cc resource provider not found; error: Placement Client Error (4xx): {"errors": [{"status": 404, "title": "Not Found", "detail": "The resource could not be found.\n\n No resource provider with uuid f3ff7d18-643c-4752-9783-ec9e89d8d1cc found for delete ", "request_id": "req-61548b57-a651-4545-9c5a-0b1d19a435ec"}]}
2026-04-28 08:53:27.810 10 INFO neutron.services.segments.plugin [-] Segment f3ff7d18-643c-4752-9783-ec9e89d8d1cc resource provider not found; error: Placement Client Error (4xx): {"errors": [{"status": 404, "title": "Not Found", "detail": "The resource could not be found.\n\n No resource provider with uuid f3ff7d18-643c-4752-9783-ec9e89d8d1cc found for delete ", "request_id": "req-1572f1c4-266b-4587-922e-a666e808e1b7"}]}
2026-04-28 08:53:27.849 10 INFO neutron.wsgi [None req-b477ead3-5b9e-4402-8955-3d3b6c174a24 a4b6754ede4d40768c7e602ccf984e13 289bc8af09cb4651987719b0b843a198 - - default default] 10.0.0.101 "DELETE /v2.0/networks/08ec8326-22df-4fb0-bcf8-7a6714c8d3d6 HTTP/1.1" status: 204 len: 168 time: 0.5507052
2026-04-28 08:53:27.880 9 INFO neutron.wsgi [req-f5803a17-3989-4aec-8e82-1f27c0daaf20 req-f2ec724d-27e9-469b-b829-80b7f0cda78d 79d43dc80ef7480fb7c498dc2db7e7ce 0d6165ca4de94342a9650a56494986ef - - default default] 10.0.0.127 "GET /v2.0/ports?device_id=86f80dce-9cfb-413b-8950-48efc9112670 HTTP/1.1" status: 200 len: 1172 time: 0.0686278 /var/lib/openstack/lib/python3.10/site-packages/pycadf/identifier.py:71: UserWarning: Invalid uuid: neutron. To ensure interoperability, identifiers should be a valid uuid. warnings.warn(('Invalid uuid: %s. To ensure interoperability, '
2026-04-28 08:53:27.904 9 INFO neutron.wsgi [req-61f95321-bfc8-4159-a370-732799689d87 req-56edd38e-9808-4265-9994-ae23b53beb78 a8b18aca687548e9b401a300a0833676 c731fb5c619c4500916c8eabeea9d6cf - - default default] 10.0.0.127 "GET /v2.0/security-groups?id=2921057f-9c05-4124-8bcf-c8e657baefda&fields=id&fields=name HTTP/1.1" status: 200 len: 312 time: 0.1102705
2026-04-28 08:53:27.946 9 INFO neutron.wsgi [req-f5803a17-3989-4aec-8e82-1f27c0daaf20 req-d2da3fc0-1668-4f4c-9652-f7d45caa6090 79d43dc80ef7480fb7c498dc2db7e7ce 0d6165ca4de94342a9650a56494986ef - - default default] 10.0.0.127 "GET /v2.0/security-groups?id=b036028c-8d72-4ecd-99fa-61b7291ac658&fields=id&fields=name HTTP/1.1" status: 200 len: 312 time: 0.0514612
2026-04-28 08:53:28.006 9 INFO neutron.db.ovn_revision_numbers_db [req-eef326fa-f2eb-47e3-812f-200a5141bca8 req-f1aa019f-81ed-4d69-8eb7-8ec53738aa03 1673306297ea46cea0e2e65a93c8fee4 cb1a5111c579418fa4a3f1cfa1f10d6c - - 4f80f72be974423bb1c156b6d22b4158 4f80f72be974423bb1c156b6d22b4158] Successfully bumped revision number for resource 1f351140-e07e-4dfd-86b8-1884ec343658 (type: ports) to 2
2026-04-28 08:53:28.024 10 INFO neutron.db.ovn_revision_numbers_db [req-99ae8fc0-7b0d-4331-a298-0f0e0037de06 req-d4c7496b-baa8-49be-954e-b2a2985f250c 1673306297ea46cea0e2e65a93c8fee4 cb1a5111c579418fa4a3f1cfa1f10d6c - - 4f80f72be974423bb1c156b6d22b4158 4f80f72be974423bb1c156b6d22b4158] Successfully bumped revision number for resource bbf16f86-1d34-4666-8124-2a9f212c4e22 (type: ports) to 2
2026-04-28 08:53:28.027 9 INFO neutron.wsgi [req-eef326fa-f2eb-47e3-812f-200a5141bca8 req-f1aa019f-81ed-4d69-8eb7-8ec53738aa03 1673306297ea46cea0e2e65a93c8fee4 cb1a5111c579418fa4a3f1cfa1f10d6c - - 4f80f72be974423bb1c156b6d22b4158 4f80f72be974423bb1c156b6d22b4158] 199.19.213.205 "PUT /v2.0/ports/1f351140-e07e-4dfd-86b8-1884ec343658 HTTP/1.1" status: 200 len: 1380 time: 0.8076322
2026-04-28 08:53:28.063 9 INFO neutron.notifiers.nova [-] Nova event matching ['req-95723db6-d904-4950-a2dd-3a6ae8016d0a'] response: {'name': 'network-changed', 'server_uuid': 'df44a5e8-6bcf-45f3-ab47-7a1997ab7ec0', 'tag': '1f351140-e07e-4dfd-86b8-1884ec343658', 'status': 'completed', 'code': 200}
2026-04-28 08:53:28.109 9 INFO neutron.wsgi [req-eef326fa-f2eb-47e3-812f-200a5141bca8 req-3e4b0b08-33cd-4056-9902-033c54f4a57b 1673306297ea46cea0e2e65a93c8fee4 cb1a5111c579418fa4a3f1cfa1f10d6c - - 4f80f72be974423bb1c156b6d22b4158 4f80f72be974423bb1c156b6d22b4158] 199.19.213.205 "GET /v2.0/ports?tenant_id=c731fb5c619c4500916c8eabeea9d6cf&device_id=df44a5e8-6bcf-45f3-ab47-7a1997ab7ec0 HTTP/1.1" status: 200 len: 1411 time: 0.0419254
2026-04-28 08:53:28.138 9 INFO neutron.wsgi [req-eef326fa-f2eb-47e3-812f-200a5141bca8 req-1f1e7fc6-2570-40e6-94bf-af48cc493988 1673306297ea46cea0e2e65a93c8fee4 cb1a5111c579418fa4a3f1cfa1f10d6c - - 4f80f72be974423bb1c156b6d22b4158 4f80f72be974423bb1c156b6d22b4158] 199.19.213.205 "GET /v2.0/floatingips?fixed_ip_address=10.100.0.14&port_id=1f351140-e07e-4dfd-86b8-1884ec343658 HTTP/1.1" status: 200 len: 217 time: 0.0240941
2026-04-28 08:53:28.193 9 WARNING neutron.plugins.ml2.drivers.ovn.mech_driver.ovsdb.ovn_client [None req-9d8d9a68-c9b2-4170-96b5-9135659312c3 - - - - - -] No hosting information found for port 18457215-3503-49de-a007-5fb3a4488505: RuntimeError: No hosting information found for port 18457215-3503-49de-a007-5fb3a4488505
2026-04-28 08:53:28.225 10 INFO neutron.db.ovn_revision_numbers_db [req-99ae8fc0-7b0d-4331-a298-0f0e0037de06 req-d4c7496b-baa8-49be-954e-b2a2985f250c 1673306297ea46cea0e2e65a93c8fee4 cb1a5111c579418fa4a3f1cfa1f10d6c - - 4f80f72be974423bb1c156b6d22b4158 4f80f72be974423bb1c156b6d22b4158] Successfully bumped revision number for resource bbf16f86-1d34-4666-8124-2a9f212c4e22 (type: ports) to 2
2026-04-28 08:53:28.232 9 INFO neutron.wsgi [req-eef326fa-f2eb-47e3-812f-200a5141bca8 req-67b763e6-823f-4267-b2ff-35c42968b661 1673306297ea46cea0e2e65a93c8fee4 cb1a5111c579418fa4a3f1cfa1f10d6c - - 4f80f72be974423bb1c156b6d22b4158 4f80f72be974423bb1c156b6d22b4158] 199.19.213.205 "GET /v2.0/subnets?id=4016f102-9709-4843-b3cc-a2ec32e3324c HTTP/1.1" status: 200 len: 867 time: 0.0891132
2026-04-28 08:53:28.242 10 INFO neutron.wsgi [req-99ae8fc0-7b0d-4331-a298-0f0e0037de06 req-d4c7496b-baa8-49be-954e-b2a2985f250c 1673306297ea46cea0e2e65a93c8fee4 cb1a5111c579418fa4a3f1cfa1f10d6c - - 4f80f72be974423bb1c156b6d22b4158 4f80f72be974423bb1c156b6d22b4158] 199.19.213.205 "PUT /v2.0/ports/bbf16f86-1d34-4666-8124-2a9f212c4e22 HTTP/1.1" status: 200 len: 1380 time: 0.7780612 /var/lib/openstack/lib/python3.10/site-packages/pycadf/identifier.py:71: UserWarning: Invalid uuid: neutron. To ensure interoperability, identifiers should be a valid uuid. warnings.warn(('Invalid uuid: %s. To ensure interoperability, '
2026-04-28 08:53:28.293 10 INFO neutron.notifiers.nova [-] Nova event matching ['req-22651c43-c306-4467-94c1-bb4871a6d682'] response: {'name': 'network-changed', 'server_uuid': '86f80dce-9cfb-413b-8950-48efc9112670', 'tag': 'bbf16f86-1d34-4666-8124-2a9f212c4e22', 'status': 'completed', 'code': 200} /var/lib/openstack/lib/python3.10/site-packages/pycadf/identifier.py:71: UserWarning: Invalid uuid: neutron. To ensure interoperability, identifiers should be a valid uuid. warnings.warn(('Invalid uuid: %s. To ensure interoperability, '
2026-04-28 08:53:28.303 9 INFO neutron.wsgi [req-eef326fa-f2eb-47e3-812f-200a5141bca8 req-3e8c3e06-2566-4c23-ab1c-2025d439f80f 1673306297ea46cea0e2e65a93c8fee4 cb1a5111c579418fa4a3f1cfa1f10d6c - - 4f80f72be974423bb1c156b6d22b4158 4f80f72be974423bb1c156b6d22b4158] 199.19.213.205 "GET /v2.0/ports?network_id=973b7153-01ae-4147-93b4-d33571b05ef9&device_owner=network%3Adhcp HTTP/1.1" status: 200 len: 210 time: 0.0345740
2026-04-28 08:53:28.337 10 INFO neutron.wsgi [req-99ae8fc0-7b0d-4331-a298-0f0e0037de06 req-25a2c6a6-ea37-4871-a7df-d0b0c704656d 1673306297ea46cea0e2e65a93c8fee4 cb1a5111c579418fa4a3f1cfa1f10d6c - - 4f80f72be974423bb1c156b6d22b4158 4f80f72be974423bb1c156b6d22b4158] 199.19.213.205 "GET /v2.0/ports?tenant_id=0d6165ca4de94342a9650a56494986ef&device_id=86f80dce-9cfb-413b-8950-48efc9112670 HTTP/1.1" status: 200 len: 1411 time: 0.0402262
2026-04-28 08:53:28.362 10 INFO neutron.wsgi [req-99ae8fc0-7b0d-4331-a298-0f0e0037de06 req-90ed5ca5-8ca5-4398-baaa-d450a0af8e44 1673306297ea46cea0e2e65a93c8fee4 cb1a5111c579418fa4a3f1cfa1f10d6c - - 4f80f72be974423bb1c156b6d22b4158 4f80f72be974423bb1c156b6d22b4158] 199.19.213.205 "GET /v2.0/floatingips?fixed_ip_address=10.100.0.11&port_id=bbf16f86-1d34-4666-8124-2a9f212c4e22 HTTP/1.1" status: 200 len: 217 time: 0.0210581
2026-04-28 08:53:28.391 9 INFO neutron.wsgi [req-eef326fa-f2eb-47e3-812f-200a5141bca8 req-e5f92bfd-1a57-477e-a66a-8cdab599f4a7 1673306297ea46cea0e2e65a93c8fee4 cb1a5111c579418fa4a3f1cfa1f10d6c - - 4f80f72be974423bb1c156b6d22b4158 4f80f72be974423bb1c156b6d22b4158] 199.19.213.205 "GET /v2.0/networks/973b7153-01ae-4147-93b4-d33571b05ef9?fields=segments HTTP/1.1" status: 200 len: 212 time: 0.0801094
2026-04-28 08:53:28.400 10 INFO neutron.wsgi [req-99ae8fc0-7b0d-4331-a298-0f0e0037de06 req-8b490329-12e7-4adf-aa9a-7e9f41d49203 1673306297ea46cea0e2e65a93c8fee4 cb1a5111c579418fa4a3f1cfa1f10d6c - - 4f80f72be974423bb1c156b6d22b4158 4f80f72be974423bb1c156b6d22b4158] 199.19.213.205 "GET /v2.0/subnets?id=f1fc8955-a297-40f4-8eb5-b27886b48e3c HTTP/1.1" status: 200 len: 868 time: 0.0326936
2026-04-28 08:53:28.425 10 INFO neutron.wsgi [req-99ae8fc0-7b0d-4331-a298-0f0e0037de06 req-602eab2e-5011-43a5-86fa-e271c5f16043 1673306297ea46cea0e2e65a93c8fee4 cb1a5111c579418fa4a3f1cfa1f10d6c - - 4f80f72be974423bb1c156b6d22b4158 4f80f72be974423bb1c156b6d22b4158] 199.19.213.205 "GET /v2.0/ports?network_id=c4b7c84e-70c4-47a8-8607-aacd0c8ecf2f&device_owner=network%3Adhcp HTTP/1.1" status: 200 len: 210 time: 0.0213642
2026-04-28 08:53:28.472 9 INFO neutron.wsgi [req-eef326fa-f2eb-47e3-812f-200a5141bca8 req-c41e850e-ee6e-4513-9a73-7a4d8e58c88c 1673306297ea46cea0e2e65a93c8fee4 cb1a5111c579418fa4a3f1cfa1f10d6c - - 4f80f72be974423bb1c156b6d22b4158 4f80f72be974423bb1c156b6d22b4158] 199.19.213.205 "GET /v2.0/networks/973b7153-01ae-4147-93b4-d33571b05ef9?fields=provider%3Aphysical_network&fields=provider%3Anetwork_type HTTP/1.1" status: 200 len: 277 time: 0.0758412
2026-04-28 08:53:28.495 10 WARNING neutron.plugins.ml2.drivers.ovn.mech_driver.ovsdb.ovn_client [None req-f510634f-91cc-4364-8747-c1e950e212a6 - - - - - -] No hosting information found for port 3b84f20c-2e80-485d-8950-7859f40b495f: RuntimeError: No hosting information found for port 3b84f20c-2e80-485d-8950-7859f40b495f
2026-04-28 08:53:28.559 9 INFO neutron.wsgi [req-099c8bf0-9104-4f97-8f13-d14f9b15ec07 req-a15a7bed-f6be-4ec4-8073-ec71ae2620fa 1673306297ea46cea0e2e65a93c8fee4 cb1a5111c579418fa4a3f1cfa1f10d6c - - 4f80f72be974423bb1c156b6d22b4158 4f80f72be974423bb1c156b6d22b4158] 199.19.213.205 "GET /v2.0/ports?tenant_id=c731fb5c619c4500916c8eabeea9d6cf&device_id=df44a5e8-6bcf-45f3-ab47-7a1997ab7ec0 HTTP/1.1" status: 200 len: 1411 time: 0.0433517
2026-04-28 08:53:28.559 10 INFO neutron.wsgi [req-99ae8fc0-7b0d-4331-a298-0f0e0037de06 req-a763c388-cb5c-4699-8314-6d40a915eeea 1673306297ea46cea0e2e65a93c8fee4 cb1a5111c579418fa4a3f1cfa1f10d6c - - 4f80f72be974423bb1c156b6d22b4158 4f80f72be974423bb1c156b6d22b4158] 199.19.213.205 "GET /v2.0/networks/c4b7c84e-70c4-47a8-8607-aacd0c8ecf2f?fields=segments HTTP/1.1" status: 200 len: 212 time: 0.1269007 /var/lib/openstack/lib/python3.10/site-packages/pycadf/identifier.py:71: UserWarning: Invalid uuid: neutron. To ensure interoperability, identifiers should be a valid uuid. warnings.warn(('Invalid uuid: %s. To ensure interoperability, '
2026-04-28 08:53:28.644 10 INFO neutron.wsgi [req-99ae8fc0-7b0d-4331-a298-0f0e0037de06 req-10baf308-674d-457a-a450-64d76a5cf0a4 1673306297ea46cea0e2e65a93c8fee4 cb1a5111c579418fa4a3f1cfa1f10d6c - - 4f80f72be974423bb1c156b6d22b4158 4f80f72be974423bb1c156b6d22b4158] 199.19.213.205 "GET /v2.0/networks/c4b7c84e-70c4-47a8-8607-aacd0c8ecf2f?fields=provider%3Aphysical_network&fields=provider%3Anetwork_type HTTP/1.1" status: 200 len: 277 time: 0.0736239
2026-04-28 08:53:28.677 9 INFO neutron.wsgi [req-099c8bf0-9104-4f97-8f13-d14f9b15ec07 req-f2f5939e-7c20-4d9a-8b1c-3ba3957c6b70 1673306297ea46cea0e2e65a93c8fee4 cb1a5111c579418fa4a3f1cfa1f10d6c - - 4f80f72be974423bb1c156b6d22b4158 4f80f72be974423bb1c156b6d22b4158] 199.19.213.205 "GET /v2.0/networks?id=973b7153-01ae-4147-93b4-d33571b05ef9 HTTP/1.1" status: 200 len: 972 time: 0.1058774
2026-04-28 08:53:28.719 9 INFO neutron.plugins.ml2.drivers.ovn.mech_driver.mech_driver [None req-9d8d9a68-c9b2-4170-96b5-9135659312c3 - - - - - -] OVN reports status up for port: 1f351140-e07e-4dfd-86b8-1884ec343658
2026-04-28 08:53:28.722 9 INFO neutron.wsgi [req-099c8bf0-9104-4f97-8f13-d14f9b15ec07 req-0b924fde-0fa7-43d8-b18a-f4a88c63b23f 1673306297ea46cea0e2e65a93c8fee4 cb1a5111c579418fa4a3f1cfa1f10d6c - - 4f80f72be974423bb1c156b6d22b4158 4f80f72be974423bb1c156b6d22b4158] 199.19.213.205 "GET /v2.0/floatingips?fixed_ip_address=10.100.0.14&port_id=1f351140-e07e-4dfd-86b8-1884ec343658 HTTP/1.1" status: 200 len: 217 time: 0.0410120
2026-04-28 08:53:28.725 9 INFO neutron.wsgi [None req-dec80abc-1dba-4d01-80d1-7ea74f00593e 56172e8c90ef45059602b768e6b9d171 fac1150d86bd43b48062b71e86218f90 - - default default] 10.0.0.101 "GET /v2.0/security-groups?tenant_id=289bc8af09cb4651987719b0b843a198&name=default HTTP/1.1" status: 200 len: 2996 time: 0.3076687
2026-04-28 08:53:28.744 10 INFO neutron.wsgi [req-a70f49d5-d034-44c0-a001-ad36325e93b8 req-b6437c76-843d-49ae-b94e-c304c8a054a4 1673306297ea46cea0e2e65a93c8fee4 cb1a5111c579418fa4a3f1cfa1f10d6c - - 4f80f72be974423bb1c156b6d22b4158 4f80f72be974423bb1c156b6d22b4158] 199.19.213.205 "GET /v2.0/ports?tenant_id=0d6165ca4de94342a9650a56494986ef&device_id=86f80dce-9cfb-413b-8950-48efc9112670 HTTP/1.1" status: 200 len: 1411 time: 0.0323341
2026-04-28 08:53:28.767 9 INFO neutron.plugins.ml2.plugin [None req-9d8d9a68-c9b2-4170-96b5-9135659312c3 - - - - - -] Attempt 1 to provision port 1f351140-e07e-4dfd-86b8-1884ec343658
2026-04-28 08:53:28.786 9 INFO neutron.wsgi [req-099c8bf0-9104-4f97-8f13-d14f9b15ec07 req-259c8543-c197-4816-b5af-db241feefd11 1673306297ea46cea0e2e65a93c8fee4 cb1a5111c579418fa4a3f1cfa1f10d6c - - 4f80f72be974423bb1c156b6d22b4158 4f80f72be974423bb1c156b6d22b4158] 199.19.213.205 "GET /v2.0/subnets?id=4016f102-9709-4843-b3cc-a2ec32e3324c HTTP/1.1" status: 200 len: 867 time: 0.0574496
2026-04-28 08:53:28.810 10 INFO neutron.wsgi [req-a70f49d5-d034-44c0-a001-ad36325e93b8 req-4cab00f7-47fd-49a1-addd-f23650054638 1673306297ea46cea0e2e65a93c8fee4 cb1a5111c579418fa4a3f1cfa1f10d6c - - 4f80f72be974423bb1c156b6d22b4158 4f80f72be974423bb1c156b6d22b4158] 199.19.213.205 "GET /v2.0/networks?id=c4b7c84e-70c4-47a8-8607-aacd0c8ecf2f HTTP/1.1" status: 200 len: 973 time: 0.0595560
2026-04-28 08:53:28.829 9 INFO neutron.wsgi [req-099c8bf0-9104-4f97-8f13-d14f9b15ec07 req-b7dbe18f-ee68-49f7-90dc-225dcb2ee3d6 1673306297ea46cea0e2e65a93c8fee4 cb1a5111c579418fa4a3f1cfa1f10d6c - - 4f80f72be974423bb1c156b6d22b4158 4f80f72be974423bb1c156b6d22b4158] 199.19.213.205 "GET /v2.0/ports?network_id=973b7153-01ae-4147-93b4-d33571b05ef9&device_owner=network%3Adhcp HTTP/1.1" status: 200 len: 210 time: 0.0359473
2026-04-28 08:53:28.843 10 INFO neutron.wsgi [req-a70f49d5-d034-44c0-a001-ad36325e93b8 req-ad71856f-1dfc-4a21-a7b6-b1d3ce711551 1673306297ea46cea0e2e65a93c8fee4 cb1a5111c579418fa4a3f1cfa1f10d6c - - 4f80f72be974423bb1c156b6d22b4158 4f80f72be974423bb1c156b6d22b4158] 199.19.213.205 "GET /v2.0/floatingips?fixed_ip_address=10.100.0.11&port_id=bbf16f86-1d34-4666-8124-2a9f212c4e22 HTTP/1.1" status: 200 len: 217 time: 0.0260637
2026-04-28 08:53:28.896 10 INFO neutron.wsgi [req-a70f49d5-d034-44c0-a001-ad36325e93b8 req-bdc95b7f-afcc-4c7f-a1fe-a665cad7062c 1673306297ea46cea0e2e65a93c8fee4 cb1a5111c579418fa4a3f1cfa1f10d6c - - 4f80f72be974423bb1c156b6d22b4158 4f80f72be974423bb1c156b6d22b4158] 199.19.213.205 "GET /v2.0/subnets?id=f1fc8955-a297-40f4-8eb5-b27886b48e3c HTTP/1.1" status: 200 len: 868 time: 0.0476484
2026-04-28 08:53:28.928 10 INFO neutron.plugins.ml2.drivers.ovn.mech_driver.mech_driver [None req-f510634f-91cc-4364-8747-c1e950e212a6 - - - - - -] OVN reports status up for port: bbf16f86-1d34-4666-8124-2a9f212c4e22
2026-04-28 08:53:28.931 10 INFO neutron.wsgi [req-a70f49d5-d034-44c0-a001-ad36325e93b8 req-17034ce1-3e26-4ad3-8617-d31f7be86a4e 1673306297ea46cea0e2e65a93c8fee4 cb1a5111c579418fa4a3f1cfa1f10d6c - - 4f80f72be974423bb1c156b6d22b4158 4f80f72be974423bb1c156b6d22b4158] 199.19.213.205 "GET /v2.0/ports?network_id=c4b7c84e-70c4-47a8-8607-aacd0c8ecf2f&device_owner=network%3Adhcp HTTP/1.1" status: 200 len: 210 time: 0.0274878
2026-04-28 08:53:28.945 10 INFO neutron.plugins.ml2.plugin [None req-f510634f-91cc-4364-8747-c1e950e212a6 - - - - - -] Attempt 1 to provision port bbf16f86-1d34-4666-8124-2a9f212c4e22
2026-04-28 08:53:28.951 9 INFO neutron.wsgi [req-099c8bf0-9104-4f97-8f13-d14f9b15ec07 req-9abe6056-84c8-4a5f-a809-23676e845024 1673306297ea46cea0e2e65a93c8fee4 cb1a5111c579418fa4a3f1cfa1f10d6c - - 4f80f72be974423bb1c156b6d22b4158 4f80f72be974423bb1c156b6d22b4158] 199.19.213.205 "GET /v2.0/networks/973b7153-01ae-4147-93b4-d33571b05ef9?fields=segments HTTP/1.1" status: 200 len: 212 time: 0.1106071
2026-04-28 08:53:29.041 10 INFO neutron.wsgi [req-a70f49d5-d034-44c0-a001-ad36325e93b8 req-7fed1fc8-76ae-4af8-8bec-e85dd106c6d9 1673306297ea46cea0e2e65a93c8fee4 cb1a5111c579418fa4a3f1cfa1f10d6c - - 4f80f72be974423bb1c156b6d22b4158 4f80f72be974423bb1c156b6d22b4158] 199.19.213.205 "GET /v2.0/networks/c4b7c84e-70c4-47a8-8607-aacd0c8ecf2f?fields=segments HTTP/1.1" status: 200 len: 212 time: 0.1031854
2026-04-28 08:53:29.143 10 INFO neutron.wsgi [req-a70f49d5-d034-44c0-a001-ad36325e93b8 req-3f21e349-cfea-4b42-b90c-c46ee87648b1 1673306297ea46cea0e2e65a93c8fee4 cb1a5111c579418fa4a3f1cfa1f10d6c - - 4f80f72be974423bb1c156b6d22b4158 4f80f72be974423bb1c156b6d22b4158] 199.19.213.205 "GET /v2.0/networks/c4b7c84e-70c4-47a8-8607-aacd0c8ecf2f?fields=provider%3Aphysical_network&fields=provider%3Anetwork_type HTTP/1.1" status: 200 len: 277 time: 0.0930471
2026-04-28 08:53:29.336 9 INFO neutron.wsgi [req-099c8bf0-9104-4f97-8f13-d14f9b15ec07 req-81f90af4-00e9-408d-b867-64c24e43a64c 1673306297ea46cea0e2e65a93c8fee4 cb1a5111c579418fa4a3f1cfa1f10d6c - - 4f80f72be974423bb1c156b6d22b4158 4f80f72be974423bb1c156b6d22b4158] 199.19.213.205 "GET /v2.0/networks/973b7153-01ae-4147-93b4-d33571b05ef9?fields=provider%3Aphysical_network&fields=provider%3Anetwork_type HTTP/1.1" status: 200 len: 277 time: 0.3745592
2026-04-28 08:53:29.366 9 INFO neutron.wsgi [req-421628a6-9daa-4aa1-b823-bc02b67b6a17 req-1385861e-f018-4e6b-8848-d2aefb02de2f 79d43dc80ef7480fb7c498dc2db7e7ce 0d6165ca4de94342a9650a56494986ef - - default default] 10.0.0.127 "GET /v2.0/ports?device_id=86f80dce-9cfb-413b-8950-48efc9112670 HTTP/1.1" status: 200 len: 1174 time: 0.0808415
2026-04-28 08:53:29.372 9 INFO neutron.wsgi [req-dac2a716-2efe-4b1f-91d2-04c6878fa8b1 req-3337130c-b075-4cd6-8ed3-3c51428698b5 a8b18aca687548e9b401a300a0833676 c731fb5c619c4500916c8eabeea9d6cf - - default default] 10.0.0.127 "GET /v2.0/ports?device_id=df44a5e8-6bcf-45f3-ab47-7a1997ab7ec0 HTTP/1.1" status: 200 len: 1174 time: 0.3368127
2026-04-28 08:53:29.443 10 INFO neutron.db.ovn_revision_numbers_db [None req-f510634f-91cc-4364-8747-c1e950e212a6 - - - - - -] Successfully bumped revision number for resource bbf16f86-1d34-4666-8124-2a9f212c4e22 (type: ports) to 4
2026-04-28 08:53:29.451 9 INFO neutron.wsgi [req-421628a6-9daa-4aa1-b823-bc02b67b6a17 req-723c1c17-8d1c-44ef-a032-31aa3a42d46d 79d43dc80ef7480fb7c498dc2db7e7ce 0d6165ca4de94342a9650a56494986ef - - default default] 10.0.0.127 "GET /v2.0/security-groups?id=b036028c-8d72-4ecd-99fa-61b7291ac658&fields=id&fields=name HTTP/1.1" status: 200 len: 312 time: 0.0762661
2026-04-28 08:53:29.475 9 INFO neutron.wsgi [req-dac2a716-2efe-4b1f-91d2-04c6878fa8b1 req-f1ce2b18-068d-42da-90ef-d47436d5d18f a8b18aca687548e9b401a300a0833676 c731fb5c619c4500916c8eabeea9d6cf - - default default] 10.0.0.127 "GET /v2.0/security-groups?id=2921057f-9c05-4124-8bcf-c8e657baefda&fields=id&fields=name HTTP/1.1" status: 200 len: 312 time: 0.0916131
2026-04-28 08:53:29.505 9 INFO neutron.wsgi [None req-042ae6e4-2171-4ebc-822a-84a6a9ffd1a1 56172e8c90ef45059602b768e6b9d171 fac1150d86bd43b48062b71e86218f90 - - default default] 10.0.0.101 "DELETE /v2.0/security-groups/fd68c748-4394-432c-92c3-fe1dfb309ab1 HTTP/1.1" status: 204 len: 168 time: 0.7668228
2026-04-28 08:53:29.565 9 INFO neutron.db.ovn_revision_numbers_db [None req-9d8d9a68-c9b2-4170-96b5-9135659312c3 - - - - - -] Successfully bumped revision number for resource 1f351140-e07e-4dfd-86b8-1884ec343658 (type: ports) to 4
2026-04-28 08:53:30.111 9 INFO neutron.notifiers.nova [-] Nova event matching ['req-67791870-93f3-47a3-9533-78645a3aeb6a'] response: {'server_uuid': 'df44a5e8-6bcf-45f3-ab47-7a1997ab7ec0', 'name': 'network-vif-plugged', 'status': 'completed', 'tag': '1f351140-e07e-4dfd-86b8-1884ec343658', 'code': 200}
2026-04-28 08:53:30.111 9 INFO neutron.notifiers.nova [-] Nova event matching ['req-67791870-93f3-47a3-9533-78645a3aeb6a'] response: {'server_uuid': 'df44a5e8-6bcf-45f3-ab47-7a1997ab7ec0', 'name': 'network-vif-plugged', 'status': 'completed', 'tag': '1f351140-e07e-4dfd-86b8-1884ec343658', 'code': 200}
2026-04-28 08:53:30.340 10 INFO neutron.notifiers.nova [-] Nova event matching ['req-ad3c6a2f-3c3f-40df-9623-77d0aaf817e0'] response: {'server_uuid': '86f80dce-9cfb-413b-8950-48efc9112670', 'name': 'network-vif-plugged', 'status': 'completed', 'tag': 'bbf16f86-1d34-4666-8124-2a9f212c4e22', 'code': 200}
2026-04-28 08:53:30.341 10 INFO neutron.notifiers.nova [-] Nova event matching ['req-ad3c6a2f-3c3f-40df-9623-77d0aaf817e0'] response: {'server_uuid': '86f80dce-9cfb-413b-8950-48efc9112670', 'name': 'network-vif-plugged', 'status': 'completed', 'tag': 'bbf16f86-1d34-4666-8124-2a9f212c4e22', 'code': 200} /var/lib/openstack/lib/python3.10/site-packages/pycadf/identifier.py:71: UserWarning: Invalid uuid: neutron. To ensure interoperability, identifiers should be a valid uuid. warnings.warn(('Invalid uuid: %s. To ensure interoperability, '
2026-04-28 08:53:30.696 9 INFO neutron.wsgi [req-28f09b12-797c-4d9e-b097-7d630eb734dc req-3fb60037-0bb8-439b-9a82-d31d48874263 79d43dc80ef7480fb7c498dc2db7e7ce 0d6165ca4de94342a9650a56494986ef - - default default] 10.0.0.127 "GET /v2.0/ports?device_id=86f80dce-9cfb-413b-8950-48efc9112670 HTTP/1.1" status: 200 len: 1174 time: 0.1536970
2026-04-28 08:53:30.700 9 INFO neutron.wsgi [req-51618b26-99d6-400e-ba8a-fd54d8d24b02 req-64eed49c-c6ae-4e7d-a00b-006aaf20c16b a8b18aca687548e9b401a300a0833676 c731fb5c619c4500916c8eabeea9d6cf - - default default] 10.0.0.127 "GET /v2.0/ports?device_id=df44a5e8-6bcf-45f3-ab47-7a1997ab7ec0 HTTP/1.1" status: 200 len: 1174 time: 0.1299801
2026-04-28 08:53:30.764 9 INFO neutron.wsgi [req-28f09b12-797c-4d9e-b097-7d630eb734dc req-216084ed-7f53-4828-a42b-9c950db85dcb 79d43dc80ef7480fb7c498dc2db7e7ce 0d6165ca4de94342a9650a56494986ef - - default default] 10.0.0.127 "GET /v2.0/security-groups?id=b036028c-8d72-4ecd-99fa-61b7291ac658&fields=id&fields=name HTTP/1.1" status: 200 len: 312 time: 0.0630836
2026-04-28 08:53:30.804 9 INFO neutron.wsgi [req-51618b26-99d6-400e-ba8a-fd54d8d24b02 req-7cce3504-4990-439c-aff0-70d87c8e540a a8b18aca687548e9b401a300a0833676 c731fb5c619c4500916c8eabeea9d6cf - - default default] 10.0.0.127 "GET /v2.0/security-groups?id=2921057f-9c05-4124-8bcf-c8e657baefda&fields=id&fields=name HTTP/1.1" status: 200 len: 312 time: 0.0570631
2026-04-28 08:53:30.932 9 INFO neutron.wsgi [req-5e16ee36-7f30-4a5c-96a6-af89da356fa7 req-26a52fdb-b125-453a-ad8e-4a0afa4257fa a8b18aca687548e9b401a300a0833676 c731fb5c619c4500916c8eabeea9d6cf - - default default] 10.0.0.127 "GET /v2.0/ports?device_id=df44a5e8-6bcf-45f3-ab47-7a1997ab7ec0 HTTP/1.1" status: 200 len: 1174 time: 0.0450311
2026-04-28 08:53:31.146 9 INFO neutron.db.ovn_revision_numbers_db [None req-f34eb113-7bc0-40aa-87e3-caef702db997 56172e8c90ef45059602b768e6b9d171 fac1150d86bd43b48062b71e86218f90 - - default default] Successfully bumped revision number for resource c5856023-fdb7-4de0-b503-71a98b7dcec1 (type: security_groups) to 1
2026-04-28 08:53:31.267 9 INFO neutron.db.ovn_revision_numbers_db [None req-f34eb113-7bc0-40aa-87e3-caef702db997 56172e8c90ef45059602b768e6b9d171 fac1150d86bd43b48062b71e86218f90 - - default default] Successfully bumped revision number for resource 5c8f56fe-72ce-461e-9973-b992bcd45fcc (type: security_group_rules) to 0
2026-04-28 08:53:31.286 9 INFO neutron.db.l3_db [None req-be9e1f59-d020-4485-a6c0-19dec8293463 a8b18aca687548e9b401a300a0833676 c731fb5c619c4500916c8eabeea9d6cf - - default default] Floating IP fa81aefe-4683-45fb-af3c-e15ccac2cf76 associated. External IP: 10.96.250.210, port: 1f351140-e07e-4dfd-86b8-1884ec343658.
2026-04-28 08:53:31.291 9 INFO neutron.db.ovn_revision_numbers_db [None req-f34eb113-7bc0-40aa-87e3-caef702db997 56172e8c90ef45059602b768e6b9d171 fac1150d86bd43b48062b71e86218f90 - - default default] Successfully bumped revision number for resource 5eae85a8-b6c0-4a59-82e7-5710ed4a511d (type: security_group_rules) to 0
2026-04-28 08:53:31.370 9 INFO neutron.db.ovn_revision_numbers_db [None req-f34eb113-7bc0-40aa-87e3-caef702db997 56172e8c90ef45059602b768e6b9d171 fac1150d86bd43b48062b71e86218f90 - - default default] Successfully bumped revision number for resource 7c34bc35-4549-4946-a58d-e8f7d2cd280c (type: security_group_rules) to 0
2026-04-28 08:53:31.413 9 INFO neutron.db.ovn_revision_numbers_db [None req-f34eb113-7bc0-40aa-87e3-caef702db997 56172e8c90ef45059602b768e6b9d171 fac1150d86bd43b48062b71e86218f90 - - default default] Successfully bumped revision number for resource 883aa872-7f6b-49ad-a03c-3fed99a123a6 (type: security_group_rules) to 0
2026-04-28 08:53:31.463 9 INFO neutron.wsgi [None req-f34eb113-7bc0-40aa-87e3-caef702db997 56172e8c90ef45059602b768e6b9d171 fac1150d86bd43b48062b71e86218f90 - - default default] 10.0.0.101 "GET /v2.0/security-groups?tenant_id=f89e1074c04d4b55aa2f05a041a849a0&name=default HTTP/1.1" status: 200 len: 2996 time: 1.1085858 /var/lib/openstack/lib/python3.10/site-packages/pycadf/identifier.py:71: UserWarning: Invalid uuid: neutron. To ensure interoperability, identifiers should be a valid uuid. warnings.warn(('Invalid uuid: %s. To ensure interoperability, '
2026-04-28 08:53:31.571 9 INFO neutron.db.ovn_revision_numbers_db [None req-be9e1f59-d020-4485-a6c0-19dec8293463 a8b18aca687548e9b401a300a0833676 c731fb5c619c4500916c8eabeea9d6cf - - default default] Successfully bumped revision number for resource fa81aefe-4683-45fb-af3c-e15ccac2cf76 (type: floatingips) to 1
2026-04-28 08:53:31.732 9 INFO neutron.db.ovn_revision_numbers_db [None req-be9e1f59-d020-4485-a6c0-19dec8293463 a8b18aca687548e9b401a300a0833676 c731fb5c619c4500916c8eabeea9d6cf - - default default] Successfully bumped revision number for resource fa81aefe-4683-45fb-af3c-e15ccac2cf76 (type: floatingips) to 2
2026-04-28 08:53:31.748 10 INFO neutron.wsgi [None req-ad649a14-e85b-4003-88ff-fcc023dd43b1 56172e8c90ef45059602b768e6b9d171 fac1150d86bd43b48062b71e86218f90 - - default default] 10.0.0.101 "DELETE /v2.0/security-groups/c5856023-fdb7-4de0-b503-71a98b7dcec1 HTTP/1.1" status: 204 len: 168 time: 0.2780764
2026-04-28 08:53:31.762 9 INFO neutron.wsgi [None req-be9e1f59-d020-4485-a6c0-19dec8293463 a8b18aca687548e9b401a300a0833676 c731fb5c619c4500916c8eabeea9d6cf - - default default] 10.0.0.101 "PUT /v2.0/floatingips/fa81aefe-4683-45fb-af3c-e15ccac2cf76 HTTP/1.1" status: 200 len: 1050 time: 0.8140016 /var/lib/openstack/lib/python3.10/site-packages/pycadf/identifier.py:71: UserWarning: Invalid uuid: neutron. To ensure interoperability, identifiers should be a valid uuid. warnings.warn(('Invalid uuid: %s. To ensure interoperability, '
2026-04-28 08:53:31.896 9 INFO neutron.wsgi [req-23e240c1-e074-46da-b6f6-b0515628df3f req-2b6e7f9c-4418-4841-9095-ba7279e69aac 79d43dc80ef7480fb7c498dc2db7e7ce 0d6165ca4de94342a9650a56494986ef - - default default] 10.0.0.127 "GET /v2.0/ports?device_id=86f80dce-9cfb-413b-8950-48efc9112670 HTTP/1.1" status: 200 len: 1174 time: 0.0515223
2026-04-28 08:53:31.950 9 INFO neutron.wsgi [req-23e240c1-e074-46da-b6f6-b0515628df3f req-32ae81f7-b87e-4587-8706-234fc1db7292 79d43dc80ef7480fb7c498dc2db7e7ce 0d6165ca4de94342a9650a56494986ef - - default default] 10.0.0.127 "GET /v2.0/security-groups?id=b036028c-8d72-4ecd-99fa-61b7291ac658&fields=id&fields=name HTTP/1.1" status: 200 len: 312 time: 0.0485222
2026-04-28 08:53:32.085 9 INFO neutron.wsgi [req-af0893c0-d827-4ebf-ad0e-c0f66b919b50 req-331b2a5d-df63-4ab9-807b-b0c87516b651 79d43dc80ef7480fb7c498dc2db7e7ce 0d6165ca4de94342a9650a56494986ef - - default default] 10.0.0.127 "GET /v2.0/ports?device_id=86f80dce-9cfb-413b-8950-48efc9112670 HTTP/1.1" status: 200 len: 1174 time: 0.0548606
2026-04-28 08:53:32.172 10 INFO neutron.db.ovn_revision_numbers_db [None req-26e9702f-e050-47f4-9576-1f33b63844a6 3a7c9af900dc408488ee2e717484548c b6a32a4195d749e9a5731a3340b47dcd - - default default] Successfully bumped revision number for resource 1bb8c857-9390-4d02-a336-226c4b68ac77 (type: security_groups) to 1
2026-04-28 08:53:32.185 9 INFO neutron.notifiers.nova [-] Nova event matching ['req-05b43ca3-5eb4-472f-8b4d-c2829cc3a89e'] response: {'name': 'network-changed', 'server_uuid': 'df44a5e8-6bcf-45f3-ab47-7a1997ab7ec0', 'tag': '1f351140-e07e-4dfd-86b8-1884ec343658', 'status': 'completed', 'code': 200}
2026-04-28 08:53:32.188 10 INFO neutron.db.ovn_revision_numbers_db [None req-26e9702f-e050-47f4-9576-1f33b63844a6 3a7c9af900dc408488ee2e717484548c b6a32a4195d749e9a5731a3340b47dcd - - default default] Successfully bumped revision number for resource 2fb0f248-00ba-4324-86dd-adafb2e07a6e (type: security_group_rules) to 0
2026-04-28 08:53:32.230 10 INFO neutron.db.ovn_revision_numbers_db [None req-26e9702f-e050-47f4-9576-1f33b63844a6 3a7c9af900dc408488ee2e717484548c b6a32a4195d749e9a5731a3340b47dcd - - default default] Successfully bumped revision number for resource 3830d863-5659-462b-8c37-4520a800f6b4 (type: security_group_rules) to 0
2026-04-28 08:53:32.251 10 INFO neutron.db.ovn_revision_numbers_db [None req-26e9702f-e050-47f4-9576-1f33b63844a6 3a7c9af900dc408488ee2e717484548c b6a32a4195d749e9a5731a3340b47dcd - - default default] Successfully bumped revision number for resource 609654c9-74fc-4219-8a7f-ae7e35eec1db (type: security_group_rules) to 0
2026-04-28 08:53:32.270 10 INFO neutron.db.ovn_revision_numbers_db [None req-26e9702f-e050-47f4-9576-1f33b63844a6 3a7c9af900dc408488ee2e717484548c b6a32a4195d749e9a5731a3340b47dcd - - default default] Successfully bumped revision number for resource d77691ab-6b7a-425b-b7a0-057b0898ec76 (type: security_group_rules) to 0
2026-04-28 08:53:32.277 9 INFO neutron.wsgi [req-cd227f1d-2e80-4b21-b38d-e51bbbd3b09c req-2c2f1bd7-978b-46e5-9052-7018b3d7af2e 1673306297ea46cea0e2e65a93c8fee4 cb1a5111c579418fa4a3f1cfa1f10d6c - - 4f80f72be974423bb1c156b6d22b4158 4f80f72be974423bb1c156b6d22b4158] 199.19.213.205 "GET /v2.0/ports?tenant_id=c731fb5c619c4500916c8eabeea9d6cf&device_id=df44a5e8-6bcf-45f3-ab47-7a1997ab7ec0 HTTP/1.1" status: 200 len: 1413 time: 0.0582075
2026-04-28 08:53:32.350 10 INFO neutron.db.segments_db [None req-26e9702f-e050-47f4-9576-1f33b63844a6 3a7c9af900dc408488ee2e717484548c b6a32a4195d749e9a5731a3340b47dcd - - default default] Added segment c71d0fdb-1bca-480e-b66c-a81bc2032aa0 of type geneve for network ff077e5f-6e2b-4651-b195-38ac36c44004
2026-04-28 08:53:32.408 9 INFO neutron.wsgi [req-cd227f1d-2e80-4b21-b38d-e51bbbd3b09c req-9c43563f-116f-4229-bef5-6b95637a5c5e 1673306297ea46cea0e2e65a93c8fee4 cb1a5111c579418fa4a3f1cfa1f10d6c - - 4f80f72be974423bb1c156b6d22b4158 4f80f72be974423bb1c156b6d22b4158] 199.19.213.205 "GET /v2.0/networks?id=973b7153-01ae-4147-93b4-d33571b05ef9 HTTP/1.1" status: 200 len: 972 time: 0.1239409
2026-04-28 08:53:32.491 9 INFO neutron.wsgi [req-cd227f1d-2e80-4b21-b38d-e51bbbd3b09c req-614c9ffb-d75b-40f9-971c-87fbad98928f 1673306297ea46cea0e2e65a93c8fee4 cb1a5111c579418fa4a3f1cfa1f10d6c - - 4f80f72be974423bb1c156b6d22b4158 4f80f72be974423bb1c156b6d22b4158] 199.19.213.205 "GET /v2.0/floatingips?fixed_ip_address=10.100.0.14&port_id=1f351140-e07e-4dfd-86b8-1884ec343658 HTTP/1.1" status: 200 len: 1060 time: 0.0775096
2026-04-28 08:53:32.539 10 INFO neutron.db.ovn_revision_numbers_db [None req-26e9702f-e050-47f4-9576-1f33b63844a6 3a7c9af900dc408488ee2e717484548c b6a32a4195d749e9a5731a3340b47dcd - - default default] Successfully bumped revision number for resource ff077e5f-6e2b-4651-b195-38ac36c44004 (type: networks) to 1
2026-04-28 08:53:32.562 9 INFO neutron.db.l3_db [None req-dc3dba0e-2bed-492a-b161-fb376c257bce 79d43dc80ef7480fb7c498dc2db7e7ce 0d6165ca4de94342a9650a56494986ef - - default default] Floating IP 91225990-7ca0-4fc9-a8c6-b94e9b83c5a4 associated. External IP: 10.96.250.218, port: bbf16f86-1d34-4666-8124-2a9f212c4e22.
2026-04-28 08:53:32.569 9 INFO neutron.wsgi [req-cd227f1d-2e80-4b21-b38d-e51bbbd3b09c req-820cb160-d21a-447c-9687-b4d4b067199d 1673306297ea46cea0e2e65a93c8fee4 cb1a5111c579418fa4a3f1cfa1f10d6c - - 4f80f72be974423bb1c156b6d22b4158 4f80f72be974423bb1c156b6d22b4158] 199.19.213.205 "GET /v2.0/subnets?id=4016f102-9709-4843-b3cc-a2ec32e3324c HTTP/1.1" status: 200 len: 867 time: 0.0692592
2026-04-28 08:53:32.605 9 INFO neutron.wsgi [req-cd227f1d-2e80-4b21-b38d-e51bbbd3b09c req-525cde7d-78dd-4f50-b30f-ddb5c930b9be 1673306297ea46cea0e2e65a93c8fee4 cb1a5111c579418fa4a3f1cfa1f10d6c - - 4f80f72be974423bb1c156b6d22b4158 4f80f72be974423bb1c156b6d22b4158] 199.19.213.205 "GET /v2.0/ports?network_id=973b7153-01ae-4147-93b4-d33571b05ef9&device_owner=network%3Adhcp HTTP/1.1" status: 200 len: 210 time: 0.0201824
2026-04-28 08:53:32.721 9 INFO neutron.wsgi [req-cd227f1d-2e80-4b21-b38d-e51bbbd3b09c req-5cf15bb9-5967-44f0-837e-f080fc3d9eb2 1673306297ea46cea0e2e65a93c8fee4 cb1a5111c579418fa4a3f1cfa1f10d6c - - 4f80f72be974423bb1c156b6d22b4158 4f80f72be974423bb1c156b6d22b4158] 199.19.213.205 "GET /v2.0/networks/973b7153-01ae-4147-93b4-d33571b05ef9?fields=segments HTTP/1.1" status: 200 len: 212 time: 0.1086671
2026-04-28 08:53:32.780 10 WARNING neutron.scheduler.dhcp_agent_scheduler [None req-26e9702f-e050-47f4-9576-1f33b63844a6 3a7c9af900dc408488ee2e717484548c b6a32a4195d749e9a5731a3340b47dcd - - default default] No more DHCP agents
2026-04-28 08:53:32.784 10 WARNING neutron.api.rpc.agentnotifiers.dhcp_rpc_agent_api [None req-26e9702f-e050-47f4-9576-1f33b63844a6 3a7c9af900dc408488ee2e717484548c b6a32a4195d749e9a5731a3340b47dcd - - default default] Unable to schedule network ff077e5f-6e2b-4651-b195-38ac36c44004: no agents available; will retry on subsequent port and subnet creation events.
2026-04-28 08:53:32.858 9 INFO neutron.wsgi [req-cd227f1d-2e80-4b21-b38d-e51bbbd3b09c req-1cff5aa2-5b57-436b-bfe5-ca58965fb927 1673306297ea46cea0e2e65a93c8fee4 cb1a5111c579418fa4a3f1cfa1f10d6c - - 4f80f72be974423bb1c156b6d22b4158 4f80f72be974423bb1c156b6d22b4158] 199.19.213.205 "GET /v2.0/networks/973b7153-01ae-4147-93b4-d33571b05ef9?fields=provider%3Aphysical_network&fields=provider%3Anetwork_type HTTP/1.1" status: 200 len: 277 time: 0.1282918
2026-04-28 08:53:32.880 10 INFO neutron.db.ovn_revision_numbers_db [None req-26e9702f-e050-47f4-9576-1f33b63844a6 3a7c9af900dc408488ee2e717484548c b6a32a4195d749e9a5731a3340b47dcd - - default default] Successfully bumped revision number for resource b3a407b8-4511-445f-b734-1dfd6b089809 (type: ports) to 1
2026-04-28 08:53:32.881 9 INFO neutron.db.ovn_revision_numbers_db [None req-dc3dba0e-2bed-492a-b161-fb376c257bce 79d43dc80ef7480fb7c498dc2db7e7ce 0d6165ca4de94342a9650a56494986ef - - default default] Successfully bumped revision number for resource 91225990-7ca0-4fc9-a8c6-b94e9b83c5a4 (type: floatingips) to 1
2026-04-28 08:53:32.907 10 INFO neutron.wsgi [None req-26e9702f-e050-47f4-9576-1f33b63844a6 3a7c9af900dc408488ee2e717484548c b6a32a4195d749e9a5731a3340b47dcd - - default default] 10.0.0.101 "POST /v2.0/networks HTTP/1.1" status: 201 len: 847 time: 1.0877132
2026-04-28 08:53:33.024 9 INFO neutron.db.ovn_revision_numbers_db [None req-dc3dba0e-2bed-492a-b161-fb376c257bce 79d43dc80ef7480fb7c498dc2db7e7ce 0d6165ca4de94342a9650a56494986ef - - default default] Successfully bumped revision number for resource 91225990-7ca0-4fc9-a8c6-b94e9b83c5a4 (type: floatingips) to 2
2026-04-28 08:53:33.052 9 INFO neutron.wsgi [None req-dc3dba0e-2bed-492a-b161-fb376c257bce 79d43dc80ef7480fb7c498dc2db7e7ce 0d6165ca4de94342a9650a56494986ef - - default default] 10.0.0.101 "PUT /v2.0/floatingips/91225990-7ca0-4fc9-a8c6-b94e9b83c5a4 HTTP/1.1" status: 200 len: 1050 time: 0.9550748 /var/lib/openstack/lib/python3.10/site-packages/pycadf/identifier.py:71: UserWarning: Invalid uuid: neutron. To ensure interoperability, identifiers should be a valid uuid. warnings.warn(('Invalid uuid: %s. To ensure interoperability, '
2026-04-28 08:53:33.142 9 INFO neutron.wsgi [req-d0b3adb1-e816-44e6-8467-3a9256ea4094 req-8c3cc6d2-c4d7-4422-a3eb-95cb9c0834e4 79d43dc80ef7480fb7c498dc2db7e7ce 0d6165ca4de94342a9650a56494986ef - - default default] 10.0.0.127 "GET /v2.0/ports?device_id=86f80dce-9cfb-413b-8950-48efc9112670 HTTP/1.1" status: 200 len: 1174 time: 0.0425122
2026-04-28 08:53:33.190 9 INFO neutron.wsgi [req-d0b3adb1-e816-44e6-8467-3a9256ea4094 req-65c225ca-1014-404a-82a0-ea88e3fd3a9d 79d43dc80ef7480fb7c498dc2db7e7ce 0d6165ca4de94342a9650a56494986ef - - default default] 10.0.0.127 "GET /v2.0/security-groups?id=b036028c-8d72-4ecd-99fa-61b7291ac658&fields=id&fields=name HTTP/1.1" status: 200 len: 312 time: 0.0409424
2026-04-28 08:53:33.628 10 INFO neutron.plugins.ml2.drivers.ovn.mech_driver.mech_driver [None req-f510634f-91cc-4364-8747-c1e950e212a6 - - - - - -] OVN reports status down for port: bbf16f86-1d34-4666-8124-2a9f212c4e22
2026-04-28 08:53:33.657 9 INFO neutron.wsgi [req-054cc69a-530e-474d-92bf-31f2c826612d req-0eb82231-3c59-4162-9704-7729c5b7e0df 79d43dc80ef7480fb7c498dc2db7e7ce 0d6165ca4de94342a9650a56494986ef - - default default] 10.0.0.127 "GET /v2.0/ports?device_id=86f80dce-9cfb-413b-8950-48efc9112670 HTTP/1.1" status: 200 len: 1174 time: 0.0817771
2026-04-28 08:53:33.720 9 INFO neutron.wsgi [req-054cc69a-530e-474d-92bf-31f2c826612d req-e107fe4b-3fcf-4229-9416-66b826eb8059 79d43dc80ef7480fb7c498dc2db7e7ce 0d6165ca4de94342a9650a56494986ef - - default default] 10.0.0.127 "GET /v2.0/security-groups?id=b036028c-8d72-4ecd-99fa-61b7291ac658&fields=id&fields=name HTTP/1.1" status: 200 len: 312 time: 0.0513365
2026-04-28 08:53:33.813 10 INFO neutron.notifiers.nova [-] Nova event matching ['req-abc89127-2b05-40ed-8277-a47e8c203695'] response: {'server_uuid': '86f80dce-9cfb-413b-8950-48efc9112670', 'name': 'network-vif-unplugged', 'status': 'completed', 'tag': 'bbf16f86-1d34-4666-8124-2a9f212c4e22', 'code': 200}
2026-04-28 08:53:33.814 9 WARNING neutron.scheduler.dhcp_agent_scheduler [None req-999170c5-db1e-419e-8bc9-d5fca04aadab 3a7c9af900dc408488ee2e717484548c b6a32a4195d749e9a5731a3340b47dcd - - default default] No more DHCP agents
2026-04-28 08:53:33.823 9 WARNING neutron.api.rpc.agentnotifiers.dhcp_rpc_agent_api [None req-999170c5-db1e-419e-8bc9-d5fca04aadab 3a7c9af900dc408488ee2e717484548c b6a32a4195d749e9a5731a3340b47dcd - - default default] Unable to schedule network ff077e5f-6e2b-4651-b195-38ac36c44004: no agents available; will retry on subsequent port and subnet creation events.
2026-04-28 08:53:33.865 9 INFO neutron.db.ovn_revision_numbers_db [None req-999170c5-db1e-419e-8bc9-d5fca04aadab 3a7c9af900dc408488ee2e717484548c b6a32a4195d749e9a5731a3340b47dcd - - default default] Successfully bumped revision number for resource c3a16623-9b3d-4f53-a99f-f06bd2373611 (type: subnets) to 0
2026-04-28 08:53:33.881 9 INFO neutron.wsgi [None req-999170c5-db1e-419e-8bc9-d5fca04aadab 3a7c9af900dc408488ee2e717484548c b6a32a4195d749e9a5731a3340b47dcd - - default default] 10.0.0.101 "POST /v2.0/subnets HTTP/1.1" status: 201 len: 848 time: 0.4653718
2026-04-28 08:53:33.961 9 INFO neutron.wsgi [req-3e884ba1-7d86-4326-9679-a931d8dd6455 req-66da2e18-21fd-475c-9784-04accc921fbe 79d43dc80ef7480fb7c498dc2db7e7ce 0d6165ca4de94342a9650a56494986ef - - default default] 199.19.213.205 "GET /v2.0/ports?device_id=86f80dce-9cfb-413b-8950-48efc9112670 HTTP/1.1" status: 200 len: 1172 time: 0.0498068
