Jun 29 04:54:25.479187 np0000183414 devstack@neutron-api.service[103682]: DEBUG neutron.api.extensions [None req-de5a14db-ef78-4bc0-9317-69dd45f05090 None None] Loading extension file: trunk_details.py {{(pid=103682) _load_all_extensions_from_path /opt/stack/neutron/neutron/api/extensions.py:449}}
Jun 29 04:54:25.479272 np0000183414 devstack@neutron-api.service[103679]: DEBUG neutron.api.extensions [None req-c8a21d85-8cfa-44ba-8bb8-b7f7e376cb72 None None] Extended resource: quotas {{(pid=103679) __init__ /opt/stack/neutron/neutron/api/extensions.py:156}}
Jun 29 04:54:25.479331 np0000183414 devstack@neutron-api.service[103682]: DEBUG neutron.api.extensions [None req-de5a14db-ef78-4bc0-9317-69dd45f05090 None None] Ext name="Trunk port details" alias="trunk-details" description="Expose trunk port details" updated="2016-01-01T10:00:00-00:00" {{(pid=103682) _check_extension /opt/stack/neutron/neutron/api/extensions.py:415}}
Jun 29 04:54:25.479331 np0000183414 devstack@neutron-api.service[103682]: INFO neutron.api.extensions [None req-de5a14db-ef78-4bc0-9317-69dd45f05090 None None] Extension trunk-details not supported by any of loaded plugins
Jun 29 04:54:25.479331 np0000183414 devstack@neutron-api.service[103682]: DEBUG neutron.api.extensions [None req-de5a14db-ef78-4bc0-9317-69dd45f05090 None None] Loading extension file: uplink_status_propagation.py {{(pid=103682) _load_all_extensions_from_path /opt/stack/neutron/neutron/api/extensions.py:449}}
Jun 29 04:54:25.479432 np0000183414 devstack@neutron-api.service[103681]: DEBUG neutron.api.extensions [None req-139a5ccf-09d9-4ef4-aa60-89557302af1e None None] Extended resource: dhcp-networks {{(pid=103681) __init__ /opt/stack/neutron/neutron/api/extensions.py:156}}
Jun 29 04:54:25.479487 np0000183414 devstack@neutron-api.service[103682]: DEBUG neutron.api.extensions [None req-de5a14db-ef78-4bc0-9317-69dd45f05090 None None] Ext name="Uplink status propagation extension" alias="uplink-status-propagation" description="Provides ability to propagate port uplink status." updated="2018-05-31T18:00:00-00:00" {{(pid=103682) _check_extension /opt/stack/neutron/neutron/api/extensions.py:415}}
Jun 29 04:54:25.479543 np0000183414 devstack@neutron-api.service[103679]: DEBUG neutron.api.extensions [None req-c8a21d85-8cfa-44ba-8bb8-b7f7e376cb72 None None] Extended resource: quotas {{(pid=103679) __init__ /opt/stack/neutron/neutron/api/extensions.py:156}}
Jun 29 04:54:25.479607 np0000183414 devstack@neutron-api.service[103682]: INFO neutron.api.extensions [None req-de5a14db-ef78-4bc0-9317-69dd45f05090 None None] Extension uplink-status-propagation not supported by any of loaded plugins
Jun 29 04:54:25.479607 np0000183414 devstack@neutron-api.service[103682]: DEBUG neutron.api.extensions [None req-de5a14db-ef78-4bc0-9317-69dd45f05090 None None] Loading extension file: uplink_status_propagation_updatable.py {{(pid=103682) _load_all_extensions_from_path /opt/stack/neutron/neutron/api/extensions.py:449}}
Jun 29 04:54:25.479687 np0000183414 devstack@neutron-api.service[103681]: DEBUG neutron.api.extensions [None req-139a5ccf-09d9-4ef4-aa60-89557302af1e None None] Extended resource: dhcp-agents {{(pid=103681) __init__ /opt/stack/neutron/neutron/api/extensions.py:156}}
Jun 29 04:54:25.479744 np0000183414 devstack@neutron-api.service[103682]: DEBUG neutron.api.extensions [None req-de5a14db-ef78-4bc0-9317-69dd45f05090 None None] Ext name="Uplink status propagation updatable extension" alias="uplink-status-propagation-updatable" description="Provides ability to update the port uplink status." updated="2024-09-03T18:00:00-00:00" {{(pid=103682) _check_extension /opt/stack/neutron/neutron/api/extensions.py:415}}
Jun 29 04:54:25.479744 np0000183414 devstack@neutron-api.service[103682]: INFO neutron.api.extensions [None req-de5a14db-ef78-4bc0-9317-69dd45f05090 None None] Extension uplink-status-propagation-updatable not supported by any of loaded plugins
Jun 29 04:54:25.479828 np0000183414 devstack@neutron-api.service[103679]: DEBUG neutron.api.extensions [None req-c8a21d85-8cfa-44ba-8bb8-b7f7e376cb72 None None] Extended resource: rbac-policies {{(pid=103679) __init__ /opt/stack/neutron/neutron/api/extensions.py:156}}
Jun 29 04:54:25.479883 np0000183414 devstack@neutron-api.service[103682]: DEBUG neutron.api.extensions [None req-de5a14db-ef78-4bc0-9317-69dd45f05090 None None] Loading extension file: vlantransparent.py {{(pid=103682) _load_all_extensions_from_path /opt/stack/neutron/neutron/api/extensions.py:449}}
Jun 29 04:54:25.479883 np0000183414 devstack@neutron-api.service[103682]: DEBUG neutron.api.extensions [None req-de5a14db-ef78-4bc0-9317-69dd45f05090 None None] Ext name="Vlantransparent" alias="vlan-transparent" description="Provides Vlan Transparent Networks" updated="2015-03-23T09:00:00-00:00" {{(pid=103682) _check_extension /opt/stack/neutron/neutron/api/extensions.py:415}}
Jun 29 04:54:25.480035 np0000183414 devstack@neutron-api.service[103681]: DEBUG neutron.api.extensions [None req-139a5ccf-09d9-4ef4-aa60-89557302af1e None None] Extended resource: routers {{(pid=103681) __init__ /opt/stack/neutron/neutron/api/extensions.py:156}}
Jun 29 04:54:25.480094 np0000183414 devstack@neutron-api.service[103682]: INFO neutron.api.extensions [None req-de5a14db-ef78-4bc0-9317-69dd45f05090 None None] Loaded extension: vlan-transparent
Jun 29 04:54:25.480148 np0000183414 devstack@neutron-api.service[103679]: DEBUG neutron.api.extensions [None req-c8a21d85-8cfa-44ba-8bb8-b7f7e376cb72 None None] Extended resource: default-security-group-rules {{(pid=103679) __init__ /opt/stack/neutron/neutron/api/extensions.py:156}}
Jun 29 04:54:25.480148 np0000183414 devstack@neutron-api.service[103679]: DEBUG neutron.api.extensions [None req-c8a21d85-8cfa-44ba-8bb8-b7f7e376cb72 None None] Extended resource: security-groups-default-statefulness {{(pid=103679) __init__ /opt/stack/neutron/neutron/api/extensions.py:156}}
Jun 29 04:54:25.480232 np0000183414 devstack@neutron-api.service[103681]: DEBUG neutron.api.extensions [None req-139a5ccf-09d9-4ef4-aa60-89557302af1e None None] Extended resource: flavors {{(pid=103681) __init__ /opt/stack/neutron/neutron/api/extensions.py:156}}
Jun 29 04:54:25.480295 np0000183414 devstack@neutron-api.service[103679]: DEBUG neutron.api.extensions [None req-c8a21d85-8cfa-44ba-8bb8-b7f7e376cb72 None None] Extended resource: security-groups {{(pid=103679) __init__ /opt/stack/neutron/neutron/api/extensions.py:156}}
Jun 29 04:54:25.480356 np0000183414 devstack@neutron-api.service[103682]: INFO neutron.quota.resource_registry [None req-de5a14db-ef78-4bc0-9317-69dd45f05090 None None] Creating instance of TrackedResource for resource:network
Jun 29 04:54:25.480413 np0000183414 devstack@neutron-api.service[103679]: DEBUG neutron.api.extensions [None req-c8a21d85-8cfa-44ba-8bb8-b7f7e376cb72 None None] Extended resource: security-group-rules {{(pid=103679) __init__ /opt/stack/neutron/neutron/api/extensions.py:156}}
Jun 29 04:54:25.480469 np0000183414 devstack@neutron-api.service[103682]: INFO neutron.quota.resource_registry [None req-de5a14db-ef78-4bc0-9317-69dd45f05090 None None] Creating instance of TrackedResource for resource:subnet
Jun 29 04:54:25.480531 np0000183414 devstack@neutron-api.service[103681]: DEBUG neutron.api.extensions [None req-139a5ccf-09d9-4ef4-aa60-89557302af1e None None] Extended resource: service_profiles {{(pid=103681) __init__ /opt/stack/neutron/neutron/api/extensions.py:156}}
Jun 29 04:54:25.480589 np0000183414 devstack@neutron-api.service[103682]: INFO neutron.quota.resource_registry [None req-de5a14db-ef78-4bc0-9317-69dd45f05090 None None] Creating instance of TrackedResource for resource:subnetpool
Jun 29 04:54:25.480589 np0000183414 devstack@neutron-api.service[103682]: INFO neutron.quota.resource_registry [None req-de5a14db-ef78-4bc0-9317-69dd45f05090 None None] Creating instance of TrackedResource for resource:port
Jun 29 04:54:25.480664 np0000183414 devstack@neutron-api.service[103679]: DEBUG neutron.api.extensions [None req-c8a21d85-8cfa-44ba-8bb8-b7f7e376cb72 None None] Extended resource: service-providers {{(pid=103679) __init__ /opt/stack/neutron/neutron/api/extensions.py:156}}
Jun 29 04:54:25.480722 np0000183414 devstack@neutron-api.service[103681]: DEBUG neutron.api.extensions [None req-139a5ccf-09d9-4ef4-aa60-89557302af1e None None] Extended resource: next_providers {{(pid=103681) __init__ /opt/stack/neutron/neutron/api/extensions.py:156}}
Jun 29 04:54:25.480777 np0000183414 devstack@neutron-api.service[103679]: DEBUG neutron.api.extensions [None req-c8a21d85-8cfa-44ba-8bb8-b7f7e376cb72 None None] Extended resource: subnetpools {{(pid=103679) __init__ /opt/stack/neutron/neutron/api/extensions.py:156}}
Jun 29 04:54:25.480833 np0000183414 devstack@neutron-api.service[103681]: DEBUG neutron.api.extensions [None req-139a5ccf-09d9-4ef4-aa60-89557302af1e None None] Extended resource: service_profiles {{(pid=103681) __init__ /opt/stack/neutron/neutron/api/extensions.py:156}}
Jun 29 04:54:25.480913 np0000183414 devstack@neutron-api.service[103682]: INFO neutron.quota.resource_registry [None req-de5a14db-ef78-4bc0-9317-69dd45f05090 None None] Creating instance of CountableResource for resource:router_route
Jun 29 04:54:25.481462 np0000183414 devstack@neutron-api.service[103681]: DEBUG neutron.api.extensions [None req-139a5ccf-09d9-4ef4-aa60-89557302af1e None None] Extended resource: floatingip-pools {{(pid=103681) __init__ /opt/stack/neutron/neutron/api/extensions.py:156}}
Jun 29 04:54:25.481528 np0000183414 devstack@neutron-api.service[103682]: DEBUG neutron.api.v2.resource_helper [None req-de5a14db-ef78-4bc0-9317-69dd45f05090 None None] Service L3_ROUTER_NAT assigned prefix: {{(pid=103682) build_resource_info /opt/stack/neutron/neutron/api/v2/resource_helper.py:77}}
Jun 29 04:54:25.481675 np0000183414 devstack@neutron-api.service[103679]: DEBUG neutron.api.extensions [None req-c8a21d85-8cfa-44ba-8bb8-b7f7e376cb72 None None] Extended resource: subnetpools {{(pid=103679) __init__ /opt/stack/neutron/neutron/api/extensions.py:156}}
Jun 29 04:54:25.481740 np0000183414 devstack@neutron-api.service[103682]: DEBUG neutron.api.v2.resource_helper [None req-de5a14db-ef78-4bc0-9317-69dd45f05090 None None] Service FLAVORS assigned prefix: {{(pid=103682) build_resource_info /opt/stack/neutron/neutron/api/v2/resource_helper.py:77}}
Jun 29 04:54:25.481804 np0000183414 devstack@neutron-api.service[103681]: DEBUG neutron.api.extensions [None req-139a5ccf-09d9-4ef4-aa60-89557302af1e None None] Extended resource: routers {{(pid=103681) __init__ /opt/stack/neutron/neutron/api/extensions.py:156}}
Jun 29 04:54:25.481864 np0000183414 devstack@neutron-api.service[103679]: DEBUG neutron.api.extensions [None req-c8a21d85-8cfa-44ba-8bb8-b7f7e376cb72 None None] Extended resource: tags {{(pid=103679) __init__ /opt/stack/neutron/neutron/api/extensions.py:156}}
Jun 29 04:54:25.481941 np0000183414 devstack@neutron-api.service[103682]: DEBUG neutron.api.v2.resource_helper [None req-de5a14db-ef78-4bc0-9317-69dd45f05090 None None] Service L3_ROUTER_NAT assigned prefix: {{(pid=103682) build_resource_info /opt/stack/neutron/neutron/api/v2/resource_helper.py:77}}
Jun 29 04:54:25.482002 np0000183414 devstack@neutron-api.service[103681]: DEBUG neutron.api.extensions [None req-139a5ccf-09d9-4ef4-aa60-89557302af1e None None] Extended resource: floatingips {{(pid=103681) __init__ /opt/stack/neutron/neutron/api/extensions.py:156}}
Jun 29 04:54:25.482072 np0000183414 devstack@neutron-api.service[103682]: DEBUG neutron.api.v2.resource_helper [None req-de5a14db-ef78-4bc0-9317-69dd45f05090 None None] Service L3_ROUTER_NAT assigned prefix: {{(pid=103682) build_resource_info /opt/stack/neutron/neutron/api/v2/resource_helper.py:77}}
Jun 29 04:54:25.482072 np0000183414 devstack@neutron-api.service[103682]: INFO neutron.quota.resource_registry [None req-de5a14db-ef78-4bc0-9317-69dd45f05090 None None] Creating instance of TrackedResource for resource:router
Jun 29 04:54:25.482158 np0000183414 devstack@neutron-api.service[103681]: DEBUG neutron.api.extensions [None req-139a5ccf-09d9-4ef4-aa60-89557302af1e None None] Extended resource: l3-routers {{(pid=103681) __init__ /opt/stack/neutron/neutron/api/extensions.py:156}}
Jun 29 04:54:25.482223 np0000183414 devstack@neutron-api.service[103679]: DEBUG neutron.api.extensions [None req-c8a21d85-8cfa-44ba-8bb8-b7f7e376cb72 None None] Extended resource: tags {{(pid=103679) __init__ /opt/stack/neutron/neutron/api/extensions.py:156}}
Jun 29 04:54:25.482285 np0000183414 devstack@neutron-api.service[103682]: INFO neutron.quota.resource_registry [None req-de5a14db-ef78-4bc0-9317-69dd45f05090 None None] Creating instance of TrackedResource for resource:floatingip
Jun 29 04:54:25.482354 np0000183414 devstack@neutron-api.service[103681]: DEBUG neutron.api.extensions [None req-139a5ccf-09d9-4ef4-aa60-89557302af1e None None] Extended resource: l3-agents {{(pid=103681) __init__ /opt/stack/neutron/neutron/api/extensions.py:156}}
Jun 29 04:54:25.482431 np0000183414 devstack@neutron-api.service[103679]: DEBUG neutron.api.extensions [None req-c8a21d85-8cfa-44ba-8bb8-b7f7e376cb72 None None] Extended resource: tags {{(pid=103679) __init__ /opt/stack/neutron/neutron/api/extensions.py:156}}
Jun 29 04:54:25.482601 np0000183414 devstack@neutron-api.service[103682]: INFO neutron.quota.resource_registry [None req-de5a14db-ef78-4bc0-9317-69dd45f05090 None None] Creating instance of CountableResource for resource:rbac_policy
Jun 29 04:54:25.482770 np0000183414 devstack@neutron-api.service[103681]: DEBUG neutron.api.extensions [None req-139a5ccf-09d9-4ef4-aa60-89557302af1e None None] Extended resource: network-ip-availabilities {{(pid=103681) __init__ /opt/stack/neutron/neutron/api/extensions.py:156}}
Jun 29 04:54:25.482924 np0000183414 devstack@neutron-api.service[103679]: DEBUG neutron.api.extensions [None req-c8a21d85-8cfa-44ba-8bb8-b7f7e376cb72 None None] Extended resource: tags {{(pid=103679) __init__ /opt/stack/neutron/neutron/api/extensions.py:156}}
Jun 29 04:54:25.482997 np0000183414 devstack@neutron-api.service[103681]: DEBUG neutron.api.extensions [None req-139a5ccf-09d9-4ef4-aa60-89557302af1e None None] Extended resource: network-ip-availabilities {{(pid=103681) __init__ /opt/stack/neutron/neutron/api/extensions.py:156}}
Jun 29 04:54:25.483094 np0000183414 devstack@neutron-api.service[103682]: INFO neutron.quota.resource_registry [None req-de5a14db-ef78-4bc0-9317-69dd45f05090 None None] Creating instance of TrackedResource for resource:security_group
Jun 29 04:54:25.483094 np0000183414 devstack@neutron-api.service[103682]: INFO neutron.quota.resource_registry [None req-de5a14db-ef78-4bc0-9317-69dd45f05090 None None] Creating instance of TrackedResource for resource:security_group_rule
Jun 29 04:54:25.483227 np0000183414 devstack@neutron-api.service[103681]: DEBUG neutron.api.extensions [None req-139a5ccf-09d9-4ef4-aa60-89557302af1e None None] Extended resource: bindings {{(pid=103681) __init__ /opt/stack/neutron/neutron/api/extensions.py:156}}
Jun 29 04:54:25.483359 np0000183414 devstack@neutron-api.service[103679]: DEBUG neutron.api.extensions [None req-c8a21d85-8cfa-44ba-8bb8-b7f7e376cb72 None None] Extended resource: tags {{(pid=103679) __init__ /opt/stack/neutron/neutron/api/extensions.py:156}}
Jun 29 04:54:25.483425 np0000183414 devstack@neutron-api.service[103682]: DEBUG neutron.api.v2.resource_helper [None req-de5a14db-ef78-4bc0-9317-69dd45f05090 None None] Service CORE assigned prefix: {{(pid=103682) build_resource_info /opt/stack/neutron/neutron/api/v2/resource_helper.py:77}}
Jun 29 04:54:25.483425 np0000183414 devstack@neutron-api.service[103682]: INFO neutron.quota.resource_registry [None req-de5a14db-ef78-4bc0-9317-69dd45f05090 None None] Creating instance of TrackedResource for resource:subnetpool
Jun 29 04:54:25.483541 np0000183414 devstack@neutron-api.service[103681]: DEBUG neutron.api.extensions [None req-139a5ccf-09d9-4ef4-aa60-89557302af1e None None] Extended resource: quotas {{(pid=103681) __init__ /opt/stack/neutron/neutron/api/extensions.py:156}}
Jun 29 04:54:25.483639 np0000183414 devstack@neutron-api.service[103682]: WARNING neutron.quota.resource_registry [None req-de5a14db-ef78-4bc0-9317-69dd45f05090 None None] subnetpool is already registered
Jun 29 04:54:25.483731 np0000183414 devstack@neutron-api.service[103679]: DEBUG neutron.api.extensions [None req-c8a21d85-8cfa-44ba-8bb8-b7f7e376cb72 None None] Extended resource: tags {{(pid=103679) __init__ /opt/stack/neutron/neutron/api/extensions.py:156}}
Jun 29 04:54:25.484041 np0000183414 devstack@neutron-api.service[103682]: DEBUG neutron.api.v2.resource_helper [None req-de5a14db-ef78-4bc0-9317-69dd45f05090 None None] Service CORE assigned prefix: {{(pid=103682) build_resource_info /opt/stack/neutron/neutron/api/v2/resource_helper.py:77}}
Jun 29 04:54:25.484041 np0000183414 devstack@neutron-api.service[103682]: INFO neutron.quota.resource_registry [None req-de5a14db-ef78-4bc0-9317-69dd45f05090 None None] Creating instance of TrackedResource for resource:subnetpool
Jun 29 04:54:25.484041 np0000183414 devstack@neutron-api.service[103682]: WARNING neutron.quota.resource_registry [None req-de5a14db-ef78-4bc0-9317-69dd45f05090 None None] subnetpool is already registered
Jun 29 04:54:25.484244 np0000183414 devstack@neutron-api.service[103681]: DEBUG neutron.api.extensions [None req-139a5ccf-09d9-4ef4-aa60-89557302af1e None None] Extended resource: quotas {{(pid=103681) __init__ /opt/stack/neutron/neutron/api/extensions.py:156}}
Jun 29 04:54:25.484326 np0000183414 devstack@neutron-api.service[103679]: DEBUG neutron.api.extensions [None req-c8a21d85-8cfa-44ba-8bb8-b7f7e376cb72 None None] Extended resource: tags {{(pid=103679) __init__ /opt/stack/neutron/neutron/api/extensions.py:156}}
Jun 29 04:54:25.484399 np0000183414 devstack@neutron-api.service[103681]: DEBUG neutron.api.extensions [None req-139a5ccf-09d9-4ef4-aa60-89557302af1e None None] Extended resource: rbac-policies {{(pid=103681) __init__ /opt/stack/neutron/neutron/api/extensions.py:156}}
Jun 29 04:54:25.484399 np0000183414 devstack@neutron-api.service[103681]: DEBUG neutron.api.extensions [None req-139a5ccf-09d9-4ef4-aa60-89557302af1e None None] Extended resource: default-security-group-rules {{(pid=103681) __init__ /opt/stack/neutron/neutron/api/extensions.py:156}}
Jun 29 04:54:25.484493 np0000183414 devstack@neutron-api.service[103679]: DEBUG neutron.api.extensions [None req-c8a21d85-8cfa-44ba-8bb8-b7f7e376cb72 None None] Extended resource: tags {{(pid=103679) __init__ /opt/stack/neutron/neutron/api/extensions.py:156}}
Jun 29 04:54:25.484559 np0000183414 devstack@neutron-api.service[103681]: DEBUG neutron.api.extensions [None req-139a5ccf-09d9-4ef4-aa60-89557302af1e None None] Extended resource: security-groups-default-statefulness {{(pid=103681) __init__ /opt/stack/neutron/neutron/api/extensions.py:156}}
Jun 29 04:54:25.484624 np0000183414 devstack@neutron-api.service[103682]: INFO neutron.quota.resource_registry [None req-de5a14db-ef78-4bc0-9317-69dd45f05090 None None] Creating instance of CountableResource for resource:router_route
Jun 29 04:54:25.484687 np0000183414 devstack@neutron-api.service[103679]: DEBUG neutron.api.extensions [None req-c8a21d85-8cfa-44ba-8bb8-b7f7e376cb72 None None] Extended resource: tags {{(pid=103679) __init__ /opt/stack/neutron/neutron/api/extensions.py:156}}
Jun 29 04:54:25.484755 np0000183414 devstack@neutron-api.service[103682]: WARNING neutron.quota.resource_registry [None req-de5a14db-ef78-4bc0-9317-69dd45f05090 None None] router_route is already registered
Jun 29 04:54:25.484755 np0000183414 devstack@neutron-api.service[103682]: DEBUG neutron.api.v2.resource_helper [None req-de5a14db-ef78-4bc0-9317-69dd45f05090 None None] Service L3_ROUTER_NAT assigned prefix: {{(pid=103682) build_resource_info /opt/stack/neutron/neutron/api/v2/resource_helper.py:77}}
Jun 29 04:54:25.484840 np0000183414 devstack@neutron-api.service[103681]: DEBUG neutron.api.extensions [None req-139a5ccf-09d9-4ef4-aa60-89557302af1e None None] Extended resource: security-groups {{(pid=103681) __init__ /opt/stack/neutron/neutron/api/extensions.py:156}}
Jun 29 04:54:25.484930 np0000183414 devstack@neutron-api.service[103682]: DEBUG neutron.api.v2.resource_helper [None req-de5a14db-ef78-4bc0-9317-69dd45f05090 None None] Service FLAVORS assigned prefix: {{(pid=103682) build_resource_info /opt/stack/neutron/neutron/api/v2/resource_helper.py:77}}
Jun 29 04:54:25.484991 np0000183414 devstack@neutron-api.service[103681]: DEBUG neutron.api.extensions [None req-139a5ccf-09d9-4ef4-aa60-89557302af1e None None] Extended resource: security-group-rules {{(pid=103681) __init__ /opt/stack/neutron/neutron/api/extensions.py:156}}
Jun 29 04:54:25.485201 np0000183414 devstack@neutron-api.service[103679]: DEBUG neutron.api.extensions [None req-c8a21d85-8cfa-44ba-8bb8-b7f7e376cb72 None None] Extended resource: tags {{(pid=103679) __init__ /opt/stack/neutron/neutron/api/extensions.py:156}}
Jun 29 04:54:25.485276 np0000183414 devstack@neutron-api.service[103681]: DEBUG neutron.api.extensions [None req-139a5ccf-09d9-4ef4-aa60-89557302af1e None None] Extended resource: service-providers {{(pid=103681) __init__ /opt/stack/neutron/neutron/api/extensions.py:156}}
Jun 29 04:54:25.485339 np0000183414 devstack@neutron-api.service[103682]: DEBUG neutron.api.v2.resource_helper [None req-de5a14db-ef78-4bc0-9317-69dd45f05090 None None] Service L3_ROUTER_NAT assigned prefix: {{(pid=103682) build_resource_info /opt/stack/neutron/neutron/api/v2/resource_helper.py:77}}
Jun 29 04:54:25.485403 np0000183414 devstack@neutron-api.service[103681]: DEBUG neutron.api.extensions [None req-139a5ccf-09d9-4ef4-aa60-89557302af1e None None] Extended resource: subnetpools {{(pid=103681) __init__ /opt/stack/neutron/neutron/api/extensions.py:156}}
Jun 29 04:54:25.485466 np0000183414 devstack@neutron-api.service[103682]: DEBUG neutron.api.v2.resource_helper [None req-de5a14db-ef78-4bc0-9317-69dd45f05090 None None] Service L3_ROUTER_NAT assigned prefix: {{(pid=103682) build_resource_info /opt/stack/neutron/neutron/api/v2/resource_helper.py:77}}
Jun 29 04:54:25.485466 np0000183414 devstack@neutron-api.service[103682]: INFO neutron.quota.resource_registry [None req-de5a14db-ef78-4bc0-9317-69dd45f05090 None None] Creating instance of TrackedResource for resource:router
Jun 29 04:54:25.485466 np0000183414 devstack@neutron-api.service[103682]: WARNING neutron.quota.resource_registry [None req-de5a14db-ef78-4bc0-9317-69dd45f05090 None None] router is already registered
Jun 29 04:54:25.485571 np0000183414 devstack@neutron-api.service[103681]: DEBUG neutron.api.extensions [None req-139a5ccf-09d9-4ef4-aa60-89557302af1e None None] Extended resource: subnetpools {{(pid=103681) __init__ /opt/stack/neutron/neutron/api/extensions.py:156}}
Jun 29 04:54:25.485636 np0000183414 devstack@neutron-api.service[103682]: INFO neutron.quota.resource_registry [None req-de5a14db-ef78-4bc0-9317-69dd45f05090 None None] Creating instance of TrackedResource for resource:floatingip
Jun 29 04:54:25.485636 np0000183414 devstack@neutron-api.service[103682]: WARNING neutron.quota.resource_registry [None req-de5a14db-ef78-4bc0-9317-69dd45f05090 None None] floatingip is already registered
Jun 29 04:54:25.485719 np0000183414 devstack@neutron-api.service[103681]: DEBUG neutron.api.extensions [None req-139a5ccf-09d9-4ef4-aa60-89557302af1e None None] Extended resource: tags {{(pid=103681) __init__ /opt/stack/neutron/neutron/api/extensions.py:156}}
Jun 29 04:54:25.485796 np0000183414 devstack@neutron-api.service[103682]: INFO neutron.quota.resource_registry [None req-de5a14db-ef78-4bc0-9317-69dd45f05090 None None] Creating instance of CountableResource for resource:rbac_policy
Jun 29 04:54:25.485864 np0000183414 devstack@neutron-api.service[103681]: DEBUG neutron.api.extensions [None req-139a5ccf-09d9-4ef4-aa60-89557302af1e None None] Extended resource: tags {{(pid=103681) __init__ /opt/stack/neutron/neutron/api/extensions.py:156}}
Jun 29 04:54:25.485940 np0000183414 devstack@neutron-api.service[103682]: WARNING neutron.quota.resource_registry [None req-de5a14db-ef78-4bc0-9317-69dd45f05090 None None] rbac_policy is already registered
Jun 29 04:54:25.485940 np0000183414 devstack@neutron-api.service[103682]: INFO neutron.quota.resource_registry [None req-de5a14db-ef78-4bc0-9317-69dd45f05090 None None] Creating instance of TrackedResource for resource:security_group
Jun 29 04:54:25.486040 np0000183414 devstack@neutron-api.service[103681]: DEBUG neutron.api.extensions [None req-139a5ccf-09d9-4ef4-aa60-89557302af1e None None] Extended resource: tags {{(pid=103681) __init__ /opt/stack/neutron/neutron/api/extensions.py:156}}
Jun 29 04:54:25.486105 np0000183414 devstack@neutron-api.service[103682]: WARNING neutron.quota.resource_registry [None req-de5a14db-ef78-4bc0-9317-69dd45f05090 None None] security_group is already registered
Jun 29 04:54:25.486105 np0000183414 devstack@neutron-api.service[103682]: INFO neutron.quota.resource_registry [None req-de5a14db-ef78-4bc0-9317-69dd45f05090 None None] Creating instance of TrackedResource for resource:security_group_rule
Jun 29 04:54:25.486105 np0000183414 devstack@neutron-api.service[103682]: WARNING neutron.quota.resource_registry [None req-de5a14db-ef78-4bc0-9317-69dd45f05090 None None] security_group_rule is already registered
Jun 29 04:54:25.486214 np0000183414 devstack@neutron-api.service[103681]: DEBUG neutron.api.extensions [None req-139a5ccf-09d9-4ef4-aa60-89557302af1e None None] Extended resource: tags {{(pid=103681) __init__ /opt/stack/neutron/neutron/api/extensions.py:156}}
Jun 29 04:54:25.486273 np0000183414 devstack@neutron-api.service[103682]: DEBUG neutron.api.v2.resource_helper [None req-de5a14db-ef78-4bc0-9317-69dd45f05090 None None] Service CORE assigned prefix: {{(pid=103682) build_resource_info /opt/stack/neutron/neutron/api/v2/resource_helper.py:77}}
Jun 29 04:54:25.486273 np0000183414 devstack@neutron-api.service[103682]: INFO neutron.quota.resource_registry [None req-de5a14db-ef78-4bc0-9317-69dd45f05090 None None] Creating instance of TrackedResource for resource:subnetpool
Jun 29 04:54:25.486273 np0000183414 devstack@neutron-api.service[103682]: WARNING neutron.quota.resource_registry [None req-de5a14db-ef78-4bc0-9317-69dd45f05090 None None] subnetpool is already registered
Jun 29 04:54:25.486379 np0000183414 devstack@neutron-api.service[103681]: DEBUG neutron.api.extensions [None req-139a5ccf-09d9-4ef4-aa60-89557302af1e None None] Extended resource: tags {{(pid=103681) __init__ /opt/stack/neutron/neutron/api/extensions.py:156}}
Jun 29 04:54:25.486450 np0000183414 devstack@neutron-api.service[103682]: DEBUG neutron.api.v2.resource_helper [None req-de5a14db-ef78-4bc0-9317-69dd45f05090 None None] Service CORE assigned prefix: {{(pid=103682) build_resource_info /opt/stack/neutron/neutron/api/v2/resource_helper.py:77}}
Jun 29 04:54:25.486450 np0000183414 devstack@neutron-api.service[103682]: INFO neutron.quota.resource_registry [None req-de5a14db-ef78-4bc0-9317-69dd45f05090 None None] Creating instance of TrackedResource for resource:subnetpool
Jun 29 04:54:25.486450 np0000183414 devstack@neutron-api.service[103682]: WARNING neutron.quota.resource_registry [None req-de5a14db-ef78-4bc0-9317-69dd45f05090 None None] subnetpool is already registered
Jun 29 04:54:25.486450 np0000183414 devstack@neutron-api.service[103682]: DEBUG neutron.api.extensions [None req-de5a14db-ef78-4bc0-9317-69dd45f05090 None None] Extended resource: extensions {{(pid=103682) __init__ /opt/stack/neutron/neutron/api/extensions.py:156}}
Jun 29 04:54:25.486591 np0000183414 devstack@neutron-api.service[103681]: DEBUG neutron.api.extensions [None req-139a5ccf-09d9-4ef4-aa60-89557302af1e None None] Extended resource: tags {{(pid=103681) __init__ /opt/stack/neutron/neutron/api/extensions.py:156}}
Jun 29 04:54:25.486657 np0000183414 devstack@neutron-api.service[103682]: DEBUG neutron.api.extensions [None req-de5a14db-ef78-4bc0-9317-69dd45f05090 None None] Extended resource: address-groups {{(pid=103682) __init__ /opt/stack/neutron/neutron/api/extensions.py:156}}
Jun 29 04:54:25.486847 np0000183414 devstack@neutron-api.service[103681]: DEBUG neutron.api.extensions [None req-139a5ccf-09d9-4ef4-aa60-89557302af1e None None] Extended resource: tags {{(pid=103681) __init__ /opt/stack/neutron/neutron/api/extensions.py:156}}
Jun 29 04:54:25.486929 np0000183414 devstack@neutron-api.service[103682]: DEBUG neutron.api.extensions [None req-de5a14db-ef78-4bc0-9317-69dd45f05090 None None] Extended resource: address-scopes {{(pid=103682) __init__ /opt/stack/neutron/neutron/api/extensions.py:156}}
Jun 29 04:54:25.487004 np0000183414 devstack@neutron-api.service[103681]: DEBUG neutron.api.extensions [None req-139a5ccf-09d9-4ef4-aa60-89557302af1e None None] Extended resource: tags {{(pid=103681) __init__ /opt/stack/neutron/neutron/api/extensions.py:156}}
Jun 29 04:54:25.487066 np0000183414 devstack@neutron-api.service[103682]: DEBUG neutron.api.extensions [None req-de5a14db-ef78-4bc0-9317-69dd45f05090 None None] Extended resource: agents {{(pid=103682) __init__ /opt/stack/neutron/neutron/api/extensions.py:156}}
Jun 29 04:54:25.487130 np0000183414 devstack@neutron-api.service[103681]: DEBUG neutron.api.extensions [None req-139a5ccf-09d9-4ef4-aa60-89557302af1e None None] Extended resource: tags {{(pid=103681) __init__ /opt/stack/neutron/neutron/api/extensions.py:156}}
Jun 29 04:54:25.487193 np0000183414 devstack@neutron-api.service[103682]: DEBUG neutron.api.extensions [None req-de5a14db-ef78-4bc0-9317-69dd45f05090 None None] Extended resource: auto-allocated-topology {{(pid=103682) __init__ /opt/stack/neutron/neutron/api/extensions.py:156}}
Jun 29 04:54:25.487193 np0000183414 devstack@neutron-api.service[103682]: DEBUG neutron.api.extensions [None req-de5a14db-ef78-4bc0-9317-69dd45f05090 None None] Extended resource: availability_zones {{(pid=103682) __init__ /opt/stack/neutron/neutron/api/extensions.py:156}}
Jun 29 04:54:25.487287 np0000183414 devstack@neutron-api.service[103681]: DEBUG neutron.api.extensions [None req-139a5ccf-09d9-4ef4-aa60-89557302af1e None None] Extended resource: tags {{(pid=103681) __init__ /opt/stack/neutron/neutron/api/extensions.py:156}}
Jun 29 04:54:25.487351 np0000183414 devstack@neutron-api.service[103682]: DEBUG neutron.api.extensions [None req-de5a14db-ef78-4bc0-9317-69dd45f05090 None None] Extended resource: dhcp-networks {{(pid=103682) __init__ /opt/stack/neutron/neutron/api/extensions.py:156}}
Jun 29 04:54:25.487351 np0000183414 devstack@neutron-api.service[103682]: DEBUG neutron.api.extensions [None req-de5a14db-ef78-4bc0-9317-69dd45f05090 None None] Extended resource: dhcp-agents {{(pid=103682) __init__ /opt/stack/neutron/neutron/api/extensions.py:156}}
Jun 29 04:54:25.487516 np0000183414 devstack@neutron-api.service[103679]: DEBUG neutron_lib.callbacks.manager [None req-c8a21d85-8cfa-44ba-8bb8-b7f7e376cb72 None None] Publish callbacks ['neutron.plugins.ml2.drivers.ovn.mech_driver.mech_driver.OVNMechanismDriver.pre_fork_initialize-353984'] for process (None), before_spawn {{(pid=103679) _notify_loop /opt/stack/data/venv/lib/python3.12/site-packages/neutron_lib/callbacks/manager.py:184}}
Jun 29 04:54:25.487649 np0000183414 devstack@neutron-api.service[103682]: DEBUG neutron.api.extensions [None req-de5a14db-ef78-4bc0-9317-69dd45f05090 None None] Extended resource: routers {{(pid=103682) __init__ /opt/stack/neutron/neutron/api/extensions.py:156}}
Jun 29 04:54:25.487713 np0000183414 devstack@neutron-api.service[103679]: DEBUG oslo_concurrency.processutils [None req-c8a21d85-8cfa-44ba-8bb8-b7f7e376cb72 None None] Running cmd (subprocess): ovsdb-client transact ssl:199.204.45.138:6641 --timeout 180 -p /opt/stack/data/CA/int-ca/private/devstack-cert.key -c /opt/stack/data/CA/int-ca/devstack-cert.crt -C /opt/stack/data/CA/int-ca/ca-chain.pem ["OVN_Northbound", {"op": "wait", "timeout": 0, "table": "Port_Group", "where": [["name", "==", "neutron_pg_drop"]], "until": "==", "rows": []}, {"op": "insert", "table": "ACL", "row": {"action": "drop", "direction": "to-lport", "match": "outport == @neutron_pg_drop && ip", "priority": 1001}, "uuid-name": "droptoport"}, {"op": "insert", "table": "ACL", "row": {"action": "drop", "direction": "from-lport", "match": "inport == @neutron_pg_drop && ip", "priority": 1001}, "uuid-name": "dropfromport"}, {"op": "insert", "table": "Port_Group", "row": {"name": "neutron_pg_drop", "acls": ["set", [["named-uuid", "droptoport"], ["named-uuid", "dropfromport"]]]}}] {{(pid=103679) execute /opt/stack/data/venv/lib/python3.12/site-packages/oslo_concurrency/processutils.py:440}}
Jun 29 04:54:25.487821 np0000183414 devstack@neutron-api.service[103682]: DEBUG neutron.api.extensions [None req-de5a14db-ef78-4bc0-9317-69dd45f05090 None None] Extended resource: flavors {{(pid=103682) __init__ /opt/stack/neutron/neutron/api/extensions.py:156}}
Jun 29 04:54:25.487821 np0000183414 devstack@neutron-api.service[103682]: DEBUG neutron.api.extensions [None req-de5a14db-ef78-4bc0-9317-69dd45f05090 None None] Extended resource: service_profiles {{(pid=103682) __init__ /opt/stack/neutron/neutron/api/extensions.py:156}}
Jun 29 04:54:25.487821 np0000183414 devstack@neutron-api.service[103682]: DEBUG neutron.api.extensions [None req-de5a14db-ef78-4bc0-9317-69dd45f05090 None None] Extended resource: next_providers {{(pid=103682) __init__ /opt/stack/neutron/neutron/api/extensions.py:156}}
Jun 29 04:54:25.487821 np0000183414 devstack@neutron-api.service[103682]: DEBUG neutron.api.extensions [None req-de5a14db-ef78-4bc0-9317-69dd45f05090 None None] Extended resource: service_profiles {{(pid=103682) __init__ /opt/stack/neutron/neutron/api/extensions.py:156}}
Jun 29 04:54:25.487821 np0000183414 devstack@neutron-api.service[103682]: DEBUG neutron.api.extensions [None req-de5a14db-ef78-4bc0-9317-69dd45f05090 None None] Extended resource: floatingip-pools {{(pid=103682) __init__ /opt/stack/neutron/neutron/api/extensions.py:156}}
Jun 29 04:54:25.487821 np0000183414 devstack@neutron-api.service[103682]: DEBUG neutron.api.extensions [None req-de5a14db-ef78-4bc0-9317-69dd45f05090 None None] Extended resource: routers {{(pid=103682) __init__ /opt/stack/neutron/neutron/api/extensions.py:156}}
Jun 29 04:54:25.487821 np0000183414 devstack@neutron-api.service[103682]: DEBUG neutron.api.extensions [None req-de5a14db-ef78-4bc0-9317-69dd45f05090 None None] Extended resource: floatingips {{(pid=103682) __init__ /opt/stack/neutron/neutron/api/extensions.py:156}}
Jun 29 04:54:25.487821 np0000183414 devstack@neutron-api.service[103682]: DEBUG neutron.api.extensions [None req-de5a14db-ef78-4bc0-9317-69dd45f05090 None None] Extended resource: l3-routers {{(pid=103682) __init__ /opt/stack/neutron/neutron/api/extensions.py:156}}
Jun 29 04:54:25.488058 np0000183414 devstack@neutron-api.service[103682]: DEBUG neutron.api.extensions [None req-de5a14db-ef78-4bc0-9317-69dd45f05090 None None] Extended resource: l3-agents {{(pid=103682) __init__ /opt/stack/neutron/neutron/api/extensions.py:156}}
Jun 29 04:54:25.488058 np0000183414 devstack@neutron-api.service[103682]: DEBUG neutron.api.extensions [None req-de5a14db-ef78-4bc0-9317-69dd45f05090 None None] Extended resource: network-ip-availabilities {{(pid=103682) __init__ /opt/stack/neutron/neutron/api/extensions.py:156}}
Jun 29 04:54:25.488058 np0000183414 devstack@neutron-api.service[103682]: DEBUG neutron.api.extensions [None req-de5a14db-ef78-4bc0-9317-69dd45f05090 None None] Extended resource: network-ip-availabilities {{(pid=103682) __init__ /opt/stack/neutron/neutron/api/extensions.py:156}}
Jun 29 04:54:25.488184 np0000183414 devstack@neutron-api.service[103681]: DEBUG neutron_lib.callbacks.manager [None req-139a5ccf-09d9-4ef4-aa60-89557302af1e None None] Publish callbacks ['neutron.plugins.ml2.drivers.ovn.mech_driver.mech_driver.OVNMechanismDriver.pre_fork_initialize-328698'] for process (None), before_spawn {{(pid=103681) _notify_loop /opt/stack/data/venv/lib/python3.12/site-packages/neutron_lib/callbacks/manager.py:184}}
Jun 29 04:54:25.488249 np0000183414 devstack@neutron-api.service[103682]: DEBUG neutron.api.extensions [None req-de5a14db-ef78-4bc0-9317-69dd45f05090 None None] Extended resource: bindings {{(pid=103682) __init__ /opt/stack/neutron/neutron/api/extensions.py:156}}
Jun 29 04:54:25.488312 np0000183414 devstack@neutron-api.service[103681]: DEBUG oslo_concurrency.processutils [None req-139a5ccf-09d9-4ef4-aa60-89557302af1e None None] Running cmd (subprocess): ovsdb-client transact ssl:199.204.45.138:6641 --timeout 180 -p /opt/stack/data/CA/int-ca/private/devstack-cert.key -c /opt/stack/data/CA/int-ca/devstack-cert.crt -C /opt/stack/data/CA/int-ca/ca-chain.pem ["OVN_Northbound", {"op": "wait", "timeout": 0, "table": "Port_Group", "where": [["name", "==", "neutron_pg_drop"]], "until": "==", "rows": []}, {"op": "insert", "table": "ACL", "row": {"action": "drop", "direction": "to-lport", "match": "outport == @neutron_pg_drop && ip", "priority": 1001}, "uuid-name": "droptoport"}, {"op": "insert", "table": "ACL", "row": {"action": "drop", "direction": "from-lport", "match": "inport == @neutron_pg_drop && ip", "priority": 1001}, "uuid-name": "dropfromport"}, {"op": "insert", "table": "Port_Group", "row": {"name": "neutron_pg_drop", "acls": ["set", [["named-uuid", "droptoport"], ["named-uuid", "dropfromport"]]]}}] {{(pid=103681) execute /opt/stack/data/venv/lib/python3.12/site-packages/oslo_concurrency/processutils.py:440}}
Jun 29 04:54:25.488423 np0000183414 devstack@neutron-api.service[103682]: DEBUG neutron.api.extensions [None req-de5a14db-ef78-4bc0-9317-69dd45f05090 None None] Extended resource: quotas {{(pid=103682) __init__ /opt/stack/neutron/neutron/api/extensions.py:156}}
Jun 29 04:54:25.488423 np0000183414 devstack@neutron-api.service[103682]: DEBUG neutron.api.extensions [None req-de5a14db-ef78-4bc0-9317-69dd45f05090 None None] Extended resource: quotas {{(pid=103682) __init__ /opt/stack/neutron/neutron/api/extensions.py:156}}
Jun 29 04:54:25.488423 np0000183414 devstack@neutron-api.service[103682]: DEBUG neutron.api.extensions [None req-de5a14db-ef78-4bc0-9317-69dd45f05090 None None] Extended resource: rbac-policies {{(pid=103682) __init__ /opt/stack/neutron/neutron/api/extensions.py:156}}
Jun 29 04:54:25.488423 np0000183414 devstack@neutron-api.service[103682]: DEBUG neutron.api.extensions [None req-de5a14db-ef78-4bc0-9317-69dd45f05090 None None] Extended resource: default-security-group-rules {{(pid=103682) __init__ /opt/stack/neutron/neutron/api/extensions.py:156}}
Jun 29 04:54:25.488423 np0000183414 devstack@neutron-api.service[103682]: DEBUG neutron.api.extensions [None req-de5a14db-ef78-4bc0-9317-69dd45f05090 None None] Extended resource: security-groups-default-statefulness {{(pid=103682) __init__ /opt/stack/neutron/neutron/api/extensions.py:156}}
Jun 29 04:54:25.488423 np0000183414 devstack@neutron-api.service[103682]: DEBUG neutron.api.extensions [None req-de5a14db-ef78-4bc0-9317-69dd45f05090 None None] Extended resource: security-groups {{(pid=103682) __init__ /opt/stack/neutron/neutron/api/extensions.py:156}}
Jun 29 04:54:25.488423 np0000183414 devstack@neutron-api.service[103682]: DEBUG neutron.api.extensions [None req-de5a14db-ef78-4bc0-9317-69dd45f05090 None None] Extended resource: security-group-rules {{(pid=103682) __init__ /opt/stack/neutron/neutron/api/extensions.py:156}}
Jun 29 04:54:25.488423 np0000183414 devstack@neutron-api.service[103682]: DEBUG neutron.api.extensions [None req-de5a14db-ef78-4bc0-9317-69dd45f05090 None None] Extended resource: service-providers {{(pid=103682) __init__ /opt/stack/neutron/neutron/api/extensions.py:156}}
Jun 29 04:54:25.488803 np0000183414 devstack@neutron-api.service[103682]: DEBUG neutron.api.extensions [None req-de5a14db-ef78-4bc0-9317-69dd45f05090 None None] Extended resource: subnetpools {{(pid=103682) __init__ /opt/stack/neutron/neutron/api/extensions.py:156}}
Jun 29 04:54:25.488803 np0000183414 devstack@neutron-api.service[103682]: DEBUG neutron.api.extensions [None req-de5a14db-ef78-4bc0-9317-69dd45f05090 None None] Extended resource: subnetpools {{(pid=103682) __init__ /opt/stack/neutron/neutron/api/extensions.py:156}}
Jun 29 04:54:25.488803 np0000183414 devstack@neutron-api.service[103682]: DEBUG neutron.api.extensions [None req-de5a14db-ef78-4bc0-9317-69dd45f05090 None None] Extended resource: tags {{(pid=103682) __init__ /opt/stack/neutron/neutron/api/extensions.py:156}}
Jun 29 04:54:25.488803 np0000183414 devstack@neutron-api.service[103682]: DEBUG neutron.api.extensions [None req-de5a14db-ef78-4bc0-9317-69dd45f05090 None None] Extended resource: tags {{(pid=103682) __init__ /opt/stack/neutron/neutron/api/extensions.py:156}}
Jun 29 04:54:25.488803 np0000183414 devstack@neutron-api.service[103682]: DEBUG neutron.api.extensions [None req-de5a14db-ef78-4bc0-9317-69dd45f05090 None None] Extended resource: tags {{(pid=103682) __init__ /opt/stack/neutron/neutron/api/extensions.py:156}}
Jun 29 04:54:25.488803 np0000183414 devstack@neutron-api.service[103682]: DEBUG neutron.api.extensions [None req-de5a14db-ef78-4bc0-9317-69dd45f05090 None None] Extended resource: tags {{(pid=103682) __init__ /opt/stack/neutron/neutron/api/extensions.py:156}}
Jun 29 04:54:25.488803 np0000183414 devstack@neutron-api.service[103682]: DEBUG neutron.api.extensions [None req-de5a14db-ef78-4bc0-9317-69dd45f05090 None None] Extended resource: tags {{(pid=103682) __init__ /opt/stack/neutron/neutron/api/extensions.py:156}}
Jun 29 04:54:25.488803 np0000183414 devstack@neutron-api.service[103682]: DEBUG neutron.api.extensions [None req-de5a14db-ef78-4bc0-9317-69dd45f05090 None None] Extended resource: tags {{(pid=103682) __init__ /opt/stack/neutron/neutron/api/extensions.py:156}}
Jun 29 04:54:25.489047 np0000183414 devstack@neutron-api.service[103682]: DEBUG neutron.api.extensions [None req-de5a14db-ef78-4bc0-9317-69dd45f05090 None None] Extended resource: tags {{(pid=103682) __init__ /opt/stack/neutron/neutron/api/extensions.py:156}}
Jun 29 04:54:25.489047 np0000183414 devstack@neutron-api.service[103682]: DEBUG neutron.api.extensions [None req-de5a14db-ef78-4bc0-9317-69dd45f05090 None None] Extended resource: tags {{(pid=103682) __init__ /opt/stack/neutron/neutron/api/extensions.py:156}}
Jun 29 04:54:25.489047 np0000183414 devstack@neutron-api.service[103682]: DEBUG neutron.api.extensions [None req-de5a14db-ef78-4bc0-9317-69dd45f05090 None None] Extended resource: tags {{(pid=103682) __init__ /opt/stack/neutron/neutron/api/extensions.py:156}}
Jun 29 04:54:25.489047 np0000183414 devstack@neutron-api.service[103682]: DEBUG neutron.api.extensions [None req-de5a14db-ef78-4bc0-9317-69dd45f05090 None None] Extended resource: tags {{(pid=103682) __init__ /opt/stack/neutron/neutron/api/extensions.py:156}}
Jun 29 04:54:25.496598 np0000183414 devstack@neutron-api.service[103682]: DEBUG neutron_lib.callbacks.manager [None req-de5a14db-ef78-4bc0-9317-69dd45f05090 None None] Publish callbacks ['neutron.plugins.ml2.drivers.ovn.mech_driver.mech_driver.OVNMechanismDriver.pre_fork_initialize-344456'] for process (None), before_spawn {{(pid=103682) _notify_loop /opt/stack/data/venv/lib/python3.12/site-packages/neutron_lib/callbacks/manager.py:184}}
Jun 29 04:54:25.497043 np0000183414 devstack@neutron-api.service[103682]: DEBUG oslo_concurrency.processutils [None req-de5a14db-ef78-4bc0-9317-69dd45f05090 None None] Running cmd (subprocess): ovsdb-client transact ssl:199.204.45.138:6641 --timeout 180 -p /opt/stack/data/CA/int-ca/private/devstack-cert.key -c /opt/stack/data/CA/int-ca/devstack-cert.crt -C /opt/stack/data/CA/int-ca/ca-chain.pem ["OVN_Northbound", {"op": "wait", "timeout": 0, "table": "Port_Group", "where": [["name", "==", "neutron_pg_drop"]], "until": "==", "rows": []}, {"op": "insert", "table": "ACL", "row": {"action": "drop", "direction": "to-lport", "match": "outport == @neutron_pg_drop && ip", "priority": 1001}, "uuid-name": "droptoport"}, {"op": "insert", "table": "ACL", "row": {"action": "drop", "direction": "from-lport", "match": "inport == @neutron_pg_drop && ip", "priority": 1001}, "uuid-name": "dropfromport"}, {"op": "insert", "table": "Port_Group", "row": {"name": "neutron_pg_drop", "acls": ["set", [["named-uuid", "droptoport"], ["named-uuid", "dropfromport"]]]}}] {{(pid=103682) execute /opt/stack/data/venv/lib/python3.12/site-packages/oslo_concurrency/processutils.py:440}}
Jun 29 04:54:25.504321 np0000183414 devstack@neutron-api.service[103679]: DEBUG oslo_concurrency.processutils [None req-c8a21d85-8cfa-44ba-8bb8-b7f7e376cb72 None None] CMD "ovsdb-client transact ssl:199.204.45.138:6641 --timeout 180 -p /opt/stack/data/CA/int-ca/private/devstack-cert.key -c /opt/stack/data/CA/int-ca/devstack-cert.crt -C /opt/stack/data/CA/int-ca/ca-chain.pem ["OVN_Northbound", {"op": "wait", "timeout": 0, "table": "Port_Group", "where": [["name", "==", "neutron_pg_drop"]], "until": "==", "rows": []}, {"op": "insert", "table": "ACL", "row": {"action": "drop", "direction": "to-lport", "match": "outport == @neutron_pg_drop && ip", "priority": 1001}, "uuid-name": "droptoport"}, {"op": "insert", "table": "ACL", "row": {"action": "drop", "direction": "from-lport", "match": "inport == @neutron_pg_drop && ip", "priority": 1001}, "uuid-name": "dropfromport"}, {"op": "insert", "table": "Port_Group", "row": {"name": "neutron_pg_drop", "acls": ["set", [["named-uuid", "droptoport"], ["named-uuid", "dropfromport"]]]}}]" returned: 0 in 0.039s {{(pid=103679) execute /opt/stack/data/venv/lib/python3.12/site-packages/oslo_concurrency/processutils.py:468}}
Jun 29 04:54:25.504747 np0000183414 devstack@neutron-api.service[103679]: DEBUG neutron_lib.callbacks.manager [None req-c8a21d85-8cfa-44ba-8bb8-b7f7e376cb72 None None] Publish callbacks ['neutron.plugins.ml2.drivers.ovn.mech_driver.mech_driver.OVNMechanismDriver.post_fork_initialize-353960', 'neutron.services.pvlan.drivers.ovn.driver._initialize_pvlan_pg_drop-8060725174526', 'neutron.services.ovn_l3.plugin.OVNL3RouterPlugin._post_fork_initialize-1188849'] for process (None), after_init {{(pid=103679) _notify_loop /opt/stack/data/venv/lib/python3.12/site-packages/neutron_lib/callbacks/manager.py:184}}
Jun 29 04:54:25.505171 np0000183414 devstack@neutron-api.service[103679]: DEBUG oslo_concurrency.lockutils [None req-c8a21d85-8cfa-44ba-8bb8-b7f7e376cb72 None None] Acquiring lock "singleton_lock" {{(pid=103679) lock /opt/stack/data/venv/lib/python3.12/site-packages/oslo_concurrency/lockutils.py:395}}
Jun 29 04:54:25.505271 np0000183414 devstack@neutron-api.service[103679]: DEBUG oslo_concurrency.lockutils [None req-c8a21d85-8cfa-44ba-8bb8-b7f7e376cb72 None None] Acquired lock "singleton_lock" {{(pid=103679) lock /opt/stack/data/venv/lib/python3.12/site-packages/oslo_concurrency/lockutils.py:398}}
Jun 29 04:54:25.505548 np0000183414 devstack@neutron-api.service[103679]: DEBUG oslo_concurrency.lockutils [None req-c8a21d85-8cfa-44ba-8bb8-b7f7e376cb72 None None] Releasing lock "singleton_lock" {{(pid=103679) lock /opt/stack/data/venv/lib/python3.12/site-packages/oslo_concurrency/lockutils.py:418}}
Jun 29 04:54:25.508195 np0000183414 devstack@neutron-api.service[103679]: DEBUG neutron.plugins.ml2.drivers.ovn.mech_driver.mech_driver [None req-c8a21d85-8cfa-44ba-8bb8-b7f7e376cb72 None None] Hash Ring setup using WSGI start time 2026-06-29 04:54:18+00:00 {{(pid=103679) _init_hash_ring /opt/stack/neutron/neutron/plugins/ml2/drivers/ovn/mech_driver/mech_driver.py:404}}
Jun 29 04:54:25.514350 np0000183414 devstack@neutron-api.service[103679]: INFO neutron.db.ovn_hash_ring_db [None req-c8a21d85-8cfa-44ba-8bb8-b7f7e376cb72 None None] Nodes from host "np0000183414" and group "mechanism_driver" removed from the Hash Ring created at 2026-06-29 04:54:18+00:00
Jun 29 04:54:25.517347 np0000183414 devstack@neutron-api.service[103679]: INFO neutron.db.ovn_hash_ring_db [None req-c8a21d85-8cfa-44ba-8bb8-b7f7e376cb72 None None] Node e85e30ed36c35501ab784ec8ab8df21d from host "np0000183414" and group "mechanism_driver" added to the Hash Ring
Jun 29 04:54:25.521976 np0000183414 devstack@neutron-api.service[103681]: DEBUG oslo_concurrency.processutils [None req-139a5ccf-09d9-4ef4-aa60-89557302af1e None None] CMD "ovsdb-client transact ssl:199.204.45.138:6641 --timeout 180 -p /opt/stack/data/CA/int-ca/private/devstack-cert.key -c /opt/stack/data/CA/int-ca/devstack-cert.crt -C /opt/stack/data/CA/int-ca/ca-chain.pem ["OVN_Northbound", {"op": "wait", "timeout": 0, "table": "Port_Group", "where": [["name", "==", "neutron_pg_drop"]], "until": "==", "rows": []}, {"op": "insert", "table": "ACL", "row": {"action": "drop", "direction": "to-lport", "match": "outport == @neutron_pg_drop && ip", "priority": 1001}, "uuid-name": "droptoport"}, {"op": "insert", "table": "ACL", "row": {"action": "drop", "direction": "from-lport", "match": "inport == @neutron_pg_drop && ip", "priority": 1001}, "uuid-name": "dropfromport"}, {"op": "insert", "table": "Port_Group", "row": {"name": "neutron_pg_drop", "acls": ["set", [["named-uuid", "droptoport"], ["named-uuid", "dropfromport"]]]}}]" returned: 0 in 0.046s {{(pid=103681) execute /opt/stack/data/venv/lib/python3.12/site-packages/oslo_concurrency/processutils.py:468}}
Jun 29 04:54:25.521976 np0000183414 devstack@neutron-api.service[103681]: DEBUG neutron_lib.callbacks.manager [None req-139a5ccf-09d9-4ef4-aa60-89557302af1e None None] Publish callbacks ['neutron.plugins.ml2.drivers.ovn.mech_driver.mech_driver.OVNMechanismDriver.post_fork_initialize-328450', 'neutron.services.pvlan.drivers.ovn.driver._initialize_pvlan_pg_drop-8060725185600', 'neutron.services.ovn_l3.plugin.OVNL3RouterPlugin._post_fork_initialize-1069'] for process (None), after_init {{(pid=103681) _notify_loop /opt/stack/data/venv/lib/python3.12/site-packages/neutron_lib/callbacks/manager.py:184}}
