Jun 29 04:54:59.450269 np0000183414 systemd[1]: Starting devstack@n-api-meta.service - Devstack devstack@n-api-meta.service...
Jun 29 04:54:59.464194 np0000183414 devstack@n-api-meta.service[108820]: [uWSGI] getting INI configuration from /etc/nova/nova-metadata-uwsgi.ini
Jun 29 04:54:59.467500 np0000183414 devstack@n-api-meta.service[108820]: *** Starting uWSGI 2.0.24-debian (64bit) on [Mon Jun 29 04:54:59 2026] ***
Jun 29 04:54:59.467500 np0000183414 devstack@n-api-meta.service[108820]: compiled with version: 13.2.0 on 17 April 2024 16:23:48
Jun 29 04:54:59.467500 np0000183414 devstack@n-api-meta.service[108820]: os: Linux-6.8.0-124-generic #124-Ubuntu SMP PREEMPT_DYNAMIC Tue May 26 13:00:45 UTC 2026
Jun 29 04:54:59.467500 np0000183414 devstack@n-api-meta.service[108820]: nodename: np0000183414
Jun 29 04:54:59.467500 np0000183414 devstack@n-api-meta.service[108820]: machine: x86_64
Jun 29 04:54:59.467500 np0000183414 devstack@n-api-meta.service[108820]: clock source: unix
Jun 29 04:54:59.467500 np0000183414 devstack@n-api-meta.service[108820]: pcre jit disabled
Jun 29 04:54:59.467500 np0000183414 devstack@n-api-meta.service[108820]: detected number of CPU cores: 16
Jun 29 04:54:59.467500 np0000183414 devstack@n-api-meta.service[108820]: current working directory: /
Jun 29 04:54:59.467500 np0000183414 devstack@n-api-meta.service[108820]: detected binary path: /usr/bin/uwsgi-core
Jun 29 04:54:59.467992 np0000183414 devstack@n-api-meta.service[108820]: your processes number limit is 256917
Jun 29 04:54:59.467992 np0000183414 devstack@n-api-meta.service[108820]: your memory page size is 4096 bytes
Jun 29 04:54:59.467992 np0000183414 devstack@n-api-meta.service[108820]: detected max file descriptor number: 2048
Jun 29 04:54:59.467992 np0000183414 devstack@n-api-meta.service[108820]: lock engine: pthread robust mutexes
Jun 29 04:54:59.467992 np0000183414 devstack@n-api-meta.service[108820]: thunder lock: enabled
Jun 29 04:54:59.468193 np0000183414 devstack@n-api-meta.service[108820]: uWSGI http bound on 0.0.0.0:8775 fd 5
Jun 29 04:54:59.468238 np0000183414 devstack@n-api-meta.service[108820]: uwsgi socket 0 bound to TCP address 127.0.0.1:38231 (port auto-assigned) fd 4
Jun 29 04:54:59.468270 np0000183414 devstack@n-api-meta.service[108820]: Python version: 3.12.3 (main, Mar 23 2026, 19:04:32) [GCC 13.3.0]
Jun 29 04:54:59.468270 np0000183414 devstack@n-api-meta.service[108820]: PEP 405 virtualenv detected: /opt/stack/data/venv
Jun 29 04:54:59.468270 np0000183414 devstack@n-api-meta.service[108820]: Set PythonHome to /opt/stack/data/venv
Jun 29 04:54:59.503754 np0000183414 devstack@n-api-meta.service[108820]: Python main interpreter initialized at 0x7af2934a3668
Jun 29 04:54:59.503754 np0000183414 devstack@n-api-meta.service[108820]: python threads support enabled
Jun 29 04:54:59.503754 np0000183414 devstack@n-api-meta.service[108820]: your server socket listen backlog is limited to 100 connections
Jun 29 04:54:59.503754 np0000183414 devstack@n-api-meta.service[108820]: your mercy for graceful operations on workers is 80 seconds
Jun 29 04:54:59.504325 np0000183414 devstack@n-api-meta.service[108820]: mapped 671795 bytes (656 KB) for 4 cores
Jun 29 04:54:59.504502 np0000183414 devstack@n-api-meta.service[108820]: *** Operational MODE: preforking ***
Jun 29 04:54:59.504687 np0000183414 devstack@n-api-meta.service[108820]: *** uWSGI is running in multiple interpreter mode ***
Jun 29 04:54:59.504687 np0000183414 devstack@n-api-meta.service[108820]: spawned uWSGI master process (pid: 108820)
Jun 29 04:54:59.504861 np0000183414 systemd[1]: Started devstack@n-api-meta.service - Devstack devstack@n-api-meta.service.
Jun 29 04:54:59.505676 np0000183414 devstack@n-api-meta.service[108820]: spawned uWSGI worker 1 (pid: 108821, cores: 1)
Jun 29 04:54:59.506609 np0000183414 devstack@n-api-meta.service[108820]: spawned uWSGI worker 2 (pid: 108822, cores: 1)
Jun 29 04:54:59.507043 np0000183414 devstack@n-api-meta.service[108820]: spawned uWSGI worker 3 (pid: 108823, cores: 1)
Jun 29 04:54:59.507578 np0000183414 devstack@n-api-meta.service[108820]: spawned uWSGI worker 4 (pid: 108824, cores: 1)
Jun 29 04:54:59.508221 np0000183414 devstack@n-api-meta.service[108820]: spawned uWSGI http 1 (pid: 108825)
Jun 29 04:54:59.508221 np0000183414 devstack@n-api-meta.service[108820]: running "unix_signal:15 gracefully_kill_them_all" (master-start)...
Jun 29 04:55:01.235189 np0000183414 devstack@n-api-meta.service[108823]: INFO dbcounter [None req-08a2dec4-30fb-44a6-8ff1-9fdb2bf82e99 None None] Registered counter for database nova_api
Jun 29 04:55:01.249286 np0000183414 devstack@n-api-meta.service[108824]: INFO dbcounter [None req-8a247745-283c-4bb9-8acf-d99aabae6dff None None] Registered counter for database nova_api
Jun 29 04:55:01.278855 np0000183414 devstack@n-api-meta.service[108823]: DEBUG oslo_db.sqlalchemy.engines [None req-08a2dec4-30fb-44a6-8ff1-9fdb2bf82e99 None None] MySQL server mode set to STRICT_TRANS_TABLES,STRICT_ALL_TABLES,NO_ZERO_IN_DATE,NO_ZERO_DATE,ERROR_FOR_DIVISION_BY_ZERO,TRADITIONAL,NO_ENGINE_SUBSTITUTION {{(pid=108823) _check_effective_sql_mode /opt/stack/data/venv/lib/python3.12/site-packages/oslo_db/sqlalchemy/engines.py:325}}
Jun 29 04:55:01.294558 np0000183414 devstack@n-api-meta.service[108824]: DEBUG oslo_db.sqlalchemy.engines [None req-8a247745-283c-4bb9-8acf-d99aabae6dff None None] MySQL server mode set to STRICT_TRANS_TABLES,STRICT_ALL_TABLES,NO_ZERO_IN_DATE,NO_ZERO_DATE,ERROR_FOR_DIVISION_BY_ZERO,TRADITIONAL,NO_ENGINE_SUBSTITUTION {{(pid=108824) _check_effective_sql_mode /opt/stack/data/venv/lib/python3.12/site-packages/oslo_db/sqlalchemy/engines.py:325}}
Jun 29 04:55:01.307205 np0000183414 devstack@n-api-meta.service[108821]: INFO dbcounter [None req-68d8c82f-aba3-400c-baaf-3f18017998e0 None None] Registered counter for database nova_api
Jun 29 04:55:01.312813 np0000183414 devstack@n-api-meta.service[108822]: INFO dbcounter [None req-b8368ab9-0ebf-43f4-8797-b0d8553f9f53 None None] Registered counter for database nova_api
Jun 29 04:55:01.313324 np0000183414 devstack@n-api-meta.service[108823]: DEBUG dbcounter [-] [108823] Writer thread running {{(pid=108823) stat_writer /opt/stack/data/venv/lib/python3.12/site-packages/dbcounter.py:102}}
Jun 29 04:55:01.315066 np0000183414 devstack@n-api-meta.service[108823]: DEBUG nova.context [None req-08a2dec4-30fb-44a6-8ff1-9fdb2bf82e99 None None] Found 2 cells: 00000000-0000-0000-0000-000000000000(cell0),8a7f08a9-f7f9-466a-9689-deaed18216c1(cell1) {{(pid=108823) load_cells /opt/stack/nova/nova/context.py:509}}
Jun 29 04:55:01.315295 np0000183414 devstack@n-api-meta.service[108823]: INFO nova.utils [None req-08a2dec4-30fb-44a6-8ff1-9fdb2bf82e99 None None] The cell worker thread pool MainProcess.cell_worker is initialized
Jun 29 04:55:01.317392 np0000183414 devstack@n-api-meta.service[108823]: DEBUG oslo_concurrency.lockutils [None req-08a2dec4-30fb-44a6-8ff1-9fdb2bf82e99 None None] Acquiring lock "00000000-0000-0000-0000-000000000000" by "nova.context.set_target_cell..get_or_set_cached_cell_and_set_connections" {{(pid=108823) inner /opt/stack/data/venv/lib/python3.12/site-packages/oslo_concurrency/lockutils.py:511}}
Jun 29 04:55:01.317616 np0000183414 devstack@n-api-meta.service[108823]: DEBUG oslo_concurrency.lockutils [None req-08a2dec4-30fb-44a6-8ff1-9fdb2bf82e99 None None] Lock "00000000-0000-0000-0000-000000000000" acquired by "nova.context.set_target_cell..get_or_set_cached_cell_and_set_connections" :: waited 0.000s {{(pid=108823) inner /opt/stack/data/venv/lib/python3.12/site-packages/oslo_concurrency/lockutils.py:524}}
Jun 29 04:55:01.318110 np0000183414 devstack@n-api-meta.service[108823]: DEBUG oslo_concurrency.lockutils [None req-08a2dec4-30fb-44a6-8ff1-9fdb2bf82e99 None None] Lock "00000000-0000-0000-0000-000000000000" "released" by "nova.context.set_target_cell..get_or_set_cached_cell_and_set_connections" :: held 0.000s {{(pid=108823) inner /opt/stack/data/venv/lib/python3.12/site-packages/oslo_concurrency/lockutils.py:543}}
Jun 29 04:55:01.319028 np0000183414 devstack@n-api-meta.service[108823]: DEBUG oslo_concurrency.lockutils [None req-08a2dec4-30fb-44a6-8ff1-9fdb2bf82e99 None None] Acquiring lock "8a7f08a9-f7f9-466a-9689-deaed18216c1" by "nova.context.set_target_cell..get_or_set_cached_cell_and_set_connections" {{(pid=108823) inner /opt/stack/data/venv/lib/python3.12/site-packages/oslo_concurrency/lockutils.py:511}}
Jun 29 04:55:01.319232 np0000183414 devstack@n-api-meta.service[108823]: DEBUG oslo_concurrency.lockutils [None req-08a2dec4-30fb-44a6-8ff1-9fdb2bf82e99 None None] Lock "8a7f08a9-f7f9-466a-9689-deaed18216c1" acquired by "nova.context.set_target_cell..get_or_set_cached_cell_and_set_connections" :: waited 0.000s {{(pid=108823) inner /opt/stack/data/venv/lib/python3.12/site-packages/oslo_concurrency/lockutils.py:524}}
Jun 29 04:55:01.320377 np0000183414 devstack@n-api-meta.service[108823]: DEBUG oslo_concurrency.lockutils [None req-08a2dec4-30fb-44a6-8ff1-9fdb2bf82e99 None None] Lock "8a7f08a9-f7f9-466a-9689-deaed18216c1" "released" by "nova.context.set_target_cell..get_or_set_cached_cell_and_set_connections" :: held 0.001s {{(pid=108823) inner /opt/stack/data/venv/lib/python3.12/site-packages/oslo_concurrency/lockutils.py:543}}
Jun 29 04:55:01.323401 np0000183414 devstack@n-api-meta.service[108823]: INFO dbcounter [None req-08a2dec4-30fb-44a6-8ff1-9fdb2bf82e99 None None] Registered counter for database nova_cell0
Jun 29 04:55:01.329318 np0000183414 devstack@n-api-meta.service[108824]: DEBUG dbcounter [-] [108824] Writer thread running {{(pid=108824) stat_writer /opt/stack/data/venv/lib/python3.12/site-packages/dbcounter.py:102}}
Jun 29 04:55:01.330105 np0000183414 devstack@n-api-meta.service[108823]: INFO dbcounter [None req-08a2dec4-30fb-44a6-8ff1-9fdb2bf82e99 None None] Registered counter for database nova_cell1
Jun 29 04:55:01.332337 np0000183414 devstack@n-api-meta.service[108824]: DEBUG nova.context [None req-8a247745-283c-4bb9-8acf-d99aabae6dff None None] Found 2 cells: 00000000-0000-0000-0000-000000000000(cell0),8a7f08a9-f7f9-466a-9689-deaed18216c1(cell1) {{(pid=108824) load_cells /opt/stack/nova/nova/context.py:509}}
Jun 29 04:55:01.333396 np0000183414 devstack@n-api-meta.service[108824]: INFO nova.utils [None req-8a247745-283c-4bb9-8acf-d99aabae6dff None None] The cell worker thread pool MainProcess.cell_worker is initialized
Jun 29 04:55:01.335084 np0000183414 devstack@n-api-meta.service[108824]: DEBUG oslo_concurrency.lockutils [None req-8a247745-283c-4bb9-8acf-d99aabae6dff None None] Acquiring lock "00000000-0000-0000-0000-000000000000" by "nova.context.set_target_cell..get_or_set_cached_cell_and_set_connections" {{(pid=108824) inner /opt/stack/data/venv/lib/python3.12/site-packages/oslo_concurrency/lockutils.py:511}}
Jun 29 04:55:01.335326 np0000183414 devstack@n-api-meta.service[108824]: DEBUG oslo_concurrency.lockutils [None req-8a247745-283c-4bb9-8acf-d99aabae6dff None None] Lock "00000000-0000-0000-0000-000000000000" acquired by "nova.context.set_target_cell..get_or_set_cached_cell_and_set_connections" :: waited 0.000s {{(pid=108824) inner /opt/stack/data/venv/lib/python3.12/site-packages/oslo_concurrency/lockutils.py:524}}
Jun 29 04:55:01.335868 np0000183414 devstack@n-api-meta.service[108824]: DEBUG oslo_concurrency.lockutils [None req-8a247745-283c-4bb9-8acf-d99aabae6dff None None] Lock "00000000-0000-0000-0000-000000000000" "released" by "nova.context.set_target_cell..get_or_set_cached_cell_and_set_connections" :: held 0.001s {{(pid=108824) inner /opt/stack/data/venv/lib/python3.12/site-packages/oslo_concurrency/lockutils.py:543}}
Jun 29 04:55:01.336771 np0000183414 devstack@n-api-meta.service[108824]: DEBUG oslo_concurrency.lockutils [None req-8a247745-283c-4bb9-8acf-d99aabae6dff None None] Acquiring lock "8a7f08a9-f7f9-466a-9689-deaed18216c1" by "nova.context.set_target_cell..get_or_set_cached_cell_and_set_connections" {{(pid=108824) inner /opt/stack/data/venv/lib/python3.12/site-packages/oslo_concurrency/lockutils.py:511}}
Jun 29 04:55:01.336988 np0000183414 devstack@n-api-meta.service[108824]: DEBUG oslo_concurrency.lockutils [None req-8a247745-283c-4bb9-8acf-d99aabae6dff None None] Lock "8a7f08a9-f7f9-466a-9689-deaed18216c1" acquired by "nova.context.set_target_cell..get_or_set_cached_cell_and_set_connections" :: waited 0.000s {{(pid=108824) inner /opt/stack/data/venv/lib/python3.12/site-packages/oslo_concurrency/lockutils.py:524}}
Jun 29 04:55:01.338166 np0000183414 devstack@n-api-meta.service[108824]: DEBUG oslo_concurrency.lockutils [None req-8a247745-283c-4bb9-8acf-d99aabae6dff None None] Lock "8a7f08a9-f7f9-466a-9689-deaed18216c1" "released" by "nova.context.set_target_cell..get_or_set_cached_cell_and_set_connections" :: held 0.001s {{(pid=108824) inner /opt/stack/data/venv/lib/python3.12/site-packages/oslo_concurrency/lockutils.py:543}}
Jun 29 04:55:01.342939 np0000183414 devstack@n-api-meta.service[108824]: INFO dbcounter [None req-8a247745-283c-4bb9-8acf-d99aabae6dff None None] Registered counter for database nova_cell0
Jun 29 04:55:01.347719 np0000183414 devstack@n-api-meta.service[108824]: INFO dbcounter [None req-8a247745-283c-4bb9-8acf-d99aabae6dff None None] Registered counter for database nova_cell1
Jun 29 04:55:01.358664 np0000183414 devstack@n-api-meta.service[108821]: DEBUG oslo_db.sqlalchemy.engines [None req-68d8c82f-aba3-400c-baaf-3f18017998e0 None None] MySQL server mode set to STRICT_TRANS_TABLES,STRICT_ALL_TABLES,NO_ZERO_IN_DATE,NO_ZERO_DATE,ERROR_FOR_DIVISION_BY_ZERO,TRADITIONAL,NO_ENGINE_SUBSTITUTION {{(pid=108821) _check_effective_sql_mode /opt/stack/data/venv/lib/python3.12/site-packages/oslo_db/sqlalchemy/engines.py:325}}
Jun 29 04:55:01.368195 np0000183414 devstack@n-api-meta.service[108822]: DEBUG oslo_db.sqlalchemy.engines [None req-b8368ab9-0ebf-43f4-8797-b0d8553f9f53 None None] MySQL server mode set to STRICT_TRANS_TABLES,STRICT_ALL_TABLES,NO_ZERO_IN_DATE,NO_ZERO_DATE,ERROR_FOR_DIVISION_BY_ZERO,TRADITIONAL,NO_ENGINE_SUBSTITUTION {{(pid=108822) _check_effective_sql_mode /opt/stack/data/venv/lib/python3.12/site-packages/oslo_db/sqlalchemy/engines.py:325}}
Jun 29 04:55:01.392707 np0000183414 devstack@n-api-meta.service[108821]: DEBUG dbcounter [-] [108821] Writer thread running {{(pid=108821) stat_writer /opt/stack/data/venv/lib/python3.12/site-packages/dbcounter.py:102}}
Jun 29 04:55:01.395942 np0000183414 devstack@n-api-meta.service[108823]: DEBUG oslo_db.sqlalchemy.engines [None req-08a2dec4-30fb-44a6-8ff1-9fdb2bf82e99 None None] MySQL server mode set to STRICT_TRANS_TABLES,STRICT_ALL_TABLES,NO_ZERO_IN_DATE,NO_ZERO_DATE,ERROR_FOR_DIVISION_BY_ZERO,TRADITIONAL,NO_ENGINE_SUBSTITUTION {{(pid=108823) _check_effective_sql_mode /opt/stack/data/venv/lib/python3.12/site-packages/oslo_db/sqlalchemy/engines.py:325}}
Jun 29 04:55:01.396094 np0000183414 devstack@n-api-meta.service[108821]: DEBUG nova.context [None req-68d8c82f-aba3-400c-baaf-3f18017998e0 None None] Found 2 cells: 00000000-0000-0000-0000-000000000000(cell0),8a7f08a9-f7f9-466a-9689-deaed18216c1(cell1) {{(pid=108821) load_cells /opt/stack/nova/nova/context.py:509}}
Jun 29 04:55:01.396214 np0000183414 devstack@n-api-meta.service[108821]: INFO nova.utils [None req-68d8c82f-aba3-400c-baaf-3f18017998e0 None None] The cell worker thread pool MainProcess.cell_worker is initialized
Jun 29 04:55:01.398195 np0000183414 devstack@n-api-meta.service[108821]: DEBUG oslo_concurrency.lockutils [None req-68d8c82f-aba3-400c-baaf-3f18017998e0 None None] Acquiring lock "00000000-0000-0000-0000-000000000000" by "nova.context.set_target_cell..get_or_set_cached_cell_and_set_connections" {{(pid=108821) inner /opt/stack/data/venv/lib/python3.12/site-packages/oslo_concurrency/lockutils.py:511}}
Jun 29 04:55:01.398378 np0000183414 devstack@n-api-meta.service[108821]: DEBUG oslo_concurrency.lockutils [None req-68d8c82f-aba3-400c-baaf-3f18017998e0 None None] Lock "00000000-0000-0000-0000-000000000000" acquired by "nova.context.set_target_cell..get_or_set_cached_cell_and_set_connections" :: waited 0.000s {{(pid=108821) inner /opt/stack/data/venv/lib/python3.12/site-packages/oslo_concurrency/lockutils.py:524}}
Jun 29 04:55:01.398759 np0000183414 devstack@n-api-meta.service[108821]: DEBUG oslo_concurrency.lockutils [None req-68d8c82f-aba3-400c-baaf-3f18017998e0 None None] Lock "00000000-0000-0000-0000-000000000000" "released" by "nova.context.set_target_cell..get_or_set_cached_cell_and_set_connections" :: held 0.000s {{(pid=108821) inner /opt/stack/data/venv/lib/python3.12/site-packages/oslo_concurrency/lockutils.py:543}}
Jun 29 04:55:01.399655 np0000183414 devstack@n-api-meta.service[108821]: DEBUG oslo_concurrency.lockutils [None req-68d8c82f-aba3-400c-baaf-3f18017998e0 None None] Acquiring lock "8a7f08a9-f7f9-466a-9689-deaed18216c1" by "nova.context.set_target_cell..get_or_set_cached_cell_and_set_connections" {{(pid=108821) inner /opt/stack/data/venv/lib/python3.12/site-packages/oslo_concurrency/lockutils.py:511}}
Jun 29 04:55:01.399796 np0000183414 devstack@n-api-meta.service[108821]: DEBUG oslo_concurrency.lockutils [None req-68d8c82f-aba3-400c-baaf-3f18017998e0 None None] Lock "8a7f08a9-f7f9-466a-9689-deaed18216c1" acquired by "nova.context.set_target_cell..get_or_set_cached_cell_and_set_connections" :: waited 0.000s {{(pid=108821) inner /opt/stack/data/venv/lib/python3.12/site-packages/oslo_concurrency/lockutils.py:524}}
Jun 29 04:55:01.399911 np0000183414 devstack@n-api-meta.service[108823]: DEBUG oslo_db.sqlalchemy.engines [None req-08a2dec4-30fb-44a6-8ff1-9fdb2bf82e99 None None] MySQL server mode set to STRICT_TRANS_TABLES,STRICT_ALL_TABLES,NO_ZERO_IN_DATE,NO_ZERO_DATE,ERROR_FOR_DIVISION_BY_ZERO,TRADITIONAL,NO_ENGINE_SUBSTITUTION {{(pid=108823) _check_effective_sql_mode /opt/stack/data/venv/lib/python3.12/site-packages/oslo_db/sqlalchemy/engines.py:325}}
Jun 29 04:55:01.400717 np0000183414 devstack@n-api-meta.service[108821]: DEBUG oslo_concurrency.lockutils [None req-68d8c82f-aba3-400c-baaf-3f18017998e0 None None] Lock "8a7f08a9-f7f9-466a-9689-deaed18216c1" "released" by "nova.context.set_target_cell..get_or_set_cached_cell_and_set_connections" :: held 0.001s {{(pid=108821) inner /opt/stack/data/venv/lib/python3.12/site-packages/oslo_concurrency/lockutils.py:543}}
Jun 29 04:55:01.403504 np0000183414 devstack@n-api-meta.service[108821]: INFO dbcounter [None req-68d8c82f-aba3-400c-baaf-3f18017998e0 None None] Registered counter for database nova_cell0
Jun 29 04:55:01.407871 np0000183414 devstack@n-api-meta.service[108822]: DEBUG dbcounter [-] [108822] Writer thread running {{(pid=108822) stat_writer /opt/stack/data/venv/lib/python3.12/site-packages/dbcounter.py:102}}
Jun 29 04:55:01.408732 np0000183414 devstack@n-api-meta.service[108821]: INFO dbcounter [None req-68d8c82f-aba3-400c-baaf-3f18017998e0 None None] Registered counter for database nova_cell1
Jun 29 04:55:01.411454 np0000183414 devstack@n-api-meta.service[108822]: DEBUG nova.context [None req-b8368ab9-0ebf-43f4-8797-b0d8553f9f53 None None] Found 2 cells: 00000000-0000-0000-0000-000000000000(cell0),8a7f08a9-f7f9-466a-9689-deaed18216c1(cell1) {{(pid=108822) load_cells /opt/stack/nova/nova/context.py:509}}
Jun 29 04:55:01.411752 np0000183414 devstack@n-api-meta.service[108822]: INFO nova.utils [None req-b8368ab9-0ebf-43f4-8797-b0d8553f9f53 None None] The cell worker thread pool MainProcess.cell_worker is initialized
Jun 29 04:55:01.414412 np0000183414 devstack@n-api-meta.service[108822]: DEBUG oslo_concurrency.lockutils [None req-b8368ab9-0ebf-43f4-8797-b0d8553f9f53 None None] Acquiring lock "00000000-0000-0000-0000-000000000000" by "nova.context.set_target_cell..get_or_set_cached_cell_and_set_connections" {{(pid=108822) inner /opt/stack/data/venv/lib/python3.12/site-packages/oslo_concurrency/lockutils.py:511}}
Jun 29 04:55:01.414652 np0000183414 devstack@n-api-meta.service[108822]: DEBUG oslo_concurrency.lockutils [None req-b8368ab9-0ebf-43f4-8797-b0d8553f9f53 None None] Lock "00000000-0000-0000-0000-000000000000" acquired by "nova.context.set_target_cell..get_or_set_cached_cell_and_set_connections" :: waited 0.000s {{(pid=108822) inner /opt/stack/data/venv/lib/python3.12/site-packages/oslo_concurrency/lockutils.py:524}}
Jun 29 04:55:01.415457 np0000183414 devstack@n-api-meta.service[108822]: DEBUG oslo_concurrency.lockutils [None req-b8368ab9-0ebf-43f4-8797-b0d8553f9f53 None None] Lock "00000000-0000-0000-0000-000000000000" "released" by "nova.context.set_target_cell..get_or_set_cached_cell_and_set_connections" :: held 0.001s {{(pid=108822) inner /opt/stack/data/venv/lib/python3.12/site-packages/oslo_concurrency/lockutils.py:543}}
Jun 29 04:55:01.416436 np0000183414 devstack@n-api-meta.service[108822]: DEBUG oslo_concurrency.lockutils [None req-b8368ab9-0ebf-43f4-8797-b0d8553f9f53 None None] Acquiring lock "8a7f08a9-f7f9-466a-9689-deaed18216c1" by "nova.context.set_target_cell..get_or_set_cached_cell_and_set_connections" {{(pid=108822) inner /opt/stack/data/venv/lib/python3.12/site-packages/oslo_concurrency/lockutils.py:511}}
Jun 29 04:55:01.416645 np0000183414 devstack@n-api-meta.service[108822]: DEBUG oslo_concurrency.lockutils [None req-b8368ab9-0ebf-43f4-8797-b0d8553f9f53 None None] Lock "8a7f08a9-f7f9-466a-9689-deaed18216c1" acquired by "nova.context.set_target_cell..get_or_set_cached_cell_and_set_connections" :: waited 0.000s {{(pid=108822) inner /opt/stack/data/venv/lib/python3.12/site-packages/oslo_concurrency/lockutils.py:524}}
Jun 29 04:55:01.418041 np0000183414 devstack@n-api-meta.service[108822]: DEBUG oslo_concurrency.lockutils [None req-b8368ab9-0ebf-43f4-8797-b0d8553f9f53 None None] Lock "8a7f08a9-f7f9-466a-9689-deaed18216c1" "released" by "nova.context.set_target_cell..get_or_set_cached_cell_and_set_connections" :: held 0.001s {{(pid=108822) inner /opt/stack/data/venv/lib/python3.12/site-packages/oslo_concurrency/lockutils.py:543}}
Jun 29 04:55:01.420278 np0000183414 devstack@n-api-meta.service[108822]: INFO dbcounter [None req-b8368ab9-0ebf-43f4-8797-b0d8553f9f53 None None] Registered counter for database nova_cell0
Jun 29 04:55:01.421406 np0000183414 devstack@n-api-meta.service[108824]: DEBUG oslo_db.sqlalchemy.engines [None req-8a247745-283c-4bb9-8acf-d99aabae6dff None None] MySQL server mode set to STRICT_TRANS_TABLES,STRICT_ALL_TABLES,NO_ZERO_IN_DATE,NO_ZERO_DATE,ERROR_FOR_DIVISION_BY_ZERO,TRADITIONAL,NO_ENGINE_SUBSTITUTION {{(pid=108824) _check_effective_sql_mode /opt/stack/data/venv/lib/python3.12/site-packages/oslo_db/sqlalchemy/engines.py:325}}
Jun 29 04:55:01.425472 np0000183414 devstack@n-api-meta.service[108824]: DEBUG oslo_db.sqlalchemy.engines [None req-8a247745-283c-4bb9-8acf-d99aabae6dff None None] MySQL server mode set to STRICT_TRANS_TABLES,STRICT_ALL_TABLES,NO_ZERO_IN_DATE,NO_ZERO_DATE,ERROR_FOR_DIVISION_BY_ZERO,TRADITIONAL,NO_ENGINE_SUBSTITUTION {{(pid=108824) _check_effective_sql_mode /opt/stack/data/venv/lib/python3.12/site-packages/oslo_db/sqlalchemy/engines.py:325}}
Jun 29 04:55:01.425918 np0000183414 devstack@n-api-meta.service[108822]: INFO dbcounter [None req-b8368ab9-0ebf-43f4-8797-b0d8553f9f53 None None] Registered counter for database nova_cell1
Jun 29 04:55:01.478877 np0000183414 devstack@n-api-meta.service[108821]: DEBUG oslo_db.sqlalchemy.engines [None req-68d8c82f-aba3-400c-baaf-3f18017998e0 None None] MySQL server mode set to STRICT_TRANS_TABLES,STRICT_ALL_TABLES,NO_ZERO_IN_DATE,NO_ZERO_DATE,ERROR_FOR_DIVISION_BY_ZERO,TRADITIONAL,NO_ENGINE_SUBSTITUTION {{(pid=108821) _check_effective_sql_mode /opt/stack/data/venv/lib/python3.12/site-packages/oslo_db/sqlalchemy/engines.py:325}}
Jun 29 04:55:01.484331 np0000183414 devstack@n-api-meta.service[108821]: DEBUG oslo_db.sqlalchemy.engines [None req-68d8c82f-aba3-400c-baaf-3f18017998e0 None None] MySQL server mode set to STRICT_TRANS_TABLES,STRICT_ALL_TABLES,NO_ZERO_IN_DATE,NO_ZERO_DATE,ERROR_FOR_DIVISION_BY_ZERO,TRADITIONAL,NO_ENGINE_SUBSTITUTION {{(pid=108821) _check_effective_sql_mode /opt/stack/data/venv/lib/python3.12/site-packages/oslo_db/sqlalchemy/engines.py:325}}
Jun 29 04:55:01.502434 np0000183414 devstack@n-api-meta.service[108822]: DEBUG oslo_db.sqlalchemy.engines [None req-b8368ab9-0ebf-43f4-8797-b0d8553f9f53 None None] MySQL server mode set to STRICT_TRANS_TABLES,STRICT_ALL_TABLES,NO_ZERO_IN_DATE,NO_ZERO_DATE,ERROR_FOR_DIVISION_BY_ZERO,TRADITIONAL,NO_ENGINE_SUBSTITUTION {{(pid=108822) _check_effective_sql_mode /opt/stack/data/venv/lib/python3.12/site-packages/oslo_db/sqlalchemy/engines.py:325}}
Jun 29 04:55:01.503991 np0000183414 devstack@n-api-meta.service[108823]: DEBUG dbcounter [-] [108823] Writer thread running {{(pid=108823) stat_writer /opt/stack/data/venv/lib/python3.12/site-packages/dbcounter.py:102}}
Jun 29 04:55:01.504649 np0000183414 devstack@n-api-meta.service[108823]: DEBUG dbcounter [-] [108823] Writer thread running {{(pid=108823) stat_writer /opt/stack/data/venv/lib/python3.12/site-packages/dbcounter.py:102}}
Jun 29 04:55:01.509931 np0000183414 devstack@n-api-meta.service[108822]: DEBUG oslo_db.sqlalchemy.engines [None req-b8368ab9-0ebf-43f4-8797-b0d8553f9f53 None None] MySQL server mode set to STRICT_TRANS_TABLES,STRICT_ALL_TABLES,NO_ZERO_IN_DATE,NO_ZERO_DATE,ERROR_FOR_DIVISION_BY_ZERO,TRADITIONAL,NO_ENGINE_SUBSTITUTION {{(pid=108822) _check_effective_sql_mode /opt/stack/data/venv/lib/python3.12/site-packages/oslo_db/sqlalchemy/engines.py:325}}
Jun 29 04:55:01.510555 np0000183414 devstack@n-api-meta.service[108823]: INFO dbcounter [None req-08a2dec4-30fb-44a6-8ff1-9fdb2bf82e99 None None] Registered counter for database nova_cell0
Jun 29 04:55:01.532095 np0000183414 devstack@n-api-meta.service[108824]: DEBUG dbcounter [-] [108824] Writer thread running {{(pid=108824) stat_writer /opt/stack/data/venv/lib/python3.12/site-packages/dbcounter.py:102}}
Jun 29 04:55:01.533274 np0000183414 devstack@n-api-meta.service[108824]: DEBUG dbcounter [-] [108824] Writer thread running {{(pid=108824) stat_writer /opt/stack/data/venv/lib/python3.12/site-packages/dbcounter.py:102}}
Jun 29 04:55:01.540851 np0000183414 devstack@n-api-meta.service[108824]: INFO dbcounter [None req-8a247745-283c-4bb9-8acf-d99aabae6dff None None] Registered counter for database nova_cell0
Jun 29 04:55:01.552393 np0000183414 devstack@n-api-meta.service[108823]: DEBUG oslo_db.sqlalchemy.engines [None req-08a2dec4-30fb-44a6-8ff1-9fdb2bf82e99 None None] MySQL server mode set to STRICT_TRANS_TABLES,STRICT_ALL_TABLES,NO_ZERO_IN_DATE,NO_ZERO_DATE,ERROR_FOR_DIVISION_BY_ZERO,TRADITIONAL,NO_ENGINE_SUBSTITUTION {{(pid=108823) _check_effective_sql_mode /opt/stack/data/venv/lib/python3.12/site-packages/oslo_db/sqlalchemy/engines.py:325}}
Jun 29 04:55:01.560004 np0000183414 devstack@n-api-meta.service[108823]: DEBUG dbcounter [-] [108823] Writer thread running {{(pid=108823) stat_writer /opt/stack/data/venv/lib/python3.12/site-packages/dbcounter.py:102}}
Jun 29 04:55:01.575574 np0000183414 devstack@n-api-meta.service[108824]: DEBUG oslo_db.sqlalchemy.engines [None req-8a247745-283c-4bb9-8acf-d99aabae6dff None None] MySQL server mode set to STRICT_TRANS_TABLES,STRICT_ALL_TABLES,NO_ZERO_IN_DATE,NO_ZERO_DATE,ERROR_FOR_DIVISION_BY_ZERO,TRADITIONAL,NO_ENGINE_SUBSTITUTION {{(pid=108824) _check_effective_sql_mode /opt/stack/data/venv/lib/python3.12/site-packages/oslo_db/sqlalchemy/engines.py:325}}
Jun 29 04:55:01.576056 np0000183414 devstack@n-api-meta.service[108821]: DEBUG dbcounter [-] [108821] Writer thread running {{(pid=108821) stat_writer /opt/stack/data/venv/lib/python3.12/site-packages/dbcounter.py:102}}
Jun 29 04:55:01.582593 np0000183414 devstack@n-api-meta.service[108821]: DEBUG dbcounter [-] [108821] Writer thread running {{(pid=108821) stat_writer /opt/stack/data/venv/lib/python3.12/site-packages/dbcounter.py:102}}
Jun 29 04:55:01.584494 np0000183414 devstack@n-api-meta.service[108824]: DEBUG dbcounter [-] [108824] Writer thread running {{(pid=108824) stat_writer /opt/stack/data/venv/lib/python3.12/site-packages/dbcounter.py:102}}
Jun 29 04:55:01.588605 np0000183414 devstack@n-api-meta.service[108821]: INFO dbcounter [None req-68d8c82f-aba3-400c-baaf-3f18017998e0 None None] Registered counter for database nova_cell0
Jun 29 04:55:01.601077 np0000183414 devstack@n-api-meta.service[108822]: DEBUG dbcounter [-] [108822] Writer thread running {{(pid=108822) stat_writer /opt/stack/data/venv/lib/python3.12/site-packages/dbcounter.py:102}}
Jun 29 04:55:01.610062 np0000183414 devstack@n-api-meta.service[108822]: DEBUG dbcounter [-] [108822] Writer thread running {{(pid=108822) stat_writer /opt/stack/data/venv/lib/python3.12/site-packages/dbcounter.py:102}}
Jun 29 04:55:01.610955 np0000183414 devstack@n-api-meta.service[108823]: WARNING nova.api.metadata.handler [None req-08a2dec4-30fb-44a6-8ff1-9fdb2bf82e99 None None] metadata_proxy_shared_secret is not configured, the metadata information returned by the proxy cannot be trusted
Jun 29 04:55:01.613406 np0000183414 devstack@n-api-meta.service[108823]: DEBUG nova.api.openstack.wsgi_app [None req-08a2dec4-30fb-44a6-8ff1-9fdb2bf82e99 None None] ******************************************************************************** {{(pid=108823) log_opt_values /opt/stack/data/venv/lib/python3.12/site-packages/oslo_config/cfg.py:3226}}
Jun 29 04:55:01.613504 np0000183414 devstack@n-api-meta.service[108823]: DEBUG nova.api.openstack.wsgi_app [None req-08a2dec4-30fb-44a6-8ff1-9fdb2bf82e99 None None] Configuration options gathered from: {{(pid=108823) log_opt_values /opt/stack/data/venv/lib/python3.12/site-packages/oslo_config/cfg.py:3227}}
Jun 29 04:55:01.613612 np0000183414 devstack@n-api-meta.service[108823]: DEBUG nova.api.openstack.wsgi_app [None req-08a2dec4-30fb-44a6-8ff1-9fdb2bf82e99 None None] command line args: [] {{(pid=108823) log_opt_values /opt/stack/data/venv/lib/python3.12/site-packages/oslo_config/cfg.py:3228}}
Jun 29 04:55:01.613780 np0000183414 devstack@n-api-meta.service[108823]: DEBUG nova.api.openstack.wsgi_app [None req-08a2dec4-30fb-44a6-8ff1-9fdb2bf82e99 None None] config files: ['/etc/nova/api-paste.ini', '/etc/nova/nova.conf'] {{(pid=108823) log_opt_values /opt/stack/data/venv/lib/python3.12/site-packages/oslo_config/cfg.py:3229}}
Jun 29 04:55:01.613857 np0000183414 devstack@n-api-meta.service[108823]: DEBUG nova.api.openstack.wsgi_app [None req-08a2dec4-30fb-44a6-8ff1-9fdb2bf82e99 None None] ================================================================================ {{(pid=108823) log_opt_values /opt/stack/data/venv/lib/python3.12/site-packages/oslo_config/cfg.py:3234}}
Jun 29 04:55:01.613961 np0000183414 devstack@n-api-meta.service[108822]: INFO dbcounter [None req-b8368ab9-0ebf-43f4-8797-b0d8553f9f53 None None] Registered counter for database nova_cell0
Jun 29 04:55:01.614210 np0000183414 devstack@n-api-meta.service[108823]: DEBUG nova.api.openstack.wsgi_app [None req-08a2dec4-30fb-44a6-8ff1-9fdb2bf82e99 None None] allow_resize_to_same_host = True {{(pid=108823) log_opt_values /opt/stack/data/venv/lib/python3.12/site-packages/oslo_config/cfg.py:3242}}
Jun 29 04:55:01.614210 np0000183414 devstack@n-api-meta.service[108823]: DEBUG nova.api.openstack.wsgi_app [None req-08a2dec4-30fb-44a6-8ff1-9fdb2bf82e99 None None] arq_binding_timeout = 300 {{(pid=108823) log_opt_values /opt/stack/data/venv/lib/python3.12/site-packages/oslo_config/cfg.py:3242}}
Jun 29 04:55:01.614385 np0000183414 devstack@n-api-meta.service[108823]: DEBUG nova.api.openstack.wsgi_app [None req-08a2dec4-30fb-44a6-8ff1-9fdb2bf82e99 None None] block_device_allocate_retries = 60 {{(pid=108823) log_opt_values /opt/stack/data/venv/lib/python3.12/site-packages/oslo_config/cfg.py:3242}}
Jun 29 04:55:01.614454 np0000183414 devstack@n-api-meta.service[108823]: DEBUG nova.api.openstack.wsgi_app [None req-08a2dec4-30fb-44a6-8ff1-9fdb2bf82e99 None None] block_device_allocate_retries_interval = 3 {{(pid=108823) log_opt_values /opt/stack/data/venv/lib/python3.12/site-packages/oslo_config/cfg.py:3242}}
Jun 29 04:55:01.614584 np0000183414 devstack@n-api-meta.service[108823]: DEBUG nova.api.openstack.wsgi_app [None req-08a2dec4-30fb-44a6-8ff1-9fdb2bf82e99 None None] cell_worker_thread_pool_size = 5 {{(pid=108823) log_opt_values /opt/stack/data/venv/lib/python3.12/site-packages/oslo_config/cfg.py:3242}}
Jun 29 04:55:01.614727 np0000183414 devstack@n-api-meta.service[108823]: DEBUG nova.api.openstack.wsgi_app [None req-08a2dec4-30fb-44a6-8ff1-9fdb2bf82e99 None None] cert = self.pem {{(pid=108823) log_opt_values /opt/stack/data/venv/lib/python3.12/site-packages/oslo_config/cfg.py:3242}}
Jun 29 04:55:01.614850 np0000183414 devstack@n-api-meta.service[108823]: DEBUG nova.api.openstack.wsgi_app [None req-08a2dec4-30fb-44a6-8ff1-9fdb2bf82e99 None None] compute_driver = libvirt.LibvirtDriver {{(pid=108823) log_opt_values /opt/stack/data/venv/lib/python3.12/site-packages/oslo_config/cfg.py:3242}}
Jun 29 04:55:01.615059 np0000183414 devstack@n-api-meta.service[108823]: DEBUG nova.api.openstack.wsgi_app [None req-08a2dec4-30fb-44a6-8ff1-9fdb2bf82e99 None None] compute_monitors = [] {{(pid=108823) log_opt_values /opt/stack/data/venv/lib/python3.12/site-packages/oslo_config/cfg.py:3242}}
Jun 29 04:55:01.615172 np0000183414 devstack@n-api-meta.service[108823]: DEBUG nova.api.openstack.wsgi_app [None req-08a2dec4-30fb-44a6-8ff1-9fdb2bf82e99 None None] config_dir = [] {{(pid=108823) log_opt_values /opt/stack/data/venv/lib/python3.12/site-packages/oslo_config/cfg.py:3242}}
Jun 29 04:55:01.615319 np0000183414 devstack@n-api-meta.service[108823]: DEBUG nova.api.openstack.wsgi_app [None req-08a2dec4-30fb-44a6-8ff1-9fdb2bf82e99 None None] config_drive_format = iso9660 {{(pid=108823) log_opt_values /opt/stack/data/venv/lib/python3.12/site-packages/oslo_config/cfg.py:3242}}
Jun 29 04:55:01.615419 np0000183414 devstack@n-api-meta.service[108823]: DEBUG nova.api.openstack.wsgi_app [None req-08a2dec4-30fb-44a6-8ff1-9fdb2bf82e99 None None] config_file = ['/etc/nova/api-paste.ini', '/etc/nova/nova.conf'] {{(pid=108823) log_opt_values /opt/stack/data/venv/lib/python3.12/site-packages/oslo_config/cfg.py:3242}}
Jun 29 04:55:01.615581 np0000183414 devstack@n-api-meta.service[108823]: DEBUG nova.api.openstack.wsgi_app [None req-08a2dec4-30fb-44a6-8ff1-9fdb2bf82e99 None None] config_source = [] {{(pid=108823) log_opt_values /opt/stack/data/venv/lib/python3.12/site-packages/oslo_config/cfg.py:3242}}
Jun 29 04:55:01.615728 np0000183414 devstack@n-api-meta.service[108823]: DEBUG nova.api.openstack.wsgi_app [None req-08a2dec4-30fb-44a6-8ff1-9fdb2bf82e99 None None] console_host = np0000183414 {{(pid=108823) log_opt_values /opt/stack/data/venv/lib/python3.12/site-packages/oslo_config/cfg.py:3242}}
Jun 29 04:55:01.615861 np0000183414 devstack@n-api-meta.service[108823]: DEBUG nova.api.openstack.wsgi_app [None req-08a2dec4-30fb-44a6-8ff1-9fdb2bf82e99 None None] control_exchange = nova {{(pid=108823) log_opt_values /opt/stack/data/venv/lib/python3.12/site-packages/oslo_config/cfg.py:3242}}
Jun 29 04:55:01.616016 np0000183414 devstack@n-api-meta.service[108823]: DEBUG nova.api.openstack.wsgi_app [None req-08a2dec4-30fb-44a6-8ff1-9fdb2bf82e99 None None] cpu_allocation_ratio = None {{(pid=108823) log_opt_values /opt/stack/data/venv/lib/python3.12/site-packages/oslo_config/cfg.py:3242}}
Jun 29 04:55:01.616149 np0000183414 devstack@n-api-meta.service[108823]: DEBUG nova.api.openstack.wsgi_app [None req-08a2dec4-30fb-44a6-8ff1-9fdb2bf82e99 None None] daemon = False {{(pid=108823) log_opt_values /opt/stack/data/venv/lib/python3.12/site-packages/oslo_config/cfg.py:3242}}
Jun 29 04:55:01.616284 np0000183414 devstack@n-api-meta.service[108823]: DEBUG nova.api.openstack.wsgi_app [None req-08a2dec4-30fb-44a6-8ff1-9fdb2bf82e99 None None] debug = True {{(pid=108823) log_opt_values /opt/stack/data/venv/lib/python3.12/site-packages/oslo_config/cfg.py:3242}}
Jun 29 04:55:01.616416 np0000183414 devstack@n-api-meta.service[108823]: DEBUG nova.api.openstack.wsgi_app [None req-08a2dec4-30fb-44a6-8ff1-9fdb2bf82e99 None None] default_access_ip_network_name = None {{(pid=108823) log_opt_values /opt/stack/data/venv/lib/python3.12/site-packages/oslo_config/cfg.py:3242}}
Jun 29 04:55:01.616549 np0000183414 devstack@n-api-meta.service[108823]: DEBUG nova.api.openstack.wsgi_app [None req-08a2dec4-30fb-44a6-8ff1-9fdb2bf82e99 None None] default_availability_zone = nova {{(pid=108823) log_opt_values /opt/stack/data/venv/lib/python3.12/site-packages/oslo_config/cfg.py:3242}}
Jun 29 04:55:01.616686 np0000183414 devstack@n-api-meta.service[108823]: DEBUG nova.api.openstack.wsgi_app [None req-08a2dec4-30fb-44a6-8ff1-9fdb2bf82e99 None None] default_ephemeral_format = ext4 {{(pid=108823) log_opt_values /opt/stack/data/venv/lib/python3.12/site-packages/oslo_config/cfg.py:3242}}
Jun 29 04:55:01.616815 np0000183414 devstack@n-api-meta.service[108823]: DEBUG nova.api.openstack.wsgi_app [None req-08a2dec4-30fb-44a6-8ff1-9fdb2bf82e99 None None] default_green_pool_size = 1000 {{(pid=108823) log_opt_values /opt/stack/data/venv/lib/python3.12/site-packages/oslo_config/cfg.py:3242}}
Jun 29 04:55:01.617070 np0000183414 devstack@n-api-meta.service[108823]: DEBUG nova.api.openstack.wsgi_app [None req-08a2dec4-30fb-44a6-8ff1-9fdb2bf82e99 None None] default_log_levels = ['amqp=WARN', 'boto=WARN', 'sqlalchemy=WARN', 'suds=INFO', 'oslo.messaging=INFO', 'oslo_messaging=INFO', 'iso8601=WARN', 'requests.packages.urllib3.connectionpool=WARN', 'urllib3.connectionpool=WARN', 'websocket=WARN', 'requests.packages.urllib3.util.retry=WARN', 'urllib3.util.retry=WARN', 'keystonemiddleware=WARN', 'routes.middleware=WARN', 'stevedore=WARN', 'taskflow=WARN', 'keystoneauth=WARN', 'oslo.cache=INFO', 'oslo_policy=INFO', 'dogpile.core.dogpile=INFO', 'glanceclient=WARN', 'oslo.privsep.daemon=INFO'] {{(pid=108823) log_opt_values /opt/stack/data/venv/lib/python3.12/site-packages/oslo_config/cfg.py:3242}}
Jun 29 04:55:01.617225 np0000183414 devstack@n-api-meta.service[108823]: DEBUG nova.api.openstack.wsgi_app [None req-08a2dec4-30fb-44a6-8ff1-9fdb2bf82e99 None None] default_schedule_zone = None {{(pid=108823) log_opt_values /opt/stack/data/venv/lib/python3.12/site-packages/oslo_config/cfg.py:3242}}
Jun 29 04:55:01.617315 np0000183414 devstack@n-api-meta.service[108823]: DEBUG nova.api.openstack.wsgi_app [None req-08a2dec4-30fb-44a6-8ff1-9fdb2bf82e99 None None] default_thread_pool_size = 10 {{(pid=108823) log_opt_values /opt/stack/data/venv/lib/python3.12/site-packages/oslo_config/cfg.py:3242}}
Jun 29 04:55:01.617446 np0000183414 devstack@n-api-meta.service[108823]: DEBUG nova.api.openstack.wsgi_app [None req-08a2dec4-30fb-44a6-8ff1-9fdb2bf82e99 None None] disk_allocation_ratio = None {{(pid=108823) log_opt_values /opt/stack/data/venv/lib/python3.12/site-packages/oslo_config/cfg.py:3242}}
Jun 29 04:55:01.617571 np0000183414 devstack@n-api-meta.service[108823]: DEBUG nova.api.openstack.wsgi_app [None req-08a2dec4-30fb-44a6-8ff1-9fdb2bf82e99 None None] enable_new_services = True {{(pid=108823) log_opt_values /opt/stack/data/venv/lib/python3.12/site-packages/oslo_config/cfg.py:3242}}
Jun 29 04:55:01.617699 np0000183414 devstack@n-api-meta.service[108823]: DEBUG nova.api.openstack.wsgi_app [None req-08a2dec4-30fb-44a6-8ff1-9fdb2bf82e99 None None] flat_injected = False {{(pid=108823) log_opt_values /opt/stack/data/venv/lib/python3.12/site-packages/oslo_config/cfg.py:3242}}
Jun 29 04:55:01.617829 np0000183414 devstack@n-api-meta.service[108823]: DEBUG nova.api.openstack.wsgi_app [None req-08a2dec4-30fb-44a6-8ff1-9fdb2bf82e99 None None] force_config_drive = False {{(pid=108823) log_opt_values /opt/stack/data/venv/lib/python3.12/site-packages/oslo_config/cfg.py:3242}}
Jun 29 04:55:01.617972 np0000183414 devstack@n-api-meta.service[108823]: DEBUG nova.api.openstack.wsgi_app [None req-08a2dec4-30fb-44a6-8ff1-9fdb2bf82e99 None None] force_raw_images = True {{(pid=108823) log_opt_values /opt/stack/data/venv/lib/python3.12/site-packages/oslo_config/cfg.py:3242}}
Jun 29 04:55:01.618113 np0000183414 devstack@n-api-meta.service[108823]: DEBUG nova.api.openstack.wsgi_app [None req-08a2dec4-30fb-44a6-8ff1-9fdb2bf82e99 None None] graceful_shutdown_timeout = 5 {{(pid=108823) log_opt_values /opt/stack/data/venv/lib/python3.12/site-packages/oslo_config/cfg.py:3242}}
Jun 29 04:55:01.618242 np0000183414 devstack@n-api-meta.service[108823]: DEBUG nova.api.openstack.wsgi_app [None req-08a2dec4-30fb-44a6-8ff1-9fdb2bf82e99 None None] heal_instance_info_cache_interval = -1 {{(pid=108823) log_opt_values /opt/stack/data/venv/lib/python3.12/site-packages/oslo_config/cfg.py:3242}}
Jun 29 04:55:01.618427 np0000183414 devstack@n-api-meta.service[108823]: DEBUG nova.api.openstack.wsgi_app [None req-08a2dec4-30fb-44a6-8ff1-9fdb2bf82e99 None None] host = np0000183414 {{(pid=108823) log_opt_values /opt/stack/data/venv/lib/python3.12/site-packages/oslo_config/cfg.py:3242}}
Jun 29 04:55:01.618566 np0000183414 devstack@n-api-meta.service[108823]: DEBUG nova.api.openstack.wsgi_app [None req-08a2dec4-30fb-44a6-8ff1-9fdb2bf82e99 None None] initial_cpu_allocation_ratio = 4.0 {{(pid=108823) log_opt_values /opt/stack/data/venv/lib/python3.12/site-packages/oslo_config/cfg.py:3242}}
Jun 29 04:55:01.618699 np0000183414 devstack@n-api-meta.service[108823]: DEBUG nova.api.openstack.wsgi_app [None req-08a2dec4-30fb-44a6-8ff1-9fdb2bf82e99 None None] initial_disk_allocation_ratio = 1.0 {{(pid=108823) log_opt_values /opt/stack/data/venv/lib/python3.12/site-packages/oslo_config/cfg.py:3242}}
Jun 29 04:55:01.618849 np0000183414 devstack@n-api-meta.service[108823]: DEBUG nova.api.openstack.wsgi_app [None req-08a2dec4-30fb-44a6-8ff1-9fdb2bf82e99 None None] initial_ram_allocation_ratio = 1.0 {{(pid=108823) log_opt_values /opt/stack/data/venv/lib/python3.12/site-packages/oslo_config/cfg.py:3242}}
Jun 29 04:55:01.619034 np0000183414 devstack@n-api-meta.service[108823]: DEBUG nova.api.openstack.wsgi_app [None req-08a2dec4-30fb-44a6-8ff1-9fdb2bf82e99 None None] injected_network_template = /opt/stack/nova/nova/virt/interfaces.template {{(pid=108823) log_opt_values /opt/stack/data/venv/lib/python3.12/site-packages/oslo_config/cfg.py:3242}}
Jun 29 04:55:01.619174 np0000183414 devstack@n-api-meta.service[108823]: DEBUG nova.api.openstack.wsgi_app [None req-08a2dec4-30fb-44a6-8ff1-9fdb2bf82e99 None None] instance_build_timeout = 0 {{(pid=108823) log_opt_values /opt/stack/data/venv/lib/python3.12/site-packages/oslo_config/cfg.py:3242}}
Jun 29 04:55:01.619403 np0000183414 devstack@n-api-meta.service[108823]: DEBUG nova.api.openstack.wsgi_app [None req-08a2dec4-30fb-44a6-8ff1-9fdb2bf82e99 None None] instance_delete_interval = 300 {{(pid=108823) log_opt_values /opt/stack/data/venv/lib/python3.12/site-packages/oslo_config/cfg.py:3242}}
Jun 29 04:55:01.619403 np0000183414 devstack@n-api-meta.service[108823]: DEBUG nova.api.openstack.wsgi_app [None req-08a2dec4-30fb-44a6-8ff1-9fdb2bf82e99 None None] instance_format = [instance: %(uuid)s] {{(pid=108823) log_opt_values /opt/stack/data/venv/lib/python3.12/site-packages/oslo_config/cfg.py:3242}}
Jun 29 04:55:01.619579 np0000183414 devstack@n-api-meta.service[108823]: DEBUG nova.api.openstack.wsgi_app [None req-08a2dec4-30fb-44a6-8ff1-9fdb2bf82e99 None None] instance_name_template = instance-%08x {{(pid=108823) log_opt_values /opt/stack/data/venv/lib/python3.12/site-packages/oslo_config/cfg.py:3242}}
Jun 29 04:55:01.619699 np0000183414 devstack@n-api-meta.service[108823]: DEBUG nova.api.openstack.wsgi_app [None req-08a2dec4-30fb-44a6-8ff1-9fdb2bf82e99 None None] instance_usage_audit = False {{(pid=108823) log_opt_values /opt/stack/data/venv/lib/python3.12/site-packages/oslo_config/cfg.py:3242}}
Jun 29 04:55:01.619832 np0000183414 devstack@n-api-meta.service[108823]: DEBUG nova.api.openstack.wsgi_app [None req-08a2dec4-30fb-44a6-8ff1-9fdb2bf82e99 None None] instance_usage_audit_period = month {{(pid=108823) log_opt_values /opt/stack/data/venv/lib/python3.12/site-packages/oslo_config/cfg.py:3242}}
Jun 29 04:55:01.619986 np0000183414 devstack@n-api-meta.service[108823]: DEBUG nova.api.openstack.wsgi_app [None req-08a2dec4-30fb-44a6-8ff1-9fdb2bf82e99 None None] instance_uuid_format = [instance: %(uuid)s] {{(pid=108823) log_opt_values /opt/stack/data/venv/lib/python3.12/site-packages/oslo_config/cfg.py:3242}}
Jun 29 04:55:01.620117 np0000183414 devstack@n-api-meta.service[108823]: DEBUG nova.api.openstack.wsgi_app [None req-08a2dec4-30fb-44a6-8ff1-9fdb2bf82e99 None None] instances_path = /opt/stack/data/nova/instances {{(pid=108823) log_opt_values /opt/stack/data/venv/lib/python3.12/site-packages/oslo_config/cfg.py:3242}}
Jun 29 04:55:01.620248 np0000183414 devstack@n-api-meta.service[108823]: DEBUG nova.api.openstack.wsgi_app [None req-08a2dec4-30fb-44a6-8ff1-9fdb2bf82e99 None None] internal_service_availability_zone = internal {{(pid=108823) log_opt_values /opt/stack/data/venv/lib/python3.12/site-packages/oslo_config/cfg.py:3242}}
Jun 29 04:55:01.620373 np0000183414 devstack@n-api-meta.service[108823]: DEBUG nova.api.openstack.wsgi_app [None req-08a2dec4-30fb-44a6-8ff1-9fdb2bf82e99 None None] key = None {{(pid=108823) log_opt_values /opt/stack/data/venv/lib/python3.12/site-packages/oslo_config/cfg.py:3242}}
Jun 29 04:55:01.620500 np0000183414 devstack@n-api-meta.service[108823]: DEBUG nova.api.openstack.wsgi_app [None req-08a2dec4-30fb-44a6-8ff1-9fdb2bf82e99 None None] live_migration_retry_count = 30 {{(pid=108823) log_opt_values /opt/stack/data/venv/lib/python3.12/site-packages/oslo_config/cfg.py:3242}}
Jun 29 04:55:01.620635 np0000183414 devstack@n-api-meta.service[108823]: DEBUG nova.api.openstack.wsgi_app [None req-08a2dec4-30fb-44a6-8ff1-9fdb2bf82e99 None None] log_color = False {{(pid=108823) log_opt_values /opt/stack/data/venv/lib/python3.12/site-packages/oslo_config/cfg.py:3242}}
Jun 29 04:55:01.620781 np0000183414 devstack@n-api-meta.service[108823]: DEBUG nova.api.openstack.wsgi_app [None req-08a2dec4-30fb-44a6-8ff1-9fdb2bf82e99 None None] log_config_append = None {{(pid=108823) log_opt_values /opt/stack/data/venv/lib/python3.12/site-packages/oslo_config/cfg.py:3242}}
Jun 29 04:55:01.620901 np0000183414 devstack@n-api-meta.service[108823]: DEBUG nova.api.openstack.wsgi_app [None req-08a2dec4-30fb-44a6-8ff1-9fdb2bf82e99 None None] log_date_format = %Y-%m-%d %H:%M:%S {{(pid=108823) log_opt_values /opt/stack/data/venv/lib/python3.12/site-packages/oslo_config/cfg.py:3242}}
Jun 29 04:55:01.621045 np0000183414 devstack@n-api-meta.service[108823]: DEBUG nova.api.openstack.wsgi_app [None req-08a2dec4-30fb-44a6-8ff1-9fdb2bf82e99 None None] log_dir = None {{(pid=108823) log_opt_values /opt/stack/data/venv/lib/python3.12/site-packages/oslo_config/cfg.py:3242}}
Jun 29 04:55:01.621173 np0000183414 devstack@n-api-meta.service[108823]: DEBUG nova.api.openstack.wsgi_app [None req-08a2dec4-30fb-44a6-8ff1-9fdb2bf82e99 None None] log_file = None {{(pid=108823) log_opt_values /opt/stack/data/venv/lib/python3.12/site-packages/oslo_config/cfg.py:3242}}
Jun 29 04:55:01.621277 np0000183414 devstack@n-api-meta.service[108823]: DEBUG nova.api.openstack.wsgi_app [None req-08a2dec4-30fb-44a6-8ff1-9fdb2bf82e99 None None] log_options = True {{(pid=108823) log_opt_values /opt/stack/data/venv/lib/python3.12/site-packages/oslo_config/cfg.py:3242}}
Jun 29 04:55:01.621403 np0000183414 devstack@n-api-meta.service[108823]: DEBUG nova.api.openstack.wsgi_app [None req-08a2dec4-30fb-44a6-8ff1-9fdb2bf82e99 None None] log_rotate_interval = 1 {{(pid=108823) log_opt_values /opt/stack/data/venv/lib/python3.12/site-packages/oslo_config/cfg.py:3242}}
Jun 29 04:55:01.621537 np0000183414 devstack@n-api-meta.service[108823]: DEBUG nova.api.openstack.wsgi_app [None req-08a2dec4-30fb-44a6-8ff1-9fdb2bf82e99 None None] log_rotate_interval_type = days {{(pid=108823) log_opt_values /opt/stack/data/venv/lib/python3.12/site-packages/oslo_config/cfg.py:3242}}
Jun 29 04:55:01.621679 np0000183414 devstack@n-api-meta.service[108823]: DEBUG nova.api.openstack.wsgi_app [None req-08a2dec4-30fb-44a6-8ff1-9fdb2bf82e99 None None] log_rotation_type = none {{(pid=108823) log_opt_values /opt/stack/data/venv/lib/python3.12/site-packages/oslo_config/cfg.py:3242}}
Jun 29 04:55:01.621788 np0000183414 devstack@n-api-meta.service[108823]: DEBUG nova.api.openstack.wsgi_app [None req-08a2dec4-30fb-44a6-8ff1-9fdb2bf82e99 None None] logging_context_format_string = %(color)s%(levelname)s %(name)s [%(global_request_id)s %(request_id)s %(project_name)s %(user_name)s%(color)s] %(instance)s%(color)s%(message)s {{(pid=108823) log_opt_values /opt/stack/data/venv/lib/python3.12/site-packages/oslo_config/cfg.py:3242}}
Jun 29 04:55:01.621876 np0000183414 devstack@n-api-meta.service[108823]: DEBUG nova.api.openstack.wsgi_app [None req-08a2dec4-30fb-44a6-8ff1-9fdb2bf82e99 None None] logging_debug_format_suffix = {{(pid=%(process)d) %(funcName)s %(pathname)s:%(lineno)d}} {{(pid=108823) log_opt_values /opt/stack/data/venv/lib/python3.12/site-packages/oslo_config/cfg.py:3242}}
Jun 29 04:55:01.622067 np0000183414 devstack@n-api-meta.service[108823]: DEBUG nova.api.openstack.wsgi_app [None req-08a2dec4-30fb-44a6-8ff1-9fdb2bf82e99 None None] logging_default_format_string = %(color)s%(levelname)s %(name)s [-%(color)s] %(instance)s%(color)s%(message)s {{(pid=108823) log_opt_values /opt/stack/data/venv/lib/python3.12/site-packages/oslo_config/cfg.py:3242}}
Jun 29 04:55:01.622205 np0000183414 devstack@n-api-meta.service[108823]: DEBUG nova.api.openstack.wsgi_app [None req-08a2dec4-30fb-44a6-8ff1-9fdb2bf82e99 None None] logging_exception_prefix = ERROR %(name)s %(instance)s {{(pid=108823) log_opt_values /opt/stack/data/venv/lib/python3.12/site-packages/oslo_config/cfg.py:3242}}
Jun 29 04:55:01.622307 np0000183414 devstack@n-api-meta.service[108823]: DEBUG nova.api.openstack.wsgi_app [None req-08a2dec4-30fb-44a6-8ff1-9fdb2bf82e99 None None] logging_user_identity_format = %(user)s %(project)s %(domain)s %(system_scope)s %(user_domain)s %(project_domain)s {{(pid=108823) log_opt_values /opt/stack/data/venv/lib/python3.12/site-packages/oslo_config/cfg.py:3242}}
