Jun 30 22:28:55.471177 np0000183643 devstack@neutron-api.service[101842]: DEBUG oslo_concurrency.processutils [None req-af0d2c31-3f81-4372-a727-0ffc1918416d None None] Running cmd (subprocess): ovsdb-client transact ssl:199.204.45.205:6641 --timeout 180 -p /opt/stack/data/CA/int-ca/private/devstack-cert.key -c /opt/stack/data/CA/int-ca/devstack-cert.crt -C /opt/stack/data/CA/int-ca/ca-chain.pem ["OVN_Northbound", {"op": "wait", "timeout": 0, "table": "Port_Group", "where": [["name", "==", "pvlan_pg_drop"]], "until": "==", "rows": []}, {"op": "insert", "table": "ACL", "row": {"action": "drop", "direction": "to-lport", "match": "outport == @pvlan_pg_drop && ip", "priority": 1010}, "uuid-name": "pvlandroptoport"}, {"op": "insert", "table": "ACL", "row": {"action": "drop", "direction": "from-lport", "match": "inport == @pvlan_pg_drop && ip", "priority": 1010}, "uuid-name": "pvlandropfromport"}, {"op": "insert", "table": "Port_Group", "row": {"name": "pvlan_pg_drop", "acls": ["set", [["named-uuid", "pvlandroptoport"], ["named-uuid", "pvlandropfromport"]]]}}] {{(pid=101842) execute /opt/stack/data/venv/lib/python3.12/site-packages/oslo_concurrency/processutils.py:440}}
Jun 30 22:28:55.506739 np0000183643 devstack@neutron-api.service[101842]: DEBUG oslo_concurrency.processutils [None req-af0d2c31-3f81-4372-a727-0ffc1918416d None None] CMD "ovsdb-client transact ssl:199.204.45.205:6641 --timeout 180 -p /opt/stack/data/CA/int-ca/private/devstack-cert.key -c /opt/stack/data/CA/int-ca/devstack-cert.crt -C /opt/stack/data/CA/int-ca/ca-chain.pem ["OVN_Northbound", {"op": "wait", "timeout": 0, "table": "Port_Group", "where": [["name", "==", "pvlan_pg_drop"]], "until": "==", "rows": []}, {"op": "insert", "table": "ACL", "row": {"action": "drop", "direction": "to-lport", "match": "outport == @pvlan_pg_drop && ip", "priority": 1010}, "uuid-name": "pvlandroptoport"}, {"op": "insert", "table": "ACL", "row": {"action": "drop", "direction": "from-lport", "match": "inport == @pvlan_pg_drop && ip", "priority": 1010}, "uuid-name": "pvlandropfromport"}, {"op": "insert", "table": "Port_Group", "row": {"name": "pvlan_pg_drop", "acls": ["set", [["named-uuid", "pvlandroptoport"], ["named-uuid", "pvlandropfromport"]]]}}]" returned: 0 in 0.035s {{(pid=101842) execute /opt/stack/data/venv/lib/python3.12/site-packages/oslo_concurrency/processutils.py:468}}
Jun 30 22:28:55.509029 np0000183643 devstack@neutron-api.service[101842]: WSGI app 0 (mountpoint='') ready in 7 seconds on interpreter 0x79d167ea3668 pid: 101842 (default app)
Jun 30 22:28:57.891355 np0000183643 devstack@neutron-api.service[101845]: DEBUG neutron.plugins.ml2.drivers.ovn.mech_driver.ovsdb.ovsdb_monitor [-] Hash Ring: Node defa59154d4d5960a7c39064e9929b96 (host: np0000183643) handling event "update" for row fd1b568b-0ff1-4d11-844a-40a6337fc9b0 (table: Connection) {{(pid=101845) notify /opt/stack/neutron/neutron/plugins/ml2/drivers/ovn/mech_driver/ovsdb/ovsdb_monitor.py:1015}}
Jun 30 22:28:57.893178 np0000183643 devstack@neutron-api.service[101844]: DEBUG neutron.plugins.ml2.drivers.ovn.mech_driver.ovsdb.ovsdb_monitor [-] Hash Ring: Node 225734cb66895187a51e7e99c9137627 (host: np0000183643) handling event "update" for row fd1b568b-0ff1-4d11-844a-40a6337fc9b0 (table: Connection) {{(pid=101844) notify /opt/stack/neutron/neutron/plugins/ml2/drivers/ovn/mech_driver/ovsdb/ovsdb_monitor.py:1015}}
Jun 30 22:29:01.410769 np0000183643 devstack@neutron-api.service[101845]: DEBUG neutron.api.wsgi [None req-f6fe45fc-3f30-45dd-85f0-ef8e5123cb66 admin admin] Missing Content-Type {{(pid=101845) get_content_type /opt/stack/neutron/neutron/api/wsgi.py:80}}
Jun 30 22:29:01.411421 np0000183643 devstack@neutron-api.service[101845]: DEBUG neutron.api.wsgi [None req-f6fe45fc-3f30-45dd-85f0-ef8e5123cb66 admin admin] https://199.204.45.205/networking/v2.0/extensions returned with HTTP 200 {{(pid=101845) __call__ /opt/stack/neutron/neutron/api/wsgi.py:540}}
Jun 30 22:29:01.411508 np0000183643 devstack@neutron-api.service[101845]: [pid: 101845|app: 0|req: 2/2] 199.204.45.205 () {64 vars in 1323 bytes} [Tue Jun 30 22:29:00 2026] GET /networking/v2.0/extensions => generated 16171 bytes in 477 msecs (HTTP/1.1 200) 4 headers in 159 bytes (1 switches on core 0)
Jun 30 22:29:01.813732 np0000183643 devstack@neutron-api.service[101843]: DEBUG neutron.api.v2.base [None req-e4846ee8-1553-4285-a3f3-f0e7e1e7d4e6 admin admin] Request body: {'subnetpool': {'is_default': True, 'shared': True, 'prefixes': ['10.1.0.0/20'], 'name': 'shared-default-subnetpool-v4', 'default_prefixlen': 26}} {{(pid=101843) prepare_request_body /opt/stack/neutron/neutron/api/v2/base.py:727}}
Jun 30 22:29:02.023655 np0000183643 devstack@neutron-api.service[101843]: DEBUG neutron.policy [None req-e4846ee8-1553-4285-a3f3-f0e7e1e7d4e6 admin admin] Loaded default policies from ['neutron'] under neutron.policies entry points {{(pid=101843) register_rules /opt/stack/neutron/neutron/policy.py:65}}
Jun 30 22:29:02.181195 np0000183643 devstack@neutron-api.service[101843]: DEBUG neutron_lib.callbacks.manager [None req-e4846ee8-1553-4285-a3f3-f0e7e1e7d4e6 admin admin] Publish callbacks ['neutron.objects.securitygroup.RbacNeutronDbObjectMixin.validate_rbac_policy_change-2478543457856', 'neutron.objects.address_group.RbacNeutronDbObjectMixin.validate_rbac_policy_change-2478543451496', 'neutron.objects.network.RbacNeutronDbObjectMixin.validate_rbac_policy_change-2478543502340', 'neutron.objects.qos.policy.RbacNeutronDbObjectMixin.validate_rbac_policy_change-2478543499071', 'neutron.objects.subnetpool.RbacNeutronDbObjectMixin.validate_rbac_policy_change-2478543527694', 'neutron.objects.address_scope.RbacNeutronDbObjectMixin.validate_rbac_policy_change-2478543497640', 'neutron.plugins.ml2.plugin.External_net_db_mixin._process_ext_policy_create-2173722', 'neutron.plugins.ml2.plugin.NeutronDbPluginV2.validate_network_rbac_policy_change-2348796'] for rbac-policy (None), before_create {{(pid=101843) _notify_loop /opt/stack/data/venv/lib/python3.12/site-packages/neutron_lib/callbacks/manager.py:184}}
Jun 30 22:29:02.228155 np0000183643 devstack@neutron-api.service[101843]: DEBUG neutron_lib.callbacks.manager [None req-e4846ee8-1553-4285-a3f3-f0e7e1e7d4e6 admin admin] Publish callbacks [] for subnetpool (None), before_response {{(pid=101843) _notify_loop /opt/stack/data/venv/lib/python3.12/site-packages/neutron_lib/callbacks/manager.py:184}}
Jun 30 22:29:02.228916 np0000183643 devstack@neutron-api.service[101843]: [pid: 101843|app: 0|req: 1/3] 199.204.45.205 () {68 vars in 1367 bytes} [Tue Jun 30 22:29:01 2026] POST /networking/v2.0/subnetpools => generated 533 bytes in 533 msecs (HTTP/1.1 201) 4 headers in 162 bytes (1 switches on core 0)
Jun 30 22:29:02.557319 np0000183643 devstack@neutron-api.service[101844]: DEBUG neutron.api.v2.base [None req-4d756e61-0d5e-4451-a790-7c08d6e79e6f admin admin] Request body: {'subnetpool': {'is_default': True, 'shared': True, 'prefixes': ['fdbf:af59:d760::/56'], 'name': 'shared-default-subnetpool-v6', 'default_prefixlen': 64}} {{(pid=101844) prepare_request_body /opt/stack/neutron/neutron/api/v2/base.py:727}}
Jun 30 22:29:02.742725 np0000183643 devstack@neutron-api.service[101844]: DEBUG neutron.policy [None req-4d756e61-0d5e-4451-a790-7c08d6e79e6f admin admin] Loaded default policies from ['neutron'] under neutron.policies entry points {{(pid=101844) register_rules /opt/stack/neutron/neutron/policy.py:65}}
Jun 30 22:29:02.893242 np0000183643 devstack@neutron-api.service[101844]: DEBUG neutron_lib.callbacks.manager [None req-4d756e61-0d5e-4451-a790-7c08d6e79e6f admin admin] Publish callbacks ['neutron.objects.securitygroup.RbacNeutronDbObjectMixin.validate_rbac_policy_change-2478543298189', 'neutron.objects.address_group.RbacNeutronDbObjectMixin.validate_rbac_policy_change-2478543381987', 'neutron.objects.network.RbacNeutronDbObjectMixin.validate_rbac_policy_change-2478543519437', 'neutron.objects.qos.policy.RbacNeutronDbObjectMixin.validate_rbac_policy_change-2478543524312', 'neutron.objects.subnetpool.RbacNeutronDbObjectMixin.validate_rbac_policy_change-2478543485343', 'neutron.objects.address_scope.RbacNeutronDbObjectMixin.validate_rbac_policy_change-2478543524991', 'neutron.plugins.ml2.plugin.External_net_db_mixin._process_ext_policy_create-1937715', 'neutron.plugins.ml2.plugin.NeutronDbPluginV2.validate_network_rbac_policy_change-1964747'] for rbac-policy (None), before_create {{(pid=101844) _notify_loop /opt/stack/data/venv/lib/python3.12/site-packages/neutron_lib/callbacks/manager.py:184}}
Jun 30 22:29:02.936305 np0000183643 devstack@neutron-api.service[101844]: DEBUG neutron_lib.callbacks.manager [None req-4d756e61-0d5e-4451-a790-7c08d6e79e6f admin admin] Publish callbacks [] for subnetpool (None), before_response {{(pid=101844) _notify_loop /opt/stack/data/venv/lib/python3.12/site-packages/neutron_lib/callbacks/manager.py:184}}
Jun 30 22:29:02.937475 np0000183643 devstack@neutron-api.service[101844]: [pid: 101844|app: 0|req: 1/4] 199.204.45.205 () {68 vars in 1367 bytes} [Tue Jun 30 22:29:02 2026] POST /networking/v2.0/subnetpools => generated 543 bytes in 495 msecs (HTTP/1.1 201) 4 headers in 162 bytes (1 switches on core 0)
Jun 30 22:29:03.358303 np0000183643 devstack@neutron-api.service[101842]: DEBUG neutron.api.v2.base [None req-dd2e30b8-d0ad-4965-b6b2-02d7cce1d4c3 admin admin] Request body: {'network': {'name': 'private', 'admin_state_up': True}} {{(pid=101842) prepare_request_body /opt/stack/neutron/neutron/api/v2/base.py:727}}
Jun 30 22:29:03.393798 np0000183643 devstack@neutron-api.service[101842]: DEBUG neutron.pecan_wsgi.hooks.quota_enforcement [None req-dd2e30b8-d0ad-4965-b6b2-02d7cce1d4c3 admin admin] Made reservation on behalf of 68a64dafaaa14b088c99b6411b934865 for: {'network': 1} {{(pid=101842) before /opt/stack/neutron/neutron/pecan_wsgi/hooks/quota_enforcement.py:66}}
Jun 30 22:29:03.573889 np0000183643 devstack@neutron-api.service[101842]: DEBUG neutron.policy [None req-dd2e30b8-d0ad-4965-b6b2-02d7cce1d4c3 admin admin] Loaded default policies from ['neutron'] under neutron.policies entry points {{(pid=101842) register_rules /opt/stack/neutron/neutron/policy.py:65}}
Jun 30 22:29:03.677974 np0000183643 devstack@neutron-api.service[101842]: DEBUG neutron_lib.callbacks.manager [None req-dd2e30b8-d0ad-4965-b6b2-02d7cce1d4c3 admin admin] Publish callbacks ['neutron.plugins.ml2.plugin.SecurityGroupDbMixin._ensure_default_security_group_handler-164512'] for network (None), before_create {{(pid=101842) _notify_loop /opt/stack/data/venv/lib/python3.12/site-packages/neutron_lib/callbacks/manager.py:184}}
Jun 30 22:29:03.698668 np0000183643 devstack@neutron-api.service[101842]: DEBUG neutron_lib.callbacks.manager [None req-dd2e30b8-d0ad-4965-b6b2-02d7cce1d4c3 admin admin] Publish callbacks [] for security_group (None), before_create {{(pid=101842) _notify_loop /opt/stack/data/venv/lib/python3.12/site-packages/neutron_lib/callbacks/manager.py:184}}
Jun 30 22:29:03.817105 np0000183643 devstack@neutron-api.service[101842]: DEBUG neutron_lib.callbacks.manager [None req-dd2e30b8-d0ad-4965-b6b2-02d7cce1d4c3 admin admin] Publish callbacks ['neutron.plugins.ml2.drivers.ovn.mech_driver.mech_driver.OVNMechanismDriver._create_security_group_precommit-328025'] for security_group (9d0719f0-f4e2-48dc-a8e9-f63e9f57663a), precommit_create {{(pid=101842) _notify_loop /opt/stack/data/venv/lib/python3.12/site-packages/neutron_lib/callbacks/manager.py:184}}
Jun 30 22:29:03.817405 np0000183643 devstack@neutron-api.service[101842]: DEBUG neutron.db.ovn_revision_numbers_db [None req-dd2e30b8-d0ad-4965-b6b2-02d7cce1d4c3 admin admin] create_initial_revision uuid=9d0719f0-f4e2-48dc-a8e9-f63e9f57663a, type=security_groups, rev=-1 {{(pid=101842) create_initial_revision /opt/stack/neutron/neutron/db/ovn_revision_numbers_db.py:98}}
Jun 30 22:29:03.820756 np0000183643 devstack@neutron-api.service[101842]: DEBUG neutron.db.ovn_revision_numbers_db [None req-dd2e30b8-d0ad-4965-b6b2-02d7cce1d4c3 admin admin] create_initial_revision uuid=3ce4fb42-3aac-44b6-9115-8217a28b9654, type=security_group_rules, rev=-1 {{(pid=101842) create_initial_revision /opt/stack/neutron/neutron/db/ovn_revision_numbers_db.py:98}}
Jun 30 22:29:03.822025 np0000183643 devstack@neutron-api.service[101842]: DEBUG neutron.db.ovn_revision_numbers_db [None req-dd2e30b8-d0ad-4965-b6b2-02d7cce1d4c3 admin admin] create_initial_revision uuid=55866aba-f8c7-4084-ab90-4e659accb1cc, type=security_group_rules, rev=-1 {{(pid=101842) create_initial_revision /opt/stack/neutron/neutron/db/ovn_revision_numbers_db.py:98}}
Jun 30 22:29:03.823486 np0000183643 devstack@neutron-api.service[101842]: DEBUG neutron.db.ovn_revision_numbers_db [None req-dd2e30b8-d0ad-4965-b6b2-02d7cce1d4c3 admin admin] create_initial_revision uuid=6d6feccc-cbf5-439f-bd6e-f9f986e178bf, type=security_group_rules, rev=-1 {{(pid=101842) create_initial_revision /opt/stack/neutron/neutron/db/ovn_revision_numbers_db.py:98}}
Jun 30 22:29:03.824964 np0000183643 devstack@neutron-api.service[101842]: DEBUG neutron.db.ovn_revision_numbers_db [None req-dd2e30b8-d0ad-4965-b6b2-02d7cce1d4c3 admin admin] create_initial_revision uuid=f58b90cf-ba5c-4b49-b891-9d29999a313e, type=security_group_rules, rev=-1 {{(pid=101842) create_initial_revision /opt/stack/neutron/neutron/db/ovn_revision_numbers_db.py:98}}
Jun 30 22:29:03.831914 np0000183643 devstack@neutron-api.service[101842]: DEBUG neutron_lib.callbacks.manager [None req-dd2e30b8-d0ad-4965-b6b2-02d7cce1d4c3 admin admin] Publish callbacks ['neutron.plugins.ml2.drivers.ovn.mech_driver.mech_driver.OVNMechanismDriver._create_security_group-328019', 'neutron.plugins.ml2.ovo_rpc._ObjectChangeHandler.handle_event-65379432'] for security_group (9d0719f0-f4e2-48dc-a8e9-f63e9f57663a), after_create {{(pid=101842) _notify_loop /opt/stack/data/venv/lib/python3.12/site-packages/neutron_lib/callbacks/manager.py:184}}
Jun 30 22:29:03.832152 np0000183643 devstack@neutron-api.service[101842]: INFO neutron.plugins.ml2.drivers.ovn.mech_driver.ovsdb.extensions.qos [None req-dd2e30b8-d0ad-4965-b6b2-02d7cce1d4c3 admin admin] Starting OVNClientQosExtension
Jun 30 22:29:03.832474 np0000183643 devstack@neutron-api.service[101842]: INFO neutron.plugins.ml2.drivers.ovn.mech_driver.ovsdb.extensions.placement [None req-dd2e30b8-d0ad-4965-b6b2-02d7cce1d4c3 admin admin] Starting OVNClientPlacementExtension
Jun 30 22:29:03.833615 np0000183643 devstack@neutron-api.service[101842]: DEBUG ovsdbapp.backend.ovs_idl.transaction [-] Running txn n=1 command(idx=0): PgAddCommand(_result=None, name=pg_9d0719f0_f4e2_48dc_a8e9_f63e9f57663a, may_exist=False, columns={'acls': [], 'external_ids': {'neutron:security_group_id': '9d0719f0-f4e2-48dc-a8e9-f63e9f57663a'}}) {{(pid=101842) do_commit /opt/stack/data/venv/lib/python3.12/site-packages/ovsdbapp/backend/ovs_idl/transaction.py:89}}
Jun 30 22:29:03.835108 np0000183643 devstack@neutron-api.service[101842]: DEBUG ovsdbapp.backend.ovs_idl.transaction [-] Running txn n=1 command(idx=1): PgAclAddCommand(_result=None, entity=pg_9d0719f0_f4e2_48dc_a8e9_f63e9f57663a, direction=to-lport, priority=1002, match=outport == @pg_9d0719f0_f4e2_48dc_a8e9_f63e9f57663a && ip4 && ip4.src == $pg_9d0719f0_f4e2_48dc_a8e9_f63e9f57663a_ip4, action=allow-related, log=False, may_exist=True, severity=[], name=[], meter=[], external_ids={'neutron:security_group_rule_id': '3ce4fb42-3aac-44b6-9115-8217a28b9654'}) {{(pid=101842) do_commit /opt/stack/data/venv/lib/python3.12/site-packages/ovsdbapp/backend/ovs_idl/transaction.py:89}}
Jun 30 22:29:03.835814 np0000183643 devstack@neutron-api.service[101842]: DEBUG ovsdbapp.backend.ovs_idl.transaction [-] Running txn n=1 command(idx=2): PgAclAddCommand(_result=None, entity=pg_9d0719f0_f4e2_48dc_a8e9_f63e9f57663a, direction=from-lport, priority=1002, match=inport == @pg_9d0719f0_f4e2_48dc_a8e9_f63e9f57663a && ip6, action=allow-related, log=False, may_exist=True, severity=[], name=[], meter=[], external_ids={'neutron:security_group_rule_id': '55866aba-f8c7-4084-ab90-4e659accb1cc'}) {{(pid=101842) do_commit /opt/stack/data/venv/lib/python3.12/site-packages/ovsdbapp/backend/ovs_idl/transaction.py:89}}
Jun 30 22:29:03.835963 np0000183643 devstack@neutron-api.service[101842]: DEBUG ovsdbapp.backend.ovs_idl.transaction [-] Running txn n=1 command(idx=3): PgAclAddCommand(_result=None, entity=pg_9d0719f0_f4e2_48dc_a8e9_f63e9f57663a, direction=to-lport, priority=1002, match=outport == @pg_9d0719f0_f4e2_48dc_a8e9_f63e9f57663a && ip6 && ip6.src == $pg_9d0719f0_f4e2_48dc_a8e9_f63e9f57663a_ip6, action=allow-related, log=False, may_exist=True, severity=[], name=[], meter=[], external_ids={'neutron:security_group_rule_id': '6d6feccc-cbf5-439f-bd6e-f9f986e178bf'}) {{(pid=101842) do_commit /opt/stack/data/venv/lib/python3.12/site-packages/ovsdbapp/backend/ovs_idl/transaction.py:89}}
Jun 30 22:29:03.836270 np0000183643 devstack@neutron-api.service[101842]: DEBUG ovsdbapp.backend.ovs_idl.transaction [-] Running txn n=1 command(idx=4): PgAclAddCommand(_result=None, entity=pg_9d0719f0_f4e2_48dc_a8e9_f63e9f57663a, direction=from-lport, priority=1002, match=inport == @pg_9d0719f0_f4e2_48dc_a8e9_f63e9f57663a && ip4, action=allow-related, log=False, may_exist=True, severity=[], name=[], meter=[], external_ids={'neutron:security_group_rule_id': 'f58b90cf-ba5c-4b49-b891-9d29999a313e'}) {{(pid=101842) do_commit /opt/stack/data/venv/lib/python3.12/site-packages/ovsdbapp/backend/ovs_idl/transaction.py:89}}
Jun 30 22:29:03.850590 np0000183643 devstack@neutron-api.service[101844]: DEBUG neutron.plugins.ml2.drivers.ovn.mech_driver.ovsdb.ovsdb_monitor [-] Hash Ring: Node 225734cb66895187a51e7e99c9137627 (host: np0000183643) handling event "create" for row 1b3e7cf9-4c2f-4c31-a20c-394e1080c94d (table: ACL) {{(pid=101844) notify /opt/stack/neutron/neutron/plugins/ml2/drivers/ovn/mech_driver/ovsdb/ovsdb_monitor.py:1015}}
Jun 30 22:29:03.854905 np0000183643 devstack@neutron-api.service[101845]: DEBUG neutron.plugins.ml2.drivers.ovn.mech_driver.ovsdb.ovsdb_monitor [-] Hash Ring: Node defa59154d4d5960a7c39064e9929b96 (host: np0000183643) handling event "create" for row 1b3e7cf9-4c2f-4c31-a20c-394e1080c94d (table: ACL) {{(pid=101845) notify /opt/stack/neutron/neutron/plugins/ml2/drivers/ovn/mech_driver/ovsdb/ovsdb_monitor.py:1015}}
Jun 30 22:29:03.854905 np0000183643 devstack@neutron-api.service[101845]: DEBUG neutron.plugins.ml2.drivers.ovn.mech_driver.ovsdb.ovsdb_monitor [-] Hash Ring: Node defa59154d4d5960a7c39064e9929b96 (host: np0000183643) handling event "create" for row 78932a6b-8247-4bb2-af5b-d36cb23a534e (table: ACL) {{(pid=101845) notify /opt/stack/neutron/neutron/plugins/ml2/drivers/ovn/mech_driver/ovsdb/ovsdb_monitor.py:1015}}
Jun 30 22:29:03.854905 np0000183643 devstack@neutron-api.service[101845]: DEBUG neutron.plugins.ml2.drivers.ovn.mech_driver.ovsdb.ovsdb_monitor [-] Hash Ring: Node defa59154d4d5960a7c39064e9929b96 (host: np0000183643) handling event "create" for row 82582fce-a278-43cb-a232-fe6d50013bad (table: ACL) {{(pid=101845) notify /opt/stack/neutron/neutron/plugins/ml2/drivers/ovn/mech_driver/ovsdb/ovsdb_monitor.py:1015}}
Jun 30 22:29:03.855463 np0000183643 devstack@neutron-api.service[101845]: DEBUG neutron.plugins.ml2.drivers.ovn.mech_driver.ovsdb.ovsdb_monitor [-] Hash Ring: Node defa59154d4d5960a7c39064e9929b96 (host: np0000183643) handling event "create" for row 83bc10e9-d13f-417e-8538-42bec52d6f06 (table: ACL) {{(pid=101845) notify /opt/stack/neutron/neutron/plugins/ml2/drivers/ovn/mech_driver/ovsdb/ovsdb_monitor.py:1015}}
Jun 30 22:29:03.855463 np0000183643 devstack@neutron-api.service[101845]: DEBUG neutron.plugins.ml2.drivers.ovn.mech_driver.ovsdb.ovsdb_monitor [-] Hash Ring: Node defa59154d4d5960a7c39064e9929b96 (host: np0000183643) handling event "create" for row caeb9bca-8f23-4119-af73-46a0933402c6 (table: Port_Group) {{(pid=101845) notify /opt/stack/neutron/neutron/plugins/ml2/drivers/ovn/mech_driver/ovsdb/ovsdb_monitor.py:1015}}
Jun 30 22:29:03.860691 np0000183643 devstack@neutron-api.service[101843]: DEBUG neutron.plugins.ml2.drivers.ovn.mech_driver.ovsdb.ovsdb_monitor [-] Hash Ring: Node 1a57e1c14d0f58ae93f199e38218078a (host: np0000183643) handling event "create" for row 82582fce-a278-43cb-a232-fe6d50013bad (table: ACL) {{(pid=101843) notify /opt/stack/neutron/neutron/plugins/ml2/drivers/ovn/mech_driver/ovsdb/ovsdb_monitor.py:1015}}
Jun 30 22:29:03.860691 np0000183643 devstack@neutron-api.service[101843]: DEBUG neutron.plugins.ml2.drivers.ovn.mech_driver.ovsdb.ovsdb_monitor [-] Hash Ring: Node 1a57e1c14d0f58ae93f199e38218078a (host: np0000183643) handling event "create" for row 83bc10e9-d13f-417e-8538-42bec52d6f06 (table: ACL) {{(pid=101843) notify /opt/stack/neutron/neutron/plugins/ml2/drivers/ovn/mech_driver/ovsdb/ovsdb_monitor.py:1015}}
Jun 30 22:29:03.860691 np0000183643 devstack@neutron-api.service[101843]: DEBUG neutron.plugins.ml2.drivers.ovn.mech_driver.ovsdb.ovsdb_monitor [-] Hash Ring: Node 1a57e1c14d0f58ae93f199e38218078a (host: np0000183643) handling event "create" for row caeb9bca-8f23-4119-af73-46a0933402c6 (table: Port_Group) {{(pid=101843) notify /opt/stack/neutron/neutron/plugins/ml2/drivers/ovn/mech_driver/ovsdb/ovsdb_monitor.py:1015}}
Jun 30 22:29:03.875411 np0000183643 devstack@neutron-api.service[101842]: INFO neutron.db.ovn_revision_numbers_db [None req-dd2e30b8-d0ad-4965-b6b2-02d7cce1d4c3 admin admin] Successfully bumped revision number for resource 9d0719f0-f4e2-48dc-a8e9-f63e9f57663a (type: security_groups) to 1
Jun 30 22:29:03.895934 np0000183643 devstack@neutron-api.service[101842]: INFO neutron.db.ovn_revision_numbers_db [None req-dd2e30b8-d0ad-4965-b6b2-02d7cce1d4c3 admin admin] Successfully bumped revision number for resource 3ce4fb42-3aac-44b6-9115-8217a28b9654 (type: security_group_rules) to 0
Jun 30 22:29:03.911144 np0000183643 devstack@neutron-api.service[101842]: INFO neutron.db.ovn_revision_numbers_db [None req-dd2e30b8-d0ad-4965-b6b2-02d7cce1d4c3 admin admin] Successfully bumped revision number for resource 55866aba-f8c7-4084-ab90-4e659accb1cc (type: security_group_rules) to 0
Jun 30 22:29:03.924857 np0000183643 devstack@neutron-api.service[101842]: INFO neutron.db.ovn_revision_numbers_db [None req-dd2e30b8-d0ad-4965-b6b2-02d7cce1d4c3 admin admin] Successfully bumped revision number for resource 6d6feccc-cbf5-439f-bd6e-f9f986e178bf (type: security_group_rules) to 0
Jun 30 22:29:03.936979 np0000183643 devstack@neutron-api.service[101842]: INFO neutron.db.ovn_revision_numbers_db [None req-dd2e30b8-d0ad-4965-b6b2-02d7cce1d4c3 admin admin] Successfully bumped revision number for resource f58b90cf-ba5c-4b49-b891-9d29999a313e (type: security_group_rules) to 0
Jun 30 22:29:03.966469 np0000183643 devstack@neutron-api.service[101842]: DEBUG neutron.api.rpc.handlers.resources_rpc [None req-dd2e30b8-d0ad-4965-b6b2-02d7cce1d4c3 admin admin] Pushing event updated for resources: {'SecurityGroup': ['ID=9d0719f0-f4e2-48dc-a8e9-f63e9f57663a,revision_number=1']} {{(pid=101842) push /opt/stack/neutron/neutron/api/rpc/handlers/resources_rpc.py:237}}
Jun 30 22:29:03.975299 np0000183643 devstack@neutron-api.service[101842]: DEBUG ovsdbapp.backend.ovs_idl.transaction [-] Running txn n=1 command(idx=0): CheckLivenessCommand(_result=None) {{(pid=101842) do_commit /opt/stack/data/venv/lib/python3.12/site-packages/ovsdbapp/backend/ovs_idl/transaction.py:89}}
Jun 30 22:29:04.016932 np0000183643 devstack@neutron-api.service[101845]: DEBUG neutron.plugins.ml2.drivers.ovn.mech_driver.ovsdb.ovsdb_monitor [-] Hash Ring: Node defa59154d4d5960a7c39064e9929b96 (host: np0000183643) handling event "update" for row b637edfa-6b19-4893-a72f-17dc093e65e2 (table: NB_Global) {{(pid=101845) notify /opt/stack/neutron/neutron/plugins/ml2/drivers/ovn/mech_driver/ovsdb/ovsdb_monitor.py:1015}}
Jun 30 22:29:04.019661 np0000183643 devstack@neutron-api.service[101845]: DEBUG neutron.plugins.ml2.drivers.ovn.mech_driver.ovsdb.ovsdb_monitor [-] ChassisAgentWriteEvent : Matched Chassis_Private, update, None None {{(pid=101845) matches /opt/stack/neutron/neutron/plugins/ml2/drivers/ovn/mech_driver/ovsdb/ovsdb_monitor.py:64}}
Jun 30 22:29:04.021731 np0000183643 devstack@neutron-api.service[101842]: DEBUG neutron.api.rpc.callbacks.version_manager [None req-dd2e30b8-d0ad-4965-b6b2-02d7cce1d4c3 admin admin] Tracked resource versions report:
Jun 30 22:29:04.021731 np0000183643 devstack@neutron-api.service[101842]: pushed versions:
Jun 30 22:29:04.021731 np0000183643 devstack@neutron-api.service[101842]: { 'AddressGroup': {'1.2'},
Jun 30 22:29:04.021731 np0000183643 devstack@neutron-api.service[101842]: 'Agent': {'1.1'},
Jun 30 22:29:04.021731 np0000183643 devstack@neutron-api.service[101842]: 'ConntrackHelper': {'1.0'},
Jun 30 22:29:04.021731 np0000183643 devstack@neutron-api.service[101842]: 'LocalIPAssociation': {'1.0'},
Jun 30 22:29:04.021731 np0000183643 devstack@neutron-api.service[101842]: 'Log': {'1.0'},
Jun 30 22:29:04.021731 np0000183643 devstack@neutron-api.service[101842]: 'NDPProxy': {'1.0'},
Jun 30 22:29:04.021731 np0000183643 devstack@neutron-api.service[101842]: 'Network': {'1.3'},
Jun 30 22:29:04.021731 np0000183643 devstack@neutron-api.service[101842]: 'Port': {'1.11'},
Jun 30 22:29:04.021731 np0000183643 devstack@neutron-api.service[101842]: 'PortForwarding': {'1.3'},
Jun 30 22:29:04.021731 np0000183643 devstack@neutron-api.service[101842]: 'QosPolicy': {'1.10'},
Jun 30 22:29:04.021731 np0000183643 devstack@neutron-api.service[101842]: 'SecurityGroup': {'1.6'},
Jun 30 22:29:04.021731 np0000183643 devstack@neutron-api.service[101842]: 'SecurityGroupRule': {'1.3'},
Jun 30 22:29:04.021731 np0000183643 devstack@neutron-api.service[101842]: 'SubPort': {'1.0'},
Jun 30 22:29:04.021731 np0000183643 devstack@neutron-api.service[101842]: 'Subnet': {'1.2'},
Jun 30 22:29:04.021731 np0000183643 devstack@neutron-api.service[101842]: 'Trunk': {'1.1'}}
Jun 30 22:29:04.021731 np0000183643 devstack@neutron-api.service[101842]: consumer versions:
Jun 30 22:29:04.021731 np0000183643 devstack@neutron-api.service[101842]: {}
Jun 30 22:29:04.021731 np0000183643 devstack@neutron-api.service[101842]: {{(pid=101842) report /opt/stack/neutron/neutron/api/rpc/callbacks/version_manager.py:183}}
Jun 30 22:29:04.022891 np0000183643 devstack@neutron-api.service[101844]: DEBUG neutron.plugins.ml2.drivers.ovn.mech_driver.ovsdb.ovsdb_monitor [-] ChassisAgentWriteEvent : Matched Chassis_Private, update, None None {{(pid=101844) matches /opt/stack/neutron/neutron/plugins/ml2/drivers/ovn/mech_driver/ovsdb/ovsdb_monitor.py:64}}
Jun 30 22:29:04.023442 np0000183643 devstack@neutron-api.service[101845]: DEBUG neutron.plugins.ml2.drivers.ovn.mech_driver.ovsdb.ovsdb_monitor [-] Hash Ring: Node defa59154d4d5960a7c39064e9929b96 (host: np0000183643) handling event "update" for row b637edfa-6b19-4893-a72f-17dc093e65e2 (table: NB_Global) {{(pid=101845) notify /opt/stack/neutron/neutron/plugins/ml2/drivers/ovn/mech_driver/ovsdb/ovsdb_monitor.py:1015}}
Jun 30 22:29:04.024812 np0000183643 devstack@neutron-api.service[101843]: DEBUG neutron.plugins.ml2.drivers.ovn.mech_driver.ovsdb.ovsdb_monitor [-] ChassisAgentWriteEvent : Matched Chassis_Private, update, None None {{(pid=101843) matches /opt/stack/neutron/neutron/plugins/ml2/drivers/ovn/mech_driver/ovsdb/ovsdb_monitor.py:64}}
Jun 30 22:29:04.025011 np0000183643 devstack@neutron-api.service[101843]: DEBUG neutron.plugins.ml2.drivers.ovn.mech_driver.ovsdb.ovsdb_monitor [-] Hash Ring: Node 1a57e1c14d0f58ae93f199e38218078a (host: np0000183643) handling event "update" for row ac9ade45-45f8-40d5-aae6-a98603d84808 (table: Chassis_Private) {{(pid=101843) notify /opt/stack/neutron/neutron/plugins/ml2/drivers/ovn/mech_driver/ovsdb/ovsdb_monitor.py:1015}}
Jun 30 22:29:04.026632 np0000183643 devstack@neutron-api.service[101845]: DEBUG neutron.plugins.ml2.drivers.ovn.mech_driver.ovsdb.ovsdb_monitor [-] Hash Ring: Node defa59154d4d5960a7c39064e9929b96 (host: np0000183643) handling event "update" for row b637edfa-6b19-4893-a72f-17dc093e65e2 (table: NB_Global) {{(pid=101845) notify /opt/stack/neutron/neutron/plugins/ml2/drivers/ovn/mech_driver/ovsdb/ovsdb_monitor.py:1015}}
Jun 30 22:29:04.028900 np0000183643 devstack@neutron-api.service[101844]: DEBUG neutron.plugins.ml2.drivers.ovn.mech_driver.ovsdb.ovsdb_monitor [-] ChassisOVNAgentWriteEvent : Matched Chassis_Private, update, None None {{(pid=101844) matches /opt/stack/neutron/neutron/plugins/ml2/drivers/ovn/mech_driver/ovsdb/ovsdb_monitor.py:64}}
Jun 30 22:29:04.029523 np0000183643 devstack@neutron-api.service[101843]: DEBUG neutron.plugins.ml2.drivers.ovn.mech_driver.ovsdb.ovsdb_monitor [-] ChassisOVNAgentWriteEvent : Matched Chassis_Private, update, None None {{(pid=101843) matches /opt/stack/neutron/neutron/plugins/ml2/drivers/ovn/mech_driver/ovsdb/ovsdb_monitor.py:64}}
Jun 30 22:29:04.030131 np0000183643 devstack@neutron-api.service[101842]: DEBUG neutron.plugins.ml2.drivers.ovn.mech_driver.ovsdb.ovsdb_monitor [-] ChassisAgentWriteEvent : Matched Chassis_Private, update, None None {{(pid=101842) matches /opt/stack/neutron/neutron/plugins/ml2/drivers/ovn/mech_driver/ovsdb/ovsdb_monitor.py:64}}
Jun 30 22:29:04.030810 np0000183643 devstack@neutron-api.service[101843]: DEBUG neutron.plugins.ml2.drivers.ovn.mech_driver.ovsdb.ovsdb_monitor [-] Hash Ring: Node 1a57e1c14d0f58ae93f199e38218078a (host: np0000183643) handling event "update" for row ac9ade45-45f8-40d5-aae6-a98603d84808 (table: Chassis_Private) {{(pid=101843) notify /opt/stack/neutron/neutron/plugins/ml2/drivers/ovn/mech_driver/ovsdb/ovsdb_monitor.py:1015}}
Jun 30 22:29:04.031762 np0000183643 devstack@neutron-api.service[101845]: DEBUG neutron.common.ovn.hash_ring_manager [-] Allow caching, nodes 4>=4 {{(pid=101845) _wait_startup_before_caching /opt/stack/neutron/neutron/common/ovn/hash_ring_manager.py:71}}
Jun 30 22:29:04.031762 np0000183643 devstack@neutron-api.service[101845]: DEBUG neutron.plugins.ml2.drivers.ovn.mech_driver.ovsdb.ovsdb_monitor [-] Hash Ring: Node defa59154d4d5960a7c39064e9929b96 (host: np0000183643) handling event "update" for row ac9ade45-45f8-40d5-aae6-a98603d84808 (table: Chassis_Private) {{(pid=101845) notify /opt/stack/neutron/neutron/plugins/ml2/drivers/ovn/mech_driver/ovsdb/ovsdb_monitor.py:1015}}
Jun 30 22:29:04.031762 np0000183643 devstack@neutron-api.service[101845]: DEBUG neutron.plugins.ml2.drivers.ovn.mech_driver.ovsdb.ovsdb_monitor [-] Hash Ring: Node defa59154d4d5960a7c39064e9929b96 (host: np0000183643) handling event "update" for row b637edfa-6b19-4893-a72f-17dc093e65e2 (table: NB_Global) {{(pid=101845) notify /opt/stack/neutron/neutron/plugins/ml2/drivers/ovn/mech_driver/ovsdb/ovsdb_monitor.py:1015}}
Jun 30 22:29:04.032561 np0000183643 devstack@neutron-api.service[101845]: DEBUG neutron.plugins.ml2.drivers.ovn.mech_driver.ovsdb.ovsdb_monitor [-] ChassisOVNAgentWriteEvent : Matched Chassis_Private, update, None None {{(pid=101845) matches /opt/stack/neutron/neutron/plugins/ml2/drivers/ovn/mech_driver/ovsdb/ovsdb_monitor.py:64}}
Jun 30 22:29:04.032914 np0000183643 devstack@neutron-api.service[101845]: DEBUG neutron.plugins.ml2.drivers.ovn.mech_driver.ovsdb.ovsdb_monitor [-] Hash Ring: Node defa59154d4d5960a7c39064e9929b96 (host: np0000183643) handling event "update" for row ac9ade45-45f8-40d5-aae6-a98603d84808 (table: Chassis_Private) {{(pid=101845) notify /opt/stack/neutron/neutron/plugins/ml2/drivers/ovn/mech_driver/ovsdb/ovsdb_monitor.py:1015}}
Jun 30 22:29:04.034739 np0000183643 devstack@neutron-api.service[101842]: DEBUG neutron.plugins.ml2.drivers.ovn.mech_driver.ovsdb.ovsdb_monitor [-] ChassisOVNAgentWriteEvent : Matched Chassis_Private, update, None None {{(pid=101842) matches /opt/stack/neutron/neutron/plugins/ml2/drivers/ovn/mech_driver/ovsdb/ovsdb_monitor.py:64}}
Jun 30 22:29:04.096714 np0000183643 devstack@neutron-api.service[101842]: DEBUG neutron.plugins.ml2.drivers.helpers [None req-dd2e30b8-d0ad-4965-b6b2-02d7cce1d4c3 admin admin] geneve segment allocate from pool success with {'geneve_vni': 61556} {{(pid=101842) allocate_partially_specified_segment /opt/stack/neutron/neutron/plugins/ml2/drivers/helpers.py:142}}
Jun 30 22:29:04.108191 np0000183643 devstack@neutron-api.service[101842]: DEBUG neutron_lib.callbacks.manager [None req-dd2e30b8-d0ad-4965-b6b2-02d7cce1d4c3 admin admin] Publish callbacks ['neutron.services.segments.db._add_segment_host_mapping_for_segment-8371261523728', 'neutron.plugins.ml2.plugin.Ml2Plugin._handle_segment_change-2043364'] for segment (2ace3d20-3275-4a56-a500-9d9d178fc8e7), precommit_create {{(pid=101842) _notify_loop /opt/stack/data/venv/lib/python3.12/site-packages/neutron_lib/callbacks/manager.py:184}}
Jun 30 22:29:04.108434 np0000183643 devstack@neutron-api.service[101842]: INFO neutron.db.segments_db [None req-dd2e30b8-d0ad-4965-b6b2-02d7cce1d4c3 admin admin] Added segment 2ace3d20-3275-4a56-a500-9d9d178fc8e7 of type geneve for network 57cf1146-1251-43d9-91d6-116518867654
Jun 30 22:29:04.153174 np0000183643 devstack@neutron-api.service[101842]: DEBUG neutron_lib.callbacks.manager [None req-dd2e30b8-d0ad-4965-b6b2-02d7cce1d4c3 admin admin] Publish callbacks ['neutron.services.auto_allocate.db._ensure_external_network_default_value_callback-8371259567718'] for network (57cf1146-1251-43d9-91d6-116518867654), precommit_create {{(pid=101842) _notify_loop /opt/stack/data/venv/lib/python3.12/site-packages/neutron_lib/callbacks/manager.py:184}}
Jun 30 22:29:04.174719 np0000183643 devstack@neutron-api.service[101842]: DEBUG neutron.plugins.ml2.drivers.ovn.mech_driver.mech_driver [None req-dd2e30b8-d0ad-4965-b6b2-02d7cce1d4c3 admin admin] Validating network segment with type geneve, segmentation ID 61556, physical network None {{(pid=101842) _validate_network_segments /opt/stack/neutron/neutron/plugins/ml2/drivers/ovn/mech_driver/mech_driver.py:646}}
Jun 30 22:29:04.174986 np0000183643 devstack@neutron-api.service[101842]: DEBUG neutron.db.ovn_revision_numbers_db [None req-dd2e30b8-d0ad-4965-b6b2-02d7cce1d4c3 admin admin] create_initial_revision uuid=57cf1146-1251-43d9-91d6-116518867654, type=networks, rev=-1 {{(pid=101842) create_initial_revision /opt/stack/neutron/neutron/db/ovn_revision_numbers_db.py:98}}
Jun 30 22:29:04.200717 np0000183643 devstack@neutron-api.service[101842]: DEBUG neutron_lib.callbacks.manager [None req-dd2e30b8-d0ad-4965-b6b2-02d7cce1d4c3 admin admin] Publish callbacks ['neutron.plugins.ml2.ovo_rpc._ObjectChangeHandler.handle_event-65379445'] for network (57cf1146-1251-43d9-91d6-116518867654), after_create {{(pid=101842) _notify_loop /opt/stack/data/venv/lib/python3.12/site-packages/neutron_lib/callbacks/manager.py:184}}
Jun 30 22:29:04.251150 np0000183643 devstack@neutron-api.service[101842]: DEBUG neutron.api.rpc.handlers.resources_rpc [None req-dd2e30b8-d0ad-4965-b6b2-02d7cce1d4c3 admin admin] Pushing event updated for resources: {'Network': ['ID=57cf1146-1251-43d9-91d6-116518867654,revision_number=1']} {{(pid=101842) push /opt/stack/neutron/neutron/api/rpc/handlers/resources_rpc.py:237}}
Jun 30 22:29:04.259372 np0000183643 devstack@neutron-api.service[101842]: DEBUG ovsdbapp.backend.ovs_idl.transaction [-] Running txn n=1 command(idx=0): AddNetworkCommand(_result=None, network_uuid=57cf1146-1251-43d9-91d6-116518867654, may_exist=True, columns={'external_ids': {'neutron:network_name': 'private', 'neutron:mtu': '1372', 'neutron:revision_number': '1', 'neutron:availability_zone_hints': '', 'neutron:provnet-network-type': 'geneve'}, 'other_config': {'mcast_snoop': 'false', 'mcast_flood_unregistered': 'false', 'vlan-passthru': 'false'}}) {{(pid=101842) do_commit /opt/stack/data/venv/lib/python3.12/site-packages/ovsdbapp/backend/ovs_idl/transaction.py:89}}
Jun 30 22:29:04.259641 np0000183643 devstack@neutron-api.service[101842]: DEBUG neutron.common.ovn.utils [-] OVS persist_uuid supported=True {{(pid=101842) ovs_persist_uuid_supported /opt/stack/neutron/neutron/common/ovn/utils.py:1562}}
Jun 30 22:29:04.265564 np0000183643 devstack@neutron-api.service[101845]: DEBUG neutron.plugins.ml2.drivers.ovn.mech_driver.ovsdb.ovsdb_monitor [-] Hash Ring: Node defa59154d4d5960a7c39064e9929b96 (host: np0000183643) handling event "create" for row 57cf1146-1251-43d9-91d6-116518867654 (table: Logical_Switch) {{(pid=101845) notify /opt/stack/neutron/neutron/plugins/ml2/drivers/ovn/mech_driver/ovsdb/ovsdb_monitor.py:1015}}
Jun 30 22:29:04.266496 np0000183643 devstack@neutron-api.service[101844]: DEBUG neutron.plugins.ml2.drivers.ovn.mech_driver.ovsdb.ovsdb_monitor [-] Hash Ring: Node 225734cb66895187a51e7e99c9137627 (host: np0000183643) handling event "create" for row 57cf1146-1251-43d9-91d6-116518867654 (table: Logical_Switch) {{(pid=101844) notify /opt/stack/neutron/neutron/plugins/ml2/drivers/ovn/mech_driver/ovsdb/ovsdb_monitor.py:1015}}
Jun 30 22:29:04.269650 np0000183643 devstack@neutron-api.service[101845]: DEBUG neutron.plugins.ml2.drivers.ovn.mech_driver.ovsdb.ovsdb_monitor [-] Hash Ring: Node defa59154d4d5960a7c39064e9929b96 (host: np0000183643) handling event "create" for row 1d033619-8737-42f6-b6cb-aa445b2eb2ab (table: Datapath_Binding) {{(pid=101845) notify /opt/stack/neutron/neutron/plugins/ml2/drivers/ovn/mech_driver/ovsdb/ovsdb_monitor.py:1015}}
Jun 30 22:29:04.270151 np0000183643 devstack@neutron-api.service[101844]: DEBUG neutron.plugins.ml2.drivers.ovn.mech_driver.ovsdb.ovsdb_monitor [-] Hash Ring: Node 225734cb66895187a51e7e99c9137627 (host: np0000183643) handling event "create" for row 1d033619-8737-42f6-b6cb-aa445b2eb2ab (table: Datapath_Binding) {{(pid=101844) notify /opt/stack/neutron/neutron/plugins/ml2/drivers/ovn/mech_driver/ovsdb/ovsdb_monitor.py:1015}}
Jun 30 22:29:04.293454 np0000183643 devstack@neutron-api.service[101842]: INFO neutron.db.ovn_revision_numbers_db [None req-dd2e30b8-d0ad-4965-b6b2-02d7cce1d4c3 admin admin] Successfully bumped revision number for resource 57cf1146-1251-43d9-91d6-116518867654 (type: networks) to 1
Jun 30 22:29:04.361749 np0000183643 devstack@neutron-api.service[101842]: DEBUG neutron_lib.callbacks.manager [None req-dd2e30b8-d0ad-4965-b6b2-02d7cce1d4c3 admin admin] Publish callbacks ['neutron.plugins.ml2.plugin.SecurityGroupDbMixin._ensure_default_security_group_handler-164512'] for port (None), before_create {{(pid=101842) _notify_loop /opt/stack/data/venv/lib/python3.12/site-packages/neutron_lib/callbacks/manager.py:184}}
Jun 30 22:29:04.643537 np0000183643 devstack@neutron-api.service[101842]: DEBUG neutron_lib.callbacks.manager [None req-dd2e30b8-d0ad-4965-b6b2-02d7cce1d4c3 admin admin] Publish callbacks ['neutron.plugins.ml2.drivers.ovn.mech_driver.mech_driver.OVNMechanismDriver._validate_allowed_address_pairs-328097'] for allowed_address_pair (0abf5ab7-b957-4bf5-91c4-414079343507), before_create {{(pid=101842) _notify_loop /opt/stack/data/venv/lib/python3.12/site-packages/neutron_lib/callbacks/manager.py:184}}
Jun 30 22:29:04.644013 np0000183643 devstack@neutron-api.service[101842]: DEBUG neutron_lib.callbacks.manager [None req-dd2e30b8-d0ad-4965-b6b2-02d7cce1d4c3 admin admin] Publish callbacks [] for port (0abf5ab7-b957-4bf5-91c4-414079343507), precommit_create {{(pid=101842) _notify_loop /opt/stack/data/venv/lib/python3.12/site-packages/neutron_lib/callbacks/manager.py:184}}
Jun 30 22:29:04.644198 np0000183643 devstack@neutron-api.service[101842]: DEBUG neutron.plugins.ml2.drivers.ovn.mech_driver.mech_driver [None req-dd2e30b8-d0ad-4965-b6b2-02d7cce1d4c3 admin admin] No provisioning block for port 0abf5ab7-b957-4bf5-91c4-414079343507 since it does not have a host {{(pid=101842) _is_port_provisioning_required /opt/stack/neutron/neutron/plugins/ml2/drivers/ovn/mech_driver/mech_driver.py:899}}
Jun 30 22:29:04.644307 np0000183643 devstack@neutron-api.service[101842]: DEBUG neutron.db.ovn_revision_numbers_db [None req-dd2e30b8-d0ad-4965-b6b2-02d7cce1d4c3 admin admin] create_initial_revision uuid=0abf5ab7-b957-4bf5-91c4-414079343507, type=ports, rev=-1 {{(pid=101842) create_initial_revision /opt/stack/neutron/neutron/db/ovn_revision_numbers_db.py:98}}
Jun 30 22:29:04.712520 np0000183643 devstack@neutron-api.service[101842]: DEBUG neutron_lib.callbacks.manager [None req-dd2e30b8-d0ad-4965-b6b2-02d7cce1d4c3 admin admin] Publish callbacks ['neutron.plugins.ml2.ovo_rpc._ObjectChangeHandler.handle_event-65379728'] for port (0abf5ab7-b957-4bf5-91c4-414079343507), after_create {{(pid=101842) _notify_loop /opt/stack/data/venv/lib/python3.12/site-packages/neutron_lib/callbacks/manager.py:184}}
Jun 30 22:29:04.768025 np0000183643 devstack@neutron-api.service[101842]: DEBUG neutron.api.rpc.handlers.resources_rpc [None req-dd2e30b8-d0ad-4965-b6b2-02d7cce1d4c3 admin admin] Pushing event updated for resources: {'Port': ['ID=0abf5ab7-b957-4bf5-91c4-414079343507,revision_number=1']} {{(pid=101842) push /opt/stack/neutron/neutron/api/rpc/handlers/resources_rpc.py:237}}
Jun 30 22:29:04.810963 np0000183643 devstack@neutron-api.service[101842]: DEBUG neutron.plugins.ml2.drivers.ovn.mech_driver.ovsdb.commands [None req-dd2e30b8-d0ad-4965-b6b2-02d7cce1d4c3 admin admin] Converting tag [] to a tag_request {{(pid=101842) _tag_column_to_tag_request /opt/stack/neutron/neutron/plugins/ml2/drivers/ovn/mech_driver/ovsdb/commands.py:205}}
Jun 30 22:29:04.812110 np0000183643 devstack@neutron-api.service[101842]: DEBUG ovsdbapp.backend.ovs_idl.transaction [-] Running txn n=1 command(idx=0): AddLSwitchPortCommand(_result=None, lport=0abf5ab7-b957-4bf5-91c4-414079343507, lswitch=neutron-57cf1146-1251-43d9-91d6-116518867654, may_exist=True, network_uuid=57cf1146-1251-43d9-91d6-116518867654, columns={'addresses': ['fa:16:3e:d1:83:92'], 'external_ids': {'neutron:port_name': '', 'neutron:device_id': 'ovnmeta-57cf1146-1251-43d9-91d6-116518867654', 'neutron:project_id': '68a64dafaaa14b088c99b6411b934865', 'neutron:cidrs': '', 'neutron:device_owner': 'network:distributed', 'neutron:subnet_pool_addr_scope4': '', 'neutron:subnet_pool_addr_scope6': '', 'neutron:network_name': 'neutron-57cf1146-1251-43d9-91d6-116518867654', 'neutron:security_group_ids': '', 'neutron:revision_number': '1', 'neutron:vnic_type': 'normal', 'neutron:port_capabilities': '', 'neutron:mtu': '1372'}, 'parent_name': [], 'enabled': True, 'options': {}, 'type': 'localport', 'port_security': [], 'dhcpv4_options': [], 'dhcpv6_options': [], 'tag_request': []}) {{(pid=101842) do_commit /opt/stack/data/venv/lib/python3.12/site-packages/ovsdbapp/backend/ovs_idl/transaction.py:89}}
Jun 30 22:29:04.813126 np0000183643 devstack@neutron-api.service[101842]: DEBUG ovsdbapp.backend.ovs_idl.transaction [-] Running txn n=1 command(idx=1): QoSDelCommand(_result=None, switch=neutron-57cf1146-1251-43d9-91d6-116518867654, conditions=[('direction', '=', 'to-lport'), ('priority', '=', 2002), ('match', '=', 'outport == "0abf5ab7-b957-4bf5-91c4-414079343507"')], if_exists=True) {{(pid=101842) do_commit /opt/stack/data/venv/lib/python3.12/site-packages/ovsdbapp/backend/ovs_idl/transaction.py:89}}
Jun 30 22:29:04.813508 np0000183643 devstack@neutron-api.service[101842]: DEBUG ovsdbapp.backend.ovs_idl.transaction [-] Running txn n=1 command(idx=2): QoSDelCommand(_result=None, switch=neutron-57cf1146-1251-43d9-91d6-116518867654, conditions=[('direction', '=', 'from-lport'), ('priority', '=', 2002), ('match', '=', 'inport == "0abf5ab7-b957-4bf5-91c4-414079343507"')], if_exists=True) {{(pid=101842) do_commit /opt/stack/data/venv/lib/python3.12/site-packages/ovsdbapp/backend/ovs_idl/transaction.py:89}}
Jun 30 22:29:04.819664 np0000183643 devstack@neutron-api.service[101844]: DEBUG neutron.plugins.ml2.drivers.ovn.mech_driver.ovsdb.ovsdb_monitor [-] Hash Ring: Node 225734cb66895187a51e7e99c9137627 (host: np0000183643) handling event "update" for row 57cf1146-1251-43d9-91d6-116518867654 (table: Logical_Switch) {{(pid=101844) notify /opt/stack/neutron/neutron/plugins/ml2/drivers/ovn/mech_driver/ovsdb/ovsdb_monitor.py:1015}}
Jun 30 22:29:04.826472 np0000183643 devstack@neutron-api.service[101843]: DEBUG neutron.plugins.ml2.drivers.ovn.mech_driver.ovsdb.ovsdb_monitor [-] Hash Ring: Node 1a57e1c14d0f58ae93f199e38218078a (host: np0000183643) handling event "create" for row bc3b1c4c-1e87-4ad9-8656-0b243f5627eb (table: Port_Binding) {{(pid=101843) notify /opt/stack/neutron/neutron/plugins/ml2/drivers/ovn/mech_driver/ovsdb/ovsdb_monitor.py:1015}}
Jun 30 22:29:04.827896 np0000183643 devstack@neutron-api.service[101845]: DEBUG neutron.plugins.ml2.drivers.ovn.mech_driver.ovsdb.ovsdb_monitor [-] Hash Ring: Node defa59154d4d5960a7c39064e9929b96 (host: np0000183643) handling event "update" for row 57cf1146-1251-43d9-91d6-116518867654 (table: Logical_Switch) {{(pid=101845) notify /opt/stack/neutron/neutron/plugins/ml2/drivers/ovn/mech_driver/ovsdb/ovsdb_monitor.py:1015}}
Jun 30 22:29:04.827896 np0000183643 devstack@neutron-api.service[101845]: DEBUG neutron.plugins.ml2.drivers.ovn.mech_driver.ovsdb.ovsdb_monitor [-] Hash Ring: Node defa59154d4d5960a7c39064e9929b96 (host: np0000183643) handling event "create" for row 60fe9330-c3c8-4931-8846-95ac5d7d69c0 (table: Logical_Switch_Port) {{(pid=101845) notify /opt/stack/neutron/neutron/plugins/ml2/drivers/ovn/mech_driver/ovsdb/ovsdb_monitor.py:1015}}
Jun 30 22:29:04.829230 np0000183643 devstack@neutron-api.service[101845]: DEBUG ovsdbapp.backend.ovs_idl.event [-] Matched CREATE: LogicalSwitchPortCreateEvent(events=('create',), table='Logical_Switch_Port', conditions=[], old_conditions=None), priority=20 to row=Logical_Switch_Port(uuid=60fe9330-c3c8-4931-8846-95ac5d7d69c0, addresses=['fa:16:3e:d1:83:92'], dhcpv4_options=[], dhcpv6_options=[], dynamic_addresses=[], enabled=True, external_ids={'neutron:cidrs': '', 'neutron:device_id': 'ovnmeta-57cf1146-1251-43d9-91d6-116518867654', 'neutron:device_owner': 'network:distributed', 'neutron:mtu': '1372', 'neutron:network_name': 'neutron-57cf1146-1251-43d9-91d6-116518867654', 'neutron:port_capabilities': '', 'neutron:port_name': '', 'neutron:project_id': '68a64dafaaa14b088c99b6411b934865', 'neutron:revision_number': '1', 'neutron:security_group_ids': '', 'neutron:subnet_pool_addr_scope4': '', 'neutron:subnet_pool_addr_scope6': '', 'neutron:vnic_type': 'normal'}, ha_chassis_group=[], mirror_rules=[], name='0abf5ab7-b957-4bf5-91c4-414079343507', options={}, parent_name=[], port_security=[], tag=[], tag_request=[], type='localport', up=[]) old= {{(pid=101845) matches /opt/stack/data/venv/lib/python3.12/site-packages/ovsdbapp/backend/ovs_idl/event.py:55}}
Jun 30 22:29:04.830951 np0000183643 devstack@neutron-api.service[101845]: DEBUG neutron.plugins.ml2.drivers.ovn.mech_driver.ovsdb.ovsdb_monitor [-] Hash Ring: Node defa59154d4d5960a7c39064e9929b96 (host: np0000183643) handling event "create" for row bc3b1c4c-1e87-4ad9-8656-0b243f5627eb (table: Port_Binding) {{(pid=101845) notify /opt/stack/neutron/neutron/plugins/ml2/drivers/ovn/mech_driver/ovsdb/ovsdb_monitor.py:1015}}
Jun 30 22:29:04.832024 np0000183643 devstack@neutron-api.service[101845]: INFO neutron.plugins.ml2.drivers.ovn.mech_driver.mech_driver [-] OVN reports status down for port: 0abf5ab7-b957-4bf5-91c4-414079343507
Jun 30 22:29:04.832272 np0000183643 devstack@neutron-api.service[101845]: DEBUG neutron.plugins.ml2.drivers.ovn.mech_driver.ovsdb.ovsdb_monitor [-] Hash Ring: Node defa59154d4d5960a7c39064e9929b96 (host: np0000183643) handling event "update" for row 60fe9330-c3c8-4931-8846-95ac5d7d69c0 (table: Logical_Switch_Port) {{(pid=101845) notify /opt/stack/neutron/neutron/plugins/ml2/drivers/ovn/mech_driver/ovsdb/ovsdb_monitor.py:1015}}
Jun 30 22:29:04.865408 np0000183643 devstack@neutron-api.service[101842]: INFO neutron.db.ovn_revision_numbers_db [None req-dd2e30b8-d0ad-4965-b6b2-02d7cce1d4c3 admin admin] Successfully bumped revision number for resource 0abf5ab7-b957-4bf5-91c4-414079343507 (type: ports) to 1
Jun 30 22:29:04.874602 np0000183643 devstack@neutron-api.service[101842]: DEBUG neutron.pecan_wsgi.hooks.policy_enforcement [None req-dd2e30b8-d0ad-4965-b6b2-02d7cce1d4c3 admin admin] Attributes excluded by policy engine: ['standard_attr_id'] {{(pid=101842) _exclude_attributes_by_policy /opt/stack/neutron/neutron/pecan_wsgi/hooks/policy_enforcement.py:259}}
Jun 30 22:29:04.874951 np0000183643 devstack@neutron-api.service[101842]: DEBUG neutron_lib.callbacks.manager [None req-dd2e30b8-d0ad-4965-b6b2-02d7cce1d4c3 admin admin] Publish callbacks [] for network (None), before_response {{(pid=101842) _notify_loop /opt/stack/data/venv/lib/python3.12/site-packages/neutron_lib/callbacks/manager.py:184}}
Jun 30 22:29:04.890152 np0000183643 devstack@neutron-api.service[101845]: DEBUG neutron.db.provisioning_blocks [None req-721da643-06b8-44eb-8907-84dfcf787ed6 None None] Transition to ACTIVE for port object 0abf5ab7-b957-4bf5-91c4-414079343507 will not be triggered until provisioned by entity L2. {{(pid=101845) add_provisioning_component /opt/stack/neutron/neutron/db/provisioning_blocks.py:74}}
Jun 30 22:29:04.893717 np0000183643 devstack@neutron-api.service[101842]: [pid: 101842|app: 0|req: 1/5] 199.204.45.205 () {68 vars in 1357 bytes} [Tue Jun 30 22:29:03 2026] POST /networking/v2.0/networks => generated 681 bytes in 1663 msecs (HTTP/1.1 201) 4 headers in 162 bytes (1 switches on core 0)
Jun 30 22:29:04.932885 np0000183643 devstack@neutron-api.service[101845]: DEBUG neutron.plugins.ml2.plugin [None req-721da643-06b8-44eb-8907-84dfcf787ed6 None None] Current status of the port 0abf5ab7-b957-4bf5-91c4-414079343507 is: DOWN; New status is: DOWN {{(pid=101845) _update_individual_port_db_status /opt/stack/neutron/neutron/plugins/ml2/plugin.py:2473}}
Jun 30 22:29:04.934519 np0000183643 devstack@neutron-api.service[101845]: DEBUG ovsdbapp.backend.ovs_idl.transaction [-] Running txn n=1 command(idx=0): DbRemoveCommand(_result=None, table=Logical_Switch_Port, record=0abf5ab7-b957-4bf5-91c4-414079343507, column=external_ids, values=('neutron:host_id',), keyvalues={}, if_exists=True) {{(pid=101845) do_commit /opt/stack/data/venv/lib/python3.12/site-packages/ovsdbapp/backend/ovs_idl/transaction.py:89}}
