2026-09-19 11:43:41.963 7 INFO placement.requestlog [req-fb07d2b2-6c9f-45ae-be15-e7c9411d1a61 req-68d2a80c-5e7b-4446-8327-8bdabdfd64b2 c45c9c92cd664a95874bfd213795d05d 0b049d473cbb4af7b6cf7c76a6a9fb2f - - faf173ac3a934822add7439efc9d36dc faf173ac3a934822add7439efc9d36dc] 162.253.55.135 "GET /resource_providers/a64f5979-8015-45c5-9537-3f4c7a793ed8/allocations" status: 200 len: 252 microversion: 1.0 [pid: 7|app: 0|req: 429/854] 162.253.55.135 () {32 vars in 857 bytes} [Sat Sep 19 11:43:41 2026] GET /resource_providers/a64f5979-8015-45c5-9537-3f4c7a793ed8/allocations => generated 252 bytes in 23 msecs (HTTP/1.1 200) 6 headers in 224 bytes (1 switches on core 0)
2026-09-19 11:43:42.512 8 INFO placement.requestlog [req-fb07d2b2-6c9f-45ae-be15-e7c9411d1a61 req-c9a7d504-a91a-4763-b708-41d7d519f2a0 c45c9c92cd664a95874bfd213795d05d 0b049d473cbb4af7b6cf7c76a6a9fb2f - - faf173ac3a934822add7439efc9d36dc faf173ac3a934822add7439efc9d36dc] 162.253.55.135 "GET /resource_providers/a64f5979-8015-45c5-9537-3f4c7a793ed8/allocations" status: 200 len: 252 microversion: 1.0 [pid: 8|app: 0|req: 426/855] 162.253.55.135 () {32 vars in 857 bytes} [Sat Sep 19 11:43:42 2026] GET /resource_providers/a64f5979-8015-45c5-9537-3f4c7a793ed8/allocations => generated 252 bytes in 39 msecs (HTTP/1.1 200) 6 headers in 224 bytes (1 switches on core 0)
2026-09-19 11:43:42.557 7 INFO placement.requestlog [req-fb07d2b2-6c9f-45ae-be15-e7c9411d1a61 req-f73a8a0c-cd56-4b0f-9dce-4fbecbc284b1 c45c9c92cd664a95874bfd213795d05d 0b049d473cbb4af7b6cf7c76a6a9fb2f - - faf173ac3a934822add7439efc9d36dc faf173ac3a934822add7439efc9d36dc] 162.253.55.135 "GET /allocations/1a881a4f-c51a-4d6e-a8b4-db5087fdeeb2" status: 200 len: 257 microversion: 1.28 [pid: 7|app: 0|req: 430/856] 162.253.55.135 () {34 vars in 863 bytes} [Sat Sep 19 11:43:42 2026] GET /allocations/1a881a4f-c51a-4d6e-a8b4-db5087fdeeb2 => generated 257 bytes in 35 msecs (HTTP/1.1 200) 8 headers in 296 bytes (1 switches on core 0)
2026-09-19 11:43:42.584 8 INFO placement.requestlog [req-fb07d2b2-6c9f-45ae-be15-e7c9411d1a61 req-00889567-7c98-47d2-8674-06c66a37a6b1 c45c9c92cd664a95874bfd213795d05d 0b049d473cbb4af7b6cf7c76a6a9fb2f - - faf173ac3a934822add7439efc9d36dc faf173ac3a934822add7439efc9d36dc] 162.253.55.135 "GET /allocations/c49f9358-2007-412b-856d-ab54bcc61e86" status: 200 len: 257 microversion: 1.28 [pid: 8|app: 0|req: 427/857] 162.253.55.135 () {34 vars in 863 bytes} [Sat Sep 19 11:43:42 2026] GET /allocations/c49f9358-2007-412b-856d-ab54bcc61e86 => generated 257 bytes in 19 msecs (HTTP/1.1 200) 8 headers in 296 bytes (1 switches on core 0)
2026-09-19 11:43:42.920 7 INFO placement.requestlog [req-c6633d33-9532-4db9-95cd-cfb883fe8d73 req-5d899415-5ef2-4ef8-aafe-d3d2b768fad7 c45c9c92cd664a95874bfd213795d05d 0b049d473cbb4af7b6cf7c76a6a9fb2f - - faf173ac3a934822add7439efc9d36dc faf173ac3a934822add7439efc9d36dc] 162.253.55.135 "GET /allocations/c49f9358-2007-412b-856d-ab54bcc61e86" status: 200 len: 257 microversion: 1.28 [pid: 7|app: 0|req: 431/858] 162.253.55.135 () {34 vars in 863 bytes} [Sat Sep 19 11:43:42 2026] GET /allocations/c49f9358-2007-412b-856d-ab54bcc61e86 => generated 257 bytes in 14 msecs (HTTP/1.1 200) 8 headers in 296 bytes (1 switches on core 0)
2026-09-19 11:43:44.675 8 INFO placement.requestlog [req-c6633d33-9532-4db9-95cd-cfb883fe8d73 req-f8c0c3e1-fe85-4c0a-b9d0-f0d389a25756 c45c9c92cd664a95874bfd213795d05d 0b049d473cbb4af7b6cf7c76a6a9fb2f - - faf173ac3a934822add7439efc9d36dc faf173ac3a934822add7439efc9d36dc] 162.253.55.135 "GET /resource_providers/a64f5979-8015-45c5-9537-3f4c7a793ed8/allocations" status: 200 len: 252 microversion: 1.0 [pid: 8|app: 0|req: 428/859] 162.253.55.135 () {32 vars in 857 bytes} [Sat Sep 19 11:43:44 2026] GET /resource_providers/a64f5979-8015-45c5-9537-3f4c7a793ed8/allocations => generated 252 bytes in 24 msecs (HTTP/1.1 200) 6 headers in 224 bytes (1 switches on core 0)
2026-09-19 11:43:44.715 7 INFO placement.requestlog [req-c6633d33-9532-4db9-95cd-cfb883fe8d73 req-a491be8d-7810-43e0-8924-4527dcb0f6b3 c45c9c92cd664a95874bfd213795d05d 0b049d473cbb4af7b6cf7c76a6a9fb2f - - faf173ac3a934822add7439efc9d36dc faf173ac3a934822add7439efc9d36dc] 162.253.55.135 "GET /allocations/1a881a4f-c51a-4d6e-a8b4-db5087fdeeb2" status: 200 len: 257 microversion: 1.28 [pid: 7|app: 0|req: 432/860] 162.253.55.135 () {34 vars in 863 bytes} [Sat Sep 19 11:43:44 2026] GET /allocations/1a881a4f-c51a-4d6e-a8b4-db5087fdeeb2 => generated 257 bytes in 30 msecs (HTTP/1.1 200) 8 headers in 296 bytes (1 switches on core 0)
2026-09-19 11:43:44.739 8 INFO placement.requestlog [req-c6633d33-9532-4db9-95cd-cfb883fe8d73 req-a0c06ad7-7737-4606-bfde-785a491fee73 c45c9c92cd664a95874bfd213795d05d 0b049d473cbb4af7b6cf7c76a6a9fb2f - - faf173ac3a934822add7439efc9d36dc faf173ac3a934822add7439efc9d36dc] 162.253.55.135 "GET /allocations/c49f9358-2007-412b-856d-ab54bcc61e86" status: 200 len: 257 microversion: 1.28 [pid: 8|app: 0|req: 429/861] 162.253.55.135 () {34 vars in 863 bytes} [Sat Sep 19 11:43:44 2026] GET /allocations/c49f9358-2007-412b-856d-ab54bcc61e86 => generated 257 bytes in 20 msecs (HTTP/1.1 200) 8 headers in 296 bytes (1 switches on core 0)
2026-09-19 11:43:47.756 7 INFO placement.requestlog [None req-b0f42e82-f8dd-4f26-b235-53e34c61d6b3 - - - - - -] 10.0.0.247 "GET /" status: 200 len: 136 microversion: 1.0
2026-09-19 11:43:47.756 8 INFO placement.requestlog [None req-6c890047-55c9-4c2d-8f49-d2479a5763d5 - - - - - -] 10.0.0.247 "GET /" status: 200 len: 136 microversion: 1.0
2026-09-19 11:43:50.351 8 INFO placement.requestlog [req-8c57ac10-3ed8-4feb-89f0-81a38ab4086e req-d3be9a58-b01e-43e3-9a88-e5d0f520a275 c45c9c92cd664a95874bfd213795d05d 0b049d473cbb4af7b6cf7c76a6a9fb2f - - faf173ac3a934822add7439efc9d36dc faf173ac3a934822add7439efc9d36dc] 10.0.0.195 "GET /allocation_candidates?limit=1000&resources=DISK_GB%3A1%2CMEMORY_MB%3A512%2CVCPU%3A1&root_required=%21COMPUTE_STATUS_DISABLED" status: 200 len: 2445 microversion: 1.36 [pid: 8|app: 0|req: 431/864] 10.0.0.195 () {34 vars in 1012 bytes} [Sat Sep 19 11:43:50 2026] GET /allocation_candidates?limit=1000&resources=DISK_GB%3A1%2CMEMORY_MB%3A512%2CVCPU%3A1&root_required=%21COMPUTE_STATUS_DISABLED => generated 2445 bytes in 59 msecs (HTTP/1.1 200) 8 headers in 297 bytes (1 switches on core 0)
2026-09-19 11:43:50.384 7 INFO placement.requestlog [req-8c57ac10-3ed8-4feb-89f0-81a38ab4086e req-a712971d-3fce-4f25-9be3-935379a2368a c45c9c92cd664a95874bfd213795d05d 0b049d473cbb4af7b6cf7c76a6a9fb2f - - faf173ac3a934822add7439efc9d36dc faf173ac3a934822add7439efc9d36dc] 10.0.0.195 "GET /allocations/c5eed630-9615-43ae-8063-364310314fc7" status: 200 len: 19 microversion: 1.28 [pid: 7|app: 0|req: 434/865] 10.0.0.195 () {34 vars in 861 bytes} [Sat Sep 19 11:43:50 2026] GET /allocations/c5eed630-9615-43ae-8063-364310314fc7 => generated 19 bytes in 16 msecs (HTTP/1.1 200) 8 headers in 295 bytes (1 switches on core 0)
2026-09-19 11:43:50.486 8 INFO placement.requestlog [req-8c57ac10-3ed8-4feb-89f0-81a38ab4086e req-993e3138-9c62-4afe-a02c-ac974b710bbb c45c9c92cd664a95874bfd213795d05d 0b049d473cbb4af7b6cf7c76a6a9fb2f - - faf173ac3a934822add7439efc9d36dc faf173ac3a934822add7439efc9d36dc] 10.0.0.195 "PUT /allocations/c5eed630-9615-43ae-8063-364310314fc7" status: 204 len: 0 microversion: 1.36 [pid: 8|app: 0|req: 432/866] 10.0.0.195 () {38 vars in 914 bytes} [Sat Sep 19 11:43:50 2026] PUT /allocations/c5eed630-9615-43ae-8063-364310314fc7 => generated 0 bytes in 95 msecs (HTTP/1.1 204) 5 headers in 199 bytes (1 switches on core 0)
2026-09-19 11:43:51.983 7 INFO placement.requestlog [req-8c57ac10-3ed8-4feb-89f0-81a38ab4086e req-8380bb55-9e55-4cdb-a859-c285648d241a c45c9c92cd664a95874bfd213795d05d 0b049d473cbb4af7b6cf7c76a6a9fb2f - - faf173ac3a934822add7439efc9d36dc faf173ac3a934822add7439efc9d36dc] 162.253.55.135 "GET /allocations/c5eed630-9615-43ae-8063-364310314fc7" status: 200 len: 257 microversion: 1.28 [pid: 7|app: 0|req: 435/867] 162.253.55.135 () {34 vars in 863 bytes} [Sat Sep 19 11:43:51 2026] GET /allocations/c5eed630-9615-43ae-8063-364310314fc7 => generated 257 bytes in 22 msecs (HTTP/1.1 200) 8 headers in 296 bytes (1 switches on core 0)
2026-09-19 11:43:53.022 8 INFO placement.requestlog [req-8c57ac10-3ed8-4feb-89f0-81a38ab4086e req-c975bba2-e2db-41ce-9e4b-fac87ae8b0de c45c9c92cd664a95874bfd213795d05d 0b049d473cbb4af7b6cf7c76a6a9fb2f - - faf173ac3a934822add7439efc9d36dc faf173ac3a934822add7439efc9d36dc] 162.253.55.135 "GET /resource_providers/a64f5979-8015-45c5-9537-3f4c7a793ed8/allocations" status: 200 len: 352 microversion: 1.0 [pid: 8|app: 0|req: 433/868] 162.253.55.135 () {32 vars in 857 bytes} [Sat Sep 19 11:43:53 2026] GET /resource_providers/a64f5979-8015-45c5-9537-3f4c7a793ed8/allocations => generated 352 bytes in 14 msecs (HTTP/1.1 200) 6 headers in 224 bytes (1 switches on core 0)
2026-09-19 11:43:53.044 7 INFO placement.requestlog [req-8c57ac10-3ed8-4feb-89f0-81a38ab4086e req-0a36536f-1056-4e13-b2fe-b1a4dbc245ab c45c9c92cd664a95874bfd213795d05d 0b049d473cbb4af7b6cf7c76a6a9fb2f - - faf173ac3a934822add7439efc9d36dc faf173ac3a934822add7439efc9d36dc] 162.253.55.135 "GET /allocations/1a881a4f-c51a-4d6e-a8b4-db5087fdeeb2" status: 200 len: 257 microversion: 1.28 [pid: 7|app: 0|req: 436/869] 162.253.55.135 () {34 vars in 863 bytes} [Sat Sep 19 11:43:53 2026] GET /allocations/1a881a4f-c51a-4d6e-a8b4-db5087fdeeb2 => generated 257 bytes in 16 msecs (HTTP/1.1 200) 8 headers in 296 bytes (1 switches on core 0)
2026-09-19 11:43:53.068 8 INFO placement.requestlog [req-8c57ac10-3ed8-4feb-89f0-81a38ab4086e req-7dd1e404-2d19-410d-ade9-7d6356585d94 c45c9c92cd664a95874bfd213795d05d 0b049d473cbb4af7b6cf7c76a6a9fb2f - - faf173ac3a934822add7439efc9d36dc faf173ac3a934822add7439efc9d36dc] 162.253.55.135 "GET /allocations/c49f9358-2007-412b-856d-ab54bcc61e86" status: 200 len: 257 microversion: 1.28 [pid: 8|app: 0|req: 434/870] 162.253.55.135 () {34 vars in 863 bytes} [Sat Sep 19 11:43:53 2026] GET /allocations/c49f9358-2007-412b-856d-ab54bcc61e86 => generated 257 bytes in 19 msecs (HTTP/1.1 200) 8 headers in 296 bytes (1 switches on core 0)
2026-09-19 11:43:53.087 7 INFO placement.requestlog [req-8c57ac10-3ed8-4feb-89f0-81a38ab4086e req-b478c76d-76ee-439a-9a59-5c11c4af7577 c45c9c92cd664a95874bfd213795d05d 0b049d473cbb4af7b6cf7c76a6a9fb2f - - faf173ac3a934822add7439efc9d36dc faf173ac3a934822add7439efc9d36dc] 162.253.55.135 "GET /allocations/c5eed630-9615-43ae-8063-364310314fc7" status: 200 len: 257 microversion: 1.28 [pid: 7|app: 0|req: 437/871] 162.253.55.135 () {34 vars in 863 bytes} [Sat Sep 19 11:43:53 2026] GET /allocations/c5eed630-9615-43ae-8063-364310314fc7 => generated 257 bytes in 15 msecs (HTTP/1.1 200) 8 headers in 296 bytes (1 switches on core 0)
2026-09-19 11:43:57.755 8 INFO placement.requestlog [None req-b7f568c2-5047-419e-a20e-c8398ee7afc1 - - - - - -] 10.0.0.247 "GET /" status: 200 len: 136 microversion: 1.0
2026-09-19 11:43:57.755 7 INFO placement.requestlog [None req-d33c1c59-c15b-4695-a30d-ed3fae6cf5f5 - - - - - -] 10.0.0.247 "GET /" status: 200 len: 136 microversion: 1.0
2026-09-19 11:43:59.591 8 INFO placement.requestlog [req-2be690e6-40d2-436d-90e1-b271165a380d req-d98de99c-c417-4649-8ce6-b8798d95866d c45c9c92cd664a95874bfd213795d05d 0b049d473cbb4af7b6cf7c76a6a9fb2f - - faf173ac3a934822add7439efc9d36dc faf173ac3a934822add7439efc9d36dc] 162.253.55.135 "GET /resource_providers/a64f5979-8015-45c5-9537-3f4c7a793ed8/allocations" status: 200 len: 352 microversion: 1.0 [pid: 8|app: 0|req: 436/874] 162.253.55.135 () {32 vars in 857 bytes} [Sat Sep 19 11:43:59 2026] GET /resource_providers/a64f5979-8015-45c5-9537-3f4c7a793ed8/allocations => generated 352 bytes in 26 msecs (HTTP/1.1 200) 6 headers in 224 bytes (1 switches on core 0)
2026-09-19 11:43:59.608 7 INFO placement.requestlog [req-2be690e6-40d2-436d-90e1-b271165a380d req-c92b7c3f-6630-4ebd-8a1f-fafa58500bf7 c45c9c92cd664a95874bfd213795d05d 0b049d473cbb4af7b6cf7c76a6a9fb2f - - faf173ac3a934822add7439efc9d36dc faf173ac3a934822add7439efc9d36dc] 162.253.55.135 "GET /allocations/1a881a4f-c51a-4d6e-a8b4-db5087fdeeb2" status: 200 len: 257 microversion: 1.28 [pid: 7|app: 0|req: 439/875] 162.253.55.135 () {34 vars in 863 bytes} [Sat Sep 19 11:43:59 2026] GET /allocations/1a881a4f-c51a-4d6e-a8b4-db5087fdeeb2 => generated 257 bytes in 12 msecs (HTTP/1.1 200) 8 headers in 296 bytes (1 switches on core 0)
2026-09-19 11:43:59.631 8 INFO placement.requestlog [req-2be690e6-40d2-436d-90e1-b271165a380d req-7efb9ba7-d479-4d05-8e9a-6d37a9e98489 c45c9c92cd664a95874bfd213795d05d 0b049d473cbb4af7b6cf7c76a6a9fb2f - - faf173ac3a934822add7439efc9d36dc faf173ac3a934822add7439efc9d36dc] 162.253.55.135 "GET /allocations/c49f9358-2007-412b-856d-ab54bcc61e86" status: 200 len: 257 microversion: 1.28 [pid: 8|app: 0|req: 437/876] 162.253.55.135 () {34 vars in 863 bytes} [Sat Sep 19 11:43:59 2026] GET /allocations/c49f9358-2007-412b-856d-ab54bcc61e86 => generated 257 bytes in 16 msecs (HTTP/1.1 200) 8 headers in 296 bytes (1 switches on core 0)
2026-09-19 11:43:59.651 7 INFO placement.requestlog [req-2be690e6-40d2-436d-90e1-b271165a380d req-886f32b6-22f5-462e-a51a-7880fad7e7c2 c45c9c92cd664a95874bfd213795d05d 0b049d473cbb4af7b6cf7c76a6a9fb2f - - faf173ac3a934822add7439efc9d36dc faf173ac3a934822add7439efc9d36dc] 162.253.55.135 "GET /allocations/c5eed630-9615-43ae-8063-364310314fc7" status: 200 len: 257 microversion: 1.28 [pid: 7|app: 0|req: 440/877] 162.253.55.135 () {34 vars in 863 bytes} [Sat Sep 19 11:43:59 2026] GET /allocations/c5eed630-9615-43ae-8063-364310314fc7 => generated 257 bytes in 11 msecs (HTTP/1.1 200) 8 headers in 296 bytes (1 switches on core 0)
2026-09-19 11:44:00.704 8 INFO placement.requestlog [req-2be690e6-40d2-436d-90e1-b271165a380d req-5caca504-e1fc-4f1d-8a98-8e3bf85f09df c45c9c92cd664a95874bfd213795d05d 0b049d473cbb4af7b6cf7c76a6a9fb2f - - faf173ac3a934822add7439efc9d36dc faf173ac3a934822add7439efc9d36dc] 162.253.55.135 "DELETE /allocations/c49f9358-2007-412b-856d-ab54bcc61e86" status: 204 len: 0 microversion: 1.0 [pid: 8|app: 0|req: 438/878] 162.253.55.135 () {34 vars in 841 bytes} [Sat Sep 19 11:44:00 2026] DELETE /allocations/c49f9358-2007-412b-856d-ab54bcc61e86 => generated 0 bytes in 27 msecs (HTTP/1.1 204) 5 headers in 198 bytes (1 switches on core 0)
2026-09-19 11:44:03.950 7 INFO placement.requestlog [None req-34b225c4-fd21-4558-a67b-56dba697d060 a74be1fa6fb54de7b8c7609d578eabad 0b049d473cbb4af7b6cf7c76a6a9fb2f - - faf173ac3a934822add7439efc9d36dc faf173ac3a934822add7439efc9d36dc] 10.0.0.180 "GET /resource_providers/a86a43e2-caca-407c-8d4a-baff71c337e4/aggregates" status: 404 len: 235 microversion: 1.1 [pid: 7|app: 0|req: 441/879] 10.0.0.180 () {32 vars in 816 bytes} [Sat Sep 19 11:44:03 2026] GET /resource_providers/a86a43e2-caca-407c-8d4a-baff71c337e4/aggregates => generated 235 bytes in 13 msecs (HTTP/1.1 404) 5 headers in 202 bytes (1 switches on core 0)
2026-09-19 11:44:03.959 8 INFO placement.requestlog [None req-e9d4e841-1816-4e1a-952b-f0d007a40169 a74be1fa6fb54de7b8c7609d578eabad 0b049d473cbb4af7b6cf7c76a6a9fb2f - - faf173ac3a934822add7439efc9d36dc faf173ac3a934822add7439efc9d36dc] 10.0.0.180 "GET /resource_providers/a86a43e2-caca-407c-8d4a-baff71c337e4/aggregates" status: 404 len: 235 microversion: 1.1 [pid: 8|app: 0|req: 439/880] 10.0.0.180 () {32 vars in 816 bytes} [Sat Sep 19 11:44:03 2026] GET /resource_providers/a86a43e2-caca-407c-8d4a-baff71c337e4/aggregates => generated 235 bytes in 15 msecs (HTTP/1.1 404) 5 headers in 202 bytes (1 switches on core 0)
2026-09-19 11:44:03.983 7 INFO placement.requestlog [None req-54195697-a4b4-413a-a956-7fae7b9069f4 a74be1fa6fb54de7b8c7609d578eabad 0b049d473cbb4af7b6cf7c76a6a9fb2f - - faf173ac3a934822add7439efc9d36dc faf173ac3a934822add7439efc9d36dc] 10.0.0.180 "DELETE /resource_providers/a86a43e2-caca-407c-8d4a-baff71c337e4" status: 404 len: 246 microversion: 1.1 [pid: 7|app: 0|req: 442/881] 10.0.0.180 () {34 vars in 816 bytes} [Sat Sep 19 11:44:03 2026] DELETE /resource_providers/a86a43e2-caca-407c-8d4a-baff71c337e4 => generated 246 bytes in 18 msecs (HTTP/1.1 404) 6 headers in 231 bytes (1 switches on core 0)
2026-09-19 11:44:03.985 8 INFO placement.requestlog [None req-1184153d-136f-48a2-8207-e8fb1b756c41 a74be1fa6fb54de7b8c7609d578eabad 0b049d473cbb4af7b6cf7c76a6a9fb2f - - faf173ac3a934822add7439efc9d36dc faf173ac3a934822add7439efc9d36dc] 10.0.0.180 "DELETE /resource_providers/a86a43e2-caca-407c-8d4a-baff71c337e4" status: 404 len: 246 microversion: 1.1 [pid: 8|app: 0|req: 440/882] 10.0.0.180 () {34 vars in 816 bytes} [Sat Sep 19 11:44:03 2026] DELETE /resource_providers/a86a43e2-caca-407c-8d4a-baff71c337e4 => generated 246 bytes in 18 msecs (HTTP/1.1 404) 6 headers in 231 bytes (1 switches on core 0)
2026-09-19 11:44:06.006 7 INFO placement.requestlog [None req-e29a3402-195b-4b7d-8129-b2f4ad0f1351 a74be1fa6fb54de7b8c7609d578eabad 0b049d473cbb4af7b6cf7c76a6a9fb2f - - faf173ac3a934822add7439efc9d36dc faf173ac3a934822add7439efc9d36dc] 10.0.0.180 "GET /resource_providers/c8f769a1-4503-4fd9-a3e2-f571d1470e09/aggregates" status: 404 len: 235 microversion: 1.1 [pid: 7|app: 0|req: 443/883] 10.0.0.180 () {32 vars in 816 bytes} [Sat Sep 19 11:44:05 2026] GET /resource_providers/c8f769a1-4503-4fd9-a3e2-f571d1470e09/aggregates => generated 235 bytes in 10 msecs (HTTP/1.1 404) 5 headers in 202 bytes (1 switches on core 0)
2026-09-19 11:44:06.008 8 INFO placement.requestlog [None req-be420a8a-9bcf-456b-856e-150163940ffb a74be1fa6fb54de7b8c7609d578eabad 0b049d473cbb4af7b6cf7c76a6a9fb2f - - faf173ac3a934822add7439efc9d36dc faf173ac3a934822add7439efc9d36dc] 10.0.0.180 "GET /resource_providers/c8f769a1-4503-4fd9-a3e2-f571d1470e09/aggregates" status: 404 len: 235 microversion: 1.1 [pid: 8|app: 0|req: 441/884] 10.0.0.180 () {32 vars in 816 bytes} [Sat Sep 19 11:44:05 2026] GET /resource_providers/c8f769a1-4503-4fd9-a3e2-f571d1470e09/aggregates => generated 235 bytes in 10 msecs (HTTP/1.1 404) 5 headers in 202 bytes (1 switches on core 0)
2026-09-19 11:44:06.024 8 INFO placement.requestlog [None req-62cb1857-d66a-4d78-b971-056cede95644 a74be1fa6fb54de7b8c7609d578eabad 0b049d473cbb4af7b6cf7c76a6a9fb2f - - faf173ac3a934822add7439efc9d36dc faf173ac3a934822add7439efc9d36dc] 10.0.0.180 "DELETE /resource_providers/c8f769a1-4503-4fd9-a3e2-f571d1470e09" status: 404 len: 246 microversion: 1.1 [pid: 8|app: 0|req: 442/885] 10.0.0.180 () {34 vars in 816 bytes} [Sat Sep 19 11:44:06 2026] DELETE /resource_providers/c8f769a1-4503-4fd9-a3e2-f571d1470e09 => generated 246 bytes in 7 msecs (HTTP/1.1 404) 6 headers in 231 bytes (1 switches on core 0)
2026-09-19 11:44:06.024 7 INFO placement.requestlog [None req-f794d0bc-d29c-472c-bfbc-800cdf384c6d a74be1fa6fb54de7b8c7609d578eabad 0b049d473cbb4af7b6cf7c76a6a9fb2f - - faf173ac3a934822add7439efc9d36dc faf173ac3a934822add7439efc9d36dc] 10.0.0.180 "DELETE /resource_providers/c8f769a1-4503-4fd9-a3e2-f571d1470e09" status: 404 len: 246 microversion: 1.1 [pid: 7|app: 0|req: 444/886] 10.0.0.180 () {34 vars in 816 bytes} [Sat Sep 19 11:44:06 2026] DELETE /resource_providers/c8f769a1-4503-4fd9-a3e2-f571d1470e09 => generated 246 bytes in 9 msecs (HTTP/1.1 404) 6 headers in 231 bytes (1 switches on core 0)
2026-09-19 11:44:07.755 8 INFO placement.requestlog [None req-dbc73c99-cfa1-468e-8d43-0454020c3585 - - - - - -] 10.0.0.247 "GET /" status: 200 len: 136 microversion: 1.0
2026-09-19 11:44:07.756 7 INFO placement.requestlog [None req-d86fe9a9-6d1b-437c-8b2c-c885ec56e398 - - - - - -] 10.0.0.247 "GET /" status: 200 len: 136 microversion: 1.0
2026-09-19 11:44:08.979 8 INFO placement.requestlog [req-743fea5f-9831-4e43-9be9-6a56dcbe93cc req-35430194-6e14-48cb-bf44-8b92775981b0 c45c9c92cd664a95874bfd213795d05d 0b049d473cbb4af7b6cf7c76a6a9fb2f - - faf173ac3a934822add7439efc9d36dc faf173ac3a934822add7439efc9d36dc] 162.253.55.135 "GET /resource_providers/a64f5979-8015-45c5-9537-3f4c7a793ed8/allocations" status: 200 len: 252 microversion: 1.0 [pid: 8|app: 0|req: 444/889] 162.253.55.135 () {32 vars in 857 bytes} [Sat Sep 19 11:44:08 2026] GET /resource_providers/a64f5979-8015-45c5-9537-3f4c7a793ed8/allocations => generated 252 bytes in 47 msecs (HTTP/1.1 200) 6 headers in 224 bytes (1 switches on core 0)
2026-09-19 11:44:09.009 7 INFO placement.requestlog [req-743fea5f-9831-4e43-9be9-6a56dcbe93cc req-26cfdc23-0efc-416f-8361-e4c783f7323f c45c9c92cd664a95874bfd213795d05d 0b049d473cbb4af7b6cf7c76a6a9fb2f - - faf173ac3a934822add7439efc9d36dc faf173ac3a934822add7439efc9d36dc] 162.253.55.135 "GET /allocations/1a881a4f-c51a-4d6e-a8b4-db5087fdeeb2" status: 200 len: 257 microversion: 1.28 [pid: 7|app: 0|req: 446/890] 162.253.55.135 () {34 vars in 863 bytes} [Sat Sep 19 11:44:08 2026] GET /allocations/1a881a4f-c51a-4d6e-a8b4-db5087fdeeb2 => generated 257 bytes in 19 msecs (HTTP/1.1 200) 8 headers in 296 bytes (1 switches on core 0)
2026-09-19 11:44:09.034 8 INFO placement.requestlog [req-743fea5f-9831-4e43-9be9-6a56dcbe93cc req-dfc42e91-225a-43f3-88ec-7a2964734a5f c45c9c92cd664a95874bfd213795d05d 0b049d473cbb4af7b6cf7c76a6a9fb2f - - faf173ac3a934822add7439efc9d36dc faf173ac3a934822add7439efc9d36dc] 162.253.55.135 "GET /allocations/c5eed630-9615-43ae-8063-364310314fc7" status: 200 len: 257 microversion: 1.28 [pid: 8|app: 0|req: 445/891] 162.253.55.135 () {34 vars in 863 bytes} [Sat Sep 19 11:44:09 2026] GET /allocations/c5eed630-9615-43ae-8063-364310314fc7 => generated 257 bytes in 21 msecs (HTTP/1.1 200) 8 headers in 296 bytes (1 switches on core 0)
2026-09-19 11:44:10.095 7 INFO placement.requestlog [req-743fea5f-9831-4e43-9be9-6a56dcbe93cc req-2bd12aaa-293c-4d57-867c-d3c04ca9cf44 c45c9c92cd664a95874bfd213795d05d 0b049d473cbb4af7b6cf7c76a6a9fb2f - - faf173ac3a934822add7439efc9d36dc faf173ac3a934822add7439efc9d36dc] 162.253.55.135 "DELETE /allocations/c5eed630-9615-43ae-8063-364310314fc7" status: 204 len: 0 microversion: 1.0 [pid: 7|app: 0|req: 447/892] 162.253.55.135 () {34 vars in 841 bytes} [Sat Sep 19 11:44:10 2026] DELETE /allocations/c5eed630-9615-43ae-8063-364310314fc7 => generated 0 bytes in 31 msecs (HTTP/1.1 204) 5 headers in 198 bytes (1 switches on core 0)
2026-09-19 11:44:14.428 8 INFO placement.requestlog [None req-f5a17ee0-c32f-4877-b9dc-cfe386267519 a74be1fa6fb54de7b8c7609d578eabad 0b049d473cbb4af7b6cf7c76a6a9fb2f - - faf173ac3a934822add7439efc9d36dc faf173ac3a934822add7439efc9d36dc] 10.0.0.180 "GET /resource_providers/7d9fabe4-fe9f-4b6d-90ed-a741fcf3902f/aggregates" status: 404 len: 235 microversion: 1.1 [pid: 8|app: 0|req: 446/893] 10.0.0.180 () {32 vars in 816 bytes} [Sat Sep 19 11:44:14 2026] GET /resource_providers/7d9fabe4-fe9f-4b6d-90ed-a741fcf3902f/aggregates => generated 235 bytes in 7 msecs (HTTP/1.1 404) 5 headers in 202 bytes (1 switches on core 0)
2026-09-19 11:44:14.437 7 INFO placement.requestlog [None req-ada7854b-a88d-44dd-a774-ab03d436c549 a74be1fa6fb54de7b8c7609d578eabad 0b049d473cbb4af7b6cf7c76a6a9fb2f - - faf173ac3a934822add7439efc9d36dc faf173ac3a934822add7439efc9d36dc] 10.0.0.180 "GET /resource_providers/7d9fabe4-fe9f-4b6d-90ed-a741fcf3902f/aggregates" status: 404 len: 235 microversion: 1.1 [pid: 7|app: 0|req: 448/894] 10.0.0.180 () {32 vars in 816 bytes} [Sat Sep 19 11:44:14 2026] GET /resource_providers/7d9fabe4-fe9f-4b6d-90ed-a741fcf3902f/aggregates => generated 235 bytes in 12 msecs (HTTP/1.1 404) 5 headers in 202 bytes (1 switches on core 0)
2026-09-19 11:44:14.454 8 INFO placement.requestlog [None req-49865870-4a03-47cf-ba12-e44abcad7c9a a74be1fa6fb54de7b8c7609d578eabad 0b049d473cbb4af7b6cf7c76a6a9fb2f - - faf173ac3a934822add7439efc9d36dc faf173ac3a934822add7439efc9d36dc] 10.0.0.180 "DELETE /resource_providers/7d9fabe4-fe9f-4b6d-90ed-a741fcf3902f" status: 404 len: 246 microversion: 1.1 [pid: 8|app: 0|req: 447/895] 10.0.0.180 () {34 vars in 816 bytes} [Sat Sep 19 11:44:14 2026] DELETE /resource_providers/7d9fabe4-fe9f-4b6d-90ed-a741fcf3902f => generated 246 bytes in 19 msecs (HTTP/1.1 404) 6 headers in 231 bytes (1 switches on core 0)
2026-09-19 11:44:14.457 7 INFO placement.requestlog [None req-abdee947-aaa9-4cc3-b4bf-fe3878b9a8d9 a74be1fa6fb54de7b8c7609d578eabad 0b049d473cbb4af7b6cf7c76a6a9fb2f - - faf173ac3a934822add7439efc9d36dc faf173ac3a934822add7439efc9d36dc] 10.0.0.180 "DELETE /resource_providers/7d9fabe4-fe9f-4b6d-90ed-a741fcf3902f" status: 404 len: 246 microversion: 1.1 [pid: 7|app: 0|req: 449/896] 10.0.0.180 () {34 vars in 816 bytes} [Sat Sep 19 11:44:14 2026] DELETE /resource_providers/7d9fabe4-fe9f-4b6d-90ed-a741fcf3902f => generated 246 bytes in 11 msecs (HTTP/1.1 404) 6 headers in 231 bytes (1 switches on core 0)
2026-09-19 11:44:16.476 8 INFO placement.requestlog [None req-0e69cf10-e516-499b-b88e-45186fcbae57 a74be1fa6fb54de7b8c7609d578eabad 0b049d473cbb4af7b6cf7c76a6a9fb2f - - faf173ac3a934822add7439efc9d36dc faf173ac3a934822add7439efc9d36dc] 10.0.0.180 "GET /resource_providers/9c3e2092-3141-4a2f-ad0f-775b1dd272ab/aggregates" status: 404 len: 235 microversion: 1.1 [pid: 8|app: 0|req: 448/897] 10.0.0.180 () {32 vars in 816 bytes} [Sat Sep 19 11:44:16 2026] GET /resource_providers/9c3e2092-3141-4a2f-ad0f-775b1dd272ab/aggregates => generated 235 bytes in 11 msecs (HTTP/1.1 404) 5 headers in 202 bytes (1 switches on core 0)
2026-09-19 11:44:16.502 8 INFO placement.requestlog [None req-8484e723-bfb3-440f-a87c-6973a6aa6a9e a74be1fa6fb54de7b8c7609d578eabad 0b049d473cbb4af7b6cf7c76a6a9fb2f - - faf173ac3a934822add7439efc9d36dc faf173ac3a934822add7439efc9d36dc] 10.0.0.180 "DELETE /resource_providers/9c3e2092-3141-4a2f-ad0f-775b1dd272ab" status: 404 len: 246 microversion: 1.1 [pid: 8|app: 0|req: 449/898] 10.0.0.180 () {34 vars in 816 bytes} [Sat Sep 19 11:44:16 2026] DELETE /resource_providers/9c3e2092-3141-4a2f-ad0f-775b1dd272ab => generated 246 bytes in 15 msecs (HTTP/1.1 404) 6 headers in 231 bytes (1 switches on core 0)
2026-09-19 11:44:16.509 7 INFO placement.requestlog [None req-64bb26a8-a4c9-4917-9959-79573a22b72d a74be1fa6fb54de7b8c7609d578eabad 0b049d473cbb4af7b6cf7c76a6a9fb2f - - faf173ac3a934822add7439efc9d36dc faf173ac3a934822add7439efc9d36dc] 10.0.0.180 "GET /resource_providers/9c3e2092-3141-4a2f-ad0f-775b1dd272ab/aggregates" status: 404 len: 235 microversion: 1.1 [pid: 7|app: 0|req: 450/899] 10.0.0.180 () {32 vars in 816 bytes} [Sat Sep 19 11:44:16 2026] GET /resource_providers/9c3e2092-3141-4a2f-ad0f-775b1dd272ab/aggregates => generated 235 bytes in 24 msecs (HTTP/1.1 404) 5 headers in 202 bytes (1 switches on core 0)
2026-09-19 11:44:16.532 8 INFO placement.requestlog [None req-c485df1a-71d8-42c6-a589-8a270969dd5b a74be1fa6fb54de7b8c7609d578eabad 0b049d473cbb4af7b6cf7c76a6a9fb2f - - faf173ac3a934822add7439efc9d36dc faf173ac3a934822add7439efc9d36dc] 10.0.0.180 "DELETE /resource_providers/9c3e2092-3141-4a2f-ad0f-775b1dd272ab" status: 404 len: 246 microversion: 1.1 [pid: 8|app: 0|req: 450/900] 10.0.0.180 () {34 vars in 816 bytes} [Sat Sep 19 11:44:16 2026] DELETE /resource_providers/9c3e2092-3141-4a2f-ad0f-775b1dd272ab => generated 246 bytes in 12 msecs (HTTP/1.1 404) 6 headers in 231 bytes (1 switches on core 0)
2026-09-19 11:44:17.756 7 INFO placement.requestlog [None req-41c170a7-5ec9-470b-8a14-9ff3bc1478b8 - - - - - -] 10.0.0.247 "GET /" status: 200 len: 136 microversion: 1.0
2026-09-19 11:44:17.756 8 INFO placement.requestlog [None req-4849b375-70e8-47fb-bf4f-e99c39594694 - - - - - -] 10.0.0.247 "GET /" status: 200 len: 136 microversion: 1.0
2026-09-19 11:44:27.755 8 INFO placement.requestlog [None req-335bc175-4589-4c12-bd45-6dc9a951791d - - - - - -] 10.0.0.247 "GET /" status: 200 len: 136 microversion: 1.0
2026-09-19 11:44:27.755 7 INFO placement.requestlog [None req-20ea541a-3753-460e-bdff-31e18dd671c7 - - - - - -] 10.0.0.247 "GET /" status: 200 len: 136 microversion: 1.0
2026-09-19 11:44:31.058 8 INFO placement.requestlog [None req-0aeff525-3745-4e54-bbe9-c9dbe739b49c a74be1fa6fb54de7b8c7609d578eabad 0b049d473cbb4af7b6cf7c76a6a9fb2f - - faf173ac3a934822add7439efc9d36dc faf173ac3a934822add7439efc9d36dc] 10.0.0.180 "GET /resource_providers/5f7efc88-f638-4aa7-8365-eb3677e6b459/aggregates" status: 404 len: 235 microversion: 1.1 [pid: 8|app: 0|req: 453/905] 10.0.0.180 () {32 vars in 816 bytes} [Sat Sep 19 11:44:31 2026] GET /resource_providers/5f7efc88-f638-4aa7-8365-eb3677e6b459/aggregates => generated 235 bytes in 14 msecs (HTTP/1.1 404) 5 headers in 202 bytes (1 switches on core 0)
2026-09-19 11:44:31.060 7 INFO placement.requestlog [None req-4cf7b682-24a8-40b1-87d6-97dc5be9e60e a74be1fa6fb54de7b8c7609d578eabad 0b049d473cbb4af7b6cf7c76a6a9fb2f - - faf173ac3a934822add7439efc9d36dc faf173ac3a934822add7439efc9d36dc] 10.0.0.180 "GET /resource_providers/5f7efc88-f638-4aa7-8365-eb3677e6b459/aggregates" status: 404 len: 235 microversion: 1.1 [pid: 7|app: 0|req: 453/906] 10.0.0.180 () {32 vars in 816 bytes} [Sat Sep 19 11:44:31 2026] GET /resource_providers/5f7efc88-f638-4aa7-8365-eb3677e6b459/aggregates => generated 235 bytes in 12 msecs (HTTP/1.1 404) 5 headers in 202 bytes (1 switches on core 0)
2026-09-19 11:44:31.078 8 INFO placement.requestlog [None req-c8143998-e168-4061-8752-ed6a3ced62a2 a74be1fa6fb54de7b8c7609d578eabad 0b049d473cbb4af7b6cf7c76a6a9fb2f - - faf173ac3a934822add7439efc9d36dc faf173ac3a934822add7439efc9d36dc] 10.0.0.180 "DELETE /resource_providers/5f7efc88-f638-4aa7-8365-eb3677e6b459" status: 404 len: 246 microversion: 1.1 [pid: 8|app: 0|req: 454/907] 10.0.0.180 () {34 vars in 816 bytes} [Sat Sep 19 11:44:31 2026] DELETE /resource_providers/5f7efc88-f638-4aa7-8365-eb3677e6b459 => generated 246 bytes in 9 msecs (HTTP/1.1 404) 6 headers in 231 bytes (1 switches on core 0)
2026-09-19 11:44:31.081 7 INFO placement.requestlog [None req-cbd85500-1a8b-4aa3-99b8-8547c0c14081 a74be1fa6fb54de7b8c7609d578eabad 0b049d473cbb4af7b6cf7c76a6a9fb2f - - faf173ac3a934822add7439efc9d36dc faf173ac3a934822add7439efc9d36dc] 10.0.0.180 "DELETE /resource_providers/5f7efc88-f638-4aa7-8365-eb3677e6b459" status: 404 len: 246 microversion: 1.1 [pid: 7|app: 0|req: 454/908] 10.0.0.180 () {34 vars in 816 bytes} [Sat Sep 19 11:44:31 2026] DELETE /resource_providers/5f7efc88-f638-4aa7-8365-eb3677e6b459 => generated 246 bytes in 10 msecs (HTTP/1.1 404) 6 headers in 231 bytes (1 switches on core 0)
2026-09-19 11:44:31.278 8 INFO placement.requestlog [None req-d387d516-bf84-4bc1-9d1b-207fb95ce9b4 a74be1fa6fb54de7b8c7609d578eabad 0b049d473cbb4af7b6cf7c76a6a9fb2f - - faf173ac3a934822add7439efc9d36dc faf173ac3a934822add7439efc9d36dc] 10.0.0.180 "GET /resource_providers/335606c6-e010-46ad-a5eb-40ef1586b985/aggregates" status: 404 len: 235 microversion: 1.1 [pid: 8|app: 0|req: 455/909] 10.0.0.180 () {32 vars in 816 bytes} [Sat Sep 19 11:44:31 2026] GET /resource_providers/335606c6-e010-46ad-a5eb-40ef1586b985/aggregates => generated 235 bytes in 13 msecs (HTTP/1.1 404) 5 headers in 202 bytes (1 switches on core 0)
2026-09-19 11:44:31.281 7 INFO placement.requestlog [None req-3a44c2ea-5201-4706-a268-4bbd24eb2637 a74be1fa6fb54de7b8c7609d578eabad 0b049d473cbb4af7b6cf7c76a6a9fb2f - - faf173ac3a934822add7439efc9d36dc faf173ac3a934822add7439efc9d36dc] 10.0.0.180 "GET /resource_providers/335606c6-e010-46ad-a5eb-40ef1586b985/aggregates" status: 404 len: 235 microversion: 1.1 [pid: 7|app: 0|req: 455/910] 10.0.0.180 () {32 vars in 816 bytes} [Sat Sep 19 11:44:31 2026] GET /resource_providers/335606c6-e010-46ad-a5eb-40ef1586b985/aggregates => generated 235 bytes in 17 msecs (HTTP/1.1 404) 5 headers in 202 bytes (1 switches on core 0)
2026-09-19 11:44:31.305 8 INFO placement.requestlog [None req-14ebcc65-3d40-4752-bb51-e54afc0f78d5 a74be1fa6fb54de7b8c7609d578eabad 0b049d473cbb4af7b6cf7c76a6a9fb2f - - faf173ac3a934822add7439efc9d36dc faf173ac3a934822add7439efc9d36dc] 10.0.0.180 "DELETE /resource_providers/335606c6-e010-46ad-a5eb-40ef1586b985" status: 404 len: 246 microversion: 1.1 [pid: 8|app: 0|req: 456/911] 10.0.0.180 () {34 vars in 816 bytes} [Sat Sep 19 11:44:31 2026] DELETE /resource_providers/335606c6-e010-46ad-a5eb-40ef1586b985 => generated 246 bytes in 10 msecs (HTTP/1.1 404) 6 headers in 231 bytes (1 switches on core 0)
2026-09-19 11:44:31.308 7 INFO placement.requestlog [None req-1c4c4440-f3c1-47ca-bdbe-e3151459563c a74be1fa6fb54de7b8c7609d578eabad 0b049d473cbb4af7b6cf7c76a6a9fb2f - - faf173ac3a934822add7439efc9d36dc faf173ac3a934822add7439efc9d36dc] 10.0.0.180 "DELETE /resource_providers/335606c6-e010-46ad-a5eb-40ef1586b985" status: 404 len: 246 microversion: 1.1 [pid: 7|app: 0|req: 456/912] 10.0.0.180 () {34 vars in 816 bytes} [Sat Sep 19 11:44:31 2026] DELETE /resource_providers/335606c6-e010-46ad-a5eb-40ef1586b985 => generated 246 bytes in 13 msecs (HTTP/1.1 404) 6 headers in 231 bytes (1 switches on core 0)
2026-09-19 11:44:33.106 7 INFO placement.requestlog [None req-ac889006-f57f-4049-b72f-7f73738a83f7 a74be1fa6fb54de7b8c7609d578eabad 0b049d473cbb4af7b6cf7c76a6a9fb2f - - faf173ac3a934822add7439efc9d36dc faf173ac3a934822add7439efc9d36dc] 10.0.0.180 "GET /resource_providers/eaeb8a2e-d0bd-444a-a6a6-4a311e5662c7/aggregates" status: 404 len: 235 microversion: 1.1 [pid: 7|app: 0|req: 457/913] 10.0.0.180 () {32 vars in 816 bytes} [Sat Sep 19 11:44:33 2026] GET /resource_providers/eaeb8a2e-d0bd-444a-a6a6-4a311e5662c7/aggregates => generated 235 bytes in 14 msecs (HTTP/1.1 404) 5 headers in 202 bytes (1 switches on core 0)
2026-09-19 11:44:33.107 8 INFO placement.requestlog [None req-27781459-43f0-4efe-9301-d864383f40b7 a74be1fa6fb54de7b8c7609d578eabad 0b049d473cbb4af7b6cf7c76a6a9fb2f - - faf173ac3a934822add7439efc9d36dc faf173ac3a934822add7439efc9d36dc] 10.0.0.180 "GET /resource_providers/eaeb8a2e-d0bd-444a-a6a6-4a311e5662c7/aggregates" status: 404 len: 235 microversion: 1.1 [pid: 8|app: 0|req: 457/914] 10.0.0.180 () {32 vars in 816 bytes} [Sat Sep 19 11:44:33 2026] GET /resource_providers/eaeb8a2e-d0bd-444a-a6a6-4a311e5662c7/aggregates => generated 235 bytes in 16 msecs (HTTP/1.1 404) 5 headers in 202 bytes (1 switches on core 0)
2026-09-19 11:44:33.144 7 INFO placement.requestlog [None req-a721164e-7b99-4893-b861-b00e6b0a84e3 a74be1fa6fb54de7b8c7609d578eabad 0b049d473cbb4af7b6cf7c76a6a9fb2f - - faf173ac3a934822add7439efc9d36dc faf173ac3a934822add7439efc9d36dc] 10.0.0.180 "DELETE /resource_providers/eaeb8a2e-d0bd-444a-a6a6-4a311e5662c7" status: 404 len: 246 microversion: 1.1 [pid: 7|app: 0|req: 458/915] 10.0.0.180 () {34 vars in 816 bytes} [Sat Sep 19 11:44:33 2026] DELETE /resource_providers/eaeb8a2e-d0bd-444a-a6a6-4a311e5662c7 => generated 246 bytes in 15 msecs (HTTP/1.1 404) 6 headers in 231 bytes (1 switches on core 0)
2026-09-19 11:44:33.146 8 INFO placement.requestlog [None req-85b372a1-25a7-4204-8803-7612dd348c16 a74be1fa6fb54de7b8c7609d578eabad 0b049d473cbb4af7b6cf7c76a6a9fb2f - - faf173ac3a934822add7439efc9d36dc faf173ac3a934822add7439efc9d36dc] 10.0.0.180 "DELETE /resource_providers/eaeb8a2e-d0bd-444a-a6a6-4a311e5662c7" status: 404 len: 246 microversion: 1.1 [pid: 8|app: 0|req: 458/916] 10.0.0.180 () {34 vars in 816 bytes} [Sat Sep 19 11:44:33 2026] DELETE /resource_providers/eaeb8a2e-d0bd-444a-a6a6-4a311e5662c7 => generated 246 bytes in 12 msecs (HTTP/1.1 404) 6 headers in 231 bytes (1 switches on core 0)
2026-09-19 11:44:33.173 7 INFO placement.requestlog [None req-ead6302b-1168-482b-b720-1e771285c4b5 a74be1fa6fb54de7b8c7609d578eabad 0b049d473cbb4af7b6cf7c76a6a9fb2f - - faf173ac3a934822add7439efc9d36dc faf173ac3a934822add7439efc9d36dc] 10.0.0.180 "GET /resource_providers/ae73a60f-8b03-426b-91c3-fa37869344e6/aggregates" status: 404 len: 235 microversion: 1.1
2026-09-19 11:44:33.173 8 INFO placement.requestlog [None req-9aaf0959-f92c-46cc-b04b-d1eab8ee8692 a74be1fa6fb54de7b8c7609d578eabad 0b049d473cbb4af7b6cf7c76a6a9fb2f - - faf173ac3a934822add7439efc9d36dc faf173ac3a934822add7439efc9d36dc] 10.0.0.180 "GET /resource_providers/ae73a60f-8b03-426b-91c3-fa37869344e6/aggregates" status: 404 len: 235 microversion: 1.1 [pid: 7|app: 0|req: 459/917] 10.0.0.180 () {32 vars in 816 bytes} [Sat Sep 19 11:44:33 2026] GET /resource_providers/ae73a60f-8b03-426b-91c3-fa37869344e6/aggregates => generated 235 bytes in 11 msecs (HTTP/1.1 404) 5 headers in 202 bytes (1 switches on core 0) [pid: 8|app: 0|req: 459/918] 10.0.0.180 () {32 vars in 816 bytes} [Sat Sep 19 11:44:33 2026] GET /resource_providers/ae73a60f-8b03-426b-91c3-fa37869344e6/aggregates => generated 235 bytes in 10 msecs (HTTP/1.1 404) 5 headers in 202 bytes (1 switches on core 0)
2026-09-19 11:44:33.194 7 INFO placement.requestlog [None req-7a38ebb9-c0ac-46bd-ad40-45a84b18c0e1 a74be1fa6fb54de7b8c7609d578eabad 0b049d473cbb4af7b6cf7c76a6a9fb2f - - faf173ac3a934822add7439efc9d36dc faf173ac3a934822add7439efc9d36dc] 10.0.0.180 "DELETE /resource_providers/ae73a60f-8b03-426b-91c3-fa37869344e6" status: 404 len: 246 microversion: 1.1 [pid: 7|app: 0|req: 460/919] 10.0.0.180 () {34 vars in 816 bytes} [Sat Sep 19 11:44:33 2026] DELETE /resource_providers/ae73a60f-8b03-426b-91c3-fa37869344e6 => generated 246 bytes in 8 msecs (HTTP/1.1 404) 6 headers in 231 bytes (1 switches on core 0)
2026-09-19 11:44:33.199 8 INFO placement.requestlog [None req-63555a29-0c14-45b1-9216-f28ed0047ace a74be1fa6fb54de7b8c7609d578eabad 0b049d473cbb4af7b6cf7c76a6a9fb2f - - faf173ac3a934822add7439efc9d36dc faf173ac3a934822add7439efc9d36dc] 10.0.0.180 "DELETE /resource_providers/ae73a60f-8b03-426b-91c3-fa37869344e6" status: 404 len: 246 microversion: 1.1 [pid: 8|app: 0|req: 460/920] 10.0.0.180 () {34 vars in 816 bytes} [Sat Sep 19 11:44:33 2026] DELETE /resource_providers/ae73a60f-8b03-426b-91c3-fa37869344e6 => generated 246 bytes in 11 msecs (HTTP/1.1 404) 6 headers in 231 bytes (1 switches on core 0)
2026-09-19 11:44:33.221 7 INFO placement.requestlog [None req-509599ac-e513-41e9-bdf1-05d806fa43ce a74be1fa6fb54de7b8c7609d578eabad 0b049d473cbb4af7b6cf7c76a6a9fb2f - - faf173ac3a934822add7439efc9d36dc faf173ac3a934822add7439efc9d36dc] 10.0.0.180 "GET /resource_providers/d0d5529e-8a3f-4867-874c-88479591ddb8/aggregates" status: 404 len: 235 microversion: 1.1 [pid: 7|app: 0|req: 461/921] 10.0.0.180 () {32 vars in 816 bytes} [Sat Sep 19 11:44:33 2026] GET /resource_providers/d0d5529e-8a3f-4867-874c-88479591ddb8/aggregates => generated 235 bytes in 13 msecs (HTTP/1.1 404) 5 headers in 202 bytes (1 switches on core 0)
2026-09-19 11:44:33.225 8 INFO placement.requestlog [None req-ff587133-62ea-4535-b646-fb6a8c90da64 a74be1fa6fb54de7b8c7609d578eabad 0b049d473cbb4af7b6cf7c76a6a9fb2f - - faf173ac3a934822add7439efc9d36dc faf173ac3a934822add7439efc9d36dc] 10.0.0.180 "GET /resource_providers/d0d5529e-8a3f-4867-874c-88479591ddb8/aggregates" status: 404 len: 235 microversion: 1.1 [pid: 8|app: 0|req: 461/922] 10.0.0.180 () {32 vars in 816 bytes} [Sat Sep 19 11:44:33 2026] GET /resource_providers/d0d5529e-8a3f-4867-874c-88479591ddb8/aggregates => generated 235 bytes in 13 msecs (HTTP/1.1 404) 5 headers in 202 bytes (1 switches on core 0)
2026-09-19 11:44:33.244 7 INFO placement.requestlog [None req-95d4f74d-4205-4cce-96bc-f88d96cd9e30 a74be1fa6fb54de7b8c7609d578eabad 0b049d473cbb4af7b6cf7c76a6a9fb2f - - faf173ac3a934822add7439efc9d36dc faf173ac3a934822add7439efc9d36dc] 10.0.0.180 "DELETE /resource_providers/d0d5529e-8a3f-4867-874c-88479591ddb8" status: 404 len: 246 microversion: 1.1 [pid: 7|app: 0|req: 462/923] 10.0.0.180 () {34 vars in 816 bytes} [Sat Sep 19 11:44:33 2026] DELETE /resource_providers/d0d5529e-8a3f-4867-874c-88479591ddb8 => generated 246 bytes in 10 msecs (HTTP/1.1 404) 6 headers in 231 bytes (1 switches on core 0)
2026-09-19 11:44:33.251 8 INFO placement.requestlog [None req-9d7d44ba-672f-42e3-b338-78169dc5e0f2 a74be1fa6fb54de7b8c7609d578eabad 0b049d473cbb4af7b6cf7c76a6a9fb2f - - faf173ac3a934822add7439efc9d36dc faf173ac3a934822add7439efc9d36dc] 10.0.0.180 "DELETE /resource_providers/d0d5529e-8a3f-4867-874c-88479591ddb8" status: 404 len: 246 microversion: 1.1 [pid: 8|app: 0|req: 462/924] 10.0.0.180 () {34 vars in 816 bytes} [Sat Sep 19 11:44:33 2026] DELETE /resource_providers/d0d5529e-8a3f-4867-874c-88479591ddb8 => generated 246 bytes in 13 msecs (HTTP/1.1 404) 6 headers in 231 bytes (1 switches on core 0)
2026-09-19 11:44:35.271 8 INFO placement.requestlog [None req-79c2c223-8690-48dd-bc01-cfe617fc1def a74be1fa6fb54de7b8c7609d578eabad 0b049d473cbb4af7b6cf7c76a6a9fb2f - - faf173ac3a934822add7439efc9d36dc faf173ac3a934822add7439efc9d36dc] 10.0.0.180 "GET /resource_providers/aa432916-b0f7-4e26-9c45-82e2a0ef67bd/aggregates" status: 404 len: 235 microversion: 1.1 [pid: 8|app: 0|req: 463/925] 10.0.0.180 () {32 vars in 816 bytes} [Sat Sep 19 11:44:35 2026] GET /resource_providers/aa432916-b0f7-4e26-9c45-82e2a0ef67bd/aggregates => generated 235 bytes in 10 msecs (HTTP/1.1 404) 5 headers in 202 bytes (1 switches on core 0)
2026-09-19 11:44:35.273 7 INFO placement.requestlog [None req-cfa6daa7-b3ec-4bc0-9e06-fd0372f8713d a74be1fa6fb54de7b8c7609d578eabad 0b049d473cbb4af7b6cf7c76a6a9fb2f - - faf173ac3a934822add7439efc9d36dc faf173ac3a934822add7439efc9d36dc] 10.0.0.180 "GET /resource_providers/aa432916-b0f7-4e26-9c45-82e2a0ef67bd/aggregates" status: 404 len: 235 microversion: 1.1 [pid: 7|app: 0|req: 463/926] 10.0.0.180 () {32 vars in 816 bytes} [Sat Sep 19 11:44:35 2026] GET /resource_providers/aa432916-b0f7-4e26-9c45-82e2a0ef67bd/aggregates => generated 235 bytes in 15 msecs (HTTP/1.1 404) 5 headers in 202 bytes (1 switches on core 0)
2026-09-19 11:44:35.286 8 INFO placement.requestlog [None req-6a578d64-dbfb-4dd6-9676-655ddc4895fb a74be1fa6fb54de7b8c7609d578eabad 0b049d473cbb4af7b6cf7c76a6a9fb2f - - faf173ac3a934822add7439efc9d36dc faf173ac3a934822add7439efc9d36dc] 10.0.0.180 "DELETE /resource_providers/aa432916-b0f7-4e26-9c45-82e2a0ef67bd" status: 404 len: 246 microversion: 1.1 [pid: 8|app: 0|req: 464/927] 10.0.0.180 () {34 vars in 816 bytes} [Sat Sep 19 11:44:35 2026] DELETE /resource_providers/aa432916-b0f7-4e26-9c45-82e2a0ef67bd => generated 246 bytes in 7 msecs (HTTP/1.1 404) 6 headers in 231 bytes (1 switches on core 0)
2026-09-19 11:44:35.295 7 INFO placement.requestlog [None req-5b2bb997-de01-4dfa-b52d-d22d64c69e18 a74be1fa6fb54de7b8c7609d578eabad 0b049d473cbb4af7b6cf7c76a6a9fb2f - - faf173ac3a934822add7439efc9d36dc faf173ac3a934822add7439efc9d36dc] 10.0.0.180 "DELETE /resource_providers/aa432916-b0f7-4e26-9c45-82e2a0ef67bd" status: 404 len: 246 microversion: 1.1 [pid: 7|app: 0|req: 464/928] 10.0.0.180 () {34 vars in 816 bytes} [Sat Sep 19 11:44:35 2026] DELETE /resource_providers/aa432916-b0f7-4e26-9c45-82e2a0ef67bd => generated 246 bytes in 14 msecs (HTTP/1.1 404) 6 headers in 231 bytes (1 switches on core 0)
2026-09-19 11:44:37.676 8 INFO placement.requestlog [None req-045bf3e4-8265-4c8d-8743-e341d9e6ecb1 a74be1fa6fb54de7b8c7609d578eabad 0b049d473cbb4af7b6cf7c76a6a9fb2f - - faf173ac3a934822add7439efc9d36dc faf173ac3a934822add7439efc9d36dc] 10.0.0.180 "GET /resource_providers/cfb24172-0104-45c7-a8f1-aaf04771b894/aggregates" status: 404 len: 235 microversion: 1.1 [pid: 8|app: 0|req: 465/929] 10.0.0.180 () {32 vars in 816 bytes} [Sat Sep 19 11:44:37 2026] GET /resource_providers/cfb24172-0104-45c7-a8f1-aaf04771b894/aggregates => generated 235 bytes in 13 msecs (HTTP/1.1 404) 5 headers in 202 bytes (1 switches on core 0)
2026-09-19 11:44:37.679 7 INFO placement.requestlog [None req-dc1a94d7-fc0d-4c75-a7e6-d0560587ff7e a74be1fa6fb54de7b8c7609d578eabad 0b049d473cbb4af7b6cf7c76a6a9fb2f - - faf173ac3a934822add7439efc9d36dc faf173ac3a934822add7439efc9d36dc] 10.0.0.180 "GET /resource_providers/cfb24172-0104-45c7-a8f1-aaf04771b894/aggregates" status: 404 len: 235 microversion: 1.1 [pid: 7|app: 0|req: 465/930] 10.0.0.180 () {32 vars in 816 bytes} [Sat Sep 19 11:44:37 2026] GET /resource_providers/cfb24172-0104-45c7-a8f1-aaf04771b894/aggregates => generated 235 bytes in 15 msecs (HTTP/1.1 404) 5 headers in 202 bytes (1 switches on core 0)
2026-09-19 11:44:37.701 8 INFO placement.requestlog [None req-d1ee34a2-bb04-4a3c-bbf1-e557a7d84491 a74be1fa6fb54de7b8c7609d578eabad 0b049d473cbb4af7b6cf7c76a6a9fb2f - - faf173ac3a934822add7439efc9d36dc faf173ac3a934822add7439efc9d36dc] 10.0.0.180 "DELETE /resource_providers/cfb24172-0104-45c7-a8f1-aaf04771b894" status: 404 len: 246 microversion: 1.1 [pid: 8|app: 0|req: 466/931] 10.0.0.180 () {34 vars in 816 bytes} [Sat Sep 19 11:44:37 2026] DELETE /resource_providers/cfb24172-0104-45c7-a8f1-aaf04771b894 => generated 246 bytes in 17 msecs (HTTP/1.1 404) 6 headers in 231 bytes (1 switches on core 0)
2026-09-19 11:44:37.705 7 INFO placement.requestlog [None req-540ebbd0-a40b-4320-beaa-9fd1d86b7a57 a74be1fa6fb54de7b8c7609d578eabad 0b049d473cbb4af7b6cf7c76a6a9fb2f - - faf173ac3a934822add7439efc9d36dc faf173ac3a934822add7439efc9d36dc] 10.0.0.180 "DELETE /resource_providers/cfb24172-0104-45c7-a8f1-aaf04771b894" status: 404 len: 246 microversion: 1.1 [pid: 7|app: 0|req: 466/932] 10.0.0.180 () {34 vars in 816 bytes} [Sat Sep 19 11:44:37 2026] DELETE /resource_providers/cfb24172-0104-45c7-a8f1-aaf04771b894 => generated 246 bytes in 10 msecs (HTTP/1.1 404) 6 headers in 231 bytes (1 switches on core 0)
2026-09-19 11:44:37.755 7 INFO placement.requestlog [None req-3080f744-8585-4705-9b2e-2238687eb7b6 - - - - - -] 10.0.0.247 "GET /" status: 200 len: 136 microversion: 1.0
2026-09-19 11:44:37.755 8 INFO placement.requestlog [None req-90e17972-0f23-4125-af95-5a11dbd12bd7 - - - - - -] 10.0.0.247 "GET /" status: 200 len: 136 microversion: 1.0
2026-09-19 11:44:39.727 8 INFO placement.requestlog [None req-aadf7490-9dc0-4feb-8ff2-f4f71c90c805 a74be1fa6fb54de7b8c7609d578eabad 0b049d473cbb4af7b6cf7c76a6a9fb2f - - faf173ac3a934822add7439efc9d36dc faf173ac3a934822add7439efc9d36dc] 10.0.0.180 "GET /resource_providers/ef001f1a-f50f-4eb4-b41a-101d54f11f50/aggregates" status: 404 len: 235 microversion: 1.1 [pid: 8|app: 0|req: 468/935] 10.0.0.180 () {32 vars in 816 bytes} [Sat Sep 19 11:44:39 2026] GET /resource_providers/ef001f1a-f50f-4eb4-b41a-101d54f11f50/aggregates => generated 235 bytes in 11 msecs (HTTP/1.1 404) 5 headers in 202 bytes (1 switches on core 0)
2026-09-19 11:44:39.728 7 INFO placement.requestlog [None req-31d29cb1-0309-42a7-b1ca-e172eaa81fdc a74be1fa6fb54de7b8c7609d578eabad 0b049d473cbb4af7b6cf7c76a6a9fb2f - - faf173ac3a934822add7439efc9d36dc faf173ac3a934822add7439efc9d36dc] 10.0.0.180 "GET /resource_providers/ef001f1a-f50f-4eb4-b41a-101d54f11f50/aggregates" status: 404 len: 235 microversion: 1.1 [pid: 7|app: 0|req: 468/936] 10.0.0.180 () {32 vars in 816 bytes} [Sat Sep 19 11:44:39 2026] GET /resource_providers/ef001f1a-f50f-4eb4-b41a-101d54f11f50/aggregates => generated 235 bytes in 12 msecs (HTTP/1.1 404) 5 headers in 202 bytes (1 switches on core 0)
2026-09-19 11:44:39.763 8 INFO placement.requestlog [None req-9906fedf-1bd1-431e-a336-47ae9ec2dddc a74be1fa6fb54de7b8c7609d578eabad 0b049d473cbb4af7b6cf7c76a6a9fb2f - - faf173ac3a934822add7439efc9d36dc faf173ac3a934822add7439efc9d36dc] 10.0.0.180 "DELETE /resource_providers/ef001f1a-f50f-4eb4-b41a-101d54f11f50" status: 404 len: 246 microversion: 1.1 [pid: 8|app: 0|req: 469/937] 10.0.0.180 () {34 vars in 816 bytes} [Sat Sep 19 11:44:39 2026] DELETE /resource_providers/ef001f1a-f50f-4eb4-b41a-101d54f11f50 => generated 246 bytes in 14 msecs (HTTP/1.1 404) 6 headers in 231 bytes (1 switches on core 0)
2026-09-19 11:44:39.770 7 INFO placement.requestlog [None req-a4808280-5ded-4518-945f-3cd0a0364f00 a74be1fa6fb54de7b8c7609d578eabad 0b049d473cbb4af7b6cf7c76a6a9fb2f - - faf173ac3a934822add7439efc9d36dc faf173ac3a934822add7439efc9d36dc] 10.0.0.180 "DELETE /resource_providers/ef001f1a-f50f-4eb4-b41a-101d54f11f50" status: 404 len: 246 microversion: 1.1 [pid: 7|app: 0|req: 469/938] 10.0.0.180 () {34 vars in 816 bytes} [Sat Sep 19 11:44:39 2026] DELETE /resource_providers/ef001f1a-f50f-4eb4-b41a-101d54f11f50 => generated 246 bytes in 21 msecs (HTTP/1.1 404) 6 headers in 231 bytes (1 switches on core 0)
2026-09-19 11:44:40.667 8 INFO placement.requestlog [None req-bd0f81b8-596d-4449-b78f-8f6404164f58 a74be1fa6fb54de7b8c7609d578eabad 0b049d473cbb4af7b6cf7c76a6a9fb2f - - faf173ac3a934822add7439efc9d36dc faf173ac3a934822add7439efc9d36dc] 10.0.0.180 "GET /resource_providers/ee56a206-a0fe-4e3c-8a2d-809865d05ed2/aggregates" status: 404 len: 235 microversion: 1.1 [pid: 8|app: 0|req: 470/939] 10.0.0.180 () {32 vars in 816 bytes} [Sat Sep 19 11:44:40 2026] GET /resource_providers/ee56a206-a0fe-4e3c-8a2d-809865d05ed2/aggregates => generated 235 bytes in 11 msecs (HTTP/1.1 404) 5 headers in 202 bytes (1 switches on core 0)
2026-09-19 11:44:40.682 7 INFO placement.requestlog [None req-0486796d-c8b6-4e8b-84d7-5afac41ca737 a74be1fa6fb54de7b8c7609d578eabad 0b049d473cbb4af7b6cf7c76a6a9fb2f - - faf173ac3a934822add7439efc9d36dc faf173ac3a934822add7439efc9d36dc] 10.0.0.180 "GET /resource_providers/ee56a206-a0fe-4e3c-8a2d-809865d05ed2/aggregates" status: 404 len: 235 microversion: 1.1 [pid: 7|app: 0|req: 470/940] 10.0.0.180 () {32 vars in 816 bytes} [Sat Sep 19 11:44:40 2026] GET /resource_providers/ee56a206-a0fe-4e3c-8a2d-809865d05ed2/aggregates => generated 235 bytes in 26 msecs (HTTP/1.1 404) 5 headers in 202 bytes (1 switches on core 0)
2026-09-19 11:44:40.684 8 INFO placement.requestlog [None req-d50bce7d-0e2a-47fc-846c-9f815afde02c a74be1fa6fb54de7b8c7609d578eabad 0b049d473cbb4af7b6cf7c76a6a9fb2f - - faf173ac3a934822add7439efc9d36dc faf173ac3a934822add7439efc9d36dc] 10.0.0.180 "DELETE /resource_providers/ee56a206-a0fe-4e3c-8a2d-809865d05ed2" status: 404 len: 246 microversion: 1.1 [pid: 8|app: 0|req: 471/941] 10.0.0.180 () {34 vars in 816 bytes} [Sat Sep 19 11:44:40 2026] DELETE /resource_providers/ee56a206-a0fe-4e3c-8a2d-809865d05ed2 => generated 246 bytes in 10 msecs (HTTP/1.1 404) 6 headers in 231 bytes (1 switches on core 0)
