2026-05-29 03:21:09.415 8 INFO neutron.plugins.ml2.drivers.ovn.mech_driver.mech_driver [None req-fbbfd0af-7a5f-4da9-b67d-2ad79d1f985b - - - - - -] OVN reports status up for port: cd66c2b8-7ebd-4981-aa34-3643b945de55
2026-05-29 03:21:09.429 7 INFO neutron.db.ovn_revision_numbers_db [None req-44f43745-1843-4357-b5ad-7a3f96b65fb5 94f6cab8e438450696fce6fdd1cc2d63 dac2b2141c4d43a1b7b8bc028c656223 - - default default] Successfully bumped revision number for resource cd66c2b8-7ebd-4981-aa34-3643b945de55 (type: ports) to 2
2026-05-29 03:21:09.447 8 INFO neutron.plugins.ml2.plugin [None req-fbbfd0af-7a5f-4da9-b67d-2ad79d1f985b - - - - - -] Attempt 1 to provision port cd66c2b8-7ebd-4981-aa34-3643b945de55 [pid: 8|app: 0|req: 834/1732] 10.0.0.184 () {32 vars in 724 bytes} [Fri May 29 03:21:08 2026] DELETE /v2.0/routers/3c4cc424-feb0-47a7-8a30-98dab5783523 => generated 0 bytes in 856 msecs (HTTP/1.1 204) 2 headers in 112 bytes (1 switches on core 0) [pid: 8|app: 0|req: 835/1733] 10.0.0.184 () {32 vars in 724 bytes} [Fri May 29 03:21:09 2026] DELETE /v2.0/subnets/750cfddd-6f59-4d4e-ad1d-98813ecacbab => generated 0 bytes in 384 msecs (HTTP/1.1 204) 3 headers in 131 bytes (1 switches on core 0)
2026-05-29 03:21:10.061 8 INFO neutron.db.ovn_revision_numbers_db [None req-fbbfd0af-7a5f-4da9-b67d-2ad79d1f985b - - - - - -] Successfully bumped revision number for resource cd66c2b8-7ebd-4981-aa34-3643b945de55 (type: ports) to 3
2026-05-29 03:21:10.233 8 INFO neutron_taas.services.taas.taas_plugin [None req-731dd637-a848-42ac-9ad0-c12cc6e95ef9 9799a5e6a9794b1296a10076adcb30b5 98e36b55a65f43cfb244c50f7f2cbebd - - default default] TaaS: Handle Delete Port: 99db96d5-ee67-4652-9f39-d052d45a95ca
2026-05-29 03:21:10.237 8 INFO neutron_taas.services.taas.tap_mirror_plugin [None req-731dd637-a848-42ac-9ad0-c12cc6e95ef9 9799a5e6a9794b1296a10076adcb30b5 98e36b55a65f43cfb244c50f7f2cbebd - - default default] Tap Mirror: Handle Delete Port: 99db96d5-ee67-4652-9f39-d052d45a95ca
2026-05-29 03:21:10.429 8 INFO neutron.services.segments.plugin [-] Segment 7fe719b9-4804-40f2-82d1-f49153422a49 resource provider aggregate not found
2026-05-29 03:21:10.438 8 INFO neutron.services.segments.plugin [-] Segment 7fe719b9-4804-40f2-82d1-f49153422a49 resource provider aggregate not found
2026-05-29 03:21:10.460 8 INFO neutron.services.segments.plugin [-] Segment 7fe719b9-4804-40f2-82d1-f49153422a49 resource provider not found; error: Placement Client Error (4xx): {"errors": [{"status": 404, "title": "Not Found", "detail": "The resource could not be found.\n\n No resource provider with uuid 7fe719b9-4804-40f2-82d1-f49153422a49 found for delete ", "request_id": "req-58bf125e-039b-45a6-a380-85b5d7e8ea97"}]}
2026-05-29 03:21:10.463 8 INFO neutron.services.segments.plugin [-] Segment 7fe719b9-4804-40f2-82d1-f49153422a49 resource provider not found; error: Placement Client Error (4xx): {"errors": [{"status": 404, "title": "Not Found", "detail": "The resource could not be found.\n\n No resource provider with uuid 7fe719b9-4804-40f2-82d1-f49153422a49 found for delete ", "request_id": "req-2043cc32-a465-46ee-ae64-f92756c630b8"}]} [pid: 8|app: 0|req: 836/1734] 10.0.0.184 () {32 vars in 726 bytes} [Fri May 29 03:21:10 2026] DELETE /v2.0/networks/f8868830-0fb3-47db-8724-e0b39586657b => generated 0 bytes in 466 msecs (HTTP/1.1 204) 3 headers in 131 bytes (1 switches on core 0) /var/lib/openstack/lib/python3.12/site-packages/pycadf/identifier.py:70: UserWarning: Invalid uuid: neutron. To ensure interoperability, identifiers should be a valid uuid. warnings.warn(('Invalid uuid: %s. To ensure interoperability, ' [pid: 8|app: 0|req: 837/1735] 10.0.0.184 () {32 vars in 774 bytes} [Fri May 29 03:21:10 2026] GET /v2.0/security-groups?tenant_id=3bf32b0e57e447d6b67c693f2f70287e&name=default => generated 2925 bytes in 32 msecs (HTTP/1.1 200) 4 headers in 158 bytes (1 switches on core 0)
2026-05-29 03:21:10.776 7 WARNING neutron.scheduler.dhcp_agent_scheduler [None req-44f43745-1843-4357-b5ad-7a3f96b65fb5 94f6cab8e438450696fce6fdd1cc2d63 dac2b2141c4d43a1b7b8bc028c656223 - - default default] No more DHCP agents
2026-05-29 03:21:10.777 7 WARNING neutron.api.rpc.agentnotifiers.dhcp_rpc_agent_api [None req-44f43745-1843-4357-b5ad-7a3f96b65fb5 94f6cab8e438450696fce6fdd1cc2d63 dac2b2141c4d43a1b7b8bc028c656223 - - default default] Unable to schedule network 2ca9038a-72db-4a5e-8b85-0bda8741fd61: no agents available; will retry on subsequent port and subnet creation events. [pid: 8|app: 0|req: 838/1736] 10.0.0.184 () {32 vars in 740 bytes} [Fri May 29 03:21:10 2026] DELETE /v2.0/security-groups/ebd75401-904d-417a-80fc-589cb5169835 => generated 0 bytes in 267 msecs (HTTP/1.1 204) 2 headers in 112 bytes (1 switches on core 0)
2026-05-29 03:21:10.966 7 INFO neutron.db.ovn_revision_numbers_db [None req-44f43745-1843-4357-b5ad-7a3f96b65fb5 94f6cab8e438450696fce6fdd1cc2d63 dac2b2141c4d43a1b7b8bc028c656223 - - default default] Successfully bumped revision number for resource cd66c2b8-7ebd-4981-aa34-3643b945de55 (type: router_ports) to 3 [pid: 7|app: 0|req: 899/1737] 10.0.0.184 () {34 vars in 783 bytes} [Fri May 29 03:21:08 2026] PUT /v2.0/routers/be3a0de5-14e3-4d23-877c-9575e5446ae5/add_router_interface => generated 309 bytes in 2139 msecs (HTTP/1.1 200) 4 headers in 157 bytes (1 switches on core 0) /var/lib/openstack/lib/python3.12/site-packages/pycadf/identifier.py:70: UserWarning: Invalid uuid: neutron. To ensure interoperability, identifiers should be a valid uuid. warnings.warn(('Invalid uuid: %s. To ensure interoperability, ' [pid: 7|app: 0|req: 900/1738] 10.0.0.184 () {32 vars in 717 bytes} [Fri May 29 03:21:10 2026] GET /v2.0/ports/cd66c2b8-7ebd-4981-aa34-3643b945de55 => generated 1014 bytes in 74 msecs (HTTP/1.1 200) 4 headers in 158 bytes (1 switches on core 0)
2026-05-29 03:21:11.239 8 INFO neutron.db.ovn_revision_numbers_db [None req-633eaafc-8671-4295-81a9-582e80b67a77 9799a5e6a9794b1296a10076adcb30b5 98e36b55a65f43cfb244c50f7f2cbebd - - default default] Successfully bumped revision number for resource db9d2d51-485c-40d4-acd8-dde0e43737c6 (type: security_groups) to 1
2026-05-29 03:21:11.249 8 INFO neutron.db.ovn_revision_numbers_db [None req-633eaafc-8671-4295-81a9-582e80b67a77 9799a5e6a9794b1296a10076adcb30b5 98e36b55a65f43cfb244c50f7f2cbebd - - default default] Successfully bumped revision number for resource af0a229b-4b1e-462f-8c9b-eb3925fdcfde (type: security_group_rules) to 0
2026-05-29 03:21:11.266 8 INFO neutron.db.ovn_revision_numbers_db [None req-633eaafc-8671-4295-81a9-582e80b67a77 9799a5e6a9794b1296a10076adcb30b5 98e36b55a65f43cfb244c50f7f2cbebd - - default default] Successfully bumped revision number for resource c75ac3de-210f-4905-9736-281f2c255708 (type: security_group_rules) to 0
2026-05-29 03:21:11.285 8 INFO neutron.db.ovn_revision_numbers_db [None req-633eaafc-8671-4295-81a9-582e80b67a77 9799a5e6a9794b1296a10076adcb30b5 98e36b55a65f43cfb244c50f7f2cbebd - - default default] Successfully bumped revision number for resource d5a39054-49f1-4dc7-a81d-3b4b587ca18d (type: security_group_rules) to 0
2026-05-29 03:21:11.297 8 INFO neutron.db.ovn_revision_numbers_db [None req-633eaafc-8671-4295-81a9-582e80b67a77 9799a5e6a9794b1296a10076adcb30b5 98e36b55a65f43cfb244c50f7f2cbebd - - default default] Successfully bumped revision number for resource dc5ffce4-6b8b-445f-b4f3-50b70254061e (type: security_group_rules) to 0
2026-05-29 03:21:11.320 7 INFO neutron_taas.services.taas.taas_plugin [None req-52df371b-818d-48db-8f02-382a8ead1d62 94f6cab8e438450696fce6fdd1cc2d63 dac2b2141c4d43a1b7b8bc028c656223 - - default default] TaaS: Handle Delete Port: cd66c2b8-7ebd-4981-aa34-3643b945de55
2026-05-29 03:21:11.324 7 INFO neutron_taas.services.taas.tap_mirror_plugin [None req-52df371b-818d-48db-8f02-382a8ead1d62 94f6cab8e438450696fce6fdd1cc2d63 dac2b2141c4d43a1b7b8bc028c656223 - - default default] Tap Mirror: Handle Delete Port: cd66c2b8-7ebd-4981-aa34-3643b945de55 [pid: 8|app: 0|req: 839/1739] 10.0.0.184 () {32 vars in 774 bytes} [Fri May 29 03:21:10 2026] GET /v2.0/security-groups?tenant_id=07e8ea4035224a9ca44ca4691fc257e4&name=default => generated 2925 bytes in 432 msecs (HTTP/1.1 200) 4 headers in 158 bytes (1 switches on core 0) [pid: 8|app: 0|req: 840/1740] 10.0.0.184 () {32 vars in 740 bytes} [Fri May 29 03:21:11 2026] DELETE /v2.0/security-groups/db9d2d51-485c-40d4-acd8-dde0e43737c6 => generated 0 bytes in 282 msecs (HTTP/1.1 204) 2 headers in 112 bytes (1 switches on core 0) [pid: 7|app: 0|req: 901/1741] 10.0.0.184 () {34 vars in 789 bytes} [Fri May 29 03:21:11 2026] PUT /v2.0/routers/be3a0de5-14e3-4d23-877c-9575e5446ae5/remove_router_interface => generated 309 bytes in 611 msecs (HTTP/1.1 200) 4 headers in 157 bytes (1 switches on core 0) /var/lib/openstack/lib/python3.12/site-packages/pycadf/identifier.py:70: UserWarning: Invalid uuid: neutron. To ensure interoperability, identifiers should be a valid uuid. warnings.warn(('Invalid uuid: %s. To ensure interoperability, '
2026-05-29 03:21:11.765 8 INFO neutron.api.v2.resource [None req-fd2ca33e-1776-4d79-93a1-4616791f5922 94f6cab8e438450696fce6fdd1cc2d63 dac2b2141c4d43a1b7b8bc028c656223 - - default default] remove_router_interface failed (client error): The resource could not be found. [pid: 8|app: 0|req: 841/1742] 10.0.0.184 () {34 vars in 789 bytes} [Fri May 29 03:21:11 2026] PUT /v2.0/routers/be3a0de5-14e3-4d23-877c-9575e5446ae5/remove_router_interface => generated 197 bytes in 97 msecs (HTTP/1.1 404) 4 headers in 164 bytes (1 switches on core 0) [pid: 8|app: 0|req: 842/1743] 10.0.0.184 () {32 vars in 736 bytes} [Fri May 29 03:21:11 2026] GET /v2.0/ports?device_id=be3a0de5-14e3-4d23-877c-9575e5446ae5 => generated 12 bytes in 20 msecs (HTTP/1.1 200) 4 headers in 156 bytes (1 switches on core 0)
2026-05-29 03:21:11.879 7 INFO neutron.db.ovn_revision_numbers_db [None req-b3d4cc4b-27b3-40f1-8e4a-44aae3ad6c28 9799a5e6a9794b1296a10076adcb30b5 98e36b55a65f43cfb244c50f7f2cbebd - - default default] Successfully bumped revision number for resource 6b2b5f51-2add-4b53-990f-86f90555d516 (type: security_groups) to 1
2026-05-29 03:21:11.895 7 INFO neutron.db.ovn_revision_numbers_db [None req-b3d4cc4b-27b3-40f1-8e4a-44aae3ad6c28 9799a5e6a9794b1296a10076adcb30b5 98e36b55a65f43cfb244c50f7f2cbebd - - default default] Successfully bumped revision number for resource 36cb3343-87f7-4501-825b-59e07bb96a02 (type: security_group_rules) to 0
2026-05-29 03:21:11.909 7 INFO neutron.db.ovn_revision_numbers_db [None req-b3d4cc4b-27b3-40f1-8e4a-44aae3ad6c28 9799a5e6a9794b1296a10076adcb30b5 98e36b55a65f43cfb244c50f7f2cbebd - - default default] Successfully bumped revision number for resource 75fd9667-92e4-4d73-882e-f574e4cf3430 (type: security_group_rules) to 0
2026-05-29 03:21:11.924 7 INFO neutron.db.ovn_revision_numbers_db [None req-b3d4cc4b-27b3-40f1-8e4a-44aae3ad6c28 9799a5e6a9794b1296a10076adcb30b5 98e36b55a65f43cfb244c50f7f2cbebd - - default default] Successfully bumped revision number for resource 82a09766-89c7-4d8d-a858-8d9039eccf17 (type: security_group_rules) to 0
2026-05-29 03:21:11.942 7 INFO neutron.db.ovn_revision_numbers_db [None req-b3d4cc4b-27b3-40f1-8e4a-44aae3ad6c28 9799a5e6a9794b1296a10076adcb30b5 98e36b55a65f43cfb244c50f7f2cbebd - - default default] Successfully bumped revision number for resource ce3a4757-75c5-49f0-b20b-4931a5561b52 (type: security_group_rules) to 0 [pid: 7|app: 0|req: 902/1744] 10.0.0.184 () {32 vars in 774 bytes} [Fri May 29 03:21:11 2026] GET /v2.0/security-groups?tenant_id=e08b907244d14fd3b4b024b8e75eec87&name=default => generated 2925 bytes in 265 msecs (HTTP/1.1 200) 4 headers in 158 bytes (1 switches on core 0) [pid: 8|app: 0|req: 843/1745] 10.0.0.184 () {32 vars in 724 bytes} [Fri May 29 03:21:11 2026] DELETE /v2.0/routers/be3a0de5-14e3-4d23-877c-9575e5446ae5 => generated 0 bytes in 227 msecs (HTTP/1.1 204) 2 headers in 112 bytes (1 switches on core 0) [pid: 8|app: 0|req: 844/1746] 10.0.0.184 () {32 vars in 724 bytes} [Fri May 29 03:21:12 2026] DELETE /v2.0/subnets/2c698f95-8668-4691-b104-e23fb7e8c8cb => generated 0 bytes in 164 msecs (HTTP/1.1 204) 3 headers in 131 bytes (1 switches on core 0) [pid: 7|app: 0|req: 903/1747] 10.0.0.184 () {32 vars in 740 bytes} [Fri May 29 03:21:11 2026] DELETE /v2.0/security-groups/6b2b5f51-2add-4b53-990f-86f90555d516 => generated 0 bytes in 225 msecs (HTTP/1.1 204) 2 headers in 112 bytes (1 switches on core 0)
2026-05-29 03:21:12.322 8 INFO neutron_taas.services.taas.taas_plugin [None req-fb68be57-361a-45a0-8b7c-9be3c8161f06 94f6cab8e438450696fce6fdd1cc2d63 dac2b2141c4d43a1b7b8bc028c656223 - - default default] TaaS: Handle Delete Port: 8bca2799-dd04-4edb-a642-f3a9adda1775
2026-05-29 03:21:12.324 8 INFO neutron_taas.services.taas.tap_mirror_plugin [None req-fb68be57-361a-45a0-8b7c-9be3c8161f06 94f6cab8e438450696fce6fdd1cc2d63 dac2b2141c4d43a1b7b8bc028c656223 - - default default] Tap Mirror: Handle Delete Port: 8bca2799-dd04-4edb-a642-f3a9adda1775
2026-05-29 03:21:12.518 8 INFO neutron.services.segments.plugin [-] Segment 07503129-7f88-4dc6-b481-8dd1c3adb8f3 resource provider aggregate not found
2026-05-29 03:21:12.521 8 INFO neutron.services.segments.plugin [-] Segment 07503129-7f88-4dc6-b481-8dd1c3adb8f3 resource provider aggregate not found
2026-05-29 03:21:12.538 8 INFO neutron.services.segments.plugin [-] Segment 07503129-7f88-4dc6-b481-8dd1c3adb8f3 resource provider not found; error: Placement Client Error (4xx): {"errors": [{"status": 404, "title": "Not Found", "detail": "The resource could not be found.\n\n No resource provider with uuid 07503129-7f88-4dc6-b481-8dd1c3adb8f3 found for delete ", "request_id": "req-0d408540-f63e-4b08-837d-33481b679176"}]}
2026-05-29 03:21:12.546 8 INFO neutron.services.segments.plugin [-] Segment 07503129-7f88-4dc6-b481-8dd1c3adb8f3 resource provider not found; error: Placement Client Error (4xx): {"errors": [{"status": 404, "title": "Not Found", "detail": "The resource could not be found.\n\n No resource provider with uuid 07503129-7f88-4dc6-b481-8dd1c3adb8f3 found for delete ", "request_id": "req-fa8f0633-fd8c-46e9-be88-8b24807e9e8c"}]} [pid: 8|app: 0|req: 845/1748] 10.0.0.184 () {32 vars in 726 bytes} [Fri May 29 03:21:12 2026] DELETE /v2.0/networks/2ca9038a-72db-4a5e-8b85-0bda8741fd61 => generated 0 bytes in 390 msecs (HTTP/1.1 204) 3 headers in 131 bytes (1 switches on core 0)
2026-05-29 03:21:12.681 8 INFO neutron.db.segments_db [None req-7b12295c-18a1-40c5-9741-75440a99de64 94f6cab8e438450696fce6fdd1cc2d63 dac2b2141c4d43a1b7b8bc028c656223 - - default default] Added segment d993bd0d-c5c4-4dcc-8b6a-ac85086bba71 of type geneve for network 9aa5fa72-0d79-4e99-895b-61e6434a4822
2026-05-29 03:21:12.797 7 INFO neutron.db.ovn_revision_numbers_db [None req-8d97ab11-7e0b-4c00-90a3-7f7b64aa7daa 504ea02e538a4004891553ed79edd12d b11c78adaaa440089d2e9d850d72149f - - default default] Successfully bumped revision number for resource f45e07ef-59cc-44f4-95a3-83e2838f8039 (type: security_groups) to 1
2026-05-29 03:21:12.813 7 INFO neutron.db.ovn_revision_numbers_db [None req-8d97ab11-7e0b-4c00-90a3-7f7b64aa7daa 504ea02e538a4004891553ed79edd12d b11c78adaaa440089d2e9d850d72149f - - default default] Successfully bumped revision number for resource 01d5ab1b-5eac-4a44-8b4a-42e58e821af4 (type: security_group_rules) to 0
2026-05-29 03:21:12.828 8 INFO neutron.db.ovn_revision_numbers_db [None req-7b12295c-18a1-40c5-9741-75440a99de64 94f6cab8e438450696fce6fdd1cc2d63 dac2b2141c4d43a1b7b8bc028c656223 - - default default] Successfully bumped revision number for resource 9aa5fa72-0d79-4e99-895b-61e6434a4822 (type: networks) to 1
2026-05-29 03:21:12.829 7 INFO neutron.db.ovn_revision_numbers_db [None req-8d97ab11-7e0b-4c00-90a3-7f7b64aa7daa 504ea02e538a4004891553ed79edd12d b11c78adaaa440089d2e9d850d72149f - - default default] Successfully bumped revision number for resource 03b5967d-1e87-4792-a050-4a723f39602a (type: security_group_rules) to 0
2026-05-29 03:21:12.843 7 INFO neutron.db.ovn_revision_numbers_db [None req-8d97ab11-7e0b-4c00-90a3-7f7b64aa7daa 504ea02e538a4004891553ed79edd12d b11c78adaaa440089d2e9d850d72149f - - default default] Successfully bumped revision number for resource 432106e7-3a42-4beb-9141-dfebc236c7da (type: security_group_rules) to 0
2026-05-29 03:21:12.857 7 INFO neutron.db.ovn_revision_numbers_db [None req-8d97ab11-7e0b-4c00-90a3-7f7b64aa7daa 504ea02e538a4004891553ed79edd12d b11c78adaaa440089d2e9d850d72149f - - default default] Successfully bumped revision number for resource 7158fdfd-d2c9-4c79-8f02-868f37913052 (type: security_group_rules) to 0
2026-05-29 03:21:12.927 7 INFO neutron.db.segments_db [None req-8d97ab11-7e0b-4c00-90a3-7f7b64aa7daa 504ea02e538a4004891553ed79edd12d b11c78adaaa440089d2e9d850d72149f - - default default] Added segment a968e3d7-851e-4c65-b25a-bc7196907113 of type geneve for network 4293cd76-5721-4b14-a8ab-47c235a6d5b4
2026-05-29 03:21:13.020 7 INFO neutron.db.ovn_revision_numbers_db [None req-8d97ab11-7e0b-4c00-90a3-7f7b64aa7daa 504ea02e538a4004891553ed79edd12d b11c78adaaa440089d2e9d850d72149f - - default default] Successfully bumped revision number for resource 4293cd76-5721-4b14-a8ab-47c235a6d5b4 (type: networks) to 1
2026-05-29 03:21:13.022 8 WARNING neutron.scheduler.dhcp_agent_scheduler [None req-7b12295c-18a1-40c5-9741-75440a99de64 94f6cab8e438450696fce6fdd1cc2d63 dac2b2141c4d43a1b7b8bc028c656223 - - default default] No more DHCP agents
2026-05-29 03:21:13.023 8 WARNING neutron.api.rpc.agentnotifiers.dhcp_rpc_agent_api [None req-7b12295c-18a1-40c5-9741-75440a99de64 94f6cab8e438450696fce6fdd1cc2d63 dac2b2141c4d43a1b7b8bc028c656223 - - default default] Unable to schedule network 9aa5fa72-0d79-4e99-895b-61e6434a4822: no agents available; will retry on subsequent port and subnet creation events.
2026-05-29 03:21:13.101 7 INFO neutron.plugins.ml2.drivers.ovn.mech_driver.mech_driver [None req-ebf27c06-7345-455f-a893-1b31d55e80d6 - - - - - -] OVN reports status down for port: cdb76402-5024-45c1-8681-1a8580cf04e1
2026-05-29 03:21:13.115 8 INFO neutron.db.ovn_revision_numbers_db [None req-7b12295c-18a1-40c5-9741-75440a99de64 94f6cab8e438450696fce6fdd1cc2d63 dac2b2141c4d43a1b7b8bc028c656223 - - default default] Successfully bumped revision number for resource cdb76402-5024-45c1-8681-1a8580cf04e1 (type: ports) to 1 [pid: 8|app: 0|req: 846/1749] 10.0.0.184 () {34 vars in 670 bytes} [Fri May 29 03:21:12 2026] POST /v2.0/networks => generated 668 bytes in 556 msecs (HTTP/1.1 201) 4 headers in 162 bytes (1 switches on core 0)
2026-05-29 03:21:13.285 7 WARNING neutron.scheduler.dhcp_agent_scheduler [None req-8d97ab11-7e0b-4c00-90a3-7f7b64aa7daa 504ea02e538a4004891553ed79edd12d b11c78adaaa440089d2e9d850d72149f - - default default] No more DHCP agents
2026-05-29 03:21:13.286 7 WARNING neutron.api.rpc.agentnotifiers.dhcp_rpc_agent_api [None req-8d97ab11-7e0b-4c00-90a3-7f7b64aa7daa 504ea02e538a4004891553ed79edd12d b11c78adaaa440089d2e9d850d72149f - - default default] Unable to schedule network 4293cd76-5721-4b14-a8ab-47c235a6d5b4: no agents available; will retry on subsequent port and subnet creation events.
2026-05-29 03:21:13.378 7 INFO neutron.db.ovn_revision_numbers_db [None req-8d97ab11-7e0b-4c00-90a3-7f7b64aa7daa 504ea02e538a4004891553ed79edd12d b11c78adaaa440089d2e9d850d72149f - - default default] Successfully bumped revision number for resource 23d6554a-0fd8-4738-a80b-d68ab60292f3 (type: ports) to 1
2026-05-29 03:21:13.399 8 WARNING neutron.scheduler.dhcp_agent_scheduler [None req-207c5eaa-f529-45fb-bedd-a8c4be9bc2ae 94f6cab8e438450696fce6fdd1cc2d63 dac2b2141c4d43a1b7b8bc028c656223 - - default default] No more DHCP agents
2026-05-29 03:21:13.403 8 WARNING neutron.api.rpc.agentnotifiers.dhcp_rpc_agent_api [None req-207c5eaa-f529-45fb-bedd-a8c4be9bc2ae 94f6cab8e438450696fce6fdd1cc2d63 dac2b2141c4d43a1b7b8bc028c656223 - - default default] Unable to schedule network 9aa5fa72-0d79-4e99-895b-61e6434a4822: no agents available; will retry on subsequent port and subnet creation events. [pid: 7|app: 0|req: 904/1750] 10.0.0.184 () {34 vars in 670 bytes} [Fri May 29 03:21:12 2026] POST /v2.0/networks => generated 664 bytes in 934 msecs (HTTP/1.1 201) 4 headers in 162 bytes (1 switches on core 0)
2026-05-29 03:21:13.612 7 WARNING neutron.scheduler.dhcp_agent_scheduler [None req-3cf4bf20-f6bb-4077-9310-562f48c82b31 504ea02e538a4004891553ed79edd12d b11c78adaaa440089d2e9d850d72149f - - default default] No more DHCP agents
2026-05-29 03:21:13.614 7 WARNING neutron.api.rpc.agentnotifiers.dhcp_rpc_agent_api [None req-3cf4bf20-f6bb-4077-9310-562f48c82b31 504ea02e538a4004891553ed79edd12d b11c78adaaa440089d2e9d850d72149f - - default default] Unable to schedule network 4293cd76-5721-4b14-a8ab-47c235a6d5b4: no agents available; will retry on subsequent port and subnet creation events.
2026-05-29 03:21:13.854 8 INFO neutron.db.ovn_revision_numbers_db [None req-a4a90a5d-9a0b-4a64-ab4c-077ee8d878df - - - - - -] Successfully bumped revision number for resource cdb76402-5024-45c1-8681-1a8580cf04e1 (type: ports) to 2
2026-05-29 03:21:13.890 8 INFO neutron.db.ovn_revision_numbers_db [None req-a4a90a5d-9a0b-4a64-ab4c-077ee8d878df - - - - - -] Successfully bumped revision number for resource be9f223c-57e9-40ce-9b7b-3194a335910e (type: subnets) to 0 [pid: 8|app: 0|req: 847/1751] 10.0.0.184 () {34 vars in 669 bytes} [Fri May 29 03:21:13 2026] POST /v2.0/subnets => generated 626 bytes in 754 msecs (HTTP/1.1 201) 4 headers in 162 bytes (1 switches on core 0)
2026-05-29 03:21:14.044 8 INFO neutron.db.ovn_revision_numbers_db [None req-bcd5d932-a12e-4594-bfa9-1ce3971fbc14 94f6cab8e438450696fce6fdd1cc2d63 dac2b2141c4d43a1b7b8bc028c656223 - - default default] Successfully bumped revision number for resource 9ae86504-6aeb-4560-a57a-5b626491c8e0 (type: routers) to 1 [pid: 8|app: 0|req: 848/1752] 10.0.0.184 () {34 vars in 669 bytes} [Fri May 29 03:21:13 2026] POST /v2.0/routers => generated 602 bytes in 148 msecs (HTTP/1.1 201) 4 headers in 162 bytes (1 switches on core 0)
2026-05-29 03:21:14.168 7 INFO neutron.db.ovn_revision_numbers_db [None req-8de9dd95-73a5-4f45-b0b4-b71a9c2c1085 - - - - - -] Successfully bumped revision number for resource 23d6554a-0fd8-4738-a80b-d68ab60292f3 (type: ports) to 2
2026-05-29 03:21:14.196 7 INFO neutron.db.ovn_revision_numbers_db [None req-8de9dd95-73a5-4f45-b0b4-b71a9c2c1085 - - - - - -] Successfully bumped revision number for resource 4fe3f0ff-5f39-4e48-abdd-aaf5b9a23297 (type: subnets) to 0 [pid: 7|app: 0|req: 905/1753] 10.0.0.184 () {34 vars in 669 bytes} [Fri May 29 03:21:13 2026] POST /v2.0/subnets => generated 626 bytes in 799 msecs (HTTP/1.1 201) 4 headers in 162 bytes (1 switches on core 0)
2026-05-29 03:21:14.478 8 WARNING neutron.scheduler.dhcp_agent_scheduler [None req-8c41f1b6-0079-4b44-9310-a11a7c9a4138 94f6cab8e438450696fce6fdd1cc2d63 dac2b2141c4d43a1b7b8bc028c656223 - - default default] No more DHCP agents
2026-05-29 03:21:14.480 8 WARNING neutron.api.rpc.agentnotifiers.dhcp_rpc_agent_api [None req-8c41f1b6-0079-4b44-9310-a11a7c9a4138 94f6cab8e438450696fce6fdd1cc2d63 dac2b2141c4d43a1b7b8bc028c656223 - - default default] Unable to schedule network 9aa5fa72-0d79-4e99-895b-61e6434a4822: no agents available; will retry on subsequent port and subnet creation events.
2026-05-29 03:21:14.599 7 WARNING neutron.scheduler.dhcp_agent_scheduler [None req-6ea618ec-b41f-4739-8013-2b106e81b8a7 504ea02e538a4004891553ed79edd12d b11c78adaaa440089d2e9d850d72149f - - default default] No more DHCP agents
2026-05-29 03:21:14.601 7 WARNING neutron.api.rpc.agentnotifiers.dhcp_rpc_agent_api [None req-6ea618ec-b41f-4739-8013-2b106e81b8a7 504ea02e538a4004891553ed79edd12d b11c78adaaa440089d2e9d850d72149f - - default default] Unable to schedule network b41c4d3d-2f2b-45a3-b28a-9a00a1fa5ff3: no agents available; will retry on subsequent port and subnet creation events.
2026-05-29 03:21:14.641 8 INFO neutron.db.ovn_revision_numbers_db [None req-8c41f1b6-0079-4b44-9310-a11a7c9a4138 94f6cab8e438450696fce6fdd1cc2d63 dac2b2141c4d43a1b7b8bc028c656223 - - default default] Successfully bumped revision number for resource f39d899a-f227-4a93-a82d-498cbfe56fd6 (type: ports) to 1
2026-05-29 03:21:14.712 7 INFO neutron.plugins.ml2.drivers.ovn.mech_driver.mech_driver [None req-ebf27c06-7345-455f-a893-1b31d55e80d6 - - - - - -] OVN reports status down for port: 044d38ee-a5e0-40e9-baf2-cb1b25fe98f3
2026-05-29 03:21:14.757 8 WARNING neutron.plugins.ml2.drivers.ovn.mech_driver.ovsdb.ovn_client [None req-ff36f0ad-c480-40e2-8e7d-a57a89bee06c - - - - - -] No port found with ID cd66c2b8-7ebd-4981-aa34-3643b945de55: RuntimeError: No port found with ID cd66c2b8-7ebd-4981-aa34-3643b945de55
2026-05-29 03:21:14.771 8 INFO neutron.plugins.ml2.drivers.ovn.mech_driver.mech_driver [None req-ff36f0ad-c480-40e2-8e7d-a57a89bee06c - - - - - -] OVN reports status down for port: 23d6554a-0fd8-4738-a80b-d68ab60292f3
2026-05-29 03:21:14.779 7 INFO neutron.db.ovn_revision_numbers_db [None req-6ea618ec-b41f-4739-8013-2b106e81b8a7 504ea02e538a4004891553ed79edd12d b11c78adaaa440089d2e9d850d72149f - - default default] Successfully bumped revision number for resource 044d38ee-a5e0-40e9-baf2-cb1b25fe98f3 (type: ports) to 1
2026-05-29 03:21:14.907 8 INFO neutron.plugins.ml2.drivers.ovn.mech_driver.mech_driver [None req-ff36f0ad-c480-40e2-8e7d-a57a89bee06c - - - - - -] OVN reports status down for port: f39d899a-f227-4a93-a82d-498cbfe56fd6
2026-05-29 03:21:15.358 8 INFO neutron.plugins.ml2.drivers.ovn.mech_driver.mech_driver [None req-ff36f0ad-c480-40e2-8e7d-a57a89bee06c - - - - - -] OVN reports status up for port: f39d899a-f227-4a93-a82d-498cbfe56fd6
2026-05-29 03:21:15.385 8 INFO neutron.plugins.ml2.plugin [None req-ff36f0ad-c480-40e2-8e7d-a57a89bee06c - - - - - -] Attempt 1 to provision port f39d899a-f227-4a93-a82d-498cbfe56fd6
2026-05-29 03:21:15.501 8 WARNING neutron.scheduler.dhcp_agent_scheduler [None req-8c41f1b6-0079-4b44-9310-a11a7c9a4138 94f6cab8e438450696fce6fdd1cc2d63 dac2b2141c4d43a1b7b8bc028c656223 - - default default] No more DHCP agents
2026-05-29 03:21:15.505 8 WARNING neutron.api.rpc.agentnotifiers.dhcp_rpc_agent_api [None req-8c41f1b6-0079-4b44-9310-a11a7c9a4138 94f6cab8e438450696fce6fdd1cc2d63 dac2b2141c4d43a1b7b8bc028c656223 - - default default] Unable to schedule network 9aa5fa72-0d79-4e99-895b-61e6434a4822: no agents available; will retry on subsequent port and subnet creation events.
2026-05-29 03:21:15.513 7 INFO neutron.plugins.ml2.drivers.ovn.mech_driver.ovsdb.commands [None req-05926ac7-71d8-4ecc-9646-90c022349e34 - - - - - -] Schedule LRP lrp-044d38ee-a5e0-40e9-baf2-cb1b25fe98f3 on gateway 3e780ada-26c8-457e-b648-733ebb24d612 with priority 1
2026-05-29 03:21:15.552 7 INFO neutron.plugins.ml2.drivers.ovn.mech_driver.mech_driver [None req-ebf27c06-7345-455f-a893-1b31d55e80d6 - - - - - -] OVN reports status up for port: 044d38ee-a5e0-40e9-baf2-cb1b25fe98f3
2026-05-29 03:21:15.580 7 INFO neutron.plugins.ml2.plugin [None req-ebf27c06-7345-455f-a893-1b31d55e80d6 - - - - - -] Attempt 1 to provision port 044d38ee-a5e0-40e9-baf2-cb1b25fe98f3
2026-05-29 03:21:15.609 7 INFO neutron.db.ovn_revision_numbers_db [None req-6ea618ec-b41f-4739-8013-2b106e81b8a7 504ea02e538a4004891553ed79edd12d b11c78adaaa440089d2e9d850d72149f - - default default] Successfully bumped revision number for resource 044d38ee-a5e0-40e9-baf2-cb1b25fe98f3 (type: router_ports) to 1
2026-05-29 03:21:15.718 7 INFO neutron.db.ovn_revision_numbers_db [None req-6ea618ec-b41f-4739-8013-2b106e81b8a7 504ea02e538a4004891553ed79edd12d b11c78adaaa440089d2e9d850d72149f - - default default] Successfully bumped revision number for resource 49a534a7-8a9b-4a38-8425-b73c78aa9b7c (type: routers) to 2 [pid: 7|app: 0|req: 906/1754] 10.0.0.184 () {34 vars in 669 bytes} [Fri May 29 03:21:14 2026] POST /v2.0/routers => generated 936 bytes in 1523 msecs (HTTP/1.1 201) 4 headers in 162 bytes (1 switches on core 0)
2026-05-29 03:21:15.934 8 INFO neutron.db.ovn_revision_numbers_db [None req-8c41f1b6-0079-4b44-9310-a11a7c9a4138 94f6cab8e438450696fce6fdd1cc2d63 dac2b2141c4d43a1b7b8bc028c656223 - - default default] Successfully bumped revision number for resource f39d899a-f227-4a93-a82d-498cbfe56fd6 (type: router_ports) to 1 [pid: 8|app: 0|req: 849/1755] 10.0.0.184 () {34 vars in 783 bytes} [Fri May 29 03:21:14 2026] PUT /v2.0/routers/9ae86504-6aeb-4560-a57a-5b626491c8e0/add_router_interface => generated 309 bytes in 1877 msecs (HTTP/1.1 200) 4 headers in 157 bytes (1 switches on core 0)
2026-05-29 03:21:16.066 8 INFO neutron.db.ovn_revision_numbers_db [None req-ff36f0ad-c480-40e2-8e7d-a57a89bee06c - - - - - -] Successfully bumped revision number for resource f39d899a-f227-4a93-a82d-498cbfe56fd6 (type: ports) to 2
2026-05-29 03:21:16.291 8 INFO neutron.db.ovn_revision_numbers_db [None req-500b5fa9-4702-47f4-b7e6-bf2f2273b5a8 9799a5e6a9794b1296a10076adcb30b5 98e36b55a65f43cfb244c50f7f2cbebd - - default default] Successfully bumped revision number for resource b5aa94fb-27a4-46e3-a9e4-44467259dd7a (type: security_groups) to 1
2026-05-29 03:21:16.303 8 INFO neutron.db.ovn_revision_numbers_db [None req-500b5fa9-4702-47f4-b7e6-bf2f2273b5a8 9799a5e6a9794b1296a10076adcb30b5 98e36b55a65f43cfb244c50f7f2cbebd - - default default] Successfully bumped revision number for resource 29cc23ba-a502-436f-b12e-78a18b71d935 (type: security_group_rules) to 0
2026-05-29 03:21:16.321 8 INFO neutron.db.ovn_revision_numbers_db [None req-500b5fa9-4702-47f4-b7e6-bf2f2273b5a8 9799a5e6a9794b1296a10076adcb30b5 98e36b55a65f43cfb244c50f7f2cbebd - - default default] Successfully bumped revision number for resource 44a92cf9-74a8-4115-9ef4-502b65d9201f (type: security_group_rules) to 0
2026-05-29 03:21:16.335 8 INFO neutron.db.ovn_revision_numbers_db [None req-500b5fa9-4702-47f4-b7e6-bf2f2273b5a8 9799a5e6a9794b1296a10076adcb30b5 98e36b55a65f43cfb244c50f7f2cbebd - - default default] Successfully bumped revision number for resource 9a1aa76b-444d-4117-a7c1-909e526deae9 (type: security_group_rules) to 0
2026-05-29 03:21:16.347 8 INFO neutron.db.ovn_revision_numbers_db [None req-500b5fa9-4702-47f4-b7e6-bf2f2273b5a8 9799a5e6a9794b1296a10076adcb30b5 98e36b55a65f43cfb244c50f7f2cbebd - - default default] Successfully bumped revision number for resource f7203c83-0ab7-4c7f-9478-92561d6e2291 (type: security_group_rules) to 0 [pid: 8|app: 0|req: 850/1756] 10.0.0.184 () {32 vars in 774 bytes} [Fri May 29 03:21:15 2026] GET /v2.0/security-groups?tenant_id=b5e2dec99e6c47d0846d1b87a1d34c7f&name=default => generated 2925 bytes in 440 msecs (HTTP/1.1 200) 4 headers in 158 bytes (1 switches on core 0)
2026-05-29 03:21:16.403 7 WARNING neutron.scheduler.dhcp_agent_scheduler [None req-2cde8813-2a17-48a8-b21c-1d9e92bf2e25 504ea02e538a4004891553ed79edd12d b11c78adaaa440089d2e9d850d72149f - - default default] No more DHCP agents
2026-05-29 03:21:16.404 7 WARNING neutron.api.rpc.agentnotifiers.dhcp_rpc_agent_api [None req-2cde8813-2a17-48a8-b21c-1d9e92bf2e25 504ea02e538a4004891553ed79edd12d b11c78adaaa440089d2e9d850d72149f - - default default] Unable to schedule network 4293cd76-5721-4b14-a8ab-47c235a6d5b4: no agents available; will retry on subsequent port and subnet creation events. [pid: 8|app: 0|req: 851/1757] 10.0.0.184 () {32 vars in 717 bytes} [Fri May 29 03:21:16 2026] GET /v2.0/ports/f39d899a-f227-4a93-a82d-498cbfe56fd6 => generated 943 bytes in 38 msecs (HTTP/1.1 200) 4 headers in 157 bytes (1 switches on core 0)
2026-05-29 03:21:16.555 7 INFO neutron.db.ovn_revision_numbers_db [None req-2cde8813-2a17-48a8-b21c-1d9e92bf2e25 504ea02e538a4004891553ed79edd12d b11c78adaaa440089d2e9d850d72149f - - default default] Successfully bumped revision number for resource af6638d5-f64b-4fa6-ac81-8f38c46c743b (type: ports) to 1
2026-05-29 03:21:16.620 8 INFO neutron.db.ovn_revision_numbers_db [None req-08de5469-953f-4e32-bacd-4acd6431218b 9799a5e6a9794b1296a10076adcb30b5 98e36b55a65f43cfb244c50f7f2cbebd - - default default] Successfully bumped revision number for resource 5fdeb3f6-1c42-4ef7-94fb-f8a9e852d75e (type: security_groups) to 1
2026-05-29 03:21:16.632 8 INFO neutron.db.ovn_revision_numbers_db [None req-08de5469-953f-4e32-bacd-4acd6431218b 9799a5e6a9794b1296a10076adcb30b5 98e36b55a65f43cfb244c50f7f2cbebd - - default default] Successfully bumped revision number for resource 3872af0a-b6cf-4823-a4b8-5139656461f2 (type: security_group_rules) to 0
2026-05-29 03:21:16.644 8 INFO neutron.db.ovn_revision_numbers_db [None req-08de5469-953f-4e32-bacd-4acd6431218b 9799a5e6a9794b1296a10076adcb30b5 98e36b55a65f43cfb244c50f7f2cbebd - - default default] Successfully bumped revision number for resource 423f0452-a3eb-460a-a791-16d4773d0e99 (type: security_group_rules) to 0
2026-05-29 03:21:16.655 8 INFO neutron.db.ovn_revision_numbers_db [None req-08de5469-953f-4e32-bacd-4acd6431218b 9799a5e6a9794b1296a10076adcb30b5 98e36b55a65f43cfb244c50f7f2cbebd - - default default] Successfully bumped revision number for resource 5e30bf7c-12a4-4232-902b-7f8f620f6223 (type: security_group_rules) to 0
2026-05-29 03:21:16.664 8 INFO neutron.db.ovn_revision_numbers_db [None req-08de5469-953f-4e32-bacd-4acd6431218b 9799a5e6a9794b1296a10076adcb30b5 98e36b55a65f43cfb244c50f7f2cbebd - - default default] Successfully bumped revision number for resource dd88f4c1-59e1-46c9-8289-31426f271f92 (type: security_group_rules) to 0 [pid: 8|app: 0|req: 852/1758] 10.0.0.184 () {32 vars in 774 bytes} [Fri May 29 03:21:16 2026] GET /v2.0/security-groups?tenant_id=af61f4ba9f314e2785642e6f81f1b9ef&name=default => generated 2925 bytes in 277 msecs (HTTP/1.1 200) 4 headers in 158 bytes (1 switches on core 0) [pid: 8|app: 0|req: 853/1759] 10.0.0.184 () {32 vars in 740 bytes} [Fri May 29 03:21:16 2026] DELETE /v2.0/security-groups/b5aa94fb-27a4-46e3-a9e4-44467259dd7a => generated 0 bytes in 211 msecs (HTTP/1.1 204) 2 headers in 112 bytes (1 switches on core 0) [pid: 8|app: 0|req: 854/1760] 10.0.0.184 () {32 vars in 717 bytes} [Fri May 29 03:21:16 2026] GET /v2.0/ports/f39d899a-f227-4a93-a82d-498cbfe56fd6 => generated 943 bytes in 38 msecs (HTTP/1.1 200) 4 headers in 157 bytes (1 switches on core 0) [pid: 8|app: 0|req: 855/1761] 10.0.0.184 () {32 vars in 740 bytes} [Fri May 29 03:21:16 2026] DELETE /v2.0/security-groups/5fdeb3f6-1c42-4ef7-94fb-f8a9e852d75e => generated 0 bytes in 270 msecs (HTTP/1.1 204) 2 headers in 112 bytes (1 switches on core 0)
2026-05-29 03:21:17.380 7 WARNING neutron.scheduler.dhcp_agent_scheduler [None req-2cde8813-2a17-48a8-b21c-1d9e92bf2e25 504ea02e538a4004891553ed79edd12d b11c78adaaa440089d2e9d850d72149f - - default default] No more DHCP agents
2026-05-29 03:21:17.381 7 WARNING neutron.api.rpc.agentnotifiers.dhcp_rpc_agent_api [None req-2cde8813-2a17-48a8-b21c-1d9e92bf2e25 504ea02e538a4004891553ed79edd12d b11c78adaaa440089d2e9d850d72149f - - default default] Unable to schedule network 4293cd76-5721-4b14-a8ab-47c235a6d5b4: no agents available; will retry on subsequent port and subnet creation events.
2026-05-29 03:21:17.510 8 INFO neutron_taas.services.taas.taas_plugin [None req-cb343fb8-e2bf-4151-a79a-2542f69bea6c 94f6cab8e438450696fce6fdd1cc2d63 dac2b2141c4d43a1b7b8bc028c656223 - - default default] TaaS: Handle Delete Port: f39d899a-f227-4a93-a82d-498cbfe56fd6
2026-05-29 03:21:17.514 8 INFO neutron_taas.services.taas.tap_mirror_plugin [None req-cb343fb8-e2bf-4151-a79a-2542f69bea6c 94f6cab8e438450696fce6fdd1cc2d63 dac2b2141c4d43a1b7b8bc028c656223 - - default default] Tap Mirror: Handle Delete Port: f39d899a-f227-4a93-a82d-498cbfe56fd6
2026-05-29 03:21:17.794 7 INFO neutron.db.ovn_revision_numbers_db [None req-2cde8813-2a17-48a8-b21c-1d9e92bf2e25 504ea02e538a4004891553ed79edd12d b11c78adaaa440089d2e9d850d72149f - - default default] Successfully bumped revision number for resource af6638d5-f64b-4fa6-ac81-8f38c46c743b (type: router_ports) to 1 [pid: 7|app: 0|req: 907/1762] 10.0.0.184 () {34 vars in 783 bytes} [Fri May 29 03:21:15 2026] PUT /v2.0/routers/49a534a7-8a9b-4a38-8425-b73c78aa9b7c/add_router_interface => generated 309 bytes in 2053 msecs (HTTP/1.1 200) 4 headers in 157 bytes (1 switches on core 0) [pid: 8|app: 0|req: 856/1763] 10.0.0.184 () {34 vars in 789 bytes} [Fri May 29 03:21:17 2026] PUT /v2.0/routers/9ae86504-6aeb-4560-a57a-5b626491c8e0/remove_router_interface => generated 309 bytes in 633 msecs (HTTP/1.1 200) 4 headers in 157 bytes (1 switches on core 0) /var/lib/openstack/lib/python3.12/site-packages/pycadf/identifier.py:70: UserWarning: Invalid uuid: neutron. To ensure interoperability, identifiers should be a valid uuid. warnings.warn(('Invalid uuid: %s. To ensure interoperability, '
2026-05-29 03:21:17.952 7 INFO neutron.db.ovn_revision_numbers_db [None req-5403f226-8f31-46d1-85d4-1c6bf7c7c53c 9799a5e6a9794b1296a10076adcb30b5 98e36b55a65f43cfb244c50f7f2cbebd - - default default] Successfully bumped revision number for resource 99fbdd16-d663-41f6-b1aa-d35f8d2a9a3c (type: security_groups) to 1
2026-05-29 03:21:17.971 7 INFO neutron.db.ovn_revision_numbers_db [None req-5403f226-8f31-46d1-85d4-1c6bf7c7c53c 9799a5e6a9794b1296a10076adcb30b5 98e36b55a65f43cfb244c50f7f2cbebd - - default default] Successfully bumped revision number for resource 284b650b-396e-4081-9958-25e9a5b5ab7c (type: security_group_rules) to 0
2026-05-29 03:21:17.993 7 INFO neutron.db.ovn_revision_numbers_db [None req-5403f226-8f31-46d1-85d4-1c6bf7c7c53c 9799a5e6a9794b1296a10076adcb30b5 98e36b55a65f43cfb244c50f7f2cbebd - - default default] Successfully bumped revision number for resource 660b34f8-da47-4b7a-9f4e-a12d072ccc4d (type: security_group_rules) to 0
2026-05-29 03:21:17.998 8 INFO neutron.db.ovn_revision_numbers_db [None req-d4e860f7-0e23-4b9f-87ab-4e09273cfa17 9799a5e6a9794b1296a10076adcb30b5 98e36b55a65f43cfb244c50f7f2cbebd - - default default] Successfully bumped revision number for resource 681787d1-0840-4fe6-9c45-72127aafee38 (type: security_groups) to 1
2026-05-29 03:21:18.006 7 INFO neutron.db.ovn_revision_numbers_db [None req-5403f226-8f31-46d1-85d4-1c6bf7c7c53c 9799a5e6a9794b1296a10076adcb30b5 98e36b55a65f43cfb244c50f7f2cbebd - - default default] Successfully bumped revision number for resource 7991d81d-6c27-4043-aef0-371e6258cd39 (type: security_group_rules) to 0
2026-05-29 03:21:18.010 8 INFO neutron.db.ovn_revision_numbers_db [None req-d4e860f7-0e23-4b9f-87ab-4e09273cfa17 9799a5e6a9794b1296a10076adcb30b5 98e36b55a65f43cfb244c50f7f2cbebd - - default default] Successfully bumped revision number for resource 30ea5913-f0b1-4a88-a3d1-21bb3ea60634 (type: security_group_rules) to 0
2026-05-29 03:21:18.019 7 INFO neutron.db.ovn_revision_numbers_db [None req-5403f226-8f31-46d1-85d4-1c6bf7c7c53c 9799a5e6a9794b1296a10076adcb30b5 98e36b55a65f43cfb244c50f7f2cbebd - - default default] Successfully bumped revision number for resource e19cb1a9-7a42-45f0-9abd-dd11e67d92c5 (type: security_group_rules) to 0
2026-05-29 03:21:18.022 8 INFO neutron.db.ovn_revision_numbers_db [None req-d4e860f7-0e23-4b9f-87ab-4e09273cfa17 9799a5e6a9794b1296a10076adcb30b5 98e36b55a65f43cfb244c50f7f2cbebd - - default default] Successfully bumped revision number for resource 642b47ec-d5f5-4f29-8563-b2baed67fea3 (type: security_group_rules) to 0
2026-05-29 03:21:18.033 8 INFO neutron.db.ovn_revision_numbers_db [None req-d4e860f7-0e23-4b9f-87ab-4e09273cfa17 9799a5e6a9794b1296a10076adcb30b5 98e36b55a65f43cfb244c50f7f2cbebd - - default default] Successfully bumped revision number for resource 92c31ce5-d797-4c75-96ff-25a3622065a8 (type: security_group_rules) to 0
2026-05-29 03:21:18.047 8 INFO neutron.db.ovn_revision_numbers_db [None req-d4e860f7-0e23-4b9f-87ab-4e09273cfa17 9799a5e6a9794b1296a10076adcb30b5 98e36b55a65f43cfb244c50f7f2cbebd - - default default] Successfully bumped revision number for resource 9ed952eb-4dc1-4b14-ab40-df56edf025ee (type: security_group_rules) to 0 [pid: 7|app: 0|req: 908/1764] 10.0.0.184 () {32 vars in 774 bytes} [Fri May 29 03:21:17 2026] GET /v2.0/security-groups?tenant_id=cdf52060f9724fddb8bb856b42e69554&name=default => generated 2925 bytes in 258 msecs (HTTP/1.1 200) 4 headers in 158 bytes (1 switches on core 0) [pid: 8|app: 0|req: 857/1765] 10.0.0.184 () {32 vars in 774 bytes} [Fri May 29 03:21:17 2026] GET /v2.0/security-groups?tenant_id=74493467a22648a89463a61c3a412317&name=default => generated 2925 bytes in 231 msecs (HTTP/1.1 200) 4 headers in 158 bytes (1 switches on core 0) [pid: 8|app: 0|req: 858/1766] 10.0.0.184 () {32 vars in 736 bytes} [Fri May 29 03:21:18 2026] GET /v2.0/ports?device_id=9ae86504-6aeb-4560-a57a-5b626491c8e0 => generated 12 bytes in 21 msecs (HTTP/1.1 200) 4 headers in 156 bytes (1 switches on core 0) [pid: 8|app: 0|req: 859/1767] 10.0.0.184 () {32 vars in 740 bytes} [Fri May 29 03:21:18 2026] DELETE /v2.0/security-groups/99fbdd16-d663-41f6-b1aa-d35f8d2a9a3c => generated 0 bytes in 217 msecs (HTTP/1.1 204) 2 headers in 112 bytes (1 switches on core 0) [pid: 8|app: 0|req: 860/1768] 10.0.0.184 () {32 vars in 740 bytes} [Fri May 29 03:21:18 2026] DELETE /v2.0/security-groups/681787d1-0840-4fe6-9c45-72127aafee38 => generated 0 bytes in 276 msecs (HTTP/1.1 204) 2 headers in 112 bytes (1 switches on core 0)
2026-05-29 03:21:18.782 7 WARNING neutron.scheduler.dhcp_agent_scheduler [None req-ea83c208-15d7-42e1-bdc6-ea282bc2a082 - - - - - -] No more DHCP agents
2026-05-29 03:21:18.789 7 WARNING neutron.api.rpc.agentnotifiers.dhcp_rpc_agent_api [None req-ea83c208-15d7-42e1-bdc6-ea282bc2a082 - - - - - -] Unable to schedule network b41c4d3d-2f2b-45a3-b28a-9a00a1fa5ff3: no agents available; will retry on subsequent port and subnet creation events. [pid: 8|app: 0|req: 861/1769] 10.0.0.184 () {32 vars in 724 bytes} [Fri May 29 03:21:18 2026] DELETE /v2.0/routers/9ae86504-6aeb-4560-a57a-5b626491c8e0 => generated 0 bytes in 200 msecs (HTTP/1.1 204) 2 headers in 112 bytes (1 switches on core 0)
2026-05-29 03:21:18.947 7 INFO neutron.db.ovn_revision_numbers_db [None req-ea83c208-15d7-42e1-bdc6-ea282bc2a082 - - - - - -] Successfully bumped revision number for resource 4f201a94-d0ea-4c9b-a1f8-350bc159c5db (type: ports) to 1 [pid: 8|app: 0|req: 864/1772] 10.0.0.184 () {32 vars in 724 bytes} [Fri May 29 03:21:18 2026] DELETE /v2.0/subnets/be9f223c-57e9-40ce-9b7b-3194a335910e => generated 0 bytes in 244 msecs (HTTP/1.1 204) 3 headers in 131 bytes (1 switches on core 0)
2026-05-29 03:21:19.197 7 INFO neutron.db.ovn_revision_numbers_db [None req-ea83c208-15d7-42e1-bdc6-ea282bc2a082 - - - - - -] Successfully bumped revision number for resource 4f201a94-d0ea-4c9b-a1f8-350bc159c5db (type: ports) to 3
2026-05-29 03:21:19.234 8 INFO neutron_taas.services.taas.taas_plugin [None req-9c9efdb7-ee4f-4f12-a29e-e7fe3fc5e389 94f6cab8e438450696fce6fdd1cc2d63 dac2b2141c4d43a1b7b8bc028c656223 - - default default] TaaS: Handle Delete Port: cdb76402-5024-45c1-8681-1a8580cf04e1
2026-05-29 03:21:19.237 8 INFO neutron_taas.services.taas.tap_mirror_plugin [None req-9c9efdb7-ee4f-4f12-a29e-e7fe3fc5e389 94f6cab8e438450696fce6fdd1cc2d63 dac2b2141c4d43a1b7b8bc028c656223 - - default default] Tap Mirror: Handle Delete Port: cdb76402-5024-45c1-8681-1a8580cf04e1
2026-05-29 03:21:19.272 7 INFO neutron.db.segments_db [None req-ea83c208-15d7-42e1-bdc6-ea282bc2a082 - - - - - -] Added segment cace08cd-3ac6-425e-9a9e-55d83586b809 of type geneve for network 1166be80-1500-4427-ac90-93e79ed9afd0
2026-05-29 03:21:19.378 7 INFO neutron.db.ovn_revision_numbers_db [None req-d803af8f-9755-4e4b-a018-e4a4d57e74a4 - - - - - -] Successfully bumped revision number for resource 1166be80-1500-4427-ac90-93e79ed9afd0 (type: networks) to 1
2026-05-29 03:21:19.478 8 INFO neutron.services.segments.plugin [-] Segment d993bd0d-c5c4-4dcc-8b6a-ac85086bba71 resource provider aggregate not found
2026-05-29 03:21:19.483 8 INFO neutron.services.segments.plugin [-] Segment d993bd0d-c5c4-4dcc-8b6a-ac85086bba71 resource provider aggregate not found
2026-05-29 03:21:19.494 8 INFO neutron.services.segments.plugin [-] Segment d993bd0d-c5c4-4dcc-8b6a-ac85086bba71 resource provider not found; error: Placement Client Error (4xx): {"errors": [{"status": 404, "title": "Not Found", "detail": "The resource could not be found.\n\n No resource provider with uuid d993bd0d-c5c4-4dcc-8b6a-ac85086bba71 found for delete ", "request_id": "req-ff1a7734-7a9d-4843-a077-7bec40750c03"}]}
2026-05-29 03:21:19.500 8 INFO neutron.services.segments.plugin [-] Segment d993bd0d-c5c4-4dcc-8b6a-ac85086bba71 resource provider not found; error: Placement Client Error (4xx): {"errors": [{"status": 404, "title": "Not Found", "detail": "The resource could not be found.\n\n No resource provider with uuid d993bd0d-c5c4-4dcc-8b6a-ac85086bba71 found for delete ", "request_id": "req-1ad34bc7-7fd1-413a-bd42-5b009ea312f2"}]} [pid: 8|app: 0|req: 865/1773] 10.0.0.184 () {32 vars in 726 bytes} [Fri May 29 03:21:19 2026] DELETE /v2.0/networks/9aa5fa72-0d79-4e99-895b-61e6434a4822 => generated 0 bytes in 465 msecs (HTTP/1.1 204) 3 headers in 131 bytes (1 switches on core 0)
2026-05-29 03:21:19.553 7 WARNING neutron.scheduler.dhcp_agent_scheduler [None req-d803af8f-9755-4e4b-a018-e4a4d57e74a4 - - - - - -] No more DHCP agents
2026-05-29 03:21:19.556 7 WARNING neutron.api.rpc.agentnotifiers.dhcp_rpc_agent_api [None req-d803af8f-9755-4e4b-a018-e4a4d57e74a4 - - - - - -] Unable to schedule network 1166be80-1500-4427-ac90-93e79ed9afd0: no agents available; will retry on subsequent port and subnet creation events.
2026-05-29 03:21:19.649 7 INFO neutron.db.ovn_revision_numbers_db [None req-d803af8f-9755-4e4b-a018-e4a4d57e74a4 - - - - - -] Successfully bumped revision number for resource f89e6ecf-ac1e-4ca6-8a5b-a07a4140f757 (type: ports) to 1
2026-05-29 03:21:19.794 7 WARNING neutron.scheduler.dhcp_agent_scheduler [None req-d803af8f-9755-4e4b-a018-e4a4d57e74a4 - - - - - -] No more DHCP agents
2026-05-29 03:21:19.796 7 WARNING neutron.api.rpc.agentnotifiers.dhcp_rpc_agent_api [None req-d803af8f-9755-4e4b-a018-e4a4d57e74a4 - - - - - -] Unable to schedule network 1166be80-1500-4427-ac90-93e79ed9afd0: no agents available; will retry on subsequent port and subnet creation events.
2026-05-29 03:21:19.820 7 INFO neutron.db.ovn_revision_numbers_db [None req-d803af8f-9755-4e4b-a018-e4a4d57e74a4 - - - - - -] Successfully bumped revision number for resource 8c543b07-9979-45b1-b17d-3d9598bf13c3 (type: subnets) to 0
2026-05-29 03:21:20.029 8 WARNING neutron.scheduler.dhcp_agent_scheduler [None req-e0045cd5-7cae-42ae-84ca-19e0e2f1ec86 94f6cab8e438450696fce6fdd1cc2d63 dac2b2141c4d43a1b7b8bc028c656223 - - default default] No more DHCP agents
2026-05-29 03:21:20.030 8 WARNING neutron.api.rpc.agentnotifiers.dhcp_rpc_agent_api [None req-e0045cd5-7cae-42ae-84ca-19e0e2f1ec86 94f6cab8e438450696fce6fdd1cc2d63 dac2b2141c4d43a1b7b8bc028c656223 - - default default] Unable to schedule network b41c4d3d-2f2b-45a3-b28a-9a00a1fa5ff3: no agents available; will retry on subsequent port and subnet creation events.
2026-05-29 03:21:20.203 8 INFO neutron.db.ovn_revision_numbers_db [None req-e0045cd5-7cae-42ae-84ca-19e0e2f1ec86 94f6cab8e438450696fce6fdd1cc2d63 dac2b2141c4d43a1b7b8bc028c656223 - - default default] Successfully bumped revision number for resource abe93c91-f512-4051-b774-d226650c91e1 (type: ports) to 1
2026-05-29 03:21:20.220 7 WARNING neutron.scheduler.dhcp_agent_scheduler [None req-d803af8f-9755-4e4b-a018-e4a4d57e74a4 - - - - - -] No more DHCP agents
2026-05-29 03:21:20.221 7 WARNING neutron.api.rpc.agentnotifiers.dhcp_rpc_agent_api [None req-d803af8f-9755-4e4b-a018-e4a4d57e74a4 - - - - - -] Unable to schedule network 1166be80-1500-4427-ac90-93e79ed9afd0: no agents available; will retry on subsequent port and subnet creation events.
2026-05-29 03:21:20.352 7 INFO neutron.db.ovn_revision_numbers_db [None req-d803af8f-9755-4e4b-a018-e4a4d57e74a4 - - - - - -] Successfully bumped revision number for resource bd24fe10-9c8f-46b0-8b45-e1c882294f45 (type: ports) to 1
2026-05-29 03:21:20.754 8 WARNING neutron.plugins.ml2.drivers.ovn.mech_driver.ovsdb.ovn_client [None req-b00988d2-2dbc-4a22-a192-475934d6c5d7 - - - - - -] No port found with ID f39d899a-f227-4a93-a82d-498cbfe56fd6: RuntimeError: No port found with ID f39d899a-f227-4a93-a82d-498cbfe56fd6
2026-05-29 03:21:20.801 8 INFO neutron.plugins.ml2.drivers.ovn.mech_driver.mech_driver [None req-b00988d2-2dbc-4a22-a192-475934d6c5d7 - - - - - -] OVN reports status down for port: 4f201a94-d0ea-4c9b-a1f8-350bc159c5db
2026-05-29 03:21:21.055 7 WARNING neutron.plugins.ml2.drivers.ovn.mech_driver.ovsdb.ovn_client [None req-ebf27c06-7345-455f-a893-1b31d55e80d6 - - - - - -] No hosting information found for port 044d38ee-a5e0-40e9-baf2-cb1b25fe98f3: RuntimeError: No hosting information found for port 044d38ee-a5e0-40e9-baf2-cb1b25fe98f3
2026-05-29 03:21:21.056 7 INFO neutron.plugins.ml2.drivers.ovn.mech_driver.mech_driver [None req-ebf27c06-7345-455f-a893-1b31d55e80d6 - - - - - -] OVN reports status down for port: af6638d5-f64b-4fa6-ac81-8f38c46c743b
2026-05-29 03:21:21.108 7 WARNING neutron.scheduler.dhcp_agent_scheduler [None req-d803af8f-9755-4e4b-a018-e4a4d57e74a4 - - - - - -] No more DHCP agents
2026-05-29 03:21:21.109 7 WARNING neutron.api.rpc.agentnotifiers.dhcp_rpc_agent_api [None req-d803af8f-9755-4e4b-a018-e4a4d57e74a4 - - - - - -] Unable to schedule network 1166be80-1500-4427-ac90-93e79ed9afd0: no agents available; will retry on subsequent port and subnet creation events.
2026-05-29 03:21:21.185 7 WARNING neutron.plugins.ml2.drivers.ovn.mech_driver.ovsdb.ovn_client [None req-ebf27c06-7345-455f-a893-1b31d55e80d6 - - - - - -] Logical_Switch_Port af6638d5-f64b-4fa6-ac81-8f38c46c743b host information not removed, the port state is up
2026-05-29 03:21:21.188 7 INFO neutron.plugins.ml2.drivers.ovn.mech_driver.mech_driver [None req-ebf27c06-7345-455f-a893-1b31d55e80d6 - - - - - -] OVN reports status up for port: af6638d5-f64b-4fa6-ac81-8f38c46c743b
2026-05-29 03:21:21.223 7 INFO neutron.plugins.ml2.plugin [None req-ebf27c06-7345-455f-a893-1b31d55e80d6 - - - - - -] Attempt 1 to provision port af6638d5-f64b-4fa6-ac81-8f38c46c743b
