2026-05-29 03:22:10.947 8 INFO neutron.api.v2.resource [None req-cfabb06f-ffaa-4ede-b353-92ef3ce4031d 504ea02e538a4004891553ed79edd12d b11c78adaaa440089d2e9d850d72149f - - default default] create failed (client error): Invalid input for dpd. Reason: '59' is not a dictionary. [pid: 8|app: 0|req: 984/2092] 10.0.0.184 () {34 vars in 707 bytes} [Fri May 29 03:22:10 2026] POST /v2.0/vpn/ipsec-site-connections => generated 129 bytes in 16 msecs (HTTP/1.1 400) 4 headers in 166 bytes (1 switches on core 0) [pid: 7|app: 0|req: 1109/2093] 10.0.0.184 () {34 vars in 693 bytes} [Fri May 29 03:22:10 2026] POST /v2.0/vpn/endpoint-groups => generated 293 bytes in 60 msecs (HTTP/1.1 201) 4 headers in 162 bytes (1 switches on core 0)
2026-05-29 03:22:11.056 8 INFO neutron.db.ovn_revision_numbers_db [None req-1cd89d98-ea4b-409e-8a23-19c242bf5808 - - - - - -] Successfully bumped revision number for resource 26e2d6ad-8f89-4892-8831-adc85ed5764f (type: router_ports) to 2
2026-05-29 03:22:11.056 8 INFO neutron.plugins.ml2.drivers.ovn.mech_driver.mech_driver [None req-1cd89d98-ea4b-409e-8a23-19c242bf5808 - - - - - -] OVN reports status down for port: 32662abf-2eac-4a78-be70-173227a60db1
2026-05-29 03:22:11.069 8 INFO neutron.plugins.ml2.drivers.ovn.mech_driver.mech_driver [None req-1cd89d98-ea4b-409e-8a23-19c242bf5808 - - - - - -] OVN reports status down for port: 016c984e-a72e-42c7-9b74-0c8d8d6dd588
2026-05-29 03:22:11.084 8 INFO neutron.plugins.ml2.drivers.ovn.mech_driver.mech_driver [None req-1cd89d98-ea4b-409e-8a23-19c242bf5808 - - - - - -] OVN reports status down for port: 6fc30a9a-aba7-465c-83b5-b75f02cc511f
2026-05-29 03:22:11.096 8 INFO neutron.api.v2.resource [None req-8a24b1ef-b513-43c6-8a73-d316d18eb127 504ea02e538a4004891553ed79edd12d b11c78adaaa440089d2e9d850d72149f - - default default] create failed (client error): The server could not comply with the request since it is either malformed or otherwise incorrect.
2026-05-29 03:22:11.098 8 INFO neutron.plugins.ml2.drivers.ovn.mech_driver.mech_driver [None req-1cd89d98-ea4b-409e-8a23-19c242bf5808 - - - - - -] OVN reports status down for port: 49c19bdf-e2d7-4500-b333-7048f6d1869e [pid: 8|app: 0|req: 985/2094] 10.0.0.184 () {34 vars in 707 bytes} [Fri May 29 03:22:11 2026] POST /v2.0/vpn/ipsec-site-connections => generated 149 bytes in 76 msecs (HTTP/1.1 400) 4 headers in 166 bytes (1 switches on core 0) [pid: 7|app: 0|req: 1110/2095] 10.0.0.184 () {32 vars in 671 bytes} [Fri May 29 03:22:11 2026] GET /v2.0/vpn/endpoint-groups => generated 908 bytes in 20 msecs (HTTP/1.1 200) 4 headers in 157 bytes (1 switches on core 0)
2026-05-29 03:22:11.178 8 INFO neutron.plugins.ml2.drivers.ovn.mech_driver.mech_driver [None req-1cd89d98-ea4b-409e-8a23-19c242bf5808 - - - - - -] OVN reports status up for port: 6fc30a9a-aba7-465c-83b5-b75f02cc511f [pid: 8|app: 0|req: 986/2096] 10.0.0.184 () {32 vars in 748 bytes} [Fri May 29 03:22:11 2026] DELETE /v2.0/vpn/endpoint-groups/36039601-c24c-4c8b-9b34-2e2b432daa6a => generated 0 bytes in 49 msecs (HTTP/1.1 204) 2 headers in 112 bytes (1 switches on core 0)
2026-05-29 03:22:11.208 8 INFO neutron.plugins.ml2.drivers.ovn.mech_driver.mech_driver [None req-1cd89d98-ea4b-409e-8a23-19c242bf5808 - - - - - -] OVN reports status down for port: c886b9fe-0750-4930-aa68-c440d07039b5 [pid: 7|app: 0|req: 1111/2097] 10.0.0.184 () {32 vars in 671 bytes} [Fri May 29 03:22:11 2026] GET /v2.0/vpn/endpoint-groups => generated 633 bytes in 22 msecs (HTTP/1.1 200) 4 headers in 157 bytes (1 switches on core 0) [pid: 8|app: 0|req: 987/2098] 10.0.0.184 () {34 vars in 693 bytes} [Fri May 29 03:22:11 2026] POST /v2.0/vpn/endpoint-groups => generated 302 bytes in 79 msecs (HTTP/1.1 201) 4 headers in 162 bytes (1 switches on core 0) [pid: 7|app: 0|req: 1112/2099] 10.0.0.77 () {34 vars in 989 bytes} [Fri May 29 03:22:11 2026] GET /v2.0/ports?device_id=1980ca62-e47d-49fb-addf-823dc8f2918f => generated 971 bytes in 49 msecs (HTTP/1.1 200) 4 headers in 157 bytes (1 switches on core 0)
2026-05-29 03:22:11.358 8 INFO neutron.api.v2.resource [None req-48c133bc-c41c-4136-aee7-28b3b820a826 504ea02e538a4004891553ed79edd12d b11c78adaaa440089d2e9d850d72149f - - default default] create failed (client error): The server could not comply with the request since it is either malformed or otherwise incorrect. [pid: 8|app: 0|req: 988/2100] 10.0.0.184 () {34 vars in 707 bytes} [Fri May 29 03:22:11 2026] POST /v2.0/vpn/ipsec-site-connections => generated 148 bytes in 54 msecs (HTTP/1.1 400) 4 headers in 166 bytes (1 switches on core 0) [pid: 8|app: 0|req: 989/2101] 10.0.0.184 () {32 vars in 671 bytes} [Fri May 29 03:22:11 2026] GET /v2.0/vpn/endpoint-groups => generated 917 bytes in 17 msecs (HTTP/1.1 200) 4 headers in 157 bytes (1 switches on core 0)
2026-05-29 03:22:11.406 7 INFO neutron.notifiers.nova [-] Nova event matching ['req-dc94abc6-8491-44c1-8003-113c1a566c5d'] response: {'server_uuid': '1980ca62-e47d-49fb-addf-823dc8f2918f', 'name': 'network-vif-plugged', 'status': 'completed', 'tag': '9ffe3bac-a1e3-4863-bc87-bafad9ea95e8', 'code': 200} [pid: 7|app: 0|req: 1113/2102] 10.0.0.77 () {34 vars in 1039 bytes} [Fri May 29 03:22:11 2026] GET /v2.0/security-groups?id=c5decbf0-b524-4322-b4b2-ba8f33b02d5c&fields=id&fields=name => generated 88 bytes in 66 msecs (HTTP/1.1 200) 4 headers in 156 bytes (1 switches on core 0) [pid: 8|app: 0|req: 990/2103] 10.0.0.184 () {32 vars in 748 bytes} [Fri May 29 03:22:11 2026] DELETE /v2.0/vpn/endpoint-groups/97228215-38fc-43c2-969d-ef87b455caee => generated 0 bytes in 31 msecs (HTTP/1.1 204) 2 headers in 112 bytes (1 switches on core 0) [pid: 7|app: 0|req: 1114/2104] 10.0.0.184 () {32 vars in 671 bytes} [Fri May 29 03:22:11 2026] GET /v2.0/vpn/endpoint-groups => generated 633 bytes in 11 msecs (HTTP/1.1 200) 4 headers in 157 bytes (1 switches on core 0)
2026-05-29 03:22:11.450 8 WARNING neutron.api.v2.base [None req-73bf41f4-5656-4a94-bee3-cb73b4231180 504ea02e538a4004891553ed79edd12d b11c78adaaa440089d2e9d850d72149f - - default default] An exception happened while processing the request body. The exception message is [Invalid input for peer_cidrs. Reason: '1.0.0.0/33' is not a valid IP subnet.].: webob.exc.HTTPBadRequest: Invalid input for peer_cidrs. Reason: '1.0.0.0/33' is not a valid IP subnet.
2026-05-29 03:22:11.451 8 INFO neutron.api.v2.resource [None req-73bf41f4-5656-4a94-bee3-cb73b4231180 504ea02e538a4004891553ed79edd12d b11c78adaaa440089d2e9d850d72149f - - default default] create failed (client error): Invalid input for peer_cidrs. Reason: '1.0.0.0/33' is not a valid IP subnet. [pid: 8|app: 0|req: 991/2105] 10.0.0.184 () {34 vars in 707 bytes} [Fri May 29 03:22:11 2026] POST /v2.0/vpn/ipsec-site-connections => generated 149 bytes in 10 msecs (HTTP/1.1 400) 4 headers in 166 bytes (1 switches on core 0)
2026-05-29 03:22:11.555 7 INFO neutron.db.segments_db [None req-4095077f-145c-463f-9fca-2c442315e19b 504ea02e538a4004891553ed79edd12d b11c78adaaa440089d2e9d850d72149f - - default default] Added segment 8d199b79-9449-4417-aee5-30f3ae5933ac of type geneve for network 67000cc5-057f-4764-ba4f-f21e666c6cdc
2026-05-29 03:22:11.690 7 INFO neutron.db.ovn_revision_numbers_db [None req-4095077f-145c-463f-9fca-2c442315e19b 504ea02e538a4004891553ed79edd12d b11c78adaaa440089d2e9d850d72149f - - default default] Successfully bumped revision number for resource 67000cc5-057f-4764-ba4f-f21e666c6cdc (type: networks) to 1
2026-05-29 03:22:11.887 7 WARNING neutron.scheduler.dhcp_agent_scheduler [None req-4095077f-145c-463f-9fca-2c442315e19b 504ea02e538a4004891553ed79edd12d b11c78adaaa440089d2e9d850d72149f - - default default] No more DHCP agents
2026-05-29 03:22:11.889 7 WARNING neutron.api.rpc.agentnotifiers.dhcp_rpc_agent_api [None req-4095077f-145c-463f-9fca-2c442315e19b 504ea02e538a4004891553ed79edd12d b11c78adaaa440089d2e9d850d72149f - - default default] Unable to schedule network 67000cc5-057f-4764-ba4f-f21e666c6cdc: no agents available; will retry on subsequent port and subnet creation events.
2026-05-29 03:22:11.954 7 INFO neutron.plugins.ml2.drivers.ovn.mech_driver.mech_driver [None req-b08553f4-1a32-4f68-98fc-ea1592ad3e1f - - - - - -] OVN reports status down for port: 2a1fc1b6-083b-4341-b847-c1332137ea01
2026-05-29 03:22:12.028 7 INFO neutron.db.ovn_revision_numbers_db [None req-4095077f-145c-463f-9fca-2c442315e19b 504ea02e538a4004891553ed79edd12d b11c78adaaa440089d2e9d850d72149f - - default default] Successfully bumped revision number for resource 2a1fc1b6-083b-4341-b847-c1332137ea01 (type: ports) to 1 [pid: 7|app: 0|req: 1115/2106] 10.0.0.184 () {34 vars in 670 bytes} [Fri May 29 03:22:11 2026] POST /v2.0/networks => generated 670 bytes in 617 msecs (HTTP/1.1 201) 4 headers in 162 bytes (1 switches on core 0)
2026-05-29 03:22:12.297 8 WARNING neutron.scheduler.dhcp_agent_scheduler [None req-5f22ff6b-838e-4b3e-b76c-47ac42ae38b3 504ea02e538a4004891553ed79edd12d b11c78adaaa440089d2e9d850d72149f - - default default] No more DHCP agents
2026-05-29 03:22:12.303 8 WARNING neutron.api.rpc.agentnotifiers.dhcp_rpc_agent_api [None req-5f22ff6b-838e-4b3e-b76c-47ac42ae38b3 504ea02e538a4004891553ed79edd12d b11c78adaaa440089d2e9d850d72149f - - default default] Unable to schedule network 67000cc5-057f-4764-ba4f-f21e666c6cdc: no agents available; will retry on subsequent port and subnet creation events. [pid: 7|app: 0|req: 1116/2107] 10.0.0.77 () {34 vars in 989 bytes} [Fri May 29 03:22:12 2026] GET /v2.0/ports?device_id=1980ca62-e47d-49fb-addf-823dc8f2918f => generated 971 bytes in 44 msecs (HTTP/1.1 200) 4 headers in 157 bytes (1 switches on core 0) [pid: 7|app: 0|req: 1117/2108] 10.0.0.77 () {34 vars in 1039 bytes} [Fri May 29 03:22:12 2026] GET /v2.0/security-groups?id=c5decbf0-b524-4322-b4b2-ba8f33b02d5c&fields=id&fields=name => generated 88 bytes in 62 msecs (HTTP/1.1 200) 4 headers in 156 bytes (1 switches on core 0)
2026-05-29 03:22:12.925 8 INFO neutron.db.ovn_revision_numbers_db [None req-50e0fe70-8651-4957-a114-e21bdc12a3fb - - - - - -] Successfully bumped revision number for resource 2a1fc1b6-083b-4341-b847-c1332137ea01 (type: ports) to 2
2026-05-29 03:22:12.971 8 INFO neutron.db.ovn_revision_numbers_db [None req-50e0fe70-8651-4957-a114-e21bdc12a3fb - - - - - -] Successfully bumped revision number for resource 74c8ba02-7a94-4643-966c-e070da2104c7 (type: subnets) to 0 [pid: 8|app: 0|req: 992/2109] 10.0.0.184 () {34 vars in 669 bytes} [Fri May 29 03:22:12 2026] POST /v2.0/subnets => generated 629 bytes in 919 msecs (HTTP/1.1 201) 4 headers in 162 bytes (1 switches on core 0)
2026-05-29 03:22:13.310 7 INFO neutron.db.ovn_revision_numbers_db [None req-e705d101-1834-4f79-9f85-e09d10b4bd18 9799a5e6a9794b1296a10076adcb30b5 98e36b55a65f43cfb244c50f7f2cbebd - - default default] Successfully bumped revision number for resource b275c589-2861-4340-9018-1713cff15c73 (type: security_groups) to 1
2026-05-29 03:22:13.323 7 INFO neutron.db.ovn_revision_numbers_db [None req-e705d101-1834-4f79-9f85-e09d10b4bd18 9799a5e6a9794b1296a10076adcb30b5 98e36b55a65f43cfb244c50f7f2cbebd - - default default] Successfully bumped revision number for resource 05cbcb13-a2b9-4cb0-89e0-856d3e1d64b9 (type: security_group_rules) to 0
2026-05-29 03:22:13.335 7 INFO neutron.db.ovn_revision_numbers_db [None req-e705d101-1834-4f79-9f85-e09d10b4bd18 9799a5e6a9794b1296a10076adcb30b5 98e36b55a65f43cfb244c50f7f2cbebd - - default default] Successfully bumped revision number for resource 072741d4-476b-4306-9e47-8e1e4e9dcf50 (type: security_group_rules) to 0
2026-05-29 03:22:13.346 7 INFO neutron.db.ovn_revision_numbers_db [None req-e705d101-1834-4f79-9f85-e09d10b4bd18 9799a5e6a9794b1296a10076adcb30b5 98e36b55a65f43cfb244c50f7f2cbebd - - default default] Successfully bumped revision number for resource 465d7bcc-31a8-4f80-ab5d-e0338812f70e (type: security_group_rules) to 0
2026-05-29 03:22:13.358 7 INFO neutron.db.ovn_revision_numbers_db [None req-e705d101-1834-4f79-9f85-e09d10b4bd18 9799a5e6a9794b1296a10076adcb30b5 98e36b55a65f43cfb244c50f7f2cbebd - - default default] Successfully bumped revision number for resource dc6892ff-eb07-46c8-b914-c37319ae043b (type: security_group_rules) to 0 [pid: 7|app: 0|req: 1118/2110] 10.0.0.184 () {32 vars in 774 bytes} [Fri May 29 03:22:12 2026] GET /v2.0/security-groups?tenant_id=7af41997c1e541c389499d96dbf62e2e&name=default => generated 2925 bytes in 400 msecs (HTTP/1.1 200) 4 headers in 158 bytes (1 switches on core 0)
2026-05-29 03:22:13.467 8 WARNING neutron.scheduler.dhcp_agent_scheduler [None req-8183a16d-b695-42bd-afde-b1baeffa4e46 504ea02e538a4004891553ed79edd12d b11c78adaaa440089d2e9d850d72149f - - default default] No more DHCP agents
2026-05-29 03:22:13.468 8 WARNING neutron.api.rpc.agentnotifiers.dhcp_rpc_agent_api [None req-8183a16d-b695-42bd-afde-b1baeffa4e46 504ea02e538a4004891553ed79edd12d b11c78adaaa440089d2e9d850d72149f - - default default] Unable to schedule network b41c4d3d-2f2b-45a3-b28a-9a00a1fa5ff3: no agents available; will retry on subsequent port and subnet creation events.
2026-05-29 03:22:13.602 7 INFO neutron.plugins.ml2.drivers.ovn.mech_driver.mech_driver [None req-b08553f4-1a32-4f68-98fc-ea1592ad3e1f - - - - - -] OVN reports status down for port: 077d47ae-02b0-4c4c-a163-b0df430448fd
2026-05-29 03:22:13.622 8 INFO neutron.db.ovn_revision_numbers_db [None req-8183a16d-b695-42bd-afde-b1baeffa4e46 504ea02e538a4004891553ed79edd12d b11c78adaaa440089d2e9d850d72149f - - default default] Successfully bumped revision number for resource 077d47ae-02b0-4c4c-a163-b0df430448fd (type: ports) to 1 [pid: 7|app: 0|req: 1119/2111] 10.0.0.184 () {32 vars in 740 bytes} [Fri May 29 03:22:13 2026] DELETE /v2.0/security-groups/b275c589-2861-4340-9018-1713cff15c73 => generated 0 bytes in 375 msecs (HTTP/1.1 204) 2 headers in 112 bytes (1 switches on core 0)
2026-05-29 03:22:13.882 7 INFO neutron.plugins.ml2.drivers.ovn.mech_driver.mech_driver [None req-b08553f4-1a32-4f68-98fc-ea1592ad3e1f - - - - - -] OVN reports status down for port: 9ffe3bac-a1e3-4863-bc87-bafad9ea95e8
2026-05-29 03:22:14.120 7 INFO neutron.notifiers.nova [-] Nova event matching ['req-dfd606ef-e708-4d84-8d75-3d6071200d33'] response: {'server_uuid': '1980ca62-e47d-49fb-addf-823dc8f2918f', 'name': 'network-vif-unplugged', 'status': 'completed', 'tag': '9ffe3bac-a1e3-4863-bc87-bafad9ea95e8', 'code': 200}
2026-05-29 03:22:14.144 7 INFO neutron.db.ovn_revision_numbers_db [None req-f546d7a6-0b8d-41e0-a49f-03f094c9da15 9799a5e6a9794b1296a10076adcb30b5 98e36b55a65f43cfb244c50f7f2cbebd - - default default] Successfully bumped revision number for resource 5b68fc65-85d2-469c-9bed-aef8eb382523 (type: security_groups) to 1
2026-05-29 03:22:14.166 7 INFO neutron.db.ovn_revision_numbers_db [None req-f546d7a6-0b8d-41e0-a49f-03f094c9da15 9799a5e6a9794b1296a10076adcb30b5 98e36b55a65f43cfb244c50f7f2cbebd - - default default] Successfully bumped revision number for resource 0e392a1c-227f-47dc-9118-2d2fc5e60303 (type: security_group_rules) to 0
2026-05-29 03:22:14.189 7 INFO neutron.db.ovn_revision_numbers_db [None req-f546d7a6-0b8d-41e0-a49f-03f094c9da15 9799a5e6a9794b1296a10076adcb30b5 98e36b55a65f43cfb244c50f7f2cbebd - - default default] Successfully bumped revision number for resource 45669129-bab8-4fc3-b11e-28b093d7f6f2 (type: security_group_rules) to 0
2026-05-29 03:22:14.213 7 INFO neutron.db.ovn_revision_numbers_db [None req-f546d7a6-0b8d-41e0-a49f-03f094c9da15 9799a5e6a9794b1296a10076adcb30b5 98e36b55a65f43cfb244c50f7f2cbebd - - default default] Successfully bumped revision number for resource 97349875-97ba-45fe-a05b-b34460015c09 (type: security_group_rules) to 0
2026-05-29 03:22:14.241 7 INFO neutron.db.ovn_revision_numbers_db [None req-f546d7a6-0b8d-41e0-a49f-03f094c9da15 9799a5e6a9794b1296a10076adcb30b5 98e36b55a65f43cfb244c50f7f2cbebd - - default default] Successfully bumped revision number for resource ad4914cc-84fc-443e-a181-9816236adc5a (type: security_group_rules) to 0
2026-05-29 03:22:14.291 8 INFO neutron.plugins.ml2.drivers.ovn.mech_driver.ovsdb.commands [None req-1bd17eec-fa9c-4c97-8fab-a9566f2a96bd - - - - - -] Schedule LRP lrp-077d47ae-02b0-4c4c-a163-b0df430448fd on gateway 3e780ada-26c8-457e-b648-733ebb24d612 with priority 1
2026-05-29 03:22:14.316 7 INFO neutron.db.ovn_revision_numbers_db [None req-b08553f4-1a32-4f68-98fc-ea1592ad3e1f - - - - - -] Successfully bumped revision number for resource 9ffe3bac-a1e3-4863-bc87-bafad9ea95e8 (type: ports) to 6 [pid: 7|app: 0|req: 1120/2112] 10.0.0.184 () {32 vars in 774 bytes} [Fri May 29 03:22:13 2026] GET /v2.0/security-groups?tenant_id=48aefb25fc7d4cfd87a3bae237e4940e&name=default => generated 2925 bytes in 560 msecs (HTTP/1.1 200) 4 headers in 158 bytes (1 switches on core 0)
2026-05-29 03:22:14.347 8 INFO neutron.db.ovn_revision_numbers_db [None req-8183a16d-b695-42bd-afde-b1baeffa4e46 504ea02e538a4004891553ed79edd12d b11c78adaaa440089d2e9d850d72149f - - default default] Successfully bumped revision number for resource 077d47ae-02b0-4c4c-a163-b0df430448fd (type: router_ports) to 1
2026-05-29 03:22:14.432 8 INFO neutron.db.ovn_revision_numbers_db [None req-8183a16d-b695-42bd-afde-b1baeffa4e46 504ea02e538a4004891553ed79edd12d b11c78adaaa440089d2e9d850d72149f - - default default] Successfully bumped revision number for resource b95925f6-75ad-4fea-b2d3-9244e0d3d874 (type: routers) to 2 [pid: 8|app: 0|req: 993/2113] 10.0.0.184 () {34 vars in 669 bytes} [Fri May 29 03:22:13 2026] POST /v2.0/routers => generated 936 bytes in 1443 msecs (HTTP/1.1 201) 4 headers in 162 bytes (1 switches on core 0)
2026-05-29 03:22:14.469 7 INFO neutron.plugins.ml2.drivers.ovn.mech_driver.mech_driver [None req-5a569bdf-c984-498f-9fe9-a1ee2f01d9d9 - - - - - -] OVN reports status up for port: 077d47ae-02b0-4c4c-a163-b0df430448fd [pid: 7|app: 0|req: 1121/2114] 10.0.0.77 () {34 vars in 989 bytes} [Fri May 29 03:22:14 2026] GET /v2.0/ports?device_id=1980ca62-e47d-49fb-addf-823dc8f2918f => generated 969 bytes in 152 msecs (HTTP/1.1 200) 4 headers in 157 bytes (1 switches on core 0) /var/lib/openstack/lib/python3.12/site-packages/pycadf/identifier.py:70: UserWarning: Invalid uuid: neutron. To ensure interoperability, identifiers should be a valid uuid. warnings.warn(('Invalid uuid: %s. To ensure interoperability, '
2026-05-29 03:22:14.505 7 INFO neutron.plugins.ml2.plugin [None req-5a569bdf-c984-498f-9fe9-a1ee2f01d9d9 - - - - - -] Attempt 1 to provision port 077d47ae-02b0-4c4c-a163-b0df430448fd [pid: 8|app: 0|req: 994/2115] 10.0.0.184 () {32 vars in 740 bytes} [Fri May 29 03:22:14 2026] DELETE /v2.0/security-groups/5b68fc65-85d2-469c-9bed-aef8eb382523 => generated 0 bytes in 241 msecs (HTTP/1.1 204) 2 headers in 112 bytes (1 switches on core 0)
2026-05-29 03:22:14.724 7 INFO neutron.api.v2.resource [None req-3042f347-e7d7-4599-afc7-610180f0ebaa e410c484c59044af9d238f027327f428 757eeb78a581434e9c1f954242bc5565 - - default default] create failed (client error): The server could not comply with the request since it is either malformed or otherwise incorrect. [pid: 7|app: 0|req: 1122/2116] 10.0.0.184 () {34 vars in 685 bytes} [Fri May 29 03:22:14 2026] POST /v2.0/vpn/vpnservices => generated 194 bytes in 233 msecs (HTTP/1.1 400) 4 headers in 166 bytes (1 switches on core 0) [pid: 8|app: 0|req: 995/2117] 10.0.0.77 () {34 vars in 1039 bytes} [Fri May 29 03:22:14 2026] GET /v2.0/security-groups?id=c5decbf0-b524-4322-b4b2-ba8f33b02d5c&fields=id&fields=name => generated 88 bytes in 29 msecs (HTTP/1.1 200) 4 headers in 156 bytes (1 switches on core 0)
2026-05-29 03:22:14.890 7 INFO neutron_taas.services.taas.taas_plugin [None req-6a2bdc6c-9168-4231-8eda-820a35ab6fb1 e410c484c59044af9d238f027327f428 757eeb78a581434e9c1f954242bc5565 - - default default] TaaS: Handle Delete Port: 2a1fc1b6-083b-4341-b847-c1332137ea01
2026-05-29 03:22:14.894 7 INFO neutron_taas.services.taas.tap_mirror_plugin [None req-6a2bdc6c-9168-4231-8eda-820a35ab6fb1 e410c484c59044af9d238f027327f428 757eeb78a581434e9c1f954242bc5565 - - default default] Tap Mirror: Handle Delete Port: 2a1fc1b6-083b-4341-b847-c1332137ea01 [pid: 8|app: 0|req: 996/2118] 199.204.45.235 () {34 vars in 994 bytes} [Fri May 29 03:22:15 2026] GET /v2.0/ports?device_id=1980ca62-e47d-49fb-addf-823dc8f2918f => generated 969 bytes in 103 msecs (HTTP/1.1 200) 4 headers in 157 bytes (1 switches on core 0)
2026-05-29 03:22:15.235 7 INFO neutron.services.segments.plugin [-] Segment 8d199b79-9449-4417-aee5-30f3ae5933ac resource provider aggregate not found
2026-05-29 03:22:15.246 7 INFO neutron.services.segments.plugin [-] Segment 8d199b79-9449-4417-aee5-30f3ae5933ac resource provider aggregate not found
2026-05-29 03:22:15.257 7 INFO neutron.services.segments.plugin [-] Segment 8d199b79-9449-4417-aee5-30f3ae5933ac resource provider not found; error: Placement Client Error (4xx): {"errors": [{"status": 404, "title": "Not Found", "detail": "The resource could not be found.\n\n No resource provider with uuid 8d199b79-9449-4417-aee5-30f3ae5933ac found for delete ", "request_id": "req-06b43d98-4a14-4970-b3a8-c9e407085534"}]}
2026-05-29 03:22:15.264 7 INFO neutron.services.segments.plugin [-] Segment 8d199b79-9449-4417-aee5-30f3ae5933ac resource provider not found; error: Placement Client Error (4xx): {"errors": [{"status": 404, "title": "Not Found", "detail": "The resource could not be found.\n\n No resource provider with uuid 8d199b79-9449-4417-aee5-30f3ae5933ac found for delete ", "request_id": "req-094f418c-e396-4c7b-a9ba-57b90d69be90"}]} [pid: 7|app: 0|req: 1123/2119] 10.0.0.184 () {32 vars in 726 bytes} [Fri May 29 03:22:14 2026] DELETE /v2.0/networks/67000cc5-057f-4764-ba4f-f21e666c6cdc => generated 0 bytes in 558 msecs (HTTP/1.1 204) 3 headers in 131 bytes (1 switches on core 0)
2026-05-29 03:22:15.311 8 INFO neutron_taas.services.taas.taas_plugin [req-abe654e3-ed4a-4b83-bdb6-38bc6bf60f4b req-28c0b572-2705-4ba7-9c0f-c51cff274ad5 3a7c646d2ada46fb95cb81bc6eb34c7b 1346ba264d114135a395f24f5ad8bb5c - - default default] TaaS: Handle Delete Port: 9ffe3bac-a1e3-4863-bc87-bafad9ea95e8
2026-05-29 03:22:15.315 8 INFO neutron_taas.services.taas.tap_mirror_plugin [req-abe654e3-ed4a-4b83-bdb6-38bc6bf60f4b req-28c0b572-2705-4ba7-9c0f-c51cff274ad5 3a7c646d2ada46fb95cb81bc6eb34c7b 1346ba264d114135a395f24f5ad8bb5c - - default default] Tap Mirror: Handle Delete Port: 9ffe3bac-a1e3-4863-bc87-bafad9ea95e8 [pid: 8|app: 0|req: 997/2120] 199.204.45.235 () {36 vars in 997 bytes} [Fri May 29 03:22:15 2026] DELETE /v2.0/ports/9ffe3bac-a1e3-4863-bc87-bafad9ea95e8 => generated 0 bytes in 322 msecs (HTTP/1.1 204) 3 headers in 131 bytes (1 switches on core 0)
2026-05-29 03:22:15.504 8 INFO neutron.notifiers.nova [-] Nova event matching ['req-ae6793b7-5d9f-4868-8c54-fe50720b5213'] response: {'server_uuid': '1980ca62-e47d-49fb-addf-823dc8f2918f', 'name': 'network-vif-deleted', 'tag': '9ffe3bac-a1e3-4863-bc87-bafad9ea95e8', 'status': 'completed', 'code': 200}
2026-05-29 03:22:15.657 7 INFO neutron_taas.services.taas.taas_plugin [None req-09c3ec9f-7bfa-4322-a026-a9be297e6c56 e410c484c59044af9d238f027327f428 757eeb78a581434e9c1f954242bc5565 - - default default] TaaS: Handle Delete Port: 077d47ae-02b0-4c4c-a163-b0df430448fd
2026-05-29 03:22:15.660 7 INFO neutron_taas.services.taas.tap_mirror_plugin [None req-09c3ec9f-7bfa-4322-a026-a9be297e6c56 e410c484c59044af9d238f027327f428 757eeb78a581434e9c1f954242bc5565 - - default default] Tap Mirror: Handle Delete Port: 077d47ae-02b0-4c4c-a163-b0df430448fd [pid: 8|app: 0|req: 998/2121] 10.0.0.77 () {34 vars in 989 bytes} [Fri May 29 03:22:15 2026] GET /v2.0/ports?device_id=1980ca62-e47d-49fb-addf-823dc8f2918f => generated 12 bytes in 19 msecs (HTTP/1.1 200) 4 headers in 156 bytes (1 switches on core 0) [pid: 7|app: 0|req: 1124/2122] 10.0.0.184 () {32 vars in 724 bytes} [Fri May 29 03:22:15 2026] DELETE /v2.0/routers/b95925f6-75ad-4fea-b2d3-9244e0d3d874 => generated 0 bytes in 761 msecs (HTTP/1.1 204) 2 headers in 112 bytes (1 switches on core 0)
2026-05-29 03:22:16.073 8 WARNING neutron.api.v2.base [None req-a6ff449e-314e-4b17-a2c8-e29ec2121703 504ea02e538a4004891553ed79edd12d b11c78adaaa440089d2e9d850d72149f - - default default] An exception happened while processing the request body. The exception message is [Invalid input for description. Reason: 'yyyyyyyyyyyyyyyyyyyyyyyyyyyyyyyyyyyyyyyyyyyyyyyyyyyyyyyyyyyyyyyyyyyyyyyyyyyyyyyyyyyyyyyyyyyyyyyyyyyyyyyyyyyyyyyyyyyyyyyyyyyyyyyyyyyyyyyyyyyyyyyyyyyyyyyyyyyyyyyyyyyyyyyyyyyyyyyyyyyyyyyyyyyyyyyyyyyyyyyyyyyyyyyyyyyyyyyyyyyyyyyyyyyyyyyyyyyyyyyyyyyyyyyyyyyyyyyy' exceeds maximum length of 255.].: webob.exc.HTTPBadRequest: Invalid input for description. Reason: 'yyyyyyyyyyyyyyyyyyyyyyyyyyyyyyyyyyyyyyyyyyyyyyyyyyyyyyyyyyyyyyyyyyyyyyyyyyyyyyyyyyyyyyyyyyyyyyyyyyyyyyyyyyyyyyyyyyyyyyyyyyyyyyyyyyyyyyyyyyyyyyyyyyyyyyyyyyyyyyyyyyyyyyyyyyyyyyyyyyyyyyyyyyyyyyyyyyyyyyyyyyyyyyyyyyyyyyyyyyyyyyyyyyyyyyyyyyyyyyyyyyyyyyyyyyyyyyyy' exceeds maximum length of 255.
2026-05-29 03:22:16.074 8 INFO neutron.api.v2.resource [None req-a6ff449e-314e-4b17-a2c8-e29ec2121703 504ea02e538a4004891553ed79edd12d b11c78adaaa440089d2e9d850d72149f - - default default] create failed (client error): Invalid input for description. Reason: 'yyyyyyyyyyyyyyyyyyyyyyyyyyyyyyyyyyyyyyyyyyyyyyyyyyyyyyyyyyyyyyyyyyyyyyyyyyyyyyyyyyyyyyyyyyyyyyyyyyyyyyyyyyyyyyyyyyyyyyyyyyyyyyyyyyyyyyyyyyyyyyyyyyyyyyyyyyyyyyyyyyyyyyyyyyyyyyyyyyyyyyyyyyyyyyyyyyyyyyyyyyyyyyyyyyyyyyyyyyyyyyyyyyyyyyyyyyyyyyyyyyyyyyyyyyyyyyyy' exceeds maximum length of 255. [pid: 8|app: 0|req: 999/2123] 10.0.0.184 () {34 vars in 685 bytes} [Fri May 29 03:22:16 2026] POST /v2.0/vpn/vpnservices => generated 401 bytes in 13 msecs (HTTP/1.1 400) 4 headers in 166 bytes (1 switches on core 0)
2026-05-29 03:22:16.087 7 WARNING neutron.api.v2.base [None req-9097f23d-489a-4fd3-a3bc-637b9c58ebd1 504ea02e538a4004891553ed79edd12d b11c78adaaa440089d2e9d850d72149f - - default default] An exception happened while processing the request body. The exception message is [Invalid input for name. Reason: 'xxxxxxxxxxxxxxxxxxxxxxxxxxxxxxxxxxxxxxxxxxxxxxxxxxxxxxxxxxxxxxxxxxxxxxxxxxxxxxxxxxxxxxxxxxxxxxxxxxxxxxxxxxxxxxxxxxxxxxxxxxxxxxxxxxxxxxxxxxxxxxxxxxxxxxxxxxxxxxxxxxxxxxxxxxxxxxxxxxxxxxxxxxxxxxxxxxxxxxxxxxxxxxxxxxxxxxxxxxxxxxxxxxxxxxxxxxxxxxxxxxxxxxxxxxxxxxxx' exceeds maximum length of 255.].: webob.exc.HTTPBadRequest: Invalid input for name. Reason: 'xxxxxxxxxxxxxxxxxxxxxxxxxxxxxxxxxxxxxxxxxxxxxxxxxxxxxxxxxxxxxxxxxxxxxxxxxxxxxxxxxxxxxxxxxxxxxxxxxxxxxxxxxxxxxxxxxxxxxxxxxxxxxxxxxxxxxxxxxxxxxxxxxxxxxxxxxxxxxxxxxxxxxxxxxxxxxxxxxxxxxxxxxxxxxxxxxxxxxxxxxxxxxxxxxxxxxxxxxxxxxxxxxxxxxxxxxxxxxxxxxxxxxxxxxxxxxxxx' exceeds maximum length of 255.
2026-05-29 03:22:16.088 7 INFO neutron.api.v2.resource [None req-9097f23d-489a-4fd3-a3bc-637b9c58ebd1 504ea02e538a4004891553ed79edd12d b11c78adaaa440089d2e9d850d72149f - - default default] create failed (client error): Invalid input for name. Reason: 'xxxxxxxxxxxxxxxxxxxxxxxxxxxxxxxxxxxxxxxxxxxxxxxxxxxxxxxxxxxxxxxxxxxxxxxxxxxxxxxxxxxxxxxxxxxxxxxxxxxxxxxxxxxxxxxxxxxxxxxxxxxxxxxxxxxxxxxxxxxxxxxxxxxxxxxxxxxxxxxxxxxxxxxxxxxxxxxxxxxxxxxxxxxxxxxxxxxxxxxxxxxxxxxxxxxxxxxxxxxxxxxxxxxxxxxxxxxxxxxxxxxxxxxxxxxxxxxx' exceeds maximum length of 255. [pid: 7|app: 0|req: 1125/2124] 10.0.0.184 () {34 vars in 685 bytes} [Fri May 29 03:22:16 2026] POST /v2.0/vpn/vpnservices => generated 394 bytes in 7 msecs (HTTP/1.1 400) 4 headers in 166 bytes (1 switches on core 0)
2026-05-29 03:22:16.127 8 INFO neutron.api.v2.resource [None req-0baaf4f2-2875-47ce-b9d7-b7b1a1d27210 504ea02e538a4004891553ed79edd12d b11c78adaaa440089d2e9d850d72149f - - default default] create failed (client error): The server could not comply with the request since it is either malformed or otherwise incorrect. [pid: 8|app: 0|req: 1000/2125] 10.0.0.184 () {34 vars in 693 bytes} [Fri May 29 03:22:16 2026] POST /v2.0/vpn/endpoint-groups => generated 183 bytes in 34 msecs (HTTP/1.1 400) 4 headers in 166 bytes (1 switches on core 0)
2026-05-29 03:22:16.162 7 INFO neutron.notifiers.nova [-] Nova event matching ['req-95dee381-7fad-47bb-be76-857fb7c19881'] response: {'server_uuid': '1980ca62-e47d-49fb-addf-823dc8f2918f', 'name': 'network-vif-unplugged', 'status': 'completed', 'tag': '9ffe3bac-a1e3-4863-bc87-bafad9ea95e8', 'code': 200}
2026-05-29 03:22:16.171 7 INFO neutron.api.v2.resource [None req-9d590852-e0de-4c65-91c4-2032eda40891 504ea02e538a4004891553ed79edd12d b11c78adaaa440089d2e9d850d72149f - - default default] create failed (client error): The server could not comply with the request since it is either malformed or otherwise incorrect. [pid: 7|app: 0|req: 1126/2126] 10.0.0.184 () {34 vars in 693 bytes} [Fri May 29 03:22:16 2026] POST /v2.0/vpn/endpoint-groups => generated 160 bytes in 37 msecs (HTTP/1.1 400) 4 headers in 166 bytes (1 switches on core 0)
2026-05-29 03:22:16.246 8 INFO neutron.api.v2.resource [None req-c2227e67-ae59-4c4d-bd47-5795fdeeee46 504ea02e538a4004891553ed79edd12d b11c78adaaa440089d2e9d850d72149f - - default default] create failed (client error): The server could not comply with the request since it is either malformed or otherwise incorrect. [pid: 8|app: 0|req: 1001/2127] 10.0.0.184 () {34 vars in 693 bytes} [Fri May 29 03:22:16 2026] POST /v2.0/vpn/endpoint-groups => generated 154 bytes in 64 msecs (HTTP/1.1 400) 4 headers in 166 bytes (1 switches on core 0) [pid: 7|app: 0|req: 1127/2128] 10.0.0.184 () {32 vars in 663 bytes} [Fri May 29 03:22:16 2026] GET /v2.0/vpn/ikepolicies => generated 407 bytes in 12 msecs (HTTP/1.1 200) 4 headers in 157 bytes (1 switches on core 0) [pid: 8|app: 0|req: 1002/2129] 10.0.0.184 () {32 vars in 667 bytes} [Fri May 29 03:22:16 2026] GET /v2.0/vpn/ipsecpolicies => generated 417 bytes in 15 msecs (HTTP/1.1 200) 4 headers in 157 bytes (1 switches on core 0) [pid: 7|app: 0|req: 1128/2130] 10.0.0.184 () {32 vars in 685 bytes} [Fri May 29 03:22:16 2026] GET /v2.0/vpn/ipsec-site-connections => generated 796 bytes in 17 msecs (HTTP/1.1 200) 4 headers in 157 bytes (1 switches on core 0) [pid: 8|app: 0|req: 1003/2131] 10.0.0.184 () {32 vars in 663 bytes} [Fri May 29 03:22:16 2026] GET /v2.0/vpn/vpnservices => generated 861 bytes in 13 msecs (HTTP/1.1 200) 4 headers in 157 bytes (1 switches on core 0) [pid: 7|app: 0|req: 1129/2132] 10.0.0.184 () {32 vars in 745 bytes} [Fri May 29 03:22:16 2026] GET /v2.0/vpn/endpoint-groups/a3a8d984-44fe-4641-a698-5fc11a7a1911 => generated 328 bytes in 14 msecs (HTTP/1.1 200) 4 headers in 157 bytes (1 switches on core 0) [pid: 8|app: 0|req: 1004/2133] 10.0.0.184 () {32 vars in 745 bytes} [Fri May 29 03:22:16 2026] GET /v2.0/vpn/endpoint-groups/e198eac3-ba35-4cab-8c9c-f1ae22fd5f7f => generated 320 bytes in 16 msecs (HTTP/1.1 200) 4 headers in 157 bytes (1 switches on core 0) [pid: 7|app: 0|req: 1130/2134] 10.0.0.184 () {32 vars in 737 bytes} [Fri May 29 03:22:16 2026] GET /v2.0/vpn/ikepolicies/504678d6-6500-46d6-9a4c-e5ad16cc1fff => generated 403 bytes in 15 msecs (HTTP/1.1 200) 4 headers in 157 bytes (1 switches on core 0) [pid: 8|app: 0|req: 1005/2135] 10.0.0.184 () {32 vars in 741 bytes} [Fri May 29 03:22:16 2026] GET /v2.0/vpn/ipsecpolicies/1b26a600-5a45-4c1a-93f6-ae8de89145dd => generated 413 bytes in 11 msecs (HTTP/1.1 200) 4 headers in 157 bytes (1 switches on core 0) [pid: 7|app: 0|req: 1131/2136] 10.0.0.184 () {32 vars in 737 bytes} [Fri May 29 03:22:16 2026] GET /v2.0/vpn/vpnservices/6615a43e-a36e-41db-91d4-21eaf0d15bed => generated 449 bytes in 13 msecs (HTTP/1.1 200) 4 headers in 157 bytes (1 switches on core 0)
2026-05-29 03:22:17.051 8 INFO neutron.db.ovn_revision_numbers_db [None req-31cfcfe3-937a-4204-9d5d-c5b7f3e534c4 504ea02e538a4004891553ed79edd12d b11c78adaaa440089d2e9d850d72149f - - default default] Successfully bumped revision number for resource 49a534a7-8a9b-4a38-8425-b73c78aa9b7c (type: routers) to 10 [pid: 8|app: 0|req: 1006/2137] 10.0.0.184 () {32 vars in 762 bytes} [Fri May 29 03:22:16 2026] DELETE /v2.0/vpn/ipsec-site-connections/64321c3b-b60e-465a-ba5c-ebfeb4aa821b => generated 0 bytes in 610 msecs (HTTP/1.1 204) 2 headers in 112 bytes (1 switches on core 0) [pid: 8|app: 0|req: 1007/2138] 10.0.0.77 () {34 vars in 989 bytes} [Fri May 29 03:22:17 2026] GET /v2.0/ports?device_id=1980ca62-e47d-49fb-addf-823dc8f2918f => generated 12 bytes in 25 msecs (HTTP/1.1 200) 4 headers in 156 bytes (1 switches on core 0)
2026-05-29 03:22:17.138 7 INFO neutron.db.ovn_revision_numbers_db [None req-3724a223-5533-4a74-8288-73a67173fa26 184f3b1556554017beab15c64041f700 ad5e2aeadfe44688b514f9e2279adcc1 - - default default] Successfully bumped revision number for resource eb8ff9e6-04d7-4141-90e0-ae5ede140c7f (type: security_groups) to 1 [pid: 8|app: 0|req: 1008/2139] 10.0.0.184 () {32 vars in 748 bytes} [Fri May 29 03:22:17 2026] DELETE /v2.0/vpn/endpoint-groups/a3a8d984-44fe-4641-a698-5fc11a7a1911 => generated 0 bytes in 41 msecs (HTTP/1.1 204) 2 headers in 112 bytes (1 switches on core 0)
2026-05-29 03:22:17.151 7 INFO neutron.db.ovn_revision_numbers_db [None req-3724a223-5533-4a74-8288-73a67173fa26 184f3b1556554017beab15c64041f700 ad5e2aeadfe44688b514f9e2279adcc1 - - default default] Successfully bumped revision number for resource 49b00e80-1f0c-4535-9db5-c941e9984ce3 (type: security_group_rules) to 0
2026-05-29 03:22:17.164 7 INFO neutron.db.ovn_revision_numbers_db [None req-3724a223-5533-4a74-8288-73a67173fa26 184f3b1556554017beab15c64041f700 ad5e2aeadfe44688b514f9e2279adcc1 - - default default] Successfully bumped revision number for resource 5bf69136-5024-439b-abce-5d7f2aa980dc (type: security_group_rules) to 0
2026-05-29 03:22:17.180 7 INFO neutron.db.ovn_revision_numbers_db [None req-3724a223-5533-4a74-8288-73a67173fa26 184f3b1556554017beab15c64041f700 ad5e2aeadfe44688b514f9e2279adcc1 - - default default] Successfully bumped revision number for resource 72817bc0-8bcb-4ba6-8091-42b766d67906 (type: security_group_rules) to 0 [pid: 8|app: 0|req: 1009/2140] 10.0.0.184 () {32 vars in 748 bytes} [Fri May 29 03:22:17 2026] DELETE /v2.0/vpn/endpoint-groups/e198eac3-ba35-4cab-8c9c-f1ae22fd5f7f => generated 0 bytes in 35 msecs (HTTP/1.1 204) 2 headers in 112 bytes (1 switches on core 0)
2026-05-29 03:22:17.191 7 INFO neutron.db.ovn_revision_numbers_db [None req-3724a223-5533-4a74-8288-73a67173fa26 184f3b1556554017beab15c64041f700 ad5e2aeadfe44688b514f9e2279adcc1 - - default default] Successfully bumped revision number for resource 732f4db6-df02-447b-bbd0-9be9229d9119 (type: security_group_rules) to 0 [pid: 8|app: 0|req: 1010/2141] 10.0.0.184 () {32 vars in 744 bytes} [Fri May 29 03:22:17 2026] DELETE /v2.0/vpn/ipsecpolicies/1b26a600-5a45-4c1a-93f6-ae8de89145dd => generated 0 bytes in 24 msecs (HTTP/1.1 204) 2 headers in 112 bytes (1 switches on core 0) [pid: 8|app: 0|req: 1011/2142] 10.0.0.184 () {32 vars in 740 bytes} [Fri May 29 03:22:17 2026] DELETE /v2.0/vpn/ikepolicies/504678d6-6500-46d6-9a4c-e5ad16cc1fff => generated 0 bytes in 25 msecs (HTTP/1.1 204) 2 headers in 112 bytes (1 switches on core 0)
2026-05-29 03:22:17.265 7 INFO neutron.db.segments_db [None req-3724a223-5533-4a74-8288-73a67173fa26 184f3b1556554017beab15c64041f700 ad5e2aeadfe44688b514f9e2279adcc1 - - default default] Added segment 07c9cc0f-0da5-46e8-9bfa-0bf7d2b61447 of type geneve for network 45118277-623b-4fcf-b904-50559eb6a472 [pid: 8|app: 0|req: 1012/2143] 10.0.0.184 () {32 vars in 740 bytes} [Fri May 29 03:22:17 2026] DELETE /v2.0/vpn/vpnservices/6615a43e-a36e-41db-91d4-21eaf0d15bed => generated 0 bytes in 59 msecs (HTTP/1.1 204) 2 headers in 112 bytes (1 switches on core 0)
2026-05-29 03:22:17.388 7 INFO neutron.db.ovn_revision_numbers_db [None req-3724a223-5533-4a74-8288-73a67173fa26 184f3b1556554017beab15c64041f700 ad5e2aeadfe44688b514f9e2279adcc1 - - default default] Successfully bumped revision number for resource 45118277-623b-4fcf-b904-50559eb6a472 (type: networks) to 1
2026-05-29 03:22:17.537 8 INFO neutron_taas.services.taas.taas_plugin [None req-e27b3f56-64a8-4363-8f37-162151c4f0dc 504ea02e538a4004891553ed79edd12d b11c78adaaa440089d2e9d850d72149f - - default default] TaaS: Handle Delete Port: 4f201a94-d0ea-4c9b-a1f8-350bc159c5db
2026-05-29 03:22:17.540 8 INFO neutron_taas.services.taas.tap_mirror_plugin [None req-e27b3f56-64a8-4363-8f37-162151c4f0dc 504ea02e538a4004891553ed79edd12d b11c78adaaa440089d2e9d850d72149f - - default default] Tap Mirror: Handle Delete Port: 4f201a94-d0ea-4c9b-a1f8-350bc159c5db
2026-05-29 03:22:17.584 7 WARNING neutron.scheduler.dhcp_agent_scheduler [None req-3724a223-5533-4a74-8288-73a67173fa26 184f3b1556554017beab15c64041f700 ad5e2aeadfe44688b514f9e2279adcc1 - - default default] No more DHCP agents
2026-05-29 03:22:17.585 7 WARNING neutron.api.rpc.agentnotifiers.dhcp_rpc_agent_api [None req-3724a223-5533-4a74-8288-73a67173fa26 184f3b1556554017beab15c64041f700 ad5e2aeadfe44688b514f9e2279adcc1 - - default default] Unable to schedule network 45118277-623b-4fcf-b904-50559eb6a472: no agents available; will retry on subsequent port and subnet creation events.
2026-05-29 03:22:17.662 8 INFO neutron.plugins.ml2.drivers.ovn.mech_driver.mech_driver [None req-1cd89d98-ea4b-409e-8a23-19c242bf5808 - - - - - -] OVN reports status down for port: 6e8cbd73-767b-4ef4-9bf5-1886da0fdc12
2026-05-29 03:22:17.670 7 INFO neutron.db.ovn_revision_numbers_db [None req-3724a223-5533-4a74-8288-73a67173fa26 184f3b1556554017beab15c64041f700 ad5e2aeadfe44688b514f9e2279adcc1 - - default default] Successfully bumped revision number for resource 6e8cbd73-767b-4ef4-9bf5-1886da0fdc12 (type: ports) to 1 [pid: 7|app: 0|req: 1132/2144] 10.0.0.184 () {34 vars in 671 bytes} [Fri May 29 03:22:16 2026] POST /v2.0/networks => generated 670 bytes in 894 msecs (HTTP/1.1 201) 4 headers in 162 bytes (1 switches on core 0)
2026-05-29 03:22:17.918 8 INFO neutron_taas.services.taas.taas_plugin [None req-55a16df3-c361-4e4c-9eef-2b0a2eb19054 - - - - - -] TaaS: Handle Delete Port: b3bec0d6-7638-43d3-b2e6-fbaa53807f67
2026-05-29 03:22:17.921 8 INFO neutron_taas.services.taas.tap_mirror_plugin [None req-55a16df3-c361-4e4c-9eef-2b0a2eb19054 - - - - - -] Tap Mirror: Handle Delete Port: b3bec0d6-7638-43d3-b2e6-fbaa53807f67
2026-05-29 03:22:18.244 7 WARNING neutron.scheduler.dhcp_agent_scheduler [None req-8ff46dd3-19fe-47e5-b09c-b3bd1548d75d 184f3b1556554017beab15c64041f700 ad5e2aeadfe44688b514f9e2279adcc1 - - default default] No more DHCP agents
2026-05-29 03:22:18.245 7 WARNING neutron.api.rpc.agentnotifiers.dhcp_rpc_agent_api [None req-8ff46dd3-19fe-47e5-b09c-b3bd1548d75d 184f3b1556554017beab15c64041f700 ad5e2aeadfe44688b514f9e2279adcc1 - - default default] Unable to schedule network b41c4d3d-2f2b-45a3-b28a-9a00a1fa5ff3: no agents available; will retry on subsequent port and subnet creation events.
2026-05-29 03:22:18.391 7 INFO neutron.db.ovn_revision_numbers_db [None req-8ff46dd3-19fe-47e5-b09c-b3bd1548d75d 184f3b1556554017beab15c64041f700 ad5e2aeadfe44688b514f9e2279adcc1 - - default default] Successfully bumped revision number for resource 238c5437-d615-4abd-bf12-3b4414b83660 (type: ports) to 1
2026-05-29 03:22:18.418 8 INFO neutron.plugins.ml2.drivers.ovn.mech_driver.mech_driver [None req-1cd89d98-ea4b-409e-8a23-19c242bf5808 - - - - - -] OVN reports status down for port: 238c5437-d615-4abd-bf12-3b4414b83660
2026-05-29 03:22:18.520 8 INFO neutron_taas.services.taas.taas_plugin [None req-79da9f00-d23a-4d9e-bef9-c5f932a53df4 - - - - - -] TaaS: Handle Delete Port: bd24fe10-9c8f-46b0-8b45-e1c882294f45
2026-05-29 03:22:18.527 8 INFO neutron_taas.services.taas.tap_mirror_plugin [None req-79da9f00-d23a-4d9e-bef9-c5f932a53df4 - - - - - -] Tap Mirror: Handle Delete Port: bd24fe10-9c8f-46b0-8b45-e1c882294f45
2026-05-29 03:22:19.137 7 INFO neutron.plugins.ml2.drivers.ovn.mech_driver.ovsdb.commands [None req-05926ac7-71d8-4ecc-9646-90c022349e34 - - - - - -] Schedule LRP lrp-238c5437-d615-4abd-bf12-3b4414b83660 on gateway 3e780ada-26c8-457e-b648-733ebb24d612 with priority 1
2026-05-29 03:22:19.224 7 INFO neutron.plugins.ml2.drivers.ovn.mech_driver.ovsdb.ovsdb_monitor [None req-8db0a7e4-748f-4084-a066-1d57e2c219aa - - - - - -] Router f8fde0c0-1537-4dee-9aac-840c5836ad6d is bound to host instance
2026-05-29 03:22:19.233 7 INFO neutron.db.ovn_revision_numbers_db [None req-8ff46dd3-19fe-47e5-b09c-b3bd1548d75d 184f3b1556554017beab15c64041f700 ad5e2aeadfe44688b514f9e2279adcc1 - - default default] Successfully bumped revision number for resource 238c5437-d615-4abd-bf12-3b4414b83660 (type: router_ports) to 1
2026-05-29 03:22:19.237 8 INFO neutron.plugins.ml2.drivers.ovn.mech_driver.mech_driver [None req-1cd89d98-ea4b-409e-8a23-19c242bf5808 - - - - - -] OVN reports status up for port: 238c5437-d615-4abd-bf12-3b4414b83660
2026-05-29 03:22:19.291 8 INFO neutron.plugins.ml2.plugin [None req-1cd89d98-ea4b-409e-8a23-19c242bf5808 - - - - - -] Attempt 1 to provision port 238c5437-d615-4abd-bf12-3b4414b83660
2026-05-29 03:22:19.381 7 INFO neutron.db.ovn_revision_numbers_db [None req-8ff46dd3-19fe-47e5-b09c-b3bd1548d75d 184f3b1556554017beab15c64041f700 ad5e2aeadfe44688b514f9e2279adcc1 - - default default] Successfully bumped revision number for resource f8fde0c0-1537-4dee-9aac-840c5836ad6d (type: routers) to 2 [pid: 7|app: 0|req: 1133/2145] 10.0.0.184 () {34 vars in 669 bytes} [Fri May 29 03:22:17 2026] POST /v2.0/routers => generated 954 bytes in 1716 msecs (HTTP/1.1 201) 4 headers in 162 bytes (1 switches on core 0) [pid: 7|app: 0|req: 1134/2146] 10.0.0.77 () {34 vars in 989 bytes} [Fri May 29 03:22:19 2026] GET /v2.0/ports?device_id=1980ca62-e47d-49fb-addf-823dc8f2918f => generated 12 bytes in 52 msecs (HTTP/1.1 200) 4 headers in 156 bytes (1 switches on core 0) [pid: 7|app: 0|req: 1137/2149] 10.0.0.184 () {32 vars in 776 bytes} [Fri May 29 03:22:19 2026] GET /v2.0/subnets?project_id=ad5e2aeadfe44688b514f9e2279adcc1&cidr=10.100.0.0%2F28 => generated 14 bytes in 72 msecs (HTTP/1.1 200) 4 headers in 156 bytes (1 switches on core 0)
2026-05-29 03:22:19.635 7 WARNING neutron.plugins.ml2.drivers.ovn.mech_driver.ovsdb.ovn_client [None req-5a569bdf-c984-498f-9fe9-a1ee2f01d9d9 - - - - - -] No port found with ID 077d47ae-02b0-4c4c-a163-b0df430448fd: RuntimeError: No port found with ID 077d47ae-02b0-4c4c-a163-b0df430448fd [pid: 7|app: 0|req: 1138/2150] 10.0.0.184 () {32 vars in 694 bytes} [Fri May 29 03:22:19 2026] GET /v2.0/networks?router%3Aexternal=True => generated 791 bytes in 105 msecs (HTTP/1.1 200) 4 headers in 157 bytes (1 switches on core 0)
2026-05-29 03:22:19.674 8 INFO neutron_taas.services.taas.taas_plugin [None req-79da9f00-d23a-4d9e-bef9-c5f932a53df4 - - - - - -] TaaS: Handle Delete Port: f89e6ecf-ac1e-4ca6-8a5b-a07a4140f757
2026-05-29 03:22:19.678 8 INFO neutron_taas.services.taas.tap_mirror_plugin [None req-79da9f00-d23a-4d9e-bef9-c5f932a53df4 - - - - - -] Tap Mirror: Handle Delete Port: f89e6ecf-ac1e-4ca6-8a5b-a07a4140f757 [pid: 7|app: 0|req: 1139/2151] 10.0.0.184 () {32 vars in 784 bytes} [Fri May 29 03:22:19 2026] GET /v2.0/subnets?network_id=b41c4d3d-2f2b-45a3-b28a-9a00a1fa5ff3&cidr=10.100.0.0%2F28 => generated 14 bytes in 33 msecs (HTTP/1.1 200) 4 headers in 156 bytes (1 switches on core 0)
2026-05-29 03:22:19.883 8 INFO neutron.services.segments.plugin [-] Segment cace08cd-3ac6-425e-9a9e-55d83586b809 resource provider aggregate not found
2026-05-29 03:22:19.887 8 INFO neutron.services.segments.plugin [-] Segment cace08cd-3ac6-425e-9a9e-55d83586b809 resource provider aggregate not found
2026-05-29 03:22:19.906 8 INFO neutron.services.segments.plugin [-] Segment cace08cd-3ac6-425e-9a9e-55d83586b809 resource provider not found; error: Placement Client Error (4xx): {"errors": [{"status": 404, "title": "Not Found", "detail": "The resource could not be found.\n\n No resource provider with uuid cace08cd-3ac6-425e-9a9e-55d83586b809 found for delete ", "request_id": "req-44377bcb-0374-47d0-b7f6-796e4b676632"}]}
2026-05-29 03:22:19.909 8 INFO neutron.services.segments.plugin [-] Segment cace08cd-3ac6-425e-9a9e-55d83586b809 resource provider not found; error: Placement Client Error (4xx): {"errors": [{"status": 404, "title": "Not Found", "detail": "The resource could not be found.\n\n No resource provider with uuid cace08cd-3ac6-425e-9a9e-55d83586b809 found for delete ", "request_id": "req-14a7d5b3-e9bd-48ac-bb7f-8b7d9cb0eb12"}]} [pid: 8|app: 0|req: 1013/2152] 10.0.0.184 () {32 vars in 740 bytes} [Fri May 29 03:22:17 2026] DELETE /v2.0/vpn/vpnservices/5d1aaf82-3e0b-4e41-a70b-6c41136a2c1a => generated 0 bytes in 2635 msecs (HTTP/1.1 204) 2 headers in 112 bytes (1 switches on core 0) /var/lib/openstack/lib/python3.12/site-packages/pycadf/identifier.py:70: UserWarning: Invalid uuid: neutron. To ensure interoperability, identifiers should be a valid uuid. warnings.warn(('Invalid uuid: %s. To ensure interoperability, ' [pid: 8|app: 0|req: 1014/2153] 10.0.0.184 () {32 vars in 721 bytes} [Fri May 29 03:22:19 2026] GET /v2.0/routers/49a534a7-8a9b-4a38-8425-b73c78aa9b7c => generated 943 bytes in 83 msecs (HTTP/1.1 200) 4 headers in 157 bytes (1 switches on core 0)
2026-05-29 03:22:20.143 7 WARNING neutron.scheduler.dhcp_agent_scheduler [None req-005b7393-7775-4e49-b576-88ffb9097025 184f3b1556554017beab15c64041f700 ad5e2aeadfe44688b514f9e2279adcc1 - - default default] No more DHCP agents
2026-05-29 03:22:20.146 7 WARNING neutron.api.rpc.agentnotifiers.dhcp_rpc_agent_api [None req-005b7393-7775-4e49-b576-88ffb9097025 184f3b1556554017beab15c64041f700 ad5e2aeadfe44688b514f9e2279adcc1 - - default default] Unable to schedule network 45118277-623b-4fcf-b904-50559eb6a472: no agents available; will retry on subsequent port and subnet creation events.
2026-05-29 03:22:20.742 8 INFO neutron.db.ovn_revision_numbers_db [None req-3efcf1bb-b280-4df3-9e2f-77d504540afe 504ea02e538a4004891553ed79edd12d b11c78adaaa440089d2e9d850d72149f - - default default] Successfully bumped revision number for resource 49a534a7-8a9b-4a38-8425-b73c78aa9b7c (type: routers) to 11 [pid: 8|app: 0|req: 1015/2154] 10.0.0.184 () {34 vars in 742 bytes} [Fri May 29 03:22:20 2026] PUT /v2.0/routers/49a534a7-8a9b-4a38-8425-b73c78aa9b7c => generated 943 bytes in 705 msecs (HTTP/1.1 200) 4 headers in 157 bytes (1 switches on core 0) [pid: 8|app: 0|req: 1016/2155] 10.0.0.184 () {32 vars in 736 bytes} [Fri May 29 03:22:20 2026] GET /v2.0/ports?device_id=49a534a7-8a9b-4a38-8425-b73c78aa9b7c => generated 946 bytes in 107 msecs (HTTP/1.1 200) 4 headers in 157 bytes (1 switches on core 0)
2026-05-29 03:22:20.909 7 INFO neutron.db.ovn_revision_numbers_db [None req-72c5f7e0-4865-4e80-bea8-90f06d266ce9 - - - - - -] Successfully bumped revision number for resource 238c5437-d615-4abd-bf12-3b4414b83660 (type: ports) to 4
2026-05-29 03:22:21.012 7 INFO neutron.db.ovn_revision_numbers_db [None req-50d3228d-6afa-40aa-8c1b-7b2b6c6d1eb1 - - - - - -] Successfully bumped revision number for resource 6e8cbd73-767b-4ef4-9bf5-1886da0fdc12 (type: ports) to 2
2026-05-29 03:22:21.091 7 INFO neutron.db.ovn_revision_numbers_db [None req-50d3228d-6afa-40aa-8c1b-7b2b6c6d1eb1 - - - - - -] Successfully bumped revision number for resource 852f4d43-797d-4575-81c1-f00571ff1be3 (type: subnets) to 0 [pid: 7|app: 0|req: 1140/2156] 10.0.0.184 () {34 vars in 669 bytes} [Fri May 29 03:22:19 2026] POST /v2.0/subnets => generated 657 bytes in 1418 msecs (HTTP/1.1 201) 4 headers in 162 bytes (1 switches on core 0)
2026-05-29 03:22:21.199 8 INFO neutron_taas.services.taas.taas_plugin [None req-cb93afe1-218c-4ad9-9a78-6efdb3bd08d5 504ea02e538a4004891553ed79edd12d b11c78adaaa440089d2e9d850d72149f - - default default] TaaS: Handle Delete Port: af6638d5-f64b-4fa6-ac81-8f38c46c743b
2026-05-29 03:22:21.202 8 INFO neutron_taas.services.taas.tap_mirror_plugin [None req-cb93afe1-218c-4ad9-9a78-6efdb3bd08d5 504ea02e538a4004891553ed79edd12d b11c78adaaa440089d2e9d850d72149f - - default default] Tap Mirror: Handle Delete Port: af6638d5-f64b-4fa6-ac81-8f38c46c743b
2026-05-29 03:22:21.491 7 INFO neutron.db.ovn_revision_numbers_db [None req-72c5f7e0-4865-4e80-bea8-90f06d266ce9 - - - - - -] Successfully bumped revision number for resource 238c5437-d615-4abd-bf12-3b4414b83660 (type: ports) to 5 [pid: 8|app: 0|req: 1017/2157] 10.0.0.184 () {34 vars in 789 bytes} [Fri May 29 03:22:20 2026] PUT /v2.0/routers/49a534a7-8a9b-4a38-8425-b73c78aa9b7c/remove_router_interface => generated 309 bytes in 934 msecs (HTTP/1.1 200) 4 headers in 157 bytes (1 switches on core 0) /var/lib/openstack/lib/python3.12/site-packages/pycadf/identifier.py:70: UserWarning: Invalid uuid: neutron. To ensure interoperability, identifiers should be a valid uuid. warnings.warn(('Invalid uuid: %s. To ensure interoperability, '
2026-05-29 03:22:21.900 7 WARNING neutron.scheduler.dhcp_agent_scheduler [None req-7303076d-502b-4c7d-932e-8eccd9956450 184f3b1556554017beab15c64041f700 ad5e2aeadfe44688b514f9e2279adcc1 - - default default] No more DHCP agents
2026-05-29 03:22:21.901 7 WARNING neutron.api.rpc.agentnotifiers.dhcp_rpc_agent_api [None req-7303076d-502b-4c7d-932e-8eccd9956450 184f3b1556554017beab15c64041f700 ad5e2aeadfe44688b514f9e2279adcc1 - - default default] Unable to schedule network 45118277-623b-4fcf-b904-50559eb6a472: no agents available; will retry on subsequent port and subnet creation events.
2026-05-29 03:22:22.024 7 INFO neutron.plugins.ml2.drivers.ovn.mech_driver.mech_driver [None req-5a569bdf-c984-498f-9fe9-a1ee2f01d9d9 - - - - - -] OVN reports status down for port: 469f43fe-cd52-4584-9520-c6741a1e440d
2026-05-29 03:22:22.088 7 INFO neutron.db.ovn_revision_numbers_db [None req-7303076d-502b-4c7d-932e-8eccd9956450 184f3b1556554017beab15c64041f700 ad5e2aeadfe44688b514f9e2279adcc1 - - default default] Successfully bumped revision number for resource 469f43fe-cd52-4584-9520-c6741a1e440d (type: ports) to 1
2026-05-29 03:22:22.146 8 INFO neutron_taas.services.taas.taas_plugin [None req-ac3fc577-7ace-4da4-94ee-89ec5f6820b5 9799a5e6a9794b1296a10076adcb30b5 98e36b55a65f43cfb244c50f7f2cbebd - - default default] TaaS: Handle Delete Port: 6206b9b8-99d6-4764-a0fa-c3bd605e6325
