2026-05-29 03:21:32.359 7 INFO neutron.db.ovn_revision_numbers_db [None req-618dddd9-6df1-469a-af92-f7487dac8bdd 1245c0e0f81243f7b50bd130aa5e1623 c19c78e9c74540eaa24ea68303465c4b - - default default] Successfully bumped revision number for resource 33286ac1-4862-4bd9-8e07-b4d7e1da1b78 (type: ports) to 1
2026-05-29 03:21:32.375 8 INFO neutron.plugins.ml2.drivers.ovn.mech_driver.mech_driver [None req-2a868048-765d-4aac-a2aa-3b458bedd068 - - - - - -] OVN reports status down for port: 33286ac1-4862-4bd9-8e07-b4d7e1da1b78
2026-05-29 03:21:32.438 7 INFO neutron.db.ovn_revision_numbers_db [None req-618dddd9-6df1-469a-af92-f7487dac8bdd 1245c0e0f81243f7b50bd130aa5e1623 c19c78e9c74540eaa24ea68303465c4b - - default default] Successfully bumped revision number for resource 8b30606e-e935-46bf-abd3-76c9f993a272 (type: networks) to 1
2026-05-29 03:21:32.610 7 WARNING neutron.scheduler.dhcp_agent_scheduler [None req-618dddd9-6df1-469a-af92-f7487dac8bdd 1245c0e0f81243f7b50bd130aa5e1623 c19c78e9c74540eaa24ea68303465c4b - - default default] No more DHCP agents
2026-05-29 03:21:32.612 7 WARNING neutron.api.rpc.agentnotifiers.dhcp_rpc_agent_api [None req-618dddd9-6df1-469a-af92-f7487dac8bdd 1245c0e0f81243f7b50bd130aa5e1623 c19c78e9c74540eaa24ea68303465c4b - - default default] Unable to schedule network 8b30606e-e935-46bf-abd3-76c9f993a272: no agents available; will retry on subsequent port and subnet creation events.
2026-05-29 03:21:32.704 7 INFO neutron.db.ovn_revision_numbers_db [None req-618dddd9-6df1-469a-af92-f7487dac8bdd 1245c0e0f81243f7b50bd130aa5e1623 c19c78e9c74540eaa24ea68303465c4b - - default default] Successfully bumped revision number for resource 708e69a1-656d-4795-aa08-51a730e7f6fb (type: ports) to 1 [pid: 7|app: 0|req: 957/1847] 10.0.0.184 () {34 vars in 670 bytes} [Fri May 29 03:21:31 2026] POST /v2.0/networks => generated 1320 bytes in 1589 msecs (HTTP/1.1 201) 4 headers in 163 bytes (1 switches on core 0) [pid: 7|app: 0|req: 958/1848] 10.0.0.184 () {32 vars in 673 bytes} [Fri May 29 03:21:32 2026] GET /v2.0/security-group-rules => generated 4138 bytes in 80 msecs (HTTP/1.1 200) 4 headers in 158 bytes (1 switches on core 0)
2026-05-29 03:21:32.830 8 WARNING neutron.scheduler.dhcp_agent_scheduler [None req-b9cb0570-ebde-46cf-a8c9-5103c7fdc983 - - - - - -] No more DHCP agents
2026-05-29 03:21:32.832 8 WARNING neutron.api.rpc.agentnotifiers.dhcp_rpc_agent_api [None req-b9cb0570-ebde-46cf-a8c9-5103c7fdc983 - - - - - -] Unable to schedule network b41c4d3d-2f2b-45a3-b28a-9a00a1fa5ff3: no agents available; will retry on subsequent port and subnet creation events.
2026-05-29 03:21:32.979 8 INFO neutron.db.ovn_revision_numbers_db [None req-b9cb0570-ebde-46cf-a8c9-5103c7fdc983 - - - - - -] Successfully bumped revision number for resource 6c2bed5c-059d-4697-a5c6-f42721a07ab5 (type: ports) to 1
2026-05-29 03:21:33.102 7 INFO neutron.db.ovn_revision_numbers_db [None req-098b7de7-acb9-4552-ab19-ea8159c5cc44 86ab91a178b3493b90bed4a5f2b0f3cb 6a03ae3343244e56aa9de24b5d829209 - - default default] Successfully bumped revision number for resource 68c9817a-36fa-4276-9a5b-e868e9146419 (type: security_groups) to 1
2026-05-29 03:21:33.113 7 INFO neutron.db.ovn_revision_numbers_db [None req-098b7de7-acb9-4552-ab19-ea8159c5cc44 86ab91a178b3493b90bed4a5f2b0f3cb 6a03ae3343244e56aa9de24b5d829209 - - default default] Successfully bumped revision number for resource 1532ca44-824a-46b4-b7ea-bc978fbe1d88 (type: security_group_rules) to 0
2026-05-29 03:21:33.127 7 INFO neutron.db.ovn_revision_numbers_db [None req-098b7de7-acb9-4552-ab19-ea8159c5cc44 86ab91a178b3493b90bed4a5f2b0f3cb 6a03ae3343244e56aa9de24b5d829209 - - default default] Successfully bumped revision number for resource 601854d4-71ac-4c3f-9a7a-b66016e0dd19 (type: security_group_rules) to 0
2026-05-29 03:21:33.140 7 INFO neutron.db.ovn_revision_numbers_db [None req-098b7de7-acb9-4552-ab19-ea8159c5cc44 86ab91a178b3493b90bed4a5f2b0f3cb 6a03ae3343244e56aa9de24b5d829209 - - default default] Successfully bumped revision number for resource 966863fc-5289-4167-a094-9fa8219ea429 (type: security_group_rules) to 0
2026-05-29 03:21:33.151 7 INFO neutron.db.ovn_revision_numbers_db [None req-098b7de7-acb9-4552-ab19-ea8159c5cc44 86ab91a178b3493b90bed4a5f2b0f3cb 6a03ae3343244e56aa9de24b5d829209 - - default default] Successfully bumped revision number for resource d70c36a0-9197-40f8-b3aa-2e765d09a909 (type: security_group_rules) to 0
2026-05-29 03:21:33.220 8 INFO neutron.db.ovn_revision_numbers_db [None req-b9cb0570-ebde-46cf-a8c9-5103c7fdc983 - - - - - -] Successfully bumped revision number for resource 6c2bed5c-059d-4697-a5c6-f42721a07ab5 (type: ports) to 3
2026-05-29 03:21:33.257 7 INFO neutron.db.segments_db [None req-098b7de7-acb9-4552-ab19-ea8159c5cc44 86ab91a178b3493b90bed4a5f2b0f3cb 6a03ae3343244e56aa9de24b5d829209 - - default default] Added segment 648fd9e6-8121-4abd-a2b0-367c2701828f of type geneve for network 506703b8-781c-47c6-bc46-8a5b6f45b00b
2026-05-29 03:21:33.307 8 INFO neutron.db.segments_db [None req-b9cb0570-ebde-46cf-a8c9-5103c7fdc983 - - - - - -] Added segment 5b953181-ae7e-48e3-ab9b-6c165eb1d67c of type geneve for network f689601f-fa1a-4479-8fd0-35e3c8b2e6a6
2026-05-29 03:21:33.378 7 INFO neutron.db.segments_db [None req-098b7de7-acb9-4552-ab19-ea8159c5cc44 86ab91a178b3493b90bed4a5f2b0f3cb 6a03ae3343244e56aa9de24b5d829209 - - default default] Added segment c4f10449-1ba7-429e-9465-936e72215f4b of type geneve for network 06263aa1-f1da-4855-a64a-0f31b7f1d7f7
2026-05-29 03:21:33.473 8 INFO neutron.db.ovn_revision_numbers_db [None req-5c918174-4ca5-474a-ad13-62c1051b2d7f - - - - - -] Successfully bumped revision number for resource f689601f-fa1a-4479-8fd0-35e3c8b2e6a6 (type: networks) to 1
2026-05-29 03:21:33.569 7 INFO neutron.db.ovn_revision_numbers_db [None req-098b7de7-acb9-4552-ab19-ea8159c5cc44 86ab91a178b3493b90bed4a5f2b0f3cb 6a03ae3343244e56aa9de24b5d829209 - - default default] Successfully bumped revision number for resource 506703b8-781c-47c6-bc46-8a5b6f45b00b (type: networks) to 1
2026-05-29 03:21:33.662 8 WARNING neutron.scheduler.dhcp_agent_scheduler [None req-5c918174-4ca5-474a-ad13-62c1051b2d7f - - - - - -] No more DHCP agents
2026-05-29 03:21:33.663 8 WARNING neutron.api.rpc.agentnotifiers.dhcp_rpc_agent_api [None req-5c918174-4ca5-474a-ad13-62c1051b2d7f - - - - - -] Unable to schedule network f689601f-fa1a-4479-8fd0-35e3c8b2e6a6: no agents available; will retry on subsequent port and subnet creation events.
2026-05-29 03:21:33.730 8 INFO neutron.plugins.ml2.drivers.ovn.mech_driver.mech_driver [None req-2a868048-765d-4aac-a2aa-3b458bedd068 - - - - - -] OVN reports status down for port: 5359ef3f-295d-44a3-901a-cd53af1b5a76
2026-05-29 03:21:33.765 7 WARNING neutron.scheduler.dhcp_agent_scheduler [None req-098b7de7-acb9-4552-ab19-ea8159c5cc44 86ab91a178b3493b90bed4a5f2b0f3cb 6a03ae3343244e56aa9de24b5d829209 - - default default] No more DHCP agents
2026-05-29 03:21:33.767 7 WARNING neutron.api.rpc.agentnotifiers.dhcp_rpc_agent_api [None req-098b7de7-acb9-4552-ab19-ea8159c5cc44 86ab91a178b3493b90bed4a5f2b0f3cb 6a03ae3343244e56aa9de24b5d829209 - - default default] Unable to schedule network 506703b8-781c-47c6-bc46-8a5b6f45b00b: no agents available; will retry on subsequent port and subnet creation events.
2026-05-29 03:21:33.793 8 INFO neutron.db.ovn_revision_numbers_db [None req-5c918174-4ca5-474a-ad13-62c1051b2d7f - - - - - -] Successfully bumped revision number for resource 5359ef3f-295d-44a3-901a-cd53af1b5a76 (type: ports) to 1
2026-05-29 03:21:33.866 7 INFO neutron.db.ovn_revision_numbers_db [None req-098b7de7-acb9-4552-ab19-ea8159c5cc44 86ab91a178b3493b90bed4a5f2b0f3cb 6a03ae3343244e56aa9de24b5d829209 - - default default] Successfully bumped revision number for resource 0037db98-ef64-400a-823b-70eab98a8c9b (type: ports) to 1
2026-05-29 03:21:33.953 7 INFO neutron.db.ovn_revision_numbers_db [None req-098b7de7-acb9-4552-ab19-ea8159c5cc44 86ab91a178b3493b90bed4a5f2b0f3cb 6a03ae3343244e56aa9de24b5d829209 - - default default] Successfully bumped revision number for resource 06263aa1-f1da-4855-a64a-0f31b7f1d7f7 (type: networks) to 1
2026-05-29 03:21:33.980 8 WARNING neutron.scheduler.dhcp_agent_scheduler [None req-5c918174-4ca5-474a-ad13-62c1051b2d7f - - - - - -] No more DHCP agents
2026-05-29 03:21:33.982 8 WARNING neutron.api.rpc.agentnotifiers.dhcp_rpc_agent_api [None req-5c918174-4ca5-474a-ad13-62c1051b2d7f - - - - - -] Unable to schedule network f689601f-fa1a-4479-8fd0-35e3c8b2e6a6: no agents available; will retry on subsequent port and subnet creation events.
2026-05-29 03:21:34.004 8 INFO neutron.db.ovn_revision_numbers_db [None req-5c918174-4ca5-474a-ad13-62c1051b2d7f - - - - - -] Successfully bumped revision number for resource 18f83613-809a-4534-bc9f-75da94690d0b (type: subnets) to 0
2026-05-29 03:21:34.141 7 WARNING neutron.scheduler.dhcp_agent_scheduler [None req-098b7de7-acb9-4552-ab19-ea8159c5cc44 86ab91a178b3493b90bed4a5f2b0f3cb 6a03ae3343244e56aa9de24b5d829209 - - default default] No more DHCP agents
2026-05-29 03:21:34.143 7 WARNING neutron.api.rpc.agentnotifiers.dhcp_rpc_agent_api [None req-098b7de7-acb9-4552-ab19-ea8159c5cc44 86ab91a178b3493b90bed4a5f2b0f3cb 6a03ae3343244e56aa9de24b5d829209 - - default default] Unable to schedule network 06263aa1-f1da-4855-a64a-0f31b7f1d7f7: no agents available; will retry on subsequent port and subnet creation events.
2026-05-29 03:21:34.226 8 INFO neutron.plugins.ml2.drivers.ovn.mech_driver.mech_driver [None req-2a868048-765d-4aac-a2aa-3b458bedd068 - - - - - -] OVN reports status down for port: 9f1fa16f-ef78-4cd2-88f6-621e2a675e71
2026-05-29 03:21:34.234 7 INFO neutron.db.ovn_revision_numbers_db [None req-098b7de7-acb9-4552-ab19-ea8159c5cc44 86ab91a178b3493b90bed4a5f2b0f3cb 6a03ae3343244e56aa9de24b5d829209 - - default default] Successfully bumped revision number for resource 9f1fa16f-ef78-4cd2-88f6-621e2a675e71 (type: ports) to 1 [pid: 7|app: 0|req: 959/1849] 10.0.0.184 () {34 vars in 670 bytes} [Fri May 29 03:21:32 2026] POST /v2.0/networks => generated 1321 bytes in 1452 msecs (HTTP/1.1 201) 4 headers in 163 bytes (1 switches on core 0) [pid: 7|app: 0|req: 960/1850] 10.0.0.184 () {32 vars in 649 bytes} [Fri May 29 03:21:34 2026] GET /v2.0/networks => generated 1969 bytes in 87 msecs (HTTP/1.1 200) 4 headers in 158 bytes (1 switches on core 0) [pid: 7|app: 0|req: 961/1851] 10.0.0.184 () {32 vars in 750 bytes} [Fri May 29 03:21:34 2026] DELETE /v2.0/security-group-rules/24b74f0e-67ac-47bf-80c2-cbe42464151a => generated 0 bytes in 117 msecs (HTTP/1.1 204) 2 headers in 112 bytes (1 switches on core 0)
2026-05-29 03:21:34.502 8 WARNING neutron.scheduler.dhcp_agent_scheduler [None req-5c918174-4ca5-474a-ad13-62c1051b2d7f - - - - - -] No more DHCP agents
2026-05-29 03:21:34.504 8 WARNING neutron.api.rpc.agentnotifiers.dhcp_rpc_agent_api [None req-5c918174-4ca5-474a-ad13-62c1051b2d7f - - - - - -] Unable to schedule network f689601f-fa1a-4479-8fd0-35e3c8b2e6a6: no agents available; will retry on subsequent port and subnet creation events. [pid: 7|app: 0|req: 964/1854] 10.0.0.184 () {32 vars in 649 bytes} [Fri May 29 03:21:34 2026] GET /v2.0/networks => generated 1970 bytes in 77 msecs (HTTP/1.1 200) 4 headers in 158 bytes (1 switches on core 0)
2026-05-29 03:21:34.621 8 INFO neutron.plugins.ml2.drivers.ovn.mech_driver.mech_driver [None req-2a868048-765d-4aac-a2aa-3b458bedd068 - - - - - -] OVN reports status down for port: 3a858ab9-8754-489d-946e-251297778a1f
2026-05-29 03:21:34.683 8 INFO neutron.db.ovn_revision_numbers_db [None req-5c918174-4ca5-474a-ad13-62c1051b2d7f - - - - - -] Successfully bumped revision number for resource 3a858ab9-8754-489d-946e-251297778a1f (type: ports) to 1
2026-05-29 03:21:34.690 7 INFO neutron_taas.services.taas.taas_plugin [None req-7d8f7c06-3f5a-4ea6-9895-5ab65b9ace70 1245c0e0f81243f7b50bd130aa5e1623 c19c78e9c74540eaa24ea68303465c4b - - default default] TaaS: Handle Delete Port: 33286ac1-4862-4bd9-8e07-b4d7e1da1b78
2026-05-29 03:21:34.693 7 INFO neutron_taas.services.taas.tap_mirror_plugin [None req-7d8f7c06-3f5a-4ea6-9895-5ab65b9ace70 1245c0e0f81243f7b50bd130aa5e1623 c19c78e9c74540eaa24ea68303465c4b - - default default] Tap Mirror: Handle Delete Port: 33286ac1-4862-4bd9-8e07-b4d7e1da1b78
2026-05-29 03:21:34.907 7 WARNING neutron.plugins.ml2.drivers.ovn.mech_driver.ovsdb.ovn_client [None req-0d97b408-0336-4924-932e-f73993cd3435 - - - - - -] No hosting information found for port df4defb3-df9f-4102-9dfb-dc3977499126: RuntimeError: No hosting information found for port df4defb3-df9f-4102-9dfb-dc3977499126
2026-05-29 03:21:34.908 7 INFO neutron.plugins.ml2.drivers.ovn.mech_driver.mech_driver [None req-0d97b408-0336-4924-932e-f73993cd3435 - - - - - -] OVN reports status down for port: 85f34953-eca3-400d-8c38-0a88b6e0fd7a
2026-05-29 03:21:34.927 7 INFO neutron.services.segments.plugin [-] Segment f0552931-1804-4b2d-872d-7f6b537eff3a resource provider aggregate not found
2026-05-29 03:21:34.931 7 INFO neutron.services.segments.plugin [-] Segment f0552931-1804-4b2d-872d-7f6b537eff3a resource provider aggregate not found
2026-05-29 03:21:34.954 7 INFO neutron.services.segments.plugin [-] Segment f0552931-1804-4b2d-872d-7f6b537eff3a resource provider not found; error: Placement Client Error (4xx): {"errors": [{"status": 404, "title": "Not Found", "detail": "The resource could not be found.\n\n No resource provider with uuid f0552931-1804-4b2d-872d-7f6b537eff3a found for delete ", "request_id": "req-e4f7cd94-588b-49c7-b345-7f1c676eefbb"}]}
2026-05-29 03:21:34.957 7 INFO neutron.services.segments.plugin [-] Segment f0552931-1804-4b2d-872d-7f6b537eff3a resource provider not found; error: Placement Client Error (4xx): {"errors": [{"status": 404, "title": "Not Found", "detail": "The resource could not be found.\n\n No resource provider with uuid f0552931-1804-4b2d-872d-7f6b537eff3a found for delete ", "request_id": "req-e3cdfd61-6d02-46b3-9d5c-28ece80c6867"}]} [pid: 7|app: 0|req: 965/1855] 10.0.0.184 () {32 vars in 726 bytes} [Fri May 29 03:21:34 2026] DELETE /v2.0/networks/2c38fc08-8bc4-4057-bb0c-aaaf17c9df03 => generated 0 bytes in 445 msecs (HTTP/1.1 204) 3 headers in 131 bytes (1 switches on core 0)
2026-05-29 03:21:35.044 7 WARNING neutron.plugins.ml2.drivers.ovn.mech_driver.ovsdb.ovn_client [None req-0d97b408-0336-4924-932e-f73993cd3435 - - - - - -] Logical_Switch_Port 85f34953-eca3-400d-8c38-0a88b6e0fd7a host information not removed, the port state is up
2026-05-29 03:21:35.044 7 INFO neutron.plugins.ml2.drivers.ovn.mech_driver.mech_driver [None req-0d97b408-0336-4924-932e-f73993cd3435 - - - - - -] OVN reports status up for port: 85f34953-eca3-400d-8c38-0a88b6e0fd7a
2026-05-29 03:21:35.065 7 INFO neutron.plugins.ml2.plugin [None req-0d97b408-0336-4924-932e-f73993cd3435 - - - - - -] Attempt 1 to provision port 85f34953-eca3-400d-8c38-0a88b6e0fd7a [pid: 7|app: 0|req: 966/1856] 10.0.0.184 () {32 vars in 673 bytes} [Fri May 29 03:21:34 2026] GET /v2.0/security-group-rules => generated 3560 bytes in 90 msecs (HTTP/1.1 200) 4 headers in 158 bytes (1 switches on core 0)
2026-05-29 03:21:35.315 7 INFO neutron_taas.services.taas.taas_plugin [None req-e68a5f18-40b4-4f57-8b2f-88d2bdd6b373 86ab91a178b3493b90bed4a5f2b0f3cb 6a03ae3343244e56aa9de24b5d829209 - - default default] TaaS: Handle Delete Port: 0037db98-ef64-400a-823b-70eab98a8c9b
2026-05-29 03:21:35.321 7 INFO neutron_taas.services.taas.tap_mirror_plugin [None req-e68a5f18-40b4-4f57-8b2f-88d2bdd6b373 86ab91a178b3493b90bed4a5f2b0f3cb 6a03ae3343244e56aa9de24b5d829209 - - default default] Tap Mirror: Handle Delete Port: 0037db98-ef64-400a-823b-70eab98a8c9b
2026-05-29 03:21:35.364 8 INFO neutron.plugins.ml2.drivers.ovn.mech_driver.mech_driver [None req-2a868048-765d-4aac-a2aa-3b458bedd068 - - - - - -] OVN reports status up for port: 3a858ab9-8754-489d-946e-251297778a1f
2026-05-29 03:21:35.394 8 INFO neutron.plugins.ml2.plugin [None req-2a868048-765d-4aac-a2aa-3b458bedd068 - - - - - -] Attempt 1 to provision port 3a858ab9-8754-489d-946e-251297778a1f
2026-05-29 03:21:35.516 8 WARNING neutron.scheduler.dhcp_agent_scheduler [None req-5c918174-4ca5-474a-ad13-62c1051b2d7f - - - - - -] No more DHCP agents
2026-05-29 03:21:35.519 8 WARNING neutron.api.rpc.agentnotifiers.dhcp_rpc_agent_api [None req-5c918174-4ca5-474a-ad13-62c1051b2d7f - - - - - -] Unable to schedule network f689601f-fa1a-4479-8fd0-35e3c8b2e6a6: no agents available; will retry on subsequent port and subnet creation events. [pid: 7|app: 0|req: 967/1857] 10.0.0.184 () {32 vars in 726 bytes} [Fri May 29 03:21:35 2026] DELETE /v2.0/networks/506703b8-781c-47c6-bc46-8a5b6f45b00b => generated 0 bytes in 687 msecs (HTTP/1.1 204) 3 headers in 131 bytes (1 switches on core 0)
2026-05-29 03:21:35.778 7 INFO neutron.db.ovn_revision_numbers_db [None req-0d97b408-0336-4924-932e-f73993cd3435 - - - - - -] Successfully bumped revision number for resource 85f34953-eca3-400d-8c38-0a88b6e0fd7a (type: ports) to 2
2026-05-29 03:21:35.994 7 INFO neutron_taas.services.taas.taas_plugin [None req-22486e1f-6dec-4856-9df6-6189370bace1 1245c0e0f81243f7b50bd130aa5e1623 c19c78e9c74540eaa24ea68303465c4b - - default default] TaaS: Handle Delete Port: 708e69a1-656d-4795-aa08-51a730e7f6fb
2026-05-29 03:21:35.997 7 INFO neutron_taas.services.taas.tap_mirror_plugin [None req-22486e1f-6dec-4856-9df6-6189370bace1 1245c0e0f81243f7b50bd130aa5e1623 c19c78e9c74540eaa24ea68303465c4b - - default default] Tap Mirror: Handle Delete Port: 708e69a1-656d-4795-aa08-51a730e7f6fb
2026-05-29 03:21:36.111 8 INFO neutron.db.ovn_revision_numbers_db [None req-2a868048-765d-4aac-a2aa-3b458bedd068 - - - - - -] Successfully bumped revision number for resource 3a858ab9-8754-489d-946e-251297778a1f (type: ports) to 2 [pid: 7|app: 0|req: 968/1858] 10.0.0.184 () {32 vars in 726 bytes} [Fri May 29 03:21:35 2026] DELETE /v2.0/networks/8b30606e-e935-46bf-abd3-76c9f993a272 => generated 0 bytes in 447 msecs (HTTP/1.1 204) 3 headers in 131 bytes (1 switches on core 0)
2026-05-29 03:21:36.368 7 INFO neutron.db.ovn_revision_numbers_db [None req-6a4a1a7f-e2ce-4214-8cec-12d19cbac175 a912cc72f98c49d3b66b91524e07d508 885d0964cdbc4751be18eb434dd9d7c2 - - default default] Successfully bumped revision number for resource a2f7553b-ec65-4fe1-a5ed-8ec50011539b (type: security_group_rules) to 0 [pid: 7|app: 0|req: 969/1859] 10.0.0.184 () {34 vars in 695 bytes} [Fri May 29 03:21:36 2026] POST /v2.0/security-group-rules => generated 601 bytes in 181 msecs (HTTP/1.1 201) 4 headers in 162 bytes (1 switches on core 0)
2026-05-29 03:21:36.423 8 INFO neutron.db.ovn_revision_numbers_db [None req-5c918174-4ca5-474a-ad13-62c1051b2d7f - - - - - -] Successfully bumped revision number for resource 3a858ab9-8754-489d-946e-251297778a1f (type: router_ports) to 1
2026-05-29 03:21:36.543 7 INFO neutron_taas.services.taas.taas_plugin [None req-458c4f61-ac1d-425c-b285-9822c11d6049 86ab91a178b3493b90bed4a5f2b0f3cb 6a03ae3343244e56aa9de24b5d829209 - - default default] TaaS: Handle Delete Port: 9f1fa16f-ef78-4cd2-88f6-621e2a675e71
2026-05-29 03:21:36.547 7 INFO neutron_taas.services.taas.tap_mirror_plugin [None req-458c4f61-ac1d-425c-b285-9822c11d6049 86ab91a178b3493b90bed4a5f2b0f3cb 6a03ae3343244e56aa9de24b5d829209 - - default default] Tap Mirror: Handle Delete Port: 9f1fa16f-ef78-4cd2-88f6-621e2a675e71
2026-05-29 03:21:36.704 8 WARNING neutron.scheduler.dhcp_agent_scheduler [None req-5c918174-4ca5-474a-ad13-62c1051b2d7f - - - - - -] No more DHCP agents
2026-05-29 03:21:36.706 8 WARNING neutron.api.rpc.agentnotifiers.dhcp_rpc_agent_api [None req-5c918174-4ca5-474a-ad13-62c1051b2d7f - - - - - -] Unable to schedule network f689601f-fa1a-4479-8fd0-35e3c8b2e6a6: no agents available; will retry on subsequent port and subnet creation events. [pid: 7|app: 0|req: 970/1860] 10.0.0.184 () {32 vars in 726 bytes} [Fri May 29 03:21:36 2026] DELETE /v2.0/networks/06263aa1-f1da-4855-a64a-0f31b7f1d7f7 => generated 0 bytes in 382 msecs (HTTP/1.1 204) 3 headers in 131 bytes (1 switches on core 0) [pid: 7|app: 0|req: 971/1861] 10.0.0.184 () {32 vars in 649 bytes} [Fri May 29 03:21:36 2026] GET /v2.0/networks => generated 689 bytes in 58 msecs (HTTP/1.1 200) 4 headers in 157 bytes (1 switches on core 0) [pid: 7|app: 0|req: 972/1862] 10.0.0.184 () {32 vars in 747 bytes} [Fri May 29 03:21:36 2026] GET /v2.0/security-group-rules/a2f7553b-ec65-4fe1-a5ed-8ec50011539b => generated 601 bytes in 45 msecs (HTTP/1.1 200) 4 headers in 157 bytes (1 switches on core 0)
2026-05-29 03:21:36.906 8 INFO neutron.db.ovn_revision_numbers_db [None req-5c918174-4ca5-474a-ad13-62c1051b2d7f - - - - - -] Successfully bumped revision number for resource b79cb557-5e06-436b-aecf-224044e8e4ef (type: ports) to 1 [pid: 7|app: 0|req: 973/1863] 10.0.0.184 () {32 vars in 649 bytes} [Fri May 29 03:21:36 2026] GET /v2.0/networks => generated 689 bytes in 52 msecs (HTTP/1.1 200) 4 headers in 157 bytes (1 switches on core 0)
2026-05-29 03:21:36.975 7 INFO neutron.services.segments.plugin [-] Segment 648fd9e6-8121-4abd-a2b0-367c2701828f resource provider aggregate not found
2026-05-29 03:21:36.985 7 INFO neutron.services.segments.plugin [-] Segment 648fd9e6-8121-4abd-a2b0-367c2701828f resource provider aggregate not found
2026-05-29 03:21:37.004 7 INFO neutron.services.segments.plugin [-] Segment 648fd9e6-8121-4abd-a2b0-367c2701828f resource provider not found; error: Placement Client Error (4xx): {"errors": [{"status": 404, "title": "Not Found", "detail": "The resource could not be found.\n\n No resource provider with uuid 648fd9e6-8121-4abd-a2b0-367c2701828f found for delete ", "request_id": "req-65ff0ef8-94de-49ff-8cfb-ba81b871806a"}]}
2026-05-29 03:21:37.014 7 INFO neutron.services.segments.plugin [-] Segment 648fd9e6-8121-4abd-a2b0-367c2701828f resource provider not found; error: Placement Client Error (4xx): {"errors": [{"status": 404, "title": "Not Found", "detail": "The resource could not be found.\n\n No resource provider with uuid 648fd9e6-8121-4abd-a2b0-367c2701828f found for delete ", "request_id": "req-014b72fb-4401-4f7f-a73d-0344024e7427"}]}
2026-05-29 03:21:37.026 7 INFO neutron.services.segments.plugin [-] Segment b69107f0-ae30-4196-b2ac-83328ef99395 resource provider aggregate not found
2026-05-29 03:21:37.035 7 INFO neutron.services.segments.plugin [-] Segment b69107f0-ae30-4196-b2ac-83328ef99395 resource provider aggregate not found
2026-05-29 03:21:37.043 7 INFO neutron.services.segments.plugin [-] Segment b69107f0-ae30-4196-b2ac-83328ef99395 resource provider not found; error: Placement Client Error (4xx): {"errors": [{"status": 404, "title": "Not Found", "detail": "The resource could not be found.\n\n No resource provider with uuid b69107f0-ae30-4196-b2ac-83328ef99395 found for delete ", "request_id": "req-31c84cce-7831-4384-9d79-596123439498"}]}
2026-05-29 03:21:37.054 7 INFO neutron.services.segments.plugin [-] Segment b69107f0-ae30-4196-b2ac-83328ef99395 resource provider not found; error: Placement Client Error (4xx): {"errors": [{"status": 404, "title": "Not Found", "detail": "The resource could not be found.\n\n No resource provider with uuid b69107f0-ae30-4196-b2ac-83328ef99395 found for delete ", "request_id": "req-c9bdc4bf-4efa-4137-acc6-869e76a3594a"}]}
2026-05-29 03:21:37.062 7 INFO neutron.services.segments.plugin [-] Segment c4f10449-1ba7-429e-9465-936e72215f4b resource provider aggregate not found
2026-05-29 03:21:37.074 7 INFO neutron.db.segments_db [None req-9298f681-3272-44fd-ab85-4960fce8799f 1245c0e0f81243f7b50bd130aa5e1623 c19c78e9c74540eaa24ea68303465c4b - - default default] Added segment 5f09ed33-204b-4b98-adb6-98368d39e007 of type geneve for network 3dc26e36-0d0c-4204-9179-e36bf42343d4
2026-05-29 03:21:37.084 7 INFO neutron.services.segments.plugin [-] Segment c4f10449-1ba7-429e-9465-936e72215f4b resource provider not found; error: Placement Client Error (4xx): {"errors": [{"status": 404, "title": "Not Found", "detail": "The resource could not be found.\n\n No resource provider with uuid c4f10449-1ba7-429e-9465-936e72215f4b found for delete ", "request_id": "req-25257de6-d91a-4e3a-8070-b9b1338a9c6e"}]}
2026-05-29 03:21:37.086 7 INFO neutron.services.segments.plugin [-] Segment c4f10449-1ba7-429e-9465-936e72215f4b resource provider aggregate not found
2026-05-29 03:21:37.106 7 INFO neutron.services.segments.plugin [-] Segment c4f10449-1ba7-429e-9465-936e72215f4b resource provider not found; error: Placement Client Error (4xx): {"errors": [{"status": 404, "title": "Not Found", "detail": "The resource could not be found.\n\n No resource provider with uuid c4f10449-1ba7-429e-9465-936e72215f4b found for delete ", "request_id": "req-8ca9ab14-3b98-454d-8495-67c71eb9863d"}]}
2026-05-29 03:21:37.189 8 INFO neutron.db.ovn_revision_numbers_db [None req-5c918174-4ca5-474a-ad13-62c1051b2d7f - - - - - -] Successfully bumped revision number for resource b79cb557-5e06-436b-aecf-224044e8e4ef (type: ports) to 3
2026-05-29 03:21:37.190 7 INFO neutron.db.ovn_revision_numbers_db [None req-9298f681-3272-44fd-ab85-4960fce8799f 1245c0e0f81243f7b50bd130aa5e1623 c19c78e9c74540eaa24ea68303465c4b - - default default] Successfully bumped revision number for resource 3dc26e36-0d0c-4204-9179-e36bf42343d4 (type: networks) to 1
2026-05-29 03:21:37.375 7 WARNING neutron.scheduler.dhcp_agent_scheduler [None req-9298f681-3272-44fd-ab85-4960fce8799f 1245c0e0f81243f7b50bd130aa5e1623 c19c78e9c74540eaa24ea68303465c4b - - default default] No more DHCP agents
2026-05-29 03:21:37.377 7 WARNING neutron.api.rpc.agentnotifiers.dhcp_rpc_agent_api [None req-9298f681-3272-44fd-ab85-4960fce8799f 1245c0e0f81243f7b50bd130aa5e1623 c19c78e9c74540eaa24ea68303465c4b - - default default] Unable to schedule network 3dc26e36-0d0c-4204-9179-e36bf42343d4: no agents available; will retry on subsequent port and subnet creation events.
2026-05-29 03:21:37.463 7 INFO neutron.db.ovn_revision_numbers_db [None req-9298f681-3272-44fd-ab85-4960fce8799f 1245c0e0f81243f7b50bd130aa5e1623 c19c78e9c74540eaa24ea68303465c4b - - default default] Successfully bumped revision number for resource 3749567d-5c05-476f-8d78-7d0dbc5eb813 (type: ports) to 1 [pid: 8|app: 0|req: 891/1864] 10.0.0.184 () {34 vars in 685 bytes} [Fri May 29 03:21:31 2026] POST /v2.0/vpn/vpnservices => generated 457 bytes in 5541 msecs (HTTP/1.1 201) 4 headers in 162 bytes (1 switches on core 0) [pid: 7|app: 0|req: 974/1865] 10.0.0.184 () {34 vars in 670 bytes} [Fri May 29 03:21:36 2026] POST /v2.0/networks => generated 692 bytes in 571 msecs (HTTP/1.1 201) 4 headers in 162 bytes (1 switches on core 0) [pid: 8|app: 0|req: 892/1866] 10.0.0.184 () {32 vars in 673 bytes} [Fri May 29 03:21:37 2026] GET /v2.0/security-group-rules => generated 4138 bytes in 102 msecs (HTTP/1.1 200) 4 headers in 158 bytes (1 switches on core 0) [pid: 8|app: 0|req: 893/1867] 10.0.0.184 () {32 vars in 663 bytes} [Fri May 29 03:21:37 2026] GET /v2.0/vpn/vpnservices => generated 1312 bytes in 10 msecs (HTTP/1.1 200) 4 headers in 158 bytes (1 switches on core 0)
2026-05-29 03:21:37.641 7 INFO neutron.db.segments_db [None req-80a89b34-c9da-4aab-84b3-50790bb2bbbf 86ab91a178b3493b90bed4a5f2b0f3cb 6a03ae3343244e56aa9de24b5d829209 - - default default] Added segment a13814a8-9669-4319-9c3e-337f130a91c5 of type geneve for network 5ee64030-f740-48cf-b0d5-4b2bdc26548c
2026-05-29 03:21:37.679 8 INFO neutron.db.segments_db [None req-f07c8be8-ccd1-41c0-ba71-0be207e2ac15 1245c0e0f81243f7b50bd130aa5e1623 c19c78e9c74540eaa24ea68303465c4b - - default default] Added segment dd0eb9d5-4efe-4778-870e-f1b49d3c251f of type geneve for network 6756d7f1-6849-4585-bc68-69be6dcbdbaf
2026-05-29 03:21:37.799 7 INFO neutron.db.ovn_revision_numbers_db [None req-80a89b34-c9da-4aab-84b3-50790bb2bbbf 86ab91a178b3493b90bed4a5f2b0f3cb 6a03ae3343244e56aa9de24b5d829209 - - default default] Successfully bumped revision number for resource 5ee64030-f740-48cf-b0d5-4b2bdc26548c (type: networks) to 1
2026-05-29 03:21:37.855 8 INFO neutron.db.ovn_revision_numbers_db [None req-f07c8be8-ccd1-41c0-ba71-0be207e2ac15 1245c0e0f81243f7b50bd130aa5e1623 c19c78e9c74540eaa24ea68303465c4b - - default default] Successfully bumped revision number for resource 6756d7f1-6849-4585-bc68-69be6dcbdbaf (type: networks) to 1
2026-05-29 03:21:37.998 7 WARNING neutron.scheduler.dhcp_agent_scheduler [None req-80a89b34-c9da-4aab-84b3-50790bb2bbbf 86ab91a178b3493b90bed4a5f2b0f3cb 6a03ae3343244e56aa9de24b5d829209 - - default default] No more DHCP agents
2026-05-29 03:21:37.999 7 WARNING neutron.api.rpc.agentnotifiers.dhcp_rpc_agent_api [None req-80a89b34-c9da-4aab-84b3-50790bb2bbbf 86ab91a178b3493b90bed4a5f2b0f3cb 6a03ae3343244e56aa9de24b5d829209 - - default default] Unable to schedule network 5ee64030-f740-48cf-b0d5-4b2bdc26548c: no agents available; will retry on subsequent port and subnet creation events.
2026-05-29 03:21:38.026 8 WARNING neutron.scheduler.dhcp_agent_scheduler [None req-f07c8be8-ccd1-41c0-ba71-0be207e2ac15 1245c0e0f81243f7b50bd130aa5e1623 c19c78e9c74540eaa24ea68303465c4b - - default default] No more DHCP agents
2026-05-29 03:21:38.028 8 WARNING neutron.api.rpc.agentnotifiers.dhcp_rpc_agent_api [None req-f07c8be8-ccd1-41c0-ba71-0be207e2ac15 1245c0e0f81243f7b50bd130aa5e1623 c19c78e9c74540eaa24ea68303465c4b - - default default] Unable to schedule network 6756d7f1-6849-4585-bc68-69be6dcbdbaf: no agents available; will retry on subsequent port and subnet creation events.
2026-05-29 03:21:38.076 7 INFO neutron.db.ovn_revision_numbers_db [None req-80a89b34-c9da-4aab-84b3-50790bb2bbbf 86ab91a178b3493b90bed4a5f2b0f3cb 6a03ae3343244e56aa9de24b5d829209 - - default default] Successfully bumped revision number for resource fdd1e53f-6499-460e-a0d1-df17742a00b5 (type: ports) to 1 [pid: 7|app: 0|req: 975/1868] 10.0.0.184 () {34 vars in 670 bytes} [Fri May 29 03:21:37 2026] POST /v2.0/networks => generated 687 bytes in 605 msecs (HTTP/1.1 201) 4 headers in 162 bytes (1 switches on core 0)
2026-05-29 03:21:38.132 8 INFO neutron.db.ovn_revision_numbers_db [None req-f07c8be8-ccd1-41c0-ba71-0be207e2ac15 1245c0e0f81243f7b50bd130aa5e1623 c19c78e9c74540eaa24ea68303465c4b - - default default] Successfully bumped revision number for resource 238e1df7-1175-417d-95f0-586f4a590057 (type: ports) to 1 [pid: 8|app: 0|req: 894/1869] 10.0.0.184 () {34 vars in 670 bytes} [Fri May 29 03:21:37 2026] POST /v2.0/networks => generated 692 bytes in 578 msecs (HTTP/1.1 201) 4 headers in 162 bytes (1 switches on core 0) [pid: 7|app: 0|req: 976/1870] 10.0.0.184 () {32 vars in 750 bytes} [Fri May 29 03:21:38 2026] DELETE /v2.0/security-group-rules/a2f7553b-ec65-4fe1-a5ed-8ec50011539b => generated 0 bytes in 118 msecs (HTTP/1.1 204) 2 headers in 112 bytes (1 switches on core 0)
2026-05-29 03:21:38.354 7 INFO neutron.db.segments_db [None req-8f2849ab-de9b-4bce-b221-5cc222396f13 86ab91a178b3493b90bed4a5f2b0f3cb 6a03ae3343244e56aa9de24b5d829209 - - default default] Added segment 0c5ccabd-8c85-4aa2-a773-c8e40d0af73f of type geneve for network 3f59309c-afee-4247-9692-7b0ae2f43739
2026-05-29 03:21:38.471 7 INFO neutron.db.ovn_revision_numbers_db [None req-8f2849ab-de9b-4bce-b221-5cc222396f13 86ab91a178b3493b90bed4a5f2b0f3cb 6a03ae3343244e56aa9de24b5d829209 - - default default] Successfully bumped revision number for resource 3f59309c-afee-4247-9692-7b0ae2f43739 (type: networks) to 1
2026-05-29 03:21:38.695 7 WARNING neutron.scheduler.dhcp_agent_scheduler [None req-8f2849ab-de9b-4bce-b221-5cc222396f13 86ab91a178b3493b90bed4a5f2b0f3cb 6a03ae3343244e56aa9de24b5d829209 - - default default] No more DHCP agents
2026-05-29 03:21:38.697 7 WARNING neutron.api.rpc.agentnotifiers.dhcp_rpc_agent_api [None req-8f2849ab-de9b-4bce-b221-5cc222396f13 86ab91a178b3493b90bed4a5f2b0f3cb 6a03ae3343244e56aa9de24b5d829209 - - default default] Unable to schedule network 3f59309c-afee-4247-9692-7b0ae2f43739: no agents available; will retry on subsequent port and subnet creation events.
2026-05-29 03:21:38.782 7 INFO neutron.db.ovn_revision_numbers_db [None req-8f2849ab-de9b-4bce-b221-5cc222396f13 86ab91a178b3493b90bed4a5f2b0f3cb 6a03ae3343244e56aa9de24b5d829209 - - default default] Successfully bumped revision number for resource 58bfc109-87e4-4c01-af2d-b009e2bcc3a9 (type: ports) to 1 [pid: 7|app: 0|req: 977/1871] 10.0.0.184 () {34 vars in 670 bytes} [Fri May 29 03:21:38 2026] POST /v2.0/networks => generated 688 bytes in 571 msecs (HTTP/1.1 201) 4 headers in 162 bytes (1 switches on core 0)
2026-05-29 03:21:39.131 8 INFO neutron_taas.services.taas.taas_plugin [None req-5c2771e4-6c83-4404-92fb-098fb5031170 e410c484c59044af9d238f027327f428 757eeb78a581434e9c1f954242bc5565 - - default default] TaaS: Handle Delete Port: 6c2bed5c-059d-4697-a5c6-f42721a07ab5
2026-05-29 03:21:39.134 8 INFO neutron_taas.services.taas.tap_mirror_plugin [None req-5c2771e4-6c83-4404-92fb-098fb5031170 e410c484c59044af9d238f027327f428 757eeb78a581434e9c1f954242bc5565 - - default default] Tap Mirror: Handle Delete Port: 6c2bed5c-059d-4697-a5c6-f42721a07ab5
2026-05-29 03:21:39.303 7 WARNING neutron.scheduler.dhcp_agent_scheduler [None req-bb00958a-2f9e-4e76-a677-6048b0c447fd 1245c0e0f81243f7b50bd130aa5e1623 c19c78e9c74540eaa24ea68303465c4b - - default default] No more DHCP agents
2026-05-29 03:21:39.305 7 WARNING neutron.api.rpc.agentnotifiers.dhcp_rpc_agent_api [None req-bb00958a-2f9e-4e76-a677-6048b0c447fd 1245c0e0f81243f7b50bd130aa5e1623 c19c78e9c74540eaa24ea68303465c4b - - default default] Unable to schedule network 3dc26e36-0d0c-4204-9179-e36bf42343d4: no agents available; will retry on subsequent port and subnet creation events.
2026-05-29 03:21:39.399 7 INFO neutron.db.ovn_revision_numbers_db [None req-bb00958a-2f9e-4e76-a677-6048b0c447fd 1245c0e0f81243f7b50bd130aa5e1623 c19c78e9c74540eaa24ea68303465c4b - - default default] Successfully bumped revision number for resource 11586a89-90a9-43c6-81af-db29f0f1cc96 (type: ports) to 1
2026-05-29 03:21:39.439 8 INFO neutron_taas.services.taas.taas_plugin [None req-0fdf46dd-2c3a-4f5f-828e-5e5f12a01bf5 - - - - - -] TaaS: Handle Delete Port: b79cb557-5e06-436b-aecf-224044e8e4ef
2026-05-29 03:21:39.442 8 INFO neutron_taas.services.taas.tap_mirror_plugin [None req-0fdf46dd-2c3a-4f5f-828e-5e5f12a01bf5 - - - - - -] Tap Mirror: Handle Delete Port: b79cb557-5e06-436b-aecf-224044e8e4ef
2026-05-29 03:21:39.448 7 WARNING neutron.scheduler.dhcp_agent_scheduler [None req-bb00958a-2f9e-4e76-a677-6048b0c447fd 1245c0e0f81243f7b50bd130aa5e1623 c19c78e9c74540eaa24ea68303465c4b - - default default] No more DHCP agents
2026-05-29 03:21:39.449 7 WARNING neutron.api.rpc.agentnotifiers.dhcp_rpc_agent_api [None req-bb00958a-2f9e-4e76-a677-6048b0c447fd 1245c0e0f81243f7b50bd130aa5e1623 c19c78e9c74540eaa24ea68303465c4b - - default default] Unable to schedule network 6756d7f1-6849-4585-bc68-69be6dcbdbaf: no agents available; will retry on subsequent port and subnet creation events.
2026-05-29 03:21:39.546 7 INFO neutron.db.ovn_revision_numbers_db [None req-bb00958a-2f9e-4e76-a677-6048b0c447fd 1245c0e0f81243f7b50bd130aa5e1623 c19c78e9c74540eaa24ea68303465c4b - - default default] Successfully bumped revision number for resource fdded04b-13af-4285-92d2-0b3ba7d59e21 (type: ports) to 1 [pid: 7|app: 0|req: 978/1872] 10.0.0.184 () {34 vars in 665 bytes} [Fri May 29 03:21:38 2026] POST /v2.0/ports => generated 1505 bytes in 859 msecs (HTTP/1.1 201) 4 headers in 163 bytes (1 switches on core 0) /var/lib/openstack/lib/python3.12/site-packages/pycadf/identifier.py:70: UserWarning: Invalid uuid: neutron. To ensure interoperability, identifiers should be a valid uuid. warnings.warn(('Invalid uuid: %s. To ensure interoperability, ' [pid: 7|app: 0|req: 979/1873] 10.0.0.184 () {32 vars in 673 bytes} [Fri May 29 03:21:39 2026] GET /v2.0/security-group-rules => generated 3560 bytes in 66 msecs (HTTP/1.1 200) 4 headers in 158 bytes (1 switches on core 0)
2026-05-29 03:21:39.835 8 INFO neutron_taas.services.taas.taas_plugin [None req-7aafda22-41d1-4b30-ae94-1a23c8ef655f - - - - - -] TaaS: Handle Delete Port: 3a858ab9-8754-489d-946e-251297778a1f
2026-05-29 03:21:39.837 8 INFO neutron_taas.services.taas.tap_mirror_plugin [None req-7aafda22-41d1-4b30-ae94-1a23c8ef655f - - - - - -] Tap Mirror: Handle Delete Port: 3a858ab9-8754-489d-946e-251297778a1f
2026-05-29 03:21:40.074 7 WARNING neutron.scheduler.dhcp_agent_scheduler [None req-ba626947-4c80-48c6-aad6-134e0da6f19c 86ab91a178b3493b90bed4a5f2b0f3cb 6a03ae3343244e56aa9de24b5d829209 - - default default] No more DHCP agents
2026-05-29 03:21:40.076 7 WARNING neutron.api.rpc.agentnotifiers.dhcp_rpc_agent_api [None req-ba626947-4c80-48c6-aad6-134e0da6f19c 86ab91a178b3493b90bed4a5f2b0f3cb 6a03ae3343244e56aa9de24b5d829209 - - default default] Unable to schedule network 5ee64030-f740-48cf-b0d5-4b2bdc26548c: no agents available; will retry on subsequent port and subnet creation events.
2026-05-29 03:21:40.170 7 INFO neutron.db.ovn_revision_numbers_db [None req-ba626947-4c80-48c6-aad6-134e0da6f19c 86ab91a178b3493b90bed4a5f2b0f3cb 6a03ae3343244e56aa9de24b5d829209 - - default default] Successfully bumped revision number for resource 23706c54-de75-41f8-a41e-196922165fec (type: ports) to 1
2026-05-29 03:21:40.225 7 WARNING neutron.scheduler.dhcp_agent_scheduler [None req-ba626947-4c80-48c6-aad6-134e0da6f19c 86ab91a178b3493b90bed4a5f2b0f3cb 6a03ae3343244e56aa9de24b5d829209 - - default default] No more DHCP agents
2026-05-29 03:21:40.226 7 WARNING neutron.api.rpc.agentnotifiers.dhcp_rpc_agent_api [None req-ba626947-4c80-48c6-aad6-134e0da6f19c 86ab91a178b3493b90bed4a5f2b0f3cb 6a03ae3343244e56aa9de24b5d829209 - - default default] Unable to schedule network 3f59309c-afee-4247-9692-7b0ae2f43739: no agents available; will retry on subsequent port and subnet creation events.
2026-05-29 03:21:40.311 7 INFO neutron.db.ovn_revision_numbers_db [None req-ba626947-4c80-48c6-aad6-134e0da6f19c 86ab91a178b3493b90bed4a5f2b0f3cb 6a03ae3343244e56aa9de24b5d829209 - - default default] Successfully bumped revision number for resource f6ccef42-162d-4b66-95df-f0dfcda44cfb (type: ports) to 1 [pid: 7|app: 0|req: 980/1874] 10.0.0.184 () {34 vars in 665 bytes} [Fri May 29 03:21:39 2026] POST /v2.0/ports => generated 1506 bytes in 672 msecs (HTTP/1.1 201) 4 headers in 163 bytes (1 switches on core 0) /var/lib/openstack/lib/python3.12/site-packages/pycadf/identifier.py:70: UserWarning: Invalid uuid: neutron. To ensure interoperability, identifiers should be a valid uuid. warnings.warn(('Invalid uuid: %s. To ensure interoperability, ' [pid: 7|app: 0|req: 981/1875] 10.0.0.184 () {32 vars in 643 bytes} [Fri May 29 03:21:40 2026] GET /v2.0/ports => generated 3017 bytes in 71 msecs (HTTP/1.1 200) 4 headers in 158 bytes (1 switches on core 0)
2026-05-29 03:21:40.524 7 INFO neutron.db.securitygroups_db [None req-f4f90149-dd86-482b-b635-f509b1a1b611 a912cc72f98c49d3b66b91524e07d508 885d0964cdbc4751be18eb434dd9d7c2 - - default default] Project 885d0964cdbc4751be18eb434dd9d7c2 added a security group rule with legacy IPv6 ICMP protocol name icmp, ipv6-icmp should be used instead. It was automatically converted.
2026-05-29 03:21:40.611 7 INFO neutron.db.ovn_revision_numbers_db [None req-f4f90149-dd86-482b-b635-f509b1a1b611 a912cc72f98c49d3b66b91524e07d508 885d0964cdbc4751be18eb434dd9d7c2 - - default default] Successfully bumped revision number for resource 9adc0c48-50df-4ebd-8fa9-56c72cdb7fad (type: security_group_rules) to 0 [pid: 7|app: 0|req: 982/1876] 10.0.0.184 () {34 vars in 695 bytes} [Fri May 29 03:21:40 2026] POST /v2.0/security-group-rules => generated 607 bytes in 161 msecs (HTTP/1.1 201) 4 headers in 162 bytes (1 switches on core 0) [pid: 7|app: 0|req: 983/1877] 10.0.0.184 () {32 vars in 643 bytes} [Fri May 29 03:21:40 2026] GET /v2.0/ports => generated 3018 bytes in 49 msecs (HTTP/1.1 200) 4 headers in 158 bytes (1 switches on core 0)
2026-05-29 03:21:40.801 8 INFO neutron_taas.services.taas.taas_plugin [None req-7aafda22-41d1-4b30-ae94-1a23c8ef655f - - - - - -] TaaS: Handle Delete Port: 5359ef3f-295d-44a3-901a-cd53af1b5a76
2026-05-29 03:21:40.805 8 INFO neutron_taas.services.taas.tap_mirror_plugin [None req-7aafda22-41d1-4b30-ae94-1a23c8ef655f - - - - - -] Tap Mirror: Handle Delete Port: 5359ef3f-295d-44a3-901a-cd53af1b5a76
2026-05-29 03:21:40.848 7 INFO neutron_taas.services.taas.taas_plugin [None req-ea9648a2-d5a1-4fa9-a750-63f613d2c835 1245c0e0f81243f7b50bd130aa5e1623 c19c78e9c74540eaa24ea68303465c4b - - default default] TaaS: Handle Delete Port: 11586a89-90a9-43c6-81af-db29f0f1cc96
2026-05-29 03:21:40.851 7 INFO neutron_taas.services.taas.tap_mirror_plugin [None req-ea9648a2-d5a1-4fa9-a750-63f613d2c835 1245c0e0f81243f7b50bd130aa5e1623 c19c78e9c74540eaa24ea68303465c4b - - default default] Tap Mirror: Handle Delete Port: 11586a89-90a9-43c6-81af-db29f0f1cc96 [pid: 7|app: 0|req: 984/1878] 10.0.0.184 () {32 vars in 720 bytes} [Fri May 29 03:21:40 2026] DELETE /v2.0/ports/11586a89-90a9-43c6-81af-db29f0f1cc96 => generated 0 bytes in 297 msecs (HTTP/1.1 204) 3 headers in 131 bytes (1 switches on core 0) [pid: 7|app: 0|req: 985/1879] 10.0.0.184 () {32 vars in 747 bytes} [Fri May 29 03:21:40 2026] GET /v2.0/security-group-rules/9adc0c48-50df-4ebd-8fa9-56c72cdb7fad => generated 607 bytes in 18 msecs (HTTP/1.1 200) 4 headers in 157 bytes (1 switches on core 0)
2026-05-29 03:21:41.012 8 INFO neutron.services.segments.plugin [-] Segment 5b953181-ae7e-48e3-ab9b-6c165eb1d67c resource provider aggregate not found
2026-05-29 03:21:41.018 8 INFO neutron.services.segments.plugin [-] Segment 5b953181-ae7e-48e3-ab9b-6c165eb1d67c resource provider aggregate not found
2026-05-29 03:21:41.033 8 INFO neutron.services.segments.plugin [-] Segment 5b953181-ae7e-48e3-ab9b-6c165eb1d67c resource provider not found; error: Placement Client Error (4xx): {"errors": [{"status": 404, "title": "Not Found", "detail": "The resource could not be found.\n\n No resource provider with uuid 5b953181-ae7e-48e3-ab9b-6c165eb1d67c found for delete ", "request_id": "req-cae64e17-80a7-4d19-9ffb-23051d715654"}]}
2026-05-29 03:21:41.042 8 INFO neutron.services.segments.plugin [-] Segment 5b953181-ae7e-48e3-ab9b-6c165eb1d67c resource provider not found; error: Placement Client Error (4xx): {"errors": [{"status": 404, "title": "Not Found", "detail": "The resource could not be found.\n\n No resource provider with uuid 5b953181-ae7e-48e3-ab9b-6c165eb1d67c found for delete ", "request_id": "req-15a19ec2-91d8-405d-94b7-2b0335454191"}]} [pid: 8|app: 0|req: 895/1880] 10.0.0.184 () {32 vars in 740 bytes} [Fri May 29 03:21:38 2026] DELETE /v2.0/vpn/vpnservices/31fe66bd-d9e3-4de6-9039-d5dac137095f => generated 0 bytes in 2905 msecs (HTTP/1.1 204) 2 headers in 112 bytes (1 switches on core 0) /var/lib/openstack/lib/python3.12/site-packages/pycadf/identifier.py:70: UserWarning: Invalid uuid: neutron. To ensure interoperability, identifiers should be a valid uuid. warnings.warn(('Invalid uuid: %s. To ensure interoperability, '
2026-05-29 03:21:41.155 7 INFO neutron_taas.services.taas.taas_plugin [None req-f239b458-e97c-4271-87c7-aad3581c4661 86ab91a178b3493b90bed4a5f2b0f3cb 6a03ae3343244e56aa9de24b5d829209 - - default default] TaaS: Handle Delete Port: 23706c54-de75-41f8-a41e-196922165fec
2026-05-29 03:21:41.158 7 INFO neutron_taas.services.taas.tap_mirror_plugin [None req-f239b458-e97c-4271-87c7-aad3581c4661 86ab91a178b3493b90bed4a5f2b0f3cb 6a03ae3343244e56aa9de24b5d829209 - - default default] Tap Mirror: Handle Delete Port: 23706c54-de75-41f8-a41e-196922165fec
2026-05-29 03:21:41.203 8 INFO neutron_taas.services.taas.taas_plugin [None req-efcef9c2-0be9-488e-8c45-b334753082a5 1245c0e0f81243f7b50bd130aa5e1623 c19c78e9c74540eaa24ea68303465c4b - - default default] TaaS: Handle Delete Port: fdded04b-13af-4285-92d2-0b3ba7d59e21
2026-05-29 03:21:41.208 8 INFO neutron_taas.services.taas.tap_mirror_plugin [None req-efcef9c2-0be9-488e-8c45-b334753082a5 1245c0e0f81243f7b50bd130aa5e1623 c19c78e9c74540eaa24ea68303465c4b - - default default] Tap Mirror: Handle Delete Port: fdded04b-13af-4285-92d2-0b3ba7d59e21
2026-05-29 03:21:41.255 8 WARNING neutron.plugins.ml2.drivers.ovn.mech_driver.ovsdb.ovn_client [None req-575515f3-9296-4165-81ed-662a0231885d - - - - - -] No port found with ID 3a858ab9-8754-489d-946e-251297778a1f: RuntimeError: No port found with ID 3a858ab9-8754-489d-946e-251297778a1f
2026-05-29 03:21:41.280 8 INFO neutron.plugins.ml2.drivers.ovn.mech_driver.mech_driver [None req-575515f3-9296-4165-81ed-662a0231885d - - - - - -] OVN reports status down for port: 3749567d-5c05-476f-8d78-7d0dbc5eb813 [pid: 7|app: 0|req: 986/1881] 10.0.0.184 () {32 vars in 720 bytes} [Fri May 29 03:21:41 2026] DELETE /v2.0/ports/23706c54-de75-41f8-a41e-196922165fec => generated 0 bytes in 270 msecs (HTTP/1.1 204) 3 headers in 131 bytes (1 switches on core 0) [pid: 7|app: 0|req: 987/1882] 10.0.0.184 () {32 vars in 673 bytes} [Fri May 29 03:21:41 2026] GET /v2.0/security-group-rules => generated 4144 bytes in 80 msecs (HTTP/1.1 200) 4 headers in 158 bytes (1 switches on core 0) [pid: 8|app: 0|req: 896/1883] 10.0.0.184 () {32 vars in 720 bytes} [Fri May 29 03:21:41 2026] DELETE /v2.0/ports/fdded04b-13af-4285-92d2-0b3ba7d59e21 => generated 0 bytes in 338 msecs (HTTP/1.1 204) 3 headers in 131 bytes (1 switches on core 0)
2026-05-29 03:21:41.414 8 INFO neutron.plugins.ml2.drivers.ovn.mech_driver.mech_driver [None req-575515f3-9296-4165-81ed-662a0231885d - - - - - -] OVN reports status down for port: 11586a89-90a9-43c6-81af-db29f0f1cc96
2026-05-29 03:21:41.446 8 INFO neutron.plugins.ml2.drivers.ovn.mech_driver.mech_driver [None req-575515f3-9296-4165-81ed-662a0231885d - - - - - -] OVN reports status down for port: fdded04b-13af-4285-92d2-0b3ba7d59e21 [pid: 7|app: 0|req: 988/1884] 10.0.0.184 () {34 vars in 693 bytes} [Fri May 29 03:21:41 2026] POST /v2.0/vpn/endpoint-groups => generated 302 bytes in 102 msecs (HTTP/1.1 201) 4 headers in 162 bytes (1 switches on core 0)
2026-05-29 03:21:41.536 7 WARNING neutron.plugins.ml2.drivers.ovn.mech_driver.ovsdb.ovn_client [None req-d73f1193-e771-44e7-917c-532ef0a72fe1 - - - - - -] No hosting information found for port 85f34953-eca3-400d-8c38-0a88b6e0fd7a: RuntimeError: No hosting information found for port 85f34953-eca3-400d-8c38-0a88b6e0fd7a
2026-05-29 03:21:41.596 8 INFO neutron_taas.services.taas.taas_plugin [None req-d278ce6c-94cc-4ef5-a3cf-9b7682f6d0b4 86ab91a178b3493b90bed4a5f2b0f3cb 6a03ae3343244e56aa9de24b5d829209 - - default default] TaaS: Handle Delete Port: f6ccef42-162d-4b66-95df-f0dfcda44cfb
2026-05-29 03:21:41.599 8 INFO neutron_taas.services.taas.tap_mirror_plugin [None req-d278ce6c-94cc-4ef5-a3cf-9b7682f6d0b4 86ab91a178b3493b90bed4a5f2b0f3cb 6a03ae3343244e56aa9de24b5d829209 - - default default] Tap Mirror: Handle Delete Port: f6ccef42-162d-4b66-95df-f0dfcda44cfb [pid: 7|app: 0|req: 989/1885] 10.0.0.184 () {32 vars in 750 bytes} [Fri May 29 03:21:41 2026] DELETE /v2.0/security-group-rules/9adc0c48-50df-4ebd-8fa9-56c72cdb7fad => generated 0 bytes in 201 msecs (HTTP/1.1 204) 2 headers in 112 bytes (1 switches on core 0)
2026-05-29 03:21:41.669 7 INFO neutron.db.ovn_revision_numbers_db [None req-d73f1193-e771-44e7-917c-532ef0a72fe1 - - - - - -] Successfully bumped revision number for resource 85f34953-eca3-400d-8c38-0a88b6e0fd7a (type: router_ports) to 2
2026-05-29 03:21:41.669 7 INFO neutron.plugins.ml2.drivers.ovn.mech_driver.mech_driver [None req-d73f1193-e771-44e7-917c-532ef0a72fe1 - - - - - -] OVN reports status down for port: 708e69a1-656d-4795-aa08-51a730e7f6fb
2026-05-29 03:21:41.700 7 INFO neutron.plugins.ml2.drivers.ovn.mech_driver.mech_driver [None req-d73f1193-e771-44e7-917c-532ef0a72fe1 - - - - - -] OVN reports status down for port: 6c2bed5c-059d-4697-a5c6-f42721a07ab5 [pid: 8|app: 0|req: 897/1886] 10.0.0.184 () {32 vars in 720 bytes} [Fri May 29 03:21:41 2026] DELETE /v2.0/ports/f6ccef42-162d-4b66-95df-f0dfcda44cfb => generated 0 bytes in 307 msecs (HTTP/1.1 204) 3 headers in 131 bytes (1 switches on core 0)
2026-05-29 03:21:41.729 7 INFO neutron.plugins.ml2.drivers.ovn.mech_driver.mech_driver [None req-d73f1193-e771-44e7-917c-532ef0a72fe1 - - - - - -] OVN reports status down for port: 0037db98-ef64-400a-823b-70eab98a8c9b [pid: 8|app: 0|req: 898/1887] 10.0.0.184 () {34 vars in 693 bytes} [Fri May 29 03:21:41 2026] POST /v2.0/vpn/endpoint-groups => generated 294 bytes in 47 msecs (HTTP/1.1 201) 4 headers in 162 bytes (1 switches on core 0) [pid: 7|app: 0|req: 990/1888] 10.0.0.184 () {32 vars in 643 bytes} [Fri May 29 03:21:41 2026] GET /v2.0/ports => generated 1523 bytes in 93 msecs (HTTP/1.1 200) 4 headers in 158 bytes (1 switches on core 0) [pid: 8|app: 0|req: 899/1889] 10.0.0.184 () {32 vars in 673 bytes} [Fri May 29 03:21:41 2026] GET /v2.0/security-group-rules => generated 3560 bytes in 55 msecs (HTTP/1.1 200) 4 headers in 158 bytes (1 switches on core 0)
2026-05-29 03:21:41.816 8 WARNING neutron.api.v2.base [None req-0eb3fde7-fc47-4d27-b686-595138be9735 504ea02e538a4004891553ed79edd12d b11c78adaaa440089d2e9d850d72149f - - default default] An exception happened while processing the request body. The exception message is [Unrecognized attribute(s) 'peer_cidr'].: webob.exc.HTTPBadRequest: Unrecognized attribute(s) 'peer_cidr'
2026-05-29 03:21:41.817 8 INFO neutron.api.v2.resource [None req-0eb3fde7-fc47-4d27-b686-595138be9735 504ea02e538a4004891553ed79edd12d b11c78adaaa440089d2e9d850d72149f - - default default] create failed (client error): Unrecognized attribute(s) 'peer_cidr' [pid: 8|app: 0|req: 900/1890] 10.0.0.184 () {34 vars in 707 bytes} [Fri May 29 03:21:41 2026] POST /v2.0/vpn/ipsec-site-connections => generated 110 bytes in 6 msecs (HTTP/1.1 400) 4 headers in 166 bytes (1 switches on core 0)
2026-05-29 03:21:41.843 7 INFO neutron.plugins.ml2.drivers.ovn.mech_driver.mech_driver [None req-d73f1193-e771-44e7-917c-532ef0a72fe1 - - - - - -] OVN reports status down for port: b79cb557-5e06-436b-aecf-224044e8e4ef [pid: 7|app: 0|req: 991/1891] 10.0.0.184 () {32 vars in 643 bytes} [Fri May 29 03:21:41 2026] GET /v2.0/ports => generated 1523 bytes in 83 msecs (HTTP/1.1 200) 4 headers in 158 bytes (1 switches on core 0)
