2026-05-29 03:21:50.117 7 INFO neutron.db.ovn_revision_numbers_db [None req-b93ff9f1-1057-45a7-adf6-e510b4e0eb26 0729aec4f7f74596b71f851f5bb9775a 93a4448450e3402d8b9a4008eb01185b - - default default] Successfully bumped revision number for resource b0b051ba-db0d-438e-949c-df1d974bed31 (type: security_group_rules) to 0
2026-05-29 03:21:50.146 7 INFO neutron.db.ovn_revision_numbers_db [None req-b93ff9f1-1057-45a7-adf6-e510b4e0eb26 0729aec4f7f74596b71f851f5bb9775a 93a4448450e3402d8b9a4008eb01185b - - default default] Successfully bumped revision number for resource f5144e1d-da23-4a69-a7f3-72642b6a24b9 (type: security_group_rules) to 0
2026-05-29 03:21:50.251 7 INFO neutron.db.segments_db [None req-b93ff9f1-1057-45a7-adf6-e510b4e0eb26 0729aec4f7f74596b71f851f5bb9775a 93a4448450e3402d8b9a4008eb01185b - - default default] Added segment 8e32fccd-5bc2-40c3-ab18-165f8e767f42 of type geneve for network 6969259b-d43e-472c-8e3f-65ca1a555a55
2026-05-29 03:21:50.391 7 INFO neutron.db.ovn_revision_numbers_db [None req-b93ff9f1-1057-45a7-adf6-e510b4e0eb26 0729aec4f7f74596b71f851f5bb9775a 93a4448450e3402d8b9a4008eb01185b - - default default] Successfully bumped revision number for resource 6969259b-d43e-472c-8e3f-65ca1a555a55 (type: networks) to 1
2026-05-29 03:21:50.623 7 WARNING neutron.scheduler.dhcp_agent_scheduler [None req-b93ff9f1-1057-45a7-adf6-e510b4e0eb26 0729aec4f7f74596b71f851f5bb9775a 93a4448450e3402d8b9a4008eb01185b - - default default] No more DHCP agents
2026-05-29 03:21:50.626 7 WARNING neutron.api.rpc.agentnotifiers.dhcp_rpc_agent_api [None req-b93ff9f1-1057-45a7-adf6-e510b4e0eb26 0729aec4f7f74596b71f851f5bb9775a 93a4448450e3402d8b9a4008eb01185b - - default default] Unable to schedule network 6969259b-d43e-472c-8e3f-65ca1a555a55: no agents available; will retry on subsequent port and subnet creation events.
2026-05-29 03:21:50.655 8 INFO neutron.db.ovn_revision_numbers_db [None req-e48bd0ee-3f4c-44b1-ab58-a4498d44dbf6 504ea02e538a4004891553ed79edd12d b11c78adaaa440089d2e9d850d72149f - - default default] Successfully bumped revision number for resource 49a534a7-8a9b-4a38-8425-b73c78aa9b7c (type: routers) to 7 [pid: 8|app: 0|req: 930/1956] 10.0.0.184 () {32 vars in 762 bytes} [Fri May 29 03:21:49 2026] DELETE /v2.0/vpn/ipsec-site-connections/7c7b2113-ad96-46f0-a873-5093c73348b5 => generated 0 bytes in 1362 msecs (HTTP/1.1 204) 2 headers in 112 bytes (1 switches on core 0)
2026-05-29 03:21:50.748 7 INFO neutron.db.ovn_revision_numbers_db [None req-b93ff9f1-1057-45a7-adf6-e510b4e0eb26 0729aec4f7f74596b71f851f5bb9775a 93a4448450e3402d8b9a4008eb01185b - - default default] Successfully bumped revision number for resource b3bde697-380a-4193-809c-a1b0bdf8a30a (type: ports) to 1 [pid: 7|app: 0|req: 1027/1957] 10.0.0.184 () {34 vars in 670 bytes} [Fri May 29 03:21:49 2026] POST /v2.0/networks => generated 681 bytes in 924 msecs (HTTP/1.1 201) 4 headers in 162 bytes (1 switches on core 0) [pid: 7|app: 0|req: 1028/1958] 10.0.0.184 () {32 vars in 685 bytes} [Fri May 29 03:21:50 2026] GET /v2.0/vpn/ipsec-site-connections => generated 796 bytes in 25 msecs (HTTP/1.1 200) 4 headers in 157 bytes (1 switches on core 0)
2026-05-29 03:21:51.034 7 WARNING neutron.scheduler.dhcp_agent_scheduler [None req-3949eaef-b01d-4076-8d7e-e1fe87f53507 0729aec4f7f74596b71f851f5bb9775a 93a4448450e3402d8b9a4008eb01185b - - default default] No more DHCP agents
2026-05-29 03:21:51.036 7 WARNING neutron.api.rpc.agentnotifiers.dhcp_rpc_agent_api [None req-3949eaef-b01d-4076-8d7e-e1fe87f53507 0729aec4f7f74596b71f851f5bb9775a 93a4448450e3402d8b9a4008eb01185b - - default default] Unable to schedule network 6969259b-d43e-472c-8e3f-65ca1a555a55: no agents available; will retry on subsequent port and subnet creation events.
2026-05-29 03:21:51.221 8 INFO neutron.db.ovn_revision_numbers_db [None req-9f8dbe3e-e368-4cc5-af03-fa49f892ccb5 - - - - - -] Successfully bumped revision number for resource 7e0eec4b-fd76-4052-8a01-189662a1104f (type: ports) to 4
2026-05-29 03:21:51.589 8 WARNING neutron.scheduler.dhcp_agent_scheduler [None req-d6b57cbb-a587-4396-91fd-443284fd06be 9799a5e6a9794b1296a10076adcb30b5 98e36b55a65f43cfb244c50f7f2cbebd - - default default] No more DHCP agents
2026-05-29 03:21:51.591 8 WARNING neutron.api.rpc.agentnotifiers.dhcp_rpc_agent_api [None req-d6b57cbb-a587-4396-91fd-443284fd06be 9799a5e6a9794b1296a10076adcb30b5 98e36b55a65f43cfb244c50f7f2cbebd - - default default] Unable to schedule network e93c047a-d861-4a7f-beca-6aa77f27a9c4: no agents available; will retry on subsequent port and subnet creation events.
2026-05-29 03:21:51.607 7 INFO neutron.db.ovn_revision_numbers_db [None req-325da3ea-429e-4013-ae29-739a3d84d792 - - - - - -] Successfully bumped revision number for resource b3bde697-380a-4193-809c-a1b0bdf8a30a (type: ports) to 2
2026-05-29 03:21:51.638 7 INFO neutron.db.ovn_revision_numbers_db [None req-325da3ea-429e-4013-ae29-739a3d84d792 - - - - - -] Successfully bumped revision number for resource 3f2933c7-0586-4506-a79a-d4e973a1b831 (type: subnets) to 0 [pid: 7|app: 0|req: 1029/1959] 10.0.0.184 () {34 vars in 669 bytes} [Fri May 29 03:21:50 2026] POST /v2.0/subnets => generated 641 bytes in 844 msecs (HTTP/1.1 201) 4 headers in 162 bytes (1 switches on core 0)
2026-05-29 03:21:51.671 7 INFO neutron.api.v2.resource [None req-650af398-26e4-4600-8e3c-ac0f2738e285 504ea02e538a4004891553ed79edd12d b11c78adaaa440089d2e9d850d72149f - - default default] delete failed (client error): The resource could not be found. [pid: 7|app: 0|req: 1030/1960] 10.0.0.184 () {32 vars in 762 bytes} [Fri May 29 03:21:51 2026] DELETE /v2.0/vpn/ipsec-site-connections/7c7b2113-ad96-46f0-a873-5093c73348b5 => generated 154 bytes in 14 msecs (HTTP/1.1 404) 4 headers in 164 bytes (1 switches on core 0) [pid: 7|app: 0|req: 1031/1961] 10.0.0.184 () {32 vars in 623 bytes} [Fri May 29 03:21:51 2026] GET / => generated 151 bytes in 2 msecs (HTTP/1.1 200) 3 headers in 91 bytes (1 switches on core 0)
2026-05-29 03:21:51.742 7 INFO neutron.plugins.ml2.drivers.ovn.mech_driver.mech_driver [None req-d73f1193-e771-44e7-917c-532ef0a72fe1 - - - - - -] OVN reports status down for port: b3bde697-380a-4193-809c-a1b0bdf8a30a
2026-05-29 03:21:51.840 8 INFO neutron.db.ovn_revision_numbers_db [None req-d6b57cbb-a587-4396-91fd-443284fd06be 9799a5e6a9794b1296a10076adcb30b5 98e36b55a65f43cfb244c50f7f2cbebd - - default default] Successfully bumped revision number for resource 6206b9b8-99d6-4764-a0fa-c3bd605e6325 (type: ports) to 1
2026-05-29 03:21:51.843 8 INFO neutron.db.ovn_revision_numbers_db [None req-9f8dbe3e-e368-4cc5-af03-fa49f892ccb5 - - - - - -] Successfully bumped revision number for resource 7e0eec4b-fd76-4052-8a01-189662a1104f (type: ports) to 5
2026-05-29 03:21:51.848 7 INFO neutron.db.segments_db [None req-5e9d4383-4c57-44cb-84dc-3c4a458cafca 0729aec4f7f74596b71f851f5bb9775a 93a4448450e3402d8b9a4008eb01185b - - default default] Added segment 43e89203-cfdb-47b3-9717-9926a513b5ac of type geneve for network aabba79d-c6a7-4309-b069-ffc77a6eb4e3
2026-05-29 03:21:51.930 7 INFO neutron.plugins.ml2.drivers.ovn.mech_driver.mech_driver [None req-d73f1193-e771-44e7-917c-532ef0a72fe1 - - - - - -] OVN reports status down for port: 6206b9b8-99d6-4764-a0fa-c3bd605e6325
2026-05-29 03:21:52.044 7 INFO neutron.db.ovn_revision_numbers_db [None req-5e9d4383-4c57-44cb-84dc-3c4a458cafca 0729aec4f7f74596b71f851f5bb9775a 93a4448450e3402d8b9a4008eb01185b - - default default] Successfully bumped revision number for resource aabba79d-c6a7-4309-b069-ffc77a6eb4e3 (type: networks) to 1
2026-05-29 03:21:52.243 7 WARNING neutron.scheduler.dhcp_agent_scheduler [None req-5e9d4383-4c57-44cb-84dc-3c4a458cafca 0729aec4f7f74596b71f851f5bb9775a 93a4448450e3402d8b9a4008eb01185b - - default default] No more DHCP agents
2026-05-29 03:21:52.244 7 WARNING neutron.api.rpc.agentnotifiers.dhcp_rpc_agent_api [None req-5e9d4383-4c57-44cb-84dc-3c4a458cafca 0729aec4f7f74596b71f851f5bb9775a 93a4448450e3402d8b9a4008eb01185b - - default default] Unable to schedule network aabba79d-c6a7-4309-b069-ffc77a6eb4e3: no agents available; will retry on subsequent port and subnet creation events.
2026-05-29 03:21:52.330 7 INFO neutron.db.ovn_revision_numbers_db [None req-5e9d4383-4c57-44cb-84dc-3c4a458cafca 0729aec4f7f74596b71f851f5bb9775a 93a4448450e3402d8b9a4008eb01185b - - default default] Successfully bumped revision number for resource c53ddc38-4b5f-4fe7-80be-8c9498920650 (type: ports) to 1
2026-05-29 03:21:52.341 8 INFO neutron.plugins.ml2.drivers.ovn.mech_driver.mech_driver [None req-575515f3-9296-4165-81ed-662a0231885d - - - - - -] OVN reports status down for port: c53ddc38-4b5f-4fe7-80be-8c9498920650 [pid: 7|app: 0|req: 1032/1962] 10.0.0.184 () {34 vars in 670 bytes} [Fri May 29 03:21:51 2026] POST /v2.0/networks => generated 681 bytes in 677 msecs (HTTP/1.1 201) 4 headers in 162 bytes (1 switches on core 0) [pid: 7|app: 0|req: 1033/1963] 10.0.0.184 () {32 vars in 671 bytes} [Fri May 29 03:21:52 2026] GET /v2.0/vpn/endpoint-groups => generated 1188 bytes in 12 msecs (HTTP/1.1 200) 4 headers in 158 bytes (1 switches on core 0) [pid: 7|app: 0|req: 1034/1964] 10.0.0.184 () {32 vars in 633 bytes} [Fri May 29 03:21:52 2026] GET /v2.0/ => generated 632 bytes in 159 msecs (HTTP/1.1 200) 4 headers in 157 bytes (1 switches on core 0)
2026-05-29 03:21:52.615 7 INFO neutron.plugins.ml2.drivers.ovn.mech_driver.mech_driver [None req-d73f1193-e771-44e7-917c-532ef0a72fe1 - - - - - -] OVN reports status up for port: 6206b9b8-99d6-4764-a0fa-c3bd605e6325
2026-05-29 03:21:52.665 7 INFO neutron.plugins.ml2.plugin [None req-d73f1193-e771-44e7-917c-532ef0a72fe1 - - - - - -] Attempt 1 to provision port 6206b9b8-99d6-4764-a0fa-c3bd605e6325
2026-05-29 03:21:52.689 8 WARNING neutron.scheduler.dhcp_agent_scheduler [None req-d6b57cbb-a587-4396-91fd-443284fd06be 9799a5e6a9794b1296a10076adcb30b5 98e36b55a65f43cfb244c50f7f2cbebd - - default default] No more DHCP agents
2026-05-29 03:21:52.690 8 WARNING neutron.api.rpc.agentnotifiers.dhcp_rpc_agent_api [None req-d6b57cbb-a587-4396-91fd-443284fd06be 9799a5e6a9794b1296a10076adcb30b5 98e36b55a65f43cfb244c50f7f2cbebd - - default default] Unable to schedule network e93c047a-d861-4a7f-beca-6aa77f27a9c4: no agents available; will retry on subsequent port and subnet creation events.
2026-05-29 03:21:52.763 7 INFO neutron.db.ovn_revision_numbers_db [None req-1568a7aa-af7d-4df5-9541-981dff8cae5e 0729aec4f7f74596b71f851f5bb9775a 93a4448450e3402d8b9a4008eb01185b - - default default] Successfully bumped revision number for resource aabba79d-c6a7-4309-b069-ffc77a6eb4e3 (type: networks) to 2 [pid: 7|app: 0|req: 1035/1965] 10.0.0.184 () {34 vars in 743 bytes} [Fri May 29 03:21:52 2026] PUT /v2.0/networks/aabba79d-c6a7-4309-b069-ffc77a6eb4e3 => generated 636 bytes in 245 msecs (HTTP/1.1 200) 4 headers in 157 bytes (1 switches on core 0) [pid: 7|app: 0|req: 1036/1966] 10.0.0.184 () {32 vars in 748 bytes} [Fri May 29 03:21:52 2026] DELETE /v2.0/vpn/endpoint-groups/a1d93241-e260-4045-87e1-d3c100768401 => generated 0 bytes in 63 msecs (HTTP/1.1 204) 2 headers in 112 bytes (1 switches on core 0)
2026-05-29 03:21:53.142 8 INFO neutron.db.ovn_revision_numbers_db [None req-d6b57cbb-a587-4396-91fd-443284fd06be 9799a5e6a9794b1296a10076adcb30b5 98e36b55a65f43cfb244c50f7f2cbebd - - default default] Successfully bumped revision number for resource 6206b9b8-99d6-4764-a0fa-c3bd605e6325 (type: router_ports) to 1 [pid: 8|app: 0|req: 931/1967] 10.0.0.184 () {34 vars in 783 bytes} [Fri May 29 03:21:50 2026] PUT /v2.0/routers/554568c8-92a4-46f0-959d-060b923c9451/add_router_interface => generated 309 bytes in 2411 msecs (HTTP/1.1 200) 4 headers in 157 bytes (1 switches on core 0) [pid: 8|app: 0|req: 932/1968] 10.0.0.184 () {32 vars in 671 bytes} [Fri May 29 03:21:53 2026] GET /v2.0/vpn/endpoint-groups => generated 904 bytes in 11 msecs (HTTP/1.1 200) 4 headers in 157 bytes (1 switches on core 0)
2026-05-29 03:21:53.381 7 WARNING neutron.scheduler.dhcp_agent_scheduler [None req-ea583721-107f-4ac7-884d-6fa50454e27c 0729aec4f7f74596b71f851f5bb9775a 93a4448450e3402d8b9a4008eb01185b - - default default] No more DHCP agents
2026-05-29 03:21:53.386 7 WARNING neutron.api.rpc.agentnotifiers.dhcp_rpc_agent_api [None req-ea583721-107f-4ac7-884d-6fa50454e27c 0729aec4f7f74596b71f851f5bb9775a 93a4448450e3402d8b9a4008eb01185b - - default default] Unable to schedule network aabba79d-c6a7-4309-b069-ffc77a6eb4e3: no agents available; will retry on subsequent port and subnet creation events.
2026-05-29 03:21:53.387 8 INFO neutron.db.ovn_revision_numbers_db [None req-60515cc1-0d07-4095-a73a-1fff7ff930db 9799a5e6a9794b1296a10076adcb30b5 98e36b55a65f43cfb244c50f7f2cbebd - - default default] Successfully bumped revision number for resource 45bbb5cd-1893-42b2-bac6-6cfbf5c5104a (type: security_groups) to 1
2026-05-29 03:21:53.414 8 INFO neutron.db.ovn_revision_numbers_db [None req-60515cc1-0d07-4095-a73a-1fff7ff930db 9799a5e6a9794b1296a10076adcb30b5 98e36b55a65f43cfb244c50f7f2cbebd - - default default] Successfully bumped revision number for resource 0ef9bfea-e7b9-480a-8ffc-414e42286141 (type: security_group_rules) to 0
2026-05-29 03:21:53.428 8 INFO neutron.db.ovn_revision_numbers_db [None req-60515cc1-0d07-4095-a73a-1fff7ff930db 9799a5e6a9794b1296a10076adcb30b5 98e36b55a65f43cfb244c50f7f2cbebd - - default default] Successfully bumped revision number for resource 442ccac0-b737-4986-86ca-779ddf7b1dde (type: security_group_rules) to 0
2026-05-29 03:21:53.444 8 INFO neutron.db.ovn_revision_numbers_db [None req-60515cc1-0d07-4095-a73a-1fff7ff930db 9799a5e6a9794b1296a10076adcb30b5 98e36b55a65f43cfb244c50f7f2cbebd - - default default] Successfully bumped revision number for resource 4fe27bbb-6e55-49f1-9dab-d70bff38fc24 (type: security_group_rules) to 0
2026-05-29 03:21:53.453 8 INFO neutron.db.ovn_revision_numbers_db [None req-60515cc1-0d07-4095-a73a-1fff7ff930db 9799a5e6a9794b1296a10076adcb30b5 98e36b55a65f43cfb244c50f7f2cbebd - - default default] Successfully bumped revision number for resource 837d910d-b2dc-49be-88dd-443a75624c41 (type: security_group_rules) to 0 [pid: 8|app: 0|req: 933/1969] 10.0.0.184 () {32 vars in 774 bytes} [Fri May 29 03:21:53 2026] GET /v2.0/security-groups?tenant_id=d0d3eeaea8034bad85f467a39c288099&name=default => generated 2925 bytes in 333 msecs (HTTP/1.1 200) 4 headers in 158 bytes (1 switches on core 0) [pid: 8|app: 0|req: 934/1970] 10.0.0.184 () {32 vars in 671 bytes} [Fri May 29 03:21:53 2026] GET /v2.0/vpn/endpoint-groups => generated 904 bytes in 10 msecs (HTTP/1.1 200) 4 headers in 157 bytes (1 switches on core 0)
2026-05-29 03:21:53.607 7 INFO neutron.db.ovn_revision_numbers_db [None req-d73f1193-e771-44e7-917c-532ef0a72fe1 - - - - - -] Successfully bumped revision number for resource 6206b9b8-99d6-4764-a0fa-c3bd605e6325 (type: ports) to 2 [pid: 8|app: 0|req: 935/1971] 10.0.0.184 () {32 vars in 740 bytes} [Fri May 29 03:21:53 2026] DELETE /v2.0/security-groups/45bbb5cd-1893-42b2-bac6-6cfbf5c5104a => generated 0 bytes in 273 msecs (HTTP/1.1 204) 2 headers in 112 bytes (1 switches on core 0) [pid: 8|app: 0|req: 936/1972] 10.0.0.184 () {32 vars in 748 bytes} [Fri May 29 03:21:53 2026] DELETE /v2.0/vpn/endpoint-groups/f317f28f-f561-4fdb-b4fe-09c085566737 => generated 0 bytes in 24 msecs (HTTP/1.1 204) 2 headers in 112 bytes (1 switches on core 0) [pid: 8|app: 0|req: 937/1973] 10.0.0.184 () {32 vars in 671 bytes} [Fri May 29 03:21:53 2026] GET /v2.0/vpn/endpoint-groups => generated 633 bytes in 14 msecs (HTTP/1.1 200) 4 headers in 157 bytes (1 switches on core 0)
2026-05-29 03:21:54.111 7 INFO neutron.db.ovn_revision_numbers_db [None req-bab1c988-61ab-49dd-965a-c8d923787809 - - - - - -] Successfully bumped revision number for resource c53ddc38-4b5f-4fe7-80be-8c9498920650 (type: ports) to 2
2026-05-29 03:21:54.138 7 INFO neutron.db.ovn_revision_numbers_db [None req-bab1c988-61ab-49dd-965a-c8d923787809 - - - - - -] Successfully bumped revision number for resource 09484ca1-fe12-4676-964a-3851c80b6f8e (type: subnets) to 0 [pid: 7|app: 0|req: 1037/1974] 10.0.0.184 () {34 vars in 669 bytes} [Fri May 29 03:21:52 2026] POST /v2.0/subnets => generated 626 bytes in 1318 msecs (HTTP/1.1 201) 4 headers in 162 bytes (1 switches on core 0)
2026-05-29 03:21:54.469 7 INFO neutron.db.ovn_revision_numbers_db [None req-4e10c8fb-c2b2-42bd-a4ee-57a71c26199a 0729aec4f7f74596b71f851f5bb9775a 93a4448450e3402d8b9a4008eb01185b - - default default] Successfully bumped revision number for resource 09484ca1-fe12-4676-964a-3851c80b6f8e (type: subnets) to 1 [pid: 7|app: 0|req: 1038/1975] 10.0.0.184 () {34 vars in 741 bytes} [Fri May 29 03:21:54 2026] PUT /v2.0/subnets/09484ca1-fe12-4676-964a-3851c80b6f8e => generated 636 bytes in 312 msecs (HTTP/1.1 200) 4 headers in 157 bytes (1 switches on core 0)
2026-05-29 03:21:54.577 8 INFO neutron.db.ovn_revision_numbers_db [None req-27dad8fc-7749-4413-b75d-2acd7bf0ab86 504ea02e538a4004891553ed79edd12d b11c78adaaa440089d2e9d850d72149f - - default default] Successfully bumped revision number for resource 49a534a7-8a9b-4a38-8425-b73c78aa9b7c (type: routers) to 8 [pid: 8|app: 0|req: 938/1976] 10.0.0.184 () {34 vars in 707 bytes} [Fri May 29 03:21:53 2026] POST /v2.0/vpn/ipsec-site-connections => generated 805 bytes in 780 msecs (HTTP/1.1 201) 4 headers in 162 bytes (1 switches on core 0)
2026-05-29 03:21:54.645 7 INFO neutron_taas.services.taas.taas_plugin [None req-713a11e9-eb8a-46ba-b5ae-b01993c2f91c 0729aec4f7f74596b71f851f5bb9775a 93a4448450e3402d8b9a4008eb01185b - - default default] TaaS: Handle Delete Port: c53ddc38-4b5f-4fe7-80be-8c9498920650
2026-05-29 03:21:54.649 7 INFO neutron_taas.services.taas.tap_mirror_plugin [None req-713a11e9-eb8a-46ba-b5ae-b01993c2f91c 0729aec4f7f74596b71f851f5bb9775a 93a4448450e3402d8b9a4008eb01185b - - default default] Tap Mirror: Handle Delete Port: c53ddc38-4b5f-4fe7-80be-8c9498920650
2026-05-29 03:21:54.998 7 INFO neutron.services.segments.plugin [-] Segment 43e89203-cfdb-47b3-9717-9926a513b5ac resource provider aggregate not found
2026-05-29 03:21:55.009 7 INFO neutron.services.segments.plugin [-] Segment 43e89203-cfdb-47b3-9717-9926a513b5ac resource provider aggregate not found
2026-05-29 03:21:55.035 7 INFO neutron.services.segments.plugin [-] Segment 43e89203-cfdb-47b3-9717-9926a513b5ac resource provider not found; error: Placement Client Error (4xx): {"errors": [{"status": 404, "title": "Not Found", "detail": "The resource could not be found.\n\n No resource provider with uuid 43e89203-cfdb-47b3-9717-9926a513b5ac found for delete ", "request_id": "req-73cd8d6b-3553-4b47-86f9-53accf1861e1"}]}
2026-05-29 03:21:55.040 7 INFO neutron.services.segments.plugin [-] Segment 43e89203-cfdb-47b3-9717-9926a513b5ac resource provider not found; error: Placement Client Error (4xx): {"errors": [{"status": 404, "title": "Not Found", "detail": "The resource could not be found.\n\n No resource provider with uuid 43e89203-cfdb-47b3-9717-9926a513b5ac found for delete ", "request_id": "req-a0c06f45-721b-4394-8661-5a45593606cc"}]} [pid: 7|app: 0|req: 1039/1977] 10.0.0.184 () {32 vars in 726 bytes} [Fri May 29 03:21:54 2026] DELETE /v2.0/networks/aabba79d-c6a7-4309-b069-ffc77a6eb4e3 => generated 0 bytes in 584 msecs (HTTP/1.1 204) 3 headers in 131 bytes (1 switches on core 0)
2026-05-29 03:21:55.079 7 INFO neutron.pecan_wsgi.hooks.translation [None req-76787b72-9db2-48aa-915e-8a71fc878380 0729aec4f7f74596b71f851f5bb9775a 93a4448450e3402d8b9a4008eb01185b - - default default] DELETE failed (client error): The resource could not be found. [pid: 7|app: 0|req: 1040/1978] 10.0.0.184 () {32 vars in 726 bytes} [Fri May 29 03:21:55 2026] DELETE /v2.0/networks/aabba79d-c6a7-4309-b069-ffc77a6eb4e3 => generated 138 bytes in 14 msecs (HTTP/1.1 404) 4 headers in 164 bytes (1 switches on core 0) [pid: 7|app: 0|req: 1041/1979] 10.0.0.184 () {32 vars in 694 bytes} [Fri May 29 03:21:55 2026] GET /v2.0/networks?router%3Aexternal=True => generated 689 bytes in 69 msecs (HTTP/1.1 200) 4 headers in 157 bytes (1 switches on core 0)
2026-05-29 03:21:55.194 8 INFO neutron.db.ovn_revision_numbers_db [None req-589cc79b-b4b4-46b7-b36d-7d97dc14ef5b 504ea02e538a4004891553ed79edd12d b11c78adaaa440089d2e9d850d72149f - - default default] Successfully bumped revision number for resource 49a534a7-8a9b-4a38-8425-b73c78aa9b7c (type: routers) to 9 [pid: 7|app: 0|req: 1042/1980] 10.0.0.184 () {32 vars in 742 bytes} [Fri May 29 03:21:55 2026] GET /v2.0/subnets?network_id=b41c4d3d-2f2b-45a3-b28a-9a00a1fa5ff3 => generated 649 bytes in 45 msecs (HTTP/1.1 200) 4 headers in 157 bytes (1 switches on core 0) [pid: 8|app: 0|req: 939/1981] 10.0.0.184 () {32 vars in 762 bytes} [Fri May 29 03:21:54 2026] DELETE /v2.0/vpn/ipsec-site-connections/71dfd892-a782-486c-8278-1b8ac84b3b58 => generated 0 bytes in 595 msecs (HTTP/1.1 204) 2 headers in 112 bytes (1 switches on core 0) [pid: 7|app: 0|req: 1043/1982] 10.0.0.184 () {32 vars in 653 bytes} [Fri May 29 03:21:55 2026] GET /v2.0/extensions => generated 20541 bytes in 6 msecs (HTTP/1.1 200) 4 headers in 159 bytes (1 switches on core 0) [pid: 8|app: 0|req: 940/1983] 10.0.0.184 () {32 vars in 685 bytes} [Fri May 29 03:21:55 2026] GET /v2.0/vpn/ipsec-site-connections => generated 796 bytes in 13 msecs (HTTP/1.1 200) 4 headers in 157 bytes (1 switches on core 0)
2026-05-29 03:21:55.248 8 INFO neutron.api.v2.resource [None req-c314ccea-d234-4ef9-a343-587f75f90ba8 504ea02e538a4004891553ed79edd12d b11c78adaaa440089d2e9d850d72149f - - default default] delete failed (client error): The resource could not be found. [pid: 8|app: 0|req: 941/1984] 10.0.0.184 () {32 vars in 762 bytes} [Fri May 29 03:21:55 2026] DELETE /v2.0/vpn/ipsec-site-connections/71dfd892-a782-486c-8278-1b8ac84b3b58 => generated 154 bytes in 11 msecs (HTTP/1.1 404) 4 headers in 164 bytes (1 switches on core 0) [pid: 7|app: 0|req: 1044/1985] 10.0.0.184 () {32 vars in 649 bytes} [Fri May 29 03:21:55 2026] GET /v2.0/networks => generated 1384 bytes in 61 msecs (HTTP/1.1 200) 4 headers in 158 bytes (1 switches on core 0) [pid: 8|app: 0|req: 942/1986] 10.0.0.184 () {34 vars in 693 bytes} [Fri May 29 03:21:55 2026] POST /v2.0/vpn/endpoint-groups => generated 290 bytes in 51 msecs (HTTP/1.1 201) 4 headers in 162 bytes (1 switches on core 0) [pid: 7|app: 0|req: 1045/1987] 10.0.0.184 () {32 vars in 647 bytes} [Fri May 29 03:21:55 2026] GET /v2.0/subnets => generated 1280 bytes in 39 msecs (HTTP/1.1 200) 4 headers in 158 bytes (1 switches on core 0) [pid: 8|app: 0|req: 943/1988] 10.0.0.184 () {30 vars in 702 bytes} [Fri May 29 03:21:55 2026] PUT /v2.0/vpn/endpoint-groups/4b8c9181-a227-47fd-aadf-6b56cf434888 => generated 290 bytes in 21 msecs (HTTP/1.1 200) 4 headers in 157 bytes (1 switches on core 0) [pid: 8|app: 0|req: 944/1989] 10.0.0.184 () {32 vars in 745 bytes} [Fri May 29 03:21:55 2026] GET /v2.0/vpn/endpoint-groups/4b8c9181-a227-47fd-aadf-6b56cf434888 => generated 290 bytes in 11 msecs (HTTP/1.1 200) 4 headers in 157 bytes (1 switches on core 0) [pid: 7|app: 0|req: 1046/1990] 10.0.0.184 () {32 vars in 723 bytes} [Fri May 29 03:21:55 2026] GET /v2.0/networks/6969259b-d43e-472c-8e3f-65ca1a555a55 => generated 706 bytes in 63 msecs (HTTP/1.1 200) 4 headers in 157 bytes (1 switches on core 0) [pid: 8|app: 0|req: 945/1991] 10.0.0.184 () {32 vars in 748 bytes} [Fri May 29 03:21:55 2026] DELETE /v2.0/vpn/endpoint-groups/4b8c9181-a227-47fd-aadf-6b56cf434888 => generated 0 bytes in 32 msecs (HTTP/1.1 204) 2 headers in 112 bytes (1 switches on core 0) [pid: 8|app: 0|req: 946/1992] 10.0.0.184 () {32 vars in 671 bytes} [Fri May 29 03:21:55 2026] GET /v2.0/vpn/endpoint-groups => generated 633 bytes in 15 msecs (HTTP/1.1 200) 4 headers in 157 bytes (1 switches on core 0) [pid: 7|app: 0|req: 1047/1993] 10.0.0.184 () {32 vars in 721 bytes} [Fri May 29 03:21:55 2026] GET /v2.0/subnets/3f2933c7-0586-4506-a79a-d4e973a1b831 => generated 641 bytes in 30 msecs (HTTP/1.1 200) 4 headers in 157 bytes (1 switches on core 0) [pid: 8|app: 0|req: 947/1994] 10.0.0.184 () {32 vars in 671 bytes} [Fri May 29 03:21:55 2026] GET /v2.0/vpn/endpoint-groups => generated 633 bytes in 15 msecs (HTTP/1.1 200) 4 headers in 157 bytes (1 switches on core 0)
2026-05-29 03:21:55.449 7 INFO neutron.pecan_wsgi.hooks.translation [None req-5cfacdce-48bf-4249-8af7-879acfaf8b75 0729aec4f7f74596b71f851f5bb9775a 93a4448450e3402d8b9a4008eb01185b - - default default] DELETE failed (client error): The resource could not be found. [pid: 7|app: 0|req: 1048/1995] 10.0.0.184 () {32 vars in 724 bytes} [Fri May 29 03:21:55 2026] DELETE /v2.0/subnets/09484ca1-fe12-4676-964a-3851c80b6f8e => generated 136 bytes in 14 msecs (HTTP/1.1 404) 4 headers in 164 bytes (1 switches on core 0)
2026-05-29 03:21:55.466 7 INFO neutron.pecan_wsgi.hooks.translation [None req-153b28f8-8f25-491e-9301-61919aa5f9d3 0729aec4f7f74596b71f851f5bb9775a 93a4448450e3402d8b9a4008eb01185b - - default default] DELETE failed (client error): The resource could not be found. [pid: 7|app: 0|req: 1049/1996] 10.0.0.184 () {32 vars in 726 bytes} [Fri May 29 03:21:55 2026] DELETE /v2.0/networks/aabba79d-c6a7-4309-b069-ffc77a6eb4e3 => generated 138 bytes in 14 msecs (HTTP/1.1 404) 4 headers in 164 bytes (1 switches on core 0) [pid: 8|app: 0|req: 948/1997] 10.0.0.184 () {34 vars in 685 bytes} [Fri May 29 03:21:55 2026] POST /v2.0/vpn/ikepolicies => generated 403 bytes in 40 msecs (HTTP/1.1 201) 4 headers in 162 bytes (1 switches on core 0) [pid: 8|app: 0|req: 949/1998] 10.0.0.184 () {30 vars in 695 bytes} [Fri May 29 03:21:55 2026] PUT /v2.0/vpn/ikepolicies/88f30cfc-507a-4e6a-ace1-934459cbbb9d => generated 419 bytes in 27 msecs (HTTP/1.1 200) 4 headers in 157 bytes (1 switches on core 0) [pid: 8|app: 0|req: 950/1999] 10.0.0.184 () {32 vars in 737 bytes} [Fri May 29 03:21:55 2026] GET /v2.0/vpn/ikepolicies/88f30cfc-507a-4e6a-ace1-934459cbbb9d => generated 419 bytes in 12 msecs (HTTP/1.1 200) 4 headers in 157 bytes (1 switches on core 0) [pid: 8|app: 0|req: 951/2000] 10.0.0.184 () {32 vars in 740 bytes} [Fri May 29 03:21:55 2026] DELETE /v2.0/vpn/ikepolicies/88f30cfc-507a-4e6a-ace1-934459cbbb9d => generated 0 bytes in 34 msecs (HTTP/1.1 204) 2 headers in 112 bytes (1 switches on core 0) [pid: 8|app: 0|req: 952/2001] 10.0.0.77 () {34 vars in 981 bytes} [Fri May 29 03:21:55 2026] GET /v2.0/networks?id=e93c047a-d861-4a7f-beca-6aa77f27a9c4 => generated 711 bytes in 52 msecs (HTTP/1.1 200) 4 headers in 157 bytes (1 switches on core 0) [pid: 7|app: 0|req: 1050/2002] 10.0.0.184 () {32 vars in 724 bytes} [Fri May 29 03:21:55 2026] DELETE /v2.0/subnets/3f2933c7-0586-4506-a79a-d4e973a1b831 => generated 0 bytes in 161 msecs (HTTP/1.1 204) 3 headers in 131 bytes (1 switches on core 0) [pid: 8|app: 0|req: 953/2003] 10.0.0.184 () {32 vars in 663 bytes} [Fri May 29 03:21:55 2026] GET /v2.0/vpn/ikepolicies => generated 407 bytes in 11 msecs (HTTP/1.1 200) 4 headers in 157 bytes (1 switches on core 0) [pid: 8|app: 0|req: 954/2004] 10.0.0.77 () {34 vars in 964 bytes} [Fri May 29 03:21:55 2026] GET /v2.0/quotas/1346ba264d114135a395f24f5ad8bb5c => generated 292 bytes in 9 msecs (HTTP/1.1 200) 4 headers in 157 bytes (1 switches on core 0) [pid: 8|app: 0|req: 955/2005] 10.0.0.184 () {32 vars in 663 bytes} [Fri May 29 03:21:55 2026] GET /v2.0/vpn/ikepolicies => generated 407 bytes in 7 msecs (HTTP/1.1 200) 4 headers in 157 bytes (1 switches on core 0) [pid: 8|app: 0|req: 956/2006] 10.0.0.77 () {34 vars in 1001 bytes} [Fri May 29 03:21:55 2026] GET /v2.0/ports?tenant_id=1346ba264d114135a395f24f5ad8bb5c&fields=id => generated 103 bytes in 103 msecs (HTTP/1.1 200) 4 headers in 157 bytes (1 switches on core 0)
2026-05-29 03:21:55.774 7 INFO neutron_taas.services.taas.taas_plugin [None req-8791c00b-e1b3-45ee-ad05-0a06a631cc73 0729aec4f7f74596b71f851f5bb9775a 93a4448450e3402d8b9a4008eb01185b - - default default] TaaS: Handle Delete Port: b3bde697-380a-4193-809c-a1b0bdf8a30a
2026-05-29 03:21:55.777 7 INFO neutron_taas.services.taas.tap_mirror_plugin [None req-8791c00b-e1b3-45ee-ad05-0a06a631cc73 0729aec4f7f74596b71f851f5bb9775a 93a4448450e3402d8b9a4008eb01185b - - default default] Tap Mirror: Handle Delete Port: b3bde697-380a-4193-809c-a1b0bdf8a30a [pid: 8|app: 0|req: 957/2007] 10.0.0.184 () {34 vars in 689 bytes} [Fri May 29 03:21:55 2026] POST /v2.0/vpn/ipsecpolicies => generated 412 bytes in 45 msecs (HTTP/1.1 201) 4 headers in 162 bytes (1 switches on core 0) [pid: 8|app: 0|req: 958/2008] 10.0.0.77 () {34 vars in 1007 bytes} [Fri May 29 03:21:55 2026] GET /v2.0/networks/e93c047a-d861-4a7f-beca-6aa77f27a9c4?fields=segments => generated 14 bytes in 38 msecs (HTTP/1.1 200) 4 headers in 156 bytes (1 switches on core 0) [pid: 8|app: 0|req: 959/2009] 10.0.0.184 () {30 vars in 699 bytes} [Fri May 29 03:21:55 2026] PUT /v2.0/vpn/ipsecpolicies/4451b4d2-b771-4414-b171-f6bb9d52ca4f => generated 430 bytes in 28 msecs (HTTP/1.1 200) 4 headers in 157 bytes (1 switches on core 0) [pid: 8|app: 0|req: 960/2010] 10.0.0.77 () {34 vars in 1107 bytes} [Fri May 29 03:21:55 2026] GET /v2.0/networks/e93c047a-d861-4a7f-beca-6aa77f27a9c4?fields=provider%3Aphysical_network&fields=provider%3Anetwork_type => generated 79 bytes in 55 msecs (HTTP/1.1 200) 4 headers in 156 bytes (1 switches on core 0) [pid: 8|app: 0|req: 961/2011] 10.0.0.184 () {32 vars in 744 bytes} [Fri May 29 03:21:55 2026] DELETE /v2.0/vpn/ipsecpolicies/4451b4d2-b771-4414-b171-f6bb9d52ca4f => generated 0 bytes in 33 msecs (HTTP/1.1 204) 2 headers in 112 bytes (1 switches on core 0)
2026-05-29 03:21:55.980 8 INFO neutron.api.v2.resource [None req-837f4177-a02c-4c8d-863a-a7e4ded05650 504ea02e538a4004891553ed79edd12d b11c78adaaa440089d2e9d850d72149f - - default default] delete failed (client error): The resource could not be found. [pid: 8|app: 0|req: 962/2012] 10.0.0.184 () {32 vars in 744 bytes} [Fri May 29 03:21:55 2026] DELETE /v2.0/vpn/ipsecpolicies/4451b4d2-b771-4414-b171-f6bb9d52ca4f => generated 145 bytes in 13 msecs (HTTP/1.1 404) 4 headers in 164 bytes (1 switches on core 0)
2026-05-29 03:21:55.997 8 INFO neutron.api.v2.resource [None req-4f670704-6ca9-4bd3-9c77-22e94360e0da 504ea02e538a4004891553ed79edd12d b11c78adaaa440089d2e9d850d72149f - - default default] delete failed (client error): The resource could not be found. [pid: 8|app: 0|req: 963/2013] 10.0.0.184 () {32 vars in 744 bytes} [Fri May 29 03:21:55 2026] DELETE /v2.0/vpn/ipsecpolicies/4451b4d2-b771-4414-b171-f6bb9d52ca4f => generated 145 bytes in 13 msecs (HTTP/1.1 404) 4 headers in 164 bytes (1 switches on core 0) [pid: 7|app: 0|req: 1051/2014] 10.0.0.184 () {32 vars in 726 bytes} [Fri May 29 03:21:55 2026] DELETE /v2.0/networks/6969259b-d43e-472c-8e3f-65ca1a555a55 => generated 0 bytes in 441 msecs (HTTP/1.1 204) 3 headers in 131 bytes (1 switches on core 0) [pid: 7|app: 0|req: 1052/2015] 10.0.0.77 () {34 vars in 989 bytes} [Fri May 29 03:21:56 2026] GET /v2.0/ports?device_id=1980ca62-e47d-49fb-addf-823dc8f2918f => generated 12 bytes in 31 msecs (HTTP/1.1 200) 4 headers in 156 bytes (1 switches on core 0)
2026-05-29 03:21:56.135 8 INFO neutron.db.segments_db [None req-0db6f0e3-22ec-4395-bd93-165468ebfdbb 504ea02e538a4004891553ed79edd12d b11c78adaaa440089d2e9d850d72149f - - default default] Added segment 20e22553-2ed9-4d5b-aa27-db51ecb2ebc8 of type geneve for network 02087355-901f-4ed3-a794-b1bf99e5e559
2026-05-29 03:21:56.269 8 INFO neutron.db.ovn_revision_numbers_db [None req-0db6f0e3-22ec-4395-bd93-165468ebfdbb 504ea02e538a4004891553ed79edd12d b11c78adaaa440089d2e9d850d72149f - - default default] Successfully bumped revision number for resource 02087355-901f-4ed3-a794-b1bf99e5e559 (type: networks) to 1
2026-05-29 03:21:56.471 8 WARNING neutron.scheduler.dhcp_agent_scheduler [None req-0db6f0e3-22ec-4395-bd93-165468ebfdbb 504ea02e538a4004891553ed79edd12d b11c78adaaa440089d2e9d850d72149f - - default default] No more DHCP agents
2026-05-29 03:21:56.473 8 WARNING neutron.api.rpc.agentnotifiers.dhcp_rpc_agent_api [None req-0db6f0e3-22ec-4395-bd93-165468ebfdbb 504ea02e538a4004891553ed79edd12d b11c78adaaa440089d2e9d850d72149f - - default default] Unable to schedule network 02087355-901f-4ed3-a794-b1bf99e5e559: no agents available; will retry on subsequent port and subnet creation events.
2026-05-29 03:21:56.564 8 INFO neutron.db.ovn_revision_numbers_db [None req-0db6f0e3-22ec-4395-bd93-165468ebfdbb 504ea02e538a4004891553ed79edd12d b11c78adaaa440089d2e9d850d72149f - - default default] Successfully bumped revision number for resource 90cbb5a3-6047-4cfc-94cb-1aee4ad312ec (type: ports) to 1 [pid: 8|app: 0|req: 964/2016] 10.0.0.184 () {34 vars in 670 bytes} [Fri May 29 03:21:56 2026] POST /v2.0/networks => generated 670 bytes in 589 msecs (HTTP/1.1 201) 4 headers in 162 bytes (1 switches on core 0)
2026-05-29 03:21:56.871 7 WARNING neutron.scheduler.dhcp_agent_scheduler [None req-2c90b247-0f20-41be-a191-b1e7ad2046e6 504ea02e538a4004891553ed79edd12d b11c78adaaa440089d2e9d850d72149f - - default default] No more DHCP agents
2026-05-29 03:21:56.873 7 WARNING neutron.api.rpc.agentnotifiers.dhcp_rpc_agent_api [None req-2c90b247-0f20-41be-a191-b1e7ad2046e6 504ea02e538a4004891553ed79edd12d b11c78adaaa440089d2e9d850d72149f - - default default] Unable to schedule network 02087355-901f-4ed3-a794-b1bf99e5e559: no agents available; will retry on subsequent port and subnet creation events. [pid: 8|app: 0|req: 965/2017] 10.0.0.184 () {32 vars in 774 bytes} [Fri May 29 03:21:56 2026] GET /v2.0/security-groups?tenant_id=93a4448450e3402d8b9a4008eb01185b&name=default => generated 2925 bytes in 256 msecs (HTTP/1.1 200) 4 headers in 158 bytes (1 switches on core 0)
2026-05-29 03:21:57.067 7 INFO neutron.services.segments.plugin [-] Segment 8e32fccd-5bc2-40c3-ab18-165f8e767f42 resource provider aggregate not found
2026-05-29 03:21:57.076 7 INFO neutron.services.segments.plugin [-] Segment 8e32fccd-5bc2-40c3-ab18-165f8e767f42 resource provider aggregate not found
2026-05-29 03:21:57.094 7 INFO neutron.services.segments.plugin [-] Segment 8e32fccd-5bc2-40c3-ab18-165f8e767f42 resource provider not found; error: Placement Client Error (4xx): {"errors": [{"status": 404, "title": "Not Found", "detail": "The resource could not be found.\n\n No resource provider with uuid 8e32fccd-5bc2-40c3-ab18-165f8e767f42 found for delete ", "request_id": "req-87c02a7a-e07b-479f-9824-72aef26c874d"}]}
2026-05-29 03:21:57.097 7 INFO neutron.services.segments.plugin [-] Segment 8e32fccd-5bc2-40c3-ab18-165f8e767f42 resource provider not found; error: Placement Client Error (4xx): {"errors": [{"status": 404, "title": "Not Found", "detail": "The resource could not be found.\n\n No resource provider with uuid 8e32fccd-5bc2-40c3-ab18-165f8e767f42 found for delete ", "request_id": "req-95f8821b-3c40-4ce8-8dc6-4ce1a3e1034a"}]} [pid: 8|app: 0|req: 966/2018] 10.0.0.184 () {32 vars in 740 bytes} [Fri May 29 03:21:57 2026] DELETE /v2.0/security-groups/f5bb2489-cb5f-41ad-a3bc-6bed130016e5 => generated 0 bytes in 269 msecs (HTTP/1.1 204) 2 headers in 112 bytes (1 switches on core 0)
2026-05-29 03:21:57.381 7 INFO neutron.db.ovn_revision_numbers_db [None req-f76078b5-cdbf-44e8-bcae-17b194eed55a - - - - - -] Successfully bumped revision number for resource 90cbb5a3-6047-4cfc-94cb-1aee4ad312ec (type: ports) to 2
2026-05-29 03:21:57.409 7 INFO neutron.db.ovn_revision_numbers_db [None req-f76078b5-cdbf-44e8-bcae-17b194eed55a - - - - - -] Successfully bumped revision number for resource c2b9749f-eec7-4069-acb3-8a9097e3d505 (type: subnets) to 0 [pid: 7|app: 0|req: 1053/2019] 10.0.0.184 () {34 vars in 669 bytes} [Fri May 29 03:21:56 2026] POST /v2.0/subnets => generated 629 bytes in 822 msecs (HTTP/1.1 201) 4 headers in 162 bytes (1 switches on core 0) [pid: 7|app: 0|req: 1054/2020] 10.0.0.77 () {34 vars in 989 bytes} [Fri May 29 03:21:57 2026] GET /v2.0/ports?device_id=1980ca62-e47d-49fb-addf-823dc8f2918f => generated 12 bytes in 21 msecs (HTTP/1.1 200) 4 headers in 156 bytes (1 switches on core 0)
2026-05-29 03:21:57.710 8 INFO neutron.db.ovn_revision_numbers_db [None req-98cb4c1c-1434-42f3-aa51-6baa69b0ec56 9799a5e6a9794b1296a10076adcb30b5 98e36b55a65f43cfb244c50f7f2cbebd - - default default] Successfully bumped revision number for resource 50f18fe0-d905-4014-9311-c3a07535486c (type: security_groups) to 1
2026-05-29 03:21:57.741 8 INFO neutron.db.ovn_revision_numbers_db [None req-98cb4c1c-1434-42f3-aa51-6baa69b0ec56 9799a5e6a9794b1296a10076adcb30b5 98e36b55a65f43cfb244c50f7f2cbebd - - default default] Successfully bumped revision number for resource 44d41021-8f00-4546-8db0-86e491f7dad2 (type: security_group_rules) to 0
2026-05-29 03:21:57.759 8 INFO neutron.db.ovn_revision_numbers_db [None req-98cb4c1c-1434-42f3-aa51-6baa69b0ec56 9799a5e6a9794b1296a10076adcb30b5 98e36b55a65f43cfb244c50f7f2cbebd - - default default] Successfully bumped revision number for resource 842956e8-6b44-45c1-95bf-47c1faba289d (type: security_group_rules) to 0
2026-05-29 03:21:57.796 8 INFO neutron.db.ovn_revision_numbers_db [None req-98cb4c1c-1434-42f3-aa51-6baa69b0ec56 9799a5e6a9794b1296a10076adcb30b5 98e36b55a65f43cfb244c50f7f2cbebd - - default default] Successfully bumped revision number for resource 9e6d8e5a-e433-4d73-b5e5-e1082df8e857 (type: security_group_rules) to 0
2026-05-29 03:21:57.810 8 INFO neutron.db.ovn_revision_numbers_db [None req-98cb4c1c-1434-42f3-aa51-6baa69b0ec56 9799a5e6a9794b1296a10076adcb30b5 98e36b55a65f43cfb244c50f7f2cbebd - - default default] Successfully bumped revision number for resource b7db6c78-9623-4b34-904f-03e686e55100 (type: security_group_rules) to 0 [pid: 8|app: 0|req: 967/2021] 10.0.0.184 () {32 vars in 774 bytes} [Fri May 29 03:21:57 2026] GET /v2.0/security-groups?tenant_id=8c2e669193f94b51bf31cf1fa49ceae6&name=default => generated 2925 bytes in 572 msecs (HTTP/1.1 200) 4 headers in 158 bytes (1 switches on core 0)
2026-05-29 03:21:57.909 7 WARNING neutron.scheduler.dhcp_agent_scheduler [None req-d555a491-a4d9-4590-8cbe-d862a80ea597 504ea02e538a4004891553ed79edd12d b11c78adaaa440089d2e9d850d72149f - - default default] No more DHCP agents
2026-05-29 03:21:57.911 7 WARNING neutron.api.rpc.agentnotifiers.dhcp_rpc_agent_api [None req-d555a491-a4d9-4590-8cbe-d862a80ea597 504ea02e538a4004891553ed79edd12d b11c78adaaa440089d2e9d850d72149f - - default default] Unable to schedule network b41c4d3d-2f2b-45a3-b28a-9a00a1fa5ff3: no agents available; will retry on subsequent port and subnet creation events.
2026-05-29 03:21:58.072 8 INFO neutron.plugins.ml2.drivers.ovn.mech_driver.mech_driver [None req-575515f3-9296-4165-81ed-662a0231885d - - - - - -] OVN reports status down for port: 57c7ae21-ffd8-4450-8bf9-1df918b9a2ea [pid: 8|app: 0|req: 968/2022] 10.0.0.184 () {32 vars in 740 bytes} [Fri May 29 03:21:57 2026] DELETE /v2.0/security-groups/50f18fe0-d905-4014-9311-c3a07535486c => generated 0 bytes in 353 msecs (HTTP/1.1 204) 2 headers in 112 bytes (1 switches on core 0) [pid: 8|app: 0|req: 969/2023] 10.0.0.77 () {34 vars in 989 bytes} [Fri May 29 03:21:58 2026] GET /v2.0/ports?device_id=1980ca62-e47d-49fb-addf-823dc8f2918f => generated 12 bytes in 21 msecs (HTTP/1.1 200) 4 headers in 156 bytes (1 switches on core 0)
2026-05-29 03:21:58.723 7 INFO neutron.db.ovn_revision_numbers_db [None req-d555a491-a4d9-4590-8cbe-d862a80ea597 504ea02e538a4004891553ed79edd12d b11c78adaaa440089d2e9d850d72149f - - default default] Successfully bumped revision number for resource 57c7ae21-ffd8-4450-8bf9-1df918b9a2ea (type: ports) to 1
2026-05-29 03:21:59.239 7 WARNING neutron.plugins.ml2.drivers.ovn.mech_driver.ovsdb.ovn_client [None req-75a9624d-f8af-4a3e-a6cf-713668e40068 - - - - - -] No hosting information found for port 6206b9b8-99d6-4764-a0fa-c3bd605e6325: RuntimeError: No hosting information found for port 6206b9b8-99d6-4764-a0fa-c3bd605e6325
2026-05-29 03:21:59.437 7 INFO neutron.db.ovn_revision_numbers_db [None req-75a9624d-f8af-4a3e-a6cf-713668e40068 - - - - - -] Successfully bumped revision number for resource 6206b9b8-99d6-4764-a0fa-c3bd605e6325 (type: router_ports) to 2
2026-05-29 03:21:59.487 8 INFO neutron.db.ovn_revision_numbers_db [None req-df09dbba-5b40-40d2-ad30-da67047e236a 0794f43b74984543ae26318e1310f7df 3167cb741ad04071bcb94bd23588dd06 - - default default] Successfully bumped revision number for resource c964f20b-e654-4931-b863-55ed18fab0d9 (type: security_groups) to 1
2026-05-29 03:21:59.502 8 INFO neutron.db.ovn_revision_numbers_db [None req-df09dbba-5b40-40d2-ad30-da67047e236a 0794f43b74984543ae26318e1310f7df 3167cb741ad04071bcb94bd23588dd06 - - default default] Successfully bumped revision number for resource 109ec57e-5d31-441b-90ad-20d4adfb2e5e (type: security_group_rules) to 0
2026-05-29 03:21:59.514 8 INFO neutron.db.ovn_revision_numbers_db [None req-df09dbba-5b40-40d2-ad30-da67047e236a 0794f43b74984543ae26318e1310f7df 3167cb741ad04071bcb94bd23588dd06 - - default default] Successfully bumped revision number for resource 5791b8ea-5d16-4273-9d71-7ac70163b52f (type: security_group_rules) to 0
2026-05-29 03:21:59.516 7 INFO neutron.plugins.ml2.drivers.ovn.mech_driver.ovsdb.commands [None req-05926ac7-71d8-4ecc-9646-90c022349e34 - - - - - -] Schedule LRP lrp-57c7ae21-ffd8-4450-8bf9-1df918b9a2ea on gateway 3e780ada-26c8-457e-b648-733ebb24d612 with priority 1
2026-05-29 03:21:59.549 8 INFO neutron.db.ovn_revision_numbers_db [None req-df09dbba-5b40-40d2-ad30-da67047e236a 0794f43b74984543ae26318e1310f7df 3167cb741ad04071bcb94bd23588dd06 - - default default] Successfully bumped revision number for resource 9e36aa2e-a075-4ea8-a797-1aa8e63c99ac (type: security_group_rules) to 0
2026-05-29 03:21:59.566 8 INFO neutron.plugins.ml2.drivers.ovn.mech_driver.mech_driver [None req-575515f3-9296-4165-81ed-662a0231885d - - - - - -] OVN reports status up for port: 57c7ae21-ffd8-4450-8bf9-1df918b9a2ea
2026-05-29 03:21:59.577 8 INFO neutron.db.ovn_revision_numbers_db [None req-df09dbba-5b40-40d2-ad30-da67047e236a 0794f43b74984543ae26318e1310f7df 3167cb741ad04071bcb94bd23588dd06 - - default default] Successfully bumped revision number for resource a2e9cb64-a813-42f1-8c07-18c3ff061ce8 (type: security_group_rules) to 0
2026-05-29 03:21:59.591 7 INFO neutron.plugins.ml2.drivers.ovn.mech_driver.mech_driver [None req-75a9624d-f8af-4a3e-a6cf-713668e40068 - - - - - -] OVN reports status down for port: 90cbb5a3-6047-4cfc-94cb-1aee4ad312ec
2026-05-29 03:21:59.593 8 INFO neutron.plugins.ml2.plugin [None req-575515f3-9296-4165-81ed-662a0231885d - - - - - -] Attempt 1 to provision port 57c7ae21-ffd8-4450-8bf9-1df918b9a2ea
2026-05-29 03:21:59.628 7 INFO neutron.db.ovn_revision_numbers_db [None req-d555a491-a4d9-4590-8cbe-d862a80ea597 504ea02e538a4004891553ed79edd12d b11c78adaaa440089d2e9d850d72149f - - default default] Successfully bumped revision number for resource 57c7ae21-ffd8-4450-8bf9-1df918b9a2ea (type: router_ports) to 1
2026-05-29 03:21:59.698 8 INFO neutron.db.segments_db [None req-df09dbba-5b40-40d2-ad30-da67047e236a 0794f43b74984543ae26318e1310f7df 3167cb741ad04071bcb94bd23588dd06 - - default default] Added segment 9bac52ec-77a8-40a0-bfad-842c00e4cb6c of type geneve for network ce442ab5-4d16-46a5-8bfc-488beba5a439
2026-05-29 03:21:59.747 7 INFO neutron.db.ovn_revision_numbers_db [None req-d555a491-a4d9-4590-8cbe-d862a80ea597 504ea02e538a4004891553ed79edd12d b11c78adaaa440089d2e9d850d72149f - - default default] Successfully bumped revision number for resource f351ed10-780c-4319-a585-181d04e5da3e (type: routers) to 2 [pid: 7|app: 0|req: 1055/2024] 10.0.0.184 () {34 vars in 669 bytes} [Fri May 29 03:21:57 2026] POST /v2.0/routers => generated 936 bytes in 2319 msecs (HTTP/1.1 201) 4 headers in 162 bytes (1 switches on core 0) [pid: 7|app: 0|req: 1056/2025] 10.0.0.77 () {34 vars in 989 bytes} [Fri May 29 03:21:59 2026] GET /v2.0/ports?device_id=1980ca62-e47d-49fb-addf-823dc8f2918f => generated 12 bytes in 31 msecs (HTTP/1.1 200) 4 headers in 156 bytes (1 switches on core 0)
2026-05-29 03:21:59.818 8 INFO neutron.db.ovn_revision_numbers_db [None req-df09dbba-5b40-40d2-ad30-da67047e236a 0794f43b74984543ae26318e1310f7df 3167cb741ad04071bcb94bd23588dd06 - - default default] Successfully bumped revision number for resource ce442ab5-4d16-46a5-8bfc-488beba5a439 (type: networks) to 1
2026-05-29 03:21:59.981 8 WARNING neutron.scheduler.dhcp_agent_scheduler [None req-df09dbba-5b40-40d2-ad30-da67047e236a 0794f43b74984543ae26318e1310f7df 3167cb741ad04071bcb94bd23588dd06 - - default default] No more DHCP agents
2026-05-29 03:21:59.983 8 WARNING neutron.api.rpc.agentnotifiers.dhcp_rpc_agent_api [None req-df09dbba-5b40-40d2-ad30-da67047e236a 0794f43b74984543ae26318e1310f7df 3167cb741ad04071bcb94bd23588dd06 - - default default] Unable to schedule network ce442ab5-4d16-46a5-8bfc-488beba5a439: no agents available; will retry on subsequent port and subnet creation events.
2026-05-29 03:22:00.063 8 INFO neutron.db.ovn_revision_numbers_db [None req-df09dbba-5b40-40d2-ad30-da67047e236a 0794f43b74984543ae26318e1310f7df 3167cb741ad04071bcb94bd23588dd06 - - default default] Successfully bumped revision number for resource 923514cc-80ee-40fb-8135-68bb78f7792e (type: ports) to 1
2026-05-29 03:22:00.064 7 INFO neutron.plugins.ml2.drivers.ovn.mech_driver.mech_driver [None req-75a9624d-f8af-4a3e-a6cf-713668e40068 - - - - - -] OVN reports status down for port: 923514cc-80ee-40fb-8135-68bb78f7792e [pid: 8|app: 0|req: 970/2026] 10.0.0.184 () {34 vars in 670 bytes} [Fri May 29 03:21:59 2026] POST /v2.0/networks => generated 686 bytes in 988 msecs (HTTP/1.1 201) 4 headers in 162 bytes (1 switches on core 0)
2026-05-29 03:22:00.287 8 WARNING neutron.scheduler.dhcp_agent_scheduler [None req-ccc631c9-3406-45ad-94fa-6b6d14b99fb8 0794f43b74984543ae26318e1310f7df 3167cb741ad04071bcb94bd23588dd06 - - default default] No more DHCP agents
2026-05-29 03:22:00.288 8 WARNING neutron.api.rpc.agentnotifiers.dhcp_rpc_agent_api [None req-ccc631c9-3406-45ad-94fa-6b6d14b99fb8 0794f43b74984543ae26318e1310f7df 3167cb741ad04071bcb94bd23588dd06 - - default default] Unable to schedule network ce442ab5-4d16-46a5-8bfc-488beba5a439: no agents available; will retry on subsequent port and subnet creation events.
2026-05-29 03:22:00.364 8 INFO neutron.db.ovn_revision_numbers_db [None req-ccc631c9-3406-45ad-94fa-6b6d14b99fb8 0794f43b74984543ae26318e1310f7df 3167cb741ad04071bcb94bd23588dd06 - - default default] Successfully bumped revision number for resource f753ac66-1618-44f8-9511-4cdaa61058fe (type: ports) to 1
2026-05-29 03:22:00.390 7 INFO neutron.plugins.ml2.drivers.ovn.mech_driver.mech_driver [None req-75a9624d-f8af-4a3e-a6cf-713668e40068 - - - - - -] OVN reports status down for port: f753ac66-1618-44f8-9511-4cdaa61058fe [pid: 8|app: 0|req: 971/2027] 10.0.0.184 () {34 vars in 665 bytes} [Fri May 29 03:22:00 2026] POST /v2.0/ports => generated 779 bytes in 312 msecs (HTTP/1.1 201) 4 headers in 162 bytes (1 switches on core 0) /var/lib/openstack/lib/python3.12/site-packages/pycadf/identifier.py:70: UserWarning: Invalid uuid: neutron. To ensure interoperability, identifiers should be a valid uuid. warnings.warn(('Invalid uuid: %s. To ensure interoperability, ' [pid: 8|app: 0|req: 972/2028] 199.204.45.235 () {34 vars in 986 bytes} [Fri May 29 03:22:00 2026] GET /v2.0/networks?id=e93c047a-d861-4a7f-beca-6aa77f27a9c4 => generated 711 bytes in 47 msecs (HTTP/1.1 200) 4 headers in 157 bytes (1 switches on core 0)
2026-05-29 03:22:00.539 7 WARNING neutron.scheduler.dhcp_agent_scheduler [None req-2200842b-d0d9-46bf-a747-2bb3088267f4 504ea02e538a4004891553ed79edd12d b11c78adaaa440089d2e9d850d72149f - - default default] No more DHCP agents
2026-05-29 03:22:00.541 7 WARNING neutron.api.rpc.agentnotifiers.dhcp_rpc_agent_api [None req-2200842b-d0d9-46bf-a747-2bb3088267f4 504ea02e538a4004891553ed79edd12d b11c78adaaa440089d2e9d850d72149f - - default default] Unable to schedule network 02087355-901f-4ed3-a794-b1bf99e5e559: no agents available; will retry on subsequent port and subnet creation events.
2026-05-29 03:22:00.551 8 INFO neutron.db.segments_db [None req-81b29359-ff62-4985-938b-1f38e0d02212 0794f43b74984543ae26318e1310f7df 3167cb741ad04071bcb94bd23588dd06 - - default default] Added segment c65750f5-150c-4b8a-b1b7-301c6bf5f5b4 of type geneve for network 43286bf3-c288-4caf-af0d-474452b80b91
2026-05-29 03:22:00.677 8 INFO neutron.db.ovn_revision_numbers_db [None req-81b29359-ff62-4985-938b-1f38e0d02212 0794f43b74984543ae26318e1310f7df 3167cb741ad04071bcb94bd23588dd06 - - default default] Successfully bumped revision number for resource 43286bf3-c288-4caf-af0d-474452b80b91 (type: networks) to 1
2026-05-29 03:22:00.742 7 INFO neutron.db.ovn_revision_numbers_db [None req-2200842b-d0d9-46bf-a747-2bb3088267f4 504ea02e538a4004891553ed79edd12d b11c78adaaa440089d2e9d850d72149f - - default default] Successfully bumped revision number for resource 26e2d6ad-8f89-4892-8831-adc85ed5764f (type: ports) to 1
2026-05-29 03:22:00.879 8 WARNING neutron.scheduler.dhcp_agent_scheduler [None req-81b29359-ff62-4985-938b-1f38e0d02212 0794f43b74984543ae26318e1310f7df 3167cb741ad04071bcb94bd23588dd06 - - default default] No more DHCP agents
2026-05-29 03:22:00.880 8 WARNING neutron.api.rpc.agentnotifiers.dhcp_rpc_agent_api [None req-81b29359-ff62-4985-938b-1f38e0d02212 0794f43b74984543ae26318e1310f7df 3167cb741ad04071bcb94bd23588dd06 - - default default] Unable to schedule network 43286bf3-c288-4caf-af0d-474452b80b91: no agents available; will retry on subsequent port and subnet creation events.
2026-05-29 03:22:00.964 8 INFO neutron.db.ovn_revision_numbers_db [None req-81b29359-ff62-4985-938b-1f38e0d02212 0794f43b74984543ae26318e1310f7df 3167cb741ad04071bcb94bd23588dd06 - - default default] Successfully bumped revision number for resource cf5d255b-6ba5-41c0-9963-c0b281937adc (type: ports) to 1
