2026-05-29 03:27:20.399 8 INFO neutron.api.v2.resource [None req-7865ddeb-af00-4921-8179-500a4c0d0c69 4ec7e8a6ec5e47b1a5373648bda501e0 7980d3263fed4bf2ba3e1adee3e23f6c - - default default] show failed (client error): The resource could not be found. [pid: 8|app: 0|req: 1710/3485] 10.0.0.184 () {32 vars in 747 bytes} [Fri May 29 03:27:20 2026] GET /v2.0/security-group-rules/b8ae7548-eda8-4fcb-b465-eeb904ce70c4 => generated 155 bytes in 11 msecs (HTTP/1.1 404) 4 headers in 164 bytes (1 switches on core 0) [pid: 7|app: 0|req: 1776/3486] 10.0.0.184 () {32 vars in 750 bytes} [Fri May 29 03:27:20 2026] DELETE /v2.0/security-group-rules/ba039e65-e505-453a-944a-54e5080a979d => generated 0 bytes in 150 msecs (HTTP/1.1 204) 2 headers in 112 bytes (1 switches on core 0)
2026-05-29 03:27:20.577 8 INFO neutron.api.v2.resource [None req-01118a81-c9fc-418f-9a57-e091abfd4040 4ec7e8a6ec5e47b1a5373648bda501e0 7980d3263fed4bf2ba3e1adee3e23f6c - - default default] show failed (client error): The resource could not be found. [pid: 8|app: 0|req: 1711/3487] 10.0.0.184 () {32 vars in 747 bytes} [Fri May 29 03:27:20 2026] GET /v2.0/security-group-rules/ba039e65-e505-453a-944a-54e5080a979d => generated 155 bytes in 14 msecs (HTTP/1.1 404) 4 headers in 164 bytes (1 switches on core 0) [pid: 7|app: 0|req: 1777/3488] 10.0.0.184 () {32 vars in 750 bytes} [Fri May 29 03:27:20 2026] DELETE /v2.0/security-group-rules/2d4a66df-9eb7-4451-86fd-bb4bfcd9ef07 => generated 0 bytes in 136 msecs (HTTP/1.1 204) 2 headers in 112 bytes (1 switches on core 0)
2026-05-29 03:27:20.734 8 INFO neutron.api.v2.resource [None req-d5a1c505-2a09-4450-92f3-12b582f4ea67 4ec7e8a6ec5e47b1a5373648bda501e0 7980d3263fed4bf2ba3e1adee3e23f6c - - default default] show failed (client error): The resource could not be found. [pid: 8|app: 0|req: 1712/3489] 10.0.0.184 () {32 vars in 747 bytes} [Fri May 29 03:27:20 2026] GET /v2.0/security-group-rules/2d4a66df-9eb7-4451-86fd-bb4bfcd9ef07 => generated 155 bytes in 11 msecs (HTTP/1.1 404) 4 headers in 164 bytes (1 switches on core 0) [pid: 7|app: 0|req: 1778/3490] 10.0.0.184 () {32 vars in 750 bytes} [Fri May 29 03:27:20 2026] DELETE /v2.0/security-group-rules/f70f1f50-6407-42f6-b268-f513910ef6ab => generated 0 bytes in 143 msecs (HTTP/1.1 204) 2 headers in 112 bytes (1 switches on core 0)
2026-05-29 03:27:20.901 8 INFO neutron.api.v2.resource [None req-12e30e94-8c30-4506-9b5c-5ab8dbdaf64c 4ec7e8a6ec5e47b1a5373648bda501e0 7980d3263fed4bf2ba3e1adee3e23f6c - - default default] show failed (client error): The resource could not be found. [pid: 8|app: 0|req: 1713/3491] 10.0.0.184 () {32 vars in 747 bytes} [Fri May 29 03:27:20 2026] GET /v2.0/security-group-rules/f70f1f50-6407-42f6-b268-f513910ef6ab => generated 155 bytes in 15 msecs (HTTP/1.1 404) 4 headers in 164 bytes (1 switches on core 0) [pid: 7|app: 0|req: 1779/3492] 10.0.0.184 () {32 vars in 750 bytes} [Fri May 29 03:27:20 2026] DELETE /v2.0/security-group-rules/ff9fa200-2f03-4aac-b86e-83a4935d4894 => generated 0 bytes in 130 msecs (HTTP/1.1 204) 2 headers in 112 bytes (1 switches on core 0)
2026-05-29 03:27:21.055 8 INFO neutron.api.v2.resource [None req-c3bfe66c-dcd0-4504-8037-6a6a352dc3aa 4ec7e8a6ec5e47b1a5373648bda501e0 7980d3263fed4bf2ba3e1adee3e23f6c - - default default] show failed (client error): The resource could not be found. [pid: 8|app: 0|req: 1714/3493] 10.0.0.184 () {32 vars in 747 bytes} [Fri May 29 03:27:21 2026] GET /v2.0/security-group-rules/ff9fa200-2f03-4aac-b86e-83a4935d4894 => generated 155 bytes in 12 msecs (HTTP/1.1 404) 4 headers in 164 bytes (1 switches on core 0) [pid: 7|app: 0|req: 1780/3494] 10.0.0.184 () {32 vars in 750 bytes} [Fri May 29 03:27:21 2026] DELETE /v2.0/security-group-rules/c82b5829-0749-4062-9efb-0cbaba05a1d2 => generated 0 bytes in 145 msecs (HTTP/1.1 204) 2 headers in 112 bytes (1 switches on core 0)
2026-05-29 03:27:21.224 8 INFO neutron.api.v2.resource [None req-b61b9589-2a41-4288-b162-5aca5bb7a9fc 4ec7e8a6ec5e47b1a5373648bda501e0 7980d3263fed4bf2ba3e1adee3e23f6c - - default default] show failed (client error): The resource could not be found. [pid: 8|app: 0|req: 1715/3495] 10.0.0.184 () {32 vars in 747 bytes} [Fri May 29 03:27:21 2026] GET /v2.0/security-group-rules/c82b5829-0749-4062-9efb-0cbaba05a1d2 => generated 155 bytes in 12 msecs (HTTP/1.1 404) 4 headers in 164 bytes (1 switches on core 0) [pid: 7|app: 0|req: 1781/3496] 10.0.0.184 () {32 vars in 750 bytes} [Fri May 29 03:27:21 2026] DELETE /v2.0/security-group-rules/85df0edf-2545-4b30-b76e-e453e3f9617e => generated 0 bytes in 133 msecs (HTTP/1.1 204) 2 headers in 112 bytes (1 switches on core 0)
2026-05-29 03:27:21.383 8 INFO neutron.api.v2.resource [None req-abe5ebcb-3873-45f6-b4d0-07dd3505f7d5 4ec7e8a6ec5e47b1a5373648bda501e0 7980d3263fed4bf2ba3e1adee3e23f6c - - default default] show failed (client error): The resource could not be found. [pid: 8|app: 0|req: 1716/3497] 10.0.0.184 () {32 vars in 747 bytes} [Fri May 29 03:27:21 2026] GET /v2.0/security-group-rules/85df0edf-2545-4b30-b76e-e453e3f9617e => generated 155 bytes in 16 msecs (HTTP/1.1 404) 4 headers in 164 bytes (1 switches on core 0) [pid: 7|app: 0|req: 1782/3498] 10.0.0.184 () {32 vars in 750 bytes} [Fri May 29 03:27:21 2026] DELETE /v2.0/security-group-rules/d2045e43-76d8-4acd-a873-cd9a6f4d20a0 => generated 0 bytes in 121 msecs (HTTP/1.1 204) 2 headers in 112 bytes (1 switches on core 0)
2026-05-29 03:27:21.528 8 INFO neutron.api.v2.resource [None req-64dd9178-90f1-4809-a57b-98bf5fdac883 4ec7e8a6ec5e47b1a5373648bda501e0 7980d3263fed4bf2ba3e1adee3e23f6c - - default default] show failed (client error): The resource could not be found. [pid: 8|app: 0|req: 1717/3499] 10.0.0.184 () {32 vars in 747 bytes} [Fri May 29 03:27:21 2026] GET /v2.0/security-group-rules/d2045e43-76d8-4acd-a873-cd9a6f4d20a0 => generated 155 bytes in 13 msecs (HTTP/1.1 404) 4 headers in 164 bytes (1 switches on core 0) [pid: 7|app: 0|req: 1783/3500] 10.0.0.184 () {32 vars in 750 bytes} [Fri May 29 03:27:21 2026] DELETE /v2.0/security-group-rules/0f2e28d7-3499-4942-baa9-9f60971b3e52 => generated 0 bytes in 98 msecs (HTTP/1.1 204) 2 headers in 112 bytes (1 switches on core 0)
2026-05-29 03:27:21.648 8 INFO neutron.api.v2.resource [None req-a7b92e72-d67a-4585-a94e-40b710072a37 4ec7e8a6ec5e47b1a5373648bda501e0 7980d3263fed4bf2ba3e1adee3e23f6c - - default default] show failed (client error): The resource could not be found. [pid: 8|app: 0|req: 1718/3501] 10.0.0.184 () {32 vars in 747 bytes} [Fri May 29 03:27:21 2026] GET /v2.0/security-group-rules/0f2e28d7-3499-4942-baa9-9f60971b3e52 => generated 155 bytes in 12 msecs (HTTP/1.1 404) 4 headers in 164 bytes (1 switches on core 0) [pid: 7|app: 0|req: 1784/3502] 10.0.0.184 () {32 vars in 750 bytes} [Fri May 29 03:27:21 2026] DELETE /v2.0/security-group-rules/209d63c5-6703-42c3-a25d-be57cfb429e5 => generated 0 bytes in 104 msecs (HTTP/1.1 204) 2 headers in 112 bytes (1 switches on core 0)
2026-05-29 03:27:21.773 8 INFO neutron.api.v2.resource [None req-39302b08-d971-4862-aba3-4f688f315ea0 4ec7e8a6ec5e47b1a5373648bda501e0 7980d3263fed4bf2ba3e1adee3e23f6c - - default default] show failed (client error): The resource could not be found. [pid: 8|app: 0|req: 1719/3503] 10.0.0.184 () {32 vars in 747 bytes} [Fri May 29 03:27:21 2026] GET /v2.0/security-group-rules/209d63c5-6703-42c3-a25d-be57cfb429e5 => generated 155 bytes in 13 msecs (HTTP/1.1 404) 4 headers in 164 bytes (1 switches on core 0) [pid: 7|app: 0|req: 1785/3504] 10.0.0.184 () {32 vars in 740 bytes} [Fri May 29 03:27:21 2026] DELETE /v2.0/security-groups/c17bfb8b-5450-4179-809f-71a1860810cf => generated 0 bytes in 112 msecs (HTTP/1.1 204) 2 headers in 112 bytes (1 switches on core 0)
2026-05-29 03:27:21.912 8 INFO neutron.api.v2.resource [None req-48fb41c4-3c10-4b22-9974-592f01025d7b 4ec7e8a6ec5e47b1a5373648bda501e0 7980d3263fed4bf2ba3e1adee3e23f6c - - default default] show failed (client error): The resource could not be found. [pid: 8|app: 0|req: 1720/3505] 10.0.0.184 () {32 vars in 737 bytes} [Fri May 29 03:27:21 2026] GET /v2.0/security-groups/c17bfb8b-5450-4179-809f-71a1860810cf => generated 146 bytes in 15 msecs (HTTP/1.1 404) 4 headers in 164 bytes (1 switches on core 0)
2026-05-29 03:27:22.218 7 INFO neutron_taas.services.taas.taas_plugin [None req-711ccf17-7d38-437a-aa63-4d97e1fd72d2 4ec7e8a6ec5e47b1a5373648bda501e0 7980d3263fed4bf2ba3e1adee3e23f6c - - default default] TaaS: Handle Delete Port: 8a04a34e-992d-4679-b4e8-f248ea81ee6f
2026-05-29 03:27:22.221 7 INFO neutron_taas.services.taas.tap_mirror_plugin [None req-711ccf17-7d38-437a-aa63-4d97e1fd72d2 4ec7e8a6ec5e47b1a5373648bda501e0 7980d3263fed4bf2ba3e1adee3e23f6c - - default default] Tap Mirror: Handle Delete Port: 8a04a34e-992d-4679-b4e8-f248ea81ee6f [pid: 7|app: 0|req: 1786/3506] 10.0.0.184 () {34 vars in 789 bytes} [Fri May 29 03:27:21 2026] PUT /v2.0/routers/1eb29ddf-8379-49a7-b9fd-6027a6797a18/remove_router_interface => generated 309 bytes in 750 msecs (HTTP/1.1 200) 4 headers in 157 bytes (1 switches on core 0)
2026-05-29 03:27:22.836 8 INFO neutron.api.v2.resource [None req-fb739852-c099-4c06-bec1-a4def693cdd1 4ec7e8a6ec5e47b1a5373648bda501e0 7980d3263fed4bf2ba3e1adee3e23f6c - - default default] remove_router_interface failed (client error): The resource could not be found. [pid: 8|app: 0|req: 1721/3507] 10.0.0.184 () {34 vars in 789 bytes} [Fri May 29 03:27:22 2026] PUT /v2.0/routers/1eb29ddf-8379-49a7-b9fd-6027a6797a18/remove_router_interface => generated 198 bytes in 116 msecs (HTTP/1.1 404) 4 headers in 164 bytes (1 switches on core 0) /var/lib/openstack/lib/python3.12/site-packages/pycadf/identifier.py:70: UserWarning: Invalid uuid: neutron. To ensure interoperability, identifiers should be a valid uuid. warnings.warn(('Invalid uuid: %s. To ensure interoperability, '
2026-05-29 03:27:23.127 7 INFO neutron_taas.services.taas.taas_plugin [None req-f11b9ef4-1144-4181-b2ed-aec77804ad5a 4ec7e8a6ec5e47b1a5373648bda501e0 7980d3263fed4bf2ba3e1adee3e23f6c - - default default] TaaS: Handle Delete Port: 67f2b059-b66a-4e7b-b2d2-751821657bc8
2026-05-29 03:27:23.129 7 INFO neutron_taas.services.taas.tap_mirror_plugin [None req-f11b9ef4-1144-4181-b2ed-aec77804ad5a 4ec7e8a6ec5e47b1a5373648bda501e0 7980d3263fed4bf2ba3e1adee3e23f6c - - default default] Tap Mirror: Handle Delete Port: 67f2b059-b66a-4e7b-b2d2-751821657bc8 [pid: 7|app: 0|req: 1787/3508] 10.0.0.184 () {34 vars in 789 bytes} [Fri May 29 03:27:22 2026] PUT /v2.0/routers/1eb29ddf-8379-49a7-b9fd-6027a6797a18/remove_router_interface => generated 309 bytes in 790 msecs (HTTP/1.1 200) 4 headers in 157 bytes (1 switches on core 0)
2026-05-29 03:27:23.731 8 INFO neutron.api.v2.resource [None req-8bdf8226-e6d9-4cb0-a2bb-ed3ee334c799 4ec7e8a6ec5e47b1a5373648bda501e0 7980d3263fed4bf2ba3e1adee3e23f6c - - default default] remove_router_interface failed (client error): The resource could not be found. [pid: 8|app: 0|req: 1722/3509] 10.0.0.184 () {34 vars in 789 bytes} [Fri May 29 03:27:23 2026] PUT /v2.0/routers/1eb29ddf-8379-49a7-b9fd-6027a6797a18/remove_router_interface => generated 198 bytes in 94 msecs (HTTP/1.1 404) 4 headers in 164 bytes (1 switches on core 0) /var/lib/openstack/lib/python3.12/site-packages/pycadf/identifier.py:70: UserWarning: Invalid uuid: neutron. To ensure interoperability, identifiers should be a valid uuid. warnings.warn(('Invalid uuid: %s. To ensure interoperability, '
2026-05-29 03:27:24.070 7 INFO neutron_taas.services.taas.taas_plugin [None req-5e7a07ed-96d3-466b-a2fc-2d1652bce604 4ec7e8a6ec5e47b1a5373648bda501e0 7980d3263fed4bf2ba3e1adee3e23f6c - - default default] TaaS: Handle Delete Port: 02ff4580-6c24-4204-8f35-1605846f5813
2026-05-29 03:27:24.074 7 INFO neutron_taas.services.taas.tap_mirror_plugin [None req-5e7a07ed-96d3-466b-a2fc-2d1652bce604 4ec7e8a6ec5e47b1a5373648bda501e0 7980d3263fed4bf2ba3e1adee3e23f6c - - default default] Tap Mirror: Handle Delete Port: 02ff4580-6c24-4204-8f35-1605846f5813 [pid: 7|app: 0|req: 1788/3510] 10.0.0.184 () {34 vars in 789 bytes} [Fri May 29 03:27:23 2026] PUT /v2.0/routers/1eb29ddf-8379-49a7-b9fd-6027a6797a18/remove_router_interface => generated 309 bytes in 904 msecs (HTTP/1.1 200) 4 headers in 157 bytes (1 switches on core 0)
2026-05-29 03:27:24.766 8 INFO neutron.api.v2.resource [None req-c5d007f1-137a-4f42-afe1-a926bf7918a5 4ec7e8a6ec5e47b1a5373648bda501e0 7980d3263fed4bf2ba3e1adee3e23f6c - - default default] remove_router_interface failed (client error): The resource could not be found. [pid: 8|app: 0|req: 1723/3511] 10.0.0.184 () {34 vars in 789 bytes} [Fri May 29 03:27:24 2026] PUT /v2.0/routers/1eb29ddf-8379-49a7-b9fd-6027a6797a18/remove_router_interface => generated 198 bytes in 121 msecs (HTTP/1.1 404) 4 headers in 164 bytes (1 switches on core 0) /var/lib/openstack/lib/python3.12/site-packages/pycadf/identifier.py:70: UserWarning: Invalid uuid: neutron. To ensure interoperability, identifiers should be a valid uuid. warnings.warn(('Invalid uuid: %s. To ensure interoperability, '
2026-05-29 03:27:25.911 7 INFO neutron_taas.services.taas.taas_plugin [None req-6ff557d1-296e-445a-bc2f-160d65e33beb 4ec7e8a6ec5e47b1a5373648bda501e0 7980d3263fed4bf2ba3e1adee3e23f6c - - default default] TaaS: Handle Delete Port: fcc3f1b2-fb48-4860-9b0c-9b65ef335c66
2026-05-29 03:27:25.915 7 INFO neutron_taas.services.taas.tap_mirror_plugin [None req-6ff557d1-296e-445a-bc2f-160d65e33beb 4ec7e8a6ec5e47b1a5373648bda501e0 7980d3263fed4bf2ba3e1adee3e23f6c - - default default] Tap Mirror: Handle Delete Port: fcc3f1b2-fb48-4860-9b0c-9b65ef335c66 [pid: 7|app: 0|req: 1789/3512] 10.0.0.184 () {32 vars in 724 bytes} [Fri May 29 03:27:24 2026] DELETE /v2.0/routers/1eb29ddf-8379-49a7-b9fd-6027a6797a18 => generated 0 bytes in 1554 msecs (HTTP/1.1 204) 2 headers in 112 bytes (1 switches on core 0)
2026-05-29 03:27:26.352 8 INFO neutron.api.v2.resource [None req-c999b274-ad45-4b17-955d-c91e9d007da3 4ec7e8a6ec5e47b1a5373648bda501e0 7980d3263fed4bf2ba3e1adee3e23f6c - - default default] show failed (client error): The resource could not be found. [pid: 8|app: 0|req: 1724/3513] 10.0.0.184 () {32 vars in 721 bytes} [Fri May 29 03:27:26 2026] GET /v2.0/routers/1eb29ddf-8379-49a7-b9fd-6027a6797a18 => generated 135 bytes in 20 msecs (HTTP/1.1 404) 4 headers in 164 bytes (1 switches on core 0) [pid: 7|app: 0|req: 1790/3514] 10.0.0.184 () {32 vars in 724 bytes} [Fri May 29 03:27:26 2026] DELETE /v2.0/subnets/7343decc-3e72-48eb-b3a9-fc98abebdc02 => generated 0 bytes in 154 msecs (HTTP/1.1 204) 3 headers in 131 bytes (1 switches on core 0)
2026-05-29 03:27:26.536 8 INFO neutron.pecan_wsgi.hooks.translation [None req-85f4d966-4086-4239-ad56-77a03bdf8140 4ec7e8a6ec5e47b1a5373648bda501e0 7980d3263fed4bf2ba3e1adee3e23f6c - - default default] GET failed (client error): The resource could not be found. [pid: 8|app: 0|req: 1725/3515] 10.0.0.184 () {32 vars in 721 bytes} [Fri May 29 03:27:26 2026] GET /v2.0/subnets/7343decc-3e72-48eb-b3a9-fc98abebdc02 => generated 136 bytes in 18 msecs (HTTP/1.1 404) 4 headers in 164 bytes (1 switches on core 0) [pid: 7|app: 0|req: 1791/3516] 10.0.0.184 () {32 vars in 724 bytes} [Fri May 29 03:27:26 2026] DELETE /v2.0/subnets/947ec78a-69b0-498b-8af1-a9eb75e4b1f7 => generated 0 bytes in 154 msecs (HTTP/1.1 204) 3 headers in 131 bytes (1 switches on core 0)
2026-05-29 03:27:26.715 8 INFO neutron.pecan_wsgi.hooks.translation [None req-487733b2-01c7-49b8-99cd-db5264cead26 4ec7e8a6ec5e47b1a5373648bda501e0 7980d3263fed4bf2ba3e1adee3e23f6c - - default default] GET failed (client error): The resource could not be found. [pid: 8|app: 0|req: 1726/3517] 10.0.0.184 () {32 vars in 721 bytes} [Fri May 29 03:27:26 2026] GET /v2.0/subnets/947ec78a-69b0-498b-8af1-a9eb75e4b1f7 => generated 136 bytes in 13 msecs (HTTP/1.1 404) 4 headers in 164 bytes (1 switches on core 0)
2026-05-29 03:27:26.845 7 INFO neutron_taas.services.taas.taas_plugin [None req-7943a365-8d8b-4bec-addb-90d2038373f2 4ec7e8a6ec5e47b1a5373648bda501e0 7980d3263fed4bf2ba3e1adee3e23f6c - - default default] TaaS: Handle Delete Port: 15b7292a-bdbd-4a9d-96d0-d75732188e29
2026-05-29 03:27:26.848 7 INFO neutron_taas.services.taas.tap_mirror_plugin [None req-7943a365-8d8b-4bec-addb-90d2038373f2 4ec7e8a6ec5e47b1a5373648bda501e0 7980d3263fed4bf2ba3e1adee3e23f6c - - default default] Tap Mirror: Handle Delete Port: 15b7292a-bdbd-4a9d-96d0-d75732188e29
2026-05-29 03:27:27.060 7 INFO neutron.services.segments.plugin [-] Segment 0414a51b-5a5b-4a8d-9a80-d16e56f74511 resource provider aggregate not found
2026-05-29 03:27:27.064 7 INFO neutron.services.segments.plugin [-] Segment 0414a51b-5a5b-4a8d-9a80-d16e56f74511 resource provider aggregate not found
2026-05-29 03:27:27.081 7 INFO neutron.services.segments.plugin [-] Segment 0414a51b-5a5b-4a8d-9a80-d16e56f74511 resource provider not found; error: Placement Client Error (4xx): {"errors": [{"status": 404, "title": "Not Found", "detail": "The resource could not be found.\n\n No resource provider with uuid 0414a51b-5a5b-4a8d-9a80-d16e56f74511 found for delete ", "request_id": "req-bf08b1c0-aa5a-42c3-91ba-51dd55ad2a74"}]}
2026-05-29 03:27:27.086 7 INFO neutron.services.segments.plugin [-] Segment 0414a51b-5a5b-4a8d-9a80-d16e56f74511 resource provider not found; error: Placement Client Error (4xx): {"errors": [{"status": 404, "title": "Not Found", "detail": "The resource could not be found.\n\n No resource provider with uuid 0414a51b-5a5b-4a8d-9a80-d16e56f74511 found for delete ", "request_id": "req-4d39b58b-b79b-4741-a7ee-72f30ae710a2"}]} [pid: 7|app: 0|req: 1792/3518] 10.0.0.184 () {32 vars in 726 bytes} [Fri May 29 03:27:26 2026] DELETE /v2.0/networks/062c66a1-fb95-405c-ba9d-5a2654fbd356 => generated 0 bytes in 393 msecs (HTTP/1.1 204) 3 headers in 131 bytes (1 switches on core 0)
2026-05-29 03:27:27.133 8 INFO neutron.pecan_wsgi.hooks.translation [None req-5f94f5d1-6896-45c7-aa41-2ffedb380f0e 4ec7e8a6ec5e47b1a5373648bda501e0 7980d3263fed4bf2ba3e1adee3e23f6c - - default default] GET failed (client error): The resource could not be found. [pid: 8|app: 0|req: 1727/3519] 10.0.0.184 () {32 vars in 723 bytes} [Fri May 29 03:27:27 2026] GET /v2.0/networks/062c66a1-fb95-405c-ba9d-5a2654fbd356 => generated 138 bytes in 14 msecs (HTTP/1.1 404) 4 headers in 164 bytes (1 switches on core 0) [pid: 7|app: 0|req: 1793/3520] 10.0.0.184 () {32 vars in 724 bytes} [Fri May 29 03:27:27 2026] DELETE /v2.0/subnets/21a465a6-6841-4873-904a-af512e4258c6 => generated 0 bytes in 149 msecs (HTTP/1.1 204) 3 headers in 131 bytes (1 switches on core 0)
2026-05-29 03:27:27.314 8 INFO neutron.pecan_wsgi.hooks.translation [None req-a640b5f9-5cba-4a53-b4d4-4a0030ed7655 4ec7e8a6ec5e47b1a5373648bda501e0 7980d3263fed4bf2ba3e1adee3e23f6c - - default default] GET failed (client error): The resource could not be found. [pid: 8|app: 0|req: 1728/3521] 10.0.0.184 () {32 vars in 721 bytes} [Fri May 29 03:27:27 2026] GET /v2.0/subnets/21a465a6-6841-4873-904a-af512e4258c6 => generated 136 bytes in 20 msecs (HTTP/1.1 404) 4 headers in 164 bytes (1 switches on core 0) [pid: 7|app: 0|req: 1794/3522] 10.0.0.184 () {32 vars in 724 bytes} [Fri May 29 03:27:27 2026] DELETE /v2.0/subnets/7e4fe8bb-7751-40cc-82d4-da56eef63757 => generated 0 bytes in 153 msecs (HTTP/1.1 204) 3 headers in 131 bytes (1 switches on core 0)
2026-05-29 03:27:27.501 8 INFO neutron.pecan_wsgi.hooks.translation [None req-f9089cb2-6bf6-41e8-ab81-10a86d4e6d85 4ec7e8a6ec5e47b1a5373648bda501e0 7980d3263fed4bf2ba3e1adee3e23f6c - - default default] GET failed (client error): The resource could not be found. [pid: 8|app: 0|req: 1729/3523] 10.0.0.184 () {32 vars in 721 bytes} [Fri May 29 03:27:27 2026] GET /v2.0/subnets/7e4fe8bb-7751-40cc-82d4-da56eef63757 => generated 136 bytes in 21 msecs (HTTP/1.1 404) 4 headers in 164 bytes (1 switches on core 0)
2026-05-29 03:27:27.628 7 INFO neutron_taas.services.taas.taas_plugin [None req-5809971d-1300-4f5e-a372-2caf93884bcf 4ec7e8a6ec5e47b1a5373648bda501e0 7980d3263fed4bf2ba3e1adee3e23f6c - - default default] TaaS: Handle Delete Port: 9f556fa4-460c-440c-b609-9b1130012501
2026-05-29 03:27:27.632 7 INFO neutron_taas.services.taas.tap_mirror_plugin [None req-5809971d-1300-4f5e-a372-2caf93884bcf 4ec7e8a6ec5e47b1a5373648bda501e0 7980d3263fed4bf2ba3e1adee3e23f6c - - default default] Tap Mirror: Handle Delete Port: 9f556fa4-460c-440c-b609-9b1130012501 [pid: 8|app: 0|req: 1730/3524] 10.0.0.122 () {28 vars in 591 bytes} [Fri May 29 03:27:27 2026] GET /v2.0/floatingips => generated 19 bytes in 52 msecs (HTTP/1.1 200) 4 headers in 156 bytes (1 switches on core 0) [pid: 7|app: 0|req: 1795/3525] 10.0.0.184 () {32 vars in 726 bytes} [Fri May 29 03:27:27 2026] DELETE /v2.0/networks/2e784c20-7e82-49fa-85d1-28695aa3b109 => generated 0 bytes in 341 msecs (HTTP/1.1 204) 3 headers in 131 bytes (1 switches on core 0) [pid: 8|app: 0|req: 1731/3526] 10.0.0.122 () {28 vars in 599 bytes} [Fri May 29 03:27:27 2026] GET /v2.0/security-groups => generated 20301 bytes in 55 msecs (HTTP/1.1 200) 4 headers in 159 bytes (1 switches on core 0)
2026-05-29 03:27:27.868 7 INFO neutron.pecan_wsgi.hooks.translation [None req-46c77bdc-4499-4fbe-9f02-ef0523555ad0 4ec7e8a6ec5e47b1a5373648bda501e0 7980d3263fed4bf2ba3e1adee3e23f6c - - default default] GET failed (client error): The resource could not be found. [pid: 7|app: 0|req: 1796/3527] 10.0.0.184 () {32 vars in 723 bytes} [Fri May 29 03:27:27 2026] GET /v2.0/networks/2e784c20-7e82-49fa-85d1-28695aa3b109 => generated 138 bytes in 16 msecs (HTTP/1.1 404) 4 headers in 164 bytes (1 switches on core 0) [pid: 8|app: 0|req: 1732/3528] 10.0.0.122 () {28 vars in 581 bytes} [Fri May 29 03:27:27 2026] GET /v2.0/agents => generated 1214 bytes in 30 msecs (HTTP/1.1 200) 4 headers in 158 bytes (1 switches on core 0) [pid: 8|app: 0|req: 1733/3529] 10.0.0.122 () {28 vars in 583 bytes} [Fri May 29 03:27:27 2026] GET /v2.0/subnets => generated 2714 bytes in 46 msecs (HTTP/1.1 200) 4 headers in 158 bytes (1 switches on core 0) [pid: 8|app: 0|req: 1734/3530] 10.0.0.122 () {28 vars in 591 bytes} [Fri May 29 03:27:27 2026] GET /v2.0/subnetpools => generated 19 bytes in 10 msecs (HTTP/1.1 200) 4 headers in 156 bytes (1 switches on core 0) [pid: 8|app: 0|req: 1735/3531] 10.0.0.122 () {28 vars in 585 bytes} [Fri May 29 03:27:27 2026] GET /v2.0/networks => generated 3116 bytes in 50 msecs (HTTP/1.1 200) 4 headers in 158 bytes (1 switches on core 0) [pid: 7|app: 0|req: 1797/3532] 10.0.0.184 () {32 vars in 724 bytes} [Fri May 29 03:27:27 2026] DELETE /v2.0/subnets/7b14a123-6236-4dce-8a77-702dd9b65344 => generated 0 bytes in 157 msecs (HTTP/1.1 204) 3 headers in 131 bytes (1 switches on core 0) [pid: 8|app: 0|req: 1736/3533] 10.0.0.122 () {28 vars in 583 bytes} [Fri May 29 03:27:28 2026] GET /v2.0/subnets => generated 1974 bytes in 22 msecs (HTTP/1.1 200) 4 headers in 158 bytes (1 switches on core 0)
2026-05-29 03:27:28.050 7 INFO neutron.pecan_wsgi.hooks.translation [None req-639422ac-2b75-4c5b-b5b4-b99e94a424af 4ec7e8a6ec5e47b1a5373648bda501e0 7980d3263fed4bf2ba3e1adee3e23f6c - - default default] GET failed (client error): The resource could not be found. [pid: 7|app: 0|req: 1798/3534] 10.0.0.184 () {32 vars in 721 bytes} [Fri May 29 03:27:28 2026] GET /v2.0/subnets/7b14a123-6236-4dce-8a77-702dd9b65344 => generated 136 bytes in 13 msecs (HTTP/1.1 404) 4 headers in 164 bytes (1 switches on core 0) [pid: 8|app: 0|req: 1737/3535] 10.0.0.122 () {28 vars in 579 bytes} [Fri May 29 03:27:28 2026] GET /v2.0/ports => generated 6214 bytes in 73 msecs (HTTP/1.1 200) 4 headers in 158 bytes (1 switches on core 0) [pid: 8|app: 0|req: 1738/3536] 10.0.0.122 () {28 vars in 583 bytes} [Fri May 29 03:27:28 2026] GET /v2.0/routers => generated 15 bytes in 33 msecs (HTTP/1.1 200) 4 headers in 156 bytes (1 switches on core 0) [pid: 8|app: 0|req: 1739/3537] 10.0.0.122 () {28 vars in 624 bytes} [Fri May 29 03:27:28 2026] GET /v2.0/agents?binary=ovn-controller => generated 416 bytes in 13 msecs (HTTP/1.1 200) 4 headers in 157 bytes (1 switches on core 0) [pid: 8|app: 0|req: 1740/3538] 10.0.0.122 () {28 vars in 619 bytes} [Fri May 29 03:27:28 2026] GET /v2.0/network-ip-availabilities => generated 1566 bytes in 15 msecs (HTTP/1.1 200) 4 headers in 158 bytes (1 switches on core 0) [pid: 7|app: 0|req: 1799/3539] 10.0.0.184 () {32 vars in 724 bytes} [Fri May 29 03:27:28 2026] DELETE /v2.0/subnets/aca2b759-673f-4f44-9266-b61c0694b670 => generated 0 bytes in 197 msecs (HTTP/1.1 204) 3 headers in 131 bytes (1 switches on core 0)
2026-05-29 03:27:28.273 8 INFO neutron.pecan_wsgi.hooks.translation [None req-9b4b2681-7af4-434f-86da-eb544ab938ee 4ec7e8a6ec5e47b1a5373648bda501e0 7980d3263fed4bf2ba3e1adee3e23f6c - - default default] GET failed (client error): The resource could not be found. [pid: 8|app: 0|req: 1741/3540] 10.0.0.184 () {32 vars in 721 bytes} [Fri May 29 03:27:28 2026] GET /v2.0/subnets/aca2b759-673f-4f44-9266-b61c0694b670 => generated 136 bytes in 17 msecs (HTTP/1.1 404) 4 headers in 164 bytes (1 switches on core 0)
2026-05-29 03:27:28.405 7 INFO neutron_taas.services.taas.taas_plugin [None req-3d6298d5-c77b-4e3c-a9dc-ce4d65008039 4ec7e8a6ec5e47b1a5373648bda501e0 7980d3263fed4bf2ba3e1adee3e23f6c - - default default] TaaS: Handle Delete Port: 5d12b750-f80a-4a9d-846b-688dee09826a
2026-05-29 03:27:28.407 7 INFO neutron_taas.services.taas.tap_mirror_plugin [None req-3d6298d5-c77b-4e3c-a9dc-ce4d65008039 4ec7e8a6ec5e47b1a5373648bda501e0 7980d3263fed4bf2ba3e1adee3e23f6c - - default default] Tap Mirror: Handle Delete Port: 5d12b750-f80a-4a9d-846b-688dee09826a [pid: 7|app: 0|req: 1800/3541] 10.0.0.184 () {32 vars in 726 bytes} [Fri May 29 03:27:28 2026] DELETE /v2.0/networks/ccf5b558-56d5-4ca7-ae05-3e3b6db0a171 => generated 0 bytes in 320 msecs (HTTP/1.1 204) 3 headers in 131 bytes (1 switches on core 0)
2026-05-29 03:27:28.618 8 INFO neutron.pecan_wsgi.hooks.translation [None req-05d034b6-bfa8-400d-b44a-c196f694cf55 4ec7e8a6ec5e47b1a5373648bda501e0 7980d3263fed4bf2ba3e1adee3e23f6c - - default default] GET failed (client error): The resource could not be found. [pid: 8|app: 0|req: 1742/3542] 10.0.0.184 () {32 vars in 723 bytes} [Fri May 29 03:27:28 2026] GET /v2.0/networks/ccf5b558-56d5-4ca7-ae05-3e3b6db0a171 => generated 138 bytes in 16 msecs (HTTP/1.1 404) 4 headers in 164 bytes (1 switches on core 0)
2026-05-29 03:27:29.105 7 INFO neutron.services.segments.plugin [-] Segment ef07e27c-8524-4cf6-bb1a-cdf8f45e2463 resource provider aggregate not found
2026-05-29 03:27:29.108 7 INFO neutron.services.segments.plugin [-] Segment ef07e27c-8524-4cf6-bb1a-cdf8f45e2463 resource provider aggregate not found
2026-05-29 03:27:29.123 7 INFO neutron.services.segments.plugin [-] Segment ef07e27c-8524-4cf6-bb1a-cdf8f45e2463 resource provider not found; error: Placement Client Error (4xx): {"errors": [{"status": 404, "title": "Not Found", "detail": "The resource could not be found.\n\n No resource provider with uuid ef07e27c-8524-4cf6-bb1a-cdf8f45e2463 found for delete ", "request_id": "req-627764b1-d441-4c5e-ba8d-89a76e5c66e5"}]}
2026-05-29 03:27:29.127 7 INFO neutron.services.segments.plugin [-] Segment ef07e27c-8524-4cf6-bb1a-cdf8f45e2463 resource provider not found; error: Placement Client Error (4xx): {"errors": [{"status": 404, "title": "Not Found", "detail": "The resource could not be found.\n\n No resource provider with uuid ef07e27c-8524-4cf6-bb1a-cdf8f45e2463 found for delete ", "request_id": "req-3e5a99f3-5ac2-4631-9cea-a5613ccd37f2"}]}
2026-05-29 03:27:29.141 7 INFO neutron.services.segments.plugin [-] Segment b988a987-bd83-4a07-b4fe-3dfe79123100 resource provider aggregate not found
2026-05-29 03:27:29.144 7 INFO neutron.services.segments.plugin [-] Segment b988a987-bd83-4a07-b4fe-3dfe79123100 resource provider aggregate not found
2026-05-29 03:27:29.161 7 INFO neutron.services.segments.plugin [-] Segment b988a987-bd83-4a07-b4fe-3dfe79123100 resource provider not found; error: Placement Client Error (4xx): {"errors": [{"status": 404, "title": "Not Found", "detail": "The resource could not be found.\n\n No resource provider with uuid b988a987-bd83-4a07-b4fe-3dfe79123100 found for delete ", "request_id": "req-985a6824-f3aa-493c-9a00-3f2535ab1f72"}]}
2026-05-29 03:27:29.162 7 INFO neutron.services.segments.plugin [-] Segment b988a987-bd83-4a07-b4fe-3dfe79123100 resource provider not found; error: Placement Client Error (4xx): {"errors": [{"status": 404, "title": "Not Found", "detail": "The resource could not be found.\n\n No resource provider with uuid b988a987-bd83-4a07-b4fe-3dfe79123100 found for delete ", "request_id": "req-f77aedd3-c711-4620-9093-6cad6986bdf4"}]}
2026-05-29 03:27:30.798 7 INFO neutron.db.ovn_revision_numbers_db [None req-b1aa327b-828b-473f-a9e9-80b1899f8b9f 9799a5e6a9794b1296a10076adcb30b5 98e36b55a65f43cfb244c50f7f2cbebd - - default default] Successfully bumped revision number for resource af778f11-2c26-4e65-a211-c190b0b8537d (type: security_groups) to 1
2026-05-29 03:27:30.812 7 INFO neutron.db.ovn_revision_numbers_db [None req-b1aa327b-828b-473f-a9e9-80b1899f8b9f 9799a5e6a9794b1296a10076adcb30b5 98e36b55a65f43cfb244c50f7f2cbebd - - default default] Successfully bumped revision number for resource 2d65aaed-e4f8-4a1d-aaad-0fa46d7a3fa6 (type: security_group_rules) to 0
2026-05-29 03:27:30.823 7 INFO neutron.db.ovn_revision_numbers_db [None req-b1aa327b-828b-473f-a9e9-80b1899f8b9f 9799a5e6a9794b1296a10076adcb30b5 98e36b55a65f43cfb244c50f7f2cbebd - - default default] Successfully bumped revision number for resource 33103c93-0ab5-433c-8b5d-f62d219a7d44 (type: security_group_rules) to 0
2026-05-29 03:27:30.834 7 INFO neutron.db.ovn_revision_numbers_db [None req-b1aa327b-828b-473f-a9e9-80b1899f8b9f 9799a5e6a9794b1296a10076adcb30b5 98e36b55a65f43cfb244c50f7f2cbebd - - default default] Successfully bumped revision number for resource 5db26069-8011-44de-99a1-a2822aded7b5 (type: security_group_rules) to 0
2026-05-29 03:27:30.846 7 INFO neutron.db.ovn_revision_numbers_db [None req-b1aa327b-828b-473f-a9e9-80b1899f8b9f 9799a5e6a9794b1296a10076adcb30b5 98e36b55a65f43cfb244c50f7f2cbebd - - default default] Successfully bumped revision number for resource a94a38d5-8fcf-46a5-ac60-6bc0178984f7 (type: security_group_rules) to 0 [pid: 7|app: 0|req: 1801/3543] 10.0.0.184 () {32 vars in 774 bytes} [Fri May 29 03:27:30 2026] GET /v2.0/security-groups?tenant_id=794278e5e7404eef8fd3525823a25620&name=default => generated 2929 bytes in 399 msecs (HTTP/1.1 200) 4 headers in 158 bytes (1 switches on core 0) [pid: 8|app: 0|req: 1743/3544] 10.0.0.184 () {32 vars in 740 bytes} [Fri May 29 03:27:30 2026] DELETE /v2.0/security-groups/af778f11-2c26-4e65-a211-c190b0b8537d => generated 0 bytes in 229 msecs (HTTP/1.1 204) 2 headers in 112 bytes (1 switches on core 0)
2026-05-29 03:27:31.359 7 INFO neutron.db.ovn_revision_numbers_db [None req-e01accb8-58a6-4cab-ba8f-c558c8cf4ffd 9799a5e6a9794b1296a10076adcb30b5 98e36b55a65f43cfb244c50f7f2cbebd - - default default] Successfully bumped revision number for resource ab1dbe17-914b-44bf-90d2-bb7cd976d40a (type: security_groups) to 1
2026-05-29 03:27:31.377 7 INFO neutron.db.ovn_revision_numbers_db [None req-e01accb8-58a6-4cab-ba8f-c558c8cf4ffd 9799a5e6a9794b1296a10076adcb30b5 98e36b55a65f43cfb244c50f7f2cbebd - - default default] Successfully bumped revision number for resource 09632ae9-2302-4030-8a72-00c77c544e19 (type: security_group_rules) to 0
2026-05-29 03:27:31.391 7 INFO neutron.db.ovn_revision_numbers_db [None req-e01accb8-58a6-4cab-ba8f-c558c8cf4ffd 9799a5e6a9794b1296a10076adcb30b5 98e36b55a65f43cfb244c50f7f2cbebd - - default default] Successfully bumped revision number for resource 2210bc6b-dc81-4234-a7ee-befdba88fe9b (type: security_group_rules) to 0
2026-05-29 03:27:31.407 7 INFO neutron.db.ovn_revision_numbers_db [None req-e01accb8-58a6-4cab-ba8f-c558c8cf4ffd 9799a5e6a9794b1296a10076adcb30b5 98e36b55a65f43cfb244c50f7f2cbebd - - default default] Successfully bumped revision number for resource a0b26596-f025-47aa-acd4-5c669e30f0d6 (type: security_group_rules) to 0
2026-05-29 03:27:31.424 7 INFO neutron.db.ovn_revision_numbers_db [None req-e01accb8-58a6-4cab-ba8f-c558c8cf4ffd 9799a5e6a9794b1296a10076adcb30b5 98e36b55a65f43cfb244c50f7f2cbebd - - default default] Successfully bumped revision number for resource dd4a14bc-2a99-49c9-a7e1-badccd4abe1f (type: security_group_rules) to 0 [pid: 7|app: 0|req: 1802/3545] 10.0.0.184 () {32 vars in 774 bytes} [Fri May 29 03:27:31 2026] GET /v2.0/security-groups?tenant_id=6f29387746284c8b8436928638ce425d&name=default => generated 2929 bytes in 265 msecs (HTTP/1.1 200) 4 headers in 158 bytes (1 switches on core 0) [pid: 8|app: 0|req: 1744/3546] 10.0.0.184 () {32 vars in 740 bytes} [Fri May 29 03:27:31 2026] DELETE /v2.0/security-groups/ab1dbe17-914b-44bf-90d2-bb7cd976d40a => generated 0 bytes in 220 msecs (HTTP/1.1 204) 2 headers in 112 bytes (1 switches on core 0)
2026-05-29 03:27:31.975 7 INFO neutron.db.ovn_revision_numbers_db [None req-96b1da4c-7f68-4fa2-b83e-59b9517ada9c 9799a5e6a9794b1296a10076adcb30b5 98e36b55a65f43cfb244c50f7f2cbebd - - default default] Successfully bumped revision number for resource 6495d70a-18b5-49ab-9d11-ba429f911c6c (type: security_groups) to 1
2026-05-29 03:27:31.991 7 INFO neutron.db.ovn_revision_numbers_db [None req-96b1da4c-7f68-4fa2-b83e-59b9517ada9c 9799a5e6a9794b1296a10076adcb30b5 98e36b55a65f43cfb244c50f7f2cbebd - - default default] Successfully bumped revision number for resource 6747b694-a8ee-4491-9f77-08bff0adb806 (type: security_group_rules) to 0
2026-05-29 03:27:32.002 7 INFO neutron.db.ovn_revision_numbers_db [None req-96b1da4c-7f68-4fa2-b83e-59b9517ada9c 9799a5e6a9794b1296a10076adcb30b5 98e36b55a65f43cfb244c50f7f2cbebd - - default default] Successfully bumped revision number for resource 6aed81c6-2af0-43ef-b599-214431420c99 (type: security_group_rules) to 0
2026-05-29 03:27:32.017 7 INFO neutron.db.ovn_revision_numbers_db [None req-96b1da4c-7f68-4fa2-b83e-59b9517ada9c 9799a5e6a9794b1296a10076adcb30b5 98e36b55a65f43cfb244c50f7f2cbebd - - default default] Successfully bumped revision number for resource c545e084-7ea5-47ad-b61e-7dfe64c5ccd9 (type: security_group_rules) to 0
2026-05-29 03:27:32.028 7 INFO neutron.db.ovn_revision_numbers_db [None req-96b1da4c-7f68-4fa2-b83e-59b9517ada9c 9799a5e6a9794b1296a10076adcb30b5 98e36b55a65f43cfb244c50f7f2cbebd - - default default] Successfully bumped revision number for resource f5d181e9-4e5b-44ee-86e1-029519f5d9db (type: security_group_rules) to 0 [pid: 7|app: 0|req: 1803/3547] 10.0.0.184 () {32 vars in 774 bytes} [Fri May 29 03:27:31 2026] GET /v2.0/security-groups?tenant_id=dc6f3cab7518455dafd3e24f429ef521&name=default => generated 2929 bytes in 228 msecs (HTTP/1.1 200) 4 headers in 158 bytes (1 switches on core 0) [pid: 8|app: 0|req: 1745/3548] 10.0.0.184 () {32 vars in 740 bytes} [Fri May 29 03:27:32 2026] DELETE /v2.0/security-groups/6495d70a-18b5-49ab-9d11-ba429f911c6c => generated 0 bytes in 249 msecs (HTTP/1.1 204) 2 headers in 112 bytes (1 switches on core 0)
2026-05-29 03:27:32.588 7 INFO neutron.db.ovn_revision_numbers_db [None req-e4b869ca-c086-4c48-a9ff-1c74546d50f9 9799a5e6a9794b1296a10076adcb30b5 98e36b55a65f43cfb244c50f7f2cbebd - - default default] Successfully bumped revision number for resource 74e822a7-f61c-4680-ae38-e94e13c4cafa (type: security_groups) to 1
2026-05-29 03:27:32.602 7 INFO neutron.db.ovn_revision_numbers_db [None req-e4b869ca-c086-4c48-a9ff-1c74546d50f9 9799a5e6a9794b1296a10076adcb30b5 98e36b55a65f43cfb244c50f7f2cbebd - - default default] Successfully bumped revision number for resource 4229a0f8-9117-4ce9-b1a5-d83b06d38ae2 (type: security_group_rules) to 0
2026-05-29 03:27:32.616 7 INFO neutron.db.ovn_revision_numbers_db [None req-e4b869ca-c086-4c48-a9ff-1c74546d50f9 9799a5e6a9794b1296a10076adcb30b5 98e36b55a65f43cfb244c50f7f2cbebd - - default default] Successfully bumped revision number for resource 6fdcdb2b-ec49-44de-b059-34166dc0d341 (type: security_group_rules) to 0
2026-05-29 03:27:32.629 7 INFO neutron.db.ovn_revision_numbers_db [None req-e4b869ca-c086-4c48-a9ff-1c74546d50f9 9799a5e6a9794b1296a10076adcb30b5 98e36b55a65f43cfb244c50f7f2cbebd - - default default] Successfully bumped revision number for resource 8c8656b2-9db2-4d2f-b76d-51e45462ba85 (type: security_group_rules) to 0
2026-05-29 03:27:32.641 7 INFO neutron.db.ovn_revision_numbers_db [None req-e4b869ca-c086-4c48-a9ff-1c74546d50f9 9799a5e6a9794b1296a10076adcb30b5 98e36b55a65f43cfb244c50f7f2cbebd - - default default] Successfully bumped revision number for resource 9c01093b-d2a6-4724-8aa5-1db50a6a7c96 (type: security_group_rules) to 0 [pid: 7|app: 0|req: 1804/3549] 10.0.0.184 () {32 vars in 774 bytes} [Fri May 29 03:27:32 2026] GET /v2.0/security-groups?tenant_id=1d30aa6b8cf8404aa34521c36dce248b&name=default => generated 2929 bytes in 228 msecs (HTTP/1.1 200) 4 headers in 158 bytes (1 switches on core 0) [pid: 8|app: 0|req: 1746/3550] 10.0.0.184 () {32 vars in 740 bytes} [Fri May 29 03:27:32 2026] DELETE /v2.0/security-groups/74e822a7-f61c-4680-ae38-e94e13c4cafa => generated 0 bytes in 236 msecs (HTTP/1.1 204) 2 headers in 112 bytes (1 switches on core 0) [pid: 7|app: 0|req: 1805/3551] 10.0.0.184 () {32 vars in 774 bytes} [Fri May 29 03:27:33 2026] GET /v2.0/security-groups?tenant_id=7980d3263fed4bf2ba3e1adee3e23f6c&name=default => generated 2925 bytes in 34 msecs (HTTP/1.1 200) 4 headers in 158 bytes (1 switches on core 0) [pid: 8|app: 0|req: 1747/3552] 10.0.0.184 () {32 vars in 740 bytes} [Fri May 29 03:27:33 2026] DELETE /v2.0/security-groups/17c1ce5d-4e4a-4ffe-9823-dd8a96960fa8 => generated 0 bytes in 225 msecs (HTTP/1.1 204) 2 headers in 112 bytes (1 switches on core 0)
2026-05-29 03:27:33.596 7 INFO neutron.db.ovn_revision_numbers_db [None req-4f97b222-ad57-4873-a7d6-753ffe3a5429 9799a5e6a9794b1296a10076adcb30b5 98e36b55a65f43cfb244c50f7f2cbebd - - default default] Successfully bumped revision number for resource 2ab4aa50-a23a-4f7c-a9f9-21a5102358aa (type: security_groups) to 1
2026-05-29 03:27:33.605 7 INFO neutron.db.ovn_revision_numbers_db [None req-4f97b222-ad57-4873-a7d6-753ffe3a5429 9799a5e6a9794b1296a10076adcb30b5 98e36b55a65f43cfb244c50f7f2cbebd - - default default] Successfully bumped revision number for resource 482f5ddc-803d-4165-a29a-b685939f109e (type: security_group_rules) to 0
2026-05-29 03:27:33.617 7 INFO neutron.db.ovn_revision_numbers_db [None req-4f97b222-ad57-4873-a7d6-753ffe3a5429 9799a5e6a9794b1296a10076adcb30b5 98e36b55a65f43cfb244c50f7f2cbebd - - default default] Successfully bumped revision number for resource 4ad9c3df-9698-487f-ae7b-46226580c92b (type: security_group_rules) to 0
2026-05-29 03:27:33.628 7 INFO neutron.db.ovn_revision_numbers_db [None req-4f97b222-ad57-4873-a7d6-753ffe3a5429 9799a5e6a9794b1296a10076adcb30b5 98e36b55a65f43cfb244c50f7f2cbebd - - default default] Successfully bumped revision number for resource 6822c15c-b0d6-4684-9ffb-ca7236cd0e9e (type: security_group_rules) to 0
2026-05-29 03:27:33.642 7 INFO neutron.db.ovn_revision_numbers_db [None req-4f97b222-ad57-4873-a7d6-753ffe3a5429 9799a5e6a9794b1296a10076adcb30b5 98e36b55a65f43cfb244c50f7f2cbebd - - default default] Successfully bumped revision number for resource cd6debf3-8a65-46f2-b313-51db7e4e44b3 (type: security_group_rules) to 0 [pid: 7|app: 0|req: 1806/3555] 10.0.0.184 () {32 vars in 774 bytes} [Fri May 29 03:27:33 2026] GET /v2.0/security-groups?tenant_id=4adbc6a73de7473cba3f3aec7fafc2d8&name=default => generated 2929 bytes in 207 msecs (HTTP/1.1 200) 4 headers in 158 bytes (1 switches on core 0) [pid: 8|app: 0|req: 1750/3556] 10.0.0.184 () {32 vars in 740 bytes} [Fri May 29 03:27:33 2026] DELETE /v2.0/security-groups/2ab4aa50-a23a-4f7c-a9f9-21a5102358aa => generated 0 bytes in 236 msecs (HTTP/1.1 204) 2 headers in 112 bytes (1 switches on core 0)
2026-05-29 03:27:34.177 7 INFO neutron.db.ovn_revision_numbers_db [None req-24167729-e6a4-469b-a7d5-edcf4a432093 9799a5e6a9794b1296a10076adcb30b5 98e36b55a65f43cfb244c50f7f2cbebd - - default default] Successfully bumped revision number for resource f8666f92-5c7e-4713-9684-0bf8f2fce444 (type: security_groups) to 1
2026-05-29 03:27:34.188 7 INFO neutron.db.ovn_revision_numbers_db [None req-24167729-e6a4-469b-a7d5-edcf4a432093 9799a5e6a9794b1296a10076adcb30b5 98e36b55a65f43cfb244c50f7f2cbebd - - default default] Successfully bumped revision number for resource 1f1fd18b-434d-4c1e-87c6-ad7bce60f354 (type: security_group_rules) to 0
2026-05-29 03:27:34.203 7 INFO neutron.db.ovn_revision_numbers_db [None req-24167729-e6a4-469b-a7d5-edcf4a432093 9799a5e6a9794b1296a10076adcb30b5 98e36b55a65f43cfb244c50f7f2cbebd - - default default] Successfully bumped revision number for resource 9dfa2345-c9ef-4cdd-92c1-207e4e3191d0 (type: security_group_rules) to 0
2026-05-29 03:27:34.219 7 INFO neutron.db.ovn_revision_numbers_db [None req-24167729-e6a4-469b-a7d5-edcf4a432093 9799a5e6a9794b1296a10076adcb30b5 98e36b55a65f43cfb244c50f7f2cbebd - - default default] Successfully bumped revision number for resource ae6ccbde-f16f-43ad-9515-5c0987fdead4 (type: security_group_rules) to 0
2026-05-29 03:27:34.231 7 INFO neutron.db.ovn_revision_numbers_db [None req-24167729-e6a4-469b-a7d5-edcf4a432093 9799a5e6a9794b1296a10076adcb30b5 98e36b55a65f43cfb244c50f7f2cbebd - - default default] Successfully bumped revision number for resource d83fb9f0-e205-4803-bbaa-3838559b9862 (type: security_group_rules) to 0 [pid: 7|app: 0|req: 1807/3557] 10.0.0.184 () {32 vars in 774 bytes} [Fri May 29 03:27:34 2026] GET /v2.0/security-groups?tenant_id=a503b996ed32484a9d75aa49275e1295&name=default => generated 2929 bytes in 208 msecs (HTTP/1.1 200) 4 headers in 158 bytes (1 switches on core 0) [pid: 8|app: 0|req: 1751/3558] 10.0.0.184 () {32 vars in 740 bytes} [Fri May 29 03:27:34 2026] DELETE /v2.0/security-groups/f8666f92-5c7e-4713-9684-0bf8f2fce444 => generated 0 bytes in 227 msecs (HTTP/1.1 204) 2 headers in 112 bytes (1 switches on core 0)
2026-05-29 03:27:38.889 7 INFO neutron.db.ovn_revision_numbers_db [None req-08d3a1e7-e41c-4a70-aaff-171b912ca2f4 593bfd501c0e4986b3a6f0aebf191300 988fb35038944ad2bb5f7eabd4fe5661 - - default default] Successfully bumped revision number for resource ca12cc5d-6bee-4e36-89d1-49ed443e9c0e (type: security_groups) to 1
2026-05-29 03:27:38.902 7 INFO neutron.db.ovn_revision_numbers_db [None req-08d3a1e7-e41c-4a70-aaff-171b912ca2f4 593bfd501c0e4986b3a6f0aebf191300 988fb35038944ad2bb5f7eabd4fe5661 - - default default] Successfully bumped revision number for resource 224acc99-8106-4999-9ba8-4c07a14b00d9 (type: security_group_rules) to 0
2026-05-29 03:27:38.920 7 INFO neutron.db.ovn_revision_numbers_db [None req-08d3a1e7-e41c-4a70-aaff-171b912ca2f4 593bfd501c0e4986b3a6f0aebf191300 988fb35038944ad2bb5f7eabd4fe5661 - - default default] Successfully bumped revision number for resource 3c559da6-7597-4873-aee0-d100f10e61cc (type: security_group_rules) to 0
2026-05-29 03:27:38.936 7 INFO neutron.db.ovn_revision_numbers_db [None req-08d3a1e7-e41c-4a70-aaff-171b912ca2f4 593bfd501c0e4986b3a6f0aebf191300 988fb35038944ad2bb5f7eabd4fe5661 - - default default] Successfully bumped revision number for resource a4c2acbc-37ec-4dfa-81bb-8f6ff1c9f5eb (type: security_group_rules) to 0
2026-05-29 03:27:38.950 7 INFO neutron.db.ovn_revision_numbers_db [None req-08d3a1e7-e41c-4a70-aaff-171b912ca2f4 593bfd501c0e4986b3a6f0aebf191300 988fb35038944ad2bb5f7eabd4fe5661 - - default default] Successfully bumped revision number for resource ef6315ed-3f1e-4c78-9a1c-e17224daaa54 (type: security_group_rules) to 0
2026-05-29 03:27:39.037 7 INFO neutron.db.segments_db [None req-08d3a1e7-e41c-4a70-aaff-171b912ca2f4 593bfd501c0e4986b3a6f0aebf191300 988fb35038944ad2bb5f7eabd4fe5661 - - default default] Added segment 873fa691-2b55-43ef-a218-7e26d5e5fdc3 of type geneve for network dd94123c-d860-42f3-a317-8c742a11a0c6
2026-05-29 03:27:39.194 7 INFO neutron.db.ovn_revision_numbers_db [None req-08d3a1e7-e41c-4a70-aaff-171b912ca2f4 593bfd501c0e4986b3a6f0aebf191300 988fb35038944ad2bb5f7eabd4fe5661 - - default default] Successfully bumped revision number for resource dd94123c-d860-42f3-a317-8c742a11a0c6 (type: networks) to 1
2026-05-29 03:27:39.355 7 WARNING neutron.scheduler.dhcp_agent_scheduler [None req-08d3a1e7-e41c-4a70-aaff-171b912ca2f4 593bfd501c0e4986b3a6f0aebf191300 988fb35038944ad2bb5f7eabd4fe5661 - - default default] No more DHCP agents
2026-05-29 03:27:39.356 7 WARNING neutron.api.rpc.agentnotifiers.dhcp_rpc_agent_api [None req-08d3a1e7-e41c-4a70-aaff-171b912ca2f4 593bfd501c0e4986b3a6f0aebf191300 988fb35038944ad2bb5f7eabd4fe5661 - - default default] Unable to schedule network dd94123c-d860-42f3-a317-8c742a11a0c6: no agents available; will retry on subsequent port and subnet creation events.
2026-05-29 03:27:39.420 7 INFO neutron.plugins.ml2.drivers.ovn.mech_driver.mech_driver [None req-e778033a-08f1-4d6d-ac1a-7ad5a735d0a3 - - - - - -] OVN reports status down for port: 46a0d221-87eb-4f09-aa6b-23c660f08189
2026-05-29 03:27:39.481 7 INFO neutron.db.ovn_revision_numbers_db [None req-08d3a1e7-e41c-4a70-aaff-171b912ca2f4 593bfd501c0e4986b3a6f0aebf191300 988fb35038944ad2bb5f7eabd4fe5661 - - default default] Successfully bumped revision number for resource 46a0d221-87eb-4f09-aa6b-23c660f08189 (type: ports) to 1 [pid: 7|app: 0|req: 1808/3559] 10.0.0.184 () {34 vars in 670 bytes} [Fri May 29 03:27:38 2026] POST /v2.0/networks => generated 669 bytes in 982 msecs (HTTP/1.1 201) 4 headers in 162 bytes (1 switches on core 0)
2026-05-29 03:27:39.785 8 WARNING neutron.scheduler.dhcp_agent_scheduler [None req-8827df5c-eab5-4e70-b329-4f662cf763a3 593bfd501c0e4986b3a6f0aebf191300 988fb35038944ad2bb5f7eabd4fe5661 - - default default] No more DHCP agents
2026-05-29 03:27:39.786 8 WARNING neutron.api.rpc.agentnotifiers.dhcp_rpc_agent_api [None req-8827df5c-eab5-4e70-b329-4f662cf763a3 593bfd501c0e4986b3a6f0aebf191300 988fb35038944ad2bb5f7eabd4fe5661 - - default default] Unable to schedule network dd94123c-d860-42f3-a317-8c742a11a0c6: no agents available; will retry on subsequent port and subnet creation events.
2026-05-29 03:27:39.850 7 INFO neutron.plugins.ml2.drivers.ovn.mech_driver.mech_driver [None req-e778033a-08f1-4d6d-ac1a-7ad5a735d0a3 - - - - - -] OVN reports status down for port: d33af36c-4dcd-41b4-bc89-af73415fefeb
2026-05-29 03:27:39.869 8 INFO neutron.db.ovn_revision_numbers_db [None req-8827df5c-eab5-4e70-b329-4f662cf763a3 593bfd501c0e4986b3a6f0aebf191300 988fb35038944ad2bb5f7eabd4fe5661 - - default default] Successfully bumped revision number for resource d33af36c-4dcd-41b4-bc89-af73415fefeb (type: ports) to 1 [pid: 8|app: 0|req: 1752/3560] 10.0.0.184 () {34 vars in 664 bytes} [Fri May 29 03:27:39 2026] POST /v2.0/ports => generated 743 bytes in 365 msecs (HTTP/1.1 201) 4 headers in 162 bytes (1 switches on core 0)
2026-05-29 03:27:40.009 7 INFO neutron.db.segments_db [None req-5fe92f9d-f0ea-4bb0-b912-3cc3a30bcf01 593bfd501c0e4986b3a6f0aebf191300 988fb35038944ad2bb5f7eabd4fe5661 - - default default] Added segment 0fb753fd-2b1d-48c5-84c8-b78083f3e0d1 of type geneve for network a3c43157-6e5a-42bc-9b6a-56083851489b
2026-05-29 03:27:40.110 7 INFO neutron.db.ovn_revision_numbers_db [None req-5fe92f9d-f0ea-4bb0-b912-3cc3a30bcf01 593bfd501c0e4986b3a6f0aebf191300 988fb35038944ad2bb5f7eabd4fe5661 - - default default] Successfully bumped revision number for resource a3c43157-6e5a-42bc-9b6a-56083851489b (type: networks) to 1
2026-05-29 03:27:40.281 7 WARNING neutron.scheduler.dhcp_agent_scheduler [None req-5fe92f9d-f0ea-4bb0-b912-3cc3a30bcf01 593bfd501c0e4986b3a6f0aebf191300 988fb35038944ad2bb5f7eabd4fe5661 - - default default] No more DHCP agents
2026-05-29 03:27:40.283 7 WARNING neutron.api.rpc.agentnotifiers.dhcp_rpc_agent_api [None req-5fe92f9d-f0ea-4bb0-b912-3cc3a30bcf01 593bfd501c0e4986b3a6f0aebf191300 988fb35038944ad2bb5f7eabd4fe5661 - - default default] Unable to schedule network a3c43157-6e5a-42bc-9b6a-56083851489b: no agents available; will retry on subsequent port and subnet creation events.
2026-05-29 03:27:40.337 8 INFO neutron.plugins.ml2.drivers.ovn.mech_driver.mech_driver [None req-4e9bb70b-1fad-4130-9ee6-0361f3366f73 - - - - - -] OVN reports status down for port: ca09d8c6-e90f-4414-8b60-3b1a9b37c62d
2026-05-29 03:27:40.368 7 INFO neutron.db.ovn_revision_numbers_db [None req-5fe92f9d-f0ea-4bb0-b912-3cc3a30bcf01 593bfd501c0e4986b3a6f0aebf191300 988fb35038944ad2bb5f7eabd4fe5661 - - default default] Successfully bumped revision number for resource ca09d8c6-e90f-4414-8b60-3b1a9b37c62d (type: ports) to 1 [pid: 7|app: 0|req: 1809/3561] 10.0.0.184 () {34 vars in 670 bytes} [Fri May 29 03:27:39 2026] POST /v2.0/networks => generated 668 bytes in 475 msecs (HTTP/1.1 201) 4 headers in 162 bytes (1 switches on core 0) /var/lib/openstack/lib/python3.12/site-packages/pycadf/identifier.py:70: UserWarning: Invalid uuid: neutron. To ensure interoperability, identifiers should be a valid uuid. warnings.warn(('Invalid uuid: %s. To ensure interoperability, '
2026-05-29 03:27:40.625 8 WARNING neutron.scheduler.dhcp_agent_scheduler [None req-9bac05a4-9c93-45f5-aaea-6ae50491e387 593bfd501c0e4986b3a6f0aebf191300 988fb35038944ad2bb5f7eabd4fe5661 - - default default] No more DHCP agents
2026-05-29 03:27:40.626 8 WARNING neutron.api.rpc.agentnotifiers.dhcp_rpc_agent_api [None req-9bac05a4-9c93-45f5-aaea-6ae50491e387 593bfd501c0e4986b3a6f0aebf191300 988fb35038944ad2bb5f7eabd4fe5661 - - default default] Unable to schedule network a3c43157-6e5a-42bc-9b6a-56083851489b: no agents available; will retry on subsequent port and subnet creation events.
2026-05-29 03:27:40.687 8 INFO neutron.plugins.ml2.drivers.ovn.mech_driver.mech_driver [None req-4e9bb70b-1fad-4130-9ee6-0361f3366f73 - - - - - -] OVN reports status down for port: 38ea6e37-051b-44cf-8b3e-e92bc83ebcd3
