Feb 19 02:43:01.657343 np0000156475 devstack@m-api.service[83618]: [pid: 83618|app: 0|req: 94/212] ::1 () {68 vars in 1447 bytes} [Thu Feb 19 02:43:01 2026] GET /share/v2/d35d9421b0b84b8287859d0e1ed8e482/shares/321f721f-634c-4042-b76e-22ea6f3299dc => generated 78 bytes in 14 msecs (HTTP/1.1 404) 7 headers in 303 bytes (1 switches on core 0)
Feb 19 02:43:01.671494 np0000156475 devstack@m-api.service[83619]: INFO manila.api.openstack.wsgi [None req-7a3372d6-99e0-4b02-aeda-bc5762af4e79 tempest-SharesNFSTest-667592896 tempest-SharesNFSTest-667592896-project-admin] POST https://[::1]/share/v2/c438d613c88f49929c5d7d5a3b5afc22/types
Feb 19 02:43:01.671841 np0000156475 devstack@m-api.service[83619]: DEBUG manila.api.openstack.wsgi [None req-7a3372d6-99e0-4b02-aeda-bc5762af4e79 tempest-SharesNFSTest-667592896 tempest-SharesNFSTest-667592896-project-admin] Action: 'create', calling method: Controller.__getattribute__..version_select, body: {"share_type": {"name": "tempest-typeshare-type-2105754002", "extra_specs": {"driver_handles_share_servers": "False", "snapshot_support": true, "create_share_from_snapshot_support": true}, "share_type_access:is_public": true}} {{(pid=83619) _process_stack /opt/stack/manila/manila/api/openstack/wsgi.py:796}}
Feb 19 02:43:01.680653 np0000156475 devstack@m-api.service[83618]: INFO manila.api.openstack.wsgi [None req-2463cccd-cff7-4b50-a1b1-5f1e8facca33 tempest-SharesCIFSTest-221748323 tempest-SharesCIFSTest-221748323-project-admin] POST https://[::1]/share/v2/9cf88367fa3643548718fef9dac2b82e/types
Feb 19 02:43:01.682108 np0000156475 devstack@m-api.service[83618]: DEBUG manila.api.openstack.wsgi [None req-2463cccd-cff7-4b50-a1b1-5f1e8facca33 tempest-SharesCIFSTest-221748323 tempest-SharesCIFSTest-221748323-project-admin] Action: 'create', calling method: Controller.__getattribute__..version_select, body: {"share_type": {"name": "tempest-typeshare-type-2139507421", "extra_specs": {"driver_handles_share_servers": "False", "snapshot_support": true, "create_share_from_snapshot_support": true}, "share_type_access:is_public": true}} {{(pid=83618) _process_stack /opt/stack/manila/manila/api/openstack/wsgi.py:796}}
Feb 19 02:43:01.692234 np0000156475 devstack@m-api.service[83619]: INFO manila.api.openstack.wsgi [None req-7a3372d6-99e0-4b02-aeda-bc5762af4e79 tempest-SharesNFSTest-667592896 tempest-SharesNFSTest-667592896-project-admin] https://[::1]/share/v2/c438d613c88f49929c5d7d5a3b5afc22/types returned with HTTP 200
Feb 19 02:43:01.693048 np0000156475 devstack@m-api.service[83619]: [pid: 83619|app: 0|req: 119/213] ::1 () {70 vars in 1355 bytes} [Thu Feb 19 02:43:01 2026] POST /share/v2/c438d613c88f49929c5d7d5a3b5afc22/types => generated 771 bytes in 25 msecs (HTTP/1.1 200) 7 headers in 297 bytes (1 switches on core 0)
Feb 19 02:43:01.701050 np0000156475 devstack@m-api.service[83618]: INFO manila.api.openstack.wsgi [None req-2463cccd-cff7-4b50-a1b1-5f1e8facca33 tempest-SharesCIFSTest-221748323 tempest-SharesCIFSTest-221748323-project-admin] https://[::1]/share/v2/9cf88367fa3643548718fef9dac2b82e/types returned with HTTP 200
Feb 19 02:43:01.701050 np0000156475 devstack@m-api.service[83618]: [pid: 83618|app: 0|req: 95/214] ::1 () {70 vars in 1355 bytes} [Thu Feb 19 02:43:01 2026] POST /share/v2/9cf88367fa3643548718fef9dac2b82e/types => generated 771 bytes in 29 msecs (HTTP/1.1 200) 7 headers in 297 bytes (1 switches on core 0)
Feb 19 02:43:01.706680 np0000156475 devstack@m-api.service[83619]: INFO manila.api.openstack.wsgi [None req-5ffffd6b-8592-4f6d-9c0e-d73e2460bd5f tempest-SharesNFSTest-797471628 tempest-SharesNFSTest-797471628-project-member] POST https://[::1]/share/v2/72e25cb4289b47ed8cb8f5bda18f03a7/shares
Feb 19 02:43:01.707166 np0000156475 devstack@m-api.service[83619]: DEBUG manila.api.openstack.wsgi [None req-5ffffd6b-8592-4f6d-9c0e-d73e2460bd5f tempest-SharesNFSTest-797471628 tempest-SharesNFSTest-797471628-project-member] Action: 'create', calling method: Controller.__getattribute__..version_select, body: {"share": {"share_proto": "nfs", "description": "Tempest's share", "snapshot_id": null, "name": "tempest-tempest-created-share-248901027", "size": 1, "metadata": {}, "is_public": false, "share_type": "6ed352b6-ddc0-4a2f-82db-96270c2871f7"}} {{(pid=83619) _process_stack /opt/stack/manila/manila/api/openstack/wsgi.py:796}}
Feb 19 02:43:01.708551 np0000156475 devstack@m-api.service[83619]: INFO manila.api.v2.shares [None req-5ffffd6b-8592-4f6d-9c0e-d73e2460bd5f tempest-SharesNFSTest-797471628 tempest-SharesNFSTest-797471628-project-member] Create NFS share of 1 GB
Feb 19 02:43:01.717169 np0000156475 devstack@m-api.service[83618]: INFO manila.api.openstack.wsgi [None req-a255fee6-9bb2-4ed3-80cc-85e17d53fc38 tempest-SharesCIFSTest-1435973084 tempest-SharesCIFSTest-1435973084-project-member] POST https://[::1]/share/v2/d35d9421b0b84b8287859d0e1ed8e482/shares
Feb 19 02:43:01.717907 np0000156475 devstack@m-api.service[83618]: DEBUG manila.api.openstack.wsgi [None req-a255fee6-9bb2-4ed3-80cc-85e17d53fc38 tempest-SharesCIFSTest-1435973084 tempest-SharesCIFSTest-1435973084-project-member] Action: 'create', calling method: Controller.__getattribute__..version_select, body: {"share": {"share_proto": "cifs", "description": "Tempest's share", "snapshot_id": null, "name": "tempest-tempest-created-share-749679995", "size": 1, "metadata": {}, "is_public": false, "share_type": "3275e51e-3fbd-4906-9319-cc906b3a2dbd"}} {{(pid=83618) _process_stack /opt/stack/manila/manila/api/openstack/wsgi.py:796}}
Feb 19 02:43:01.719694 np0000156475 devstack@m-api.service[83618]: INFO manila.api.v2.shares [None req-a255fee6-9bb2-4ed3-80cc-85e17d53fc38 tempest-SharesCIFSTest-1435973084 tempest-SharesCIFSTest-1435973084-project-member] Create CIFS share of 1 GB
Feb 19 02:43:01.785298 np0000156475 devstack@m-api.service[83619]: DEBUG manila.quota [None req-5ffffd6b-8592-4f6d-9c0e-d73e2460bd5f tempest-SharesNFSTest-797471628 tempest-SharesNFSTest-797471628-project-member] Created reservations ['20f9c7d0-f617-453d-a2be-ab20a1d2e381', 'c93b9881-117d-48ad-942a-4c056205601a', '434fb612-7462-44ce-8009-cc938568ef9d', '85705118-3749-410c-9a16-31419faacbac'] {{(pid=83619) reserve /opt/stack/manila/manila/quota.py:1038}}
Feb 19 02:43:01.785893 np0000156475 devstack@m-api.service[83618]: DEBUG manila.quota [None req-a255fee6-9bb2-4ed3-80cc-85e17d53fc38 tempest-SharesCIFSTest-1435973084 tempest-SharesCIFSTest-1435973084-project-member] Created reservations ['32fcd29d-2d72-4d01-981e-bac17a243233', 'd381b97e-cc33-4673-84f2-8c457c850678', '0a859e34-dfac-4e62-8439-e7cddd70dc36', 'a49b2f4a-c0cf-4315-bc2b-ca9fd04ab9cb'] {{(pid=83618) reserve /opt/stack/manila/manila/quota.py:1038}}
Feb 19 02:43:01.834308 np0000156475 devstack@m-api.service[83618]: DEBUG manila.quota [None req-a255fee6-9bb2-4ed3-80cc-85e17d53fc38 tempest-SharesCIFSTest-1435973084 tempest-SharesCIFSTest-1435973084-project-member] Committed reservations ['32fcd29d-2d72-4d01-981e-bac17a243233', 'd381b97e-cc33-4673-84f2-8c457c850678', '0a859e34-dfac-4e62-8439-e7cddd70dc36', 'a49b2f4a-c0cf-4315-bc2b-ca9fd04ab9cb'] {{(pid=83618) commit /opt/stack/manila/manila/quota.py:1066}}
Feb 19 02:43:01.853119 np0000156475 devstack@m-api.service[83619]: DEBUG manila.quota [None req-5ffffd6b-8592-4f6d-9c0e-d73e2460bd5f tempest-SharesNFSTest-797471628 tempest-SharesNFSTest-797471628-project-member] Committed reservations ['20f9c7d0-f617-453d-a2be-ab20a1d2e381', 'c93b9881-117d-48ad-942a-4c056205601a', '434fb612-7462-44ce-8009-cc938568ef9d', '85705118-3749-410c-9a16-31419faacbac'] {{(pid=83619) commit /opt/stack/manila/manila/quota.py:1066}}
Feb 19 02:43:01.908369 np0000156475 devstack@m-api.service[83618]: INFO manila.api.openstack.wsgi [None req-a255fee6-9bb2-4ed3-80cc-85e17d53fc38 tempest-SharesCIFSTest-1435973084 tempest-SharesCIFSTest-1435973084-project-member] https://[::1]/share/v2/d35d9421b0b84b8287859d0e1ed8e482/shares returned with HTTP 200
Feb 19 02:43:01.908824 np0000156475 devstack@m-api.service[83618]: [pid: 83618|app: 0|req: 96/215] ::1 () {70 vars in 1358 bytes} [Thu Feb 19 02:43:01 2026] POST /share/v2/d35d9421b0b84b8287859d0e1ed8e482/shares => generated 1326 bytes in 196 msecs (HTTP/1.1 200) 7 headers in 298 bytes (1 switches on core 0)
Feb 19 02:43:01.916133 np0000156475 devstack@m-api.service[83619]: INFO manila.api.openstack.wsgi [None req-5ffffd6b-8592-4f6d-9c0e-d73e2460bd5f tempest-SharesNFSTest-797471628 tempest-SharesNFSTest-797471628-project-member] https://[::1]/share/v2/72e25cb4289b47ed8cb8f5bda18f03a7/shares returned with HTTP 200
Feb 19 02:43:01.917945 np0000156475 devstack@m-api.service[83619]: [pid: 83619|app: 0|req: 120/216] ::1 () {70 vars in 1358 bytes} [Thu Feb 19 02:43:01 2026] POST /share/v2/72e25cb4289b47ed8cb8f5bda18f03a7/shares => generated 1325 bytes in 213 msecs (HTTP/1.1 200) 7 headers in 298 bytes (1 switches on core 0)
Feb 19 02:43:01.925349 np0000156475 devstack@m-api.service[83618]: INFO manila.api.openstack.wsgi [None req-54ec9243-109f-437f-9065-440d4f855cc8 tempest-SharesCIFSTest-1435973084 tempest-SharesCIFSTest-1435973084-project-member] GET https://[::1]/share/v2/d35d9421b0b84b8287859d0e1ed8e482/shares/800831ef-e679-4ed7-9119-ad1457fb0bac
Feb 19 02:43:01.925877 np0000156475 devstack@m-api.service[83618]: DEBUG manila.api.openstack.wsgi [None req-54ec9243-109f-437f-9065-440d4f855cc8 tempest-SharesCIFSTest-1435973084 tempest-SharesCIFSTest-1435973084-project-member] Empty body provided in request {{(pid=83618) get_body /opt/stack/manila/manila/api/openstack/wsgi.py:652}}
Feb 19 02:43:01.926210 np0000156475 devstack@m-api.service[83618]: DEBUG manila.api.openstack.wsgi [None req-54ec9243-109f-437f-9065-440d4f855cc8 tempest-SharesCIFSTest-1435973084 tempest-SharesCIFSTest-1435973084-project-member] Calling method 'ShareMixin.show' {{(pid=83618) _process_stack /opt/stack/manila/manila/api/openstack/wsgi.py:798}}
Feb 19 02:43:01.930048 np0000156475 devstack@m-api.service[83619]: INFO manila.api.openstack.wsgi [None req-06b96649-1f0a-48de-8ac2-4d364afb2478 tempest-SharesNFSTest-797471628 tempest-SharesNFSTest-797471628-project-member] GET https://[::1]/share/v2/72e25cb4289b47ed8cb8f5bda18f03a7/shares/60279dd2-8a5a-46ec-a606-6106e4cf7ee2
Feb 19 02:43:01.931033 np0000156475 devstack@m-api.service[83619]: DEBUG manila.api.openstack.wsgi [None req-06b96649-1f0a-48de-8ac2-4d364afb2478 tempest-SharesNFSTest-797471628 tempest-SharesNFSTest-797471628-project-member] Empty body provided in request {{(pid=83619) get_body /opt/stack/manila/manila/api/openstack/wsgi.py:652}}
Feb 19 02:43:01.931033 np0000156475 devstack@m-api.service[83619]: DEBUG manila.api.openstack.wsgi [None req-06b96649-1f0a-48de-8ac2-4d364afb2478 tempest-SharesNFSTest-797471628 tempest-SharesNFSTest-797471628-project-member] Calling method 'ShareMixin.show' {{(pid=83619) _process_stack /opt/stack/manila/manila/api/openstack/wsgi.py:798}}
Feb 19 02:43:01.945090 np0000156475 devstack@m-api.service[83618]: INFO manila.api.openstack.wsgi [None req-54ec9243-109f-437f-9065-440d4f855cc8 tempest-SharesCIFSTest-1435973084 tempest-SharesCIFSTest-1435973084-project-member] https://[::1]/share/v2/d35d9421b0b84b8287859d0e1ed8e482/shares/800831ef-e679-4ed7-9119-ad1457fb0bac returned with HTTP 200
Feb 19 02:43:01.945640 np0000156475 devstack@m-api.service[83618]: [pid: 83618|app: 0|req: 97/217] ::1 () {68 vars in 1447 bytes} [Thu Feb 19 02:43:01 2026] GET /share/v2/d35d9421b0b84b8287859d0e1ed8e482/shares/800831ef-e679-4ed7-9119-ad1457fb0bac => generated 1326 bytes in 25 msecs (HTTP/1.1 200) 7 headers in 298 bytes (1 switches on core 0)
Feb 19 02:43:01.948959 np0000156475 devstack@m-api.service[83619]: INFO manila.api.openstack.wsgi [None req-06b96649-1f0a-48de-8ac2-4d364afb2478 tempest-SharesNFSTest-797471628 tempest-SharesNFSTest-797471628-project-member] https://[::1]/share/v2/72e25cb4289b47ed8cb8f5bda18f03a7/shares/60279dd2-8a5a-46ec-a606-6106e4cf7ee2 returned with HTTP 200
Feb 19 02:43:01.949685 np0000156475 devstack@m-api.service[83619]: [pid: 83619|app: 0|req: 121/218] ::1 () {68 vars in 1447 bytes} [Thu Feb 19 02:43:01 2026] GET /share/v2/72e25cb4289b47ed8cb8f5bda18f03a7/shares/60279dd2-8a5a-46ec-a606-6106e4cf7ee2 => generated 1325 bytes in 22 msecs (HTTP/1.1 200) 7 headers in 298 bytes (1 switches on core 0)
Feb 19 02:43:02.593567 np0000156475 devstack@m-api.service[83618]: INFO manila.api.openstack.wsgi [None req-80c6d2ed-946a-459b-a8ca-9503b6a9870a tempest-MigrationOfShareWithSnapshotNFSTest-1422803203 tempest-MigrationOfShareWithSnapshotNFSTest-1422803203-project-admin] GET https://[::1]/share/v2/0cabdc23a6a7497d834bba25545eef41/scheduler-stats/pools/detail
Feb 19 02:43:02.594532 np0000156475 devstack@m-api.service[83618]: DEBUG manila.api.openstack.wsgi [None req-80c6d2ed-946a-459b-a8ca-9503b6a9870a tempest-MigrationOfShareWithSnapshotNFSTest-1422803203 tempest-MigrationOfShareWithSnapshotNFSTest-1422803203-project-admin] Empty body provided in request {{(pid=83618) get_body /opt/stack/manila/manila/api/openstack/wsgi.py:652}}
Feb 19 02:43:02.594532 np0000156475 devstack@m-api.service[83618]: DEBUG manila.api.openstack.wsgi [None req-80c6d2ed-946a-459b-a8ca-9503b6a9870a tempest-MigrationOfShareWithSnapshotNFSTest-1422803203 tempest-MigrationOfShareWithSnapshotNFSTest-1422803203-project-admin] Calling method 'Controller.__getattribute__..version_select' {{(pid=83618) _process_stack /opt/stack/manila/manila/api/openstack/wsgi.py:798}}
Feb 19 02:43:03.097511 np0000156475 devstack@m-api.service[83618]: INFO manila.api.openstack.wsgi [None req-80c6d2ed-946a-459b-a8ca-9503b6a9870a tempest-MigrationOfShareWithSnapshotNFSTest-1422803203 tempest-MigrationOfShareWithSnapshotNFSTest-1422803203-project-admin] https://[::1]/share/v2/0cabdc23a6a7497d834bba25545eef41/scheduler-stats/pools/detail returned with HTTP 200
Feb 19 02:43:03.098288 np0000156475 devstack@m-api.service[83618]: [pid: 83618|app: 0|req: 98/219] ::1 () {68 vars in 1402 bytes} [Thu Feb 19 02:43:02 2026] GET /share/v2/0cabdc23a6a7497d834bba25545eef41/scheduler-stats/pools/detail => generated 2170 bytes in 579 msecs (HTTP/1.1 200) 7 headers in 298 bytes (1 switches on core 0)
Feb 19 02:43:03.114856 np0000156475 devstack@m-api.service[83619]: INFO manila.api.openstack.wsgi [None req-bd0c8dd6-6da4-420a-8f95-9976013349a6 tempest-MigrationOfShareWithSnapshotNFSTest-1422803203 tempest-MigrationOfShareWithSnapshotNFSTest-1422803203-project-admin] POST https://[::1]/share/v2/0cabdc23a6a7497d834bba25545eef41/types
Feb 19 02:43:03.115810 np0000156475 devstack@m-api.service[83619]: DEBUG manila.api.openstack.wsgi [None req-bd0c8dd6-6da4-420a-8f95-9976013349a6 tempest-MigrationOfShareWithSnapshotNFSTest-1422803203 tempest-MigrationOfShareWithSnapshotNFSTest-1422803203-project-admin] Action: 'create', calling method: Controller.__getattribute__..version_select, body: {"share_type": {"name": "tempest-original_share_type_for_migration-1358908087", "extra_specs": {"driver_handles_share_servers": false, "storage_protocol": "NFS_CIFS", "snapshot_support": true, "create_share_from_snapshot_support": true}, "share_type_access:is_public": true}} {{(pid=83619) _process_stack /opt/stack/manila/manila/api/openstack/wsgi.py:796}}
Feb 19 02:43:03.131628 np0000156475 devstack@m-api.service[83619]: INFO manila.api.openstack.wsgi [None req-bd0c8dd6-6da4-420a-8f95-9976013349a6 tempest-MigrationOfShareWithSnapshotNFSTest-1422803203 tempest-MigrationOfShareWithSnapshotNFSTest-1422803203-project-admin] https://[::1]/share/v2/0cabdc23a6a7497d834bba25545eef41/types returned with HTTP 200
Feb 19 02:43:03.132531 np0000156475 devstack@m-api.service[83619]: [pid: 83619|app: 0|req: 122/220] ::1 () {70 vars in 1355 bytes} [Thu Feb 19 02:43:03 2026] POST /share/v2/0cabdc23a6a7497d834bba25545eef41/types => generated 869 bytes in 22 msecs (HTTP/1.1 200) 7 headers in 297 bytes (1 switches on core 0)
Feb 19 02:43:03.152078 np0000156475 devstack@m-api.service[83618]: INFO manila.api.openstack.wsgi [None req-7a7f39b3-ead1-4bde-ab62-2f8d34785fa3 tempest-MigrationOfShareWithSnapshotNFSTest-1422803203 tempest-MigrationOfShareWithSnapshotNFSTest-1422803203-project-admin] POST https://[::1]/share/v2/0cabdc23a6a7497d834bba25545eef41/types
Feb 19 02:43:03.152783 np0000156475 devstack@m-api.service[83618]: DEBUG manila.api.openstack.wsgi [None req-7a7f39b3-ead1-4bde-ab62-2f8d34785fa3 tempest-MigrationOfShareWithSnapshotNFSTest-1422803203 tempest-MigrationOfShareWithSnapshotNFSTest-1422803203-project-admin] Action: 'create', calling method: Controller.__getattribute__..version_select, body: {"share_type": {"name": "tempest-new_share_type_for_migration-1278632519", "extra_specs": {"driver_handles_share_servers": false, "storage_protocol": "NFS_CIFS", "snapshot_support": true, "create_share_from_snapshot_support": true}, "share_type_access:is_public": true}} {{(pid=83618) _process_stack /opt/stack/manila/manila/api/openstack/wsgi.py:796}}
Feb 19 02:43:03.168186 np0000156475 devstack@m-api.service[83618]: INFO manila.api.openstack.wsgi [None req-7a7f39b3-ead1-4bde-ab62-2f8d34785fa3 tempest-MigrationOfShareWithSnapshotNFSTest-1422803203 tempest-MigrationOfShareWithSnapshotNFSTest-1422803203-project-admin] https://[::1]/share/v2/0cabdc23a6a7497d834bba25545eef41/types returned with HTTP 200
Feb 19 02:43:03.168721 np0000156475 devstack@m-api.service[83618]: [pid: 83618|app: 0|req: 99/221] ::1 () {70 vars in 1355 bytes} [Thu Feb 19 02:43:03 2026] POST /share/v2/0cabdc23a6a7497d834bba25545eef41/types => generated 859 bytes in 23 msecs (HTTP/1.1 200) 7 headers in 297 bytes (1 switches on core 0)
Feb 19 02:43:03.185128 np0000156475 devstack@m-api.service[83619]: INFO manila.api.openstack.wsgi [None req-6e927c2e-f529-4e2c-8bfb-38903b635899 tempest-MigrationOfShareWithSnapshotNFSTest-1422803203 tempest-MigrationOfShareWithSnapshotNFSTest-1422803203-project-admin] POST https://[::1]/share/v2/0cabdc23a6a7497d834bba25545eef41/types
Feb 19 02:43:03.185539 np0000156475 devstack@m-api.service[83619]: DEBUG manila.api.openstack.wsgi [None req-6e927c2e-f529-4e2c-8bfb-38903b635899 tempest-MigrationOfShareWithSnapshotNFSTest-1422803203 tempest-MigrationOfShareWithSnapshotNFSTest-1422803203-project-admin] Action: 'create', calling method: Controller.__getattribute__..version_select, body: {"share_type": {"name": "tempest-new_share_type_for_migration_opposite-631037059", "extra_specs": {"driver_handles_share_servers": true, "storage_protocol": "NFS_CIFS", "snapshot_support": true}, "share_type_access:is_public": true}} {{(pid=83619) _process_stack /opt/stack/manila/manila/api/openstack/wsgi.py:796}}
Feb 19 02:43:03.204123 np0000156475 devstack@m-api.service[83619]: INFO manila.api.openstack.wsgi [None req-6e927c2e-f529-4e2c-8bfb-38903b635899 tempest-MigrationOfShareWithSnapshotNFSTest-1422803203 tempest-MigrationOfShareWithSnapshotNFSTest-1422803203-project-admin] https://[::1]/share/v2/0cabdc23a6a7497d834bba25545eef41/types returned with HTTP 200
Feb 19 02:43:03.205367 np0000156475 devstack@m-api.service[83619]: [pid: 83619|app: 0|req: 123/222] ::1 () {70 vars in 1355 bytes} [Thu Feb 19 02:43:03 2026] POST /share/v2/0cabdc23a6a7497d834bba25545eef41/types => generated 779 bytes in 24 msecs (HTTP/1.1 200) 7 headers in 297 bytes (1 switches on core 0)
Feb 19 02:43:03.220289 np0000156475 devstack@m-api.service[83618]: INFO manila.api.openstack.wsgi [None req-3452598f-85d8-4648-90e4-ae44b8c4a632 tempest-MigrationOfShareWithSnapshotNFSTest-1422803203 tempest-MigrationOfShareWithSnapshotNFSTest-1422803203-project-admin] GET https://[::1]/share/v2/0cabdc23a6a7497d834bba25545eef41/shares?share_type_id=08962be6-1589-47b6-bc24-c110f442b70b
Feb 19 02:43:03.220693 np0000156475 devstack@m-api.service[83618]: DEBUG manila.api.openstack.wsgi [None req-3452598f-85d8-4648-90e4-ae44b8c4a632 tempest-MigrationOfShareWithSnapshotNFSTest-1422803203 tempest-MigrationOfShareWithSnapshotNFSTest-1422803203-project-admin] Empty body provided in request {{(pid=83618) get_body /opt/stack/manila/manila/api/openstack/wsgi.py:652}}
Feb 19 02:43:03.221013 np0000156475 devstack@m-api.service[83618]: DEBUG manila.api.openstack.wsgi [None req-3452598f-85d8-4648-90e4-ae44b8c4a632 tempest-MigrationOfShareWithSnapshotNFSTest-1422803203 tempest-MigrationOfShareWithSnapshotNFSTest-1422803203-project-admin] Calling method 'Controller.__getattribute__..version_select' {{(pid=83618) _process_stack /opt/stack/manila/manila/api/openstack/wsgi.py:798}}
Feb 19 02:43:03.222104 np0000156475 devstack@m-api.service[83618]: DEBUG manila.share.api [None req-3452598f-85d8-4648-90e4-ae44b8c4a632 tempest-MigrationOfShareWithSnapshotNFSTest-1422803203 tempest-MigrationOfShareWithSnapshotNFSTest-1422803203-project-admin] Searching for shares by: {'share_type_id': '08962be6-1589-47b6-bc24-c110f442b70b'} {{(pid=83618) _get_all /opt/stack/manila/manila/share/api.py:2372}}
Feb 19 02:43:03.230423 np0000156475 devstack@m-api.service[83618]: INFO manila.api.openstack.wsgi [None req-3452598f-85d8-4648-90e4-ae44b8c4a632 tempest-MigrationOfShareWithSnapshotNFSTest-1422803203 tempest-MigrationOfShareWithSnapshotNFSTest-1422803203-project-admin] https://[::1]/share/v2/0cabdc23a6a7497d834bba25545eef41/shares?share_type_id=08962be6-1589-47b6-bc24-c110f442b70b returned with HTTP 200
Feb 19 02:43:03.230978 np0000156475 devstack@m-api.service[83618]: [pid: 83618|app: 0|req: 100/223] ::1 () {68 vars in 1437 bytes} [Thu Feb 19 02:43:03 2026] GET /share/v2/0cabdc23a6a7497d834bba25545eef41/shares?share_type_id=08962be6-1589-47b6-bc24-c110f442b70b => generated 14 bytes in 15 msecs (HTTP/1.1 200) 7 headers in 296 bytes (1 switches on core 0)
Feb 19 02:43:03.247091 np0000156475 devstack@m-api.service[83619]: INFO manila.api.openstack.wsgi [None req-85f12da3-2dc9-4ad8-8b7f-10876ccd3d80 tempest-MigrationOfShareWithSnapshotNFSTest-1422803203 tempest-MigrationOfShareWithSnapshotNFSTest-1422803203-project-admin] DELETE https://[::1]/share/v2/0cabdc23a6a7497d834bba25545eef41/types/08962be6-1589-47b6-bc24-c110f442b70b
Feb 19 02:43:03.247091 np0000156475 devstack@m-api.service[83619]: DEBUG manila.api.openstack.wsgi [None req-85f12da3-2dc9-4ad8-8b7f-10876ccd3d80 tempest-MigrationOfShareWithSnapshotNFSTest-1422803203 tempest-MigrationOfShareWithSnapshotNFSTest-1422803203-project-admin] Empty body provided in request {{(pid=83619) get_body /opt/stack/manila/manila/api/openstack/wsgi.py:652}}
Feb 19 02:43:03.247091 np0000156475 devstack@m-api.service[83619]: DEBUG manila.api.openstack.wsgi [None req-85f12da3-2dc9-4ad8-8b7f-10876ccd3d80 tempest-MigrationOfShareWithSnapshotNFSTest-1422803203 tempest-MigrationOfShareWithSnapshotNFSTest-1422803203-project-admin] Calling method 'ShareTypesController._delete' {{(pid=83619) _process_stack /opt/stack/manila/manila/api/openstack/wsgi.py:798}}
Feb 19 02:43:03.272491 np0000156475 devstack@m-api.service[83619]: INFO manila.api.openstack.wsgi [None req-85f12da3-2dc9-4ad8-8b7f-10876ccd3d80 tempest-MigrationOfShareWithSnapshotNFSTest-1422803203 tempest-MigrationOfShareWithSnapshotNFSTest-1422803203-project-admin] https://[::1]/share/v2/0cabdc23a6a7497d834bba25545eef41/types/08962be6-1589-47b6-bc24-c110f442b70b returned with HTTP 202
Feb 19 02:43:03.273030 np0000156475 devstack@m-api.service[83619]: [pid: 83619|app: 0|req: 124/224] ::1 () {68 vars in 1447 bytes} [Thu Feb 19 02:43:03 2026] DELETE /share/v2/0cabdc23a6a7497d834bba25545eef41/types/08962be6-1589-47b6-bc24-c110f442b70b => generated 0 bytes in 31 msecs (HTTP/1.1 202) 7 headers in 309 bytes (1 switches on core 0)
Feb 19 02:43:03.286320 np0000156475 devstack@m-api.service[83618]: INFO manila.api.openstack.wsgi [None req-9d06314d-f37b-4f8d-81c6-040ccc13e987 tempest-MigrationOfShareWithSnapshotNFSTest-1422803203 tempest-MigrationOfShareWithSnapshotNFSTest-1422803203-project-admin] GET https://[::1]/share/v2/0cabdc23a6a7497d834bba25545eef41/types/08962be6-1589-47b6-bc24-c110f442b70b
Feb 19 02:43:03.286632 np0000156475 devstack@m-api.service[83618]: DEBUG manila.api.openstack.wsgi [None req-9d06314d-f37b-4f8d-81c6-040ccc13e987 tempest-MigrationOfShareWithSnapshotNFSTest-1422803203 tempest-MigrationOfShareWithSnapshotNFSTest-1422803203-project-admin] Empty body provided in request {{(pid=83618) get_body /opt/stack/manila/manila/api/openstack/wsgi.py:652}}
Feb 19 02:43:03.286885 np0000156475 devstack@m-api.service[83618]: DEBUG manila.api.openstack.wsgi [None req-9d06314d-f37b-4f8d-81c6-040ccc13e987 tempest-MigrationOfShareWithSnapshotNFSTest-1422803203 tempest-MigrationOfShareWithSnapshotNFSTest-1422803203-project-admin] Calling method 'ShareTypesController.show' {{(pid=83618) _process_stack /opt/stack/manila/manila/api/openstack/wsgi.py:798}}
Feb 19 02:43:03.291578 np0000156475 devstack@m-api.service[83618]: INFO manila.api.openstack.wsgi [None req-9d06314d-f37b-4f8d-81c6-040ccc13e987 tempest-MigrationOfShareWithSnapshotNFSTest-1422803203 tempest-MigrationOfShareWithSnapshotNFSTest-1422803203-project-admin] HTTP exception thrown: Share type not found.
Feb 19 02:43:03.294080 np0000156475 devstack@m-api.service[83618]: INFO manila.api.openstack.wsgi [None req-9d06314d-f37b-4f8d-81c6-040ccc13e987 tempest-MigrationOfShareWithSnapshotNFSTest-1422803203 tempest-MigrationOfShareWithSnapshotNFSTest-1422803203-project-admin] https://[::1]/share/v2/0cabdc23a6a7497d834bba25545eef41/types/08962be6-1589-47b6-bc24-c110f442b70b returned with HTTP 404
Feb 19 02:43:03.294080 np0000156475 devstack@m-api.service[83618]: [pid: 83618|app: 0|req: 101/225] ::1 () {68 vars in 1444 bytes} [Thu Feb 19 02:43:03 2026] GET /share/v2/0cabdc23a6a7497d834bba25545eef41/types/08962be6-1589-47b6-bc24-c110f442b70b => generated 67 bytes in 10 msecs (HTTP/1.1 404) 7 headers in 303 bytes (1 switches on core 0)
Feb 19 02:43:03.306753 np0000156475 devstack@m-api.service[83619]: INFO manila.api.openstack.wsgi [None req-e2d2c67d-fbd8-4614-ab51-277402d254a1 tempest-MigrationOfShareWithSnapshotNFSTest-1422803203 tempest-MigrationOfShareWithSnapshotNFSTest-1422803203-project-admin] GET https://[::1]/share/v2/0cabdc23a6a7497d834bba25545eef41/shares?share_type_id=1f1605e6-b624-4c61-b304-44c6e3112b3a
Feb 19 02:43:03.307341 np0000156475 devstack@m-api.service[83619]: DEBUG manila.api.openstack.wsgi [None req-e2d2c67d-fbd8-4614-ab51-277402d254a1 tempest-MigrationOfShareWithSnapshotNFSTest-1422803203 tempest-MigrationOfShareWithSnapshotNFSTest-1422803203-project-admin] Empty body provided in request {{(pid=83619) get_body /opt/stack/manila/manila/api/openstack/wsgi.py:652}}
Feb 19 02:43:03.307532 np0000156475 devstack@m-api.service[83619]: DEBUG manila.api.openstack.wsgi [None req-e2d2c67d-fbd8-4614-ab51-277402d254a1 tempest-MigrationOfShareWithSnapshotNFSTest-1422803203 tempest-MigrationOfShareWithSnapshotNFSTest-1422803203-project-admin] Calling method 'Controller.__getattribute__..version_select' {{(pid=83619) _process_stack /opt/stack/manila/manila/api/openstack/wsgi.py:798}}
Feb 19 02:43:03.308391 np0000156475 devstack@m-api.service[83619]: DEBUG manila.share.api [None req-e2d2c67d-fbd8-4614-ab51-277402d254a1 tempest-MigrationOfShareWithSnapshotNFSTest-1422803203 tempest-MigrationOfShareWithSnapshotNFSTest-1422803203-project-admin] Searching for shares by: {'share_type_id': '1f1605e6-b624-4c61-b304-44c6e3112b3a'} {{(pid=83619) _get_all /opt/stack/manila/manila/share/api.py:2372}}
Feb 19 02:43:03.316888 np0000156475 devstack@m-api.service[83619]: INFO manila.api.openstack.wsgi [None req-e2d2c67d-fbd8-4614-ab51-277402d254a1 tempest-MigrationOfShareWithSnapshotNFSTest-1422803203 tempest-MigrationOfShareWithSnapshotNFSTest-1422803203-project-admin] https://[::1]/share/v2/0cabdc23a6a7497d834bba25545eef41/shares?share_type_id=1f1605e6-b624-4c61-b304-44c6e3112b3a returned with HTTP 200
Feb 19 02:43:03.317957 np0000156475 devstack@m-api.service[83619]: [pid: 83619|app: 0|req: 125/226] ::1 () {68 vars in 1437 bytes} [Thu Feb 19 02:43:03 2026] GET /share/v2/0cabdc23a6a7497d834bba25545eef41/shares?share_type_id=1f1605e6-b624-4c61-b304-44c6e3112b3a => generated 14 bytes in 14 msecs (HTTP/1.1 200) 7 headers in 296 bytes (1 switches on core 0)
Feb 19 02:43:03.333578 np0000156475 devstack@m-api.service[83618]: INFO manila.api.openstack.wsgi [None req-e2a65de6-a363-4b85-b1e3-0558d2f24cda tempest-MigrationOfShareWithSnapshotNFSTest-1422803203 tempest-MigrationOfShareWithSnapshotNFSTest-1422803203-project-admin] DELETE https://[::1]/share/v2/0cabdc23a6a7497d834bba25545eef41/types/1f1605e6-b624-4c61-b304-44c6e3112b3a
Feb 19 02:43:03.333884 np0000156475 devstack@m-api.service[83618]: DEBUG manila.api.openstack.wsgi [None req-e2a65de6-a363-4b85-b1e3-0558d2f24cda tempest-MigrationOfShareWithSnapshotNFSTest-1422803203 tempest-MigrationOfShareWithSnapshotNFSTest-1422803203-project-admin] Empty body provided in request {{(pid=83618) get_body /opt/stack/manila/manila/api/openstack/wsgi.py:652}}
Feb 19 02:43:03.334180 np0000156475 devstack@m-api.service[83618]: DEBUG manila.api.openstack.wsgi [None req-e2a65de6-a363-4b85-b1e3-0558d2f24cda tempest-MigrationOfShareWithSnapshotNFSTest-1422803203 tempest-MigrationOfShareWithSnapshotNFSTest-1422803203-project-admin] Calling method 'ShareTypesController._delete' {{(pid=83618) _process_stack /opt/stack/manila/manila/api/openstack/wsgi.py:798}}
Feb 19 02:43:03.360214 np0000156475 devstack@m-api.service[83618]: INFO manila.api.openstack.wsgi [None req-e2a65de6-a363-4b85-b1e3-0558d2f24cda tempest-MigrationOfShareWithSnapshotNFSTest-1422803203 tempest-MigrationOfShareWithSnapshotNFSTest-1422803203-project-admin] https://[::1]/share/v2/0cabdc23a6a7497d834bba25545eef41/types/1f1605e6-b624-4c61-b304-44c6e3112b3a returned with HTTP 202
Feb 19 02:43:03.360777 np0000156475 devstack@m-api.service[83618]: [pid: 83618|app: 0|req: 102/227] ::1 () {68 vars in 1447 bytes} [Thu Feb 19 02:43:03 2026] DELETE /share/v2/0cabdc23a6a7497d834bba25545eef41/types/1f1605e6-b624-4c61-b304-44c6e3112b3a => generated 0 bytes in 31 msecs (HTTP/1.1 202) 7 headers in 309 bytes (1 switches on core 0)
Feb 19 02:43:03.375160 np0000156475 devstack@m-api.service[83619]: INFO manila.api.openstack.wsgi [None req-c5d3666a-6c27-4e01-a23e-cacfa7f86064 tempest-MigrationOfShareWithSnapshotNFSTest-1422803203 tempest-MigrationOfShareWithSnapshotNFSTest-1422803203-project-admin] GET https://[::1]/share/v2/0cabdc23a6a7497d834bba25545eef41/types/1f1605e6-b624-4c61-b304-44c6e3112b3a
Feb 19 02:43:03.375419 np0000156475 devstack@m-api.service[83619]: DEBUG manila.api.openstack.wsgi [None req-c5d3666a-6c27-4e01-a23e-cacfa7f86064 tempest-MigrationOfShareWithSnapshotNFSTest-1422803203 tempest-MigrationOfShareWithSnapshotNFSTest-1422803203-project-admin] Empty body provided in request {{(pid=83619) get_body /opt/stack/manila/manila/api/openstack/wsgi.py:652}}
Feb 19 02:43:03.375630 np0000156475 devstack@m-api.service[83619]: DEBUG manila.api.openstack.wsgi [None req-c5d3666a-6c27-4e01-a23e-cacfa7f86064 tempest-MigrationOfShareWithSnapshotNFSTest-1422803203 tempest-MigrationOfShareWithSnapshotNFSTest-1422803203-project-admin] Calling method 'ShareTypesController.show' {{(pid=83619) _process_stack /opt/stack/manila/manila/api/openstack/wsgi.py:798}}
Feb 19 02:43:03.379869 np0000156475 devstack@m-api.service[83619]: INFO manila.api.openstack.wsgi [None req-c5d3666a-6c27-4e01-a23e-cacfa7f86064 tempest-MigrationOfShareWithSnapshotNFSTest-1422803203 tempest-MigrationOfShareWithSnapshotNFSTest-1422803203-project-admin] HTTP exception thrown: Share type not found.
Feb 19 02:43:03.380084 np0000156475 devstack@m-api.service[83619]: INFO manila.api.openstack.wsgi [None req-c5d3666a-6c27-4e01-a23e-cacfa7f86064 tempest-MigrationOfShareWithSnapshotNFSTest-1422803203 tempest-MigrationOfShareWithSnapshotNFSTest-1422803203-project-admin] https://[::1]/share/v2/0cabdc23a6a7497d834bba25545eef41/types/1f1605e6-b624-4c61-b304-44c6e3112b3a returned with HTTP 404
Feb 19 02:43:03.380614 np0000156475 devstack@m-api.service[83619]: [pid: 83619|app: 0|req: 126/228] ::1 () {68 vars in 1444 bytes} [Thu Feb 19 02:43:03 2026] GET /share/v2/0cabdc23a6a7497d834bba25545eef41/types/1f1605e6-b624-4c61-b304-44c6e3112b3a => generated 67 bytes in 9 msecs (HTTP/1.1 404) 7 headers in 303 bytes (1 switches on core 0)
Feb 19 02:43:03.392333 np0000156475 devstack@m-api.service[83618]: INFO manila.api.openstack.wsgi [None req-2555f392-a8f8-4b71-b9a2-e037af26b244 tempest-MigrationOfShareWithSnapshotNFSTest-1422803203 tempest-MigrationOfShareWithSnapshotNFSTest-1422803203-project-admin] GET https://[::1]/share/v2/0cabdc23a6a7497d834bba25545eef41/shares?share_type_id=7ff72acb-cc7d-44ee-b5ee-b11b709686a0
Feb 19 02:43:03.392656 np0000156475 devstack@m-api.service[83618]: DEBUG manila.api.openstack.wsgi [None req-2555f392-a8f8-4b71-b9a2-e037af26b244 tempest-MigrationOfShareWithSnapshotNFSTest-1422803203 tempest-MigrationOfShareWithSnapshotNFSTest-1422803203-project-admin] Empty body provided in request {{(pid=83618) get_body /opt/stack/manila/manila/api/openstack/wsgi.py:652}}
Feb 19 02:43:03.392899 np0000156475 devstack@m-api.service[83618]: DEBUG manila.api.openstack.wsgi [None req-2555f392-a8f8-4b71-b9a2-e037af26b244 tempest-MigrationOfShareWithSnapshotNFSTest-1422803203 tempest-MigrationOfShareWithSnapshotNFSTest-1422803203-project-admin] Calling method 'Controller.__getattribute__..version_select' {{(pid=83618) _process_stack /opt/stack/manila/manila/api/openstack/wsgi.py:798}}
Feb 19 02:43:03.393738 np0000156475 devstack@m-api.service[83618]: DEBUG manila.share.api [None req-2555f392-a8f8-4b71-b9a2-e037af26b244 tempest-MigrationOfShareWithSnapshotNFSTest-1422803203 tempest-MigrationOfShareWithSnapshotNFSTest-1422803203-project-admin] Searching for shares by: {'share_type_id': '7ff72acb-cc7d-44ee-b5ee-b11b709686a0'} {{(pid=83618) _get_all /opt/stack/manila/manila/share/api.py:2372}}
Feb 19 02:43:03.401707 np0000156475 devstack@m-api.service[83618]: INFO manila.api.openstack.wsgi [None req-2555f392-a8f8-4b71-b9a2-e037af26b244 tempest-MigrationOfShareWithSnapshotNFSTest-1422803203 tempest-MigrationOfShareWithSnapshotNFSTest-1422803203-project-admin] https://[::1]/share/v2/0cabdc23a6a7497d834bba25545eef41/shares?share_type_id=7ff72acb-cc7d-44ee-b5ee-b11b709686a0 returned with HTTP 200
Feb 19 02:43:03.402531 np0000156475 devstack@m-api.service[83618]: [pid: 83618|app: 0|req: 103/229] ::1 () {68 vars in 1437 bytes} [Thu Feb 19 02:43:03 2026] GET /share/v2/0cabdc23a6a7497d834bba25545eef41/shares?share_type_id=7ff72acb-cc7d-44ee-b5ee-b11b709686a0 => generated 14 bytes in 13 msecs (HTTP/1.1 200) 7 headers in 296 bytes (1 switches on core 0)
Feb 19 02:43:03.417245 np0000156475 devstack@m-api.service[83619]: INFO manila.api.openstack.wsgi [None req-de5d7847-0740-4594-bd09-861debb5a299 tempest-MigrationOfShareWithSnapshotNFSTest-1422803203 tempest-MigrationOfShareWithSnapshotNFSTest-1422803203-project-admin] DELETE https://[::1]/share/v2/0cabdc23a6a7497d834bba25545eef41/types/7ff72acb-cc7d-44ee-b5ee-b11b709686a0
Feb 19 02:43:03.417545 np0000156475 devstack@m-api.service[83619]: DEBUG manila.api.openstack.wsgi [None req-de5d7847-0740-4594-bd09-861debb5a299 tempest-MigrationOfShareWithSnapshotNFSTest-1422803203 tempest-MigrationOfShareWithSnapshotNFSTest-1422803203-project-admin] Empty body provided in request {{(pid=83619) get_body /opt/stack/manila/manila/api/openstack/wsgi.py:652}}
Feb 19 02:43:03.417773 np0000156475 devstack@m-api.service[83619]: DEBUG manila.api.openstack.wsgi [None req-de5d7847-0740-4594-bd09-861debb5a299 tempest-MigrationOfShareWithSnapshotNFSTest-1422803203 tempest-MigrationOfShareWithSnapshotNFSTest-1422803203-project-admin] Calling method 'ShareTypesController._delete' {{(pid=83619) _process_stack /opt/stack/manila/manila/api/openstack/wsgi.py:798}}
Feb 19 02:43:03.438033 np0000156475 devstack@m-api.service[83619]: INFO manila.api.openstack.wsgi [None req-de5d7847-0740-4594-bd09-861debb5a299 tempest-MigrationOfShareWithSnapshotNFSTest-1422803203 tempest-MigrationOfShareWithSnapshotNFSTest-1422803203-project-admin] https://[::1]/share/v2/0cabdc23a6a7497d834bba25545eef41/types/7ff72acb-cc7d-44ee-b5ee-b11b709686a0 returned with HTTP 202
Feb 19 02:43:03.438727 np0000156475 devstack@m-api.service[83619]: [pid: 83619|app: 0|req: 127/230] ::1 () {68 vars in 1447 bytes} [Thu Feb 19 02:43:03 2026] DELETE /share/v2/0cabdc23a6a7497d834bba25545eef41/types/7ff72acb-cc7d-44ee-b5ee-b11b709686a0 => generated 0 bytes in 24 msecs (HTTP/1.1 202) 7 headers in 309 bytes (1 switches on core 0)
Feb 19 02:43:03.450804 np0000156475 devstack@m-api.service[83618]: INFO manila.api.openstack.wsgi [None req-2ee8af61-82a6-4fb0-8014-a717ec0836eb tempest-MigrationOfShareWithSnapshotNFSTest-1422803203 tempest-MigrationOfShareWithSnapshotNFSTest-1422803203-project-admin] GET https://[::1]/share/v2/0cabdc23a6a7497d834bba25545eef41/types/7ff72acb-cc7d-44ee-b5ee-b11b709686a0
Feb 19 02:43:03.451053 np0000156475 devstack@m-api.service[83618]: DEBUG manila.api.openstack.wsgi [None req-2ee8af61-82a6-4fb0-8014-a717ec0836eb tempest-MigrationOfShareWithSnapshotNFSTest-1422803203 tempest-MigrationOfShareWithSnapshotNFSTest-1422803203-project-admin] Empty body provided in request {{(pid=83618) get_body /opt/stack/manila/manila/api/openstack/wsgi.py:652}}
Feb 19 02:43:03.451324 np0000156475 devstack@m-api.service[83618]: DEBUG manila.api.openstack.wsgi [None req-2ee8af61-82a6-4fb0-8014-a717ec0836eb tempest-MigrationOfShareWithSnapshotNFSTest-1422803203 tempest-MigrationOfShareWithSnapshotNFSTest-1422803203-project-admin] Calling method 'ShareTypesController.show' {{(pid=83618) _process_stack /opt/stack/manila/manila/api/openstack/wsgi.py:798}}
Feb 19 02:43:03.455443 np0000156475 devstack@m-api.service[83618]: INFO manila.api.openstack.wsgi [None req-2ee8af61-82a6-4fb0-8014-a717ec0836eb tempest-MigrationOfShareWithSnapshotNFSTest-1422803203 tempest-MigrationOfShareWithSnapshotNFSTest-1422803203-project-admin] HTTP exception thrown: Share type not found.
Feb 19 02:43:03.455690 np0000156475 devstack@m-api.service[83618]: INFO manila.api.openstack.wsgi [None req-2ee8af61-82a6-4fb0-8014-a717ec0836eb tempest-MigrationOfShareWithSnapshotNFSTest-1422803203 tempest-MigrationOfShareWithSnapshotNFSTest-1422803203-project-admin] https://[::1]/share/v2/0cabdc23a6a7497d834bba25545eef41/types/7ff72acb-cc7d-44ee-b5ee-b11b709686a0 returned with HTTP 404
Feb 19 02:43:03.456011 np0000156475 devstack@m-api.service[83618]: [pid: 83618|app: 0|req: 104/231] ::1 () {68 vars in 1444 bytes} [Thu Feb 19 02:43:03 2026] GET /share/v2/0cabdc23a6a7497d834bba25545eef41/types/7ff72acb-cc7d-44ee-b5ee-b11b709686a0 => generated 67 bytes in 9 msecs (HTTP/1.1 404) 7 headers in 303 bytes (1 switches on core 0)
Feb 19 02:43:03.581378 np0000156475 devstack@m-api.service[83619]: INFO manila.api.openstack.wsgi [None req-a27e979b-8c86-4b2c-88e8-1994502aab98 tempest-MigrationWithDifferentSnapshotSupportNFSTest-151415188 tempest-MigrationWithDifferentSnapshotSupportNFSTest-151415188-project-admin] GET https://[::1]/share/v2/daa74414628049aba5e60c52404b2a8b/shares/2e97d210-0f2c-4551-a1f8-d89d974ae927
Feb 19 02:43:03.581901 np0000156475 devstack@m-api.service[83619]: DEBUG manila.api.openstack.wsgi [None req-a27e979b-8c86-4b2c-88e8-1994502aab98 tempest-MigrationWithDifferentSnapshotSupportNFSTest-151415188 tempest-MigrationWithDifferentSnapshotSupportNFSTest-151415188-project-admin] Empty body provided in request {{(pid=83619) get_body /opt/stack/manila/manila/api/openstack/wsgi.py:652}}
Feb 19 02:43:03.582410 np0000156475 devstack@m-api.service[83619]: DEBUG manila.api.openstack.wsgi [None req-a27e979b-8c86-4b2c-88e8-1994502aab98 tempest-MigrationWithDifferentSnapshotSupportNFSTest-151415188 tempest-MigrationWithDifferentSnapshotSupportNFSTest-151415188-project-admin] Calling method 'ShareMixin.show' {{(pid=83619) _process_stack /opt/stack/manila/manila/api/openstack/wsgi.py:798}}
Feb 19 02:43:03.599205 np0000156475 devstack@m-api.service[83619]: INFO manila.api.openstack.wsgi [None req-a27e979b-8c86-4b2c-88e8-1994502aab98 tempest-MigrationWithDifferentSnapshotSupportNFSTest-151415188 tempest-MigrationWithDifferentSnapshotSupportNFSTest-151415188-project-admin] https://[::1]/share/v2/daa74414628049aba5e60c52404b2a8b/shares/2e97d210-0f2c-4551-a1f8-d89d974ae927 returned with HTTP 200
Feb 19 02:43:03.599616 np0000156475 devstack@m-api.service[83619]: [pid: 83619|app: 0|req: 128/232] ::1 () {68 vars in 1447 bytes} [Thu Feb 19 02:43:03 2026] GET /share/v2/daa74414628049aba5e60c52404b2a8b/shares/2e97d210-0f2c-4551-a1f8-d89d974ae927 => generated 1484 bytes in 24 msecs (HTTP/1.1 200) 7 headers in 298 bytes (1 switches on core 0)
Feb 19 02:43:04.044546 np0000156475 devstack@m-api.service[83618]: INFO manila.api.openstack.wsgi [None req-2a85b2a4-058c-4c3e-8990-580d3512147e tempest-MigrationCancelNFSTest-2106160763 tempest-MigrationCancelNFSTest-2106160763-project-admin] GET https://[::1]/share/v2/8c3b7d33212a4d389959caf88961e8d5/shares/d4c9a63b-7e95-4ab7-8e25-ee9a349664ec
Feb 19 02:43:04.044815 np0000156475 devstack@m-api.service[83618]: DEBUG manila.api.openstack.wsgi [None req-2a85b2a4-058c-4c3e-8990-580d3512147e tempest-MigrationCancelNFSTest-2106160763 tempest-MigrationCancelNFSTest-2106160763-project-admin] Empty body provided in request {{(pid=83618) get_body /opt/stack/manila/manila/api/openstack/wsgi.py:652}}
Feb 19 02:43:04.045110 np0000156475 devstack@m-api.service[83618]: DEBUG manila.api.openstack.wsgi [None req-2a85b2a4-058c-4c3e-8990-580d3512147e tempest-MigrationCancelNFSTest-2106160763 tempest-MigrationCancelNFSTest-2106160763-project-admin] Calling method 'ShareMixin.show' {{(pid=83618) _process_stack /opt/stack/manila/manila/api/openstack/wsgi.py:798}}
Feb 19 02:43:04.067202 np0000156475 devstack@m-api.service[83618]: INFO manila.api.openstack.wsgi [None req-2a85b2a4-058c-4c3e-8990-580d3512147e tempest-MigrationCancelNFSTest-2106160763 tempest-MigrationCancelNFSTest-2106160763-project-admin] https://[::1]/share/v2/8c3b7d33212a4d389959caf88961e8d5/shares/d4c9a63b-7e95-4ab7-8e25-ee9a349664ec returned with HTTP 200
Feb 19 02:43:04.067899 np0000156475 devstack@m-api.service[83618]: [pid: 83618|app: 0|req: 105/233] ::1 () {68 vars in 1447 bytes} [Thu Feb 19 02:43:04 2026] GET /share/v2/8c3b7d33212a4d389959caf88961e8d5/shares/d4c9a63b-7e95-4ab7-8e25-ee9a349664ec => generated 1468 bytes in 27 msecs (HTTP/1.1 200) 7 headers in 298 bytes (1 switches on core 0)
Feb 19 02:43:04.100803 np0000156475 devstack@m-api.service[83619]: INFO manila.api.openstack.wsgi [None req-49db2295-f7fc-4e43-8da3-948f4794ee90 tempest-ShareIpRulesForNFSTest-1649594828 tempest-ShareIpRulesForNFSTest-1649594828-project-member] GET https://[::1]/share/v2/f2daa5f3f32d4f9e8f639b0eb21718a7/share-access-rules?share_id=d5663b15-e245-4397-b52f-ae70e37bac79
Feb 19 02:43:04.101007 np0000156475 devstack@m-api.service[83619]: DEBUG manila.api.openstack.wsgi [None req-49db2295-f7fc-4e43-8da3-948f4794ee90 tempest-ShareIpRulesForNFSTest-1649594828 tempest-ShareIpRulesForNFSTest-1649594828-project-member] Empty body provided in request {{(pid=83619) get_body /opt/stack/manila/manila/api/openstack/wsgi.py:652}}
Feb 19 02:43:04.104291 np0000156475 devstack@m-api.service[83619]: DEBUG manila.api.openstack.wsgi [None req-49db2295-f7fc-4e43-8da3-948f4794ee90 tempest-ShareIpRulesForNFSTest-1649594828 tempest-ShareIpRulesForNFSTest-1649594828-project-member] Calling method 'Controller.__getattribute__..version_select' {{(pid=83619) _process_stack /opt/stack/manila/manila/api/openstack/wsgi.py:798}}
Feb 19 02:43:04.149653 np0000156475 devstack@m-api.service[83619]: DEBUG manila.lock.api [None req-49db2295-f7fc-4e43-8da3-948f4794ee90 tempest-ShareIpRulesForNFSTest-1649594828 tempest-ShareIpRulesForNFSTest-1649594828-project-member] Searching for locks by: {'resource_id': '293ac355-94de-42c7-a767-e1f18c6633a3', 'resource_action': 'show', 'resource_type': 'access_rule', 'all_projects': True} {{(pid=83619) get_all /opt/stack/manila/manila/lock/api.py:112}}
Feb 19 02:43:04.159554 np0000156475 devstack@m-api.service[83619]: INFO manila.api.openstack.wsgi [None req-49db2295-f7fc-4e43-8da3-948f4794ee90 tempest-ShareIpRulesForNFSTest-1649594828 tempest-ShareIpRulesForNFSTest-1649594828-project-member] https://[::1]/share/v2/f2daa5f3f32d4f9e8f639b0eb21718a7/share-access-rules?share_id=d5663b15-e245-4397-b52f-ae70e37bac79 returned with HTTP 200
Feb 19 02:43:04.160033 np0000156475 devstack@m-api.service[83619]: [pid: 83619|app: 0|req: 129/234] ::1 () {68 vars in 1463 bytes} [Thu Feb 19 02:43:04 2026] GET /share/v2/f2daa5f3f32d4f9e8f639b0eb21718a7/share-access-rules?share_id=d5663b15-e245-4397-b52f-ae70e37bac79 => generated 285 bytes in 65 msecs (HTTP/1.1 200) 7 headers in 297 bytes (1 switches on core 0)
Feb 19 02:43:04.280260 np0000156475 devstack@m-api.service[83618]: INFO manila.api.openstack.wsgi [None req-0f4ee422-e645-4436-a569-46f15d10905c tempest-ShareSnapshotIpRulesForNFSTest-819999554 tempest-ShareSnapshotIpRulesForNFSTest-819999554-project-member] GET https://[::1]/share/v2/3cfcd8db991847f8a549b9851f8e07a4/snapshots/dc85e03b-ffc9-4bb0-9002-28da1b3f875e/access-list
Feb 19 02:43:04.280796 np0000156475 devstack@m-api.service[83618]: DEBUG manila.api.openstack.wsgi [None req-0f4ee422-e645-4436-a569-46f15d10905c tempest-ShareSnapshotIpRulesForNFSTest-819999554 tempest-ShareSnapshotIpRulesForNFSTest-819999554-project-member] Empty body provided in request {{(pid=83618) get_body /opt/stack/manila/manila/api/openstack/wsgi.py:652}}
Feb 19 02:43:04.281210 np0000156475 devstack@m-api.service[83618]: DEBUG manila.api.openstack.wsgi [None req-0f4ee422-e645-4436-a569-46f15d10905c tempest-ShareSnapshotIpRulesForNFSTest-819999554 tempest-ShareSnapshotIpRulesForNFSTest-819999554-project-member] Calling method 'Controller.__getattribute__..version_select' {{(pid=83618) _process_stack /opt/stack/manila/manila/api/openstack/wsgi.py:798}}
Feb 19 02:43:04.361326 np0000156475 devstack@m-api.service[83618]: INFO manila.api.openstack.wsgi [None req-0f4ee422-e645-4436-a569-46f15d10905c tempest-ShareSnapshotIpRulesForNFSTest-819999554 tempest-ShareSnapshotIpRulesForNFSTest-819999554-project-member] https://[::1]/share/v2/3cfcd8db991847f8a549b9851f8e07a4/snapshots/dc85e03b-ffc9-4bb0-9002-28da1b3f875e/access-list returned with HTTP 200
Feb 19 02:43:04.361903 np0000156475 devstack@m-api.service[83618]: [pid: 83618|app: 0|req: 106/235] ::1 () {68 vars in 1492 bytes} [Thu Feb 19 02:43:04 2026] GET /share/v2/3cfcd8db991847f8a549b9851f8e07a4/snapshots/dc85e03b-ffc9-4bb0-9002-28da1b3f875e/access-list => generated 142 bytes in 87 msecs (HTTP/1.1 200) 7 headers in 297 bytes (1 switches on core 0)
Feb 19 02:43:04.766522 np0000156475 devstack@m-api.service[83619]: INFO manila.api.openstack.wsgi [None req-23bcc486-ab87-4948-95a3-271e5e887ade tempest-MigrationTwoPhaseNFSTest-800258580 tempest-MigrationTwoPhaseNFSTest-800258580-project-admin] GET https://[::1]/share/v2/0860db0a882b4937a853bd1acb41011b/scheduler-stats/pools/detail
Feb 19 02:43:04.766522 np0000156475 devstack@m-api.service[83619]: DEBUG manila.api.openstack.wsgi [None req-23bcc486-ab87-4948-95a3-271e5e887ade tempest-MigrationTwoPhaseNFSTest-800258580 tempest-MigrationTwoPhaseNFSTest-800258580-project-admin] Empty body provided in request {{(pid=83619) get_body /opt/stack/manila/manila/api/openstack/wsgi.py:652}}
Feb 19 02:43:04.766522 np0000156475 devstack@m-api.service[83619]: DEBUG manila.api.openstack.wsgi [None req-23bcc486-ab87-4948-95a3-271e5e887ade tempest-MigrationTwoPhaseNFSTest-800258580 tempest-MigrationTwoPhaseNFSTest-800258580-project-admin] Calling method 'Controller.__getattribute__..version_select' {{(pid=83619) _process_stack /opt/stack/manila/manila/api/openstack/wsgi.py:798}}
Feb 19 02:43:04.961300 np0000156475 devstack@m-api.service[83618]: INFO manila.api.openstack.wsgi [None req-18d08835-31d5-4888-9e63-cd5b85f965b4 tempest-SharesCIFSTest-1435973084 tempest-SharesCIFSTest-1435973084-project-member] GET https://[::1]/share/v2/d35d9421b0b84b8287859d0e1ed8e482/shares/800831ef-e679-4ed7-9119-ad1457fb0bac
Feb 19 02:43:04.961485 np0000156475 devstack@m-api.service[83618]: DEBUG manila.api.openstack.wsgi [None req-18d08835-31d5-4888-9e63-cd5b85f965b4 tempest-SharesCIFSTest-1435973084 tempest-SharesCIFSTest-1435973084-project-member] Empty body provided in request {{(pid=83618) get_body /opt/stack/manila/manila/api/openstack/wsgi.py:652}}
Feb 19 02:43:04.961718 np0000156475 devstack@m-api.service[83618]: DEBUG manila.api.openstack.wsgi [None req-18d08835-31d5-4888-9e63-cd5b85f965b4 tempest-SharesCIFSTest-1435973084 tempest-SharesCIFSTest-1435973084-project-member] Calling method 'ShareMixin.show' {{(pid=83618) _process_stack /opt/stack/manila/manila/api/openstack/wsgi.py:798}}
Feb 19 02:43:04.984100 np0000156475 devstack@m-api.service[83618]: INFO manila.api.openstack.wsgi [None req-18d08835-31d5-4888-9e63-cd5b85f965b4 tempest-SharesCIFSTest-1435973084 tempest-SharesCIFSTest-1435973084-project-member] https://[::1]/share/v2/d35d9421b0b84b8287859d0e1ed8e482/shares/800831ef-e679-4ed7-9119-ad1457fb0bac returned with HTTP 200
Feb 19 02:43:04.985528 np0000156475 devstack@m-api.service[83618]: [pid: 83618|app: 0|req: 107/236] ::1 () {68 vars in 1447 bytes} [Thu Feb 19 02:43:04 2026] GET /share/v2/d35d9421b0b84b8287859d0e1ed8e482/shares/800831ef-e679-4ed7-9119-ad1457fb0bac => generated 1340 bytes in 27 msecs (HTTP/1.1 200) 7 headers in 298 bytes (1 switches on core 0)
Feb 19 02:43:04.990927 np0000156475 devstack@m-api.service[83618]: INFO manila.api.openstack.wsgi [None req-17475800-ded3-4d2a-96b3-3a9e8f9e7c35 tempest-SharesNFSTest-797471628 tempest-SharesNFSTest-797471628-project-member] GET https://[::1]/share/v2/72e25cb4289b47ed8cb8f5bda18f03a7/shares/60279dd2-8a5a-46ec-a606-6106e4cf7ee2
Feb 19 02:43:04.992924 np0000156475 devstack@m-api.service[83618]: DEBUG manila.api.openstack.wsgi [None req-17475800-ded3-4d2a-96b3-3a9e8f9e7c35 tempest-SharesNFSTest-797471628 tempest-SharesNFSTest-797471628-project-member] Empty body provided in request {{(pid=83618) get_body /opt/stack/manila/manila/api/openstack/wsgi.py:652}}
