Jun 29 05:10:17.971740 np0000183425 systemd[1]: Starting devstack@n-api-meta.service - Devstack devstack@n-api-meta.service...
Jun 29 05:10:17.978434 np0000183425 devstack@n-api-meta.service[108765]: [uWSGI] getting INI configuration from /etc/nova/nova-metadata-uwsgi.ini
Jun 29 05:10:17.981627 np0000183425 devstack@n-api-meta.service[108765]: *** Starting uWSGI 2.0.24-debian (64bit) on [Mon Jun 29 05:10:17 2026] ***
Jun 29 05:10:17.981627 np0000183425 devstack@n-api-meta.service[108765]: compiled with version: 13.2.0 on 17 April 2024 16:23:48
Jun 29 05:10:17.981627 np0000183425 devstack@n-api-meta.service[108765]: os: Linux-6.8.0-124-generic #124-Ubuntu SMP PREEMPT_DYNAMIC Tue May 26 13:00:45 UTC 2026
Jun 29 05:10:17.981627 np0000183425 devstack@n-api-meta.service[108765]: nodename: np0000183425
Jun 29 05:10:17.981627 np0000183425 devstack@n-api-meta.service[108765]: machine: x86_64
Jun 29 05:10:17.981627 np0000183425 devstack@n-api-meta.service[108765]: clock source: unix
Jun 29 05:10:17.981627 np0000183425 devstack@n-api-meta.service[108765]: pcre jit disabled
Jun 29 05:10:17.981627 np0000183425 devstack@n-api-meta.service[108765]: detected number of CPU cores: 16
Jun 29 05:10:17.981627 np0000183425 devstack@n-api-meta.service[108765]: current working directory: /
Jun 29 05:10:17.981627 np0000183425 devstack@n-api-meta.service[108765]: detected binary path: /usr/bin/uwsgi-core
Jun 29 05:10:17.981627 np0000183425 devstack@n-api-meta.service[108765]: your processes number limit is 256917
Jun 29 05:10:17.981627 np0000183425 devstack@n-api-meta.service[108765]: your memory page size is 4096 bytes
Jun 29 05:10:17.981627 np0000183425 devstack@n-api-meta.service[108765]: detected max file descriptor number: 2048
Jun 29 05:10:17.981627 np0000183425 devstack@n-api-meta.service[108765]: lock engine: pthread robust mutexes
Jun 29 05:10:17.982304 np0000183425 devstack@n-api-meta.service[108765]: thunder lock: enabled
Jun 29 05:10:17.982304 np0000183425 devstack@n-api-meta.service[108765]: uWSGI http bound on 0.0.0.0:8775 fd 5
Jun 29 05:10:17.982396 np0000183425 devstack@n-api-meta.service[108765]: uwsgi socket 0 bound to TCP address 127.0.0.1:41861 (port auto-assigned) fd 4
Jun 29 05:10:17.982396 np0000183425 devstack@n-api-meta.service[108765]: Python version: 3.12.3 (main, Mar 23 2026, 19:04:32) [GCC 13.3.0]
Jun 29 05:10:17.982482 np0000183425 devstack@n-api-meta.service[108765]: PEP 405 virtualenv detected: /opt/stack/data/venv
Jun 29 05:10:17.982482 np0000183425 devstack@n-api-meta.service[108765]: Set PythonHome to /opt/stack/data/venv
Jun 29 05:10:18.018306 np0000183425 devstack@n-api-meta.service[108765]: Python main interpreter initialized at 0x78ccbd6a3668
Jun 29 05:10:18.018306 np0000183425 devstack@n-api-meta.service[108765]: python threads support enabled
Jun 29 05:10:18.018306 np0000183425 devstack@n-api-meta.service[108765]: your server socket listen backlog is limited to 100 connections
Jun 29 05:10:18.018306 np0000183425 devstack@n-api-meta.service[108765]: your mercy for graceful operations on workers is 80 seconds
Jun 29 05:10:18.018881 np0000183425 devstack@n-api-meta.service[108765]: mapped 671795 bytes (656 KB) for 4 cores
Jun 29 05:10:18.018978 np0000183425 devstack@n-api-meta.service[108765]: *** Operational MODE: preforking ***
Jun 29 05:10:18.019165 np0000183425 devstack@n-api-meta.service[108765]: *** uWSGI is running in multiple interpreter mode ***
Jun 29 05:10:18.019165 np0000183425 devstack@n-api-meta.service[108765]: spawned uWSGI master process (pid: 108765)
Jun 29 05:10:18.019372 np0000183425 systemd[1]: Started devstack@n-api-meta.service - Devstack devstack@n-api-meta.service.
Jun 29 05:10:18.019786 np0000183425 devstack@n-api-meta.service[108765]: spawned uWSGI worker 1 (pid: 108766, cores: 1)
Jun 29 05:10:18.020284 np0000183425 devstack@n-api-meta.service[108765]: spawned uWSGI worker 2 (pid: 108767, cores: 1)
Jun 29 05:10:18.020792 np0000183425 devstack@n-api-meta.service[108765]: spawned uWSGI worker 3 (pid: 108768, cores: 1)
Jun 29 05:10:18.021251 np0000183425 devstack@n-api-meta.service[108765]: spawned uWSGI worker 4 (pid: 108769, cores: 1)
Jun 29 05:10:18.021791 np0000183425 devstack@n-api-meta.service[108765]: spawned uWSGI http 1 (pid: 108770)
Jun 29 05:10:18.021791 np0000183425 devstack@n-api-meta.service[108765]: running "unix_signal:15 gracefully_kill_them_all" (master-start)...
Jun 29 05:10:20.097356 np0000183425 devstack@n-api-meta.service[108766]: INFO dbcounter [None req-4da5fff1-132c-4791-a648-a9cfe6d638ac None None] Registered counter for database nova_api
Jun 29 05:10:20.097857 np0000183425 devstack@n-api-meta.service[108767]: INFO dbcounter [None req-35276402-f901-408b-9df0-f6caf11f6338 None None] Registered counter for database nova_api
Jun 29 05:10:20.145281 np0000183425 devstack@n-api-meta.service[108767]: DEBUG oslo_db.sqlalchemy.engines [None req-35276402-f901-408b-9df0-f6caf11f6338 None None] MySQL server mode set to STRICT_TRANS_TABLES,STRICT_ALL_TABLES,NO_ZERO_IN_DATE,NO_ZERO_DATE,ERROR_FOR_DIVISION_BY_ZERO,TRADITIONAL,NO_ENGINE_SUBSTITUTION {{(pid=108767) _check_effective_sql_mode /opt/stack/data/venv/lib/python3.12/site-packages/oslo_db/sqlalchemy/engines.py:325}}
Jun 29 05:10:20.149068 np0000183425 devstack@n-api-meta.service[108766]: DEBUG oslo_db.sqlalchemy.engines [None req-4da5fff1-132c-4791-a648-a9cfe6d638ac None None] MySQL server mode set to STRICT_TRANS_TABLES,STRICT_ALL_TABLES,NO_ZERO_IN_DATE,NO_ZERO_DATE,ERROR_FOR_DIVISION_BY_ZERO,TRADITIONAL,NO_ENGINE_SUBSTITUTION {{(pid=108766) _check_effective_sql_mode /opt/stack/data/venv/lib/python3.12/site-packages/oslo_db/sqlalchemy/engines.py:325}}
Jun 29 05:10:20.170477 np0000183425 devstack@n-api-meta.service[108768]: INFO dbcounter [None req-9d080650-2f42-4a96-858d-6fe62e7ba56b None None] Registered counter for database nova_api
Jun 29 05:10:20.179769 np0000183425 devstack@n-api-meta.service[108767]: DEBUG dbcounter [-] [108767] Writer thread running {{(pid=108767) stat_writer /opt/stack/data/venv/lib/python3.12/site-packages/dbcounter.py:102}}
Jun 29 05:10:20.182594 np0000183425 devstack@n-api-meta.service[108767]: DEBUG nova.context [None req-35276402-f901-408b-9df0-f6caf11f6338 None None] Found 2 cells: 00000000-0000-0000-0000-000000000000(cell0),485be7b9-30ec-4876-8cf9-592183cab481(cell1) {{(pid=108767) load_cells /opt/stack/nova/nova/context.py:509}}
Jun 29 05:10:20.182842 np0000183425 devstack@n-api-meta.service[108767]: INFO nova.utils [None req-35276402-f901-408b-9df0-f6caf11f6338 None None] The cell worker thread pool MainProcess.cell_worker is initialized
Jun 29 05:10:20.184096 np0000183425 devstack@n-api-meta.service[108766]: DEBUG dbcounter [-] [108766] Writer thread running {{(pid=108766) stat_writer /opt/stack/data/venv/lib/python3.12/site-packages/dbcounter.py:102}}
Jun 29 05:10:20.184728 np0000183425 devstack@n-api-meta.service[108767]: DEBUG oslo_concurrency.lockutils [None req-35276402-f901-408b-9df0-f6caf11f6338 None None] Acquiring lock "00000000-0000-0000-0000-000000000000" by "nova.context.set_target_cell..get_or_set_cached_cell_and_set_connections" {{(pid=108767) inner /opt/stack/data/venv/lib/python3.12/site-packages/oslo_concurrency/lockutils.py:511}}
Jun 29 05:10:20.184945 np0000183425 devstack@n-api-meta.service[108767]: DEBUG oslo_concurrency.lockutils [None req-35276402-f901-408b-9df0-f6caf11f6338 None None] Lock "00000000-0000-0000-0000-000000000000" acquired by "nova.context.set_target_cell..get_or_set_cached_cell_and_set_connections" :: waited 0.000s {{(pid=108767) inner /opt/stack/data/venv/lib/python3.12/site-packages/oslo_concurrency/lockutils.py:524}}
Jun 29 05:10:20.185366 np0000183425 devstack@n-api-meta.service[108767]: DEBUG oslo_concurrency.lockutils [None req-35276402-f901-408b-9df0-f6caf11f6338 None None] Lock "00000000-0000-0000-0000-000000000000" "released" by "nova.context.set_target_cell..get_or_set_cached_cell_and_set_connections" :: held 0.000s {{(pid=108767) inner /opt/stack/data/venv/lib/python3.12/site-packages/oslo_concurrency/lockutils.py:543}}
Jun 29 05:10:20.189228 np0000183425 devstack@n-api-meta.service[108767]: DEBUG oslo_concurrency.lockutils [None req-35276402-f901-408b-9df0-f6caf11f6338 None None] Acquiring lock "485be7b9-30ec-4876-8cf9-592183cab481" by "nova.context.set_target_cell..get_or_set_cached_cell_and_set_connections" {{(pid=108767) inner /opt/stack/data/venv/lib/python3.12/site-packages/oslo_concurrency/lockutils.py:511}}
Jun 29 05:10:20.189228 np0000183425 devstack@n-api-meta.service[108767]: DEBUG oslo_concurrency.lockutils [None req-35276402-f901-408b-9df0-f6caf11f6338 None None] Lock "485be7b9-30ec-4876-8cf9-592183cab481" acquired by "nova.context.set_target_cell..get_or_set_cached_cell_and_set_connections" :: waited 0.000s {{(pid=108767) inner /opt/stack/data/venv/lib/python3.12/site-packages/oslo_concurrency/lockutils.py:524}}
Jun 29 05:10:20.189387 np0000183425 devstack@n-api-meta.service[108766]: DEBUG nova.context [None req-4da5fff1-132c-4791-a648-a9cfe6d638ac None None] Found 2 cells: 00000000-0000-0000-0000-000000000000(cell0),485be7b9-30ec-4876-8cf9-592183cab481(cell1) {{(pid=108766) load_cells /opt/stack/nova/nova/context.py:509}}
Jun 29 05:10:20.189387 np0000183425 devstack@n-api-meta.service[108766]: INFO nova.utils [None req-4da5fff1-132c-4791-a648-a9cfe6d638ac None None] The cell worker thread pool MainProcess.cell_worker is initialized
Jun 29 05:10:20.189617 np0000183425 devstack@n-api-meta.service[108767]: DEBUG oslo_concurrency.lockutils [None req-35276402-f901-408b-9df0-f6caf11f6338 None None] Lock "485be7b9-30ec-4876-8cf9-592183cab481" "released" by "nova.context.set_target_cell..get_or_set_cached_cell_and_set_connections" :: held 0.001s {{(pid=108767) inner /opt/stack/data/venv/lib/python3.12/site-packages/oslo_concurrency/lockutils.py:543}}
Jun 29 05:10:20.189693 np0000183425 devstack@n-api-meta.service[108766]: DEBUG oslo_concurrency.lockutils [None req-4da5fff1-132c-4791-a648-a9cfe6d638ac None None] Acquiring lock "00000000-0000-0000-0000-000000000000" by "nova.context.set_target_cell..get_or_set_cached_cell_and_set_connections" {{(pid=108766) inner /opt/stack/data/venv/lib/python3.12/site-packages/oslo_concurrency/lockutils.py:511}}
Jun 29 05:10:20.189693 np0000183425 devstack@n-api-meta.service[108766]: DEBUG oslo_concurrency.lockutils [None req-4da5fff1-132c-4791-a648-a9cfe6d638ac None None] Lock "00000000-0000-0000-0000-000000000000" acquired by "nova.context.set_target_cell..get_or_set_cached_cell_and_set_connections" :: waited 0.000s {{(pid=108766) inner /opt/stack/data/venv/lib/python3.12/site-packages/oslo_concurrency/lockutils.py:524}}
Jun 29 05:10:20.189693 np0000183425 devstack@n-api-meta.service[108766]: DEBUG oslo_concurrency.lockutils [None req-4da5fff1-132c-4791-a648-a9cfe6d638ac None None] Lock "00000000-0000-0000-0000-000000000000" "released" by "nova.context.set_target_cell..get_or_set_cached_cell_and_set_connections" :: held 0.000s {{(pid=108766) inner /opt/stack/data/venv/lib/python3.12/site-packages/oslo_concurrency/lockutils.py:543}}
Jun 29 05:10:20.190284 np0000183425 devstack@n-api-meta.service[108767]: INFO dbcounter [None req-35276402-f901-408b-9df0-f6caf11f6338 None None] Registered counter for database nova_cell0
Jun 29 05:10:20.195710 np0000183425 devstack@n-api-meta.service[108766]: DEBUG oslo_concurrency.lockutils [None req-4da5fff1-132c-4791-a648-a9cfe6d638ac None None] Acquiring lock "485be7b9-30ec-4876-8cf9-592183cab481" by "nova.context.set_target_cell..get_or_set_cached_cell_and_set_connections" {{(pid=108766) inner /opt/stack/data/venv/lib/python3.12/site-packages/oslo_concurrency/lockutils.py:511}}
Jun 29 05:10:20.195846 np0000183425 devstack@n-api-meta.service[108766]: DEBUG oslo_concurrency.lockutils [None req-4da5fff1-132c-4791-a648-a9cfe6d638ac None None] Lock "485be7b9-30ec-4876-8cf9-592183cab481" acquired by "nova.context.set_target_cell..get_or_set_cached_cell_and_set_connections" :: waited 0.000s {{(pid=108766) inner /opt/stack/data/venv/lib/python3.12/site-packages/oslo_concurrency/lockutils.py:524}}
Jun 29 05:10:20.195939 np0000183425 devstack@n-api-meta.service[108767]: INFO dbcounter [None req-35276402-f901-408b-9df0-f6caf11f6338 None None] Registered counter for database nova_cell1
Jun 29 05:10:20.196913 np0000183425 devstack@n-api-meta.service[108766]: DEBUG oslo_concurrency.lockutils [None req-4da5fff1-132c-4791-a648-a9cfe6d638ac None None] Lock "485be7b9-30ec-4876-8cf9-592183cab481" "released" by "nova.context.set_target_cell..get_or_set_cached_cell_and_set_connections" :: held 0.001s {{(pid=108766) inner /opt/stack/data/venv/lib/python3.12/site-packages/oslo_concurrency/lockutils.py:543}}
Jun 29 05:10:20.199932 np0000183425 devstack@n-api-meta.service[108766]: INFO dbcounter [None req-4da5fff1-132c-4791-a648-a9cfe6d638ac None None] Registered counter for database nova_cell0
Jun 29 05:10:20.205772 np0000183425 devstack@n-api-meta.service[108769]: INFO dbcounter [None req-9e1d2d55-cc2c-468e-92b4-451fdca08de9 None None] Registered counter for database nova_api
Jun 29 05:10:20.206217 np0000183425 devstack@n-api-meta.service[108766]: INFO dbcounter [None req-4da5fff1-132c-4791-a648-a9cfe6d638ac None None] Registered counter for database nova_cell1
Jun 29 05:10:20.231215 np0000183425 devstack@n-api-meta.service[108768]: DEBUG oslo_db.sqlalchemy.engines [None req-9d080650-2f42-4a96-858d-6fe62e7ba56b None None] MySQL server mode set to STRICT_TRANS_TABLES,STRICT_ALL_TABLES,NO_ZERO_IN_DATE,NO_ZERO_DATE,ERROR_FOR_DIVISION_BY_ZERO,TRADITIONAL,NO_ENGINE_SUBSTITUTION {{(pid=108768) _check_effective_sql_mode /opt/stack/data/venv/lib/python3.12/site-packages/oslo_db/sqlalchemy/engines.py:325}}
Jun 29 05:10:20.261266 np0000183425 devstack@n-api-meta.service[108768]: DEBUG dbcounter [-] [108768] Writer thread running {{(pid=108768) stat_writer /opt/stack/data/venv/lib/python3.12/site-packages/dbcounter.py:102}}
Jun 29 05:10:20.261475 np0000183425 devstack@n-api-meta.service[108769]: DEBUG oslo_db.sqlalchemy.engines [None req-9e1d2d55-cc2c-468e-92b4-451fdca08de9 None None] MySQL server mode set to STRICT_TRANS_TABLES,STRICT_ALL_TABLES,NO_ZERO_IN_DATE,NO_ZERO_DATE,ERROR_FOR_DIVISION_BY_ZERO,TRADITIONAL,NO_ENGINE_SUBSTITUTION {{(pid=108769) _check_effective_sql_mode /opt/stack/data/venv/lib/python3.12/site-packages/oslo_db/sqlalchemy/engines.py:325}}
Jun 29 05:10:20.264282 np0000183425 devstack@n-api-meta.service[108768]: DEBUG nova.context [None req-9d080650-2f42-4a96-858d-6fe62e7ba56b None None] Found 2 cells: 00000000-0000-0000-0000-000000000000(cell0),485be7b9-30ec-4876-8cf9-592183cab481(cell1) {{(pid=108768) load_cells /opt/stack/nova/nova/context.py:509}}
Jun 29 05:10:20.264474 np0000183425 devstack@n-api-meta.service[108768]: INFO nova.utils [None req-9d080650-2f42-4a96-858d-6fe62e7ba56b None None] The cell worker thread pool MainProcess.cell_worker is initialized
Jun 29 05:10:20.266304 np0000183425 devstack@n-api-meta.service[108768]: DEBUG oslo_concurrency.lockutils [None req-9d080650-2f42-4a96-858d-6fe62e7ba56b None None] Acquiring lock "00000000-0000-0000-0000-000000000000" by "nova.context.set_target_cell..get_or_set_cached_cell_and_set_connections" {{(pid=108768) inner /opt/stack/data/venv/lib/python3.12/site-packages/oslo_concurrency/lockutils.py:511}}
Jun 29 05:10:20.266484 np0000183425 devstack@n-api-meta.service[108768]: DEBUG oslo_concurrency.lockutils [None req-9d080650-2f42-4a96-858d-6fe62e7ba56b None None] Lock "00000000-0000-0000-0000-000000000000" acquired by "nova.context.set_target_cell..get_or_set_cached_cell_and_set_connections" :: waited 0.000s {{(pid=108768) inner /opt/stack/data/venv/lib/python3.12/site-packages/oslo_concurrency/lockutils.py:524}}
Jun 29 05:10:20.266869 np0000183425 devstack@n-api-meta.service[108768]: DEBUG oslo_concurrency.lockutils [None req-9d080650-2f42-4a96-858d-6fe62e7ba56b None None] Lock "00000000-0000-0000-0000-000000000000" "released" by "nova.context.set_target_cell..get_or_set_cached_cell_and_set_connections" :: held 0.000s {{(pid=108768) inner /opt/stack/data/venv/lib/python3.12/site-packages/oslo_concurrency/lockutils.py:543}}
Jun 29 05:10:20.267585 np0000183425 devstack@n-api-meta.service[108768]: DEBUG oslo_concurrency.lockutils [None req-9d080650-2f42-4a96-858d-6fe62e7ba56b None None] Acquiring lock "485be7b9-30ec-4876-8cf9-592183cab481" by "nova.context.set_target_cell..get_or_set_cached_cell_and_set_connections" {{(pid=108768) inner /opt/stack/data/venv/lib/python3.12/site-packages/oslo_concurrency/lockutils.py:511}}
Jun 29 05:10:20.267712 np0000183425 devstack@n-api-meta.service[108768]: DEBUG oslo_concurrency.lockutils [None req-9d080650-2f42-4a96-858d-6fe62e7ba56b None None] Lock "485be7b9-30ec-4876-8cf9-592183cab481" acquired by "nova.context.set_target_cell..get_or_set_cached_cell_and_set_connections" :: waited 0.000s {{(pid=108768) inner /opt/stack/data/venv/lib/python3.12/site-packages/oslo_concurrency/lockutils.py:524}}
Jun 29 05:10:20.268766 np0000183425 devstack@n-api-meta.service[108768]: DEBUG oslo_concurrency.lockutils [None req-9d080650-2f42-4a96-858d-6fe62e7ba56b None None] Lock "485be7b9-30ec-4876-8cf9-592183cab481" "released" by "nova.context.set_target_cell..get_or_set_cached_cell_and_set_connections" :: held 0.001s {{(pid=108768) inner /opt/stack/data/venv/lib/python3.12/site-packages/oslo_concurrency/lockutils.py:543}}
Jun 29 05:10:20.271898 np0000183425 devstack@n-api-meta.service[108768]: INFO dbcounter [None req-9d080650-2f42-4a96-858d-6fe62e7ba56b None None] Registered counter for database nova_cell0
Jun 29 05:10:20.276809 np0000183425 devstack@n-api-meta.service[108768]: INFO dbcounter [None req-9d080650-2f42-4a96-858d-6fe62e7ba56b None None] Registered counter for database nova_cell1
Jun 29 05:10:20.278935 np0000183425 devstack@n-api-meta.service[108766]: DEBUG oslo_db.sqlalchemy.engines [None req-4da5fff1-132c-4791-a648-a9cfe6d638ac None None] MySQL server mode set to STRICT_TRANS_TABLES,STRICT_ALL_TABLES,NO_ZERO_IN_DATE,NO_ZERO_DATE,ERROR_FOR_DIVISION_BY_ZERO,TRADITIONAL,NO_ENGINE_SUBSTITUTION {{(pid=108766) _check_effective_sql_mode /opt/stack/data/venv/lib/python3.12/site-packages/oslo_db/sqlalchemy/engines.py:325}}
Jun 29 05:10:20.297835 np0000183425 devstack@n-api-meta.service[108769]: DEBUG dbcounter [-] [108769] Writer thread running {{(pid=108769) stat_writer /opt/stack/data/venv/lib/python3.12/site-packages/dbcounter.py:102}}
Jun 29 05:10:20.301260 np0000183425 devstack@n-api-meta.service[108767]: DEBUG oslo_db.sqlalchemy.engines [None req-35276402-f901-408b-9df0-f6caf11f6338 None None] MySQL server mode set to STRICT_TRANS_TABLES,STRICT_ALL_TABLES,NO_ZERO_IN_DATE,NO_ZERO_DATE,ERROR_FOR_DIVISION_BY_ZERO,TRADITIONAL,NO_ENGINE_SUBSTITUTION {{(pid=108767) _check_effective_sql_mode /opt/stack/data/venv/lib/python3.12/site-packages/oslo_db/sqlalchemy/engines.py:325}}
Jun 29 05:10:20.301329 np0000183425 devstack@n-api-meta.service[108769]: DEBUG nova.context [None req-9e1d2d55-cc2c-468e-92b4-451fdca08de9 None None] Found 2 cells: 00000000-0000-0000-0000-000000000000(cell0),485be7b9-30ec-4876-8cf9-592183cab481(cell1) {{(pid=108769) load_cells /opt/stack/nova/nova/context.py:509}}
Jun 29 05:10:20.301329 np0000183425 devstack@n-api-meta.service[108769]: INFO nova.utils [None req-9e1d2d55-cc2c-468e-92b4-451fdca08de9 None None] The cell worker thread pool MainProcess.cell_worker is initialized
Jun 29 05:10:20.302579 np0000183425 devstack@n-api-meta.service[108769]: DEBUG oslo_concurrency.lockutils [None req-9e1d2d55-cc2c-468e-92b4-451fdca08de9 None None] Acquiring lock "00000000-0000-0000-0000-000000000000" by "nova.context.set_target_cell..get_or_set_cached_cell_and_set_connections" {{(pid=108769) inner /opt/stack/data/venv/lib/python3.12/site-packages/oslo_concurrency/lockutils.py:511}}
Jun 29 05:10:20.302754 np0000183425 devstack@n-api-meta.service[108769]: DEBUG oslo_concurrency.lockutils [None req-9e1d2d55-cc2c-468e-92b4-451fdca08de9 None None] Lock "00000000-0000-0000-0000-000000000000" acquired by "nova.context.set_target_cell..get_or_set_cached_cell_and_set_connections" :: waited 0.000s {{(pid=108769) inner /opt/stack/data/venv/lib/python3.12/site-packages/oslo_concurrency/lockutils.py:524}}
Jun 29 05:10:20.303152 np0000183425 devstack@n-api-meta.service[108769]: DEBUG oslo_concurrency.lockutils [None req-9e1d2d55-cc2c-468e-92b4-451fdca08de9 None None] Lock "00000000-0000-0000-0000-000000000000" "released" by "nova.context.set_target_cell..get_or_set_cached_cell_and_set_connections" :: held 0.000s {{(pid=108769) inner /opt/stack/data/venv/lib/python3.12/site-packages/oslo_concurrency/lockutils.py:543}}
Jun 29 05:10:20.303949 np0000183425 devstack@n-api-meta.service[108769]: DEBUG oslo_concurrency.lockutils [None req-9e1d2d55-cc2c-468e-92b4-451fdca08de9 None None] Acquiring lock "485be7b9-30ec-4876-8cf9-592183cab481" by "nova.context.set_target_cell..get_or_set_cached_cell_and_set_connections" {{(pid=108769) inner /opt/stack/data/venv/lib/python3.12/site-packages/oslo_concurrency/lockutils.py:511}}
Jun 29 05:10:20.304090 np0000183425 devstack@n-api-meta.service[108769]: DEBUG oslo_concurrency.lockutils [None req-9e1d2d55-cc2c-468e-92b4-451fdca08de9 None None] Lock "485be7b9-30ec-4876-8cf9-592183cab481" acquired by "nova.context.set_target_cell..get_or_set_cached_cell_and_set_connections" :: waited 0.000s {{(pid=108769) inner /opt/stack/data/venv/lib/python3.12/site-packages/oslo_concurrency/lockutils.py:524}}
Jun 29 05:10:20.304959 np0000183425 devstack@n-api-meta.service[108769]: DEBUG oslo_concurrency.lockutils [None req-9e1d2d55-cc2c-468e-92b4-451fdca08de9 None None] Lock "485be7b9-30ec-4876-8cf9-592183cab481" "released" by "nova.context.set_target_cell..get_or_set_cached_cell_and_set_connections" :: held 0.001s {{(pid=108769) inner /opt/stack/data/venv/lib/python3.12/site-packages/oslo_concurrency/lockutils.py:543}}
Jun 29 05:10:20.308293 np0000183425 devstack@n-api-meta.service[108769]: INFO dbcounter [None req-9e1d2d55-cc2c-468e-92b4-451fdca08de9 None None] Registered counter for database nova_cell0
Jun 29 05:10:20.313229 np0000183425 devstack@n-api-meta.service[108769]: INFO dbcounter [None req-9e1d2d55-cc2c-468e-92b4-451fdca08de9 None None] Registered counter for database nova_cell1
Jun 29 05:10:20.315399 np0000183425 devstack@n-api-meta.service[108767]: DEBUG oslo_db.sqlalchemy.engines [None req-35276402-f901-408b-9df0-f6caf11f6338 None None] MySQL server mode set to STRICT_TRANS_TABLES,STRICT_ALL_TABLES,NO_ZERO_IN_DATE,NO_ZERO_DATE,ERROR_FOR_DIVISION_BY_ZERO,TRADITIONAL,NO_ENGINE_SUBSTITUTION {{(pid=108767) _check_effective_sql_mode /opt/stack/data/venv/lib/python3.12/site-packages/oslo_db/sqlalchemy/engines.py:325}}
Jun 29 05:10:20.347075 np0000183425 devstack@n-api-meta.service[108768]: DEBUG oslo_db.sqlalchemy.engines [None req-9d080650-2f42-4a96-858d-6fe62e7ba56b None None] MySQL server mode set to STRICT_TRANS_TABLES,STRICT_ALL_TABLES,NO_ZERO_IN_DATE,NO_ZERO_DATE,ERROR_FOR_DIVISION_BY_ZERO,TRADITIONAL,NO_ENGINE_SUBSTITUTION {{(pid=108768) _check_effective_sql_mode /opt/stack/data/venv/lib/python3.12/site-packages/oslo_db/sqlalchemy/engines.py:325}}
Jun 29 05:10:20.350029 np0000183425 devstack@n-api-meta.service[108766]: DEBUG oslo_db.sqlalchemy.engines [None req-4da5fff1-132c-4791-a648-a9cfe6d638ac None None] MySQL server mode set to STRICT_TRANS_TABLES,STRICT_ALL_TABLES,NO_ZERO_IN_DATE,NO_ZERO_DATE,ERROR_FOR_DIVISION_BY_ZERO,TRADITIONAL,NO_ENGINE_SUBSTITUTION {{(pid=108766) _check_effective_sql_mode /opt/stack/data/venv/lib/python3.12/site-packages/oslo_db/sqlalchemy/engines.py:325}}
Jun 29 05:10:20.370626 np0000183425 devstack@n-api-meta.service[108769]: DEBUG oslo_db.sqlalchemy.engines [None req-9e1d2d55-cc2c-468e-92b4-451fdca08de9 None None] MySQL server mode set to STRICT_TRANS_TABLES,STRICT_ALL_TABLES,NO_ZERO_IN_DATE,NO_ZERO_DATE,ERROR_FOR_DIVISION_BY_ZERO,TRADITIONAL,NO_ENGINE_SUBSTITUTION {{(pid=108769) _check_effective_sql_mode /opt/stack/data/venv/lib/python3.12/site-packages/oslo_db/sqlalchemy/engines.py:325}}
Jun 29 05:10:20.371593 np0000183425 devstack@n-api-meta.service[108766]: DEBUG dbcounter [-] [108766] Writer thread running {{(pid=108766) stat_writer /opt/stack/data/venv/lib/python3.12/site-packages/dbcounter.py:102}}
Jun 29 05:10:20.379837 np0000183425 devstack@n-api-meta.service[108766]: DEBUG dbcounter [-] [108766] Writer thread running {{(pid=108766) stat_writer /opt/stack/data/venv/lib/python3.12/site-packages/dbcounter.py:102}}
Jun 29 05:10:20.384329 np0000183425 devstack@n-api-meta.service[108766]: INFO dbcounter [None req-4da5fff1-132c-4791-a648-a9cfe6d638ac None None] Registered counter for database nova_cell0
Jun 29 05:10:20.405896 np0000183425 devstack@n-api-meta.service[108768]: DEBUG oslo_db.sqlalchemy.engines [None req-9d080650-2f42-4a96-858d-6fe62e7ba56b None None] MySQL server mode set to STRICT_TRANS_TABLES,STRICT_ALL_TABLES,NO_ZERO_IN_DATE,NO_ZERO_DATE,ERROR_FOR_DIVISION_BY_ZERO,TRADITIONAL,NO_ENGINE_SUBSTITUTION {{(pid=108768) _check_effective_sql_mode /opt/stack/data/venv/lib/python3.12/site-packages/oslo_db/sqlalchemy/engines.py:325}}
Jun 29 05:10:20.409917 np0000183425 devstack@n-api-meta.service[108767]: DEBUG dbcounter [-] [108767] Writer thread running {{(pid=108767) stat_writer /opt/stack/data/venv/lib/python3.12/site-packages/dbcounter.py:102}}
Jun 29 05:10:20.417446 np0000183425 devstack@n-api-meta.service[108767]: DEBUG dbcounter [-] [108767] Writer thread running {{(pid=108767) stat_writer /opt/stack/data/venv/lib/python3.12/site-packages/dbcounter.py:102}}
Jun 29 05:10:20.425441 np0000183425 devstack@n-api-meta.service[108767]: INFO dbcounter [None req-35276402-f901-408b-9df0-f6caf11f6338 None None] Registered counter for database nova_cell0
Jun 29 05:10:20.430314 np0000183425 devstack@n-api-meta.service[108769]: DEBUG oslo_db.sqlalchemy.engines [None req-9e1d2d55-cc2c-468e-92b4-451fdca08de9 None None] MySQL server mode set to STRICT_TRANS_TABLES,STRICT_ALL_TABLES,NO_ZERO_IN_DATE,NO_ZERO_DATE,ERROR_FOR_DIVISION_BY_ZERO,TRADITIONAL,NO_ENGINE_SUBSTITUTION {{(pid=108769) _check_effective_sql_mode /opt/stack/data/venv/lib/python3.12/site-packages/oslo_db/sqlalchemy/engines.py:325}}
Jun 29 05:10:20.434202 np0000183425 devstack@n-api-meta.service[108766]: DEBUG oslo_db.sqlalchemy.engines [None req-4da5fff1-132c-4791-a648-a9cfe6d638ac None None] MySQL server mode set to STRICT_TRANS_TABLES,STRICT_ALL_TABLES,NO_ZERO_IN_DATE,NO_ZERO_DATE,ERROR_FOR_DIVISION_BY_ZERO,TRADITIONAL,NO_ENGINE_SUBSTITUTION {{(pid=108766) _check_effective_sql_mode /opt/stack/data/venv/lib/python3.12/site-packages/oslo_db/sqlalchemy/engines.py:325}}
Jun 29 05:10:20.442598 np0000183425 devstack@n-api-meta.service[108766]: DEBUG dbcounter [-] [108766] Writer thread running {{(pid=108766) stat_writer /opt/stack/data/venv/lib/python3.12/site-packages/dbcounter.py:102}}
Jun 29 05:10:20.455984 np0000183425 devstack@n-api-meta.service[108768]: DEBUG dbcounter [-] [108768] Writer thread running {{(pid=108768) stat_writer /opt/stack/data/venv/lib/python3.12/site-packages/dbcounter.py:102}}
Jun 29 05:10:20.463777 np0000183425 devstack@n-api-meta.service[108768]: DEBUG dbcounter [-] [108768] Writer thread running {{(pid=108768) stat_writer /opt/stack/data/venv/lib/python3.12/site-packages/dbcounter.py:102}}
Jun 29 05:10:20.467905 np0000183425 devstack@n-api-meta.service[108768]: INFO dbcounter [None req-9d080650-2f42-4a96-858d-6fe62e7ba56b None None] Registered counter for database nova_cell0
Jun 29 05:10:20.481010 np0000183425 devstack@n-api-meta.service[108767]: DEBUG oslo_db.sqlalchemy.engines [None req-35276402-f901-408b-9df0-f6caf11f6338 None None] MySQL server mode set to STRICT_TRANS_TABLES,STRICT_ALL_TABLES,NO_ZERO_IN_DATE,NO_ZERO_DATE,ERROR_FOR_DIVISION_BY_ZERO,TRADITIONAL,NO_ENGINE_SUBSTITUTION {{(pid=108767) _check_effective_sql_mode /opt/stack/data/venv/lib/python3.12/site-packages/oslo_db/sqlalchemy/engines.py:325}}
Jun 29 05:10:20.490961 np0000183425 devstack@n-api-meta.service[108767]: DEBUG dbcounter [-] [108767] Writer thread running {{(pid=108767) stat_writer /opt/stack/data/venv/lib/python3.12/site-packages/dbcounter.py:102}}
Jun 29 05:10:20.492270 np0000183425 devstack@n-api-meta.service[108769]: DEBUG dbcounter [-] [108769] Writer thread running {{(pid=108769) stat_writer /opt/stack/data/venv/lib/python3.12/site-packages/dbcounter.py:102}}
Jun 29 05:10:20.493374 np0000183425 devstack@n-api-meta.service[108766]: WARNING nova.api.metadata.handler [None req-4da5fff1-132c-4791-a648-a9cfe6d638ac None None] metadata_proxy_shared_secret is not configured, the metadata information returned by the proxy cannot be trusted
Jun 29 05:10:20.498391 np0000183425 devstack@n-api-meta.service[108766]: DEBUG nova.api.openstack.wsgi_app [None req-4da5fff1-132c-4791-a648-a9cfe6d638ac None None] ******************************************************************************** {{(pid=108766) log_opt_values /opt/stack/data/venv/lib/python3.12/site-packages/oslo_config/cfg.py:3226}}
Jun 29 05:10:20.498527 np0000183425 devstack@n-api-meta.service[108766]: DEBUG nova.api.openstack.wsgi_app [None req-4da5fff1-132c-4791-a648-a9cfe6d638ac None None] Configuration options gathered from: {{(pid=108766) log_opt_values /opt/stack/data/venv/lib/python3.12/site-packages/oslo_config/cfg.py:3227}}
Jun 29 05:10:20.498733 np0000183425 devstack@n-api-meta.service[108766]: DEBUG nova.api.openstack.wsgi_app [None req-4da5fff1-132c-4791-a648-a9cfe6d638ac None None] command line args: [] {{(pid=108766) log_opt_values /opt/stack/data/venv/lib/python3.12/site-packages/oslo_config/cfg.py:3228}}
Jun 29 05:10:20.498949 np0000183425 devstack@n-api-meta.service[108766]: DEBUG nova.api.openstack.wsgi_app [None req-4da5fff1-132c-4791-a648-a9cfe6d638ac None None] config files: ['/etc/nova/api-paste.ini', '/etc/nova/nova.conf'] {{(pid=108766) log_opt_values /opt/stack/data/venv/lib/python3.12/site-packages/oslo_config/cfg.py:3229}}
Jun 29 05:10:20.499099 np0000183425 devstack@n-api-meta.service[108766]: DEBUG nova.api.openstack.wsgi_app [None req-4da5fff1-132c-4791-a648-a9cfe6d638ac None None] ================================================================================ {{(pid=108766) log_opt_values /opt/stack/data/venv/lib/python3.12/site-packages/oslo_config/cfg.py:3234}}
Jun 29 05:10:20.499376 np0000183425 devstack@n-api-meta.service[108766]: DEBUG nova.api.openstack.wsgi_app [None req-4da5fff1-132c-4791-a648-a9cfe6d638ac None None] allow_resize_to_same_host = True {{(pid=108766) log_opt_values /opt/stack/data/venv/lib/python3.12/site-packages/oslo_config/cfg.py:3242}}
Jun 29 05:10:20.499574 np0000183425 devstack@n-api-meta.service[108766]: DEBUG nova.api.openstack.wsgi_app [None req-4da5fff1-132c-4791-a648-a9cfe6d638ac None None] arq_binding_timeout = 300 {{(pid=108766) log_opt_values /opt/stack/data/venv/lib/python3.12/site-packages/oslo_config/cfg.py:3242}}
Jun 29 05:10:20.499765 np0000183425 devstack@n-api-meta.service[108766]: DEBUG nova.api.openstack.wsgi_app [None req-4da5fff1-132c-4791-a648-a9cfe6d638ac None None] block_device_allocate_retries = 60 {{(pid=108766) log_opt_values /opt/stack/data/venv/lib/python3.12/site-packages/oslo_config/cfg.py:3242}}
Jun 29 05:10:20.499953 np0000183425 devstack@n-api-meta.service[108766]: DEBUG nova.api.openstack.wsgi_app [None req-4da5fff1-132c-4791-a648-a9cfe6d638ac None None] block_device_allocate_retries_interval = 3 {{(pid=108766) log_opt_values /opt/stack/data/venv/lib/python3.12/site-packages/oslo_config/cfg.py:3242}}
Jun 29 05:10:20.500153 np0000183425 devstack@n-api-meta.service[108766]: DEBUG nova.api.openstack.wsgi_app [None req-4da5fff1-132c-4791-a648-a9cfe6d638ac None None] cell_worker_thread_pool_size = 5 {{(pid=108766) log_opt_values /opt/stack/data/venv/lib/python3.12/site-packages/oslo_config/cfg.py:3242}}
Jun 29 05:10:20.500360 np0000183425 devstack@n-api-meta.service[108766]: DEBUG nova.api.openstack.wsgi_app [None req-4da5fff1-132c-4791-a648-a9cfe6d638ac None None] cert = self.pem {{(pid=108766) log_opt_values /opt/stack/data/venv/lib/python3.12/site-packages/oslo_config/cfg.py:3242}}
Jun 29 05:10:20.500552 np0000183425 devstack@n-api-meta.service[108766]: DEBUG nova.api.openstack.wsgi_app [None req-4da5fff1-132c-4791-a648-a9cfe6d638ac None None] compute_driver = libvirt.LibvirtDriver {{(pid=108766) log_opt_values /opt/stack/data/venv/lib/python3.12/site-packages/oslo_config/cfg.py:3242}}
Jun 29 05:10:20.500742 np0000183425 devstack@n-api-meta.service[108766]: DEBUG nova.api.openstack.wsgi_app [None req-4da5fff1-132c-4791-a648-a9cfe6d638ac None None] compute_monitors = [] {{(pid=108766) log_opt_values /opt/stack/data/venv/lib/python3.12/site-packages/oslo_config/cfg.py:3242}}
Jun 29 05:10:20.500930 np0000183425 devstack@n-api-meta.service[108766]: DEBUG nova.api.openstack.wsgi_app [None req-4da5fff1-132c-4791-a648-a9cfe6d638ac None None] config_dir = [] {{(pid=108766) log_opt_values /opt/stack/data/venv/lib/python3.12/site-packages/oslo_config/cfg.py:3242}}
Jun 29 05:10:20.501122 np0000183425 devstack@n-api-meta.service[108766]: DEBUG nova.api.openstack.wsgi_app [None req-4da5fff1-132c-4791-a648-a9cfe6d638ac None None] config_drive_format = iso9660 {{(pid=108766) log_opt_values /opt/stack/data/venv/lib/python3.12/site-packages/oslo_config/cfg.py:3242}}
Jun 29 05:10:20.501292 np0000183425 devstack@n-api-meta.service[108766]: DEBUG nova.api.openstack.wsgi_app [None req-4da5fff1-132c-4791-a648-a9cfe6d638ac None None] config_file = ['/etc/nova/api-paste.ini', '/etc/nova/nova.conf'] {{(pid=108766) log_opt_values /opt/stack/data/venv/lib/python3.12/site-packages/oslo_config/cfg.py:3242}}
Jun 29 05:10:20.501477 np0000183425 devstack@n-api-meta.service[108766]: DEBUG nova.api.openstack.wsgi_app [None req-4da5fff1-132c-4791-a648-a9cfe6d638ac None None] config_source = [] {{(pid=108766) log_opt_values /opt/stack/data/venv/lib/python3.12/site-packages/oslo_config/cfg.py:3242}}
Jun 29 05:10:20.501607 np0000183425 devstack@n-api-meta.service[108769]: DEBUG dbcounter [-] [108769] Writer thread running {{(pid=108769) stat_writer /opt/stack/data/venv/lib/python3.12/site-packages/dbcounter.py:102}}
Jun 29 05:10:20.501740 np0000183425 devstack@n-api-meta.service[108766]: DEBUG nova.api.openstack.wsgi_app [None req-4da5fff1-132c-4791-a648-a9cfe6d638ac None None] console_host = np0000183425 {{(pid=108766) log_opt_values /opt/stack/data/venv/lib/python3.12/site-packages/oslo_config/cfg.py:3242}}
Jun 29 05:10:20.501944 np0000183425 devstack@n-api-meta.service[108766]: DEBUG nova.api.openstack.wsgi_app [None req-4da5fff1-132c-4791-a648-a9cfe6d638ac None None] control_exchange = nova {{(pid=108766) log_opt_values /opt/stack/data/venv/lib/python3.12/site-packages/oslo_config/cfg.py:3242}}
Jun 29 05:10:20.502128 np0000183425 devstack@n-api-meta.service[108766]: DEBUG nova.api.openstack.wsgi_app [None req-4da5fff1-132c-4791-a648-a9cfe6d638ac None None] cpu_allocation_ratio = None {{(pid=108766) log_opt_values /opt/stack/data/venv/lib/python3.12/site-packages/oslo_config/cfg.py:3242}}
Jun 29 05:10:20.502329 np0000183425 devstack@n-api-meta.service[108766]: DEBUG nova.api.openstack.wsgi_app [None req-4da5fff1-132c-4791-a648-a9cfe6d638ac None None] daemon = False {{(pid=108766) log_opt_values /opt/stack/data/venv/lib/python3.12/site-packages/oslo_config/cfg.py:3242}}
Jun 29 05:10:20.502521 np0000183425 devstack@n-api-meta.service[108766]: DEBUG nova.api.openstack.wsgi_app [None req-4da5fff1-132c-4791-a648-a9cfe6d638ac None None] debug = True {{(pid=108766) log_opt_values /opt/stack/data/venv/lib/python3.12/site-packages/oslo_config/cfg.py:3242}}
Jun 29 05:10:20.502700 np0000183425 devstack@n-api-meta.service[108766]: DEBUG nova.api.openstack.wsgi_app [None req-4da5fff1-132c-4791-a648-a9cfe6d638ac None None] default_access_ip_network_name = None {{(pid=108766) log_opt_values /opt/stack/data/venv/lib/python3.12/site-packages/oslo_config/cfg.py:3242}}
Jun 29 05:10:20.502900 np0000183425 devstack@n-api-meta.service[108766]: DEBUG nova.api.openstack.wsgi_app [None req-4da5fff1-132c-4791-a648-a9cfe6d638ac None None] default_availability_zone = nova {{(pid=108766) log_opt_values /opt/stack/data/venv/lib/python3.12/site-packages/oslo_config/cfg.py:3242}}
Jun 29 05:10:20.503090 np0000183425 devstack@n-api-meta.service[108766]: DEBUG nova.api.openstack.wsgi_app [None req-4da5fff1-132c-4791-a648-a9cfe6d638ac None None] default_ephemeral_format = ext4 {{(pid=108766) log_opt_values /opt/stack/data/venv/lib/python3.12/site-packages/oslo_config/cfg.py:3242}}
Jun 29 05:10:20.503297 np0000183425 devstack@n-api-meta.service[108766]: DEBUG nova.api.openstack.wsgi_app [None req-4da5fff1-132c-4791-a648-a9cfe6d638ac None None] default_green_pool_size = 1000 {{(pid=108766) log_opt_values /opt/stack/data/venv/lib/python3.12/site-packages/oslo_config/cfg.py:3242}}
Jun 29 05:10:20.503602 np0000183425 devstack@n-api-meta.service[108766]: DEBUG nova.api.openstack.wsgi_app [None req-4da5fff1-132c-4791-a648-a9cfe6d638ac None None] default_log_levels = ['amqp=WARN', 'boto=WARN', 'sqlalchemy=WARN', 'suds=INFO', 'oslo.messaging=INFO', 'oslo_messaging=INFO', 'iso8601=WARN', 'requests.packages.urllib3.connectionpool=WARN', 'urllib3.connectionpool=WARN', 'websocket=WARN', 'requests.packages.urllib3.util.retry=WARN', 'urllib3.util.retry=WARN', 'keystonemiddleware=WARN', 'routes.middleware=WARN', 'stevedore=WARN', 'taskflow=WARN', 'keystoneauth=WARN', 'oslo.cache=INFO', 'oslo_policy=INFO', 'dogpile.core.dogpile=INFO', 'glanceclient=WARN', 'oslo.privsep.daemon=INFO'] {{(pid=108766) log_opt_values /opt/stack/data/venv/lib/python3.12/site-packages/oslo_config/cfg.py:3242}}
Jun 29 05:10:20.503781 np0000183425 devstack@n-api-meta.service[108766]: DEBUG nova.api.openstack.wsgi_app [None req-4da5fff1-132c-4791-a648-a9cfe6d638ac None None] default_schedule_zone = None {{(pid=108766) log_opt_values /opt/stack/data/venv/lib/python3.12/site-packages/oslo_config/cfg.py:3242}}
Jun 29 05:10:20.503980 np0000183425 devstack@n-api-meta.service[108766]: DEBUG nova.api.openstack.wsgi_app [None req-4da5fff1-132c-4791-a648-a9cfe6d638ac None None] default_thread_pool_size = 10 {{(pid=108766) log_opt_values /opt/stack/data/venv/lib/python3.12/site-packages/oslo_config/cfg.py:3242}}
Jun 29 05:10:20.504160 np0000183425 devstack@n-api-meta.service[108766]: DEBUG nova.api.openstack.wsgi_app [None req-4da5fff1-132c-4791-a648-a9cfe6d638ac None None] disk_allocation_ratio = None {{(pid=108766) log_opt_values /opt/stack/data/venv/lib/python3.12/site-packages/oslo_config/cfg.py:3242}}
Jun 29 05:10:20.504359 np0000183425 devstack@n-api-meta.service[108766]: DEBUG nova.api.openstack.wsgi_app [None req-4da5fff1-132c-4791-a648-a9cfe6d638ac None None] enable_new_services = True {{(pid=108766) log_opt_values /opt/stack/data/venv/lib/python3.12/site-packages/oslo_config/cfg.py:3242}}
Jun 29 05:10:20.504539 np0000183425 devstack@n-api-meta.service[108766]: DEBUG nova.api.openstack.wsgi_app [None req-4da5fff1-132c-4791-a648-a9cfe6d638ac None None] flat_injected = False {{(pid=108766) log_opt_values /opt/stack/data/venv/lib/python3.12/site-packages/oslo_config/cfg.py:3242}}
Jun 29 05:10:20.504721 np0000183425 devstack@n-api-meta.service[108766]: DEBUG nova.api.openstack.wsgi_app [None req-4da5fff1-132c-4791-a648-a9cfe6d638ac None None] force_config_drive = False {{(pid=108766) log_opt_values /opt/stack/data/venv/lib/python3.12/site-packages/oslo_config/cfg.py:3242}}
Jun 29 05:10:20.504903 np0000183425 devstack@n-api-meta.service[108766]: DEBUG nova.api.openstack.wsgi_app [None req-4da5fff1-132c-4791-a648-a9cfe6d638ac None None] force_raw_images = True {{(pid=108766) log_opt_values /opt/stack/data/venv/lib/python3.12/site-packages/oslo_config/cfg.py:3242}}
Jun 29 05:10:20.505098 np0000183425 devstack@n-api-meta.service[108766]: DEBUG nova.api.openstack.wsgi_app [None req-4da5fff1-132c-4791-a648-a9cfe6d638ac None None] graceful_shutdown_timeout = 5 {{(pid=108766) log_opt_values /opt/stack/data/venv/lib/python3.12/site-packages/oslo_config/cfg.py:3242}}
Jun 29 05:10:20.505293 np0000183425 devstack@n-api-meta.service[108766]: DEBUG nova.api.openstack.wsgi_app [None req-4da5fff1-132c-4791-a648-a9cfe6d638ac None None] heal_instance_info_cache_interval = -1 {{(pid=108766) log_opt_values /opt/stack/data/venv/lib/python3.12/site-packages/oslo_config/cfg.py:3242}}
Jun 29 05:10:20.505549 np0000183425 devstack@n-api-meta.service[108766]: DEBUG nova.api.openstack.wsgi_app [None req-4da5fff1-132c-4791-a648-a9cfe6d638ac None None] host = np0000183425 {{(pid=108766) log_opt_values /opt/stack/data/venv/lib/python3.12/site-packages/oslo_config/cfg.py:3242}}
Jun 29 05:10:20.505782 np0000183425 devstack@n-api-meta.service[108766]: DEBUG nova.api.openstack.wsgi_app [None req-4da5fff1-132c-4791-a648-a9cfe6d638ac None None] initial_cpu_allocation_ratio = 4.0 {{(pid=108766) log_opt_values /opt/stack/data/venv/lib/python3.12/site-packages/oslo_config/cfg.py:3242}}
Jun 29 05:10:20.505965 np0000183425 devstack@n-api-meta.service[108766]: DEBUG nova.api.openstack.wsgi_app [None req-4da5fff1-132c-4791-a648-a9cfe6d638ac None None] initial_disk_allocation_ratio = 1.0 {{(pid=108766) log_opt_values /opt/stack/data/venv/lib/python3.12/site-packages/oslo_config/cfg.py:3242}}
Jun 29 05:10:20.506147 np0000183425 devstack@n-api-meta.service[108766]: DEBUG nova.api.openstack.wsgi_app [None req-4da5fff1-132c-4791-a648-a9cfe6d638ac None None] initial_ram_allocation_ratio = 1.0 {{(pid=108766) log_opt_values /opt/stack/data/venv/lib/python3.12/site-packages/oslo_config/cfg.py:3242}}
Jun 29 05:10:20.506419 np0000183425 devstack@n-api-meta.service[108766]: DEBUG nova.api.openstack.wsgi_app [None req-4da5fff1-132c-4791-a648-a9cfe6d638ac None None] injected_network_template = /opt/stack/nova/nova/virt/interfaces.template {{(pid=108766) log_opt_values /opt/stack/data/venv/lib/python3.12/site-packages/oslo_config/cfg.py:3242}}
Jun 29 05:10:20.506604 np0000183425 devstack@n-api-meta.service[108766]: DEBUG nova.api.openstack.wsgi_app [None req-4da5fff1-132c-4791-a648-a9cfe6d638ac None None] instance_build_timeout = 0 {{(pid=108766) log_opt_values /opt/stack/data/venv/lib/python3.12/site-packages/oslo_config/cfg.py:3242}}
Jun 29 05:10:20.506734 np0000183425 devstack@n-api-meta.service[108769]: INFO dbcounter [None req-9e1d2d55-cc2c-468e-92b4-451fdca08de9 None None] Registered counter for database nova_cell0
Jun 29 05:10:20.506792 np0000183425 devstack@n-api-meta.service[108766]: DEBUG nova.api.openstack.wsgi_app [None req-4da5fff1-132c-4791-a648-a9cfe6d638ac None None] instance_delete_interval = 300 {{(pid=108766) log_opt_values /opt/stack/data/venv/lib/python3.12/site-packages/oslo_config/cfg.py:3242}}
Jun 29 05:10:20.506984 np0000183425 devstack@n-api-meta.service[108766]: DEBUG nova.api.openstack.wsgi_app [None req-4da5fff1-132c-4791-a648-a9cfe6d638ac None None] instance_format = [instance: %(uuid)s] {{(pid=108766) log_opt_values /opt/stack/data/venv/lib/python3.12/site-packages/oslo_config/cfg.py:3242}}
Jun 29 05:10:20.507188 np0000183425 devstack@n-api-meta.service[108766]: DEBUG nova.api.openstack.wsgi_app [None req-4da5fff1-132c-4791-a648-a9cfe6d638ac None None] instance_name_template = instance-%08x {{(pid=108766) log_opt_values /opt/stack/data/venv/lib/python3.12/site-packages/oslo_config/cfg.py:3242}}
Jun 29 05:10:20.507372 np0000183425 devstack@n-api-meta.service[108766]: DEBUG nova.api.openstack.wsgi_app [None req-4da5fff1-132c-4791-a648-a9cfe6d638ac None None] instance_usage_audit = False {{(pid=108766) log_opt_values /opt/stack/data/venv/lib/python3.12/site-packages/oslo_config/cfg.py:3242}}
Jun 29 05:10:20.507564 np0000183425 devstack@n-api-meta.service[108766]: DEBUG nova.api.openstack.wsgi_app [None req-4da5fff1-132c-4791-a648-a9cfe6d638ac None None] instance_usage_audit_period = month {{(pid=108766) log_opt_values /opt/stack/data/venv/lib/python3.12/site-packages/oslo_config/cfg.py:3242}}
Jun 29 05:10:20.507752 np0000183425 devstack@n-api-meta.service[108766]: DEBUG nova.api.openstack.wsgi_app [None req-4da5fff1-132c-4791-a648-a9cfe6d638ac None None] instance_uuid_format = [instance: %(uuid)s] {{(pid=108766) log_opt_values /opt/stack/data/venv/lib/python3.12/site-packages/oslo_config/cfg.py:3242}}
Jun 29 05:10:20.507939 np0000183425 devstack@n-api-meta.service[108766]: DEBUG nova.api.openstack.wsgi_app [None req-4da5fff1-132c-4791-a648-a9cfe6d638ac None None] instances_path = /opt/stack/data/nova/instances {{(pid=108766) log_opt_values /opt/stack/data/venv/lib/python3.12/site-packages/oslo_config/cfg.py:3242}}
Jun 29 05:10:20.508312 np0000183425 devstack@n-api-meta.service[108766]: DEBUG nova.api.openstack.wsgi_app [None req-4da5fff1-132c-4791-a648-a9cfe6d638ac None None] internal_service_availability_zone = internal {{(pid=108766) log_opt_values /opt/stack/data/venv/lib/python3.12/site-packages/oslo_config/cfg.py:3242}}
Jun 29 05:10:20.508491 np0000183425 devstack@n-api-meta.service[108766]: DEBUG nova.api.openstack.wsgi_app [None req-4da5fff1-132c-4791-a648-a9cfe6d638ac None None] key = None {{(pid=108766) log_opt_values /opt/stack/data/venv/lib/python3.12/site-packages/oslo_config/cfg.py:3242}}
Jun 29 05:10:20.508674 np0000183425 devstack@n-api-meta.service[108766]: DEBUG nova.api.openstack.wsgi_app [None req-4da5fff1-132c-4791-a648-a9cfe6d638ac None None] live_migration_retry_count = 30 {{(pid=108766) log_opt_values /opt/stack/data/venv/lib/python3.12/site-packages/oslo_config/cfg.py:3242}}
Jun 29 05:10:20.508864 np0000183425 devstack@n-api-meta.service[108766]: DEBUG nova.api.openstack.wsgi_app [None req-4da5fff1-132c-4791-a648-a9cfe6d638ac None None] log_color = False {{(pid=108766) log_opt_values /opt/stack/data/venv/lib/python3.12/site-packages/oslo_config/cfg.py:3242}}
Jun 29 05:10:20.509059 np0000183425 devstack@n-api-meta.service[108766]: DEBUG nova.api.openstack.wsgi_app [None req-4da5fff1-132c-4791-a648-a9cfe6d638ac None None] log_config_append = None {{(pid=108766) log_opt_values /opt/stack/data/venv/lib/python3.12/site-packages/oslo_config/cfg.py:3242}}
Jun 29 05:10:20.509268 np0000183425 devstack@n-api-meta.service[108766]: DEBUG nova.api.openstack.wsgi_app [None req-4da5fff1-132c-4791-a648-a9cfe6d638ac None None] log_date_format = %Y-%m-%d %H:%M:%S {{(pid=108766) log_opt_values /opt/stack/data/venv/lib/python3.12/site-packages/oslo_config/cfg.py:3242}}
Jun 29 05:10:20.509451 np0000183425 devstack@n-api-meta.service[108766]: DEBUG nova.api.openstack.wsgi_app [None req-4da5fff1-132c-4791-a648-a9cfe6d638ac None None] log_dir = None {{(pid=108766) log_opt_values /opt/stack/data/venv/lib/python3.12/site-packages/oslo_config/cfg.py:3242}}
Jun 29 05:10:20.509635 np0000183425 devstack@n-api-meta.service[108766]: DEBUG nova.api.openstack.wsgi_app [None req-4da5fff1-132c-4791-a648-a9cfe6d638ac None None] log_file = None {{(pid=108766) log_opt_values /opt/stack/data/venv/lib/python3.12/site-packages/oslo_config/cfg.py:3242}}
Jun 29 05:10:20.509839 np0000183425 devstack@n-api-meta.service[108766]: DEBUG nova.api.openstack.wsgi_app [None req-4da5fff1-132c-4791-a648-a9cfe6d638ac None None] log_options = True {{(pid=108766) log_opt_values /opt/stack/data/venv/lib/python3.12/site-packages/oslo_config/cfg.py:3242}}
Jun 29 05:10:20.510027 np0000183425 devstack@n-api-meta.service[108766]: DEBUG nova.api.openstack.wsgi_app [None req-4da5fff1-132c-4791-a648-a9cfe6d638ac None None] log_rotate_interval = 1 {{(pid=108766) log_opt_values /opt/stack/data/venv/lib/python3.12/site-packages/oslo_config/cfg.py:3242}}
Jun 29 05:10:20.510238 np0000183425 devstack@n-api-meta.service[108766]: DEBUG nova.api.openstack.wsgi_app [None req-4da5fff1-132c-4791-a648-a9cfe6d638ac None None] log_rotate_interval_type = days {{(pid=108766) log_opt_values /opt/stack/data/venv/lib/python3.12/site-packages/oslo_config/cfg.py:3242}}
Jun 29 05:10:20.510427 np0000183425 devstack@n-api-meta.service[108766]: DEBUG nova.api.openstack.wsgi_app [None req-4da5fff1-132c-4791-a648-a9cfe6d638ac None None] log_rotation_type = none {{(pid=108766) log_opt_values /opt/stack/data/venv/lib/python3.12/site-packages/oslo_config/cfg.py:3242}}
Jun 29 05:10:20.510577 np0000183425 devstack@n-api-meta.service[108766]: DEBUG nova.api.openstack.wsgi_app [None req-4da5fff1-132c-4791-a648-a9cfe6d638ac None None] logging_context_format_string = %(color)s%(levelname)s %(name)s [%(global_request_id)s %(request_id)s %(project_name)s %(user_name)s%(color)s] %(instance)s%(color)s%(message)s {{(pid=108766) log_opt_values /opt/stack/data/venv/lib/python3.12/site-packages/oslo_config/cfg.py:3242}}
Jun 29 05:10:20.510725 np0000183425 devstack@n-api-meta.service[108766]: DEBUG nova.api.openstack.wsgi_app [None req-4da5fff1-132c-4791-a648-a9cfe6d638ac None None] logging_debug_format_suffix = {{(pid=%(process)d) %(funcName)s %(pathname)s:%(lineno)d}} {{(pid=108766) log_opt_values /opt/stack/data/venv/lib/python3.12/site-packages/oslo_config/cfg.py:3242}}
Jun 29 05:10:20.510922 np0000183425 devstack@n-api-meta.service[108766]: DEBUG nova.api.openstack.wsgi_app [None req-4da5fff1-132c-4791-a648-a9cfe6d638ac None None] logging_default_format_string = %(color)s%(levelname)s %(name)s [-%(color)s] %(instance)s%(color)s%(message)s {{(pid=108766) log_opt_values /opt/stack/data/venv/lib/python3.12/site-packages/oslo_config/cfg.py:3242}}
Jun 29 05:10:20.511111 np0000183425 devstack@n-api-meta.service[108766]: DEBUG nova.api.openstack.wsgi_app [None req-4da5fff1-132c-4791-a648-a9cfe6d638ac None None] logging_exception_prefix = ERROR %(name)s %(instance)s {{(pid=108766) log_opt_values /opt/stack/data/venv/lib/python3.12/site-packages/oslo_config/cfg.py:3242}}
Jun 29 05:10:20.511277 np0000183425 devstack@n-api-meta.service[108766]: DEBUG nova.api.openstack.wsgi_app [None req-4da5fff1-132c-4791-a648-a9cfe6d638ac None None] logging_user_identity_format = %(user)s %(project)s %(domain)s %(system_scope)s %(user_domain)s %(project_domain)s {{(pid=108766) log_opt_values /opt/stack/data/venv/lib/python3.12/site-packages/oslo_config/cfg.py:3242}}
