Jun 29 04:55:11.712156 np0000183409 devstack@neutron-api.service[103730]: DEBUG neutron.api.extensions [None req-a3796a2c-a5dd-4663-90e9-f9d5aa778973 None None] Ext name="Neutron Service Type Management" alias="service-type" description="API for retrieving service providers for Neutron advanced services" updated="2013-01-20T00:00:00-00:00" {{(pid=103730) _check_extension /opt/stack/neutron/neutron/api/extensions.py:415}}
Jun 29 04:55:11.712156 np0000183409 devstack@neutron-api.service[103730]: INFO neutron.api.extensions [None req-a3796a2c-a5dd-4663-90e9-f9d5aa778973 None None] Loaded extension: service-type
Jun 29 04:55:11.712156 np0000183409 devstack@neutron-api.service[103730]: DEBUG neutron.api.extensions [None req-a3796a2c-a5dd-4663-90e9-f9d5aa778973 None None] Loading extension file: sorting.py {{(pid=103730) _load_all_extensions_from_path /opt/stack/neutron/neutron/api/extensions.py:449}}
Jun 29 04:55:11.712272 np0000183409 devstack@neutron-api.service[103727]: DEBUG neutron.api.extensions [None req-99464d59-2d43-42ca-ba06-6b1bc18a3d2a None None] Extended resource: tags {{(pid=103727) __init__ /opt/stack/neutron/neutron/api/extensions.py:156}}
Jun 29 04:55:11.712330 np0000183409 devstack@neutron-api.service[103730]: DEBUG neutron.api.extensions [None req-a3796a2c-a5dd-4663-90e9-f9d5aa778973 None None] Ext name="Sorting support" alias="sorting" description="Extension that indicates that sorting is enabled." updated="2016-06-12T00:00:00-00:00" {{(pid=103730) _check_extension /opt/stack/neutron/neutron/api/extensions.py:415}}
Jun 29 04:55:11.712330 np0000183409 devstack@neutron-api.service[103730]: INFO neutron.api.extensions [None req-a3796a2c-a5dd-4663-90e9-f9d5aa778973 None None] Loaded extension: sorting
Jun 29 04:55:11.712330 np0000183409 devstack@neutron-api.service[103730]: DEBUG neutron.api.extensions [None req-a3796a2c-a5dd-4663-90e9-f9d5aa778973 None None] Loading extension file: standard_attr_segment.py {{(pid=103730) _load_all_extensions_from_path /opt/stack/neutron/neutron/api/extensions.py:449}}
Jun 29 04:55:11.712330 np0000183409 devstack@neutron-api.service[103730]: DEBUG neutron.api.extensions [None req-a3796a2c-a5dd-4663-90e9-f9d5aa778973 None None] Ext name="Standard Attribute Segment Extension" alias="standard-attr-segment" description="Add standard attributes to Segment resource" updated="2018-04-09T10:00:00-00:00" {{(pid=103730) _check_extension /opt/stack/neutron/neutron/api/extensions.py:415}}
Jun 29 04:55:11.712330 np0000183409 devstack@neutron-api.service[103730]: INFO neutron.api.extensions [None req-a3796a2c-a5dd-4663-90e9-f9d5aa778973 None None] Extension standard-attr-segment not supported by any of loaded plugins
Jun 29 04:55:11.712330 np0000183409 devstack@neutron-api.service[103730]: DEBUG neutron.api.extensions [None req-a3796a2c-a5dd-4663-90e9-f9d5aa778973 None None] Loading extension file: standardattrdescription.py {{(pid=103730) _load_all_extensions_from_path /opt/stack/neutron/neutron/api/extensions.py:449}}
Jun 29 04:55:11.712519 np0000183409 devstack@neutron-api.service[103727]: DEBUG neutron.api.extensions [None req-99464d59-2d43-42ca-ba06-6b1bc18a3d2a None None] Extended resource: tags {{(pid=103727) __init__ /opt/stack/neutron/neutron/api/extensions.py:156}}
Jun 29 04:55:11.712580 np0000183409 devstack@neutron-api.service[103730]: DEBUG neutron.api.extensions [None req-a3796a2c-a5dd-4663-90e9-f9d5aa778973 None None] Ext name="standard-attr-description" alias="standard-attr-description" description="Extension to add descriptions to standard attributes" updated="2016-02-10T10:00:00-00:00" {{(pid=103730) _check_extension /opt/stack/neutron/neutron/api/extensions.py:415}}
Jun 29 04:55:11.712580 np0000183409 devstack@neutron-api.service[103730]: INFO neutron.api.extensions [None req-a3796a2c-a5dd-4663-90e9-f9d5aa778973 None None] Loaded extension: standard-attr-description
Jun 29 04:55:11.712580 np0000183409 devstack@neutron-api.service[103730]: DEBUG neutron.api.extensions [None req-a3796a2c-a5dd-4663-90e9-f9d5aa778973 None None] Loading extension file: stateful_security_group.py {{(pid=103730) _load_all_extensions_from_path /opt/stack/neutron/neutron/api/extensions.py:449}}
Jun 29 04:55:11.712580 np0000183409 devstack@neutron-api.service[103730]: DEBUG neutron.api.extensions [None req-a3796a2c-a5dd-4663-90e9-f9d5aa778973 None None] Ext name="Stateful security group" alias="stateful-security-group" description="Indicates if the security group is stateful or not" updated="2019-11-26T09:00:00-00:00" {{(pid=103730) _check_extension /opt/stack/neutron/neutron/api/extensions.py:415}}
Jun 29 04:55:11.712580 np0000183409 devstack@neutron-api.service[103730]: INFO neutron.api.extensions [None req-a3796a2c-a5dd-4663-90e9-f9d5aa778973 None None] Loaded extension: stateful-security-group
Jun 29 04:55:11.712580 np0000183409 devstack@neutron-api.service[103730]: DEBUG neutron.api.extensions [None req-a3796a2c-a5dd-4663-90e9-f9d5aa778973 None None] Loading extension file: stdattrs_common.py {{(pid=103730) _load_all_extensions_from_path /opt/stack/neutron/neutron/api/extensions.py:449}}
Jun 29 04:55:11.712580 np0000183409 devstack@neutron-api.service[103730]: WARNING neutron.api.extensions [None req-a3796a2c-a5dd-4663-90e9-f9d5aa778973 None None] Did not find expected name "Stdattrs_common" in /opt/stack/neutron/neutron/extensions/stdattrs_common.py
Jun 29 04:55:11.712774 np0000183409 devstack@neutron-api.service[103730]: DEBUG neutron.api.extensions [None req-a3796a2c-a5dd-4663-90e9-f9d5aa778973 None None] Loading extension file: subnet_dns_publish_fixed_ip.py {{(pid=103730) _load_all_extensions_from_path /opt/stack/neutron/neutron/api/extensions.py:449}}
Jun 29 04:55:11.712774 np0000183409 devstack@neutron-api.service[103730]: DEBUG neutron.api.extensions [None req-a3796a2c-a5dd-4663-90e9-f9d5aa778973 None None] Ext name="Subnet DNS publish fixed IP" alias="subnet-dns-publish-fixed-ip" description="Support choosing to publish DNS records for IPs from a subnet" updated="2019-05-24T10:00:00-00:00" {{(pid=103730) _check_extension /opt/stack/neutron/neutron/api/extensions.py:415}}
Jun 29 04:55:11.712774 np0000183409 devstack@neutron-api.service[103730]: INFO neutron.api.extensions [None req-a3796a2c-a5dd-4663-90e9-f9d5aa778973 None None] Loaded extension: subnet-dns-publish-fixed-ip
Jun 29 04:55:11.712774 np0000183409 devstack@neutron-api.service[103730]: DEBUG neutron.api.extensions [None req-a3796a2c-a5dd-4663-90e9-f9d5aa778973 None None] Loading extension file: subnet_external_network.py {{(pid=103730) _load_all_extensions_from_path /opt/stack/neutron/neutron/api/extensions.py:449}}
Jun 29 04:55:11.712774 np0000183409 devstack@neutron-api.service[103730]: DEBUG neutron.api.extensions [None req-a3796a2c-a5dd-4663-90e9-f9d5aa778973 None None] Ext name="Subnet belongs to an external network" alias="subnet-external-network" description="Informs if the subnet belongs to an external network" updated="2024-02-05T18:00:00-00:00" {{(pid=103730) _check_extension /opt/stack/neutron/neutron/api/extensions.py:415}}
Jun 29 04:55:11.712774 np0000183409 devstack@neutron-api.service[103730]: INFO neutron.api.extensions [None req-a3796a2c-a5dd-4663-90e9-f9d5aa778973 None None] Loaded extension: subnet-external-network
Jun 29 04:55:11.712774 np0000183409 devstack@neutron-api.service[103730]: DEBUG neutron.api.extensions [None req-a3796a2c-a5dd-4663-90e9-f9d5aa778973 None None] Loading extension file: subnet_onboard.py {{(pid=103730) _load_all_extensions_from_path /opt/stack/neutron/neutron/api/extensions.py:449}}
Jun 29 04:55:11.712995 np0000183409 devstack@neutron-api.service[103730]: DEBUG neutron.api.extensions [None req-a3796a2c-a5dd-4663-90e9-f9d5aa778973 None None] Ext name="Subnet Onboard" alias="subnet_onboard" description="Provides support for onboarding subnets into subnet pools" updated="2018-12-18T09:00:00-00:00" {{(pid=103730) _check_extension /opt/stack/neutron/neutron/api/extensions.py:415}}
Jun 29 04:55:11.712995 np0000183409 devstack@neutron-api.service[103730]: INFO neutron.api.extensions [None req-a3796a2c-a5dd-4663-90e9-f9d5aa778973 None None] Loaded extension: subnet_onboard
Jun 29 04:55:11.712995 np0000183409 devstack@neutron-api.service[103730]: DEBUG neutron.api.extensions [None req-a3796a2c-a5dd-4663-90e9-f9d5aa778973 None None] Loading extension file: subnet_segmentid_writable.py {{(pid=103730) _load_all_extensions_from_path /opt/stack/neutron/neutron/api/extensions.py:449}}
Jun 29 04:55:11.712995 np0000183409 devstack@neutron-api.service[103730]: DEBUG neutron.api.extensions [None req-a3796a2c-a5dd-4663-90e9-f9d5aa778973 None None] Ext name="Subnet SegmentID (writable)" alias="subnet-segmentid-writable" description="Provides a writable segment_id attribute for a subnet resource." updated="2018-03-12T00:00:00-00:00" {{(pid=103730) _check_extension /opt/stack/neutron/neutron/api/extensions.py:415}}
Jun 29 04:55:11.712995 np0000183409 devstack@neutron-api.service[103730]: INFO neutron.api.extensions [None req-a3796a2c-a5dd-4663-90e9-f9d5aa778973 None None] Extension subnet-segmentid-writable not supported by any of loaded plugins
Jun 29 04:55:11.712995 np0000183409 devstack@neutron-api.service[103730]: DEBUG neutron.api.extensions [None req-a3796a2c-a5dd-4663-90e9-f9d5aa778973 None None] Loading extension file: subnet_service_types.py {{(pid=103730) _load_all_extensions_from_path /opt/stack/neutron/neutron/api/extensions.py:449}}
Jun 29 04:55:11.712995 np0000183409 devstack@neutron-api.service[103730]: DEBUG neutron.api.extensions [None req-a3796a2c-a5dd-4663-90e9-f9d5aa778973 None None] Ext name="Subnet service types" alias="subnet-service-types" description="Provides ability to set the subnet service_types field" updated="2016-03-15T18:00:00-00:00" {{(pid=103730) _check_extension /opt/stack/neutron/neutron/api/extensions.py:415}}
Jun 29 04:55:11.713189 np0000183409 devstack@neutron-api.service[103730]: INFO neutron.api.extensions [None req-a3796a2c-a5dd-4663-90e9-f9d5aa778973 None None] Loaded extension: subnet-service-types
Jun 29 04:55:11.713189 np0000183409 devstack@neutron-api.service[103730]: DEBUG neutron.api.extensions [None req-a3796a2c-a5dd-4663-90e9-f9d5aa778973 None None] Loading extension file: subnetallocation.py {{(pid=103730) _load_all_extensions_from_path /opt/stack/neutron/neutron/api/extensions.py:449}}
Jun 29 04:55:11.713189 np0000183409 devstack@neutron-api.service[103730]: DEBUG neutron.api.extensions [None req-a3796a2c-a5dd-4663-90e9-f9d5aa778973 None None] Ext name="Subnet Allocation" alias="subnet_allocation" description="Enables allocation of subnets from a subnet pool" updated="2015-03-30T10:00:00-00:00" {{(pid=103730) _check_extension /opt/stack/neutron/neutron/api/extensions.py:415}}
Jun 29 04:55:11.713189 np0000183409 devstack@neutron-api.service[103730]: INFO neutron.api.extensions [None req-a3796a2c-a5dd-4663-90e9-f9d5aa778973 None None] Loaded extension: subnet_allocation
Jun 29 04:55:11.713189 np0000183409 devstack@neutron-api.service[103730]: DEBUG neutron.api.extensions [None req-a3796a2c-a5dd-4663-90e9-f9d5aa778973 None None] Loading extension file: subnetpool_prefix_ops.py {{(pid=103730) _load_all_extensions_from_path /opt/stack/neutron/neutron/api/extensions.py:449}}
Jun 29 04:55:11.713189 np0000183409 devstack@neutron-api.service[103730]: DEBUG neutron.api.extensions [None req-a3796a2c-a5dd-4663-90e9-f9d5aa778973 None None] Ext name="Subnet Pool Prefix Operations" alias="subnetpool-prefix-ops" description="Provides support for adjusting the prefix list of subnet pools" updated="2019-02-08T10:00:00-00:00" {{(pid=103730) _check_extension /opt/stack/neutron/neutron/api/extensions.py:415}}
Jun 29 04:55:11.713189 np0000183409 devstack@neutron-api.service[103730]: INFO neutron.api.extensions [None req-a3796a2c-a5dd-4663-90e9-f9d5aa778973 None None] Loaded extension: subnetpool-prefix-ops
Jun 29 04:55:11.713189 np0000183409 devstack@neutron-api.service[103730]: DEBUG neutron.api.extensions [None req-a3796a2c-a5dd-4663-90e9-f9d5aa778973 None None] Loading extension file: tag_creation.py {{(pid=103730) _load_all_extensions_from_path /opt/stack/neutron/neutron/api/extensions.py:449}}
Jun 29 04:55:11.713395 np0000183409 devstack@neutron-api.service[103730]: DEBUG neutron.api.extensions [None req-a3796a2c-a5dd-4663-90e9-f9d5aa778973 None None] Ext name="Tag creation extension" alias="tag-creation" description="Allow to create multiple tags for a resource" updated="2024-23-07T10:00:00-00:00" {{(pid=103730) _check_extension /opt/stack/neutron/neutron/api/extensions.py:415}}
Jun 29 04:55:11.713395 np0000183409 devstack@neutron-api.service[103730]: INFO neutron.api.extensions [None req-a3796a2c-a5dd-4663-90e9-f9d5aa778973 None None] Loaded extension: tag-creation
Jun 29 04:55:11.713395 np0000183409 devstack@neutron-api.service[103730]: DEBUG neutron.api.extensions [None req-a3796a2c-a5dd-4663-90e9-f9d5aa778973 None None] Loading extension file: tag_ports_during_bulk_creation.py {{(pid=103730) _load_all_extensions_from_path /opt/stack/neutron/neutron/api/extensions.py:449}}
Jun 29 04:55:11.713395 np0000183409 devstack@neutron-api.service[103730]: DEBUG neutron.api.extensions [None req-a3796a2c-a5dd-4663-90e9-f9d5aa778973 None None] Ext name="Tag Ports During Bulk Creation" alias="tag-ports-during-bulk-creation" description="Allow to tag ports during bulk creation" updated="2019-12-29T19:00:00-00:00" {{(pid=103730) _check_extension /opt/stack/neutron/neutron/api/extensions.py:415}}
Jun 29 04:55:11.713395 np0000183409 devstack@neutron-api.service[103730]: INFO neutron.api.extensions [None req-a3796a2c-a5dd-4663-90e9-f9d5aa778973 None None] Extension tag-ports-during-bulk-creation not supported by any of loaded plugins
Jun 29 04:55:11.713395 np0000183409 devstack@neutron-api.service[103730]: DEBUG neutron.api.extensions [None req-a3796a2c-a5dd-4663-90e9-f9d5aa778973 None None] Loading extension file: tagging.py {{(pid=103730) _load_all_extensions_from_path /opt/stack/neutron/neutron/api/extensions.py:449}}
Jun 29 04:55:11.713597 np0000183409 devstack@neutron-api.service[103730]: DEBUG neutron.api.extensions [None req-a3796a2c-a5dd-4663-90e9-f9d5aa778973 None None] Ext name="Tag support for resources with standard attribute: port, subnet, subnetpool, network, security_group, router, floatingip, policy, trunk, network_segment_range" alias="standard-attr-tag" description="Enables to set tag on resources with standard attribute." updated="2017-01-01T00:00:00-00:00" {{(pid=103730) _check_extension /opt/stack/neutron/neutron/api/extensions.py:415}}
Jun 29 04:55:11.713597 np0000183409 devstack@neutron-api.service[103730]: INFO neutron.api.extensions [None req-a3796a2c-a5dd-4663-90e9-f9d5aa778973 None None] Loaded extension: standard-attr-tag
Jun 29 04:55:11.713597 np0000183409 devstack@neutron-api.service[103730]: DEBUG neutron.api.extensions [None req-a3796a2c-a5dd-4663-90e9-f9d5aa778973 None None] Loading extension file: timestamp.py {{(pid=103730) _load_all_extensions_from_path /opt/stack/neutron/neutron/api/extensions.py:449}}
Jun 29 04:55:11.713597 np0000183409 devstack@neutron-api.service[103730]: DEBUG neutron.api.extensions [None req-a3796a2c-a5dd-4663-90e9-f9d5aa778973 None None] Ext name="Resource timestamps" alias="standard-attr-timestamp" description="Adds created_at and updated_at fields to all Neutron resources that have Neutron standard attributes." updated="2016-09-12T10:00:00-00:00" {{(pid=103730) _check_extension /opt/stack/neutron/neutron/api/extensions.py:415}}
Jun 29 04:55:11.713597 np0000183409 devstack@neutron-api.service[103730]: INFO neutron.api.extensions [None req-a3796a2c-a5dd-4663-90e9-f9d5aa778973 None None] Loaded extension: standard-attr-timestamp
Jun 29 04:55:11.713597 np0000183409 devstack@neutron-api.service[103730]: DEBUG neutron.api.extensions [None req-a3796a2c-a5dd-4663-90e9-f9d5aa778973 None None] Loading extension file: trunk.py {{(pid=103730) _load_all_extensions_from_path /opt/stack/neutron/neutron/api/extensions.py:449}}
Jun 29 04:55:11.713847 np0000183409 devstack@neutron-api.service[103730]: DEBUG neutron.api.extensions [None req-a3796a2c-a5dd-4663-90e9-f9d5aa778973 None None] Ext name="Trunk Extension" alias="trunk" description="Provides support for trunk ports" updated="2016-01-01T10:00:00-00:00" {{(pid=103730) _check_extension /opt/stack/neutron/neutron/api/extensions.py:415}}
Jun 29 04:55:11.713847 np0000183409 devstack@neutron-api.service[103730]: INFO neutron.api.extensions [None req-a3796a2c-a5dd-4663-90e9-f9d5aa778973 None None] Extension trunk not supported by any of loaded plugins
Jun 29 04:55:11.713847 np0000183409 devstack@neutron-api.service[103730]: DEBUG neutron.api.extensions [None req-a3796a2c-a5dd-4663-90e9-f9d5aa778973 None None] Loading extension file: trunk_details.py {{(pid=103730) _load_all_extensions_from_path /opt/stack/neutron/neutron/api/extensions.py:449}}
Jun 29 04:55:11.713847 np0000183409 devstack@neutron-api.service[103730]: DEBUG neutron.api.extensions [None req-a3796a2c-a5dd-4663-90e9-f9d5aa778973 None None] Ext name="Trunk port details" alias="trunk-details" description="Expose trunk port details" updated="2016-01-01T10:00:00-00:00" {{(pid=103730) _check_extension /opt/stack/neutron/neutron/api/extensions.py:415}}
Jun 29 04:55:11.713847 np0000183409 devstack@neutron-api.service[103730]: INFO neutron.api.extensions [None req-a3796a2c-a5dd-4663-90e9-f9d5aa778973 None None] Extension trunk-details not supported by any of loaded plugins
Jun 29 04:55:11.713847 np0000183409 devstack@neutron-api.service[103730]: DEBUG neutron.api.extensions [None req-a3796a2c-a5dd-4663-90e9-f9d5aa778973 None None] Loading extension file: uplink_status_propagation.py {{(pid=103730) _load_all_extensions_from_path /opt/stack/neutron/neutron/api/extensions.py:449}}
Jun 29 04:55:11.713847 np0000183409 devstack@neutron-api.service[103730]: DEBUG neutron.api.extensions [None req-a3796a2c-a5dd-4663-90e9-f9d5aa778973 None None] Ext name="Uplink status propagation extension" alias="uplink-status-propagation" description="Provides ability to propagate port uplink status." updated="2018-05-31T18:00:00-00:00" {{(pid=103730) _check_extension /opt/stack/neutron/neutron/api/extensions.py:415}}
Jun 29 04:55:11.714045 np0000183409 devstack@neutron-api.service[103730]: INFO neutron.api.extensions [None req-a3796a2c-a5dd-4663-90e9-f9d5aa778973 None None] Extension uplink-status-propagation not supported by any of loaded plugins
Jun 29 04:55:11.714045 np0000183409 devstack@neutron-api.service[103730]: DEBUG neutron.api.extensions [None req-a3796a2c-a5dd-4663-90e9-f9d5aa778973 None None] Loading extension file: uplink_status_propagation_updatable.py {{(pid=103730) _load_all_extensions_from_path /opt/stack/neutron/neutron/api/extensions.py:449}}
Jun 29 04:55:11.714045 np0000183409 devstack@neutron-api.service[103730]: DEBUG neutron.api.extensions [None req-a3796a2c-a5dd-4663-90e9-f9d5aa778973 None None] Ext name="Uplink status propagation updatable extension" alias="uplink-status-propagation-updatable" description="Provides ability to update the port uplink status." updated="2024-09-03T18:00:00-00:00" {{(pid=103730) _check_extension /opt/stack/neutron/neutron/api/extensions.py:415}}
Jun 29 04:55:11.714140 np0000183409 devstack@neutron-api.service[103727]: DEBUG neutron_lib.callbacks.manager [None req-99464d59-2d43-42ca-ba06-6b1bc18a3d2a None None] Publish callbacks ['neutron.plugins.ml2.drivers.ovn.mech_driver.mech_driver.OVNMechanismDriver.pre_fork_initialize-381485'] for process (None), before_spawn {{(pid=103727) _notify_loop /opt/stack/data/venv/lib/python3.12/site-packages/neutron_lib/callbacks/manager.py:184}}
Jun 29 04:55:11.714212 np0000183409 devstack@neutron-api.service[103730]: INFO neutron.api.extensions [None req-a3796a2c-a5dd-4663-90e9-f9d5aa778973 None None] Extension uplink-status-propagation-updatable not supported by any of loaded plugins
Jun 29 04:55:11.714212 np0000183409 devstack@neutron-api.service[103730]: DEBUG neutron.api.extensions [None req-a3796a2c-a5dd-4663-90e9-f9d5aa778973 None None] Loading extension file: vlantransparent.py {{(pid=103730) _load_all_extensions_from_path /opt/stack/neutron/neutron/api/extensions.py:449}}
Jun 29 04:55:11.714337 np0000183409 devstack@neutron-api.service[103727]: DEBUG oslo_concurrency.processutils [None req-99464d59-2d43-42ca-ba06-6b1bc18a3d2a None None] Running cmd (subprocess): ovsdb-client transact ssl:199.204.45.235:6641 --timeout 180 -p /opt/stack/data/CA/int-ca/private/devstack-cert.key -c /opt/stack/data/CA/int-ca/devstack-cert.crt -C /opt/stack/data/CA/int-ca/ca-chain.pem ["OVN_Northbound", {"op": "wait", "timeout": 0, "table": "Port_Group", "where": [["name", "==", "neutron_pg_drop"]], "until": "==", "rows": []}, {"op": "insert", "table": "ACL", "row": {"action": "drop", "direction": "to-lport", "match": "outport == @neutron_pg_drop && ip", "priority": 1001}, "uuid-name": "droptoport"}, {"op": "insert", "table": "ACL", "row": {"action": "drop", "direction": "from-lport", "match": "inport == @neutron_pg_drop && ip", "priority": 1001}, "uuid-name": "dropfromport"}, {"op": "insert", "table": "Port_Group", "row": {"name": "neutron_pg_drop", "acls": ["set", [["named-uuid", "droptoport"], ["named-uuid", "dropfromport"]]]}}] {{(pid=103727) execute /opt/stack/data/venv/lib/python3.12/site-packages/oslo_concurrency/processutils.py:440}}
Jun 29 04:55:11.714423 np0000183409 devstack@neutron-api.service[103730]: DEBUG neutron.api.extensions [None req-a3796a2c-a5dd-4663-90e9-f9d5aa778973 None None] Ext name="Vlantransparent" alias="vlan-transparent" description="Provides Vlan Transparent Networks" updated="2015-03-23T09:00:00-00:00" {{(pid=103730) _check_extension /opt/stack/neutron/neutron/api/extensions.py:415}}
Jun 29 04:55:11.714559 np0000183409 devstack@neutron-api.service[103730]: INFO neutron.api.extensions [None req-a3796a2c-a5dd-4663-90e9-f9d5aa778973 None None] Loaded extension: vlan-transparent
Jun 29 04:55:11.716504 np0000183409 devstack@neutron-api.service[103730]: INFO neutron.quota.resource_registry [None req-a3796a2c-a5dd-4663-90e9-f9d5aa778973 None None] Creating instance of TrackedResource for resource:network
Jun 29 04:55:11.717494 np0000183409 devstack@neutron-api.service[103730]: INFO neutron.quota.resource_registry [None req-a3796a2c-a5dd-4663-90e9-f9d5aa778973 None None] Creating instance of TrackedResource for resource:subnet
Jun 29 04:55:11.717494 np0000183409 devstack@neutron-api.service[103730]: INFO neutron.quota.resource_registry [None req-a3796a2c-a5dd-4663-90e9-f9d5aa778973 None None] Creating instance of TrackedResource for resource:subnetpool
Jun 29 04:55:11.717494 np0000183409 devstack@neutron-api.service[103730]: INFO neutron.quota.resource_registry [None req-a3796a2c-a5dd-4663-90e9-f9d5aa778973 None None] Creating instance of TrackedResource for resource:port
Jun 29 04:55:11.718532 np0000183409 devstack@neutron-api.service[103730]: INFO neutron.quota.resource_registry [None req-a3796a2c-a5dd-4663-90e9-f9d5aa778973 None None] Creating instance of CountableResource for resource:router_route
Jun 29 04:55:11.718532 np0000183409 devstack@neutron-api.service[103730]: DEBUG neutron.api.v2.resource_helper [None req-a3796a2c-a5dd-4663-90e9-f9d5aa778973 None None] Service L3_ROUTER_NAT assigned prefix: {{(pid=103730) build_resource_info /opt/stack/neutron/neutron/api/v2/resource_helper.py:77}}
Jun 29 04:55:11.718953 np0000183409 devstack@neutron-api.service[103730]: DEBUG neutron.api.v2.resource_helper [None req-a3796a2c-a5dd-4663-90e9-f9d5aa778973 None None] Service FLAVORS assigned prefix: {{(pid=103730) build_resource_info /opt/stack/neutron/neutron/api/v2/resource_helper.py:77}}
Jun 29 04:55:11.719941 np0000183409 devstack@neutron-api.service[103730]: DEBUG neutron.api.v2.resource_helper [None req-a3796a2c-a5dd-4663-90e9-f9d5aa778973 None None] Service L3_ROUTER_NAT assigned prefix: {{(pid=103730) build_resource_info /opt/stack/neutron/neutron/api/v2/resource_helper.py:77}}
Jun 29 04:55:11.720414 np0000183409 devstack@neutron-api.service[103730]: DEBUG neutron.api.v2.resource_helper [None req-a3796a2c-a5dd-4663-90e9-f9d5aa778973 None None] Service L3_ROUTER_NAT assigned prefix: {{(pid=103730) build_resource_info /opt/stack/neutron/neutron/api/v2/resource_helper.py:77}}
Jun 29 04:55:11.720543 np0000183409 devstack@neutron-api.service[103730]: INFO neutron.quota.resource_registry [None req-a3796a2c-a5dd-4663-90e9-f9d5aa778973 None None] Creating instance of TrackedResource for resource:router
Jun 29 04:55:11.721047 np0000183409 devstack@neutron-api.service[103730]: INFO neutron.quota.resource_registry [None req-a3796a2c-a5dd-4663-90e9-f9d5aa778973 None None] Creating instance of TrackedResource for resource:floatingip
Jun 29 04:55:11.722669 np0000183409 devstack@neutron-api.service[103730]: INFO neutron.quota.resource_registry [None req-a3796a2c-a5dd-4663-90e9-f9d5aa778973 None None] Creating instance of CountableResource for resource:rbac_policy
Jun 29 04:55:11.723377 np0000183409 devstack@neutron-api.service[103730]: INFO neutron.quota.resource_registry [None req-a3796a2c-a5dd-4663-90e9-f9d5aa778973 None None] Creating instance of TrackedResource for resource:security_group
Jun 29 04:55:11.723998 np0000183409 devstack@neutron-api.service[103730]: INFO neutron.quota.resource_registry [None req-a3796a2c-a5dd-4663-90e9-f9d5aa778973 None None] Creating instance of TrackedResource for resource:security_group_rule
Jun 29 04:55:11.724610 np0000183409 devstack@neutron-api.service[103730]: DEBUG neutron.api.v2.resource_helper [None req-a3796a2c-a5dd-4663-90e9-f9d5aa778973 None None] Service CORE assigned prefix: {{(pid=103730) build_resource_info /opt/stack/neutron/neutron/api/v2/resource_helper.py:77}}
Jun 29 04:55:11.724610 np0000183409 devstack@neutron-api.service[103730]: INFO neutron.quota.resource_registry [None req-a3796a2c-a5dd-4663-90e9-f9d5aa778973 None None] Creating instance of TrackedResource for resource:subnetpool
Jun 29 04:55:11.724982 np0000183409 devstack@neutron-api.service[103730]: WARNING neutron.quota.resource_registry [None req-a3796a2c-a5dd-4663-90e9-f9d5aa778973 None None] subnetpool is already registered
Jun 29 04:55:11.725182 np0000183409 devstack@neutron-api.service[103730]: DEBUG neutron.api.v2.resource_helper [None req-a3796a2c-a5dd-4663-90e9-f9d5aa778973 None None] Service CORE assigned prefix: {{(pid=103730) build_resource_info /opt/stack/neutron/neutron/api/v2/resource_helper.py:77}}
Jun 29 04:55:11.725182 np0000183409 devstack@neutron-api.service[103730]: INFO neutron.quota.resource_registry [None req-a3796a2c-a5dd-4663-90e9-f9d5aa778973 None None] Creating instance of TrackedResource for resource:subnetpool
Jun 29 04:55:11.725315 np0000183409 devstack@neutron-api.service[103730]: WARNING neutron.quota.resource_registry [None req-a3796a2c-a5dd-4663-90e9-f9d5aa778973 None None] subnetpool is already registered
Jun 29 04:55:11.727562 np0000183409 devstack@neutron-api.service[103730]: INFO neutron.quota.resource_registry [None req-a3796a2c-a5dd-4663-90e9-f9d5aa778973 None None] Creating instance of CountableResource for resource:router_route
Jun 29 04:55:11.727659 np0000183409 devstack@neutron-api.service[103730]: WARNING neutron.quota.resource_registry [None req-a3796a2c-a5dd-4663-90e9-f9d5aa778973 None None] router_route is already registered
Jun 29 04:55:11.727778 np0000183409 devstack@neutron-api.service[103730]: DEBUG neutron.api.v2.resource_helper [None req-a3796a2c-a5dd-4663-90e9-f9d5aa778973 None None] Service L3_ROUTER_NAT assigned prefix: {{(pid=103730) build_resource_info /opt/stack/neutron/neutron/api/v2/resource_helper.py:77}}
Jun 29 04:55:11.728172 np0000183409 devstack@neutron-api.service[103730]: DEBUG neutron.api.v2.resource_helper [None req-a3796a2c-a5dd-4663-90e9-f9d5aa778973 None None] Service FLAVORS assigned prefix: {{(pid=103730) build_resource_info /opt/stack/neutron/neutron/api/v2/resource_helper.py:77}}
Jun 29 04:55:11.729224 np0000183409 devstack@neutron-api.service[103730]: DEBUG neutron.api.v2.resource_helper [None req-a3796a2c-a5dd-4663-90e9-f9d5aa778973 None None] Service L3_ROUTER_NAT assigned prefix: {{(pid=103730) build_resource_info /opt/stack/neutron/neutron/api/v2/resource_helper.py:77}}
Jun 29 04:55:11.729386 np0000183409 devstack@neutron-api.service[103730]: DEBUG neutron.api.v2.resource_helper [None req-a3796a2c-a5dd-4663-90e9-f9d5aa778973 None None] Service L3_ROUTER_NAT assigned prefix: {{(pid=103730) build_resource_info /opt/stack/neutron/neutron/api/v2/resource_helper.py:77}}
Jun 29 04:55:11.729716 np0000183409 devstack@neutron-api.service[103730]: INFO neutron.quota.resource_registry [None req-a3796a2c-a5dd-4663-90e9-f9d5aa778973 None None] Creating instance of TrackedResource for resource:router
Jun 29 04:55:11.729716 np0000183409 devstack@neutron-api.service[103730]: WARNING neutron.quota.resource_registry [None req-a3796a2c-a5dd-4663-90e9-f9d5aa778973 None None] router is already registered
Jun 29 04:55:11.730011 np0000183409 devstack@neutron-api.service[103730]: INFO neutron.quota.resource_registry [None req-a3796a2c-a5dd-4663-90e9-f9d5aa778973 None None] Creating instance of TrackedResource for resource:floatingip
Jun 29 04:55:11.730240 np0000183409 devstack@neutron-api.service[103730]: WARNING neutron.quota.resource_registry [None req-a3796a2c-a5dd-4663-90e9-f9d5aa778973 None None] floatingip is already registered
Jun 29 04:55:11.731385 np0000183409 devstack@neutron-api.service[103730]: INFO neutron.quota.resource_registry [None req-a3796a2c-a5dd-4663-90e9-f9d5aa778973 None None] Creating instance of CountableResource for resource:rbac_policy
Jun 29 04:55:11.731478 np0000183409 devstack@neutron-api.service[103730]: WARNING neutron.quota.resource_registry [None req-a3796a2c-a5dd-4663-90e9-f9d5aa778973 None None] rbac_policy is already registered
Jun 29 04:55:11.732139 np0000183409 devstack@neutron-api.service[103730]: INFO neutron.quota.resource_registry [None req-a3796a2c-a5dd-4663-90e9-f9d5aa778973 None None] Creating instance of TrackedResource for resource:security_group
Jun 29 04:55:11.732258 np0000183409 devstack@neutron-api.service[103730]: WARNING neutron.quota.resource_registry [None req-a3796a2c-a5dd-4663-90e9-f9d5aa778973 None None] security_group is already registered
Jun 29 04:55:11.732606 np0000183409 devstack@neutron-api.service[103730]: INFO neutron.quota.resource_registry [None req-a3796a2c-a5dd-4663-90e9-f9d5aa778973 None None] Creating instance of TrackedResource for resource:security_group_rule
Jun 29 04:55:11.732705 np0000183409 devstack@neutron-api.service[103730]: WARNING neutron.quota.resource_registry [None req-a3796a2c-a5dd-4663-90e9-f9d5aa778973 None None] security_group_rule is already registered
Jun 29 04:55:11.733222 np0000183409 devstack@neutron-api.service[103730]: DEBUG neutron.api.v2.resource_helper [None req-a3796a2c-a5dd-4663-90e9-f9d5aa778973 None None] Service CORE assigned prefix: {{(pid=103730) build_resource_info /opt/stack/neutron/neutron/api/v2/resource_helper.py:77}}
Jun 29 04:55:11.733350 np0000183409 devstack@neutron-api.service[103730]: INFO neutron.quota.resource_registry [None req-a3796a2c-a5dd-4663-90e9-f9d5aa778973 None None] Creating instance of TrackedResource for resource:subnetpool
Jun 29 04:55:11.733462 np0000183409 devstack@neutron-api.service[103730]: WARNING neutron.quota.resource_registry [None req-a3796a2c-a5dd-4663-90e9-f9d5aa778973 None None] subnetpool is already registered
Jun 29 04:55:11.733835 np0000183409 devstack@neutron-api.service[103730]: DEBUG neutron.api.v2.resource_helper [None req-a3796a2c-a5dd-4663-90e9-f9d5aa778973 None None] Service CORE assigned prefix: {{(pid=103730) build_resource_info /opt/stack/neutron/neutron/api/v2/resource_helper.py:77}}
Jun 29 04:55:11.734067 np0000183409 devstack@neutron-api.service[103730]: INFO neutron.quota.resource_registry [None req-a3796a2c-a5dd-4663-90e9-f9d5aa778973 None None] Creating instance of TrackedResource for resource:subnetpool
Jun 29 04:55:11.734067 np0000183409 devstack@neutron-api.service[103730]: WARNING neutron.quota.resource_registry [None req-a3796a2c-a5dd-4663-90e9-f9d5aa778973 None None] subnetpool is already registered
Jun 29 04:55:11.734473 np0000183409 devstack@neutron-api.service[103730]: DEBUG neutron.api.extensions [None req-a3796a2c-a5dd-4663-90e9-f9d5aa778973 None None] Extended resource: extensions {{(pid=103730) __init__ /opt/stack/neutron/neutron/api/extensions.py:156}}
Jun 29 04:55:11.735256 np0000183409 devstack@neutron-api.service[103730]: DEBUG neutron.api.extensions [None req-a3796a2c-a5dd-4663-90e9-f9d5aa778973 None None] Extended resource: address-groups {{(pid=103730) __init__ /opt/stack/neutron/neutron/api/extensions.py:156}}
Jun 29 04:55:11.735944 np0000183409 devstack@neutron-api.service[103730]: DEBUG neutron.api.extensions [None req-a3796a2c-a5dd-4663-90e9-f9d5aa778973 None None] Extended resource: address-scopes {{(pid=103730) __init__ /opt/stack/neutron/neutron/api/extensions.py:156}}
Jun 29 04:55:11.736491 np0000183409 devstack@neutron-api.service[103730]: DEBUG neutron.api.extensions [None req-a3796a2c-a5dd-4663-90e9-f9d5aa778973 None None] Extended resource: agents {{(pid=103730) __init__ /opt/stack/neutron/neutron/api/extensions.py:156}}
Jun 29 04:55:11.736942 np0000183409 devstack@neutron-api.service[103730]: DEBUG neutron.api.extensions [None req-a3796a2c-a5dd-4663-90e9-f9d5aa778973 None None] Extended resource: auto-allocated-topology {{(pid=103730) __init__ /opt/stack/neutron/neutron/api/extensions.py:156}}
Jun 29 04:55:11.737515 np0000183409 devstack@neutron-api.service[103730]: DEBUG neutron.api.extensions [None req-a3796a2c-a5dd-4663-90e9-f9d5aa778973 None None] Extended resource: availability_zones {{(pid=103730) __init__ /opt/stack/neutron/neutron/api/extensions.py:156}}
Jun 29 04:55:11.738124 np0000183409 devstack@neutron-api.service[103730]: DEBUG neutron.api.extensions [None req-a3796a2c-a5dd-4663-90e9-f9d5aa778973 None None] Extended resource: dhcp-networks {{(pid=103730) __init__ /opt/stack/neutron/neutron/api/extensions.py:156}}
Jun 29 04:55:11.738735 np0000183409 devstack@neutron-api.service[103730]: DEBUG neutron.api.extensions [None req-a3796a2c-a5dd-4663-90e9-f9d5aa778973 None None] Extended resource: dhcp-agents {{(pid=103730) __init__ /opt/stack/neutron/neutron/api/extensions.py:156}}
Jun 29 04:55:11.739161 np0000183409 devstack@neutron-api.service[103729]: DEBUG oslo_concurrency.processutils [None req-1ecda42e-ec4e-453b-a5f6-adf498ac6fd2 None None] CMD "ovsdb-client transact ssl:199.204.45.235:6641 --timeout 180 -p /opt/stack/data/CA/int-ca/private/devstack-cert.key -c /opt/stack/data/CA/int-ca/devstack-cert.crt -C /opt/stack/data/CA/int-ca/ca-chain.pem ["OVN_Northbound", {"op": "wait", "timeout": 0, "table": "Port_Group", "where": [["name", "==", "neutron_pg_drop"]], "until": "==", "rows": []}, {"op": "insert", "table": "ACL", "row": {"action": "drop", "direction": "to-lport", "match": "outport == @neutron_pg_drop && ip", "priority": 1001}, "uuid-name": "droptoport"}, {"op": "insert", "table": "ACL", "row": {"action": "drop", "direction": "from-lport", "match": "inport == @neutron_pg_drop && ip", "priority": 1001}, "uuid-name": "dropfromport"}, {"op": "insert", "table": "Port_Group", "row": {"name": "neutron_pg_drop", "acls": ["set", [["named-uuid", "droptoport"], ["named-uuid", "dropfromport"]]]}}]" returned: 0 in 0.037s {{(pid=103729) execute /opt/stack/data/venv/lib/python3.12/site-packages/oslo_concurrency/processutils.py:468}}
Jun 29 04:55:11.739398 np0000183409 devstack@neutron-api.service[103730]: DEBUG neutron.api.extensions [None req-a3796a2c-a5dd-4663-90e9-f9d5aa778973 None None] Extended resource: routers {{(pid=103730) __init__ /opt/stack/neutron/neutron/api/extensions.py:156}}
Jun 29 04:55:11.739848 np0000183409 devstack@neutron-api.service[103729]: DEBUG neutron_lib.callbacks.manager [None req-1ecda42e-ec4e-453b-a5f6-adf498ac6fd2 None None] Publish callbacks ['neutron.plugins.ml2.drivers.ovn.mech_driver.mech_driver.OVNMechanismDriver.post_fork_initialize-386675', 'neutron.services.pvlan.drivers.ovn.driver._initialize_pvlan_pg_drop-8099363112090', 'neutron.services.ovn_l3.plugin.OVNL3RouterPlugin._post_fork_initialize-379727'] for process (None), after_init {{(pid=103729) _notify_loop /opt/stack/data/venv/lib/python3.12/site-packages/neutron_lib/callbacks/manager.py:184}}
Jun 29 04:55:11.740318 np0000183409 devstack@neutron-api.service[103730]: DEBUG neutron.api.extensions [None req-a3796a2c-a5dd-4663-90e9-f9d5aa778973 None None] Extended resource: flavors {{(pid=103730) __init__ /opt/stack/neutron/neutron/api/extensions.py:156}}
Jun 29 04:55:11.740506 np0000183409 devstack@neutron-api.service[103729]: DEBUG oslo_concurrency.lockutils [None req-1ecda42e-ec4e-453b-a5f6-adf498ac6fd2 None None] Acquiring lock "singleton_lock" {{(pid=103729) lock /opt/stack/data/venv/lib/python3.12/site-packages/oslo_concurrency/lockutils.py:395}}
Jun 29 04:55:11.740693 np0000183409 devstack@neutron-api.service[103729]: DEBUG oslo_concurrency.lockutils [None req-1ecda42e-ec4e-453b-a5f6-adf498ac6fd2 None None] Acquired lock "singleton_lock" {{(pid=103729) lock /opt/stack/data/venv/lib/python3.12/site-packages/oslo_concurrency/lockutils.py:398}}
Jun 29 04:55:11.740792 np0000183409 devstack@neutron-api.service[103730]: DEBUG neutron.api.extensions [None req-a3796a2c-a5dd-4663-90e9-f9d5aa778973 None None] Extended resource: service_profiles {{(pid=103730) __init__ /opt/stack/neutron/neutron/api/extensions.py:156}}
Jun 29 04:55:11.741212 np0000183409 devstack@neutron-api.service[103729]: DEBUG oslo_concurrency.lockutils [None req-1ecda42e-ec4e-453b-a5f6-adf498ac6fd2 None None] Releasing lock "singleton_lock" {{(pid=103729) lock /opt/stack/data/venv/lib/python3.12/site-packages/oslo_concurrency/lockutils.py:418}}
Jun 29 04:55:11.741355 np0000183409 devstack@neutron-api.service[103730]: DEBUG neutron.api.extensions [None req-a3796a2c-a5dd-4663-90e9-f9d5aa778973 None None] Extended resource: next_providers {{(pid=103730) __init__ /opt/stack/neutron/neutron/api/extensions.py:156}}
Jun 29 04:55:11.741988 np0000183409 devstack@neutron-api.service[103730]: DEBUG neutron.api.extensions [None req-a3796a2c-a5dd-4663-90e9-f9d5aa778973 None None] Extended resource: service_profiles {{(pid=103730) __init__ /opt/stack/neutron/neutron/api/extensions.py:156}}
Jun 29 04:55:11.742609 np0000183409 devstack@neutron-api.service[103730]: DEBUG neutron.api.extensions [None req-a3796a2c-a5dd-4663-90e9-f9d5aa778973 None None] Extended resource: floatingip-pools {{(pid=103730) __init__ /opt/stack/neutron/neutron/api/extensions.py:156}}
Jun 29 04:55:11.743158 np0000183409 devstack@neutron-api.service[103730]: DEBUG neutron.api.extensions [None req-a3796a2c-a5dd-4663-90e9-f9d5aa778973 None None] Extended resource: routers {{(pid=103730) __init__ /opt/stack/neutron/neutron/api/extensions.py:156}}
Jun 29 04:55:11.744110 np0000183409 devstack@neutron-api.service[103730]: DEBUG neutron.api.extensions [None req-a3796a2c-a5dd-4663-90e9-f9d5aa778973 None None] Extended resource: floatingips {{(pid=103730) __init__ /opt/stack/neutron/neutron/api/extensions.py:156}}
Jun 29 04:55:11.744429 np0000183409 devstack@neutron-api.service[103729]: DEBUG neutron.plugins.ml2.drivers.ovn.mech_driver.mech_driver [None req-1ecda42e-ec4e-453b-a5f6-adf498ac6fd2 None None] Hash Ring setup using WSGI start time 2026-06-29 04:55:04+00:00 {{(pid=103729) _init_hash_ring /opt/stack/neutron/neutron/plugins/ml2/drivers/ovn/mech_driver/mech_driver.py:404}}
Jun 29 04:55:11.744634 np0000183409 devstack@neutron-api.service[103730]: DEBUG neutron.api.extensions [None req-a3796a2c-a5dd-4663-90e9-f9d5aa778973 None None] Extended resource: l3-routers {{(pid=103730) __init__ /opt/stack/neutron/neutron/api/extensions.py:156}}
Jun 29 04:55:11.745249 np0000183409 devstack@neutron-api.service[103730]: DEBUG neutron.api.extensions [None req-a3796a2c-a5dd-4663-90e9-f9d5aa778973 None None] Extended resource: l3-agents {{(pid=103730) __init__ /opt/stack/neutron/neutron/api/extensions.py:156}}
Jun 29 04:55:11.745917 np0000183409 devstack@neutron-api.service[103730]: DEBUG neutron.api.extensions [None req-a3796a2c-a5dd-4663-90e9-f9d5aa778973 None None] Extended resource: network-ip-availabilities {{(pid=103730) __init__ /opt/stack/neutron/neutron/api/extensions.py:156}}
Jun 29 04:55:11.746418 np0000183409 devstack@neutron-api.service[103730]: DEBUG neutron.api.extensions [None req-a3796a2c-a5dd-4663-90e9-f9d5aa778973 None None] Extended resource: network-ip-availabilities {{(pid=103730) __init__ /opt/stack/neutron/neutron/api/extensions.py:156}}
Jun 29 04:55:11.747581 np0000183409 devstack@neutron-api.service[103730]: DEBUG neutron.api.extensions [None req-a3796a2c-a5dd-4663-90e9-f9d5aa778973 None None] Extended resource: bindings {{(pid=103730) __init__ /opt/stack/neutron/neutron/api/extensions.py:156}}
Jun 29 04:55:11.748277 np0000183409 devstack@neutron-api.service[103730]: DEBUG neutron.api.extensions [None req-a3796a2c-a5dd-4663-90e9-f9d5aa778973 None None] Extended resource: quotas {{(pid=103730) __init__ /opt/stack/neutron/neutron/api/extensions.py:156}}
Jun 29 04:55:11.748921 np0000183409 devstack@neutron-api.service[103730]: DEBUG neutron.api.extensions [None req-a3796a2c-a5dd-4663-90e9-f9d5aa778973 None None] Extended resource: quotas {{(pid=103730) __init__ /opt/stack/neutron/neutron/api/extensions.py:156}}
Jun 29 04:55:11.749594 np0000183409 devstack@neutron-api.service[103730]: DEBUG neutron.api.extensions [None req-a3796a2c-a5dd-4663-90e9-f9d5aa778973 None None] Extended resource: rbac-policies {{(pid=103730) __init__ /opt/stack/neutron/neutron/api/extensions.py:156}}
Jun 29 04:55:11.750121 np0000183409 devstack@neutron-api.service[103730]: DEBUG neutron.api.extensions [None req-a3796a2c-a5dd-4663-90e9-f9d5aa778973 None None] Extended resource: default-security-group-rules {{(pid=103730) __init__ /opt/stack/neutron/neutron/api/extensions.py:156}}
Jun 29 04:55:11.750654 np0000183409 devstack@neutron-api.service[103730]: DEBUG neutron.api.extensions [None req-a3796a2c-a5dd-4663-90e9-f9d5aa778973 None None] Extended resource: security-groups-default-statefulness {{(pid=103730) __init__ /opt/stack/neutron/neutron/api/extensions.py:156}}
Jun 29 04:55:11.751469 np0000183409 devstack@neutron-api.service[103730]: DEBUG neutron.api.extensions [None req-a3796a2c-a5dd-4663-90e9-f9d5aa778973 None None] Extended resource: security-groups {{(pid=103730) __init__ /opt/stack/neutron/neutron/api/extensions.py:156}}
Jun 29 04:55:11.751996 np0000183409 devstack@neutron-api.service[103730]: DEBUG neutron.api.extensions [None req-a3796a2c-a5dd-4663-90e9-f9d5aa778973 None None] Extended resource: security-group-rules {{(pid=103730) __init__ /opt/stack/neutron/neutron/api/extensions.py:156}}
Jun 29 04:55:11.752408 np0000183409 devstack@neutron-api.service[103729]: INFO neutron.db.ovn_hash_ring_db [None req-1ecda42e-ec4e-453b-a5f6-adf498ac6fd2 None None] Nodes from host "np0000183409" and group "mechanism_driver" removed from the Hash Ring created at 2026-06-29 04:55:04+00:00
Jun 29 04:55:11.752511 np0000183409 devstack@neutron-api.service[103730]: DEBUG neutron.api.extensions [None req-a3796a2c-a5dd-4663-90e9-f9d5aa778973 None None] Extended resource: service-providers {{(pid=103730) __init__ /opt/stack/neutron/neutron/api/extensions.py:156}}
Jun 29 04:55:11.752992 np0000183409 devstack@neutron-api.service[103730]: DEBUG neutron.api.extensions [None req-a3796a2c-a5dd-4663-90e9-f9d5aa778973 None None] Extended resource: subnetpools {{(pid=103730) __init__ /opt/stack/neutron/neutron/api/extensions.py:156}}
Jun 29 04:55:11.753671 np0000183409 devstack@neutron-api.service[103730]: DEBUG neutron.api.extensions [None req-a3796a2c-a5dd-4663-90e9-f9d5aa778973 None None] Extended resource: subnetpools {{(pid=103730) __init__ /opt/stack/neutron/neutron/api/extensions.py:156}}
Jun 29 04:55:11.754340 np0000183409 devstack@neutron-api.service[103730]: DEBUG neutron.api.extensions [None req-a3796a2c-a5dd-4663-90e9-f9d5aa778973 None None] Extended resource: tags {{(pid=103730) __init__ /opt/stack/neutron/neutron/api/extensions.py:156}}
Jun 29 04:55:11.754853 np0000183409 devstack@neutron-api.service[103729]: INFO neutron.db.ovn_hash_ring_db [None req-1ecda42e-ec4e-453b-a5f6-adf498ac6fd2 None None] Node 7abfaf7a4962503aaa63f3270e4a3227 from host "np0000183409" and group "mechanism_driver" added to the Hash Ring
Jun 29 04:55:11.755035 np0000183409 devstack@neutron-api.service[103730]: DEBUG neutron.api.extensions [None req-a3796a2c-a5dd-4663-90e9-f9d5aa778973 None None] Extended resource: tags {{(pid=103730) __init__ /opt/stack/neutron/neutron/api/extensions.py:156}}
Jun 29 04:55:11.755802 np0000183409 devstack@neutron-api.service[103730]: DEBUG neutron.api.extensions [None req-a3796a2c-a5dd-4663-90e9-f9d5aa778973 None None] Extended resource: tags {{(pid=103730) __init__ /opt/stack/neutron/neutron/api/extensions.py:156}}
Jun 29 04:55:11.756592 np0000183409 devstack@neutron-api.service[103730]: DEBUG neutron.api.extensions [None req-a3796a2c-a5dd-4663-90e9-f9d5aa778973 None None] Extended resource: tags {{(pid=103730) __init__ /opt/stack/neutron/neutron/api/extensions.py:156}}
Jun 29 04:55:11.757564 np0000183409 devstack@neutron-api.service[103730]: DEBUG neutron.api.extensions [None req-a3796a2c-a5dd-4663-90e9-f9d5aa778973 None None] Extended resource: tags {{(pid=103730) __init__ /opt/stack/neutron/neutron/api/extensions.py:156}}
Jun 29 04:55:11.758838 np0000183409 devstack@neutron-api.service[103727]: DEBUG oslo_concurrency.processutils [None req-99464d59-2d43-42ca-ba06-6b1bc18a3d2a None None] CMD "ovsdb-client transact ssl:199.204.45.235:6641 --timeout 180 -p /opt/stack/data/CA/int-ca/private/devstack-cert.key -c /opt/stack/data/CA/int-ca/devstack-cert.crt -C /opt/stack/data/CA/int-ca/ca-chain.pem ["OVN_Northbound", {"op": "wait", "timeout": 0, "table": "Port_Group", "where": [["name", "==", "neutron_pg_drop"]], "until": "==", "rows": []}, {"op": "insert", "table": "ACL", "row": {"action": "drop", "direction": "to-lport", "match": "outport == @neutron_pg_drop && ip", "priority": 1001}, "uuid-name": "droptoport"}, {"op": "insert", "table": "ACL", "row": {"action": "drop", "direction": "from-lport", "match": "inport == @neutron_pg_drop && ip", "priority": 1001}, "uuid-name": "dropfromport"}, {"op": "insert", "table": "Port_Group", "row": {"name": "neutron_pg_drop", "acls": ["set", [["named-uuid", "droptoport"], ["named-uuid", "dropfromport"]]]}}]" returned: 0 in 0.043s {{(pid=103727) execute /opt/stack/data/venv/lib/python3.12/site-packages/oslo_concurrency/processutils.py:468}}
Jun 29 04:55:11.759714 np0000183409 devstack@neutron-api.service[103730]: DEBUG neutron.api.extensions [None req-a3796a2c-a5dd-4663-90e9-f9d5aa778973 None None] Extended resource: tags {{(pid=103730) __init__ /opt/stack/neutron/neutron/api/extensions.py:156}}
Jun 29 04:55:11.760581 np0000183409 devstack@neutron-api.service[103729]: DEBUG neutron.plugins.ml2.drivers.ovn.mech_driver.mech_driver [None req-1ecda42e-ec4e-453b-a5f6-adf498ac6fd2 None None] Hash Ring setup, this worker has detected 2 OVN hash ring registers in the database {{(pid=103729) _init_hash_ring /opt/stack/neutron/neutron/plugins/ml2/drivers/ovn/mech_driver/mech_driver.py:414}}
Jun 29 04:55:11.760848 np0000183409 devstack@neutron-api.service[103727]: DEBUG neutron_lib.callbacks.manager [None req-99464d59-2d43-42ca-ba06-6b1bc18a3d2a None None] Publish callbacks ['neutron.plugins.ml2.drivers.ovn.mech_driver.mech_driver.OVNMechanismDriver.post_fork_initialize-381509', 'neutron.services.pvlan.drivers.ovn.driver._initialize_pvlan_pg_drop-8099363085302', 'neutron.services.ovn_l3.plugin.OVNL3RouterPlugin._post_fork_initialize-13218'] for process (None), after_init {{(pid=103727) _notify_loop /opt/stack/data/venv/lib/python3.12/site-packages/neutron_lib/callbacks/manager.py:184}}
Jun 29 04:55:11.760848 np0000183409 devstack@neutron-api.service[103727]: DEBUG oslo_concurrency.lockutils [None req-99464d59-2d43-42ca-ba06-6b1bc18a3d2a None None] Acquiring lock "singleton_lock" {{(pid=103727) lock /opt/stack/data/venv/lib/python3.12/site-packages/oslo_concurrency/lockutils.py:395}}
Jun 29 04:55:11.761107 np0000183409 devstack@neutron-api.service[103730]: DEBUG neutron.api.extensions [None req-a3796a2c-a5dd-4663-90e9-f9d5aa778973 None None] Extended resource: tags {{(pid=103730) __init__ /opt/stack/neutron/neutron/api/extensions.py:156}}
Jun 29 04:55:11.761282 np0000183409 devstack@neutron-api.service[103727]: DEBUG oslo_concurrency.lockutils [None req-99464d59-2d43-42ca-ba06-6b1bc18a3d2a None None] Acquired lock "singleton_lock" {{(pid=103727) lock /opt/stack/data/venv/lib/python3.12/site-packages/oslo_concurrency/lockutils.py:398}}
Jun 29 04:55:11.761282 np0000183409 devstack@neutron-api.service[103727]: DEBUG oslo_concurrency.lockutils [None req-99464d59-2d43-42ca-ba06-6b1bc18a3d2a None None] Releasing lock "singleton_lock" {{(pid=103727) lock /opt/stack/data/venv/lib/python3.12/site-packages/oslo_concurrency/lockutils.py:418}}
Jun 29 04:55:11.761514 np0000183409 devstack@neutron-api.service[103730]: DEBUG neutron.api.extensions [None req-a3796a2c-a5dd-4663-90e9-f9d5aa778973 None None] Extended resource: tags {{(pid=103730) __init__ /opt/stack/neutron/neutron/api/extensions.py:156}}
Jun 29 04:55:11.761514 np0000183409 devstack@neutron-api.service[103730]: DEBUG neutron.api.extensions [None req-a3796a2c-a5dd-4663-90e9-f9d5aa778973 None None] Extended resource: tags {{(pid=103730) __init__ /opt/stack/neutron/neutron/api/extensions.py:156}}
Jun 29 04:55:11.761514 np0000183409 devstack@neutron-api.service[103730]: DEBUG neutron.api.extensions [None req-a3796a2c-a5dd-4663-90e9-f9d5aa778973 None None] Extended resource: tags {{(pid=103730) __init__ /opt/stack/neutron/neutron/api/extensions.py:156}}
