Jun 29 04:55:43.973453 np0000183409 systemd[1]: Starting devstack@n-api-meta.service - Devstack devstack@n-api-meta.service...
Jun 29 04:55:43.980903 np0000183409 devstack@n-api-meta.service[108869]: [uWSGI] getting INI configuration from /etc/nova/nova-metadata-uwsgi.ini
Jun 29 04:55:43.983459 np0000183409 devstack@n-api-meta.service[108869]: *** Starting uWSGI 2.0.24-debian (64bit) on [Mon Jun 29 04:55:43 2026] ***
Jun 29 04:55:43.983459 np0000183409 devstack@n-api-meta.service[108869]: compiled with version: 13.2.0 on 17 April 2024 16:23:48
Jun 29 04:55:43.983459 np0000183409 devstack@n-api-meta.service[108869]: os: Linux-6.8.0-124-generic #124-Ubuntu SMP PREEMPT_DYNAMIC Tue May 26 13:00:45 UTC 2026
Jun 29 04:55:43.983459 np0000183409 devstack@n-api-meta.service[108869]: nodename: np0000183409
Jun 29 04:55:43.983459 np0000183409 devstack@n-api-meta.service[108869]: machine: x86_64
Jun 29 04:55:43.983459 np0000183409 devstack@n-api-meta.service[108869]: clock source: unix
Jun 29 04:55:43.983459 np0000183409 devstack@n-api-meta.service[108869]: pcre jit disabled
Jun 29 04:55:43.983459 np0000183409 devstack@n-api-meta.service[108869]: detected number of CPU cores: 16
Jun 29 04:55:43.983459 np0000183409 devstack@n-api-meta.service[108869]: current working directory: /
Jun 29 04:55:43.983459 np0000183409 devstack@n-api-meta.service[108869]: detected binary path: /usr/bin/uwsgi-core
Jun 29 04:55:43.983459 np0000183409 devstack@n-api-meta.service[108869]: your processes number limit is 256917
Jun 29 04:55:43.983459 np0000183409 devstack@n-api-meta.service[108869]: your memory page size is 4096 bytes
Jun 29 04:55:43.983459 np0000183409 devstack@n-api-meta.service[108869]: detected max file descriptor number: 2048
Jun 29 04:55:43.983459 np0000183409 devstack@n-api-meta.service[108869]: lock engine: pthread robust mutexes
Jun 29 04:55:43.984210 np0000183409 devstack@n-api-meta.service[108869]: thunder lock: enabled
Jun 29 04:55:43.984210 np0000183409 devstack@n-api-meta.service[108869]: uWSGI http bound on 0.0.0.0:8775 fd 5
Jun 29 04:55:43.984210 np0000183409 devstack@n-api-meta.service[108869]: uwsgi socket 0 bound to TCP address 127.0.0.1:44659 (port auto-assigned) fd 4
Jun 29 04:55:43.984210 np0000183409 devstack@n-api-meta.service[108869]: Python version: 3.12.3 (main, Mar 23 2026, 19:04:32) [GCC 13.3.0]
Jun 29 04:55:43.984210 np0000183409 devstack@n-api-meta.service[108869]: PEP 405 virtualenv detected: /opt/stack/data/venv
Jun 29 04:55:43.984210 np0000183409 devstack@n-api-meta.service[108869]: Set PythonHome to /opt/stack/data/venv
Jun 29 04:55:44.018525 np0000183409 devstack@n-api-meta.service[108869]: Python main interpreter initialized at 0x74cf9bca3668
Jun 29 04:55:44.018525 np0000183409 devstack@n-api-meta.service[108869]: python threads support enabled
Jun 29 04:55:44.018525 np0000183409 devstack@n-api-meta.service[108869]: your server socket listen backlog is limited to 100 connections
Jun 29 04:55:44.018525 np0000183409 devstack@n-api-meta.service[108869]: your mercy for graceful operations on workers is 80 seconds
Jun 29 04:55:44.019081 np0000183409 devstack@n-api-meta.service[108869]: mapped 671795 bytes (656 KB) for 4 cores
Jun 29 04:55:44.019219 np0000183409 devstack@n-api-meta.service[108869]: *** Operational MODE: preforking ***
Jun 29 04:55:44.019396 np0000183409 devstack@n-api-meta.service[108869]: *** uWSGI is running in multiple interpreter mode ***
Jun 29 04:55:44.019396 np0000183409 devstack@n-api-meta.service[108869]: spawned uWSGI master process (pid: 108869)
Jun 29 04:55:44.019566 np0000183409 systemd[1]: Started devstack@n-api-meta.service - Devstack devstack@n-api-meta.service.
Jun 29 04:55:44.020125 np0000183409 devstack@n-api-meta.service[108869]: spawned uWSGI worker 1 (pid: 108870, cores: 1)
Jun 29 04:55:44.020567 np0000183409 devstack@n-api-meta.service[108869]: spawned uWSGI worker 2 (pid: 108871, cores: 1)
Jun 29 04:55:44.021022 np0000183409 devstack@n-api-meta.service[108869]: spawned uWSGI worker 3 (pid: 108872, cores: 1)
Jun 29 04:55:44.021512 np0000183409 devstack@n-api-meta.service[108869]: spawned uWSGI worker 4 (pid: 108873, cores: 1)
Jun 29 04:55:44.022049 np0000183409 devstack@n-api-meta.service[108869]: spawned uWSGI http 1 (pid: 108874)
Jun 29 04:55:44.022049 np0000183409 devstack@n-api-meta.service[108869]: running "unix_signal:15 gracefully_kill_them_all" (master-start)...
Jun 29 04:55:45.725539 np0000183409 devstack@n-api-meta.service[108870]: INFO dbcounter [None req-b594f2f9-a876-4c79-b7da-356035444ac8 None None] Registered counter for database nova_api
Jun 29 04:55:45.768432 np0000183409 devstack@n-api-meta.service[108872]: INFO dbcounter [None req-41b7107f-703a-4fff-b1cd-dcd4aa7b9b07 None None] Registered counter for database nova_api
Jun 29 04:55:45.774380 np0000183409 devstack@n-api-meta.service[108870]: DEBUG oslo_db.sqlalchemy.engines [None req-b594f2f9-a876-4c79-b7da-356035444ac8 None None] MySQL server mode set to STRICT_TRANS_TABLES,STRICT_ALL_TABLES,NO_ZERO_IN_DATE,NO_ZERO_DATE,ERROR_FOR_DIVISION_BY_ZERO,TRADITIONAL,NO_ENGINE_SUBSTITUTION {{(pid=108870) _check_effective_sql_mode /opt/stack/data/venv/lib/python3.12/site-packages/oslo_db/sqlalchemy/engines.py:325}}
Jun 29 04:55:45.806645 np0000183409 devstack@n-api-meta.service[108871]: INFO dbcounter [None req-003f89d5-91a7-45c4-a6aa-075807cdf4dd None None] Registered counter for database nova_api
Jun 29 04:55:45.809608 np0000183409 devstack@n-api-meta.service[108870]: DEBUG dbcounter [-] [108870] Writer thread running {{(pid=108870) stat_writer /opt/stack/data/venv/lib/python3.12/site-packages/dbcounter.py:102}}
Jun 29 04:55:45.812319 np0000183409 devstack@n-api-meta.service[108870]: DEBUG nova.context [None req-b594f2f9-a876-4c79-b7da-356035444ac8 None None] Found 2 cells: 00000000-0000-0000-0000-000000000000(cell0),33e05f0c-d8c4-4d97-a77f-561386633a88(cell1) {{(pid=108870) load_cells /opt/stack/nova/nova/context.py:509}}
Jun 29 04:55:45.812532 np0000183409 devstack@n-api-meta.service[108870]: INFO nova.utils [None req-b594f2f9-a876-4c79-b7da-356035444ac8 None None] The cell worker thread pool MainProcess.cell_worker is initialized
Jun 29 04:55:45.814330 np0000183409 devstack@n-api-meta.service[108870]: DEBUG oslo_concurrency.lockutils [None req-b594f2f9-a876-4c79-b7da-356035444ac8 None None] Acquiring lock "00000000-0000-0000-0000-000000000000" by "nova.context.set_target_cell..get_or_set_cached_cell_and_set_connections" {{(pid=108870) inner /opt/stack/data/venv/lib/python3.12/site-packages/oslo_concurrency/lockutils.py:511}}
Jun 29 04:55:45.814677 np0000183409 devstack@n-api-meta.service[108870]: DEBUG oslo_concurrency.lockutils [None req-b594f2f9-a876-4c79-b7da-356035444ac8 None None] Lock "00000000-0000-0000-0000-000000000000" acquired by "nova.context.set_target_cell..get_or_set_cached_cell_and_set_connections" :: waited 0.000s {{(pid=108870) inner /opt/stack/data/venv/lib/python3.12/site-packages/oslo_concurrency/lockutils.py:524}}
Jun 29 04:55:45.814846 np0000183409 devstack@n-api-meta.service[108870]: DEBUG oslo_concurrency.lockutils [None req-b594f2f9-a876-4c79-b7da-356035444ac8 None None] Lock "00000000-0000-0000-0000-000000000000" "released" by "nova.context.set_target_cell..get_or_set_cached_cell_and_set_connections" :: held 0.000s {{(pid=108870) inner /opt/stack/data/venv/lib/python3.12/site-packages/oslo_concurrency/lockutils.py:543}}
Jun 29 04:55:45.815486 np0000183409 devstack@n-api-meta.service[108870]: DEBUG oslo_concurrency.lockutils [None req-b594f2f9-a876-4c79-b7da-356035444ac8 None None] Acquiring lock "33e05f0c-d8c4-4d97-a77f-561386633a88" by "nova.context.set_target_cell..get_or_set_cached_cell_and_set_connections" {{(pid=108870) inner /opt/stack/data/venv/lib/python3.12/site-packages/oslo_concurrency/lockutils.py:511}}
Jun 29 04:55:45.815603 np0000183409 devstack@n-api-meta.service[108870]: DEBUG oslo_concurrency.lockutils [None req-b594f2f9-a876-4c79-b7da-356035444ac8 None None] Lock "33e05f0c-d8c4-4d97-a77f-561386633a88" acquired by "nova.context.set_target_cell..get_or_set_cached_cell_and_set_connections" :: waited 0.000s {{(pid=108870) inner /opt/stack/data/venv/lib/python3.12/site-packages/oslo_concurrency/lockutils.py:524}}
Jun 29 04:55:45.816454 np0000183409 devstack@n-api-meta.service[108870]: DEBUG oslo_concurrency.lockutils [None req-b594f2f9-a876-4c79-b7da-356035444ac8 None None] Lock "33e05f0c-d8c4-4d97-a77f-561386633a88" "released" by "nova.context.set_target_cell..get_or_set_cached_cell_and_set_connections" :: held 0.001s {{(pid=108870) inner /opt/stack/data/venv/lib/python3.12/site-packages/oslo_concurrency/lockutils.py:543}}
Jun 29 04:55:45.818325 np0000183409 devstack@n-api-meta.service[108872]: DEBUG oslo_db.sqlalchemy.engines [None req-41b7107f-703a-4fff-b1cd-dcd4aa7b9b07 None None] MySQL server mode set to STRICT_TRANS_TABLES,STRICT_ALL_TABLES,NO_ZERO_IN_DATE,NO_ZERO_DATE,ERROR_FOR_DIVISION_BY_ZERO,TRADITIONAL,NO_ENGINE_SUBSTITUTION {{(pid=108872) _check_effective_sql_mode /opt/stack/data/venv/lib/python3.12/site-packages/oslo_db/sqlalchemy/engines.py:325}}
Jun 29 04:55:45.819443 np0000183409 devstack@n-api-meta.service[108870]: INFO dbcounter [None req-b594f2f9-a876-4c79-b7da-356035444ac8 None None] Registered counter for database nova_cell0
Jun 29 04:55:45.823861 np0000183409 devstack@n-api-meta.service[108870]: INFO dbcounter [None req-b594f2f9-a876-4c79-b7da-356035444ac8 None None] Registered counter for database nova_cell1
Jun 29 04:55:45.836864 np0000183409 devstack@n-api-meta.service[108873]: INFO dbcounter [None req-86f13ff2-a3ab-4862-b154-9c6bc2713612 None None] Registered counter for database nova_api
Jun 29 04:55:45.854343 np0000183409 devstack@n-api-meta.service[108872]: DEBUG dbcounter [-] [108872] Writer thread running {{(pid=108872) stat_writer /opt/stack/data/venv/lib/python3.12/site-packages/dbcounter.py:102}}
Jun 29 04:55:45.857054 np0000183409 devstack@n-api-meta.service[108872]: DEBUG nova.context [None req-41b7107f-703a-4fff-b1cd-dcd4aa7b9b07 None None] Found 2 cells: 00000000-0000-0000-0000-000000000000(cell0),33e05f0c-d8c4-4d97-a77f-561386633a88(cell1) {{(pid=108872) load_cells /opt/stack/nova/nova/context.py:509}}
Jun 29 04:55:45.857310 np0000183409 devstack@n-api-meta.service[108872]: INFO nova.utils [None req-41b7107f-703a-4fff-b1cd-dcd4aa7b9b07 None None] The cell worker thread pool MainProcess.cell_worker is initialized
Jun 29 04:55:45.859272 np0000183409 devstack@n-api-meta.service[108872]: DEBUG oslo_concurrency.lockutils [None req-41b7107f-703a-4fff-b1cd-dcd4aa7b9b07 None None] Acquiring lock "00000000-0000-0000-0000-000000000000" by "nova.context.set_target_cell..get_or_set_cached_cell_and_set_connections" {{(pid=108872) inner /opt/stack/data/venv/lib/python3.12/site-packages/oslo_concurrency/lockutils.py:511}}
Jun 29 04:55:45.859542 np0000183409 devstack@n-api-meta.service[108872]: DEBUG oslo_concurrency.lockutils [None req-41b7107f-703a-4fff-b1cd-dcd4aa7b9b07 None None] Lock "00000000-0000-0000-0000-000000000000" acquired by "nova.context.set_target_cell..get_or_set_cached_cell_and_set_connections" :: waited 0.000s {{(pid=108872) inner /opt/stack/data/venv/lib/python3.12/site-packages/oslo_concurrency/lockutils.py:524}}
Jun 29 04:55:45.860084 np0000183409 devstack@n-api-meta.service[108872]: DEBUG oslo_concurrency.lockutils [None req-41b7107f-703a-4fff-b1cd-dcd4aa7b9b07 None None] Lock "00000000-0000-0000-0000-000000000000" "released" by "nova.context.set_target_cell..get_or_set_cached_cell_and_set_connections" :: held 0.001s {{(pid=108872) inner /opt/stack/data/venv/lib/python3.12/site-packages/oslo_concurrency/lockutils.py:543}}
Jun 29 04:55:45.860983 np0000183409 devstack@n-api-meta.service[108872]: DEBUG oslo_concurrency.lockutils [None req-41b7107f-703a-4fff-b1cd-dcd4aa7b9b07 None None] Acquiring lock "33e05f0c-d8c4-4d97-a77f-561386633a88" by "nova.context.set_target_cell..get_or_set_cached_cell_and_set_connections" {{(pid=108872) inner /opt/stack/data/venv/lib/python3.12/site-packages/oslo_concurrency/lockutils.py:511}}
Jun 29 04:55:45.863112 np0000183409 devstack@n-api-meta.service[108871]: DEBUG oslo_db.sqlalchemy.engines [None req-003f89d5-91a7-45c4-a6aa-075807cdf4dd None None] MySQL server mode set to STRICT_TRANS_TABLES,STRICT_ALL_TABLES,NO_ZERO_IN_DATE,NO_ZERO_DATE,ERROR_FOR_DIVISION_BY_ZERO,TRADITIONAL,NO_ENGINE_SUBSTITUTION {{(pid=108871) _check_effective_sql_mode /opt/stack/data/venv/lib/python3.12/site-packages/oslo_db/sqlalchemy/engines.py:325}}
Jun 29 04:55:45.863944 np0000183409 devstack@n-api-meta.service[108872]: DEBUG oslo_concurrency.lockutils [None req-41b7107f-703a-4fff-b1cd-dcd4aa7b9b07 None None] Lock "33e05f0c-d8c4-4d97-a77f-561386633a88" acquired by "nova.context.set_target_cell..get_or_set_cached_cell_and_set_connections" :: waited 0.003s {{(pid=108872) inner /opt/stack/data/venv/lib/python3.12/site-packages/oslo_concurrency/lockutils.py:524}}
Jun 29 04:55:45.865621 np0000183409 devstack@n-api-meta.service[108872]: INFO dbcounter [None req-41b7107f-703a-4fff-b1cd-dcd4aa7b9b07 None None] Registered counter for database nova_cell0
Jun 29 04:55:45.871043 np0000183409 devstack@n-api-meta.service[108872]: DEBUG oslo_concurrency.lockutils [None req-41b7107f-703a-4fff-b1cd-dcd4aa7b9b07 None None] Lock "33e05f0c-d8c4-4d97-a77f-561386633a88" "released" by "nova.context.set_target_cell..get_or_set_cached_cell_and_set_connections" :: held 0.001s {{(pid=108872) inner /opt/stack/data/venv/lib/python3.12/site-packages/oslo_concurrency/lockutils.py:543}}
Jun 29 04:55:45.873522 np0000183409 devstack@n-api-meta.service[108872]: INFO dbcounter [None req-41b7107f-703a-4fff-b1cd-dcd4aa7b9b07 None None] Registered counter for database nova_cell1
Jun 29 04:55:45.876559 np0000183409 devstack@n-api-meta.service[108870]: DEBUG oslo_db.sqlalchemy.engines [None req-b594f2f9-a876-4c79-b7da-356035444ac8 None None] MySQL server mode set to STRICT_TRANS_TABLES,STRICT_ALL_TABLES,NO_ZERO_IN_DATE,NO_ZERO_DATE,ERROR_FOR_DIVISION_BY_ZERO,TRADITIONAL,NO_ENGINE_SUBSTITUTION {{(pid=108870) _check_effective_sql_mode /opt/stack/data/venv/lib/python3.12/site-packages/oslo_db/sqlalchemy/engines.py:325}}
Jun 29 04:55:45.882678 np0000183409 devstack@n-api-meta.service[108870]: DEBUG oslo_db.sqlalchemy.engines [None req-b594f2f9-a876-4c79-b7da-356035444ac8 None None] MySQL server mode set to STRICT_TRANS_TABLES,STRICT_ALL_TABLES,NO_ZERO_IN_DATE,NO_ZERO_DATE,ERROR_FOR_DIVISION_BY_ZERO,TRADITIONAL,NO_ENGINE_SUBSTITUTION {{(pid=108870) _check_effective_sql_mode /opt/stack/data/venv/lib/python3.12/site-packages/oslo_db/sqlalchemy/engines.py:325}}
Jun 29 04:55:45.884887 np0000183409 devstack@n-api-meta.service[108873]: DEBUG oslo_db.sqlalchemy.engines [None req-86f13ff2-a3ab-4862-b154-9c6bc2713612 None None] MySQL server mode set to STRICT_TRANS_TABLES,STRICT_ALL_TABLES,NO_ZERO_IN_DATE,NO_ZERO_DATE,ERROR_FOR_DIVISION_BY_ZERO,TRADITIONAL,NO_ENGINE_SUBSTITUTION {{(pid=108873) _check_effective_sql_mode /opt/stack/data/venv/lib/python3.12/site-packages/oslo_db/sqlalchemy/engines.py:325}}
Jun 29 04:55:45.899376 np0000183409 devstack@n-api-meta.service[108871]: DEBUG dbcounter [-] [108871] Writer thread running {{(pid=108871) stat_writer /opt/stack/data/venv/lib/python3.12/site-packages/dbcounter.py:102}}
Jun 29 04:55:45.902249 np0000183409 devstack@n-api-meta.service[108871]: DEBUG nova.context [None req-003f89d5-91a7-45c4-a6aa-075807cdf4dd None None] Found 2 cells: 00000000-0000-0000-0000-000000000000(cell0),33e05f0c-d8c4-4d97-a77f-561386633a88(cell1) {{(pid=108871) load_cells /opt/stack/nova/nova/context.py:509}}
Jun 29 04:55:45.902459 np0000183409 devstack@n-api-meta.service[108871]: INFO nova.utils [None req-003f89d5-91a7-45c4-a6aa-075807cdf4dd None None] The cell worker thread pool MainProcess.cell_worker is initialized
Jun 29 04:55:45.904749 np0000183409 devstack@n-api-meta.service[108871]: DEBUG oslo_concurrency.lockutils [None req-003f89d5-91a7-45c4-a6aa-075807cdf4dd None None] Acquiring lock "00000000-0000-0000-0000-000000000000" by "nova.context.set_target_cell..get_or_set_cached_cell_and_set_connections" {{(pid=108871) inner /opt/stack/data/venv/lib/python3.12/site-packages/oslo_concurrency/lockutils.py:511}}
Jun 29 04:55:45.905084 np0000183409 devstack@n-api-meta.service[108871]: DEBUG oslo_concurrency.lockutils [None req-003f89d5-91a7-45c4-a6aa-075807cdf4dd None None] Lock "00000000-0000-0000-0000-000000000000" acquired by "nova.context.set_target_cell..get_or_set_cached_cell_and_set_connections" :: waited 0.000s {{(pid=108871) inner /opt/stack/data/venv/lib/python3.12/site-packages/oslo_concurrency/lockutils.py:524}}
Jun 29 04:55:45.905552 np0000183409 devstack@n-api-meta.service[108871]: DEBUG oslo_concurrency.lockutils [None req-003f89d5-91a7-45c4-a6aa-075807cdf4dd None None] Lock "00000000-0000-0000-0000-000000000000" "released" by "nova.context.set_target_cell..get_or_set_cached_cell_and_set_connections" :: held 0.001s {{(pid=108871) inner /opt/stack/data/venv/lib/python3.12/site-packages/oslo_concurrency/lockutils.py:543}}
Jun 29 04:55:45.906559 np0000183409 devstack@n-api-meta.service[108871]: DEBUG oslo_concurrency.lockutils [None req-003f89d5-91a7-45c4-a6aa-075807cdf4dd None None] Acquiring lock "33e05f0c-d8c4-4d97-a77f-561386633a88" by "nova.context.set_target_cell..get_or_set_cached_cell_and_set_connections" {{(pid=108871) inner /opt/stack/data/venv/lib/python3.12/site-packages/oslo_concurrency/lockutils.py:511}}
Jun 29 04:55:45.906820 np0000183409 devstack@n-api-meta.service[108871]: DEBUG oslo_concurrency.lockutils [None req-003f89d5-91a7-45c4-a6aa-075807cdf4dd None None] Lock "33e05f0c-d8c4-4d97-a77f-561386633a88" acquired by "nova.context.set_target_cell..get_or_set_cached_cell_and_set_connections" :: waited 0.000s {{(pid=108871) inner /opt/stack/data/venv/lib/python3.12/site-packages/oslo_concurrency/lockutils.py:524}}
Jun 29 04:55:45.908344 np0000183409 devstack@n-api-meta.service[108871]: DEBUG oslo_concurrency.lockutils [None req-003f89d5-91a7-45c4-a6aa-075807cdf4dd None None] Lock "33e05f0c-d8c4-4d97-a77f-561386633a88" "released" by "nova.context.set_target_cell..get_or_set_cached_cell_and_set_connections" :: held 0.001s {{(pid=108871) inner /opt/stack/data/venv/lib/python3.12/site-packages/oslo_concurrency/lockutils.py:543}}
Jun 29 04:55:45.911571 np0000183409 devstack@n-api-meta.service[108871]: INFO dbcounter [None req-003f89d5-91a7-45c4-a6aa-075807cdf4dd None None] Registered counter for database nova_cell0
Jun 29 04:55:45.915424 np0000183409 devstack@n-api-meta.service[108871]: INFO dbcounter [None req-003f89d5-91a7-45c4-a6aa-075807cdf4dd None None] Registered counter for database nova_cell1
Jun 29 04:55:45.925839 np0000183409 devstack@n-api-meta.service[108873]: DEBUG dbcounter [-] [108873] Writer thread running {{(pid=108873) stat_writer /opt/stack/data/venv/lib/python3.12/site-packages/dbcounter.py:102}}
Jun 29 04:55:45.926913 np0000183409 devstack@n-api-meta.service[108873]: DEBUG nova.context [None req-86f13ff2-a3ab-4862-b154-9c6bc2713612 None None] Found 2 cells: 00000000-0000-0000-0000-000000000000(cell0),33e05f0c-d8c4-4d97-a77f-561386633a88(cell1) {{(pid=108873) load_cells /opt/stack/nova/nova/context.py:509}}
Jun 29 04:55:45.927262 np0000183409 devstack@n-api-meta.service[108873]: INFO nova.utils [None req-86f13ff2-a3ab-4862-b154-9c6bc2713612 None None] The cell worker thread pool MainProcess.cell_worker is initialized
Jun 29 04:55:45.929491 np0000183409 devstack@n-api-meta.service[108873]: DEBUG oslo_concurrency.lockutils [None req-86f13ff2-a3ab-4862-b154-9c6bc2713612 None None] Acquiring lock "00000000-0000-0000-0000-000000000000" by "nova.context.set_target_cell..get_or_set_cached_cell_and_set_connections" {{(pid=108873) inner /opt/stack/data/venv/lib/python3.12/site-packages/oslo_concurrency/lockutils.py:511}}
Jun 29 04:55:45.929701 np0000183409 devstack@n-api-meta.service[108873]: DEBUG oslo_concurrency.lockutils [None req-86f13ff2-a3ab-4862-b154-9c6bc2713612 None None] Lock "00000000-0000-0000-0000-000000000000" acquired by "nova.context.set_target_cell..get_or_set_cached_cell_and_set_connections" :: waited 0.000s {{(pid=108873) inner /opt/stack/data/venv/lib/python3.12/site-packages/oslo_concurrency/lockutils.py:524}}
Jun 29 04:55:45.930184 np0000183409 devstack@n-api-meta.service[108873]: DEBUG oslo_concurrency.lockutils [None req-86f13ff2-a3ab-4862-b154-9c6bc2713612 None None] Lock "00000000-0000-0000-0000-000000000000" "released" by "nova.context.set_target_cell..get_or_set_cached_cell_and_set_connections" :: held 0.000s {{(pid=108873) inner /opt/stack/data/venv/lib/python3.12/site-packages/oslo_concurrency/lockutils.py:543}}
Jun 29 04:55:45.931415 np0000183409 devstack@n-api-meta.service[108873]: DEBUG oslo_concurrency.lockutils [None req-86f13ff2-a3ab-4862-b154-9c6bc2713612 None None] Acquiring lock "33e05f0c-d8c4-4d97-a77f-561386633a88" by "nova.context.set_target_cell..get_or_set_cached_cell_and_set_connections" {{(pid=108873) inner /opt/stack/data/venv/lib/python3.12/site-packages/oslo_concurrency/lockutils.py:511}}
Jun 29 04:55:45.931590 np0000183409 devstack@n-api-meta.service[108873]: DEBUG oslo_concurrency.lockutils [None req-86f13ff2-a3ab-4862-b154-9c6bc2713612 None None] Lock "33e05f0c-d8c4-4d97-a77f-561386633a88" acquired by "nova.context.set_target_cell..get_or_set_cached_cell_and_set_connections" :: waited 0.000s {{(pid=108873) inner /opt/stack/data/venv/lib/python3.12/site-packages/oslo_concurrency/lockutils.py:524}}
Jun 29 04:55:45.932720 np0000183409 devstack@n-api-meta.service[108873]: DEBUG oslo_concurrency.lockutils [None req-86f13ff2-a3ab-4862-b154-9c6bc2713612 None None] Lock "33e05f0c-d8c4-4d97-a77f-561386633a88" "released" by "nova.context.set_target_cell..get_or_set_cached_cell_and_set_connections" :: held 0.001s {{(pid=108873) inner /opt/stack/data/venv/lib/python3.12/site-packages/oslo_concurrency/lockutils.py:543}}
Jun 29 04:55:45.935708 np0000183409 devstack@n-api-meta.service[108873]: INFO dbcounter [None req-86f13ff2-a3ab-4862-b154-9c6bc2713612 None None] Registered counter for database nova_cell0
Jun 29 04:55:45.937740 np0000183409 devstack@n-api-meta.service[108872]: DEBUG oslo_db.sqlalchemy.engines [None req-41b7107f-703a-4fff-b1cd-dcd4aa7b9b07 None None] MySQL server mode set to STRICT_TRANS_TABLES,STRICT_ALL_TABLES,NO_ZERO_IN_DATE,NO_ZERO_DATE,ERROR_FOR_DIVISION_BY_ZERO,TRADITIONAL,NO_ENGINE_SUBSTITUTION {{(pid=108872) _check_effective_sql_mode /opt/stack/data/venv/lib/python3.12/site-packages/oslo_db/sqlalchemy/engines.py:325}}
Jun 29 04:55:45.939558 np0000183409 devstack@n-api-meta.service[108873]: INFO dbcounter [None req-86f13ff2-a3ab-4862-b154-9c6bc2713612 None None] Registered counter for database nova_cell1
Jun 29 04:55:45.941965 np0000183409 devstack@n-api-meta.service[108872]: DEBUG oslo_db.sqlalchemy.engines [None req-41b7107f-703a-4fff-b1cd-dcd4aa7b9b07 None None] MySQL server mode set to STRICT_TRANS_TABLES,STRICT_ALL_TABLES,NO_ZERO_IN_DATE,NO_ZERO_DATE,ERROR_FOR_DIVISION_BY_ZERO,TRADITIONAL,NO_ENGINE_SUBSTITUTION {{(pid=108872) _check_effective_sql_mode /opt/stack/data/venv/lib/python3.12/site-packages/oslo_db/sqlalchemy/engines.py:325}}
Jun 29 04:55:45.978924 np0000183409 devstack@n-api-meta.service[108871]: DEBUG oslo_db.sqlalchemy.engines [None req-003f89d5-91a7-45c4-a6aa-075807cdf4dd None None] MySQL server mode set to STRICT_TRANS_TABLES,STRICT_ALL_TABLES,NO_ZERO_IN_DATE,NO_ZERO_DATE,ERROR_FOR_DIVISION_BY_ZERO,TRADITIONAL,NO_ENGINE_SUBSTITUTION {{(pid=108871) _check_effective_sql_mode /opt/stack/data/venv/lib/python3.12/site-packages/oslo_db/sqlalchemy/engines.py:325}}
Jun 29 04:55:45.979130 np0000183409 devstack@n-api-meta.service[108870]: DEBUG dbcounter [-] [108870] Writer thread running {{(pid=108870) stat_writer /opt/stack/data/venv/lib/python3.12/site-packages/dbcounter.py:102}}
Jun 29 04:55:45.981999 np0000183409 devstack@n-api-meta.service[108871]: DEBUG oslo_db.sqlalchemy.engines [None req-003f89d5-91a7-45c4-a6aa-075807cdf4dd None None] MySQL server mode set to STRICT_TRANS_TABLES,STRICT_ALL_TABLES,NO_ZERO_IN_DATE,NO_ZERO_DATE,ERROR_FOR_DIVISION_BY_ZERO,TRADITIONAL,NO_ENGINE_SUBSTITUTION {{(pid=108871) _check_effective_sql_mode /opt/stack/data/venv/lib/python3.12/site-packages/oslo_db/sqlalchemy/engines.py:325}}
Jun 29 04:55:45.984349 np0000183409 devstack@n-api-meta.service[108870]: DEBUG dbcounter [-] [108870] Writer thread running {{(pid=108870) stat_writer /opt/stack/data/venv/lib/python3.12/site-packages/dbcounter.py:102}}
Jun 29 04:55:45.989469 np0000183409 devstack@n-api-meta.service[108870]: INFO dbcounter [None req-b594f2f9-a876-4c79-b7da-356035444ac8 None None] Registered counter for database nova_cell0
Jun 29 04:55:45.997847 np0000183409 devstack@n-api-meta.service[108873]: DEBUG oslo_db.sqlalchemy.engines [None req-86f13ff2-a3ab-4862-b154-9c6bc2713612 None None] MySQL server mode set to STRICT_TRANS_TABLES,STRICT_ALL_TABLES,NO_ZERO_IN_DATE,NO_ZERO_DATE,ERROR_FOR_DIVISION_BY_ZERO,TRADITIONAL,NO_ENGINE_SUBSTITUTION {{(pid=108873) _check_effective_sql_mode /opt/stack/data/venv/lib/python3.12/site-packages/oslo_db/sqlalchemy/engines.py:325}}
Jun 29 04:55:46.004127 np0000183409 devstack@n-api-meta.service[108873]: DEBUG oslo_db.sqlalchemy.engines [None req-86f13ff2-a3ab-4862-b154-9c6bc2713612 None None] MySQL server mode set to STRICT_TRANS_TABLES,STRICT_ALL_TABLES,NO_ZERO_IN_DATE,NO_ZERO_DATE,ERROR_FOR_DIVISION_BY_ZERO,TRADITIONAL,NO_ENGINE_SUBSTITUTION {{(pid=108873) _check_effective_sql_mode /opt/stack/data/venv/lib/python3.12/site-packages/oslo_db/sqlalchemy/engines.py:325}}
Jun 29 04:55:46.028246 np0000183409 devstack@n-api-meta.service[108870]: DEBUG oslo_db.sqlalchemy.engines [None req-b594f2f9-a876-4c79-b7da-356035444ac8 None None] MySQL server mode set to STRICT_TRANS_TABLES,STRICT_ALL_TABLES,NO_ZERO_IN_DATE,NO_ZERO_DATE,ERROR_FOR_DIVISION_BY_ZERO,TRADITIONAL,NO_ENGINE_SUBSTITUTION {{(pid=108870) _check_effective_sql_mode /opt/stack/data/venv/lib/python3.12/site-packages/oslo_db/sqlalchemy/engines.py:325}}
Jun 29 04:55:46.032769 np0000183409 devstack@n-api-meta.service[108872]: DEBUG dbcounter [-] [108872] Writer thread running {{(pid=108872) stat_writer /opt/stack/data/venv/lib/python3.12/site-packages/dbcounter.py:102}}
Jun 29 04:55:46.038699 np0000183409 devstack@n-api-meta.service[108870]: DEBUG dbcounter [-] [108870] Writer thread running {{(pid=108870) stat_writer /opt/stack/data/venv/lib/python3.12/site-packages/dbcounter.py:102}}
Jun 29 04:55:46.040241 np0000183409 devstack@n-api-meta.service[108872]: DEBUG dbcounter [-] [108872] Writer thread running {{(pid=108872) stat_writer /opt/stack/data/venv/lib/python3.12/site-packages/dbcounter.py:102}}
Jun 29 04:55:46.045639 np0000183409 devstack@n-api-meta.service[108872]: INFO dbcounter [None req-41b7107f-703a-4fff-b1cd-dcd4aa7b9b07 None None] Registered counter for database nova_cell0
Jun 29 04:55:46.066938 np0000183409 devstack@n-api-meta.service[108871]: DEBUG dbcounter [-] [108871] Writer thread running {{(pid=108871) stat_writer /opt/stack/data/venv/lib/python3.12/site-packages/dbcounter.py:102}}
Jun 29 04:55:46.074682 np0000183409 devstack@n-api-meta.service[108871]: DEBUG dbcounter [-] [108871] Writer thread running {{(pid=108871) stat_writer /opt/stack/data/venv/lib/python3.12/site-packages/dbcounter.py:102}}
Jun 29 04:55:46.079129 np0000183409 devstack@n-api-meta.service[108871]: INFO dbcounter [None req-003f89d5-91a7-45c4-a6aa-075807cdf4dd None None] Registered counter for database nova_cell0
Jun 29 04:55:46.081717 np0000183409 devstack@n-api-meta.service[108870]: WARNING nova.api.metadata.handler [None req-b594f2f9-a876-4c79-b7da-356035444ac8 None None] metadata_proxy_shared_secret is not configured, the metadata information returned by the proxy cannot be trusted
Jun 29 04:55:46.084198 np0000183409 devstack@n-api-meta.service[108870]: DEBUG nova.api.openstack.wsgi_app [None req-b594f2f9-a876-4c79-b7da-356035444ac8 None None] ******************************************************************************** {{(pid=108870) log_opt_values /opt/stack/data/venv/lib/python3.12/site-packages/oslo_config/cfg.py:3226}}
Jun 29 04:55:46.084336 np0000183409 devstack@n-api-meta.service[108870]: DEBUG nova.api.openstack.wsgi_app [None req-b594f2f9-a876-4c79-b7da-356035444ac8 None None] Configuration options gathered from: {{(pid=108870) log_opt_values /opt/stack/data/venv/lib/python3.12/site-packages/oslo_config/cfg.py:3227}}
Jun 29 04:55:46.084443 np0000183409 devstack@n-api-meta.service[108870]: DEBUG nova.api.openstack.wsgi_app [None req-b594f2f9-a876-4c79-b7da-356035444ac8 None None] command line args: [] {{(pid=108870) log_opt_values /opt/stack/data/venv/lib/python3.12/site-packages/oslo_config/cfg.py:3228}}
Jun 29 04:55:46.084643 np0000183409 devstack@n-api-meta.service[108870]: DEBUG nova.api.openstack.wsgi_app [None req-b594f2f9-a876-4c79-b7da-356035444ac8 None None] config files: ['/etc/nova/api-paste.ini', '/etc/nova/nova.conf'] {{(pid=108870) log_opt_values /opt/stack/data/venv/lib/python3.12/site-packages/oslo_config/cfg.py:3229}}
Jun 29 04:55:46.084720 np0000183409 devstack@n-api-meta.service[108870]: DEBUG nova.api.openstack.wsgi_app [None req-b594f2f9-a876-4c79-b7da-356035444ac8 None None] ================================================================================ {{(pid=108870) log_opt_values /opt/stack/data/venv/lib/python3.12/site-packages/oslo_config/cfg.py:3234}}
Jun 29 04:55:46.084883 np0000183409 devstack@n-api-meta.service[108870]: DEBUG nova.api.openstack.wsgi_app [None req-b594f2f9-a876-4c79-b7da-356035444ac8 None None] allow_resize_to_same_host = True {{(pid=108870) log_opt_values /opt/stack/data/venv/lib/python3.12/site-packages/oslo_config/cfg.py:3242}}
Jun 29 04:55:46.085033 np0000183409 devstack@n-api-meta.service[108870]: DEBUG nova.api.openstack.wsgi_app [None req-b594f2f9-a876-4c79-b7da-356035444ac8 None None] arq_binding_timeout = 300 {{(pid=108870) log_opt_values /opt/stack/data/venv/lib/python3.12/site-packages/oslo_config/cfg.py:3242}}
Jun 29 04:55:46.085156 np0000183409 devstack@n-api-meta.service[108870]: DEBUG nova.api.openstack.wsgi_app [None req-b594f2f9-a876-4c79-b7da-356035444ac8 None None] block_device_allocate_retries = 60 {{(pid=108870) log_opt_values /opt/stack/data/venv/lib/python3.12/site-packages/oslo_config/cfg.py:3242}}
Jun 29 04:55:46.085288 np0000183409 devstack@n-api-meta.service[108870]: DEBUG nova.api.openstack.wsgi_app [None req-b594f2f9-a876-4c79-b7da-356035444ac8 None None] block_device_allocate_retries_interval = 3 {{(pid=108870) log_opt_values /opt/stack/data/venv/lib/python3.12/site-packages/oslo_config/cfg.py:3242}}
Jun 29 04:55:46.085445 np0000183409 devstack@n-api-meta.service[108870]: DEBUG nova.api.openstack.wsgi_app [None req-b594f2f9-a876-4c79-b7da-356035444ac8 None None] cell_worker_thread_pool_size = 5 {{(pid=108870) log_opt_values /opt/stack/data/venv/lib/python3.12/site-packages/oslo_config/cfg.py:3242}}
Jun 29 04:55:46.085618 np0000183409 devstack@n-api-meta.service[108870]: DEBUG nova.api.openstack.wsgi_app [None req-b594f2f9-a876-4c79-b7da-356035444ac8 None None] cert = self.pem {{(pid=108870) log_opt_values /opt/stack/data/venv/lib/python3.12/site-packages/oslo_config/cfg.py:3242}}
Jun 29 04:55:46.085763 np0000183409 devstack@n-api-meta.service[108870]: DEBUG nova.api.openstack.wsgi_app [None req-b594f2f9-a876-4c79-b7da-356035444ac8 None None] compute_driver = libvirt.LibvirtDriver {{(pid=108870) log_opt_values /opt/stack/data/venv/lib/python3.12/site-packages/oslo_config/cfg.py:3242}}
Jun 29 04:55:46.085917 np0000183409 devstack@n-api-meta.service[108870]: DEBUG nova.api.openstack.wsgi_app [None req-b594f2f9-a876-4c79-b7da-356035444ac8 None None] compute_monitors = [] {{(pid=108870) log_opt_values /opt/stack/data/venv/lib/python3.12/site-packages/oslo_config/cfg.py:3242}}
Jun 29 04:55:46.086053 np0000183409 devstack@n-api-meta.service[108870]: DEBUG nova.api.openstack.wsgi_app [None req-b594f2f9-a876-4c79-b7da-356035444ac8 None None] config_dir = [] {{(pid=108870) log_opt_values /opt/stack/data/venv/lib/python3.12/site-packages/oslo_config/cfg.py:3242}}
Jun 29 04:55:46.086185 np0000183409 devstack@n-api-meta.service[108870]: DEBUG nova.api.openstack.wsgi_app [None req-b594f2f9-a876-4c79-b7da-356035444ac8 None None] config_drive_format = iso9660 {{(pid=108870) log_opt_values /opt/stack/data/venv/lib/python3.12/site-packages/oslo_config/cfg.py:3242}}
Jun 29 04:55:46.086294 np0000183409 devstack@n-api-meta.service[108870]: DEBUG nova.api.openstack.wsgi_app [None req-b594f2f9-a876-4c79-b7da-356035444ac8 None None] config_file = ['/etc/nova/api-paste.ini', '/etc/nova/nova.conf'] {{(pid=108870) log_opt_values /opt/stack/data/venv/lib/python3.12/site-packages/oslo_config/cfg.py:3242}}
Jun 29 04:55:46.086420 np0000183409 devstack@n-api-meta.service[108870]: DEBUG nova.api.openstack.wsgi_app [None req-b594f2f9-a876-4c79-b7da-356035444ac8 None None] config_source = [] {{(pid=108870) log_opt_values /opt/stack/data/venv/lib/python3.12/site-packages/oslo_config/cfg.py:3242}}
Jun 29 04:55:46.086573 np0000183409 devstack@n-api-meta.service[108870]: DEBUG nova.api.openstack.wsgi_app [None req-b594f2f9-a876-4c79-b7da-356035444ac8 None None] console_host = np0000183409 {{(pid=108870) log_opt_values /opt/stack/data/venv/lib/python3.12/site-packages/oslo_config/cfg.py:3242}}
Jun 29 04:55:46.086737 np0000183409 devstack@n-api-meta.service[108870]: DEBUG nova.api.openstack.wsgi_app [None req-b594f2f9-a876-4c79-b7da-356035444ac8 None None] control_exchange = nova {{(pid=108870) log_opt_values /opt/stack/data/venv/lib/python3.12/site-packages/oslo_config/cfg.py:3242}}
Jun 29 04:55:46.086927 np0000183409 devstack@n-api-meta.service[108870]: DEBUG nova.api.openstack.wsgi_app [None req-b594f2f9-a876-4c79-b7da-356035444ac8 None None] cpu_allocation_ratio = None {{(pid=108870) log_opt_values /opt/stack/data/venv/lib/python3.12/site-packages/oslo_config/cfg.py:3242}}
Jun 29 04:55:46.087097 np0000183409 devstack@n-api-meta.service[108870]: DEBUG nova.api.openstack.wsgi_app [None req-b594f2f9-a876-4c79-b7da-356035444ac8 None None] daemon = False {{(pid=108870) log_opt_values /opt/stack/data/venv/lib/python3.12/site-packages/oslo_config/cfg.py:3242}}
Jun 29 04:55:46.087226 np0000183409 devstack@n-api-meta.service[108870]: DEBUG nova.api.openstack.wsgi_app [None req-b594f2f9-a876-4c79-b7da-356035444ac8 None None] debug = True {{(pid=108870) log_opt_values /opt/stack/data/venv/lib/python3.12/site-packages/oslo_config/cfg.py:3242}}
Jun 29 04:55:46.087357 np0000183409 devstack@n-api-meta.service[108870]: DEBUG nova.api.openstack.wsgi_app [None req-b594f2f9-a876-4c79-b7da-356035444ac8 None None] default_access_ip_network_name = None {{(pid=108870) log_opt_values /opt/stack/data/venv/lib/python3.12/site-packages/oslo_config/cfg.py:3242}}
Jun 29 04:55:46.087489 np0000183409 devstack@n-api-meta.service[108870]: DEBUG nova.api.openstack.wsgi_app [None req-b594f2f9-a876-4c79-b7da-356035444ac8 None None] default_availability_zone = nova {{(pid=108870) log_opt_values /opt/stack/data/venv/lib/python3.12/site-packages/oslo_config/cfg.py:3242}}
Jun 29 04:55:46.087537 np0000183409 devstack@n-api-meta.service[108873]: DEBUG dbcounter [-] [108873] Writer thread running {{(pid=108873) stat_writer /opt/stack/data/venv/lib/python3.12/site-packages/dbcounter.py:102}}
Jun 29 04:55:46.087621 np0000183409 devstack@n-api-meta.service[108870]: DEBUG nova.api.openstack.wsgi_app [None req-b594f2f9-a876-4c79-b7da-356035444ac8 None None] default_ephemeral_format = ext4 {{(pid=108870) log_opt_values /opt/stack/data/venv/lib/python3.12/site-packages/oslo_config/cfg.py:3242}}
Jun 29 04:55:46.087747 np0000183409 devstack@n-api-meta.service[108870]: DEBUG nova.api.openstack.wsgi_app [None req-b594f2f9-a876-4c79-b7da-356035444ac8 None None] default_green_pool_size = 1000 {{(pid=108870) log_opt_values /opt/stack/data/venv/lib/python3.12/site-packages/oslo_config/cfg.py:3242}}
Jun 29 04:55:46.088020 np0000183409 devstack@n-api-meta.service[108870]: DEBUG nova.api.openstack.wsgi_app [None req-b594f2f9-a876-4c79-b7da-356035444ac8 None None] default_log_levels = ['amqp=WARN', 'boto=WARN', 'sqlalchemy=WARN', 'suds=INFO', 'oslo.messaging=INFO', 'oslo_messaging=INFO', 'iso8601=WARN', 'requests.packages.urllib3.connectionpool=WARN', 'urllib3.connectionpool=WARN', 'websocket=WARN', 'requests.packages.urllib3.util.retry=WARN', 'urllib3.util.retry=WARN', 'keystonemiddleware=WARN', 'routes.middleware=WARN', 'stevedore=WARN', 'taskflow=WARN', 'keystoneauth=WARN', 'oslo.cache=INFO', 'oslo_policy=INFO', 'dogpile.core.dogpile=INFO', 'glanceclient=WARN', 'oslo.privsep.daemon=INFO'] {{(pid=108870) log_opt_values /opt/stack/data/venv/lib/python3.12/site-packages/oslo_config/cfg.py:3242}}
Jun 29 04:55:46.088238 np0000183409 devstack@n-api-meta.service[108870]: DEBUG nova.api.openstack.wsgi_app [None req-b594f2f9-a876-4c79-b7da-356035444ac8 None None] default_schedule_zone = None {{(pid=108870) log_opt_values /opt/stack/data/venv/lib/python3.12/site-packages/oslo_config/cfg.py:3242}}
Jun 29 04:55:46.088381 np0000183409 devstack@n-api-meta.service[108870]: DEBUG nova.api.openstack.wsgi_app [None req-b594f2f9-a876-4c79-b7da-356035444ac8 None None] default_thread_pool_size = 10 {{(pid=108870) log_opt_values /opt/stack/data/venv/lib/python3.12/site-packages/oslo_config/cfg.py:3242}}
Jun 29 04:55:46.088575 np0000183409 devstack@n-api-meta.service[108870]: DEBUG nova.api.openstack.wsgi_app [None req-b594f2f9-a876-4c79-b7da-356035444ac8 None None] disk_allocation_ratio = None {{(pid=108870) log_opt_values /opt/stack/data/venv/lib/python3.12/site-packages/oslo_config/cfg.py:3242}}
Jun 29 04:55:46.088732 np0000183409 devstack@n-api-meta.service[108870]: DEBUG nova.api.openstack.wsgi_app [None req-b594f2f9-a876-4c79-b7da-356035444ac8 None None] enable_new_services = True {{(pid=108870) log_opt_values /opt/stack/data/venv/lib/python3.12/site-packages/oslo_config/cfg.py:3242}}
Jun 29 04:55:46.088932 np0000183409 devstack@n-api-meta.service[108870]: DEBUG nova.api.openstack.wsgi_app [None req-b594f2f9-a876-4c79-b7da-356035444ac8 None None] flat_injected = False {{(pid=108870) log_opt_values /opt/stack/data/venv/lib/python3.12/site-packages/oslo_config/cfg.py:3242}}
Jun 29 04:55:46.089097 np0000183409 devstack@n-api-meta.service[108870]: DEBUG nova.api.openstack.wsgi_app [None req-b594f2f9-a876-4c79-b7da-356035444ac8 None None] force_config_drive = False {{(pid=108870) log_opt_values /opt/stack/data/venv/lib/python3.12/site-packages/oslo_config/cfg.py:3242}}
Jun 29 04:55:46.089315 np0000183409 devstack@n-api-meta.service[108870]: DEBUG nova.api.openstack.wsgi_app [None req-b594f2f9-a876-4c79-b7da-356035444ac8 None None] force_raw_images = True {{(pid=108870) log_opt_values /opt/stack/data/venv/lib/python3.12/site-packages/oslo_config/cfg.py:3242}}
Jun 29 04:55:46.089421 np0000183409 devstack@n-api-meta.service[108870]: DEBUG nova.api.openstack.wsgi_app [None req-b594f2f9-a876-4c79-b7da-356035444ac8 None None] graceful_shutdown_timeout = 5 {{(pid=108870) log_opt_values /opt/stack/data/venv/lib/python3.12/site-packages/oslo_config/cfg.py:3242}}
Jun 29 04:55:46.089580 np0000183409 devstack@n-api-meta.service[108870]: DEBUG nova.api.openstack.wsgi_app [None req-b594f2f9-a876-4c79-b7da-356035444ac8 None None] heal_instance_info_cache_interval = -1 {{(pid=108870) log_opt_values /opt/stack/data/venv/lib/python3.12/site-packages/oslo_config/cfg.py:3242}}
Jun 29 04:55:46.089646 np0000183409 devstack@n-api-meta.service[108872]: DEBUG oslo_db.sqlalchemy.engines [None req-41b7107f-703a-4fff-b1cd-dcd4aa7b9b07 None None] MySQL server mode set to STRICT_TRANS_TABLES,STRICT_ALL_TABLES,NO_ZERO_IN_DATE,NO_ZERO_DATE,ERROR_FOR_DIVISION_BY_ZERO,TRADITIONAL,NO_ENGINE_SUBSTITUTION {{(pid=108872) _check_effective_sql_mode /opt/stack/data/venv/lib/python3.12/site-packages/oslo_db/sqlalchemy/engines.py:325}}
Jun 29 04:55:46.089754 np0000183409 devstack@n-api-meta.service[108870]: DEBUG nova.api.openstack.wsgi_app [None req-b594f2f9-a876-4c79-b7da-356035444ac8 None None] host = np0000183409 {{(pid=108870) log_opt_values /opt/stack/data/venv/lib/python3.12/site-packages/oslo_config/cfg.py:3242}}
Jun 29 04:55:46.089905 np0000183409 devstack@n-api-meta.service[108870]: DEBUG nova.api.openstack.wsgi_app [None req-b594f2f9-a876-4c79-b7da-356035444ac8 None None] initial_cpu_allocation_ratio = 4.0 {{(pid=108870) log_opt_values /opt/stack/data/venv/lib/python3.12/site-packages/oslo_config/cfg.py:3242}}
Jun 29 04:55:46.090052 np0000183409 devstack@n-api-meta.service[108870]: DEBUG nova.api.openstack.wsgi_app [None req-b594f2f9-a876-4c79-b7da-356035444ac8 None None] initial_disk_allocation_ratio = 1.0 {{(pid=108870) log_opt_values /opt/stack/data/venv/lib/python3.12/site-packages/oslo_config/cfg.py:3242}}
Jun 29 04:55:46.090179 np0000183409 devstack@n-api-meta.service[108870]: DEBUG nova.api.openstack.wsgi_app [None req-b594f2f9-a876-4c79-b7da-356035444ac8 None None] initial_ram_allocation_ratio = 1.0 {{(pid=108870) log_opt_values /opt/stack/data/venv/lib/python3.12/site-packages/oslo_config/cfg.py:3242}}
Jun 29 04:55:46.090350 np0000183409 devstack@n-api-meta.service[108870]: DEBUG nova.api.openstack.wsgi_app [None req-b594f2f9-a876-4c79-b7da-356035444ac8 None None] injected_network_template = /opt/stack/nova/nova/virt/interfaces.template {{(pid=108870) log_opt_values /opt/stack/data/venv/lib/python3.12/site-packages/oslo_config/cfg.py:3242}}
Jun 29 04:55:46.090497 np0000183409 devstack@n-api-meta.service[108870]: DEBUG nova.api.openstack.wsgi_app [None req-b594f2f9-a876-4c79-b7da-356035444ac8 None None] instance_build_timeout = 0 {{(pid=108870) log_opt_values /opt/stack/data/venv/lib/python3.12/site-packages/oslo_config/cfg.py:3242}}
Jun 29 04:55:46.090602 np0000183409 devstack@n-api-meta.service[108870]: DEBUG nova.api.openstack.wsgi_app [None req-b594f2f9-a876-4c79-b7da-356035444ac8 None None] instance_delete_interval = 300 {{(pid=108870) log_opt_values /opt/stack/data/venv/lib/python3.12/site-packages/oslo_config/cfg.py:3242}}
Jun 29 04:55:46.090785 np0000183409 devstack@n-api-meta.service[108870]: DEBUG nova.api.openstack.wsgi_app [None req-b594f2f9-a876-4c79-b7da-356035444ac8 None None] instance_format = [instance: %(uuid)s] {{(pid=108870) log_opt_values /opt/stack/data/venv/lib/python3.12/site-packages/oslo_config/cfg.py:3242}}
Jun 29 04:55:46.090941 np0000183409 devstack@n-api-meta.service[108870]: DEBUG nova.api.openstack.wsgi_app [None req-b594f2f9-a876-4c79-b7da-356035444ac8 None None] instance_name_template = instance-%08x {{(pid=108870) log_opt_values /opt/stack/data/venv/lib/python3.12/site-packages/oslo_config/cfg.py:3242}}
Jun 29 04:55:46.091129 np0000183409 devstack@n-api-meta.service[108870]: DEBUG nova.api.openstack.wsgi_app [None req-b594f2f9-a876-4c79-b7da-356035444ac8 None None] instance_usage_audit = False {{(pid=108870) log_opt_values /opt/stack/data/venv/lib/python3.12/site-packages/oslo_config/cfg.py:3242}}
Jun 29 04:55:46.091269 np0000183409 devstack@n-api-meta.service[108870]: DEBUG nova.api.openstack.wsgi_app [None req-b594f2f9-a876-4c79-b7da-356035444ac8 None None] instance_usage_audit_period = month {{(pid=108870) log_opt_values /opt/stack/data/venv/lib/python3.12/site-packages/oslo_config/cfg.py:3242}}
Jun 29 04:55:46.091401 np0000183409 devstack@n-api-meta.service[108870]: DEBUG nova.api.openstack.wsgi_app [None req-b594f2f9-a876-4c79-b7da-356035444ac8 None None] instance_uuid_format = [instance: %(uuid)s] {{(pid=108870) log_opt_values /opt/stack/data/venv/lib/python3.12/site-packages/oslo_config/cfg.py:3242}}
Jun 29 04:55:46.091523 np0000183409 devstack@n-api-meta.service[108870]: DEBUG nova.api.openstack.wsgi_app [None req-b594f2f9-a876-4c79-b7da-356035444ac8 None None] instances_path = /opt/stack/data/nova/instances {{(pid=108870) log_opt_values /opt/stack/data/venv/lib/python3.12/site-packages/oslo_config/cfg.py:3242}}
Jun 29 04:55:46.091637 np0000183409 devstack@n-api-meta.service[108870]: DEBUG nova.api.openstack.wsgi_app [None req-b594f2f9-a876-4c79-b7da-356035444ac8 None None] internal_service_availability_zone = internal {{(pid=108870) log_opt_values /opt/stack/data/venv/lib/python3.12/site-packages/oslo_config/cfg.py:3242}}
Jun 29 04:55:46.091830 np0000183409 devstack@n-api-meta.service[108870]: DEBUG nova.api.openstack.wsgi_app [None req-b594f2f9-a876-4c79-b7da-356035444ac8 None None] key = None {{(pid=108870) log_opt_values /opt/stack/data/venv/lib/python3.12/site-packages/oslo_config/cfg.py:3242}}
Jun 29 04:55:46.092026 np0000183409 devstack@n-api-meta.service[108870]: DEBUG nova.api.openstack.wsgi_app [None req-b594f2f9-a876-4c79-b7da-356035444ac8 None None] live_migration_retry_count = 30 {{(pid=108870) log_opt_values /opt/stack/data/venv/lib/python3.12/site-packages/oslo_config/cfg.py:3242}}
Jun 29 04:55:46.092171 np0000183409 devstack@n-api-meta.service[108870]: DEBUG nova.api.openstack.wsgi_app [None req-b594f2f9-a876-4c79-b7da-356035444ac8 None None] log_color = False {{(pid=108870) log_opt_values /opt/stack/data/venv/lib/python3.12/site-packages/oslo_config/cfg.py:3242}}
Jun 29 04:55:46.092296 np0000183409 devstack@n-api-meta.service[108870]: DEBUG nova.api.openstack.wsgi_app [None req-b594f2f9-a876-4c79-b7da-356035444ac8 None None] log_config_append = None {{(pid=108870) log_opt_values /opt/stack/data/venv/lib/python3.12/site-packages/oslo_config/cfg.py:3242}}
Jun 29 04:55:46.092431 np0000183409 devstack@n-api-meta.service[108870]: DEBUG nova.api.openstack.wsgi_app [None req-b594f2f9-a876-4c79-b7da-356035444ac8 None None] log_date_format = %Y-%m-%d %H:%M:%S {{(pid=108870) log_opt_values /opt/stack/data/venv/lib/python3.12/site-packages/oslo_config/cfg.py:3242}}
Jun 29 04:55:46.092557 np0000183409 devstack@n-api-meta.service[108870]: DEBUG nova.api.openstack.wsgi_app [None req-b594f2f9-a876-4c79-b7da-356035444ac8 None None] log_dir = None {{(pid=108870) log_opt_values /opt/stack/data/venv/lib/python3.12/site-packages/oslo_config/cfg.py:3242}}
Jun 29 04:55:46.092684 np0000183409 devstack@n-api-meta.service[108870]: DEBUG nova.api.openstack.wsgi_app [None req-b594f2f9-a876-4c79-b7da-356035444ac8 None None] log_file = None {{(pid=108870) log_opt_values /opt/stack/data/venv/lib/python3.12/site-packages/oslo_config/cfg.py:3242}}
Jun 29 04:55:46.092783 np0000183409 devstack@n-api-meta.service[108870]: DEBUG nova.api.openstack.wsgi_app [None req-b594f2f9-a876-4c79-b7da-356035444ac8 None None] log_options = True {{(pid=108870) log_opt_values /opt/stack/data/venv/lib/python3.12/site-packages/oslo_config/cfg.py:3242}}
Jun 29 04:55:46.092925 np0000183409 devstack@n-api-meta.service[108870]: DEBUG nova.api.openstack.wsgi_app [None req-b594f2f9-a876-4c79-b7da-356035444ac8 None None] log_rotate_interval = 1 {{(pid=108870) log_opt_values /opt/stack/data/venv/lib/python3.12/site-packages/oslo_config/cfg.py:3242}}
Jun 29 04:55:46.093058 np0000183409 devstack@n-api-meta.service[108870]: DEBUG nova.api.openstack.wsgi_app [None req-b594f2f9-a876-4c79-b7da-356035444ac8 None None] log_rotate_interval_type = days {{(pid=108870) log_opt_values /opt/stack/data/venv/lib/python3.12/site-packages/oslo_config/cfg.py:3242}}
Jun 29 04:55:46.093192 np0000183409 devstack@n-api-meta.service[108870]: DEBUG nova.api.openstack.wsgi_app [None req-b594f2f9-a876-4c79-b7da-356035444ac8 None None] log_rotation_type = none {{(pid=108870) log_opt_values /opt/stack/data/venv/lib/python3.12/site-packages/oslo_config/cfg.py:3242}}
Jun 29 04:55:46.093298 np0000183409 devstack@n-api-meta.service[108870]: DEBUG nova.api.openstack.wsgi_app [None req-b594f2f9-a876-4c79-b7da-356035444ac8 None None] logging_context_format_string = %(color)s%(levelname)s %(name)s [%(global_request_id)s %(request_id)s %(project_name)s %(user_name)s%(color)s] %(instance)s%(color)s%(message)s {{(pid=108870) log_opt_values /opt/stack/data/venv/lib/python3.12/site-packages/oslo_config/cfg.py:3242}}
Jun 29 04:55:46.093416 np0000183409 devstack@n-api-meta.service[108870]: DEBUG nova.api.openstack.wsgi_app [None req-b594f2f9-a876-4c79-b7da-356035444ac8 None None] logging_debug_format_suffix = {{(pid=%(process)d) %(funcName)s %(pathname)s:%(lineno)d}} {{(pid=108870) log_opt_values /opt/stack/data/venv/lib/python3.12/site-packages/oslo_config/cfg.py:3242}}
Jun 29 04:55:46.093597 np0000183409 devstack@n-api-meta.service[108870]: DEBUG nova.api.openstack.wsgi_app [None req-b594f2f9-a876-4c79-b7da-356035444ac8 None None] logging_default_format_string = %(color)s%(levelname)s %(name)s [-%(color)s] %(instance)s%(color)s%(message)s {{(pid=108870) log_opt_values /opt/stack/data/venv/lib/python3.12/site-packages/oslo_config/cfg.py:3242}}
Jun 29 04:55:46.093721 np0000183409 devstack@n-api-meta.service[108870]: DEBUG nova.api.openstack.wsgi_app [None req-b594f2f9-a876-4c79-b7da-356035444ac8 None None] logging_exception_prefix = ERROR %(name)s %(instance)s {{(pid=108870) log_opt_values /opt/stack/data/venv/lib/python3.12/site-packages/oslo_config/cfg.py:3242}}
Jun 29 04:55:46.093825 np0000183409 devstack@n-api-meta.service[108870]: DEBUG nova.api.openstack.wsgi_app [None req-b594f2f9-a876-4c79-b7da-356035444ac8 None None] logging_user_identity_format = %(user)s %(project)s %(domain)s %(system_scope)s %(user_domain)s %(project_domain)s {{(pid=108870) log_opt_values /opt/stack/data/venv/lib/python3.12/site-packages/oslo_config/cfg.py:3242}}
Jun 29 04:55:46.093965 np0000183409 devstack@n-api-meta.service[108870]: DEBUG nova.api.openstack.wsgi_app [None req-b594f2f9-a876-4c79-b7da-356035444ac8 None None] long_rpc_timeout = 1800 {{(pid=108870) log_opt_values /opt/stack/data/venv/lib/python3.12/site-packages/oslo_config/cfg.py:3242}}
Jun 29 04:55:46.094091 np0000183409 devstack@n-api-meta.service[108870]: DEBUG nova.api.openstack.wsgi_app [None req-b594f2f9-a876-4c79-b7da-356035444ac8 None None] manager_shutdown_timeout = 160 {{(pid=108870) log_opt_values /opt/stack/data/venv/lib/python3.12/site-packages/oslo_config/cfg.py:3242}}
