Jun 29 04:55:07.943624 np0000183405 neutron-rpc-server[105191]: DEBUG cotyledon.oslo_config_glue [-] privsep.log_daemon_traceback = False {{(pid=105191) log_opt_values /opt/stack/data/venv/lib/python3.12/site-packages/oslo_config/cfg.py:3253}}
Jun 29 04:55:07.943624 np0000183405 neutron-rpc-server[105191]: DEBUG cotyledon.oslo_config_glue [-] privsep.logger_name = oslo_privsep.daemon {{(pid=105191) log_opt_values /opt/stack/data/venv/lib/python3.12/site-packages/oslo_config/cfg.py:3253}}
Jun 29 04:55:07.943624 np0000183405 neutron-rpc-server[105191]: DEBUG cotyledon.oslo_config_glue [-] privsep.thread_pool_size = 16 {{(pid=105191) log_opt_values /opt/stack/data/venv/lib/python3.12/site-packages/oslo_config/cfg.py:3253}}
Jun 29 04:55:07.943948 np0000183405 neutron-rpc-server[105191]: DEBUG cotyledon.oslo_config_glue [-] privsep.user = None {{(pid=105191) log_opt_values /opt/stack/data/venv/lib/python3.12/site-packages/oslo_config/cfg.py:3253}}
Jun 29 04:55:07.943948 np0000183405 neutron-rpc-server[105191]: DEBUG cotyledon.oslo_config_glue [-] privsep_dhcp_release.capabilities = [21, 12] {{(pid=105191) log_opt_values /opt/stack/data/venv/lib/python3.12/site-packages/oslo_config/cfg.py:3253}}
Jun 29 04:55:07.943948 np0000183405 neutron-rpc-server[105191]: DEBUG cotyledon.oslo_config_glue [-] privsep_dhcp_release.group = None {{(pid=105191) log_opt_values /opt/stack/data/venv/lib/python3.12/site-packages/oslo_config/cfg.py:3253}}
Jun 29 04:55:07.943948 np0000183405 neutron-rpc-server[105191]: DEBUG cotyledon.oslo_config_glue [-] privsep_dhcp_release.helper_command = None {{(pid=105191) log_opt_values /opt/stack/data/venv/lib/python3.12/site-packages/oslo_config/cfg.py:3253}}
Jun 29 04:55:07.943948 np0000183405 neutron-rpc-server[105191]: DEBUG cotyledon.oslo_config_glue [-] privsep_dhcp_release.log_daemon_traceback = False {{(pid=105191) log_opt_values /opt/stack/data/venv/lib/python3.12/site-packages/oslo_config/cfg.py:3253}}
Jun 29 04:55:07.943948 np0000183405 neutron-rpc-server[105191]: DEBUG cotyledon.oslo_config_glue [-] privsep_dhcp_release.logger_name = oslo_privsep.daemon {{(pid=105191) log_opt_values /opt/stack/data/venv/lib/python3.12/site-packages/oslo_config/cfg.py:3253}}
Jun 29 04:55:07.943948 np0000183405 neutron-rpc-server[105191]: DEBUG cotyledon.oslo_config_glue [-] privsep_dhcp_release.thread_pool_size = 16 {{(pid=105191) log_opt_values /opt/stack/data/venv/lib/python3.12/site-packages/oslo_config/cfg.py:3253}}
Jun 29 04:55:07.943948 np0000183405 neutron-rpc-server[105191]: DEBUG cotyledon.oslo_config_glue [-] privsep_dhcp_release.user = None {{(pid=105191) log_opt_values /opt/stack/data/venv/lib/python3.12/site-packages/oslo_config/cfg.py:3253}}
Jun 29 04:55:07.943948 np0000183405 neutron-rpc-server[105191]: DEBUG cotyledon.oslo_config_glue [-] privsep_ovs_vsctl.capabilities = [21, 12] {{(pid=105191) log_opt_values /opt/stack/data/venv/lib/python3.12/site-packages/oslo_config/cfg.py:3253}}
Jun 29 04:55:07.944505 np0000183405 neutron-rpc-server[105191]: DEBUG cotyledon.oslo_config_glue [-] privsep_ovs_vsctl.group = None {{(pid=105191) log_opt_values /opt/stack/data/venv/lib/python3.12/site-packages/oslo_config/cfg.py:3253}}
Jun 29 04:55:07.944505 np0000183405 neutron-rpc-server[105191]: DEBUG cotyledon.oslo_config_glue [-] privsep_ovs_vsctl.helper_command = None {{(pid=105191) log_opt_values /opt/stack/data/venv/lib/python3.12/site-packages/oslo_config/cfg.py:3253}}
Jun 29 04:55:07.944505 np0000183405 neutron-rpc-server[105191]: DEBUG cotyledon.oslo_config_glue [-] privsep_ovs_vsctl.log_daemon_traceback = False {{(pid=105191) log_opt_values /opt/stack/data/venv/lib/python3.12/site-packages/oslo_config/cfg.py:3253}}
Jun 29 04:55:07.944505 np0000183405 neutron-rpc-server[105191]: DEBUG cotyledon.oslo_config_glue [-] privsep_ovs_vsctl.logger_name = oslo_privsep.daemon {{(pid=105191) log_opt_values /opt/stack/data/venv/lib/python3.12/site-packages/oslo_config/cfg.py:3253}}
Jun 29 04:55:07.944505 np0000183405 neutron-rpc-server[105191]: DEBUG cotyledon.oslo_config_glue [-] privsep_ovs_vsctl.thread_pool_size = 16 {{(pid=105191) log_opt_values /opt/stack/data/venv/lib/python3.12/site-packages/oslo_config/cfg.py:3253}}
Jun 29 04:55:07.944505 np0000183405 neutron-rpc-server[105191]: DEBUG cotyledon.oslo_config_glue [-] privsep_ovs_vsctl.user = None {{(pid=105191) log_opt_values /opt/stack/data/venv/lib/python3.12/site-packages/oslo_config/cfg.py:3253}}
Jun 29 04:55:07.944505 np0000183405 neutron-rpc-server[105191]: DEBUG cotyledon.oslo_config_glue [-] privsep_namespace.capabilities = [21] {{(pid=105191) log_opt_values /opt/stack/data/venv/lib/python3.12/site-packages/oslo_config/cfg.py:3253}}
Jun 29 04:55:07.944505 np0000183405 neutron-rpc-server[105191]: DEBUG cotyledon.oslo_config_glue [-] privsep_namespace.group = None {{(pid=105191) log_opt_values /opt/stack/data/venv/lib/python3.12/site-packages/oslo_config/cfg.py:3253}}
Jun 29 04:55:07.944505 np0000183405 neutron-rpc-server[105191]: DEBUG cotyledon.oslo_config_glue [-] privsep_namespace.helper_command = None {{(pid=105191) log_opt_values /opt/stack/data/venv/lib/python3.12/site-packages/oslo_config/cfg.py:3253}}
Jun 29 04:55:07.944962 np0000183405 neutron-rpc-server[105191]: DEBUG cotyledon.oslo_config_glue [-] privsep_namespace.log_daemon_traceback = False {{(pid=105191) log_opt_values /opt/stack/data/venv/lib/python3.12/site-packages/oslo_config/cfg.py:3253}}
Jun 29 04:55:07.944962 np0000183405 neutron-rpc-server[105191]: DEBUG cotyledon.oslo_config_glue [-] privsep_namespace.logger_name = oslo_privsep.daemon {{(pid=105191) log_opt_values /opt/stack/data/venv/lib/python3.12/site-packages/oslo_config/cfg.py:3253}}
Jun 29 04:55:07.944962 np0000183405 neutron-rpc-server[105191]: DEBUG cotyledon.oslo_config_glue [-] privsep_namespace.thread_pool_size = 16 {{(pid=105191) log_opt_values /opt/stack/data/venv/lib/python3.12/site-packages/oslo_config/cfg.py:3253}}
Jun 29 04:55:07.944962 np0000183405 neutron-rpc-server[105191]: DEBUG cotyledon.oslo_config_glue [-] privsep_namespace.user = None {{(pid=105191) log_opt_values /opt/stack/data/venv/lib/python3.12/site-packages/oslo_config/cfg.py:3253}}
Jun 29 04:55:07.944962 np0000183405 neutron-rpc-server[105191]: DEBUG cotyledon.oslo_config_glue [-] privsep_conntrack.capabilities = [12] {{(pid=105191) log_opt_values /opt/stack/data/venv/lib/python3.12/site-packages/oslo_config/cfg.py:3253}}
Jun 29 04:55:07.944962 np0000183405 neutron-rpc-server[105191]: DEBUG cotyledon.oslo_config_glue [-] privsep_conntrack.group = None {{(pid=105191) log_opt_values /opt/stack/data/venv/lib/python3.12/site-packages/oslo_config/cfg.py:3253}}
Jun 29 04:55:07.945361 np0000183405 neutron-rpc-server[105124]: ERROR neutron.common.ovn.hash_ring_manager [None req-e606010c-ee89-4253-abeb-b7c4b84c799f None None] The Neutron API workers count is zero
Jun 29 04:55:07.945474 np0000183405 neutron-rpc-server[105191]: DEBUG cotyledon.oslo_config_glue [-] privsep_conntrack.helper_command = None {{(pid=105191) log_opt_values /opt/stack/data/venv/lib/python3.12/site-packages/oslo_config/cfg.py:3253}}
Jun 29 04:55:07.945474 np0000183405 neutron-rpc-server[105191]: DEBUG cotyledon.oslo_config_glue [-] privsep_conntrack.log_daemon_traceback = False {{(pid=105191) log_opt_values /opt/stack/data/venv/lib/python3.12/site-packages/oslo_config/cfg.py:3253}}
Jun 29 04:55:07.945474 np0000183405 neutron-rpc-server[105191]: DEBUG cotyledon.oslo_config_glue [-] privsep_conntrack.logger_name = oslo_privsep.daemon {{(pid=105191) log_opt_values /opt/stack/data/venv/lib/python3.12/site-packages/oslo_config/cfg.py:3253}}
Jun 29 04:55:07.945625 np0000183405 neutron-rpc-server[105124]: ERROR neutron.plugins.ml2.drivers.ovn.mech_driver.ovsdb.ovsdb_monitor [None req-e606010c-ee89-4253-abeb-b7c4b84c799f None None] The Neutron API workers count is zero: RuntimeError: The Neutron API workers count is zero
Jun 29 04:55:07.945625 np0000183405 neutron-rpc-server[105124]: ERROR neutron.plugins.ml2.drivers.ovn.mech_driver.ovsdb.ovsdb_monitor
Traceback (most recent call last):
Jun 29 04:55:07.945625 np0000183405 neutron-rpc-server[105124]: ERROR neutron.plugins.ml2.drivers.ovn.mech_driver.ovsdb.ovsdb_monitor
File "/opt/stack/neutron/neutron/plugins/ml2/drivers/ovn/mech_driver/ovsdb/ovsdb_monitor.py", line 989, in notify
Jun 29 04:55:07.945625 np0000183405 neutron-rpc-server[105124]: ERROR neutron.plugins.ml2.drivers.ovn.mech_driver.ovsdb.ovsdb_monitor target_node, node_last_touch = self._hash_ring.get_node(
Jun 29 04:55:07.945625 np0000183405 neutron-rpc-server[105124]: ERROR neutron.plugins.ml2.drivers.ovn.mech_driver.ovsdb.ovsdb_monitor ^^^^^^^^^^^^^^^^^^^^^^^^^
Jun 29 04:55:07.945625 np0000183405 neutron-rpc-server[105124]: ERROR neutron.plugins.ml2.drivers.ovn.mech_driver.ovsdb.ovsdb_monitor
File "/opt/stack/neutron/neutron/common/ovn/hash_ring_manager.py", line 117, in get_node
Jun 29 04:55:07.945625 np0000183405 neutron-rpc-server[105124]: ERROR neutron.plugins.ml2.drivers.ovn.mech_driver.ovsdb.ovsdb_monitor self._load_hash_ring()
Jun 29 04:55:07.945625 np0000183405 neutron-rpc-server[105124]: ERROR neutron.plugins.ml2.drivers.ovn.mech_driver.ovsdb.ovsdb_monitor
File "/opt/stack/neutron/neutron/common/ovn/hash_ring_manager.py", line 95, in _load_hash_ring
Jun 29 04:55:07.945625 np0000183405 neutron-rpc-server[105124]: ERROR neutron.plugins.ml2.drivers.ovn.mech_driver.ovsdb.ovsdb_monitor self._wait_startup_before_caching or
Jun 29 04:55:07.945625 np0000183405 neutron-rpc-server[105124]: ERROR neutron.plugins.ml2.drivers.ovn.mech_driver.ovsdb.ovsdb_monitor ^^^^^^^^^^^^^^^^^^^^^^^^^^^^^^^^^
Jun 29 04:55:07.945625 np0000183405 neutron-rpc-server[105124]: ERROR neutron.plugins.ml2.drivers.ovn.mech_driver.ovsdb.ovsdb_monitor
File "/opt/stack/neutron/neutron/common/ovn/hash_ring_manager.py", line 63, in _wait_startup_before_caching
Jun 29 04:55:07.945625 np0000183405 neutron-rpc-server[105124]: ERROR neutron.plugins.ml2.drivers.ovn.mech_driver.ovsdb.ovsdb_monitor raise RuntimeError(msg)
Jun 29 04:55:07.945625 np0000183405 neutron-rpc-server[105124]: ERROR neutron.plugins.ml2.drivers.ovn.mech_driver.ovsdb.ovsdb_monitor RuntimeError: The Neutron API workers count is zero
Jun 29 04:55:07.945980 np0000183405 neutron-rpc-server[105124]: ERROR neutron.plugins.ml2.drivers.ovn.mech_driver.ovsdb.ovsdb_monitor
Jun 29 04:55:07.946194 np0000183405 neutron-rpc-server[105191]: DEBUG cotyledon.oslo_config_glue [-] privsep_conntrack.thread_pool_size = 16 {{(pid=105191) log_opt_values /opt/stack/data/venv/lib/python3.12/site-packages/oslo_config/cfg.py:3253}}
Jun 29 04:55:07.946353 np0000183405 neutron-rpc-server[105164]: DEBUG ovsdbapp.backend.ovs_idl [None req-9bbade48-cde4-4fb2-aff9-e2a23410baf4 None None] Created lookup_table index Chassis.name {{(pid=105164) autocreate_indices /opt/stack/data/venv/lib/python3.12/site-packages/ovsdbapp/backend/ovs_idl/__init__.py:87}}
Jun 29 04:55:07.946470 np0000183405 neutron-rpc-server[105124]: DEBUG neutron.plugins.ml2.drivers.ovn.mech_driver.ovsdb.ovsdb_monitor [None req-e606010c-ee89-4253-abeb-b7c4b84c799f None None] ChassisOVNAgentWriteEvent : Matched Chassis_Private, create, None None {{(pid=105124) matches /opt/stack/neutron/neutron/plugins/ml2/drivers/ovn/mech_driver/ovsdb/ovsdb_monitor.py:64}}
Jun 29 04:55:07.946575 np0000183405 neutron-rpc-server[105164]: DEBUG ovsdbapp.backend.ovs_idl [None req-9bbade48-cde4-4fb2-aff9-e2a23410baf4 None None] Created lookup_table index Port_Binding.logical_port {{(pid=105164) autocreate_indices /opt/stack/data/venv/lib/python3.12/site-packages/ovsdbapp/backend/ovs_idl/__init__.py:87}}
Jun 29 04:55:07.946674 np0000183405 neutron-rpc-server[105191]: DEBUG cotyledon.oslo_config_glue [-] privsep_conntrack.user = None {{(pid=105191) log_opt_values /opt/stack/data/venv/lib/python3.12/site-packages/oslo_config/cfg.py:3253}}
Jun 29 04:55:07.946826 np0000183405 neutron-rpc-server[105164]: DEBUG ovsdbapp.backend.ovs_idl [None req-9bbade48-cde4-4fb2-aff9-e2a23410baf4 None None] Created schema index Chassis_Private.name {{(pid=105164) autocreate_indices /opt/stack/data/venv/lib/python3.12/site-packages/ovsdbapp/backend/ovs_idl/__init__.py:106}}
Jun 29 04:55:07.946930 np0000183405 neutron-rpc-server[105191]: DEBUG cotyledon.oslo_config_glue [-] privsep_link.capabilities = [12, 21] {{(pid=105191) log_opt_values /opt/stack/data/venv/lib/python3.12/site-packages/oslo_config/cfg.py:3253}}
Jun 29 04:55:07.947015 np0000183405 neutron-rpc-server[105124]: DEBUG neutron.plugins.ml2.drivers.ovn.mech_driver.ovsdb.ovsdb_monitor [None req-e606010c-ee89-4253-abeb-b7c4b84c799f None None] ChassisAgentWriteEvent : Matched Chassis_Private, create, None None {{(pid=105124) matches /opt/stack/neutron/neutron/plugins/ml2/drivers/ovn/mech_driver/ovsdb/ovsdb_monitor.py:64}}
Jun 29 04:55:07.947184 np0000183405 neutron-rpc-server[105164]: DEBUG ovsdbapp.backend.ovs_idl [None req-9bbade48-cde4-4fb2-aff9-e2a23410baf4 None None] Created schema index Datapath_Binding.tunnel_key {{(pid=105164) autocreate_indices /opt/stack/data/venv/lib/python3.12/site-packages/ovsdbapp/backend/ovs_idl/__init__.py:106}}
Jun 29 04:55:07.947272 np0000183405 neutron-rpc-server[105191]: DEBUG cotyledon.oslo_config_glue [-] privsep_link.group = None {{(pid=105191) log_opt_values /opt/stack/data/venv/lib/python3.12/site-packages/oslo_config/cfg.py:3253}}
Jun 29 04:55:07.947272 np0000183405 neutron-rpc-server[105191]: DEBUG cotyledon.oslo_config_glue [-] privsep_link.helper_command = None {{(pid=105191) log_opt_values /opt/stack/data/venv/lib/python3.12/site-packages/oslo_config/cfg.py:3253}}
Jun 29 04:55:07.947272 np0000183405 neutron-rpc-server[105191]: DEBUG cotyledon.oslo_config_glue [-] privsep_link.log_daemon_traceback = False {{(pid=105191) log_opt_values /opt/stack/data/venv/lib/python3.12/site-packages/oslo_config/cfg.py:3253}}
Jun 29 04:55:07.947413 np0000183405 neutron-rpc-server[105124]: ERROR neutron.common.ovn.hash_ring_manager [None req-e606010c-ee89-4253-abeb-b7c4b84c799f None None] The Neutron API workers count is zero
Jun 29 04:55:07.947602 np0000183405 neutron-rpc-server[105191]: DEBUG cotyledon.oslo_config_glue [-] privsep_link.logger_name = oslo_privsep.daemon {{(pid=105191) log_opt_values /opt/stack/data/venv/lib/python3.12/site-packages/oslo_config/cfg.py:3253}}
Jun 29 04:55:07.947602 np0000183405 neutron-rpc-server[105191]: DEBUG cotyledon.oslo_config_glue [-] privsep_link.thread_pool_size = 16 {{(pid=105191) log_opt_values /opt/stack/data/venv/lib/python3.12/site-packages/oslo_config/cfg.py:3253}}
Jun 29 04:55:07.947602 np0000183405 neutron-rpc-server[105191]: DEBUG cotyledon.oslo_config_glue [-] privsep_link.user = None {{(pid=105191) log_opt_values /opt/stack/data/venv/lib/python3.12/site-packages/oslo_config/cfg.py:3253}}
Jun 29 04:55:07.947602 np0000183405 neutron-rpc-server[105191]: DEBUG cotyledon.oslo_config_glue [-] AGENT.root_helper = sudo /opt/stack/data/venv/bin/neutron-rootwrap /etc/neutron/rootwrap.conf {{(pid=105191) log_opt_values /opt/stack/data/venv/lib/python3.12/site-packages/oslo_config/cfg.py:3253}}
Jun 29 04:55:07.947762 np0000183405 neutron-rpc-server[105173]: DEBUG ovsdbapp.backend.ovs_idl [None req-faa6c72a-1125-48c9-8403-08a7bc40f247 None None] Created lookup_table index Chassis.name {{(pid=105173) autocreate_indices /opt/stack/data/venv/lib/python3.12/site-packages/ovsdbapp/backend/ovs_idl/__init__.py:87}}
Jun 29 04:55:07.947887 np0000183405 neutron-rpc-server[105124]: ERROR neutron.plugins.ml2.drivers.ovn.mech_driver.ovsdb.ovsdb_monitor [None req-e606010c-ee89-4253-abeb-b7c4b84c799f None None] The Neutron API workers count is zero: RuntimeError: The Neutron API workers count is zero
Jun 29 04:55:07.947887 np0000183405 neutron-rpc-server[105124]: ERROR neutron.plugins.ml2.drivers.ovn.mech_driver.ovsdb.ovsdb_monitor
Traceback (most recent call last):
Jun 29 04:55:07.947887 np0000183405 neutron-rpc-server[105124]: ERROR neutron.plugins.ml2.drivers.ovn.mech_driver.ovsdb.ovsdb_monitor
File "/opt/stack/neutron/neutron/plugins/ml2/drivers/ovn/mech_driver/ovsdb/ovsdb_monitor.py", line 989, in notify
Jun 29 04:55:07.947887 np0000183405 neutron-rpc-server[105124]: ERROR neutron.plugins.ml2.drivers.ovn.mech_driver.ovsdb.ovsdb_monitor target_node, node_last_touch = self._hash_ring.get_node(
Jun 29 04:55:07.947887 np0000183405 neutron-rpc-server[105124]: ERROR neutron.plugins.ml2.drivers.ovn.mech_driver.ovsdb.ovsdb_monitor ^^^^^^^^^^^^^^^^^^^^^^^^^
Jun 29 04:55:07.947887 np0000183405 neutron-rpc-server[105124]: ERROR neutron.plugins.ml2.drivers.ovn.mech_driver.ovsdb.ovsdb_monitor
File "/opt/stack/neutron/neutron/common/ovn/hash_ring_manager.py", line 117, in get_node
Jun 29 04:55:07.947887 np0000183405 neutron-rpc-server[105124]: ERROR neutron.plugins.ml2.drivers.ovn.mech_driver.ovsdb.ovsdb_monitor self._load_hash_ring()
Jun 29 04:55:07.947887 np0000183405 neutron-rpc-server[105124]: ERROR neutron.plugins.ml2.drivers.ovn.mech_driver.ovsdb.ovsdb_monitor
File "/opt/stack/neutron/neutron/common/ovn/hash_ring_manager.py", line 95, in _load_hash_ring
Jun 29 04:55:07.947887 np0000183405 neutron-rpc-server[105124]: ERROR neutron.plugins.ml2.drivers.ovn.mech_driver.ovsdb.ovsdb_monitor self._wait_startup_before_caching or
Jun 29 04:55:07.947887 np0000183405 neutron-rpc-server[105124]: ERROR neutron.plugins.ml2.drivers.ovn.mech_driver.ovsdb.ovsdb_monitor ^^^^^^^^^^^^^^^^^^^^^^^^^^^^^^^^^
Jun 29 04:55:07.947887 np0000183405 neutron-rpc-server[105124]: ERROR neutron.plugins.ml2.drivers.ovn.mech_driver.ovsdb.ovsdb_monitor
File "/opt/stack/neutron/neutron/common/ovn/hash_ring_manager.py", line 63, in _wait_startup_before_caching
Jun 29 04:55:07.947887 np0000183405 neutron-rpc-server[105124]: ERROR neutron.plugins.ml2.drivers.ovn.mech_driver.ovsdb.ovsdb_monitor raise RuntimeError(msg)
Jun 29 04:55:07.947887 np0000183405 neutron-rpc-server[105124]: ERROR neutron.plugins.ml2.drivers.ovn.mech_driver.ovsdb.ovsdb_monitor RuntimeError: The Neutron API workers count is zero
Jun 29 04:55:07.948203 np0000183405 neutron-rpc-server[105124]: ERROR neutron.plugins.ml2.drivers.ovn.mech_driver.ovsdb.ovsdb_monitor
Jun 29 04:55:07.948300 np0000183405 neutron-rpc-server[105173]: DEBUG ovsdbapp.backend.ovs_idl [None req-faa6c72a-1125-48c9-8403-08a7bc40f247 None None] Created lookup_table index Port_Binding.logical_port {{(pid=105173) autocreate_indices /opt/stack/data/venv/lib/python3.12/site-packages/ovsdbapp/backend/ovs_idl/__init__.py:87}}
Jun 29 04:55:07.948300 np0000183405 neutron-rpc-server[105173]: DEBUG ovsdbapp.backend.ovs_idl [None req-faa6c72a-1125-48c9-8403-08a7bc40f247 None None] Created schema index Chassis_Private.name {{(pid=105173) autocreate_indices /opt/stack/data/venv/lib/python3.12/site-packages/ovsdbapp/backend/ovs_idl/__init__.py:106}}
Jun 29 04:55:07.948417 np0000183405 neutron-rpc-server[105124]: ERROR neutron.common.ovn.hash_ring_manager [None req-e606010c-ee89-4253-abeb-b7c4b84c799f None None] The Neutron API workers count is zero
Jun 29 04:55:07.948501 np0000183405 neutron-rpc-server[105191]: DEBUG cotyledon.oslo_config_glue [-] AGENT.root_helper_daemon = sudo /opt/stack/data/venv/bin/neutron-rootwrap-daemon /etc/neutron/rootwrap.conf {{(pid=105191) log_opt_values /opt/stack/data/venv/lib/python3.12/site-packages/oslo_config/cfg.py:3253}}
Jun 29 04:55:07.948594 np0000183405 neutron-rpc-server[105173]: DEBUG ovsdbapp.backend.ovs_idl [None req-faa6c72a-1125-48c9-8403-08a7bc40f247 None None] Created schema index Datapath_Binding.tunnel_key {{(pid=105173) autocreate_indices /opt/stack/data/venv/lib/python3.12/site-packages/ovsdbapp/backend/ovs_idl/__init__.py:106}}
Jun 29 04:55:07.948688 np0000183405 neutron-rpc-server[105191]: DEBUG cotyledon.oslo_config_glue [-] AGENT.use_helper_for_ns_read = True {{(pid=105191) log_opt_values /opt/stack/data/venv/lib/python3.12/site-packages/oslo_config/cfg.py:3253}}
Jun 29 04:55:07.948688 np0000183405 neutron-rpc-server[105191]: DEBUG cotyledon.oslo_config_glue [-] SECURITYGROUP.enable_ipset = True {{(pid=105191) log_opt_values /opt/stack/data/venv/lib/python3.12/site-packages/oslo_config/cfg.py:3253}}
Jun 29 04:55:07.948817 np0000183405 neutron-rpc-server[105124]: ERROR neutron.plugins.ml2.drivers.ovn.mech_driver.ovsdb.ovsdb_monitor [None req-e606010c-ee89-4253-abeb-b7c4b84c799f None None] The Neutron API workers count is zero: RuntimeError: The Neutron API workers count is zero
Jun 29 04:55:07.948817 np0000183405 neutron-rpc-server[105124]: ERROR neutron.plugins.ml2.drivers.ovn.mech_driver.ovsdb.ovsdb_monitor
Traceback (most recent call last):
Jun 29 04:55:07.948817 np0000183405 neutron-rpc-server[105124]: ERROR neutron.plugins.ml2.drivers.ovn.mech_driver.ovsdb.ovsdb_monitor
File "/opt/stack/neutron/neutron/plugins/ml2/drivers/ovn/mech_driver/ovsdb/ovsdb_monitor.py", line 989, in notify
Jun 29 04:55:07.948817 np0000183405 neutron-rpc-server[105124]: ERROR neutron.plugins.ml2.drivers.ovn.mech_driver.ovsdb.ovsdb_monitor target_node, node_last_touch = self._hash_ring.get_node(
Jun 29 04:55:07.948817 np0000183405 neutron-rpc-server[105124]: ERROR neutron.plugins.ml2.drivers.ovn.mech_driver.ovsdb.ovsdb_monitor ^^^^^^^^^^^^^^^^^^^^^^^^^
Jun 29 04:55:07.948817 np0000183405 neutron-rpc-server[105124]: ERROR neutron.plugins.ml2.drivers.ovn.mech_driver.ovsdb.ovsdb_monitor
File "/opt/stack/neutron/neutron/common/ovn/hash_ring_manager.py", line 117, in get_node
Jun 29 04:55:07.948817 np0000183405 neutron-rpc-server[105124]: ERROR neutron.plugins.ml2.drivers.ovn.mech_driver.ovsdb.ovsdb_monitor self._load_hash_ring()
Jun 29 04:55:07.948817 np0000183405 neutron-rpc-server[105124]: ERROR neutron.plugins.ml2.drivers.ovn.mech_driver.ovsdb.ovsdb_monitor
File "/opt/stack/neutron/neutron/common/ovn/hash_ring_manager.py", line 95, in _load_hash_ring
Jun 29 04:55:07.948817 np0000183405 neutron-rpc-server[105124]: ERROR neutron.plugins.ml2.drivers.ovn.mech_driver.ovsdb.ovsdb_monitor self._wait_startup_before_caching or
Jun 29 04:55:07.948817 np0000183405 neutron-rpc-server[105124]: ERROR neutron.plugins.ml2.drivers.ovn.mech_driver.ovsdb.ovsdb_monitor ^^^^^^^^^^^^^^^^^^^^^^^^^^^^^^^^^
Jun 29 04:55:07.948817 np0000183405 neutron-rpc-server[105124]: ERROR neutron.plugins.ml2.drivers.ovn.mech_driver.ovsdb.ovsdb_monitor
File "/opt/stack/neutron/neutron/common/ovn/hash_ring_manager.py", line 63, in _wait_startup_before_caching
Jun 29 04:55:07.948817 np0000183405 neutron-rpc-server[105124]: ERROR neutron.plugins.ml2.drivers.ovn.mech_driver.ovsdb.ovsdb_monitor raise RuntimeError(msg)
Jun 29 04:55:07.948817 np0000183405 neutron-rpc-server[105124]: ERROR neutron.plugins.ml2.drivers.ovn.mech_driver.ovsdb.ovsdb_monitor RuntimeError: The Neutron API workers count is zero
Jun 29 04:55:07.949188 np0000183405 neutron-rpc-server[105124]: ERROR neutron.plugins.ml2.drivers.ovn.mech_driver.ovsdb.ovsdb_monitor
Jun 29 04:55:07.949337 np0000183405 neutron-rpc-server[105191]: DEBUG cotyledon.oslo_config_glue [-] SECURITYGROUP.enable_security_group = True {{(pid=105191) log_opt_values /opt/stack/data/venv/lib/python3.12/site-packages/oslo_config/cfg.py:3253}}
Jun 29 04:55:07.949337 np0000183405 neutron-rpc-server[105191]: DEBUG cotyledon.oslo_config_glue [-] SECURITYGROUP.firewall_driver = None {{(pid=105191) log_opt_values /opt/stack/data/venv/lib/python3.12/site-packages/oslo_config/cfg.py:3253}}
Jun 29 04:55:07.949337 np0000183405 neutron-rpc-server[105191]: DEBUG cotyledon.oslo_config_glue [-] SECURITYGROUP.permitted_ethertypes = [] {{(pid=105191) log_opt_values /opt/stack/data/venv/lib/python3.12/site-packages/oslo_config/cfg.py:3253}}
Jun 29 04:55:07.949337 np0000183405 neutron-rpc-server[105191]: DEBUG cotyledon.oslo_config_glue [-] experimental.ipv6_pd_enabled = False {{(pid=105191) log_opt_values /opt/stack/data/venv/lib/python3.12/site-packages/oslo_config/cfg.py:3253}}
Jun 29 04:55:07.949337 np0000183405 neutron-rpc-server[105191]: DEBUG cotyledon.oslo_config_glue [-] ml2.extension_drivers = ['port_security', 'qos'] {{(pid=105191) log_opt_values /opt/stack/data/venv/lib/python3.12/site-packages/oslo_config/cfg.py:3253}}
Jun 29 04:55:07.949337 np0000183405 neutron-rpc-server[105191]: DEBUG cotyledon.oslo_config_glue [-] ml2.external_network_type = None {{(pid=105191) log_opt_values /opt/stack/data/venv/lib/python3.12/site-packages/oslo_config/cfg.py:3253}}
Jun 29 04:55:07.949536 np0000183405 neutron-rpc-server[105164]: INFO ovsdbapp.backend.ovs_idl.vlog [None req-9bbade48-cde4-4fb2-aff9-e2a23410baf4 None None] ssl:199.204.45.95:6642: connecting...
Jun 29 04:55:07.949620 np0000183405 neutron-rpc-server[105191]: DEBUG cotyledon.oslo_config_glue [-] ml2.mechanism_drivers = ['ovn'] {{(pid=105191) log_opt_values /opt/stack/data/venv/lib/python3.12/site-packages/oslo_config/cfg.py:3253}}
Jun 29 04:55:07.949620 np0000183405 neutron-rpc-server[105191]: DEBUG cotyledon.oslo_config_glue [-] ml2.overlay_ip_version = 4 {{(pid=105191) log_opt_values /opt/stack/data/venv/lib/python3.12/site-packages/oslo_config/cfg.py:3253}}
Jun 29 04:55:07.949620 np0000183405 neutron-rpc-server[105191]: DEBUG cotyledon.oslo_config_glue [-] ml2.path_mtu = 0 {{(pid=105191) log_opt_values /opt/stack/data/venv/lib/python3.12/site-packages/oslo_config/cfg.py:3253}}
Jun 29 04:55:07.949620 np0000183405 neutron-rpc-server[105191]: DEBUG cotyledon.oslo_config_glue [-] ml2.physical_network_mtus = {} {{(pid=105191) log_opt_values /opt/stack/data/venv/lib/python3.12/site-packages/oslo_config/cfg.py:3253}}
Jun 29 04:55:07.949620 np0000183405 neutron-rpc-server[105191]: DEBUG cotyledon.oslo_config_glue [-] ml2.project_network_types = ['geneve'] {{(pid=105191) log_opt_values /opt/stack/data/venv/lib/python3.12/site-packages/oslo_config/cfg.py:3253}}
Jun 29 04:55:07.949620 np0000183405 neutron-rpc-server[105191]: DEBUG cotyledon.oslo_config_glue [-] ml2.tunnelled_network_rp_name = rp_tunnelled {{(pid=105191) log_opt_values /opt/stack/data/venv/lib/python3.12/site-packages/oslo_config/cfg.py:3253}}
Jun 29 04:55:07.949620 np0000183405 neutron-rpc-server[105191]: DEBUG cotyledon.oslo_config_glue [-] ml2.type_drivers = ['local', 'flat', 'vlan', 'geneve'] {{(pid=105191) log_opt_values /opt/stack/data/venv/lib/python3.12/site-packages/oslo_config/cfg.py:3253}}
Jun 29 04:55:07.949829 np0000183405 neutron-rpc-server[105173]: INFO ovsdbapp.backend.ovs_idl.vlog [None req-faa6c72a-1125-48c9-8403-08a7bc40f247 None None] ssl:199.204.45.95:6642: connecting...
Jun 29 04:55:07.949917 np0000183405 neutron-rpc-server[105191]: DEBUG cotyledon.oslo_config_glue [-] ml2_type_flat.flat_networks = ['public'] {{(pid=105191) log_opt_values /opt/stack/data/venv/lib/python3.12/site-packages/oslo_config/cfg.py:3253}}
Jun 29 04:55:07.949917 np0000183405 neutron-rpc-server[105191]: DEBUG cotyledon.oslo_config_glue [-] ml2_type_geneve.max_header_size = 38 {{(pid=105191) log_opt_values /opt/stack/data/venv/lib/python3.12/site-packages/oslo_config/cfg.py:3253}}
Jun 29 04:55:07.949917 np0000183405 neutron-rpc-server[105191]: DEBUG cotyledon.oslo_config_glue [-] ml2_type_geneve.vni_ranges = ['1:65536'] {{(pid=105191) log_opt_values /opt/stack/data/venv/lib/python3.12/site-packages/oslo_config/cfg.py:3253}}
Jun 29 04:55:07.949917 np0000183405 neutron-rpc-server[105191]: DEBUG cotyledon.oslo_config_glue [-] ml2_type_vlan.network_vlan_ranges = ['public'] {{(pid=105191) log_opt_values /opt/stack/data/venv/lib/python3.12/site-packages/oslo_config/cfg.py:3253}}
Jun 29 04:55:07.949917 np0000183405 neutron-rpc-server[105191]: DEBUG cotyledon.oslo_config_glue [-] network_log.burst_limit = 25 {{(pid=105191) log_opt_values /opt/stack/data/venv/lib/python3.12/site-packages/oslo_config/cfg.py:3253}}
Jun 29 04:55:07.949917 np0000183405 neutron-rpc-server[105191]: DEBUG cotyledon.oslo_config_glue [-] network_log.local_output_log_base = None {{(pid=105191) log_opt_values /opt/stack/data/venv/lib/python3.12/site-packages/oslo_config/cfg.py:3253}}
Jun 29 04:55:07.950139 np0000183405 neutron-rpc-server[105124]: INFO neutron.plugins.ml2.drivers.ovn.mech_driver.mech_driver [None req-e606010c-ee89-4253-abeb-b7c4b84c799f None None] RpcWorker process has finished the post initialization
Jun 29 04:55:07.950469 np0000183405 neutron-rpc-server[105191]: DEBUG cotyledon.oslo_config_glue [-] network_log.rate_limit = 100 {{(pid=105191) log_opt_values /opt/stack/data/venv/lib/python3.12/site-packages/oslo_config/cfg.py:3253}}
Jun 29 04:55:07.950559 np0000183405 neutron-rpc-server[105124]: DEBUG oslo_concurrency.processutils [None req-e606010c-ee89-4253-abeb-b7c4b84c799f None None] Running cmd (subprocess): ovsdb-client transact ssl:199.204.45.95:6641 --timeout 180 -p /opt/stack/data/CA/int-ca/private/devstack-cert.key -c /opt/stack/data/CA/int-ca/devstack-cert.crt -C /opt/stack/data/CA/int-ca/ca-chain.pem ["OVN_Northbound", {"op": "wait", "timeout": 0, "table": "Port_Group", "where": [["name", "==", "pvlan_pg_drop"]], "until": "==", "rows": []}, {"op": "insert", "table": "ACL", "row": {"action": "drop", "direction": "to-lport", "match": "outport == @pvlan_pg_drop && ip", "priority": 1010}, "uuid-name": "pvlandroptoport"}, {"op": "insert", "table": "ACL", "row": {"action": "drop", "direction": "from-lport", "match": "inport == @pvlan_pg_drop && ip", "priority": 1010}, "uuid-name": "pvlandropfromport"}, {"op": "insert", "table": "Port_Group", "row": {"name": "pvlan_pg_drop", "acls": ["set", [["named-uuid", "pvlandroptoport"], ["named-uuid", "pvlandropfromport"]]]}}] {{(pid=105124) execute /opt/stack/data/venv/lib/python3.12/site-packages/oslo_concurrency/processutils.py:440}}
Jun 29 04:55:07.950688 np0000183405 neutron-rpc-server[105164]: INFO ovsdbapp.backend.ovs_idl.vlog [None req-9bbade48-cde4-4fb2-aff9-e2a23410baf4 None None] ssl:199.204.45.95:6642: connected
Jun 29 04:55:07.950799 np0000183405 neutron-rpc-server[105173]: INFO ovsdbapp.backend.ovs_idl.vlog [None req-faa6c72a-1125-48c9-8403-08a7bc40f247 None None] ssl:199.204.45.95:6642: connected
Jun 29 04:55:07.950916 np0000183405 neutron-rpc-server[105191]: DEBUG cotyledon.oslo_config_glue [-] database.asyncio_connection = **** {{(pid=105191) log_opt_values /opt/stack/data/venv/lib/python3.12/site-packages/oslo_config/cfg.py:3253}}
Jun 29 04:55:07.950916 np0000183405 neutron-rpc-server[105191]: DEBUG cotyledon.oslo_config_glue [-] database.asyncio_slave_connection = **** {{(pid=105191) log_opt_values /opt/stack/data/venv/lib/python3.12/site-packages/oslo_config/cfg.py:3253}}
Jun 29 04:55:07.950916 np0000183405 neutron-rpc-server[105191]: DEBUG cotyledon.oslo_config_glue [-] database.backend = sqlalchemy {{(pid=105191) log_opt_values /opt/stack/data/venv/lib/python3.12/site-packages/oslo_config/cfg.py:3253}}
Jun 29 04:55:07.950916 np0000183405 neutron-rpc-server[105191]: DEBUG cotyledon.oslo_config_glue [-] database.connection = **** {{(pid=105191) log_opt_values /opt/stack/data/venv/lib/python3.12/site-packages/oslo_config/cfg.py:3253}}
Jun 29 04:55:07.950916 np0000183405 neutron-rpc-server[105191]: DEBUG cotyledon.oslo_config_glue [-] database.connection_debug = 0 {{(pid=105191) log_opt_values /opt/stack/data/venv/lib/python3.12/site-packages/oslo_config/cfg.py:3253}}
Jun 29 04:55:07.950916 np0000183405 neutron-rpc-server[105191]: DEBUG cotyledon.oslo_config_glue [-] database.connection_parameters = {{(pid=105191) log_opt_values /opt/stack/data/venv/lib/python3.12/site-packages/oslo_config/cfg.py:3253}}
Jun 29 04:55:07.950916 np0000183405 neutron-rpc-server[105191]: DEBUG cotyledon.oslo_config_glue [-] database.connection_recycle_time = 3600 {{(pid=105191) log_opt_values /opt/stack/data/venv/lib/python3.12/site-packages/oslo_config/cfg.py:3253}}
Jun 29 04:55:07.950916 np0000183405 neutron-rpc-server[105191]: DEBUG cotyledon.oslo_config_glue [-] database.connection_trace = False {{(pid=105191) log_opt_values /opt/stack/data/venv/lib/python3.12/site-packages/oslo_config/cfg.py:3253}}
Jun 29 04:55:07.950916 np0000183405 neutron-rpc-server[105191]: DEBUG cotyledon.oslo_config_glue [-] database.db_inc_retry_interval = True {{(pid=105191) log_opt_values /opt/stack/data/venv/lib/python3.12/site-packages/oslo_config/cfg.py:3253}}
Jun 29 04:55:07.951445 np0000183405 neutron-rpc-server[105191]: DEBUG cotyledon.oslo_config_glue [-] database.db_max_retries = 20 {{(pid=105191) log_opt_values /opt/stack/data/venv/lib/python3.12/site-packages/oslo_config/cfg.py:3253}}
Jun 29 04:55:07.951445 np0000183405 neutron-rpc-server[105191]: DEBUG cotyledon.oslo_config_glue [-] database.db_max_retry_interval = 10 {{(pid=105191) log_opt_values /opt/stack/data/venv/lib/python3.12/site-packages/oslo_config/cfg.py:3253}}
Jun 29 04:55:07.951445 np0000183405 neutron-rpc-server[105191]: DEBUG cotyledon.oslo_config_glue [-] database.db_retry_interval = 1 {{(pid=105191) log_opt_values /opt/stack/data/venv/lib/python3.12/site-packages/oslo_config/cfg.py:3253}}
Jun 29 04:55:07.951445 np0000183405 neutron-rpc-server[105191]: DEBUG cotyledon.oslo_config_glue [-] database.max_overflow = 50 {{(pid=105191) log_opt_values /opt/stack/data/venv/lib/python3.12/site-packages/oslo_config/cfg.py:3253}}
Jun 29 04:55:07.951445 np0000183405 neutron-rpc-server[105191]: DEBUG cotyledon.oslo_config_glue [-] database.max_pool_size = 5 {{(pid=105191) log_opt_values /opt/stack/data/venv/lib/python3.12/site-packages/oslo_config/cfg.py:3253}}
Jun 29 04:55:07.951445 np0000183405 neutron-rpc-server[105191]: DEBUG cotyledon.oslo_config_glue [-] database.max_retries = 10 {{(pid=105191) log_opt_values /opt/stack/data/venv/lib/python3.12/site-packages/oslo_config/cfg.py:3253}}
Jun 29 04:55:07.951445 np0000183405 neutron-rpc-server[105191]: DEBUG cotyledon.oslo_config_glue [-] database.mysql_sql_mode = TRADITIONAL {{(pid=105191) log_opt_values /opt/stack/data/venv/lib/python3.12/site-packages/oslo_config/cfg.py:3253}}
Jun 29 04:55:07.951445 np0000183405 neutron-rpc-server[105191]: DEBUG cotyledon.oslo_config_glue [-] database.mysql_wsrep_sync_wait = None {{(pid=105191) log_opt_values /opt/stack/data/venv/lib/python3.12/site-packages/oslo_config/cfg.py:3253}}
Jun 29 04:55:07.951445 np0000183405 neutron-rpc-server[105191]: DEBUG cotyledon.oslo_config_glue [-] database.pool_timeout = None {{(pid=105191) log_opt_values /opt/stack/data/venv/lib/python3.12/site-packages/oslo_config/cfg.py:3253}}
Jun 29 04:55:07.951893 np0000183405 neutron-rpc-server[105191]: DEBUG cotyledon.oslo_config_glue [-] database.retry_interval = 10 {{(pid=105191) log_opt_values /opt/stack/data/venv/lib/python3.12/site-packages/oslo_config/cfg.py:3253}}
Jun 29 04:55:07.951893 np0000183405 neutron-rpc-server[105191]: DEBUG cotyledon.oslo_config_glue [-] database.slave_connection = **** {{(pid=105191) log_opt_values /opt/stack/data/venv/lib/python3.12/site-packages/oslo_config/cfg.py:3253}}
Jun 29 04:55:07.951893 np0000183405 neutron-rpc-server[105191]: DEBUG cotyledon.oslo_config_glue [-] database.sqlite_synchronous = True {{(pid=105191) log_opt_values /opt/stack/data/venv/lib/python3.12/site-packages/oslo_config/cfg.py:3253}}
Jun 29 04:55:07.951893 np0000183405 neutron-rpc-server[105191]: DEBUG cotyledon.oslo_config_glue [-] database.synchronous_reader = True {{(pid=105191) log_opt_values /opt/stack/data/venv/lib/python3.12/site-packages/oslo_config/cfg.py:3253}}
Jun 29 04:55:07.951893 np0000183405 neutron-rpc-server[105191]: DEBUG cotyledon.oslo_config_glue [-] database.use_db_reconnect = False {{(pid=105191) log_opt_values /opt/stack/data/venv/lib/python3.12/site-packages/oslo_config/cfg.py:3253}}
Jun 29 04:55:07.951893 np0000183405 neutron-rpc-server[105191]: DEBUG cotyledon.oslo_config_glue [-] ovn.bfd_min_rx = 1000 {{(pid=105191) log_opt_values /opt/stack/data/venv/lib/python3.12/site-packages/oslo_config/cfg.py:3253}}
Jun 29 04:55:07.951893 np0000183405 neutron-rpc-server[105191]: DEBUG cotyledon.oslo_config_glue [-] ovn.bfd_min_tx = 100 {{(pid=105191) log_opt_values /opt/stack/data/venv/lib/python3.12/site-packages/oslo_config/cfg.py:3253}}
Jun 29 04:55:07.951893 np0000183405 neutron-rpc-server[105191]: DEBUG cotyledon.oslo_config_glue [-] ovn.bfd_mult = 3 {{(pid=105191) log_opt_values /opt/stack/data/venv/lib/python3.12/site-packages/oslo_config/cfg.py:3253}}
Jun 29 04:55:07.951893 np0000183405 neutron-rpc-server[105191]: DEBUG cotyledon.oslo_config_glue [-] ovn.broadcast_arps_to_all_routers = True {{(pid=105191) log_opt_values /opt/stack/data/venv/lib/python3.12/site-packages/oslo_config/cfg.py:3253}}
Jun 29 04:55:07.952212 np0000183405 neutron-rpc-server[105191]: DEBUG cotyledon.oslo_config_glue [-] ovn.dhcp_default_lease_time = 43200 {{(pid=105191) log_opt_values /opt/stack/data/venv/lib/python3.12/site-packages/oslo_config/cfg.py:3253}}
Jun 29 04:55:07.952212 np0000183405 neutron-rpc-server[105191]: DEBUG cotyledon.oslo_config_glue [-] ovn.disable_ovn_dhcp_for_baremetal_ports = False {{(pid=105191) log_opt_values /opt/stack/data/venv/lib/python3.12/site-packages/oslo_config/cfg.py:3253}}
Jun 29 04:55:07.952212 np0000183405 neutron-rpc-server[105191]: DEBUG cotyledon.oslo_config_glue [-] ovn.dns_records_ovn_owned = False {{(pid=105191) log_opt_values /opt/stack/data/venv/lib/python3.12/site-packages/oslo_config/cfg.py:3253}}
Jun 29 04:55:07.952212 np0000183405 neutron-rpc-server[105191]: DEBUG cotyledon.oslo_config_glue [-] ovn.dns_servers = [] {{(pid=105191) log_opt_values /opt/stack/data/venv/lib/python3.12/site-packages/oslo_config/cfg.py:3253}}
Jun 29 04:55:07.952212 np0000183405 neutron-rpc-server[105191]: DEBUG cotyledon.oslo_config_glue [-] ovn.enable_distributed_floating_ip = False {{(pid=105191) log_opt_values /opt/stack/data/venv/lib/python3.12/site-packages/oslo_config/cfg.py:3253}}
Jun 29 04:55:07.952212 np0000183405 neutron-rpc-server[105191]: DEBUG cotyledon.oslo_config_glue [-] ovn.fdb_age_threshold = 300 {{(pid=105191) log_opt_values /opt/stack/data/venv/lib/python3.12/site-packages/oslo_config/cfg.py:3253}}
Jun 29 04:55:07.952212 np0000183405 neutron-rpc-server[105191]: DEBUG cotyledon.oslo_config_glue [-] ovn.ha_failover_strategy = normal {{(pid=105191) log_opt_values /opt/stack/data/venv/lib/python3.12/site-packages/oslo_config/cfg.py:3253}}
Jun 29 04:55:07.952212 np0000183405 neutron-rpc-server[105191]: DEBUG cotyledon.oslo_config_glue [-] ovn.live_migration_activation_strategy = rarp {{(pid=105191) log_opt_values /opt/stack/data/venv/lib/python3.12/site-packages/oslo_config/cfg.py:3253}}
Jun 29 04:55:07.952212 np0000183405 neutron-rpc-server[105191]: DEBUG cotyledon.oslo_config_glue [-] ovn.localnet_learn_fdb = False {{(pid=105191) log_opt_values /opt/stack/data/venv/lib/python3.12/site-packages/oslo_config/cfg.py:3253}}
Jun 29 04:55:07.952468 np0000183405 neutron-rpc-server[105191]: DEBUG cotyledon.oslo_config_glue [-] ovn.mac_binding_age_threshold = 300 {{(pid=105191) log_opt_values /opt/stack/data/venv/lib/python3.12/site-packages/oslo_config/cfg.py:3253}}
Jun 29 04:55:07.952468 np0000183405 neutron-rpc-server[105191]: DEBUG cotyledon.oslo_config_glue [-] ovn.neutron_sync_mode = log {{(pid=105191) log_opt_values /opt/stack/data/venv/lib/python3.12/site-packages/oslo_config/cfg.py:3253}}
Jun 29 04:55:07.952468 np0000183405 neutron-rpc-server[105191]: DEBUG cotyledon.oslo_config_glue [-] ovn.ovn_dhcp4_global_options = {} {{(pid=105191) log_opt_values /opt/stack/data/venv/lib/python3.12/site-packages/oslo_config/cfg.py:3253}}
Jun 29 04:55:07.952468 np0000183405 neutron-rpc-server[105191]: DEBUG cotyledon.oslo_config_glue [-] ovn.ovn_dhcp6_global_options = {} {{(pid=105191) log_opt_values /opt/stack/data/venv/lib/python3.12/site-packages/oslo_config/cfg.py:3253}}
Jun 29 04:55:07.952468 np0000183405 neutron-rpc-server[105191]: DEBUG cotyledon.oslo_config_glue [-] ovn.ovn_l3_scheduler = leastloaded {{(pid=105191) log_opt_values /opt/stack/data/venv/lib/python3.12/site-packages/oslo_config/cfg.py:3253}}
Jun 29 04:55:07.952468 np0000183405 neutron-rpc-server[105191]: DEBUG cotyledon.oslo_config_glue [-] ovn.ovn_metadata_enabled = True {{(pid=105191) log_opt_values /opt/stack/data/venv/lib/python3.12/site-packages/oslo_config/cfg.py:3253}}
Jun 29 04:55:07.952468 np0000183405 neutron-rpc-server[105191]: DEBUG cotyledon.oslo_config_glue [-] ovn.ovn_nb_ca_cert = /opt/stack/data/CA/int-ca/ca-chain.pem {{(pid=105191) log_opt_values /opt/stack/data/venv/lib/python3.12/site-packages/oslo_config/cfg.py:3253}}
Jun 29 04:55:07.952468 np0000183405 neutron-rpc-server[105191]: DEBUG cotyledon.oslo_config_glue [-] ovn.ovn_nb_certificate = /opt/stack/data/CA/int-ca/devstack-cert.crt {{(pid=105191) log_opt_values /opt/stack/data/venv/lib/python3.12/site-packages/oslo_config/cfg.py:3253}}
Jun 29 04:55:07.952468 np0000183405 neutron-rpc-server[105191]: DEBUG cotyledon.oslo_config_glue [-] ovn.ovn_nb_connection = ['ssl:199.204.45.95:6641'] {{(pid=105191) log_opt_values /opt/stack/data/venv/lib/python3.12/site-packages/oslo_config/cfg.py:3253}}
Jun 29 04:55:07.952916 np0000183405 neutron-rpc-server[105191]: DEBUG cotyledon.oslo_config_glue [-] ovn.ovn_nb_private_key = /opt/stack/data/CA/int-ca/private/devstack-cert.key {{(pid=105191) log_opt_values /opt/stack/data/venv/lib/python3.12/site-packages/oslo_config/cfg.py:3253}}
Jun 29 04:55:07.952916 np0000183405 neutron-rpc-server[105191]: DEBUG cotyledon.oslo_config_glue [-] ovn.ovn_router_indirect_snat = True {{(pid=105191) log_opt_values /opt/stack/data/venv/lib/python3.12/site-packages/oslo_config/cfg.py:3253}}
Jun 29 04:55:07.952916 np0000183405 neutron-rpc-server[105191]: DEBUG cotyledon.oslo_config_glue [-] ovn.ovn_sb_ca_cert = /opt/stack/data/CA/int-ca/ca-chain.pem {{(pid=105191) log_opt_values /opt/stack/data/venv/lib/python3.12/site-packages/oslo_config/cfg.py:3253}}
Jun 29 04:55:07.952916 np0000183405 neutron-rpc-server[105191]: DEBUG cotyledon.oslo_config_glue [-] ovn.ovn_sb_certificate = /opt/stack/data/CA/int-ca/devstack-cert.crt {{(pid=105191) log_opt_values /opt/stack/data/venv/lib/python3.12/site-packages/oslo_config/cfg.py:3253}}
Jun 29 04:55:07.952916 np0000183405 neutron-rpc-server[105191]: DEBUG cotyledon.oslo_config_glue [-] ovn.ovn_sb_connection = ['ssl:199.204.45.95:6642'] {{(pid=105191) log_opt_values /opt/stack/data/venv/lib/python3.12/site-packages/oslo_config/cfg.py:3253}}
Jun 29 04:55:07.952916 np0000183405 neutron-rpc-server[105191]: DEBUG cotyledon.oslo_config_glue [-] ovn.ovn_sb_private_key = /opt/stack/data/CA/int-ca/private/devstack-cert.key {{(pid=105191) log_opt_values /opt/stack/data/venv/lib/python3.12/site-packages/oslo_config/cfg.py:3253}}
Jun 29 04:55:07.952916 np0000183405 neutron-rpc-server[105191]: DEBUG cotyledon.oslo_config_glue [-] ovn.ovs_create_tap = False {{(pid=105191) log_opt_values /opt/stack/data/venv/lib/python3.12/site-packages/oslo_config/cfg.py:3253}}
Jun 29 04:55:07.952916 np0000183405 neutron-rpc-server[105191]: DEBUG cotyledon.oslo_config_glue [-] ovn.ovsdb_connection_timeout = 180 {{(pid=105191) log_opt_values /opt/stack/data/venv/lib/python3.12/site-packages/oslo_config/cfg.py:3253}}
Jun 29 04:55:07.953539 np0000183405 neutron-rpc-server[105191]: DEBUG cotyledon.oslo_config_glue [-] ovn.ovsdb_log_level = INFO {{(pid=105191) log_opt_values /opt/stack/data/venv/lib/python3.12/site-packages/oslo_config/cfg.py:3253}}
Jun 29 04:55:07.953539 np0000183405 neutron-rpc-server[105191]: DEBUG cotyledon.oslo_config_glue [-] ovn.ovsdb_probe_interval = 60000 {{(pid=105191) log_opt_values /opt/stack/data/venv/lib/python3.12/site-packages/oslo_config/cfg.py:3253}}
Jun 29 04:55:07.953539 np0000183405 neutron-rpc-server[105191]: DEBUG cotyledon.oslo_config_glue [-] ovn.ovsdb_retry_max_interval = 180 {{(pid=105191) log_opt_values /opt/stack/data/venv/lib/python3.12/site-packages/oslo_config/cfg.py:3253}}
Jun 29 04:55:07.953539 np0000183405 neutron-rpc-server[105191]: DEBUG cotyledon.oslo_config_glue [-] ovn.stateless_nat_enabled = False {{(pid=105191) log_opt_values /opt/stack/data/venv/lib/python3.12/site-packages/oslo_config/cfg.py:3253}}
Jun 29 04:55:07.953539 np0000183405 neutron-rpc-server[105191]: DEBUG cotyledon.oslo_config_glue [-] ovn.vhost_sock_dir = /var/run/openvswitch {{(pid=105191) log_opt_values /opt/stack/data/venv/lib/python3.12/site-packages/oslo_config/cfg.py:3253}}
Jun 29 04:55:07.953539 np0000183405 neutron-rpc-server[105191]: DEBUG cotyledon.oslo_config_glue [-] OVS.bridge_mac_table_size = 50000 {{(pid=105191) log_opt_values /opt/stack/data/venv/lib/python3.12/site-packages/oslo_config/cfg.py:3253}}
Jun 29 04:55:07.953539 np0000183405 neutron-rpc-server[105191]: DEBUG cotyledon.oslo_config_glue [-] OVS.igmp_flood = False {{(pid=105191) log_opt_values /opt/stack/data/venv/lib/python3.12/site-packages/oslo_config/cfg.py:3253}}
Jun 29 04:55:07.953539 np0000183405 neutron-rpc-server[105191]: DEBUG cotyledon.oslo_config_glue [-] OVS.igmp_flood_reports = True {{(pid=105191) log_opt_values /opt/stack/data/venv/lib/python3.12/site-packages/oslo_config/cfg.py:3253}}
Jun 29 04:55:07.953539 np0000183405 neutron-rpc-server[105191]: DEBUG cotyledon.oslo_config_glue [-] OVS.igmp_flood_unregistered = False {{(pid=105191) log_opt_values /opt/stack/data/venv/lib/python3.12/site-packages/oslo_config/cfg.py:3253}}
Jun 29 04:55:07.953826 np0000183405 neutron-rpc-server[105191]: DEBUG cotyledon.oslo_config_glue [-] OVS.igmp_snooping_enable = False {{(pid=105191) log_opt_values /opt/stack/data/venv/lib/python3.12/site-packages/oslo_config/cfg.py:3253}}
Jun 29 04:55:07.953826 np0000183405 neutron-rpc-server[105191]: DEBUG cotyledon.oslo_config_glue [-] OVS.ovsdb_timeout = 10 {{(pid=105191) log_opt_values /opt/stack/data/venv/lib/python3.12/site-packages/oslo_config/cfg.py:3253}}
Jun 29 04:55:07.953826 np0000183405 neutron-rpc-server[105191]: DEBUG cotyledon.oslo_config_glue [-] ovn_nb_global.fdb_removal_limit = 0 {{(pid=105191) log_opt_values /opt/stack/data/venv/lib/python3.12/site-packages/oslo_config/cfg.py:3253}}
Jun 29 04:55:07.953826 np0000183405 neutron-rpc-server[105191]: DEBUG cotyledon.oslo_config_glue [-] ovn_nb_global.ignore_lsp_down = False {{(pid=105191) log_opt_values /opt/stack/data/venv/lib/python3.12/site-packages/oslo_config/cfg.py:3253}}
Jun 29 04:55:07.953826 np0000183405 neutron-rpc-server[105191]: DEBUG cotyledon.oslo_config_glue [-] ovn_nb_global.mac_binding_removal_limit = 0 {{(pid=105191) log_opt_values /opt/stack/data/venv/lib/python3.12/site-packages/oslo_config/cfg.py:3253}}
Jun 29 04:55:07.953826 np0000183405 neutron-rpc-server[105191]: DEBUG cotyledon.oslo_config_glue [-] ******************************************************************************** {{(pid=105191) log_opt_values /opt/stack/data/venv/lib/python3.12/site-packages/oslo_config/cfg.py:3260}}
Jun 29 04:55:07.953826 np0000183405 neutron-rpc-server[105191]: DEBUG cotyledon._service_worker [-] Run service ServiceWrapper(6) [105191] {{(pid=105191) wait_forever /opt/stack/data/venv/lib/python3.12/site-packages/cotyledon/_service_worker.py:218}}
Jun 29 04:55:07.953826 np0000183405 neutron-rpc-server[105191]: DEBUG neutron.service [-] RpcWorker start called, description: rpc worker {{(pid=105191) wrapper /opt/stack/neutron/neutron/common/utils.py:197}}
Jun 29 04:55:07.954149 np0000183405 neutron-rpc-server[105191]: DEBUG neutron_lib.callbacks.manager [-] Publish callbacks ['neutron.plugins.ml2.drivers.ovn.mech_driver.mech_driver.OVNMechanismDriver.post_fork_initialize-347567', 'neutron.services.pvlan.drivers.ovn.driver._initialize_pvlan_pg_drop-8743057188958', 'neutron.services.ovn_l3.plugin.OVNL3RouterPlugin._post_fork_initialize-4972'] for process (None), after_init {{(pid=105191) _notify_loop /opt/stack/data/venv/lib/python3.12/site-packages/neutron_lib/callbacks/manager.py:184}}
Jun 29 04:55:07.954149 np0000183405 neutron-rpc-server[105191]: INFO neutron.plugins.ml2.drivers.ovn.mech_driver.ovsdb.impl_idl_ovn [-] Getting OvsdbNbOvnIdl for RpcWorker with retry
Jun 29 04:55:07.955532 np0000183405 neutron-rpc-server[105184]: WARNING neutron.plugins.ml2.drivers.ovn.mech_driver.mech_driver [-] uWSGI is the only supported loader for the Neutron API; it provides, via ``uwsgi`` library, the worker ID. If other loader is used, a random hash ring node UUID will be provided
Jun 29 04:55:07.957075 np0000183405 neutron-rpc-server[105184]: DEBUG ovsdbapp.backend.ovs_idl [None req-203f496c-c9b0-4e6d-abee-dccedea3b2c6 None None] Created lookup_table index Logical_Switch.name {{(pid=105184) autocreate_indices /opt/stack/data/venv/lib/python3.12/site-packages/ovsdbapp/backend/ovs_idl/__init__.py:87}}
Jun 29 04:55:07.957231 np0000183405 neutron-rpc-server[105184]: DEBUG ovsdbapp.backend.ovs_idl [None req-203f496c-c9b0-4e6d-abee-dccedea3b2c6 None None] Created lookup_table index Logical_Router.name {{(pid=105184) autocreate_indices /opt/stack/data/venv/lib/python3.12/site-packages/ovsdbapp/backend/ovs_idl/__init__.py:87}}
Jun 29 04:55:07.957231 np0000183405 neutron-rpc-server[105184]: DEBUG ovsdbapp.backend.ovs_idl [None req-203f496c-c9b0-4e6d-abee-dccedea3b2c6 None None] Created lookup_table index Load_Balancer.name {{(pid=105184) autocreate_indices /opt/stack/data/venv/lib/python3.12/site-packages/ovsdbapp/backend/ovs_idl/__init__.py:87}}
Jun 29 04:55:07.957658 np0000183405 neutron-rpc-server[105184]: DEBUG ovsdbapp.backend.ovs_idl [None req-203f496c-c9b0-4e6d-abee-dccedea3b2c6 None None] Created schema index Copp.name {{(pid=105184) autocreate_indices /opt/stack/data/venv/lib/python3.12/site-packages/ovsdbapp/backend/ovs_idl/__init__.py:106}}
Jun 29 04:55:07.957658 np0000183405 neutron-rpc-server[105184]: DEBUG ovsdbapp.backend.ovs_idl [None req-203f496c-c9b0-4e6d-abee-dccedea3b2c6 None None] Created schema index Meter.name {{(pid=105184) autocreate_indices /opt/stack/data/venv/lib/python3.12/site-packages/ovsdbapp/backend/ovs_idl/__init__.py:106}}
Jun 29 04:55:07.957658 np0000183405 neutron-rpc-server[105184]: DEBUG ovsdbapp.backend.ovs_idl [None req-203f496c-c9b0-4e6d-abee-dccedea3b2c6 None None] Created schema index Load_Balancer_Group.name {{(pid=105184) autocreate_indices /opt/stack/data/venv/lib/python3.12/site-packages/ovsdbapp/backend/ovs_idl/__init__.py:106}}
