2026-04-27 13:14:38.650 8 INFO cinder.api.openstack.wsgi [None req-384f1699-6dac-46fc-8b67-7a28a75d3c40 7ab993a157af422fa34b5ec810ae3701 bff432a1b4fd4129ad45fd4914d2ffe3 - - default default] http://cinder-api.openstack.svc.cluster.local:8776/v3/bff432a1b4fd4129ad45fd4914d2ffe3/volumes/b597ec30-b1e7-411a-aeec-72af09007acf returned with HTTP 200 [pid: 8|app: 0|req: 396/796] 10.0.0.41 () {32 vars in 774 bytes} [Mon Apr 27 13:14:38 2026] GET /v3/bff432a1b4fd4129ad45fd4914d2ffe3/volumes/b597ec30-b1e7-411a-aeec-72af09007acf => generated 969 bytes in 35 msecs (HTTP/1.1 200) 7 headers in 285 bytes (1 switches on core 0) /var/lib/openstack/lib/python3.10/site-packages/pycadf/identifier.py:71: UserWarning: Invalid uuid: cinderv3. To ensure interoperability, identifiers should be a valid uuid. warnings.warn(('Invalid uuid: %s. To ensure interoperability, '
2026-04-27 13:14:38.679 7 INFO cinder.api.openstack.wsgi [None req-64a8f6e2-f68a-41b1-94d6-82401002bfce 7ab993a157af422fa34b5ec810ae3701 bff432a1b4fd4129ad45fd4914d2ffe3 - - default default] POST http://cinder-api.openstack.svc.cluster.local:8776/v3/bff432a1b4fd4129ad45fd4914d2ffe3/volumes
2026-04-27 13:14:38.682 7 INFO cinder.api.v3.volumes [None req-64a8f6e2-f68a-41b1-94d6-82401002bfce 7ab993a157af422fa34b5ec810ae3701 bff432a1b4fd4129ad45fd4914d2ffe3 - - default default] Create volume of 1 GB
2026-04-27 13:14:38.690 7 INFO cinder.volume.api [None req-64a8f6e2-f68a-41b1-94d6-82401002bfce 7ab993a157af422fa34b5ec810ae3701 bff432a1b4fd4129ad45fd4914d2ffe3 - - default default] Availability Zones retrieved successfully.
2026-04-27 13:14:38.858 7 INFO cinder.volume.api [None req-64a8f6e2-f68a-41b1-94d6-82401002bfce 7ab993a157af422fa34b5ec810ae3701 bff432a1b4fd4129ad45fd4914d2ffe3 - - default default] Create volume request issued successfully.
2026-04-27 13:14:38.859 7 INFO cinder.api.openstack.wsgi [None req-64a8f6e2-f68a-41b1-94d6-82401002bfce 7ab993a157af422fa34b5ec810ae3701 bff432a1b4fd4129ad45fd4914d2ffe3 - - default default] http://cinder-api.openstack.svc.cluster.local:8776/v3/bff432a1b4fd4129ad45fd4914d2ffe3/volumes returned with HTTP 202 [pid: 7|app: 0|req: 401/797] 10.0.0.41 () {34 vars in 722 bytes} [Mon Apr 27 13:14:38 2026] POST /v3/bff432a1b4fd4129ad45fd4914d2ffe3/volumes => generated 876 bytes in 189 msecs (HTTP/1.1 202) 7 headers in 291 bytes (1 switches on core 0) /var/lib/openstack/lib/python3.10/site-packages/pycadf/identifier.py:71: UserWarning: Invalid uuid: cinderv3. To ensure interoperability, identifiers should be a valid uuid. warnings.warn(('Invalid uuid: %s. To ensure interoperability, '
2026-04-27 13:14:38.885 8 INFO cinder.api.openstack.wsgi [None req-ac7a9cec-93db-4989-ac65-fffd9b2c8dec 7ab993a157af422fa34b5ec810ae3701 bff432a1b4fd4129ad45fd4914d2ffe3 - - default default] GET http://cinder-api.openstack.svc.cluster.local:8776/v3/bff432a1b4fd4129ad45fd4914d2ffe3/volumes/d1186131-b680-4028-9ec1-f2958748c1a4 /var/lib/openstack/lib/python3.10/site-packages/oslo_context/context.py:100: DeprecationWarning: Policy enforcement is depending on the value of is_admin. This key is deprecated. Please update your policy file to use the standard policy values. warnings.warn('Policy enforcement is depending on the value of '
2026-04-27 13:14:38.914 8 INFO cinder.volume.api [None req-ac7a9cec-93db-4989-ac65-fffd9b2c8dec 7ab993a157af422fa34b5ec810ae3701 bff432a1b4fd4129ad45fd4914d2ffe3 - - default default] Volume info retrieved successfully.
2026-04-27 13:14:38.921 8 INFO cinder.api.openstack.wsgi [None req-ac7a9cec-93db-4989-ac65-fffd9b2c8dec 7ab993a157af422fa34b5ec810ae3701 bff432a1b4fd4129ad45fd4914d2ffe3 - - default default] http://cinder-api.openstack.svc.cluster.local:8776/v3/bff432a1b4fd4129ad45fd4914d2ffe3/volumes/d1186131-b680-4028-9ec1-f2958748c1a4 returned with HTTP 200 [pid: 8|app: 0|req: 397/798] 10.0.0.41 () {32 vars in 774 bytes} [Mon Apr 27 13:14:38 2026] GET /v3/bff432a1b4fd4129ad45fd4914d2ffe3/volumes/d1186131-b680-4028-9ec1-f2958748c1a4 => generated 944 bytes in 46 msecs (HTTP/1.1 200) 7 headers in 285 bytes (1 switches on core 0) /var/lib/openstack/lib/python3.10/site-packages/pycadf/identifier.py:71: UserWarning: Invalid uuid: cinderv3. To ensure interoperability, identifiers should be a valid uuid. warnings.warn(('Invalid uuid: %s. To ensure interoperability, '
2026-04-27 13:14:39.951 7 INFO cinder.api.openstack.wsgi [None req-3660d3e3-09dd-4a95-b060-2af4f82e5b4c 7ab993a157af422fa34b5ec810ae3701 bff432a1b4fd4129ad45fd4914d2ffe3 - - default default] GET http://cinder-api.openstack.svc.cluster.local:8776/v3/bff432a1b4fd4129ad45fd4914d2ffe3/volumes/d1186131-b680-4028-9ec1-f2958748c1a4 /var/lib/openstack/lib/python3.10/site-packages/oslo_context/context.py:100: DeprecationWarning: Policy enforcement is depending on the value of is_admin. This key is deprecated. Please update your policy file to use the standard policy values. warnings.warn('Policy enforcement is depending on the value of '
2026-04-27 13:14:39.965 7 INFO cinder.volume.api [None req-3660d3e3-09dd-4a95-b060-2af4f82e5b4c 7ab993a157af422fa34b5ec810ae3701 bff432a1b4fd4129ad45fd4914d2ffe3 - - default default] Volume info retrieved successfully.
2026-04-27 13:14:39.971 7 INFO cinder.api.openstack.wsgi [None req-3660d3e3-09dd-4a95-b060-2af4f82e5b4c 7ab993a157af422fa34b5ec810ae3701 bff432a1b4fd4129ad45fd4914d2ffe3 - - default default] http://cinder-api.openstack.svc.cluster.local:8776/v3/bff432a1b4fd4129ad45fd4914d2ffe3/volumes/d1186131-b680-4028-9ec1-f2958748c1a4 returned with HTTP 200 [pid: 7|app: 0|req: 402/799] 10.0.0.41 () {32 vars in 774 bytes} [Mon Apr 27 13:14:39 2026] GET /v3/bff432a1b4fd4129ad45fd4914d2ffe3/volumes/d1186131-b680-4028-9ec1-f2958748c1a4 => generated 969 bytes in 33 msecs (HTTP/1.1 200) 7 headers in 285 bytes (1 switches on core 0) /var/lib/openstack/lib/python3.10/site-packages/pycadf/identifier.py:71: UserWarning: Invalid uuid: cinderv3. To ensure interoperability, identifiers should be a valid uuid. warnings.warn(('Invalid uuid: %s. To ensure interoperability, '
2026-04-27 13:14:39.988 8 INFO cinder.api.openstack.wsgi [None req-c7dbe9d1-d11c-4a31-97b7-90611c8fc7c3 7ab993a157af422fa34b5ec810ae3701 bff432a1b4fd4129ad45fd4914d2ffe3 - - default default] GET http://cinder-api.openstack.svc.cluster.local:8776/v3/bff432a1b4fd4129ad45fd4914d2ffe3/volumes/d1186131-b680-4028-9ec1-f2958748c1a4 /var/lib/openstack/lib/python3.10/site-packages/oslo_context/context.py:100: DeprecationWarning: Policy enforcement is depending on the value of is_admin. This key is deprecated. Please update your policy file to use the standard policy values. warnings.warn('Policy enforcement is depending on the value of '
2026-04-27 13:14:40.008 8 INFO cinder.volume.api [None req-c7dbe9d1-d11c-4a31-97b7-90611c8fc7c3 7ab993a157af422fa34b5ec810ae3701 bff432a1b4fd4129ad45fd4914d2ffe3 - - default default] Volume info retrieved successfully.
2026-04-27 13:14:40.020 8 INFO cinder.api.openstack.wsgi [None req-c7dbe9d1-d11c-4a31-97b7-90611c8fc7c3 7ab993a157af422fa34b5ec810ae3701 bff432a1b4fd4129ad45fd4914d2ffe3 - - default default] http://cinder-api.openstack.svc.cluster.local:8776/v3/bff432a1b4fd4129ad45fd4914d2ffe3/volumes/d1186131-b680-4028-9ec1-f2958748c1a4 returned with HTTP 200 [pid: 8|app: 0|req: 398/800] 10.0.0.41 () {32 vars in 774 bytes} [Mon Apr 27 13:14:39 2026] GET /v3/bff432a1b4fd4129ad45fd4914d2ffe3/volumes/d1186131-b680-4028-9ec1-f2958748c1a4 => generated 969 bytes in 38 msecs (HTTP/1.1 200) 7 headers in 285 bytes (1 switches on core 0) /var/lib/openstack/lib/python3.10/site-packages/pycadf/identifier.py:71: UserWarning: Invalid uuid: cinderv3. To ensure interoperability, identifiers should be a valid uuid. warnings.warn(('Invalid uuid: %s. To ensure interoperability, '
2026-04-27 13:14:40.041 7 INFO cinder.api.openstack.wsgi [None req-04856a68-ed8c-4816-bfca-01bee565fdd7 7ab993a157af422fa34b5ec810ae3701 bff432a1b4fd4129ad45fd4914d2ffe3 - - default default] POST http://cinder-api.openstack.svc.cluster.local:8776/v3/bff432a1b4fd4129ad45fd4914d2ffe3/volumes
2026-04-27 13:14:40.044 7 INFO cinder.api.v3.volumes [None req-04856a68-ed8c-4816-bfca-01bee565fdd7 7ab993a157af422fa34b5ec810ae3701 bff432a1b4fd4129ad45fd4914d2ffe3 - - default default] Create volume of 1 GB
2026-04-27 13:14:40.051 7 INFO cinder.volume.api [None req-04856a68-ed8c-4816-bfca-01bee565fdd7 7ab993a157af422fa34b5ec810ae3701 bff432a1b4fd4129ad45fd4914d2ffe3 - - default default] Availability Zones retrieved successfully.
2026-04-27 13:14:40.194 7 INFO cinder.volume.api [None req-04856a68-ed8c-4816-bfca-01bee565fdd7 7ab993a157af422fa34b5ec810ae3701 bff432a1b4fd4129ad45fd4914d2ffe3 - - default default] Create volume request issued successfully.
2026-04-27 13:14:40.195 7 INFO cinder.api.openstack.wsgi [None req-04856a68-ed8c-4816-bfca-01bee565fdd7 7ab993a157af422fa34b5ec810ae3701 bff432a1b4fd4129ad45fd4914d2ffe3 - - default default] http://cinder-api.openstack.svc.cluster.local:8776/v3/bff432a1b4fd4129ad45fd4914d2ffe3/volumes returned with HTTP 202 [pid: 7|app: 0|req: 403/801] 10.0.0.41 () {34 vars in 722 bytes} [Mon Apr 27 13:14:40 2026] POST /v3/bff432a1b4fd4129ad45fd4914d2ffe3/volumes => generated 876 bytes in 162 msecs (HTTP/1.1 202) 7 headers in 291 bytes (1 switches on core 0) /var/lib/openstack/lib/python3.10/site-packages/pycadf/identifier.py:71: UserWarning: Invalid uuid: cinderv3. To ensure interoperability, identifiers should be a valid uuid. warnings.warn(('Invalid uuid: %s. To ensure interoperability, '
2026-04-27 13:14:40.221 8 INFO cinder.api.openstack.wsgi [None req-eab2e310-6463-49ef-abab-a109a9819ea4 7ab993a157af422fa34b5ec810ae3701 bff432a1b4fd4129ad45fd4914d2ffe3 - - default default] GET http://cinder-api.openstack.svc.cluster.local:8776/v3/bff432a1b4fd4129ad45fd4914d2ffe3/volumes/cca7042a-c876-4d7f-b775-013aed147e1a /var/lib/openstack/lib/python3.10/site-packages/oslo_context/context.py:100: DeprecationWarning: Policy enforcement is depending on the value of is_admin. This key is deprecated. Please update your policy file to use the standard policy values. warnings.warn('Policy enforcement is depending on the value of '
2026-04-27 13:14:40.243 8 INFO cinder.volume.api [None req-eab2e310-6463-49ef-abab-a109a9819ea4 7ab993a157af422fa34b5ec810ae3701 bff432a1b4fd4129ad45fd4914d2ffe3 - - default default] Volume info retrieved successfully.
2026-04-27 13:14:40.251 8 INFO cinder.api.openstack.wsgi [None req-eab2e310-6463-49ef-abab-a109a9819ea4 7ab993a157af422fa34b5ec810ae3701 bff432a1b4fd4129ad45fd4914d2ffe3 - - default default] http://cinder-api.openstack.svc.cluster.local:8776/v3/bff432a1b4fd4129ad45fd4914d2ffe3/volumes/cca7042a-c876-4d7f-b775-013aed147e1a returned with HTTP 200 [pid: 8|app: 0|req: 399/802] 10.0.0.41 () {32 vars in 774 bytes} [Mon Apr 27 13:14:40 2026] GET /v3/bff432a1b4fd4129ad45fd4914d2ffe3/volumes/cca7042a-c876-4d7f-b775-013aed147e1a => generated 944 bytes in 39 msecs (HTTP/1.1 200) 7 headers in 285 bytes (1 switches on core 0) /var/lib/openstack/lib/python3.10/site-packages/pycadf/identifier.py:71: UserWarning: Invalid uuid: cinderv3. To ensure interoperability, identifiers should be a valid uuid. warnings.warn(('Invalid uuid: %s. To ensure interoperability, '
2026-04-27 13:14:41.279 7 INFO cinder.api.openstack.wsgi [None req-c454b007-2fa4-4f0a-944a-e55eb7e1628d 7ab993a157af422fa34b5ec810ae3701 bff432a1b4fd4129ad45fd4914d2ffe3 - - default default] GET http://cinder-api.openstack.svc.cluster.local:8776/v3/bff432a1b4fd4129ad45fd4914d2ffe3/volumes/cca7042a-c876-4d7f-b775-013aed147e1a /var/lib/openstack/lib/python3.10/site-packages/oslo_context/context.py:100: DeprecationWarning: Policy enforcement is depending on the value of is_admin. This key is deprecated. Please update your policy file to use the standard policy values. warnings.warn('Policy enforcement is depending on the value of '
2026-04-27 13:14:41.301 7 INFO cinder.volume.api [None req-c454b007-2fa4-4f0a-944a-e55eb7e1628d 7ab993a157af422fa34b5ec810ae3701 bff432a1b4fd4129ad45fd4914d2ffe3 - - default default] Volume info retrieved successfully.
2026-04-27 13:14:41.312 7 INFO cinder.api.openstack.wsgi [None req-c454b007-2fa4-4f0a-944a-e55eb7e1628d 7ab993a157af422fa34b5ec810ae3701 bff432a1b4fd4129ad45fd4914d2ffe3 - - default default] http://cinder-api.openstack.svc.cluster.local:8776/v3/bff432a1b4fd4129ad45fd4914d2ffe3/volumes/cca7042a-c876-4d7f-b775-013aed147e1a returned with HTTP 200 [pid: 7|app: 0|req: 404/803] 10.0.0.41 () {32 vars in 774 bytes} [Mon Apr 27 13:14:41 2026] GET /v3/bff432a1b4fd4129ad45fd4914d2ffe3/volumes/cca7042a-c876-4d7f-b775-013aed147e1a => generated 969 bytes in 45 msecs (HTTP/1.1 200) 7 headers in 285 bytes (1 switches on core 0) /var/lib/openstack/lib/python3.10/site-packages/pycadf/identifier.py:71: UserWarning: Invalid uuid: cinderv3. To ensure interoperability, identifiers should be a valid uuid. warnings.warn(('Invalid uuid: %s. To ensure interoperability, '
2026-04-27 13:14:41.338 8 INFO cinder.api.openstack.wsgi [None req-9d42de14-3fae-4f11-b087-371c70c4770b 7ab993a157af422fa34b5ec810ae3701 bff432a1b4fd4129ad45fd4914d2ffe3 - - default default] GET http://cinder-api.openstack.svc.cluster.local:8776/v3/bff432a1b4fd4129ad45fd4914d2ffe3/volumes/cca7042a-c876-4d7f-b775-013aed147e1a /var/lib/openstack/lib/python3.10/site-packages/oslo_context/context.py:100: DeprecationWarning: Policy enforcement is depending on the value of is_admin. This key is deprecated. Please update your policy file to use the standard policy values. warnings.warn('Policy enforcement is depending on the value of '
2026-04-27 13:14:41.361 8 INFO cinder.volume.api [None req-9d42de14-3fae-4f11-b087-371c70c4770b 7ab993a157af422fa34b5ec810ae3701 bff432a1b4fd4129ad45fd4914d2ffe3 - - default default] Volume info retrieved successfully.
2026-04-27 13:14:41.368 8 INFO cinder.api.openstack.wsgi [None req-9d42de14-3fae-4f11-b087-371c70c4770b 7ab993a157af422fa34b5ec810ae3701 bff432a1b4fd4129ad45fd4914d2ffe3 - - default default] http://cinder-api.openstack.svc.cluster.local:8776/v3/bff432a1b4fd4129ad45fd4914d2ffe3/volumes/cca7042a-c876-4d7f-b775-013aed147e1a returned with HTTP 200 [pid: 8|app: 0|req: 400/804] 10.0.0.41 () {32 vars in 774 bytes} [Mon Apr 27 13:14:41 2026] GET /v3/bff432a1b4fd4129ad45fd4914d2ffe3/volumes/cca7042a-c876-4d7f-b775-013aed147e1a => generated 969 bytes in 40 msecs (HTTP/1.1 200) 7 headers in 285 bytes (1 switches on core 0) /var/lib/openstack/lib/python3.10/site-packages/pycadf/identifier.py:71: UserWarning: Invalid uuid: cinderv3. To ensure interoperability, identifiers should be a valid uuid. warnings.warn(('Invalid uuid: %s. To ensure interoperability, '
2026-04-27 13:14:41.389 7 INFO cinder.api.openstack.wsgi [None req-51757cd6-e057-460f-8e86-39a22a26824e 7ab993a157af422fa34b5ec810ae3701 bff432a1b4fd4129ad45fd4914d2ffe3 - - default default] GET http://cinder-api.openstack.svc.cluster.local:8776/v3/bff432a1b4fd4129ad45fd4914d2ffe3/volumes
2026-04-27 13:14:41.433 7 INFO cinder.volume.api [None req-51757cd6-e057-460f-8e86-39a22a26824e 7ab993a157af422fa34b5ec810ae3701 bff432a1b4fd4129ad45fd4914d2ffe3 - - default default] Get all volumes completed successfully.
2026-04-27 13:14:41.434 7 INFO cinder.api.openstack.wsgi [None req-51757cd6-e057-460f-8e86-39a22a26824e 7ab993a157af422fa34b5ec810ae3701 bff432a1b4fd4129ad45fd4914d2ffe3 - - default default] http://cinder-api.openstack.svc.cluster.local:8776/v3/bff432a1b4fd4129ad45fd4914d2ffe3/volumes returned with HTTP 200 [pid: 7|app: 0|req: 405/805] 10.0.0.41 () {32 vars in 700 bytes} [Mon Apr 27 13:14:41 2026] GET /v3/bff432a1b4fd4129ad45fd4914d2ffe3/volumes => generated 1324 bytes in 54 msecs (HTTP/1.1 200) 7 headers in 286 bytes (1 switches on core 0) /var/lib/openstack/lib/python3.10/site-packages/pycadf/identifier.py:71: UserWarning: Invalid uuid: cinderv3. To ensure interoperability, identifiers should be a valid uuid. warnings.warn(('Invalid uuid: %s. To ensure interoperability, '
2026-04-27 13:14:41.452 8 INFO cinder.api.openstack.wsgi [None req-b9f1ea20-8877-4046-a495-86703b9f250f 7ab993a157af422fa34b5ec810ae3701 bff432a1b4fd4129ad45fd4914d2ffe3 - - default default] GET http://cinder-api.openstack.svc.cluster.local:8776/v3/bff432a1b4fd4129ad45fd4914d2ffe3/volumes/cca7042a-c876-4d7f-b775-013aed147e1a /var/lib/openstack/lib/python3.10/site-packages/oslo_context/context.py:100: DeprecationWarning: Policy enforcement is depending on the value of is_admin. This key is deprecated. Please update your policy file to use the standard policy values. warnings.warn('Policy enforcement is depending on the value of '
2026-04-27 13:14:41.470 8 INFO cinder.volume.api [None req-b9f1ea20-8877-4046-a495-86703b9f250f 7ab993a157af422fa34b5ec810ae3701 bff432a1b4fd4129ad45fd4914d2ffe3 - - default default] Volume info retrieved successfully.
2026-04-27 13:14:41.477 8 INFO cinder.api.openstack.wsgi [None req-b9f1ea20-8877-4046-a495-86703b9f250f 7ab993a157af422fa34b5ec810ae3701 bff432a1b4fd4129ad45fd4914d2ffe3 - - default default] http://cinder-api.openstack.svc.cluster.local:8776/v3/bff432a1b4fd4129ad45fd4914d2ffe3/volumes/cca7042a-c876-4d7f-b775-013aed147e1a returned with HTTP 200 [pid: 8|app: 0|req: 401/806] 10.0.0.41 () {32 vars in 774 bytes} [Mon Apr 27 13:14:41 2026] GET /v3/bff432a1b4fd4129ad45fd4914d2ffe3/volumes/cca7042a-c876-4d7f-b775-013aed147e1a => generated 969 bytes in 34 msecs (HTTP/1.1 200) 7 headers in 285 bytes (1 switches on core 0) /var/lib/openstack/lib/python3.10/site-packages/pycadf/identifier.py:71: UserWarning: Invalid uuid: cinderv3. To ensure interoperability, identifiers should be a valid uuid. warnings.warn(('Invalid uuid: %s. To ensure interoperability, '
2026-04-27 13:14:41.498 7 INFO cinder.api.openstack.wsgi [None req-f5eeda03-36ec-4488-b38d-174897c65a76 7ab993a157af422fa34b5ec810ae3701 bff432a1b4fd4129ad45fd4914d2ffe3 - - default default] DELETE http://cinder-api.openstack.svc.cluster.local:8776/v3/bff432a1b4fd4129ad45fd4914d2ffe3/volumes/cca7042a-c876-4d7f-b775-013aed147e1a
2026-04-27 13:14:41.499 7 INFO cinder.api.v3.volumes [None req-f5eeda03-36ec-4488-b38d-174897c65a76 7ab993a157af422fa34b5ec810ae3701 bff432a1b4fd4129ad45fd4914d2ffe3 - - default default] Delete volume with id: cca7042a-c876-4d7f-b775-013aed147e1a  /var/lib/openstack/lib/python3.10/site-packages/oslo_context/context.py:100: DeprecationWarning: Policy enforcement is depending on the value of is_admin. This key is deprecated. Please update your policy file to use the standard policy values. warnings.warn('Policy enforcement is depending on the value of '
2026-04-27 13:14:41.507 7 INFO cinder.volume.api [None req-f5eeda03-36ec-4488-b38d-174897c65a76 7ab993a157af422fa34b5ec810ae3701 bff432a1b4fd4129ad45fd4914d2ffe3 - - default default] Volume info retrieved successfully.
2026-04-27 13:14:41.533 7 INFO cinder.volume.api [None req-f5eeda03-36ec-4488-b38d-174897c65a76 7ab993a157af422fa34b5ec810ae3701 bff432a1b4fd4129ad45fd4914d2ffe3 - - default default] Delete volume request issued successfully.
2026-04-27 13:14:41.533 7 INFO cinder.api.openstack.wsgi [None req-f5eeda03-36ec-4488-b38d-174897c65a76 7ab993a157af422fa34b5ec810ae3701 bff432a1b4fd4129ad45fd4914d2ffe3 - - default default] http://cinder-api.openstack.svc.cluster.local:8776/v3/bff432a1b4fd4129ad45fd4914d2ffe3/volumes/cca7042a-c876-4d7f-b775-013aed147e1a returned with HTTP 202 [pid: 7|app: 0|req: 406/807] 10.0.0.41 () {32 vars in 777 bytes} [Mon Apr 27 13:14:41 2026] DELETE /v3/bff432a1b4fd4129ad45fd4914d2ffe3/volumes/cca7042a-c876-4d7f-b775-013aed147e1a => generated 0 bytes in 40 msecs (HTTP/1.1 202) 6 headers in 233 bytes (1 switches on core 0) /var/lib/openstack/lib/python3.10/site-packages/pycadf/identifier.py:71: UserWarning: Invalid uuid: cinderv3. To ensure interoperability, identifiers should be a valid uuid. warnings.warn(('Invalid uuid: %s. To ensure interoperability, '
2026-04-27 13:14:41.546 8 INFO cinder.api.openstack.wsgi [None req-421d8a38-a173-4c32-b7a3-617e4e4230d7 7ab993a157af422fa34b5ec810ae3701 bff432a1b4fd4129ad45fd4914d2ffe3 - - default default] GET http://cinder-api.openstack.svc.cluster.local:8776/v3/bff432a1b4fd4129ad45fd4914d2ffe3/volumes/cca7042a-c876-4d7f-b775-013aed147e1a /var/lib/openstack/lib/python3.10/site-packages/oslo_context/context.py:100: DeprecationWarning: Policy enforcement is depending on the value of is_admin. This key is deprecated. Please update your policy file to use the standard policy values. warnings.warn('Policy enforcement is depending on the value of '
2026-04-27 13:14:41.565 8 INFO cinder.volume.api [None req-421d8a38-a173-4c32-b7a3-617e4e4230d7 7ab993a157af422fa34b5ec810ae3701 bff432a1b4fd4129ad45fd4914d2ffe3 - - default default] Volume info retrieved successfully.
2026-04-27 13:14:41.574 8 INFO cinder.api.openstack.wsgi [None req-421d8a38-a173-4c32-b7a3-617e4e4230d7 7ab993a157af422fa34b5ec810ae3701 bff432a1b4fd4129ad45fd4914d2ffe3 - - default default] http://cinder-api.openstack.svc.cluster.local:8776/v3/bff432a1b4fd4129ad45fd4914d2ffe3/volumes/cca7042a-c876-4d7f-b775-013aed147e1a returned with HTTP 200 [pid: 8|app: 0|req: 402/808] 10.0.0.41 () {32 vars in 774 bytes} [Mon Apr 27 13:14:41 2026] GET /v3/bff432a1b4fd4129ad45fd4914d2ffe3/volumes/cca7042a-c876-4d7f-b775-013aed147e1a => generated 968 bytes in 38 msecs (HTTP/1.1 200) 7 headers in 285 bytes (1 switches on core 0) /var/lib/openstack/lib/python3.10/site-packages/pycadf/identifier.py:71: UserWarning: Invalid uuid: cinderv3. To ensure interoperability, identifiers should be a valid uuid. warnings.warn(('Invalid uuid: %s. To ensure interoperability, '
2026-04-27 13:14:42.598 7 INFO cinder.api.openstack.wsgi [None req-558800ae-ae5b-4efa-9e3e-0aba3bf61add 7ab993a157af422fa34b5ec810ae3701 bff432a1b4fd4129ad45fd4914d2ffe3 - - default default] GET http://cinder-api.openstack.svc.cluster.local:8776/v3/bff432a1b4fd4129ad45fd4914d2ffe3/volumes/cca7042a-c876-4d7f-b775-013aed147e1a
2026-04-27 13:14:42.609 7 INFO cinder.api.openstack.wsgi [None req-558800ae-ae5b-4efa-9e3e-0aba3bf61add 7ab993a157af422fa34b5ec810ae3701 bff432a1b4fd4129ad45fd4914d2ffe3 - - default default] http://cinder-api.openstack.svc.cluster.local:8776/v3/bff432a1b4fd4129ad45fd4914d2ffe3/volumes/cca7042a-c876-4d7f-b775-013aed147e1a returned with HTTP 404 [pid: 7|app: 0|req: 407/809] 10.0.0.41 () {32 vars in 774 bytes} [Mon Apr 27 13:14:42 2026] GET /v3/bff432a1b4fd4129ad45fd4914d2ffe3/volumes/cca7042a-c876-4d7f-b775-013aed147e1a => generated 109 bytes in 16 msecs (HTTP/1.1 404) 7 headers in 292 bytes (1 switches on core 0) /var/lib/openstack/lib/python3.10/site-packages/pycadf/identifier.py:71: UserWarning: Invalid uuid: cinderv3. To ensure interoperability, identifiers should be a valid uuid. warnings.warn(('Invalid uuid: %s. To ensure interoperability, '
2026-04-27 13:14:42.620 8 INFO cinder.api.openstack.wsgi [None req-915c68e1-a12c-41fe-aafe-da5b41b71bcc 7ab993a157af422fa34b5ec810ae3701 bff432a1b4fd4129ad45fd4914d2ffe3 - - default default] GET http://cinder-api.openstack.svc.cluster.local:8776/v3/bff432a1b4fd4129ad45fd4914d2ffe3/volumes/d1186131-b680-4028-9ec1-f2958748c1a4 /var/lib/openstack/lib/python3.10/site-packages/oslo_context/context.py:100: DeprecationWarning: Policy enforcement is depending on the value of is_admin. This key is deprecated. Please update your policy file to use the standard policy values. warnings.warn('Policy enforcement is depending on the value of '
2026-04-27 13:14:42.640 8 INFO cinder.volume.api [None req-915c68e1-a12c-41fe-aafe-da5b41b71bcc 7ab993a157af422fa34b5ec810ae3701 bff432a1b4fd4129ad45fd4914d2ffe3 - - default default] Volume info retrieved successfully.
2026-04-27 13:14:42.646 8 INFO cinder.api.openstack.wsgi [None req-915c68e1-a12c-41fe-aafe-da5b41b71bcc 7ab993a157af422fa34b5ec810ae3701 bff432a1b4fd4129ad45fd4914d2ffe3 - - default default] http://cinder-api.openstack.svc.cluster.local:8776/v3/bff432a1b4fd4129ad45fd4914d2ffe3/volumes/d1186131-b680-4028-9ec1-f2958748c1a4 returned with HTTP 200 [pid: 8|app: 0|req: 403/810] 10.0.0.41 () {32 vars in 774 bytes} [Mon Apr 27 13:14:42 2026] GET /v3/bff432a1b4fd4129ad45fd4914d2ffe3/volumes/d1186131-b680-4028-9ec1-f2958748c1a4 => generated 969 bytes in 32 msecs (HTTP/1.1 200) 7 headers in 285 bytes (1 switches on core 0)
2026-04-27 13:14:42.667 7 INFO cinder.api.openstack.wsgi [None req-3bcbab12-00b2-42c3-acd6-9f6a3f5b6b04 7ab993a157af422fa34b5ec810ae3701 bff432a1b4fd4129ad45fd4914d2ffe3 - - default default] DELETE http://cinder-api.openstack.svc.cluster.local:8776/v3/bff432a1b4fd4129ad45fd4914d2ffe3/volumes/d1186131-b680-4028-9ec1-f2958748c1a4
2026-04-27 13:14:42.668 7 INFO cinder.api.v3.volumes [None req-3bcbab12-00b2-42c3-acd6-9f6a3f5b6b04 7ab993a157af422fa34b5ec810ae3701 bff432a1b4fd4129ad45fd4914d2ffe3 - - default default] Delete volume with id: d1186131-b680-4028-9ec1-f2958748c1a4  /var/lib/openstack/lib/python3.10/site-packages/oslo_context/context.py:100: DeprecationWarning: Policy enforcement is depending on the value of is_admin. This key is deprecated. Please update your policy file to use the standard policy values. warnings.warn('Policy enforcement is depending on the value of '
2026-04-27 13:14:42.679 7 INFO cinder.volume.api [None req-3bcbab12-00b2-42c3-acd6-9f6a3f5b6b04 7ab993a157af422fa34b5ec810ae3701 bff432a1b4fd4129ad45fd4914d2ffe3 - - default default] Volume info retrieved successfully.
2026-04-27 13:14:42.709 7 INFO cinder.volume.api [None req-3bcbab12-00b2-42c3-acd6-9f6a3f5b6b04 7ab993a157af422fa34b5ec810ae3701 bff432a1b4fd4129ad45fd4914d2ffe3 - - default default] Delete volume request issued successfully.
2026-04-27 13:14:42.709 7 INFO cinder.api.openstack.wsgi [None req-3bcbab12-00b2-42c3-acd6-9f6a3f5b6b04 7ab993a157af422fa34b5ec810ae3701 bff432a1b4fd4129ad45fd4914d2ffe3 - - default default] http://cinder-api.openstack.svc.cluster.local:8776/v3/bff432a1b4fd4129ad45fd4914d2ffe3/volumes/d1186131-b680-4028-9ec1-f2958748c1a4 returned with HTTP 202 [pid: 7|app: 0|req: 408/811] 10.0.0.41 () {32 vars in 777 bytes} [Mon Apr 27 13:14:42 2026] DELETE /v3/bff432a1b4fd4129ad45fd4914d2ffe3/volumes/d1186131-b680-4028-9ec1-f2958748c1a4 => generated 0 bytes in 48 msecs (HTTP/1.1 202) 6 headers in 233 bytes (1 switches on core 0) /var/lib/openstack/lib/python3.10/site-packages/pycadf/identifier.py:71: UserWarning: Invalid uuid: cinderv3. To ensure interoperability, identifiers should be a valid uuid. warnings.warn(('Invalid uuid: %s. To ensure interoperability, '
2026-04-27 13:14:42.724 8 INFO cinder.api.openstack.wsgi [None req-3c380964-2c57-410c-bf46-57277477d3a2 7ab993a157af422fa34b5ec810ae3701 bff432a1b4fd4129ad45fd4914d2ffe3 - - default default] GET http://cinder-api.openstack.svc.cluster.local:8776/v3/bff432a1b4fd4129ad45fd4914d2ffe3/volumes/d1186131-b680-4028-9ec1-f2958748c1a4 /var/lib/openstack/lib/python3.10/site-packages/oslo_context/context.py:100: DeprecationWarning: Policy enforcement is depending on the value of is_admin. This key is deprecated. Please update your policy file to use the standard policy values. warnings.warn('Policy enforcement is depending on the value of '
2026-04-27 13:14:42.759 8 INFO cinder.volume.api [None req-3c380964-2c57-410c-bf46-57277477d3a2 7ab993a157af422fa34b5ec810ae3701 bff432a1b4fd4129ad45fd4914d2ffe3 - - default default] Volume info retrieved successfully.
2026-04-27 13:14:42.766 8 INFO cinder.api.openstack.wsgi [None req-3c380964-2c57-410c-bf46-57277477d3a2 7ab993a157af422fa34b5ec810ae3701 bff432a1b4fd4129ad45fd4914d2ffe3 - - default default] http://cinder-api.openstack.svc.cluster.local:8776/v3/bff432a1b4fd4129ad45fd4914d2ffe3/volumes/d1186131-b680-4028-9ec1-f2958748c1a4 returned with HTTP 200 [pid: 8|app: 0|req: 404/812] 10.0.0.41 () {32 vars in 774 bytes} [Mon Apr 27 13:14:42 2026] GET /v3/bff432a1b4fd4129ad45fd4914d2ffe3/volumes/d1186131-b680-4028-9ec1-f2958748c1a4 => generated 968 bytes in 50 msecs (HTTP/1.1 200) 7 headers in 285 bytes (1 switches on core 0) /var/lib/openstack/lib/python3.10/site-packages/pycadf/identifier.py:71: UserWarning: Invalid uuid: cinderv3. To ensure interoperability, identifiers should be a valid uuid. warnings.warn(('Invalid uuid: %s. To ensure interoperability, '
2026-04-27 13:14:43.793 7 INFO cinder.api.openstack.wsgi [None req-e4a9c0f6-0ddc-4e57-8c62-72eb65a1d5d8 7ab993a157af422fa34b5ec810ae3701 bff432a1b4fd4129ad45fd4914d2ffe3 - - default default] GET http://cinder-api.openstack.svc.cluster.local:8776/v3/bff432a1b4fd4129ad45fd4914d2ffe3/volumes/d1186131-b680-4028-9ec1-f2958748c1a4
2026-04-27 13:14:43.804 7 INFO cinder.api.openstack.wsgi [None req-e4a9c0f6-0ddc-4e57-8c62-72eb65a1d5d8 7ab993a157af422fa34b5ec810ae3701 bff432a1b4fd4129ad45fd4914d2ffe3 - - default default] http://cinder-api.openstack.svc.cluster.local:8776/v3/bff432a1b4fd4129ad45fd4914d2ffe3/volumes/d1186131-b680-4028-9ec1-f2958748c1a4 returned with HTTP 404 [pid: 7|app: 0|req: 409/813] 10.0.0.41 () {32 vars in 774 bytes} [Mon Apr 27 13:14:43 2026] GET /v3/bff432a1b4fd4129ad45fd4914d2ffe3/volumes/d1186131-b680-4028-9ec1-f2958748c1a4 => generated 109 bytes in 21 msecs (HTTP/1.1 404) 7 headers in 292 bytes (1 switches on core 0) /var/lib/openstack/lib/python3.10/site-packages/pycadf/identifier.py:71: UserWarning: Invalid uuid: cinderv3. To ensure interoperability, identifiers should be a valid uuid. warnings.warn(('Invalid uuid: %s. To ensure interoperability, '
2026-04-27 13:14:43.817 8 INFO cinder.api.openstack.wsgi [None req-43dc2c63-b1a1-43be-9cd2-e3be983a6a39 7ab993a157af422fa34b5ec810ae3701 bff432a1b4fd4129ad45fd4914d2ffe3 - - default default] GET http://cinder-api.openstack.svc.cluster.local:8776/v3/bff432a1b4fd4129ad45fd4914d2ffe3/volumes/b597ec30-b1e7-411a-aeec-72af09007acf /var/lib/openstack/lib/python3.10/site-packages/oslo_context/context.py:100: DeprecationWarning: Policy enforcement is depending on the value of is_admin. This key is deprecated. Please update your policy file to use the standard policy values. warnings.warn('Policy enforcement is depending on the value of '
2026-04-27 13:14:43.838 8 INFO cinder.volume.api [None req-43dc2c63-b1a1-43be-9cd2-e3be983a6a39 7ab993a157af422fa34b5ec810ae3701 bff432a1b4fd4129ad45fd4914d2ffe3 - - default default] Volume info retrieved successfully.
2026-04-27 13:14:43.844 8 INFO cinder.api.openstack.wsgi [None req-43dc2c63-b1a1-43be-9cd2-e3be983a6a39 7ab993a157af422fa34b5ec810ae3701 bff432a1b4fd4129ad45fd4914d2ffe3 - - default default] http://cinder-api.openstack.svc.cluster.local:8776/v3/bff432a1b4fd4129ad45fd4914d2ffe3/volumes/b597ec30-b1e7-411a-aeec-72af09007acf returned with HTTP 200 [pid: 8|app: 0|req: 405/814] 10.0.0.41 () {32 vars in 774 bytes} [Mon Apr 27 13:14:43 2026] GET /v3/bff432a1b4fd4129ad45fd4914d2ffe3/volumes/b597ec30-b1e7-411a-aeec-72af09007acf => generated 969 bytes in 33 msecs (HTTP/1.1 200) 7 headers in 285 bytes (1 switches on core 0)
2026-04-27 13:14:43.868 7 INFO cinder.api.openstack.wsgi [None req-dffd1b5f-2464-44d6-bcb6-879f6363e605 7ab993a157af422fa34b5ec810ae3701 bff432a1b4fd4129ad45fd4914d2ffe3 - - default default] DELETE http://cinder-api.openstack.svc.cluster.local:8776/v3/bff432a1b4fd4129ad45fd4914d2ffe3/volumes/b597ec30-b1e7-411a-aeec-72af09007acf
2026-04-27 13:14:43.869 7 INFO cinder.api.v3.volumes [None req-dffd1b5f-2464-44d6-bcb6-879f6363e605 7ab993a157af422fa34b5ec810ae3701 bff432a1b4fd4129ad45fd4914d2ffe3 - - default default] Delete volume with id: b597ec30-b1e7-411a-aeec-72af09007acf  /var/lib/openstack/lib/python3.10/site-packages/oslo_context/context.py:100: DeprecationWarning: Policy enforcement is depending on the value of is_admin. This key is deprecated. Please update your policy file to use the standard policy values. warnings.warn('Policy enforcement is depending on the value of '
2026-04-27 13:14:43.882 7 INFO cinder.volume.api [None req-dffd1b5f-2464-44d6-bcb6-879f6363e605 7ab993a157af422fa34b5ec810ae3701 bff432a1b4fd4129ad45fd4914d2ffe3 - - default default] Volume info retrieved successfully.
2026-04-27 13:14:43.915 7 INFO cinder.volume.api [None req-dffd1b5f-2464-44d6-bcb6-879f6363e605 7ab993a157af422fa34b5ec810ae3701 bff432a1b4fd4129ad45fd4914d2ffe3 - - default default] Delete volume request issued successfully.
2026-04-27 13:14:43.916 7 INFO cinder.api.openstack.wsgi [None req-dffd1b5f-2464-44d6-bcb6-879f6363e605 7ab993a157af422fa34b5ec810ae3701 bff432a1b4fd4129ad45fd4914d2ffe3 - - default default] http://cinder-api.openstack.svc.cluster.local:8776/v3/bff432a1b4fd4129ad45fd4914d2ffe3/volumes/b597ec30-b1e7-411a-aeec-72af09007acf returned with HTTP 202 [pid: 7|app: 0|req: 410/815] 10.0.0.41 () {32 vars in 777 bytes} [Mon Apr 27 13:14:43 2026] DELETE /v3/bff432a1b4fd4129ad45fd4914d2ffe3/volumes/b597ec30-b1e7-411a-aeec-72af09007acf => generated 0 bytes in 58 msecs (HTTP/1.1 202) 6 headers in 233 bytes (1 switches on core 0) /var/lib/openstack/lib/python3.10/site-packages/pycadf/identifier.py:71: UserWarning: Invalid uuid: cinderv3. To ensure interoperability, identifiers should be a valid uuid. warnings.warn(('Invalid uuid: %s. To ensure interoperability, '
2026-04-27 13:14:43.932 8 INFO cinder.api.openstack.wsgi [None req-96714f10-30d3-47e0-943f-232b4b048de9 7ab993a157af422fa34b5ec810ae3701 bff432a1b4fd4129ad45fd4914d2ffe3 - - default default] GET http://cinder-api.openstack.svc.cluster.local:8776/v3/bff432a1b4fd4129ad45fd4914d2ffe3/volumes/b597ec30-b1e7-411a-aeec-72af09007acf /var/lib/openstack/lib/python3.10/site-packages/oslo_context/context.py:100: DeprecationWarning: Policy enforcement is depending on the value of is_admin. This key is deprecated. Please update your policy file to use the standard policy values. warnings.warn('Policy enforcement is depending on the value of '
2026-04-27 13:14:43.971 8 INFO cinder.volume.api [None req-96714f10-30d3-47e0-943f-232b4b048de9 7ab993a157af422fa34b5ec810ae3701 bff432a1b4fd4129ad45fd4914d2ffe3 - - default default] Volume info retrieved successfully.
2026-04-27 13:14:43.977 8 INFO cinder.api.openstack.wsgi [None req-96714f10-30d3-47e0-943f-232b4b048de9 7ab993a157af422fa34b5ec810ae3701 bff432a1b4fd4129ad45fd4914d2ffe3 - - default default] http://cinder-api.openstack.svc.cluster.local:8776/v3/bff432a1b4fd4129ad45fd4914d2ffe3/volumes/b597ec30-b1e7-411a-aeec-72af09007acf returned with HTTP 200 [pid: 8|app: 0|req: 406/816] 10.0.0.41 () {32 vars in 774 bytes} [Mon Apr 27 13:14:43 2026] GET /v3/bff432a1b4fd4129ad45fd4914d2ffe3/volumes/b597ec30-b1e7-411a-aeec-72af09007acf => generated 968 bytes in 53 msecs (HTTP/1.1 200) 7 headers in 285 bytes (1 switches on core 0) /var/lib/openstack/lib/python3.10/site-packages/pycadf/identifier.py:71: UserWarning: Invalid uuid: cinderv3. To ensure interoperability, identifiers should be a valid uuid. warnings.warn(('Invalid uuid: %s. To ensure interoperability, '
2026-04-27 13:14:44.995 7 INFO cinder.api.openstack.wsgi [None req-26249708-1867-45a4-b933-847065b3a07c 7ab993a157af422fa34b5ec810ae3701 bff432a1b4fd4129ad45fd4914d2ffe3 - - default default] GET http://cinder-api.openstack.svc.cluster.local:8776/v3/bff432a1b4fd4129ad45fd4914d2ffe3/volumes/b597ec30-b1e7-411a-aeec-72af09007acf
2026-04-27 13:14:45.005 7 INFO cinder.api.openstack.wsgi [None req-26249708-1867-45a4-b933-847065b3a07c 7ab993a157af422fa34b5ec810ae3701 bff432a1b4fd4129ad45fd4914d2ffe3 - - default default] http://cinder-api.openstack.svc.cluster.local:8776/v3/bff432a1b4fd4129ad45fd4914d2ffe3/volumes/b597ec30-b1e7-411a-aeec-72af09007acf returned with HTTP 404 [pid: 7|app: 0|req: 411/817] 10.0.0.41 () {32 vars in 774 bytes} [Mon Apr 27 13:14:44 2026] GET /v3/bff432a1b4fd4129ad45fd4914d2ffe3/volumes/b597ec30-b1e7-411a-aeec-72af09007acf => generated 109 bytes in 17 msecs (HTTP/1.1 404) 7 headers in 292 bytes (1 switches on core 0)
2026-04-27 13:14:48.433 7 INFO cinder.api.openstack.wsgi [None req-26249708-1867-45a4-b933-847065b3a07c 7ab993a157af422fa34b5ec810ae3701 bff432a1b4fd4129ad45fd4914d2ffe3 - - default default] GET http://10.0.0.47:8776/
2026-04-27 13:14:48.433 8 INFO cinder.api.openstack.wsgi [None req-96714f10-30d3-47e0-943f-232b4b048de9 7ab993a157af422fa34b5ec810ae3701 bff432a1b4fd4129ad45fd4914d2ffe3 - - default default] GET http://10.0.0.47:8776/
2026-04-27 13:14:48.434 7 INFO cinder.api.openstack.wsgi [None req-26249708-1867-45a4-b933-847065b3a07c 7ab993a157af422fa34b5ec810ae3701 bff432a1b4fd4129ad45fd4914d2ffe3 - - default default] http://10.0.0.47:8776/ returned with HTTP 300
2026-04-27 13:14:48.434 8 INFO cinder.api.openstack.wsgi [None req-96714f10-30d3-47e0-943f-232b4b048de9 7ab993a157af422fa34b5ec810ae3701 bff432a1b4fd4129ad45fd4914d2ffe3 - - default default] http://10.0.0.47:8776/ returned with HTTP 300
2026-04-27 13:14:49.982 7 INFO cinder.api.openstack.wsgi [None req-26249708-1867-45a4-b933-847065b3a07c 7ab993a157af422fa34b5ec810ae3701 bff432a1b4fd4129ad45fd4914d2ffe3 - - default default] GET http://cinder-api.openstack.svc.cluster.local:8776/
2026-04-27 13:14:49.983 7 INFO cinder.api.openstack.wsgi [None req-26249708-1867-45a4-b933-847065b3a07c 7ab993a157af422fa34b5ec810ae3701 bff432a1b4fd4129ad45fd4914d2ffe3 - - default default] http://cinder-api.openstack.svc.cluster.local:8776/ returned with HTTP 300 [pid: 7|app: 0|req: 413/820] 10.0.0.45 () {28 vars in 375 bytes} [Mon Apr 27 13:14:49 2026] GET / => generated 411 bytes in 2 msecs (HTTP/1.1 300) 5 headers in 169 bytes (1 switches on core 0) /var/lib/openstack/lib/python3.10/site-packages/pycadf/identifier.py:71: UserWarning: Invalid uuid: cinderv3. To ensure interoperability, identifiers should be a valid uuid. warnings.warn(('Invalid uuid: %s. To ensure interoperability, '
2026-04-27 13:14:50.002 8 INFO cinder.api.openstack.wsgi [None req-869cb27e-60bd-480d-9b4c-5856ca75163e 798580e094f144a5825290e515cd2a1e 7dcf96981ea74bbba4f756425395759d - - default default] GET http://cinder-api.openstack.svc.cluster.local:8776/v3/7dcf96981ea74bbba4f756425395759d/limits?tenant_id=7dcf96981ea74bbba4f756425395759d
2026-04-27 13:14:50.067 8 INFO cinder.api.openstack.wsgi [None req-869cb27e-60bd-480d-9b4c-5856ca75163e 798580e094f144a5825290e515cd2a1e 7dcf96981ea74bbba4f756425395759d - - default default] http://cinder-api.openstack.svc.cluster.local:8776/v3/7dcf96981ea74bbba4f756425395759d/limits?tenant_id=7dcf96981ea74bbba4f756425395759d returned with HTTP 200 [pid: 8|app: 0|req: 408/821] 10.0.0.45 () {34 vars in 878 bytes} [Mon Apr 27 13:14:49 2026] GET /v3/7dcf96981ea74bbba4f756425395759d/limits?tenant_id=7dcf96981ea74bbba4f756425395759d => generated 302 bytes in 76 msecs (HTTP/1.1 200) 7 headers in 286 bytes (1 switches on core 0)
2026-04-27 13:14:52.390 7 INFO cinder.api.openstack.wsgi [None req-26249708-1867-45a4-b933-847065b3a07c 7ab993a157af422fa34b5ec810ae3701 bff432a1b4fd4129ad45fd4914d2ffe3 - - default default] GET http://cinder-api.openstack.svc.cluster.local:8776/
2026-04-27 13:14:52.391 7 INFO cinder.api.openstack.wsgi [None req-26249708-1867-45a4-b933-847065b3a07c 7ab993a157af422fa34b5ec810ae3701 bff432a1b4fd4129ad45fd4914d2ffe3 - - default default] http://cinder-api.openstack.svc.cluster.local:8776/ returned with HTTP 300 [pid: 7|app: 0|req: 414/822] 10.0.0.45 () {28 vars in 375 bytes} [Mon Apr 27 13:14:52 2026] GET / => generated 411 bytes in 3 msecs (HTTP/1.1 300) 5 headers in 169 bytes (1 switches on core 0)
2026-04-27 13:14:52.398 8 INFO cinder.api.openstack.wsgi [None req-869cb27e-60bd-480d-9b4c-5856ca75163e 798580e094f144a5825290e515cd2a1e 7dcf96981ea74bbba4f756425395759d - - default default] GET http://cinder-api.openstack.svc.cluster.local:8776/
2026-04-27 13:14:52.399 8 INFO cinder.api.openstack.wsgi [None req-869cb27e-60bd-480d-9b4c-5856ca75163e 798580e094f144a5825290e515cd2a1e 7dcf96981ea74bbba4f756425395759d - - default default] http://cinder-api.openstack.svc.cluster.local:8776/ returned with HTTP 300 [pid: 8|app: 0|req: 409/823] 10.0.0.45 () {28 vars in 375 bytes} [Mon Apr 27 13:14:52 2026] GET / => generated 411 bytes in 2 msecs (HTTP/1.1 300) 5 headers in 169 bytes (1 switches on core 0)
2026-04-27 13:14:53.058 7 INFO cinder.api.openstack.wsgi [None req-26249708-1867-45a4-b933-847065b3a07c 7ab993a157af422fa34b5ec810ae3701 bff432a1b4fd4129ad45fd4914d2ffe3 - - default default] GET http://cinder-api.openstack.svc.cluster.local:8776/
2026-04-27 13:14:53.059 7 INFO cinder.api.openstack.wsgi [None req-26249708-1867-45a4-b933-847065b3a07c 7ab993a157af422fa34b5ec810ae3701 bff432a1b4fd4129ad45fd4914d2ffe3 - - default default] http://cinder-api.openstack.svc.cluster.local:8776/ returned with HTTP 300 [pid: 7|app: 0|req: 415/824] 10.0.0.45 () {28 vars in 375 bytes} [Mon Apr 27 13:14:53 2026] GET / => generated 411 bytes in 2 msecs (HTTP/1.1 300) 5 headers in 169 bytes (1 switches on core 0)
2026-04-27 13:14:53.074 8 INFO cinder.api.openstack.wsgi [None req-f3a96e5e-ea8d-4022-9890-746629981e72 798580e094f144a5825290e515cd2a1e 7dcf96981ea74bbba4f756425395759d - - default default] GET http://cinder-api.openstack.svc.cluster.local:8776/v3/7dcf96981ea74bbba4f756425395759d/limits?tenant_id=7dcf96981ea74bbba4f756425395759d
2026-04-27 13:14:53.100 8 INFO cinder.api.openstack.wsgi [None req-f3a96e5e-ea8d-4022-9890-746629981e72 798580e094f144a5825290e515cd2a1e 7dcf96981ea74bbba4f756425395759d - - default default] http://cinder-api.openstack.svc.cluster.local:8776/v3/7dcf96981ea74bbba4f756425395759d/limits?tenant_id=7dcf96981ea74bbba4f756425395759d returned with HTTP 200 [pid: 8|app: 0|req: 410/825] 10.0.0.45 () {34 vars in 878 bytes} [Mon Apr 27 13:14:53 2026] GET /v3/7dcf96981ea74bbba4f756425395759d/limits?tenant_id=7dcf96981ea74bbba4f756425395759d => generated 302 bytes in 33 msecs (HTTP/1.1 200) 7 headers in 286 bytes (1 switches on core 0)
2026-04-27 13:14:55.175 7 INFO cinder.api.openstack.wsgi [None req-26249708-1867-45a4-b933-847065b3a07c 7ab993a157af422fa34b5ec810ae3701 bff432a1b4fd4129ad45fd4914d2ffe3 - - default default] GET http://cinder-api.openstack.svc.cluster.local:8776/
2026-04-27 13:14:55.177 7 INFO cinder.api.openstack.wsgi [None req-26249708-1867-45a4-b933-847065b3a07c 7ab993a157af422fa34b5ec810ae3701 bff432a1b4fd4129ad45fd4914d2ffe3 - - default default] http://cinder-api.openstack.svc.cluster.local:8776/ returned with HTTP 300 [pid: 7|app: 0|req: 416/826] 10.0.0.45 () {28 vars in 375 bytes} [Mon Apr 27 13:14:55 2026] GET / => generated 411 bytes in 5 msecs (HTTP/1.1 300) 5 headers in 169 bytes (1 switches on core 0)
2026-04-27 13:14:55.191 8 INFO cinder.api.openstack.wsgi [None req-f3a96e5e-ea8d-4022-9890-746629981e72 798580e094f144a5825290e515cd2a1e 7dcf96981ea74bbba4f756425395759d - - default default] GET http://cinder-api.openstack.svc.cluster.local:8776/
2026-04-27 13:14:55.192 8 INFO cinder.api.openstack.wsgi [None req-f3a96e5e-ea8d-4022-9890-746629981e72 798580e094f144a5825290e515cd2a1e 7dcf96981ea74bbba4f756425395759d - - default default] http://cinder-api.openstack.svc.cluster.local:8776/ returned with HTTP 300 [pid: 8|app: 0|req: 411/827] 10.0.0.45 () {28 vars in 375 bytes} [Mon Apr 27 13:14:55 2026] GET / => generated 411 bytes in 3 msecs (HTTP/1.1 300) 5 headers in 169 bytes (1 switches on core 0)
2026-04-27 13:14:55.712 7 INFO cinder.api.openstack.wsgi [None req-26249708-1867-45a4-b933-847065b3a07c 7ab993a157af422fa34b5ec810ae3701 bff432a1b4fd4129ad45fd4914d2ffe3 - - default default] GET http://cinder-api.openstack.svc.cluster.local:8776/
2026-04-27 13:14:55.713 7 INFO cinder.api.openstack.wsgi [None req-26249708-1867-45a4-b933-847065b3a07c 7ab993a157af422fa34b5ec810ae3701 bff432a1b4fd4129ad45fd4914d2ffe3 - - default default] http://cinder-api.openstack.svc.cluster.local:8776/ returned with HTTP 300 [pid: 7|app: 0|req: 417/828] 10.0.0.41 () {30 vars in 410 bytes} [Mon Apr 27 13:14:55 2026] GET / => generated 411 bytes in 3 msecs (HTTP/1.1 300) 5 headers in 169 bytes (1 switches on core 0)
2026-04-27 13:14:58.432 8 INFO cinder.api.openstack.wsgi [None req-f3a96e5e-ea8d-4022-9890-746629981e72 798580e094f144a5825290e515cd2a1e 7dcf96981ea74bbba4f756425395759d - - default default] GET http://10.0.0.47:8776/
2026-04-27 13:14:58.433 7 INFO cinder.api.openstack.wsgi [None req-26249708-1867-45a4-b933-847065b3a07c 7ab993a157af422fa34b5ec810ae3701 bff432a1b4fd4129ad45fd4914d2ffe3 - - default default] GET http://10.0.0.47:8776/
2026-04-27 13:14:58.434 8 INFO cinder.api.openstack.wsgi [None req-f3a96e5e-ea8d-4022-9890-746629981e72 798580e094f144a5825290e515cd2a1e 7dcf96981ea74bbba4f756425395759d - - default default] http://10.0.0.47:8776/ returned with HTTP 300
2026-04-27 13:14:58.434 7 INFO cinder.api.openstack.wsgi [None req-26249708-1867-45a4-b933-847065b3a07c 7ab993a157af422fa34b5ec810ae3701 bff432a1b4fd4129ad45fd4914d2ffe3 - - default default] http://10.0.0.47:8776/ returned with HTTP 300
2026-04-27 13:15:08.432 8 INFO cinder.api.openstack.wsgi [None req-f3a96e5e-ea8d-4022-9890-746629981e72 798580e094f144a5825290e515cd2a1e 7dcf96981ea74bbba4f756425395759d - - default default] GET http://10.0.0.47:8776/
2026-04-27 13:15:08.432 7 INFO cinder.api.openstack.wsgi [None req-26249708-1867-45a4-b933-847065b3a07c 7ab993a157af422fa34b5ec810ae3701 bff432a1b4fd4129ad45fd4914d2ffe3 - - default default] GET http://10.0.0.47:8776/
2026-04-27 13:15:08.433 8 INFO cinder.api.openstack.wsgi [None req-f3a96e5e-ea8d-4022-9890-746629981e72 798580e094f144a5825290e515cd2a1e 7dcf96981ea74bbba4f756425395759d - - default default] http://10.0.0.47:8776/ returned with HTTP 300
2026-04-27 13:15:08.434 7 INFO cinder.api.openstack.wsgi [None req-26249708-1867-45a4-b933-847065b3a07c 7ab993a157af422fa34b5ec810ae3701 bff432a1b4fd4129ad45fd4914d2ffe3 - - default default] http://10.0.0.47:8776/ returned with HTTP 300
2026-04-27 13:15:10.776 8 INFO cinder.api.openstack.wsgi [None req-e90ce60b-eb2f-4b70-a0d9-100182794533 b79779e16bb843a0b4a81f829b94135a c10d634f233c4f4abf29f737040dea99 - - default default] GET http://cinder-api.openstack.svc.cluster.local:8776/v3/c10d634f233c4f4abf29f737040dea99/volumes/detail?all_tenants=true
2026-04-27 13:15:10.789 8 INFO cinder.volume.api [None req-e90ce60b-eb2f-4b70-a0d9-100182794533 b79779e16bb843a0b4a81f829b94135a c10d634f233c4f4abf29f737040dea99 - - default default] Get all volumes completed successfully.
2026-04-27 13:15:10.792 8 INFO cinder.api.openstack.wsgi [None req-e90ce60b-eb2f-4b70-a0d9-100182794533 b79779e16bb843a0b4a81f829b94135a c10d634f233c4f4abf29f737040dea99 - - default default] http://cinder-api.openstack.svc.cluster.local:8776/v3/c10d634f233c4f4abf29f737040dea99/volumes/detail?all_tenants=true returned with HTTP 200 [pid: 8|app: 0|req: 414/833] 10.0.0.77 () {28 vars in 683 bytes} [Mon Apr 27 13:15:10 2026] GET /v3/c10d634f233c4f4abf29f737040dea99/volumes/detail?all_tenants=true => generated 15 bytes in 299 msecs (HTTP/1.1 200) 7 headers in 284 bytes (1 switches on core 0)
2026-04-27 13:15:10.812 7 INFO cinder.api.openstack.wsgi [None req-9d5d750e-45e3-4c4c-aa97-628a54b28fbb b79779e16bb843a0b4a81f829b94135a c10d634f233c4f4abf29f737040dea99 - - default default] GET http://cinder-api.openstack.svc.cluster.local:8776/v3/c10d634f233c4f4abf29f737040dea99/os-services
2026-04-27 13:15:10.827 7 INFO cinder.api.openstack.wsgi [None req-9d5d750e-45e3-4c4c-aa97-628a54b28fbb b79779e16bb843a0b4a81f829b94135a c10d634f233c4f4abf29f737040dea99 - - default default] http://cinder-api.openstack.svc.cluster.local:8776/v3/c10d634f233c4f4abf29f737040dea99/os-services returned with HTTP 200 [pid: 7|app: 0|req: 420/834] 10.0.0.77 () {28 vars in 644 bytes} [Mon Apr 27 13:15:10 2026] GET /v3/c10d634f233c4f4abf29f737040dea99/os-services => generated 646 bytes in 31 msecs (HTTP/1.1 200) 7 headers in 285 bytes (1 switches on core 0)
2026-04-27 13:15:10.847 8 INFO cinder.api.openstack.wsgi [None req-a8677e69-dd75-432f-bc46-819c0b476fd8 b79779e16bb843a0b4a81f829b94135a c10d634f233c4f4abf29f737040dea99 - - default default] GET http://cinder-api.openstack.svc.cluster.local:8776/v3/c10d634f233c4f4abf29f737040dea99/snapshots?all_tenants=true
2026-04-27 13:15:10.857 8 INFO cinder.volume.api [None req-a8677e69-dd75-432f-bc46-819c0b476fd8 b79779e16bb843a0b4a81f829b94135a c10d634f233c4f4abf29f737040dea99 - - default default] Get all snapshots completed successfully.
2026-04-27 13:15:10.858 8 INFO cinder.api.openstack.wsgi [None req-a8677e69-dd75-432f-bc46-819c0b476fd8 b79779e16bb843a0b4a81f829b94135a c10d634f233c4f4abf29f737040dea99 - - default default] http://cinder-api.openstack.svc.cluster.local:8776/v3/c10d634f233c4f4abf29f737040dea99/snapshots?all_tenants=true returned with HTTP 200 [pid: 8|app: 0|req: 415/835] 10.0.0.77 () {28 vars in 673 bytes} [Mon Apr 27 13:15:10 2026] GET /v3/c10d634f233c4f4abf29f737040dea99/snapshots?all_tenants=true => generated 17 bytes in 18 msecs (HTTP/1.1 200) 7 headers in 284 bytes (1 switches on core 0)
2026-04-27 13:15:10.874 7 INFO cinder.api.openstack.wsgi [None req-d43bc433-2fda-4752-8db2-b866da9bf7b7 b79779e16bb843a0b4a81f829b94135a c10d634f233c4f4abf29f737040dea99 - - default default] GET http://cinder-api.openstack.svc.cluster.local:8776/v3/c10d634f233c4f4abf29f737040dea99/scheduler-stats/get_pools?detail=true
2026-04-27 13:15:10.896 7 INFO cinder.api.openstack.wsgi [None req-d43bc433-2fda-4752-8db2-b866da9bf7b7 b79779e16bb843a0b4a81f829b94135a c10d634f233c4f4abf29f737040dea99 - - default default] http://cinder-api.openstack.svc.cluster.local:8776/v3/c10d634f233c4f4abf29f737040dea99/scheduler-stats/get_pools?detail=true returned with HTTP 200 [pid: 7|app: 0|req: 421/836] 10.0.0.77 () {28 vars in 695 bytes} [Mon Apr 27 13:15:10 2026] GET /v3/c10d634f233c4f4abf29f737040dea99/scheduler-stats/get_pools?detail=true => generated 670 bytes in 38 msecs (HTTP/1.1 200) 7 headers in 285 bytes (1 switches on core 0)
2026-04-27 13:15:10.915 8 INFO cinder.api.openstack.wsgi [None req-90d1b6d6-d6cd-43a4-b497-ce87e126916d b79779e16bb843a0b4a81f829b94135a c10d634f233c4f4abf29f737040dea99 - - default default] GET http://cinder-api.openstack.svc.cluster.local:8776/v3/c10d634f233c4f4abf29f737040dea99/volumes/detail?all_tenants=true
