Apr 11 18:53:46.503397 np0000165242 devstack@neutron-api.service[104109]: INFO neutron.plugins.ml2.drivers.ovn.mech_driver.ovsdb.impl_idl_ovn [None req-cf0ba968-8e62-4f65-b1da-c7bad849e476 None None] Getting OvsdbSbOvnIdl for WorkerService with retry
Apr 11 18:53:46.507800 np0000165242 devstack@neutron-api.service[104111]: DEBUG neutron.common.ovn.hash_ring_manager [None req-cfdb8ef6-0e0a-4e82-8874-7fe74563de9c None None] Allow caching, nodes 4>=4 {{(pid=104111) _wait_startup_before_caching /opt/stack/neutron/neutron/common/ovn/hash_ring_manager.py:65}}
Apr 11 18:53:46.510355 np0000165242 devstack@neutron-api.service[104110]: DEBUG neutron.common.ovn.hash_ring_manager [None req-3360cbfd-baf6-45af-86ea-4b97a8e46a69 None None] Allow caching, nodes 4>=4 {{(pid=104110) _wait_startup_before_caching /opt/stack/neutron/neutron/common/ovn/hash_ring_manager.py:65}}
Apr 11 18:53:46.514222 np0000165242 devstack@neutron-api.service[104111]: DEBUG neutron.common.ovn.hash_ring_manager [None req-cfdb8ef6-0e0a-4e82-8874-7fe74563de9c None None] Hash Ring loaded. 4 active nodes. 0 offline nodes {{(pid=104111) _load_hash_ring /opt/stack/neutron/neutron/common/ovn/hash_ring_manager.py:102}}
Apr 11 18:53:46.515430 np0000165242 devstack@neutron-api.service[104111]: INFO neutron.plugins.ml2.drivers.ovn.mech_driver.ovsdb.impl_idl_ovn [None req-cfdb8ef6-0e0a-4e82-8874-7fe74563de9c None None] Getting OvsdbSbOvnIdl for WorkerService with retry
Apr 11 18:53:46.521041 np0000165242 devstack@neutron-api.service[104110]: DEBUG neutron.common.ovn.hash_ring_manager [None req-3360cbfd-baf6-45af-86ea-4b97a8e46a69 None None] Hash Ring loaded. 4 active nodes. 0 offline nodes {{(pid=104110) _load_hash_ring /opt/stack/neutron/neutron/common/ovn/hash_ring_manager.py:102}}
Apr 11 18:53:46.521497 np0000165242 devstack@neutron-api.service[104110]: DEBUG neutron.plugins.ml2.drivers.ovn.mech_driver.ovsdb.ovsdb_monitor [None req-3360cbfd-baf6-45af-86ea-4b97a8e46a69 None None] Hash Ring: Node b5be3180abc553e6aa785a255319483f (host: np0000165242) handling event "create" for row f29b0d08-eada-42ee-b8ff-38bf006ed4e9 (table: ACL) {{(pid=104110) notify /opt/stack/neutron/neutron/plugins/ml2/drivers/ovn/mech_driver/ovsdb/ovsdb_monitor.py:914}}
Apr 11 18:53:46.522924 np0000165242 devstack@neutron-api.service[104110]: INFO neutron.plugins.ml2.drivers.ovn.mech_driver.ovsdb.impl_idl_ovn [None req-3360cbfd-baf6-45af-86ea-4b97a8e46a69 None None] Getting OvsdbSbOvnIdl for WorkerService with retry
Apr 11 18:53:46.541251 np0000165242 devstack@neutron-api.service[104109]: DEBUG ovsdbapp.backend.ovs_idl [None req-cf0ba968-8e62-4f65-b1da-c7bad849e476 None None] Created lookup_table index Chassis.name {{(pid=104109) autocreate_indices /opt/stack/data/venv/lib/python3.12/site-packages/ovsdbapp/backend/ovs_idl/__init__.py:87}}
Apr 11 18:53:46.541251 np0000165242 devstack@neutron-api.service[104109]: DEBUG ovsdbapp.backend.ovs_idl [None req-cf0ba968-8e62-4f65-b1da-c7bad849e476 None None] Created lookup_table index Port_Binding.logical_port {{(pid=104109) autocreate_indices /opt/stack/data/venv/lib/python3.12/site-packages/ovsdbapp/backend/ovs_idl/__init__.py:87}}
Apr 11 18:53:46.541251 np0000165242 devstack@neutron-api.service[104109]: DEBUG ovsdbapp.backend.ovs_idl [None req-cf0ba968-8e62-4f65-b1da-c7bad849e476 None None] Created schema index Chassis_Private.name {{(pid=104109) autocreate_indices /opt/stack/data/venv/lib/python3.12/site-packages/ovsdbapp/backend/ovs_idl/__init__.py:106}}
Apr 11 18:53:46.541456 np0000165242 devstack@neutron-api.service[104109]: DEBUG ovsdbapp.backend.ovs_idl [None req-cf0ba968-8e62-4f65-b1da-c7bad849e476 None None] Created schema index Datapath_Binding.tunnel_key {{(pid=104109) autocreate_indices /opt/stack/data/venv/lib/python3.12/site-packages/ovsdbapp/backend/ovs_idl/__init__.py:106}}
Apr 11 18:53:46.543400 np0000165242 devstack@neutron-api.service[104109]: INFO ovsdbapp.backend.ovs_idl.vlog [None req-cf0ba968-8e62-4f65-b1da-c7bad849e476 None None] ssl:162.253.55.62:6642: connecting...
Apr 11 18:53:46.547301 np0000165242 devstack@neutron-api.service[104111]: DEBUG ovsdbapp.backend.ovs_idl [None req-cfdb8ef6-0e0a-4e82-8874-7fe74563de9c None None] Created lookup_table index Chassis.name {{(pid=104111) autocreate_indices /opt/stack/data/venv/lib/python3.12/site-packages/ovsdbapp/backend/ovs_idl/__init__.py:87}}
Apr 11 18:53:46.547435 np0000165242 devstack@neutron-api.service[104111]: DEBUG ovsdbapp.backend.ovs_idl [None req-cfdb8ef6-0e0a-4e82-8874-7fe74563de9c None None] Created lookup_table index Port_Binding.logical_port {{(pid=104111) autocreate_indices /opt/stack/data/venv/lib/python3.12/site-packages/ovsdbapp/backend/ovs_idl/__init__.py:87}}
Apr 11 18:53:46.547572 np0000165242 devstack@neutron-api.service[104111]: DEBUG ovsdbapp.backend.ovs_idl [None req-cfdb8ef6-0e0a-4e82-8874-7fe74563de9c None None] Created schema index Chassis_Private.name {{(pid=104111) autocreate_indices /opt/stack/data/venv/lib/python3.12/site-packages/ovsdbapp/backend/ovs_idl/__init__.py:106}}
Apr 11 18:53:46.547705 np0000165242 devstack@neutron-api.service[104111]: DEBUG ovsdbapp.backend.ovs_idl [None req-cfdb8ef6-0e0a-4e82-8874-7fe74563de9c None None] Created schema index Datapath_Binding.tunnel_key {{(pid=104111) autocreate_indices /opt/stack/data/venv/lib/python3.12/site-packages/ovsdbapp/backend/ovs_idl/__init__.py:106}}
Apr 11 18:53:46.548405 np0000165242 devstack@neutron-api.service[104109]: INFO ovsdbapp.backend.ovs_idl.vlog [None req-cf0ba968-8e62-4f65-b1da-c7bad849e476 None None] ssl:162.253.55.62:6642: connected
Apr 11 18:53:46.549987 np0000165242 devstack@neutron-api.service[104111]: INFO ovsdbapp.backend.ovs_idl.vlog [None req-cfdb8ef6-0e0a-4e82-8874-7fe74563de9c None None] ssl:162.253.55.62:6642: connecting...
Apr 11 18:53:46.553376 np0000165242 devstack@neutron-api.service[104110]: DEBUG ovsdbapp.backend.ovs_idl [None req-3360cbfd-baf6-45af-86ea-4b97a8e46a69 None None] Created lookup_table index Chassis.name {{(pid=104110) autocreate_indices /opt/stack/data/venv/lib/python3.12/site-packages/ovsdbapp/backend/ovs_idl/__init__.py:87}}
Apr 11 18:53:46.553503 np0000165242 devstack@neutron-api.service[104110]: DEBUG ovsdbapp.backend.ovs_idl [None req-3360cbfd-baf6-45af-86ea-4b97a8e46a69 None None] Created lookup_table index Port_Binding.logical_port {{(pid=104110) autocreate_indices /opt/stack/data/venv/lib/python3.12/site-packages/ovsdbapp/backend/ovs_idl/__init__.py:87}}
Apr 11 18:53:46.553634 np0000165242 devstack@neutron-api.service[104110]: DEBUG ovsdbapp.backend.ovs_idl [None req-3360cbfd-baf6-45af-86ea-4b97a8e46a69 None None] Created schema index Chassis_Private.name {{(pid=104110) autocreate_indices /opt/stack/data/venv/lib/python3.12/site-packages/ovsdbapp/backend/ovs_idl/__init__.py:106}}
Apr 11 18:53:46.553758 np0000165242 devstack@neutron-api.service[104110]: DEBUG ovsdbapp.backend.ovs_idl [None req-3360cbfd-baf6-45af-86ea-4b97a8e46a69 None None] Created schema index Datapath_Binding.tunnel_key {{(pid=104110) autocreate_indices /opt/stack/data/venv/lib/python3.12/site-packages/ovsdbapp/backend/ovs_idl/__init__.py:106}}
Apr 11 18:53:46.556068 np0000165242 devstack@neutron-api.service[104110]: INFO ovsdbapp.backend.ovs_idl.vlog [None req-3360cbfd-baf6-45af-86ea-4b97a8e46a69 None None] ssl:162.253.55.62:6642: connecting...
Apr 11 18:53:46.557496 np0000165242 devstack@neutron-api.service[104111]: INFO ovsdbapp.backend.ovs_idl.vlog [None req-cfdb8ef6-0e0a-4e82-8874-7fe74563de9c None None] ssl:162.253.55.62:6642: connected
Apr 11 18:53:46.560823 np0000165242 devstack@neutron-api.service[104110]: INFO ovsdbapp.backend.ovs_idl.vlog [None req-3360cbfd-baf6-45af-86ea-4b97a8e46a69 None None] ssl:162.253.55.62:6642: connected
Apr 11 18:53:46.582440 np0000165242 devstack@neutron-api.service[104109]: DEBUG neutron.common.ovn.hash_ring_manager [None req-cf0ba968-8e62-4f65-b1da-c7bad849e476 None None] Allow caching, nodes 4>=4 {{(pid=104109) _wait_startup_before_caching /opt/stack/neutron/neutron/common/ovn/hash_ring_manager.py:65}}
Apr 11 18:53:46.585369 np0000165242 devstack@neutron-api.service[104109]: DEBUG neutron.common.ovn.hash_ring_manager [None req-cf0ba968-8e62-4f65-b1da-c7bad849e476 None None] Hash Ring loaded. 4 active nodes. 0 offline nodes {{(pid=104109) _load_hash_ring /opt/stack/neutron/neutron/common/ovn/hash_ring_manager.py:102}}
Apr 11 18:53:46.585563 np0000165242 devstack@neutron-api.service[104109]: DEBUG neutron.plugins.ml2.drivers.ovn.mech_driver.ovsdb.ovsdb_monitor [None req-cf0ba968-8e62-4f65-b1da-c7bad849e476 None None] ChassisOVNAgentWriteEvent : Matched Chassis_Private, create, None None {{(pid=104109) matches /opt/stack/neutron/neutron/plugins/ml2/drivers/ovn/mech_driver/ovsdb/ovsdb_monitor.py:64}}
Apr 11 18:53:46.585658 np0000165242 devstack@neutron-api.service[104109]: DEBUG neutron.plugins.ml2.drivers.ovn.mech_driver.ovsdb.ovsdb_monitor [None req-cf0ba968-8e62-4f65-b1da-c7bad849e476 None None] ChassisAgentWriteEvent : Matched Chassis_Private, create, None None {{(pid=104109) matches /opt/stack/neutron/neutron/plugins/ml2/drivers/ovn/mech_driver/ovsdb/ovsdb_monitor.py:64}}
Apr 11 18:53:46.585951 np0000165242 devstack@neutron-api.service[104109]: DEBUG neutron.plugins.ml2.drivers.ovn.mech_driver.ovsdb.ovsdb_monitor [None req-cf0ba968-8e62-4f65-b1da-c7bad849e476 None None] Hash Ring: Node b017f283e4d9507fa540d0601a3975bf (host: np0000165242) handling event "create" for row c1e33d12-d106-4e84-9e82-61048ab97508 (table: Chassis_Private) {{(pid=104109) notify /opt/stack/neutron/neutron/plugins/ml2/drivers/ovn/mech_driver/ovsdb/ovsdb_monitor.py:914}}
Apr 11 18:53:46.588346 np0000165242 devstack@neutron-api.service[104110]: DEBUG neutron.common.ovn.hash_ring_manager [None req-3360cbfd-baf6-45af-86ea-4b97a8e46a69 None None] Allow caching, nodes 4>=4 {{(pid=104110) _wait_startup_before_caching /opt/stack/neutron/neutron/common/ovn/hash_ring_manager.py:65}}
Apr 11 18:53:46.588490 np0000165242 devstack@neutron-api.service[104109]: INFO neutron.plugins.ml2.drivers.ovn.mech_driver.mech_driver [None req-cf0ba968-8e62-4f65-b1da-c7bad849e476 None None] WorkerService process has finished the post initialization
Apr 11 18:53:46.590097 np0000165242 devstack@neutron-api.service[104111]: DEBUG neutron.common.ovn.hash_ring_manager [None req-cfdb8ef6-0e0a-4e82-8874-7fe74563de9c None None] Allow caching, nodes 4>=4 {{(pid=104111) _wait_startup_before_caching /opt/stack/neutron/neutron/common/ovn/hash_ring_manager.py:65}}
Apr 11 18:53:46.590164 np0000165242 devstack@neutron-api.service[104109]: WSGI app 0 (mountpoint='') ready in 7 seconds on interpreter 0x74c29eaa3668 pid: 104109 (default app)
Apr 11 18:53:46.595768 np0000165242 devstack@neutron-api.service[104110]: DEBUG neutron.common.ovn.hash_ring_manager [None req-3360cbfd-baf6-45af-86ea-4b97a8e46a69 None None] Hash Ring loaded. 4 active nodes. 0 offline nodes {{(pid=104110) _load_hash_ring /opt/stack/neutron/neutron/common/ovn/hash_ring_manager.py:102}}
Apr 11 18:53:46.596023 np0000165242 devstack@neutron-api.service[104110]: DEBUG neutron.plugins.ml2.drivers.ovn.mech_driver.ovsdb.ovsdb_monitor [None req-3360cbfd-baf6-45af-86ea-4b97a8e46a69 None None] ChassisOVNAgentWriteEvent : Matched Chassis_Private, create, None None {{(pid=104110) matches /opt/stack/neutron/neutron/plugins/ml2/drivers/ovn/mech_driver/ovsdb/ovsdb_monitor.py:64}}
Apr 11 18:53:46.596285 np0000165242 devstack@neutron-api.service[104110]: DEBUG neutron.plugins.ml2.drivers.ovn.mech_driver.ovsdb.ovsdb_monitor [None req-3360cbfd-baf6-45af-86ea-4b97a8e46a69 None None] ChassisAgentWriteEvent : Matched Chassis_Private, create, None None {{(pid=104110) matches /opt/stack/neutron/neutron/plugins/ml2/drivers/ovn/mech_driver/ovsdb/ovsdb_monitor.py:64}}
Apr 11 18:53:46.597936 np0000165242 devstack@neutron-api.service[104111]: DEBUG neutron.common.ovn.hash_ring_manager [None req-cfdb8ef6-0e0a-4e82-8874-7fe74563de9c None None] Hash Ring loaded. 4 active nodes. 0 offline nodes {{(pid=104111) _load_hash_ring /opt/stack/neutron/neutron/common/ovn/hash_ring_manager.py:102}}
Apr 11 18:53:46.598152 np0000165242 devstack@neutron-api.service[104111]: DEBUG neutron.plugins.ml2.drivers.ovn.mech_driver.ovsdb.ovsdb_monitor [None req-cfdb8ef6-0e0a-4e82-8874-7fe74563de9c None None] ChassisAgentWriteEvent : Matched Chassis_Private, create, None None {{(pid=104111) matches /opt/stack/neutron/neutron/plugins/ml2/drivers/ovn/mech_driver/ovsdb/ovsdb_monitor.py:64}}
Apr 11 18:53:46.598382 np0000165242 devstack@neutron-api.service[104111]: DEBUG neutron.plugins.ml2.drivers.ovn.mech_driver.ovsdb.ovsdb_monitor [None req-cfdb8ef6-0e0a-4e82-8874-7fe74563de9c None None] ChassisOVNAgentWriteEvent : Matched Chassis_Private, create, None None {{(pid=104111) matches /opt/stack/neutron/neutron/plugins/ml2/drivers/ovn/mech_driver/ovsdb/ovsdb_monitor.py:64}}
Apr 11 18:53:46.598830 np0000165242 devstack@neutron-api.service[104111]: DEBUG neutron.plugins.ml2.drivers.ovn.mech_driver.ovsdb.ovsdb_monitor [None req-cfdb8ef6-0e0a-4e82-8874-7fe74563de9c None None] Hash Ring: Node df72c44c73965507b4296079186f7900 (host: np0000165242) handling event "create" for row a6b8ac55-839c-4293-8330-3a51e162265a (table: Encap) {{(pid=104111) notify /opt/stack/neutron/neutron/plugins/ml2/drivers/ovn/mech_driver/ovsdb/ovsdb_monitor.py:914}}
Apr 11 18:53:46.599164 np0000165242 devstack@neutron-api.service[104110]: INFO neutron.plugins.ml2.drivers.ovn.mech_driver.mech_driver [None req-3360cbfd-baf6-45af-86ea-4b97a8e46a69 None None] WorkerService process has finished the post initialization
Apr 11 18:53:46.600923 np0000165242 devstack@neutron-api.service[104110]: WSGI app 0 (mountpoint='') ready in 7 seconds on interpreter 0x74c29eaa3668 pid: 104110 (default app)
Apr 11 18:53:46.601262 np0000165242 devstack@neutron-api.service[104111]: INFO neutron.plugins.ml2.drivers.ovn.mech_driver.mech_driver [None req-cfdb8ef6-0e0a-4e82-8874-7fe74563de9c None None] WorkerService process has finished the post initialization
Apr 11 18:53:46.602716 np0000165242 devstack@neutron-api.service[104111]: WSGI app 0 (mountpoint='') ready in 7 seconds on interpreter 0x74c29eaa3668 pid: 104111 (default app)
Apr 11 18:53:48.302346 np0000165242 devstack@neutron-api.service[104112]: DEBUG neutron.common.ovn.hash_ring_manager [-] Allow caching, nodes 4>=4 {{(pid=104112) _wait_startup_before_caching /opt/stack/neutron/neutron/common/ovn/hash_ring_manager.py:65}}
Apr 11 18:53:48.302346 np0000165242 devstack@neutron-api.service[104112]: DEBUG neutron.plugins.ml2.drivers.ovn.mech_driver.ovsdb.ovsdb_monitor [-] Hash Ring: Node 9d681a28048951658ae6bb9e6f1b496a (host: np0000165242) handling event "update" for row 96a7becf-ab2b-4aff-ab9d-1dccf9aa95be (table: Connection) {{(pid=104112) notify /opt/stack/neutron/neutron/plugins/ml2/drivers/ovn/mech_driver/ovsdb/ovsdb_monitor.py:914}}
Apr 11 18:53:50.821607 np0000165242 devstack@neutron-api.service[104112]: DEBUG neutron.plugins.ml2.drivers.ovn.mech_driver.ovsdb.ovsdb_monitor [-] Hash Ring: Node 9d681a28048951658ae6bb9e6f1b496a (host: np0000165242) handling event "update" for row 96a7becf-ab2b-4aff-ab9d-1dccf9aa95be (table: Connection) {{(pid=104112) notify /opt/stack/neutron/neutron/plugins/ml2/drivers/ovn/mech_driver/ovsdb/ovsdb_monitor.py:914}}
Apr 11 18:53:52.670369 np0000165242 devstack@neutron-api.service[104112]: DEBUG neutron.api.wsgi [None req-28bea661-a7f3-4258-a628-a28092c28d67 admin admin] Missing Content-Type {{(pid=104112) get_content_type /opt/stack/neutron/neutron/api/wsgi.py:85}}
Apr 11 18:53:52.671065 np0000165242 devstack@neutron-api.service[104112]: DEBUG neutron.api.wsgi [None req-28bea661-a7f3-4258-a628-a28092c28d67 admin admin] https://162.253.55.62/networking/v2.0/extensions returned with HTTP 200 {{(pid=104112) __call__ /opt/stack/neutron/neutron/api/wsgi.py:545}}
Apr 11 18:53:52.671065 np0000165242 devstack@neutron-api.service[104112]: [pid: 104112|app: 0|req: 2/2] 162.253.55.62 () {64 vars in 1316 bytes} [Sat Apr 11 18:53:52 2026] GET /networking/v2.0/extensions => generated 15208 bytes in 412 msecs (HTTP/1.1 200) 4 headers in 159 bytes (1 switches on core 0)
Apr 11 18:53:53.074350 np0000165242 devstack@neutron-api.service[104109]: DEBUG neutron.api.v2.base [None req-70475a28-bbc7-4655-8c91-c8ba114b254e admin admin] Request body: {'subnetpool': {'default_prefixlen': 26, 'prefixes': ['10.1.0.0/20'], 'name': 'shared-default-subnetpool-v4', 'shared': True, 'is_default': True}} {{(pid=104109) prepare_request_body /opt/stack/neutron/neutron/api/v2/base.py:729}}
Apr 11 18:53:53.270776 np0000165242 devstack@neutron-api.service[104109]: DEBUG neutron.policy [None req-70475a28-bbc7-4655-8c91-c8ba114b254e admin admin] Loaded default policies from ['neutron'] under neutron.policies entry points {{(pid=104109) register_rules /opt/stack/neutron/neutron/policy.py:65}}
Apr 11 18:53:53.414107 np0000165242 devstack@neutron-api.service[104109]: DEBUG neutron_lib.callbacks.manager [None req-70475a28-bbc7-4655-8c91-c8ba114b254e admin admin] Publish callbacks ['neutron.objects.securitygroup.RbacNeutronDbObjectMixin.validate_rbac_policy_change-1519383267726', 'neutron.objects.address_group.RbacNeutronDbObjectMixin.validate_rbac_policy_change-1519381540852', 'neutron.objects.network.RbacNeutronDbObjectMixin.validate_rbac_policy_change-1519383240564', 'neutron.objects.qos.policy.RbacNeutronDbObjectMixin.validate_rbac_policy_change-1519383235107', 'neutron.objects.subnetpool.RbacNeutronDbObjectMixin.validate_rbac_policy_change-1519383225846', 'neutron.objects.address_scope.RbacNeutronDbObjectMixin.validate_rbac_policy_change-1519383226147', 'neutron.plugins.ml2.plugin.External_net_db_mixin._process_ext_policy_create-103968', 'neutron.plugins.ml2.plugin.NeutronDbPluginV2.validate_network_rbac_policy_change-98764'] for rbac-policy (None), before_create {{(pid=104109) _notify_loop /opt/stack/data/venv/lib/python3.12/site-packages/neutron_lib/callbacks/manager.py:184}}
Apr 11 18:53:53.457721 np0000165242 devstack@neutron-api.service[104109]: DEBUG neutron_lib.callbacks.manager [None req-70475a28-bbc7-4655-8c91-c8ba114b254e admin admin] Publish callbacks [] for subnetpool (None), before_response {{(pid=104109) _notify_loop /opt/stack/data/venv/lib/python3.12/site-packages/neutron_lib/callbacks/manager.py:184}}
Apr 11 18:53:53.458202 np0000165242 devstack@neutron-api.service[104109]: [pid: 104109|app: 0|req: 1/3] 162.253.55.62 () {68 vars in 1360 bytes} [Sat Apr 11 18:53:52 2026] POST /networking/v2.0/subnetpools => generated 533 bytes in 487 msecs (HTTP/1.1 201) 4 headers in 162 bytes (1 switches on core 0)
Apr 11 18:53:53.783318 np0000165242 devstack@neutron-api.service[104110]: DEBUG neutron.api.v2.base [None req-05899e87-21d9-483e-a307-2ca2aa66106a admin admin] Request body: {'subnetpool': {'default_prefixlen': 64, 'prefixes': ['fd9c:18ae:4593::/56'], 'name': 'shared-default-subnetpool-v6', 'shared': True, 'is_default': True}} {{(pid=104110) prepare_request_body /opt/stack/neutron/neutron/api/v2/base.py:729}}
Apr 11 18:53:53.950287 np0000165242 devstack@neutron-api.service[104110]: DEBUG neutron.policy [None req-05899e87-21d9-483e-a307-2ca2aa66106a admin admin] Loaded default policies from ['neutron'] under neutron.policies entry points {{(pid=104110) register_rules /opt/stack/neutron/neutron/policy.py:65}}
Apr 11 18:53:54.100036 np0000165242 devstack@neutron-api.service[104110]: DEBUG neutron_lib.callbacks.manager [None req-05899e87-21d9-483e-a307-2ca2aa66106a admin admin] Publish callbacks ['neutron.objects.securitygroup.RbacNeutronDbObjectMixin.validate_rbac_policy_change-1519383266344', 'neutron.objects.address_group.RbacNeutronDbObjectMixin.validate_rbac_policy_change-1519381539637', 'neutron.objects.network.RbacNeutronDbObjectMixin.validate_rbac_policy_change-1519383237350', 'neutron.objects.qos.policy.RbacNeutronDbObjectMixin.validate_rbac_policy_change-1519383231573', 'neutron.objects.subnetpool.RbacNeutronDbObjectMixin.validate_rbac_policy_change-1519383220148', 'neutron.objects.address_scope.RbacNeutronDbObjectMixin.validate_rbac_policy_change-1519383222844', 'neutron.plugins.ml2.plugin.External_net_db_mixin._process_ext_policy_create-376715', 'neutron.plugins.ml2.plugin.NeutronDbPluginV2.validate_network_rbac_policy_change-364655'] for rbac-policy (None), before_create {{(pid=104110) _notify_loop /opt/stack/data/venv/lib/python3.12/site-packages/neutron_lib/callbacks/manager.py:184}}
Apr 11 18:53:54.160598 np0000165242 devstack@neutron-api.service[104110]: DEBUG neutron_lib.callbacks.manager [None req-05899e87-21d9-483e-a307-2ca2aa66106a admin admin] Publish callbacks [] for subnetpool (None), before_response {{(pid=104110) _notify_loop /opt/stack/data/venv/lib/python3.12/site-packages/neutron_lib/callbacks/manager.py:184}}
Apr 11 18:53:54.161308 np0000165242 devstack@neutron-api.service[104110]: [pid: 104110|app: 0|req: 1/4] 162.253.55.62 () {68 vars in 1360 bytes} [Sat Apr 11 18:53:53 2026] POST /networking/v2.0/subnetpools => generated 543 bytes in 484 msecs (HTTP/1.1 201) 4 headers in 162 bytes (1 switches on core 0)
Apr 11 18:53:54.567596 np0000165242 devstack@neutron-api.service[104111]: DEBUG neutron.api.v2.base [None req-9c1d51f8-9c72-4e19-b3a6-3dc164852be7 admin admin] Request body: {'network': {'name': 'private', 'admin_state_up': True}} {{(pid=104111) prepare_request_body /opt/stack/neutron/neutron/api/v2/base.py:729}}
Apr 11 18:53:54.592111 np0000165242 devstack@neutron-api.service[104111]: DEBUG neutron.pecan_wsgi.hooks.quota_enforcement [None req-9c1d51f8-9c72-4e19-b3a6-3dc164852be7 admin admin] Made reservation on behalf of 3216aa949d854ff389ae321ea18ad639 for: {'network': 1} {{(pid=104111) before /opt/stack/neutron/neutron/pecan_wsgi/hooks/quota_enforcement.py:66}}
Apr 11 18:53:54.772627 np0000165242 devstack@neutron-api.service[104111]: DEBUG neutron.policy [None req-9c1d51f8-9c72-4e19-b3a6-3dc164852be7 admin admin] Loaded default policies from ['neutron'] under neutron.policies entry points {{(pid=104111) register_rules /opt/stack/neutron/neutron/policy.py:65}}
Apr 11 18:53:54.874796 np0000165242 devstack@neutron-api.service[104111]: DEBUG neutron_lib.callbacks.manager [None req-9c1d51f8-9c72-4e19-b3a6-3dc164852be7 admin admin] Publish callbacks ['neutron.plugins.ml2.plugin.SecurityGroupDbMixin._ensure_default_security_group_handler-31893'] for network (None), before_create {{(pid=104111) _notify_loop /opt/stack/data/venv/lib/python3.12/site-packages/neutron_lib/callbacks/manager.py:184}}
Apr 11 18:53:54.895087 np0000165242 devstack@neutron-api.service[104111]: DEBUG neutron_lib.callbacks.manager [None req-9c1d51f8-9c72-4e19-b3a6-3dc164852be7 admin admin] Publish callbacks [] for security_group (None), before_create {{(pid=104111) _notify_loop /opt/stack/data/venv/lib/python3.12/site-packages/neutron_lib/callbacks/manager.py:184}}
Apr 11 18:53:54.993963 np0000165242 devstack@neutron-api.service[104111]: DEBUG neutron_lib.callbacks.manager [None req-9c1d51f8-9c72-4e19-b3a6-3dc164852be7 admin admin] Publish callbacks ['neutron.plugins.ml2.drivers.ovn.mech_driver.mech_driver.OVNMechanismDriver._create_security_group_precommit-244071'] for security_group (71d239e5-ef23-4436-828f-90b2b396941c), precommit_create {{(pid=104111) _notify_loop /opt/stack/data/venv/lib/python3.12/site-packages/neutron_lib/callbacks/manager.py:184}}
Apr 11 18:53:54.994133 np0000165242 devstack@neutron-api.service[104111]: DEBUG neutron.db.ovn_revision_numbers_db [None req-9c1d51f8-9c72-4e19-b3a6-3dc164852be7 admin admin] create_initial_revision uuid=71d239e5-ef23-4436-828f-90b2b396941c, type=security_groups, rev=-1 {{(pid=104111) create_initial_revision /opt/stack/neutron/neutron/db/ovn_revision_numbers_db.py:98}}
Apr 11 18:53:54.997203 np0000165242 devstack@neutron-api.service[104111]: DEBUG neutron.db.ovn_revision_numbers_db [None req-9c1d51f8-9c72-4e19-b3a6-3dc164852be7 admin admin] create_initial_revision uuid=63b06b66-70cc-4cce-aa5d-c34963a0acf1, type=security_group_rules, rev=-1 {{(pid=104111) create_initial_revision /opt/stack/neutron/neutron/db/ovn_revision_numbers_db.py:98}}
Apr 11 18:53:54.998198 np0000165242 devstack@neutron-api.service[104111]: DEBUG neutron.db.ovn_revision_numbers_db [None req-9c1d51f8-9c72-4e19-b3a6-3dc164852be7 admin admin] create_initial_revision uuid=8c6c649e-3be7-4401-96d8-84cb78840c4c, type=security_group_rules, rev=-1 {{(pid=104111) create_initial_revision /opt/stack/neutron/neutron/db/ovn_revision_numbers_db.py:98}}
Apr 11 18:53:54.999169 np0000165242 devstack@neutron-api.service[104111]: DEBUG neutron.db.ovn_revision_numbers_db [None req-9c1d51f8-9c72-4e19-b3a6-3dc164852be7 admin admin] create_initial_revision uuid=9025968e-b1c6-41cb-ad6a-f825dc96defa, type=security_group_rules, rev=-1 {{(pid=104111) create_initial_revision /opt/stack/neutron/neutron/db/ovn_revision_numbers_db.py:98}}
Apr 11 18:53:55.000157 np0000165242 devstack@neutron-api.service[104111]: DEBUG neutron.db.ovn_revision_numbers_db [None req-9c1d51f8-9c72-4e19-b3a6-3dc164852be7 admin admin] create_initial_revision uuid=f2c99120-ac4d-48be-8938-4bd7d6ed3c88, type=security_group_rules, rev=-1 {{(pid=104111) create_initial_revision /opt/stack/neutron/neutron/db/ovn_revision_numbers_db.py:98}}
Apr 11 18:53:55.007631 np0000165242 devstack@neutron-api.service[104111]: DEBUG neutron_lib.callbacks.manager [None req-9c1d51f8-9c72-4e19-b3a6-3dc164852be7 admin admin] Publish callbacks ['neutron.plugins.ml2.drivers.ovn.mech_driver.mech_driver.OVNMechanismDriver._create_security_group-244077', 'neutron.plugins.ml2.ovo_rpc._ObjectChangeHandler.handle_event-1755675'] for security_group (71d239e5-ef23-4436-828f-90b2b396941c), after_create {{(pid=104111) _notify_loop /opt/stack/data/venv/lib/python3.12/site-packages/neutron_lib/callbacks/manager.py:184}}
Apr 11 18:53:55.007874 np0000165242 devstack@neutron-api.service[104111]: INFO neutron.plugins.ml2.drivers.ovn.mech_driver.ovsdb.extensions.qos [None req-9c1d51f8-9c72-4e19-b3a6-3dc164852be7 admin admin] Starting OVNClientQosExtension
Apr 11 18:53:55.008045 np0000165242 devstack@neutron-api.service[104111]: INFO neutron.plugins.ml2.drivers.ovn.mech_driver.ovsdb.extensions.placement [None req-9c1d51f8-9c72-4e19-b3a6-3dc164852be7 admin admin] Starting OVNClientPlacementExtension
Apr 11 18:53:55.009797 np0000165242 devstack@neutron-api.service[104111]: DEBUG ovsdbapp.backend.ovs_idl.transaction [-] Running txn n=1 command(idx=0): PgAddCommand(_result=None, name=pg_71d239e5_ef23_4436_828f_90b2b396941c, may_exist=False, columns={'acls': [], 'external_ids': {'neutron:security_group_id': '71d239e5-ef23-4436-828f-90b2b396941c'}}) {{(pid=104111) do_commit /opt/stack/data/venv/lib/python3.12/site-packages/ovsdbapp/backend/ovs_idl/transaction.py:89}}
Apr 11 18:53:55.012349 np0000165242 devstack@neutron-api.service[104111]: DEBUG ovsdbapp.backend.ovs_idl.transaction [-] Running txn n=1 command(idx=1): PgAclAddCommand(_result=None, entity=pg_71d239e5_ef23_4436_828f_90b2b396941c, direction=to-lport, priority=1002, match=outport == @pg_71d239e5_ef23_4436_828f_90b2b396941c && ip4 && ip4.src == $pg_71d239e5_ef23_4436_828f_90b2b396941c_ip4, action=allow-related, log=False, may_exist=True, severity=[], name=[], meter=[], external_ids={'neutron:security_group_rule_id': '63b06b66-70cc-4cce-aa5d-c34963a0acf1'}) {{(pid=104111) do_commit /opt/stack/data/venv/lib/python3.12/site-packages/ovsdbapp/backend/ovs_idl/transaction.py:89}}
Apr 11 18:53:55.012954 np0000165242 devstack@neutron-api.service[104111]: DEBUG ovsdbapp.backend.ovs_idl.transaction [-] Running txn n=1 command(idx=2): PgAclAddCommand(_result=None, entity=pg_71d239e5_ef23_4436_828f_90b2b396941c, direction=to-lport, priority=1002, match=outport == @pg_71d239e5_ef23_4436_828f_90b2b396941c && ip6 && ip6.src == $pg_71d239e5_ef23_4436_828f_90b2b396941c_ip6, action=allow-related, log=False, may_exist=True, severity=[], name=[], meter=[], external_ids={'neutron:security_group_rule_id': '8c6c649e-3be7-4401-96d8-84cb78840c4c'}) {{(pid=104111) do_commit /opt/stack/data/venv/lib/python3.12/site-packages/ovsdbapp/backend/ovs_idl/transaction.py:89}}
Apr 11 18:53:55.013315 np0000165242 devstack@neutron-api.service[104111]: DEBUG ovsdbapp.backend.ovs_idl.transaction [-] Running txn n=1 command(idx=3): PgAclAddCommand(_result=None, entity=pg_71d239e5_ef23_4436_828f_90b2b396941c, direction=from-lport, priority=1002, match=inport == @pg_71d239e5_ef23_4436_828f_90b2b396941c && ip4, action=allow-related, log=False, may_exist=True, severity=[], name=[], meter=[], external_ids={'neutron:security_group_rule_id': '9025968e-b1c6-41cb-ad6a-f825dc96defa'}) {{(pid=104111) do_commit /opt/stack/data/venv/lib/python3.12/site-packages/ovsdbapp/backend/ovs_idl/transaction.py:89}}
Apr 11 18:53:55.013620 np0000165242 devstack@neutron-api.service[104111]: DEBUG ovsdbapp.backend.ovs_idl.transaction [-] Running txn n=1 command(idx=4): PgAclAddCommand(_result=None, entity=pg_71d239e5_ef23_4436_828f_90b2b396941c, direction=from-lport, priority=1002, match=inport == @pg_71d239e5_ef23_4436_828f_90b2b396941c && ip6, action=allow-related, log=False, may_exist=True, severity=[], name=[], meter=[], external_ids={'neutron:security_group_rule_id': 'f2c99120-ac4d-48be-8938-4bd7d6ed3c88'}) {{(pid=104111) do_commit /opt/stack/data/venv/lib/python3.12/site-packages/ovsdbapp/backend/ovs_idl/transaction.py:89}}
Apr 11 18:53:55.019491 np0000165242 devstack@neutron-api.service[104111]: DEBUG neutron.plugins.ml2.drivers.ovn.mech_driver.ovsdb.ovsdb_monitor [-] Hash Ring: Node df72c44c73965507b4296079186f7900 (host: np0000165242) handling event "create" for row ba19d078-f7d1-4d00-87ef-e99e94d90051 (table: ACL) {{(pid=104111) notify /opt/stack/neutron/neutron/plugins/ml2/drivers/ovn/mech_driver/ovsdb/ovsdb_monitor.py:914}}
Apr 11 18:53:55.021841 np0000165242 devstack@neutron-api.service[104110]: DEBUG neutron.plugins.ml2.drivers.ovn.mech_driver.ovsdb.ovsdb_monitor [-] Hash Ring: Node b5be3180abc553e6aa785a255319483f (host: np0000165242) handling event "create" for row f819f450-d8d3-4890-8238-d63d0e63da69 (table: ACL) {{(pid=104110) notify /opt/stack/neutron/neutron/plugins/ml2/drivers/ovn/mech_driver/ovsdb/ovsdb_monitor.py:914}}
Apr 11 18:53:55.022126 np0000165242 devstack@neutron-api.service[104112]: DEBUG neutron.plugins.ml2.drivers.ovn.mech_driver.ovsdb.ovsdb_monitor [-] Hash Ring: Node 9d681a28048951658ae6bb9e6f1b496a (host: np0000165242) handling event "create" for row 0ebd7560-e3d8-48f1-990f-0ac02cd57c16 (table: ACL) {{(pid=104112) notify /opt/stack/neutron/neutron/plugins/ml2/drivers/ovn/mech_driver/ovsdb/ovsdb_monitor.py:914}}
Apr 11 18:53:55.022126 np0000165242 devstack@neutron-api.service[104112]: DEBUG neutron.plugins.ml2.drivers.ovn.mech_driver.ovsdb.ovsdb_monitor [-] Hash Ring: Node 9d681a28048951658ae6bb9e6f1b496a (host: np0000165242) handling event "create" for row 62d69fca-0150-4a2e-87be-ad3b84ed4f88 (table: ACL) {{(pid=104112) notify /opt/stack/neutron/neutron/plugins/ml2/drivers/ovn/mech_driver/ovsdb/ovsdb_monitor.py:914}}
Apr 11 18:53:55.022420 np0000165242 devstack@neutron-api.service[104112]: DEBUG neutron.plugins.ml2.drivers.ovn.mech_driver.ovsdb.ovsdb_monitor [-] Hash Ring: Node 9d681a28048951658ae6bb9e6f1b496a (host: np0000165242) handling event "create" for row ba19d078-f7d1-4d00-87ef-e99e94d90051 (table: ACL) {{(pid=104112) notify /opt/stack/neutron/neutron/plugins/ml2/drivers/ovn/mech_driver/ovsdb/ovsdb_monitor.py:914}}
Apr 11 18:53:55.022463 np0000165242 devstack@neutron-api.service[104109]: DEBUG neutron.plugins.ml2.drivers.ovn.mech_driver.ovsdb.ovsdb_monitor [-] Hash Ring: Node b017f283e4d9507fa540d0601a3975bf (host: np0000165242) handling event "create" for row ed97bb91-523b-4f8f-849a-dca7692691e1 (table: Port_Group) {{(pid=104109) notify /opt/stack/neutron/neutron/plugins/ml2/drivers/ovn/mech_driver/ovsdb/ovsdb_monitor.py:914}}
Apr 11 18:53:55.022732 np0000165242 devstack@neutron-api.service[104112]: DEBUG neutron.plugins.ml2.drivers.ovn.mech_driver.ovsdb.ovsdb_monitor [-] Hash Ring: Node 9d681a28048951658ae6bb9e6f1b496a (host: np0000165242) handling event "create" for row f819f450-d8d3-4890-8238-d63d0e63da69 (table: ACL) {{(pid=104112) notify /opt/stack/neutron/neutron/plugins/ml2/drivers/ovn/mech_driver/ovsdb/ovsdb_monitor.py:914}}
Apr 11 18:53:55.022732 np0000165242 devstack@neutron-api.service[104112]: DEBUG neutron.plugins.ml2.drivers.ovn.mech_driver.ovsdb.ovsdb_monitor [-] Hash Ring: Node 9d681a28048951658ae6bb9e6f1b496a (host: np0000165242) handling event "create" for row ed97bb91-523b-4f8f-849a-dca7692691e1 (table: Port_Group) {{(pid=104112) notify /opt/stack/neutron/neutron/plugins/ml2/drivers/ovn/mech_driver/ovsdb/ovsdb_monitor.py:914}}
Apr 11 18:53:55.049226 np0000165242 devstack@neutron-api.service[104111]: INFO neutron.db.ovn_revision_numbers_db [None req-9c1d51f8-9c72-4e19-b3a6-3dc164852be7 admin admin] Successfully bumped revision number for resource 71d239e5-ef23-4436-828f-90b2b396941c (type: security_groups) to 1
Apr 11 18:53:55.066912 np0000165242 devstack@neutron-api.service[104111]: INFO neutron.db.ovn_revision_numbers_db [None req-9c1d51f8-9c72-4e19-b3a6-3dc164852be7 admin admin] Successfully bumped revision number for resource 63b06b66-70cc-4cce-aa5d-c34963a0acf1 (type: security_group_rules) to 0
Apr 11 18:53:55.079647 np0000165242 devstack@neutron-api.service[104111]: INFO neutron.db.ovn_revision_numbers_db [None req-9c1d51f8-9c72-4e19-b3a6-3dc164852be7 admin admin] Successfully bumped revision number for resource 8c6c649e-3be7-4401-96d8-84cb78840c4c (type: security_group_rules) to 0
Apr 11 18:53:55.095705 np0000165242 devstack@neutron-api.service[104111]: INFO neutron.db.ovn_revision_numbers_db [None req-9c1d51f8-9c72-4e19-b3a6-3dc164852be7 admin admin] Successfully bumped revision number for resource 9025968e-b1c6-41cb-ad6a-f825dc96defa (type: security_group_rules) to 0
Apr 11 18:53:55.108441 np0000165242 devstack@neutron-api.service[104111]: INFO neutron.db.ovn_revision_numbers_db [None req-9c1d51f8-9c72-4e19-b3a6-3dc164852be7 admin admin] Successfully bumped revision number for resource f2c99120-ac4d-48be-8938-4bd7d6ed3c88 (type: security_group_rules) to 0
Apr 11 18:53:55.133563 np0000165242 devstack@neutron-api.service[104111]: DEBUG neutron.api.rpc.handlers.resources_rpc [None req-9c1d51f8-9c72-4e19-b3a6-3dc164852be7 admin admin] Pushing event updated for resources: {'SecurityGroup': ['ID=71d239e5-ef23-4436-828f-90b2b396941c,revision_number=1']} {{(pid=104111) push /opt/stack/neutron/neutron/api/rpc/handlers/resources_rpc.py:237}}
Apr 11 18:53:55.141801 np0000165242 devstack@neutron-api.service[104111]: DEBUG ovsdbapp.backend.ovs_idl.transaction [-] Running txn n=1 command(idx=0): CheckLivenessCommand(_result=None) {{(pid=104111) do_commit /opt/stack/data/venv/lib/python3.12/site-packages/ovsdbapp/backend/ovs_idl/transaction.py:89}}
Apr 11 18:53:55.147489 np0000165242 devstack@neutron-api.service[104112]: DEBUG neutron.plugins.ml2.drivers.ovn.mech_driver.ovsdb.ovsdb_monitor [-] Hash Ring: Node 9d681a28048951658ae6bb9e6f1b496a (host: np0000165242) handling event "update" for row 5922169f-66b8-4c37-bdb6-574567a07d11 (table: NB_Global) {{(pid=104112) notify /opt/stack/neutron/neutron/plugins/ml2/drivers/ovn/mech_driver/ovsdb/ovsdb_monitor.py:914}}
Apr 11 18:53:55.149771 np0000165242 devstack@neutron-api.service[104112]: DEBUG neutron.plugins.ml2.drivers.ovn.mech_driver.ovsdb.ovsdb_monitor [-] Hash Ring: Node 9d681a28048951658ae6bb9e6f1b496a (host: np0000165242) handling event "update" for row 5922169f-66b8-4c37-bdb6-574567a07d11 (table: NB_Global) {{(pid=104112) notify /opt/stack/neutron/neutron/plugins/ml2/drivers/ovn/mech_driver/ovsdb/ovsdb_monitor.py:914}}
Apr 11 18:53:55.151929 np0000165242 devstack@neutron-api.service[104111]: DEBUG neutron.api.rpc.callbacks.version_manager [None req-9c1d51f8-9c72-4e19-b3a6-3dc164852be7 admin admin] Tracked resource versions report:
Apr 11 18:53:55.151929 np0000165242 devstack@neutron-api.service[104111]: pushed versions:
Apr 11 18:53:55.151929 np0000165242 devstack@neutron-api.service[104111]: { 'AddressGroup': {'1.2'},
Apr 11 18:53:55.151929 np0000165242 devstack@neutron-api.service[104111]: 'Agent': {'1.1'},
Apr 11 18:53:55.151929 np0000165242 devstack@neutron-api.service[104111]: 'ConntrackHelper': {'1.0'},
Apr 11 18:53:55.151929 np0000165242 devstack@neutron-api.service[104111]: 'LocalIPAssociation': {'1.0'},
Apr 11 18:53:55.151929 np0000165242 devstack@neutron-api.service[104111]: 'Log': {'1.0'},
Apr 11 18:53:55.151929 np0000165242 devstack@neutron-api.service[104111]: 'NDPProxy': {'1.0'},
Apr 11 18:53:55.151929 np0000165242 devstack@neutron-api.service[104111]: 'Network': {'1.2'},
Apr 11 18:53:55.151929 np0000165242 devstack@neutron-api.service[104111]: 'Port': {'1.10'},
Apr 11 18:53:55.151929 np0000165242 devstack@neutron-api.service[104111]: 'PortForwarding': {'1.3'},
Apr 11 18:53:55.151929 np0000165242 devstack@neutron-api.service[104111]: 'QosPolicy': {'1.10'},
Apr 11 18:53:55.151929 np0000165242 devstack@neutron-api.service[104111]: 'SecurityGroup': {'1.6'},
Apr 11 18:53:55.151929 np0000165242 devstack@neutron-api.service[104111]: 'SecurityGroupRule': {'1.3'},
Apr 11 18:53:55.151929 np0000165242 devstack@neutron-api.service[104111]: 'SubPort': {'1.0'},
Apr 11 18:53:55.151929 np0000165242 devstack@neutron-api.service[104111]: 'Subnet': {'1.2'},
Apr 11 18:53:55.151929 np0000165242 devstack@neutron-api.service[104111]: 'Trunk': {'1.1'}}
Apr 11 18:53:55.151929 np0000165242 devstack@neutron-api.service[104111]: consumer versions:
Apr 11 18:53:55.151929 np0000165242 devstack@neutron-api.service[104111]: {}
Apr 11 18:53:55.151929 np0000165242 devstack@neutron-api.service[104111]: {{(pid=104111) report /opt/stack/neutron/neutron/api/rpc/callbacks/version_manager.py:183}}
Apr 11 18:53:55.154100 np0000165242 devstack@neutron-api.service[104112]: DEBUG neutron.plugins.ml2.drivers.ovn.mech_driver.ovsdb.ovsdb_monitor [-] Hash Ring: Node 9d681a28048951658ae6bb9e6f1b496a (host: np0000165242) handling event "update" for row 5922169f-66b8-4c37-bdb6-574567a07d11 (table: NB_Global) {{(pid=104112) notify /opt/stack/neutron/neutron/plugins/ml2/drivers/ovn/mech_driver/ovsdb/ovsdb_monitor.py:914}}
Apr 11 18:53:55.154198 np0000165242 devstack@neutron-api.service[104110]: DEBUG neutron.plugins.ml2.drivers.ovn.mech_driver.ovsdb.ovsdb_monitor [-] ChassisAgentWriteEvent : Matched Chassis_Private, update, None None {{(pid=104110) matches /opt/stack/neutron/neutron/plugins/ml2/drivers/ovn/mech_driver/ovsdb/ovsdb_monitor.py:64}}
Apr 11 18:53:55.154330 np0000165242 devstack@neutron-api.service[104109]: DEBUG neutron.plugins.ml2.drivers.ovn.mech_driver.ovsdb.ovsdb_monitor [-] ChassisAgentWriteEvent : Matched Chassis_Private, update, None None {{(pid=104109) matches /opt/stack/neutron/neutron/plugins/ml2/drivers/ovn/mech_driver/ovsdb/ovsdb_monitor.py:64}}
Apr 11 18:53:55.154330 np0000165242 devstack@neutron-api.service[104109]: DEBUG neutron.plugins.ml2.drivers.ovn.mech_driver.ovsdb.ovsdb_monitor [-] Hash Ring: Node b017f283e4d9507fa540d0601a3975bf (host: np0000165242) handling event "update" for row c1e33d12-d106-4e84-9e82-61048ab97508 (table: Chassis_Private) {{(pid=104109) notify /opt/stack/neutron/neutron/plugins/ml2/drivers/ovn/mech_driver/ovsdb/ovsdb_monitor.py:914}}
Apr 11 18:53:55.154454 np0000165242 devstack@neutron-api.service[104112]: DEBUG neutron.plugins.ml2.drivers.ovn.mech_driver.ovsdb.ovsdb_monitor [-] Hash Ring: Node 9d681a28048951658ae6bb9e6f1b496a (host: np0000165242) handling event "update" for row 5922169f-66b8-4c37-bdb6-574567a07d11 (table: NB_Global) {{(pid=104112) notify /opt/stack/neutron/neutron/plugins/ml2/drivers/ovn/mech_driver/ovsdb/ovsdb_monitor.py:914}}
Apr 11 18:53:55.154454 np0000165242 devstack@neutron-api.service[104112]: DEBUG neutron.plugins.ml2.drivers.ovn.mech_driver.ovsdb.ovsdb_monitor [-] ChassisAgentWriteEvent : Matched Chassis_Private, update, None None {{(pid=104112) matches /opt/stack/neutron/neutron/plugins/ml2/drivers/ovn/mech_driver/ovsdb/ovsdb_monitor.py:64}}
Apr 11 18:53:55.155183 np0000165242 devstack@neutron-api.service[104109]: DEBUG neutron.plugins.ml2.drivers.ovn.mech_driver.ovsdb.ovsdb_monitor [-] ChassisOVNAgentWriteEvent : Matched Chassis_Private, update, None None {{(pid=104109) matches /opt/stack/neutron/neutron/plugins/ml2/drivers/ovn/mech_driver/ovsdb/ovsdb_monitor.py:64}}
Apr 11 18:53:55.155577 np0000165242 devstack@neutron-api.service[104109]: DEBUG neutron.plugins.ml2.drivers.ovn.mech_driver.ovsdb.ovsdb_monitor [-] Hash Ring: Node b017f283e4d9507fa540d0601a3975bf (host: np0000165242) handling event "update" for row c1e33d12-d106-4e84-9e82-61048ab97508 (table: Chassis_Private) {{(pid=104109) notify /opt/stack/neutron/neutron/plugins/ml2/drivers/ovn/mech_driver/ovsdb/ovsdb_monitor.py:914}}
Apr 11 18:53:55.155675 np0000165242 devstack@neutron-api.service[104110]: DEBUG neutron.plugins.ml2.drivers.ovn.mech_driver.ovsdb.ovsdb_monitor [-] ChassisOVNAgentWriteEvent : Matched Chassis_Private, update, None None {{(pid=104110) matches /opt/stack/neutron/neutron/plugins/ml2/drivers/ovn/mech_driver/ovsdb/ovsdb_monitor.py:64}}
Apr 11 18:53:55.158065 np0000165242 devstack@neutron-api.service[104111]: DEBUG neutron.plugins.ml2.drivers.ovn.mech_driver.ovsdb.ovsdb_monitor [-] ChassisAgentWriteEvent : Matched Chassis_Private, update, None None {{(pid=104111) matches /opt/stack/neutron/neutron/plugins/ml2/drivers/ovn/mech_driver/ovsdb/ovsdb_monitor.py:64}}
Apr 11 18:53:55.158481 np0000165242 devstack@neutron-api.service[104112]: DEBUG neutron.common.ovn.hash_ring_manager [-] Allow caching, nodes 4>=4 {{(pid=104112) _wait_startup_before_caching /opt/stack/neutron/neutron/common/ovn/hash_ring_manager.py:65}}
Apr 11 18:53:55.158713 np0000165242 devstack@neutron-api.service[104112]: DEBUG neutron.plugins.ml2.drivers.ovn.mech_driver.ovsdb.ovsdb_monitor [-] Hash Ring: Node 9d681a28048951658ae6bb9e6f1b496a (host: np0000165242) handling event "update" for row c1e33d12-d106-4e84-9e82-61048ab97508 (table: Chassis_Private) {{(pid=104112) notify /opt/stack/neutron/neutron/plugins/ml2/drivers/ovn/mech_driver/ovsdb/ovsdb_monitor.py:914}}
Apr 11 18:53:55.159777 np0000165242 devstack@neutron-api.service[104112]: DEBUG neutron.plugins.ml2.drivers.ovn.mech_driver.ovsdb.ovsdb_monitor [-] ChassisOVNAgentWriteEvent : Matched Chassis_Private, update, None None {{(pid=104112) matches /opt/stack/neutron/neutron/plugins/ml2/drivers/ovn/mech_driver/ovsdb/ovsdb_monitor.py:64}}
Apr 11 18:53:55.160105 np0000165242 devstack@neutron-api.service[104112]: DEBUG neutron.plugins.ml2.drivers.ovn.mech_driver.ovsdb.ovsdb_monitor [-] Hash Ring: Node 9d681a28048951658ae6bb9e6f1b496a (host: np0000165242) handling event "update" for row c1e33d12-d106-4e84-9e82-61048ab97508 (table: Chassis_Private) {{(pid=104112) notify /opt/stack/neutron/neutron/plugins/ml2/drivers/ovn/mech_driver/ovsdb/ovsdb_monitor.py:914}}
Apr 11 18:53:55.160592 np0000165242 devstack@neutron-api.service[104111]: DEBUG neutron.plugins.ml2.drivers.ovn.mech_driver.ovsdb.ovsdb_monitor [-] ChassisOVNAgentWriteEvent : Matched Chassis_Private, update, None None {{(pid=104111) matches /opt/stack/neutron/neutron/plugins/ml2/drivers/ovn/mech_driver/ovsdb/ovsdb_monitor.py:64}}
Apr 11 18:53:55.217082 np0000165242 devstack@neutron-api.service[104111]: DEBUG neutron.plugins.ml2.drivers.helpers [None req-9c1d51f8-9c72-4e19-b3a6-3dc164852be7 admin admin] geneve segment allocate from pool success with {'geneve_vni': 9095} {{(pid=104111) allocate_partially_specified_segment /opt/stack/neutron/neutron/plugins/ml2/drivers/helpers.py:142}}
Apr 11 18:53:55.227760 np0000165242 devstack@neutron-api.service[104111]: DEBUG neutron_lib.callbacks.manager [None req-9c1d51f8-9c72-4e19-b3a6-3dc164852be7 admin admin] Publish callbacks ['neutron.services.segments.db._add_segment_host_mapping_for_segment-8023695092066', 'neutron.plugins.ml2.plugin.Ml2Plugin._handle_segment_change-288437'] for segment (caea9166-9079-4bc1-974a-efb65bf563e4), precommit_create {{(pid=104111) _notify_loop /opt/stack/data/venv/lib/python3.12/site-packages/neutron_lib/callbacks/manager.py:184}}
Apr 11 18:53:55.227873 np0000165242 devstack@neutron-api.service[104111]: INFO neutron.db.segments_db [None req-9c1d51f8-9c72-4e19-b3a6-3dc164852be7 admin admin] Added segment caea9166-9079-4bc1-974a-efb65bf563e4 of type geneve for network 55b412cb-188a-4623-88d8-e1c52f563934
Apr 11 18:53:55.275470 np0000165242 devstack@neutron-api.service[104111]: DEBUG neutron_lib.callbacks.manager [None req-9c1d51f8-9c72-4e19-b3a6-3dc164852be7 admin admin] Publish callbacks ['neutron.services.auto_allocate.db._ensure_external_network_default_value_callback-8023693811292'] for network (55b412cb-188a-4623-88d8-e1c52f563934), precommit_create {{(pid=104111) _notify_loop /opt/stack/data/venv/lib/python3.12/site-packages/neutron_lib/callbacks/manager.py:184}}
Apr 11 18:53:55.292325 np0000165242 devstack@neutron-api.service[104111]: DEBUG neutron.plugins.ml2.drivers.ovn.mech_driver.mech_driver [None req-9c1d51f8-9c72-4e19-b3a6-3dc164852be7 admin admin] Validating network segment with type geneve, segmentation ID 9095, physical network None {{(pid=104111) _validate_network_segments /opt/stack/neutron/neutron/plugins/ml2/drivers/ovn/mech_driver/mech_driver.py:631}}
Apr 11 18:53:55.292463 np0000165242 devstack@neutron-api.service[104111]: DEBUG neutron.db.ovn_revision_numbers_db [None req-9c1d51f8-9c72-4e19-b3a6-3dc164852be7 admin admin] create_initial_revision uuid=55b412cb-188a-4623-88d8-e1c52f563934, type=networks, rev=-1 {{(pid=104111) create_initial_revision /opt/stack/neutron/neutron/db/ovn_revision_numbers_db.py:98}}
Apr 11 18:53:55.308264 np0000165242 devstack@neutron-api.service[104111]: DEBUG neutron_lib.callbacks.manager [None req-9c1d51f8-9c72-4e19-b3a6-3dc164852be7 admin admin] Publish callbacks ['neutron.plugins.ml2.ovo_rpc._ObjectChangeHandler.handle_event-1755678'] for network (55b412cb-188a-4623-88d8-e1c52f563934), after_create {{(pid=104111) _notify_loop /opt/stack/data/venv/lib/python3.12/site-packages/neutron_lib/callbacks/manager.py:184}}
Apr 11 18:53:55.351130 np0000165242 devstack@neutron-api.service[104111]: DEBUG neutron.api.rpc.handlers.resources_rpc [None req-9c1d51f8-9c72-4e19-b3a6-3dc164852be7 admin admin] Pushing event updated for resources: {'Network': ['ID=55b412cb-188a-4623-88d8-e1c52f563934,revision_number=1']} {{(pid=104111) push /opt/stack/neutron/neutron/api/rpc/handlers/resources_rpc.py:237}}
Apr 11 18:53:55.359208 np0000165242 devstack@neutron-api.service[104111]: DEBUG ovsdbapp.backend.ovs_idl.transaction [-] Running txn n=1 command(idx=0): AddNetworkCommand(_result=None, network_uuid=55b412cb-188a-4623-88d8-e1c52f563934, may_exist=True, columns={'external_ids': {'neutron:network_name': 'private', 'neutron:mtu': '1372', 'neutron:revision_number': '1', 'neutron:availability_zone_hints': '', 'neutron:provnet-network-type': 'geneve'}, 'other_config': {'mcast_snoop': 'false', 'mcast_flood_unregistered': 'false', 'vlan-passthru': 'false'}}) {{(pid=104111) do_commit /opt/stack/data/venv/lib/python3.12/site-packages/ovsdbapp/backend/ovs_idl/transaction.py:89}}
Apr 11 18:53:55.359958 np0000165242 devstack@neutron-api.service[104111]: DEBUG neutron.common.ovn.utils [-] OVS persist_uuid supported=True {{(pid=104111) ovs_persist_uuid_supported /opt/stack/neutron/neutron/common/ovn/utils.py:1527}}
Apr 11 18:53:55.365414 np0000165242 devstack@neutron-api.service[104112]: DEBUG neutron.plugins.ml2.drivers.ovn.mech_driver.ovsdb.ovsdb_monitor [-] Hash Ring: Node 9d681a28048951658ae6bb9e6f1b496a (host: np0000165242) handling event "create" for row 55b412cb-188a-4623-88d8-e1c52f563934 (table: Logical_Switch) {{(pid=104112) notify /opt/stack/neutron/neutron/plugins/ml2/drivers/ovn/mech_driver/ovsdb/ovsdb_monitor.py:914}}
Apr 11 18:53:55.374301 np0000165242 devstack@neutron-api.service[104112]: DEBUG neutron.plugins.ml2.drivers.ovn.mech_driver.ovsdb.ovsdb_monitor [-] Hash Ring: Node 9d681a28048951658ae6bb9e6f1b496a (host: np0000165242) handling event "create" for row f68eb2bc-885c-4a1b-a4a8-5cfc755db125 (table: Datapath_Binding) {{(pid=104112) notify /opt/stack/neutron/neutron/plugins/ml2/drivers/ovn/mech_driver/ovsdb/ovsdb_monitor.py:914}}
Apr 11 18:53:55.378274 np0000165242 devstack@neutron-api.service[104111]: DEBUG neutron.plugins.ml2.drivers.ovn.mech_driver.ovsdb.ovsdb_monitor [-] Hash Ring: Node df72c44c73965507b4296079186f7900 (host: np0000165242) handling event "create" for row f68eb2bc-885c-4a1b-a4a8-5cfc755db125 (table: Datapath_Binding) {{(pid=104111) notify /opt/stack/neutron/neutron/plugins/ml2/drivers/ovn/mech_driver/ovsdb/ovsdb_monitor.py:914}}
Apr 11 18:53:55.399729 np0000165242 devstack@neutron-api.service[104111]: INFO neutron.db.ovn_revision_numbers_db [None req-9c1d51f8-9c72-4e19-b3a6-3dc164852be7 admin admin] Successfully bumped revision number for resource 55b412cb-188a-4623-88d8-e1c52f563934 (type: networks) to 1
Apr 11 18:53:55.461107 np0000165242 devstack@neutron-api.service[104111]: DEBUG neutron_lib.callbacks.manager [None req-9c1d51f8-9c72-4e19-b3a6-3dc164852be7 admin admin] Publish callbacks ['neutron.plugins.ml2.plugin.SecurityGroupDbMixin._ensure_default_security_group_handler-31893'] for port (None), before_create {{(pid=104111) _notify_loop /opt/stack/data/venv/lib/python3.12/site-packages/neutron_lib/callbacks/manager.py:184}}
Apr 11 18:53:55.744336 np0000165242 devstack@neutron-api.service[104111]: DEBUG neutron_lib.callbacks.manager [None req-9c1d51f8-9c72-4e19-b3a6-3dc164852be7 admin admin] Publish callbacks ['neutron.plugins.ml2.drivers.ovn.mech_driver.mech_driver.OVNMechanismDriver._validate_allowed_address_pairs-244447'] for allowed_address_pair (7e2f0fdd-3815-4de7-a472-52d3e8e4500c), before_create {{(pid=104111) _notify_loop /opt/stack/data/venv/lib/python3.12/site-packages/neutron_lib/callbacks/manager.py:184}}
