2026-05-08 11:29:46.956 8 INFO placement.requestlog [req-94c218a7-131d-4cf7-87c1-edfff8ec92ce req-d5f6f5ae-f49b-4484-add5-9acf737dbe54 4ccb34de123247caaf8470d3a2bc7072 7145cf9ea1624d19810f69a82c83264b - - 9094370dcab443228e6924c7bf619906 9094370dcab443228e6924c7bf619906] 199.204.45.89 "GET /resource_providers/d36974ec-6962-4c17-badc-70d1497001a9/allocations" status: 200 len: 54 microversion: 1.0 [pid: 8|app: 0|req: 291/582] 199.204.45.89 () {32 vars in 856 bytes} [Fri May 8 11:29:46 2026] GET /resource_providers/d36974ec-6962-4c17-badc-70d1497001a9/allocations => generated 54 bytes in 18 msecs (HTTP/1.1 200) 6 headers in 223 bytes (1 switches on core 0)
2026-05-08 11:29:46.988 7 INFO placement.requestlog [req-94c218a7-131d-4cf7-87c1-edfff8ec92ce req-cbe85d80-e080-4b49-ba11-a633484046e2 4ccb34de123247caaf8470d3a2bc7072 7145cf9ea1624d19810f69a82c83264b - - 9094370dcab443228e6924c7bf619906 9094370dcab443228e6924c7bf619906] 199.204.45.89 "GET /resource_providers/d36974ec-6962-4c17-badc-70d1497001a9/allocations" status: 200 len: 54 microversion: 1.0 [pid: 7|app: 0|req: 292/583] 199.204.45.89 () {32 vars in 856 bytes} [Fri May 8 11:29:46 2026] GET /resource_providers/d36974ec-6962-4c17-badc-70d1497001a9/allocations => generated 54 bytes in 20 msecs (HTTP/1.1 200) 6 headers in 223 bytes (1 switches on core 0)
2026-05-08 11:29:48.966 8 INFO placement.requestlog [None req-9a9449aa-c560-401f-889d-7c6b3ac13f6b - - - - - -] 10.0.0.227 "GET /" status: 200 len: 136 microversion: 1.0
2026-05-08 11:29:48.966 7 INFO placement.requestlog [None req-5648b35e-c761-4c8b-8752-abe8d86c05a4 - - - - - -] 10.0.0.227 "GET /" status: 200 len: 136 microversion: 1.0
2026-05-08 11:29:58.966 7 INFO placement.requestlog [None req-a7e14ead-e6b4-4644-8324-8609ef385c42 - - - - - -] 10.0.0.227 "GET /" status: 200 len: 136 microversion: 1.0
2026-05-08 11:29:58.974 8 INFO placement.requestlog [None req-46585d00-2933-4c50-b69d-32519718cc58 - - - - - -] 10.0.0.227 "GET /" status: 200 len: 136 microversion: 1.0
2026-05-08 11:30:08.966 7 INFO placement.requestlog [None req-145b7b58-5d8a-47d3-975d-4b40e6f8fcf1 - - - - - -] 10.0.0.227 "GET /" status: 200 len: 136 microversion: 1.0
2026-05-08 11:30:08.967 8 INFO placement.requestlog [None req-86c5a4a3-d62a-4d93-b6b4-97d38715e13f - - - - - -] 10.0.0.227 "GET /" status: 200 len: 136 microversion: 1.0
2026-05-08 11:30:18.966 7 INFO placement.requestlog [None req-cf8a1429-385d-4cc2-bacc-d4697773a0e6 - - - - - -] 10.0.0.227 "GET /" status: 200 len: 136 microversion: 1.0
2026-05-08 11:30:18.966 8 INFO placement.requestlog [None req-39ff0f12-83fe-46c5-8009-2d291d7d0e6d - - - - - -] 10.0.0.227 "GET /" status: 200 len: 136 microversion: 1.0
2026-05-08 11:30:28.966 7 INFO placement.requestlog [None req-f3849537-3d1b-4abd-acb5-7a47885d33e2 - - - - - -] 10.0.0.227 "GET /" status: 200 len: 136 microversion: 1.0
2026-05-08 11:30:28.967 8 INFO placement.requestlog [None req-8ab26e8d-aa22-46e2-a1f8-9a6928fa9d3b - - - - - -] 10.0.0.227 "GET /" status: 200 len: 136 microversion: 1.0
2026-05-08 11:30:38.965 7 INFO placement.requestlog [None req-1445a036-40f5-43ac-b614-cd4c4a00f0ec - - - - - -] 10.0.0.227 "GET /" status: 200 len: 136 microversion: 1.0
2026-05-08 11:30:38.965 8 INFO placement.requestlog [None req-aed3acc9-4803-4a5c-b54a-df0c81c0a1d7 - - - - - -] 10.0.0.227 "GET /" status: 200 len: 136 microversion: 1.0
2026-05-08 11:30:48.966 7 INFO placement.requestlog [None req-ec86713b-842f-455b-9f41-81eb2275b2e5 - - - - - -] 10.0.0.227 "GET /" status: 200 len: 136 microversion: 1.0
2026-05-08 11:30:48.966 8 INFO placement.requestlog [None req-41eb8991-fc7f-481c-9776-c8e104086d18 - - - - - -] 10.0.0.227 "GET /" status: 200 len: 136 microversion: 1.0
2026-05-08 11:30:49.079 7 INFO placement.requestlog [req-1d05624b-e55b-4098-b4e0-d7a3a41e97a9 req-9abec4d8-3f56-4291-8b62-fc88ceb4c2f4 4ccb34de123247caaf8470d3a2bc7072 7145cf9ea1624d19810f69a82c83264b - - 9094370dcab443228e6924c7bf619906 9094370dcab443228e6924c7bf619906] 199.204.45.89 "GET /resource_providers/d36974ec-6962-4c17-badc-70d1497001a9/allocations" status: 200 len: 54 microversion: 1.0 [pid: 7|app: 0|req: 300/598] 199.204.45.89 () {32 vars in 856 bytes} [Fri May 8 11:30:49 2026] GET /resource_providers/d36974ec-6962-4c17-badc-70d1497001a9/allocations => generated 54 bytes in 20 msecs (HTTP/1.1 200) 6 headers in 223 bytes (1 switches on core 0)
2026-05-08 11:30:49.108 8 INFO placement.requestlog [req-1d05624b-e55b-4098-b4e0-d7a3a41e97a9 req-57c3015a-297e-447f-9186-ce305144b091 4ccb34de123247caaf8470d3a2bc7072 7145cf9ea1624d19810f69a82c83264b - - 9094370dcab443228e6924c7bf619906 9094370dcab443228e6924c7bf619906] 199.204.45.89 "GET /resource_providers/d36974ec-6962-4c17-badc-70d1497001a9/allocations" status: 200 len: 54 microversion: 1.0 [pid: 8|app: 0|req: 299/599] 199.204.45.89 () {32 vars in 856 bytes} [Fri May 8 11:30:49 2026] GET /resource_providers/d36974ec-6962-4c17-badc-70d1497001a9/allocations => generated 54 bytes in 22 msecs (HTTP/1.1 200) 6 headers in 223 bytes (1 switches on core 0)
2026-05-08 11:30:58.965 7 INFO placement.requestlog [None req-da9f854b-30e6-4393-89f1-3d0a712e523c - - - - - -] 10.0.0.227 "GET /" status: 200 len: 136 microversion: 1.0
2026-05-08 11:30:58.965 8 INFO placement.requestlog [None req-c6c99791-a1e4-4d1f-be36-29b938a656d9 - - - - - -] 10.0.0.227 "GET /" status: 200 len: 136 microversion: 1.0
2026-05-08 11:31:08.965 7 INFO placement.requestlog [None req-5312cabb-b37d-4c3d-ae11-7047824a95cd - - - - - -] 10.0.0.227 "GET /" status: 200 len: 136 microversion: 1.0
2026-05-08 11:31:08.966 8 INFO placement.requestlog [None req-f91ab092-aee3-4dd7-bdd8-96ed068a0f9f - - - - - -] 10.0.0.227 "GET /" status: 200 len: 136 microversion: 1.0
2026-05-08 11:31:18.966 7 INFO placement.requestlog [None req-182f8079-c5e4-4245-9352-cba98445037b - - - - - -] 10.0.0.227 "GET /" status: 200 len: 136 microversion: 1.0
2026-05-08 11:31:18.966 8 INFO placement.requestlog [None req-ffd0aded-f9f1-4e7e-bbf1-8a7bf0209ca6 - - - - - -] 10.0.0.227 "GET /" status: 200 len: 136 microversion: 1.0
2026-05-08 11:31:28.966 7 INFO placement.requestlog [None req-1eae6d2c-0543-4e2a-a130-3ba91a460414 - - - - - -] 10.0.0.227 "GET /" status: 200 len: 136 microversion: 1.0
2026-05-08 11:31:28.966 8 INFO placement.requestlog [None req-61ea9576-2d81-4061-bdb8-37486b5431d4 - - - - - -] 10.0.0.227 "GET /" status: 200 len: 136 microversion: 1.0
2026-05-08 11:31:38.966 7 INFO placement.requestlog [None req-1b012d44-9889-415a-8030-59db17742ad2 - - - - - -] 10.0.0.227 "GET /" status: 200 len: 136 microversion: 1.0
2026-05-08 11:31:38.966 8 INFO placement.requestlog [None req-819ff366-1f7b-4ef6-9d03-edbf726b2363 - - - - - -] 10.0.0.227 "GET /" status: 200 len: 136 microversion: 1.0
2026-05-08 11:31:48.967 7 INFO placement.requestlog [None req-494e9cd1-c166-40ca-aca0-e781c0b31f51 - - - - - -] 10.0.0.227 "GET /" status: 200 len: 136 microversion: 1.0
2026-05-08 11:31:48.968 8 INFO placement.requestlog [None req-ebf08f3a-ffce-4f71-b863-d5ba18a2c5f3 - - - - - -] 10.0.0.227 "GET /" status: 200 len: 136 microversion: 1.0
2026-05-08 11:31:49.849 7 INFO placement.requestlog [req-bb0c267d-8b8a-478c-88f5-675915fc2594 req-4ca69568-ccc6-41f6-9ae0-c118753b9a92 4ccb34de123247caaf8470d3a2bc7072 7145cf9ea1624d19810f69a82c83264b - - 9094370dcab443228e6924c7bf619906 9094370dcab443228e6924c7bf619906] 199.204.45.89 "GET /resource_providers/d36974ec-6962-4c17-badc-70d1497001a9/allocations" status: 200 len: 54 microversion: 1.0 [pid: 7|app: 0|req: 307/612] 199.204.45.89 () {32 vars in 856 bytes} [Fri May 8 11:31:49 2026] GET /resource_providers/d36974ec-6962-4c17-badc-70d1497001a9/allocations => generated 54 bytes in 18 msecs (HTTP/1.1 200) 6 headers in 223 bytes (1 switches on core 0)
2026-05-08 11:31:49.880 8 INFO placement.requestlog [req-bb0c267d-8b8a-478c-88f5-675915fc2594 req-e0d523de-3ec2-4169-b2c4-96f6f11c40f8 4ccb34de123247caaf8470d3a2bc7072 7145cf9ea1624d19810f69a82c83264b - - 9094370dcab443228e6924c7bf619906 9094370dcab443228e6924c7bf619906] 199.204.45.89 "GET /resource_providers/d36974ec-6962-4c17-badc-70d1497001a9/allocations" status: 200 len: 54 microversion: 1.0 [pid: 8|app: 0|req: 306/613] 199.204.45.89 () {32 vars in 856 bytes} [Fri May 8 11:31:49 2026] GET /resource_providers/d36974ec-6962-4c17-badc-70d1497001a9/allocations => generated 54 bytes in 20 msecs (HTTP/1.1 200) 6 headers in 223 bytes (1 switches on core 0)
2026-05-08 11:31:58.966 7 INFO placement.requestlog [None req-a0a10f71-83c7-4c20-9497-a438cd835689 - - - - - -] 10.0.0.227 "GET /" status: 200 len: 136 microversion: 1.0
2026-05-08 11:31:58.969 8 INFO placement.requestlog [None req-4b9284e2-4081-45f4-9f99-a13239b2af25 - - - - - -] 10.0.0.227 "GET /" status: 200 len: 136 microversion: 1.0
2026-05-08 11:32:08.966 7 INFO placement.requestlog [None req-688c48f6-4d5e-4a80-8e93-fb462485bf9e - - - - - -] 10.0.0.227 "GET /" status: 200 len: 136 microversion: 1.0
2026-05-08 11:32:08.966 8 INFO placement.requestlog [None req-9e65617e-d1de-42cd-b2d3-bc04912d0262 - - - - - -] 10.0.0.227 "GET /" status: 200 len: 136 microversion: 1.0
2026-05-08 11:32:18.966 8 INFO placement.requestlog [None req-c7f2afb9-4eab-4393-81d6-8af7fea9bb3b - - - - - -] 10.0.0.227 "GET /" status: 200 len: 136 microversion: 1.0
2026-05-08 11:32:18.967 7 INFO placement.requestlog [None req-5dfb17f9-8e65-4e82-bbeb-25d8563cb434 - - - - - -] 10.0.0.227 "GET /" status: 200 len: 136 microversion: 1.0
2026-05-08 11:32:28.965 7 INFO placement.requestlog [None req-57c08c48-bbda-4d4b-bae3-4620e76da2a2 - - - - - -] 10.0.0.227 "GET /" status: 200 len: 136 microversion: 1.0
2026-05-08 11:32:28.965 8 INFO placement.requestlog [None req-5bcc79e9-eeb9-436e-885d-97f83f59b11b - - - - - -] 10.0.0.227 "GET /" status: 200 len: 136 microversion: 1.0
2026-05-08 11:32:38.966 7 INFO placement.requestlog [None req-5024384b-2c71-4a82-bf8e-13f5605030aa - - - - - -] 10.0.0.227 "GET /" status: 200 len: 136 microversion: 1.0
2026-05-08 11:32:38.967 8 INFO placement.requestlog [None req-5cb6d048-716a-4b5c-abca-8ecb8d07ee06 - - - - - -] 10.0.0.227 "GET /" status: 200 len: 136 microversion: 1.0
2026-05-08 11:32:48.965 8 INFO placement.requestlog [None req-d76e7335-33b1-477b-b964-b1bc46cac1a4 - - - - - -] 10.0.0.227 "GET /" status: 200 len: 136 microversion: 1.0
2026-05-08 11:32:48.965 7 INFO placement.requestlog [None req-7fa2f557-55f5-453d-82bc-ae2387e0c013 - - - - - -] 10.0.0.227 "GET /" status: 200 len: 136 microversion: 1.0
2026-05-08 11:32:50.144 7 INFO placement.requestlog [req-96b027e5-bf32-4629-a1e3-8077f125d7bf req-92b6a867-7a35-4204-979e-ea5fc3171151 4ccb34de123247caaf8470d3a2bc7072 7145cf9ea1624d19810f69a82c83264b - - 9094370dcab443228e6924c7bf619906 9094370dcab443228e6924c7bf619906] 10.0.0.188 "GET /allocation_candidates?limit=1000&resources=DISK_GB%3A1%2CMEMORY_MB%3A512%2CVCPU%3A1&root_required=%21COMPUTE_STATUS_DISABLED" status: 200 len: 2147 microversion: 1.36 [pid: 7|app: 0|req: 314/626] 10.0.0.188 () {34 vars in 1012 bytes} [Fri May 8 11:32:49 2026] GET /allocation_candidates?limit=1000&resources=DISK_GB%3A1%2CMEMORY_MB%3A512%2CVCPU%3A1&root_required=%21COMPUTE_STATUS_DISABLED => generated 2147 bytes in 172 msecs (HTTP/1.1 200) 8 headers in 297 bytes (1 switches on core 0)
2026-05-08 11:32:50.186 8 INFO placement.requestlog [req-96b027e5-bf32-4629-a1e3-8077f125d7bf req-3c426d78-3c95-46a3-86d4-ed25b4241d95 4ccb34de123247caaf8470d3a2bc7072 7145cf9ea1624d19810f69a82c83264b - - 9094370dcab443228e6924c7bf619906 9094370dcab443228e6924c7bf619906] 10.0.0.188 "GET /allocations/6908bbab-01bd-4bd4-9047-cf62fc673fa8" status: 200 len: 19 microversion: 1.28 [pid: 8|app: 0|req: 313/627] 10.0.0.188 () {34 vars in 861 bytes} [Fri May 8 11:32:50 2026] GET /allocations/6908bbab-01bd-4bd4-9047-cf62fc673fa8 => generated 19 bytes in 13 msecs (HTTP/1.1 200) 8 headers in 295 bytes (1 switches on core 0)
2026-05-08 11:32:50.260 7 INFO placement.requestlog [req-96b027e5-bf32-4629-a1e3-8077f125d7bf req-ad32939e-4c9b-4f59-9062-6160288129ae 4ccb34de123247caaf8470d3a2bc7072 7145cf9ea1624d19810f69a82c83264b - - 9094370dcab443228e6924c7bf619906 9094370dcab443228e6924c7bf619906] 10.0.0.188 "PUT /allocations/6908bbab-01bd-4bd4-9047-cf62fc673fa8" status: 204 len: 0 microversion: 1.36 [pid: 7|app: 0|req: 315/628] 10.0.0.188 () {38 vars in 914 bytes} [Fri May 8 11:32:50 2026] PUT /allocations/6908bbab-01bd-4bd4-9047-cf62fc673fa8 => generated 0 bytes in 69 msecs (HTTP/1.1 204) 5 headers in 199 bytes (1 switches on core 0)
2026-05-08 11:32:50.360 8 INFO placement.requestlog [req-bfc56144-47fc-4e80-a634-b66c343618bd req-6bb7c66f-5266-4b86-8270-88d900582bbc 4ccb34de123247caaf8470d3a2bc7072 7145cf9ea1624d19810f69a82c83264b - - 9094370dcab443228e6924c7bf619906 9094370dcab443228e6924c7bf619906] 199.204.45.89 "GET /resource_providers/d36974ec-6962-4c17-badc-70d1497001a9/allocations" status: 200 len: 152 microversion: 1.0 [pid: 8|app: 0|req: 314/629] 199.204.45.89 () {32 vars in 856 bytes} [Fri May 8 11:32:50 2026] GET /resource_providers/d36974ec-6962-4c17-badc-70d1497001a9/allocations => generated 152 bytes in 28 msecs (HTTP/1.1 200) 6 headers in 224 bytes (1 switches on core 0)
2026-05-08 11:32:50.445 7 INFO placement.requestlog [req-bfc56144-47fc-4e80-a634-b66c343618bd req-4916855a-c227-49b3-b15a-30ab66d58f62 4ccb34de123247caaf8470d3a2bc7072 7145cf9ea1624d19810f69a82c83264b - - 9094370dcab443228e6924c7bf619906 9094370dcab443228e6924c7bf619906] 199.204.45.89 "GET /resource_providers/d36974ec-6962-4c17-badc-70d1497001a9/allocations" status: 200 len: 152 microversion: 1.0 [pid: 7|app: 0|req: 316/630] 199.204.45.89 () {32 vars in 856 bytes} [Fri May 8 11:32:50 2026] GET /resource_providers/d36974ec-6962-4c17-badc-70d1497001a9/allocations => generated 152 bytes in 24 msecs (HTTP/1.1 200) 6 headers in 224 bytes (1 switches on core 0)
2026-05-08 11:32:50.475 7 INFO placement.requestlog [req-bfc56144-47fc-4e80-a634-b66c343618bd req-09332790-e178-4857-9c3f-cf2cbe9dfdff 4ccb34de123247caaf8470d3a2bc7072 7145cf9ea1624d19810f69a82c83264b - - 9094370dcab443228e6924c7bf619906 9094370dcab443228e6924c7bf619906] 199.204.45.89 "GET /allocations/6908bbab-01bd-4bd4-9047-cf62fc673fa8" status: 200 len: 257 microversion: 1.28 [pid: 7|app: 0|req: 317/631] 199.204.45.89 () {34 vars in 862 bytes} [Fri May 8 11:32:50 2026] GET /allocations/6908bbab-01bd-4bd4-9047-cf62fc673fa8 => generated 257 bytes in 22 msecs (HTTP/1.1 200) 8 headers in 296 bytes (1 switches on core 0)
2026-05-08 11:32:50.526 8 INFO placement.requestlog [req-152166b7-c37f-44db-9cc0-06445ee3ca9c req-906ad15f-b111-4dc1-ab65-dd41e4f0dbe3 4ccb34de123247caaf8470d3a2bc7072 7145cf9ea1624d19810f69a82c83264b - - 9094370dcab443228e6924c7bf619906 9094370dcab443228e6924c7bf619906] 10.0.0.188 "GET /allocation_candidates?limit=1000&resources=DISK_GB%3A1%2CMEMORY_MB%3A512%2CVCPU%3A1&root_required=%21COMPUTE_STATUS_DISABLED" status: 200 len: 2149 microversion: 1.36 [pid: 8|app: 0|req: 315/632] 10.0.0.188 () {34 vars in 1012 bytes} [Fri May 8 11:32:50 2026] GET /allocation_candidates?limit=1000&resources=DISK_GB%3A1%2CMEMORY_MB%3A512%2CVCPU%3A1&root_required=%21COMPUTE_STATUS_DISABLED => generated 2149 bytes in 86 msecs (HTTP/1.1 200) 8 headers in 297 bytes (1 switches on core 0)
2026-05-08 11:32:50.564 7 INFO placement.requestlog [req-152166b7-c37f-44db-9cc0-06445ee3ca9c req-63816431-9478-4258-945b-b0681eb9a7d3 4ccb34de123247caaf8470d3a2bc7072 7145cf9ea1624d19810f69a82c83264b - - 9094370dcab443228e6924c7bf619906 9094370dcab443228e6924c7bf619906] 10.0.0.188 "GET /allocations/cefe1731-320c-42e3-a08e-7e5939f0fd2c" status: 200 len: 19 microversion: 1.28 [pid: 7|app: 0|req: 318/633] 10.0.0.188 () {34 vars in 861 bytes} [Fri May 8 11:32:50 2026] GET /allocations/cefe1731-320c-42e3-a08e-7e5939f0fd2c => generated 19 bytes in 10 msecs (HTTP/1.1 200) 8 headers in 295 bytes (1 switches on core 0)
2026-05-08 11:32:50.659 8 INFO placement.requestlog [req-152166b7-c37f-44db-9cc0-06445ee3ca9c req-64adcf6d-9431-4341-a0b3-3dd4a3966814 4ccb34de123247caaf8470d3a2bc7072 7145cf9ea1624d19810f69a82c83264b - - 9094370dcab443228e6924c7bf619906 9094370dcab443228e6924c7bf619906] 10.0.0.188 "PUT /allocations/cefe1731-320c-42e3-a08e-7e5939f0fd2c" status: 204 len: 0 microversion: 1.36 [pid: 8|app: 0|req: 316/634] 10.0.0.188 () {38 vars in 914 bytes} [Fri May 8 11:32:50 2026] PUT /allocations/cefe1731-320c-42e3-a08e-7e5939f0fd2c => generated 0 bytes in 88 msecs (HTTP/1.1 204) 5 headers in 199 bytes (1 switches on core 0)
2026-05-08 11:32:50.826 7 INFO placement.requestlog [req-96b027e5-bf32-4629-a1e3-8077f125d7bf req-3a446d3f-8557-4572-ab6f-0c9515f01544 4ccb34de123247caaf8470d3a2bc7072 7145cf9ea1624d19810f69a82c83264b - - 9094370dcab443228e6924c7bf619906 9094370dcab443228e6924c7bf619906] 199.204.45.89 "GET /allocations/6908bbab-01bd-4bd4-9047-cf62fc673fa8" status: 200 len: 257 microversion: 1.28 [pid: 7|app: 0|req: 319/635] 199.204.45.89 () {34 vars in 862 bytes} [Fri May 8 11:32:50 2026] GET /allocations/6908bbab-01bd-4bd4-9047-cf62fc673fa8 => generated 257 bytes in 24 msecs (HTTP/1.1 200) 8 headers in 296 bytes (1 switches on core 0)
2026-05-08 11:32:50.998 8 INFO placement.requestlog [req-96b027e5-bf32-4629-a1e3-8077f125d7bf req-05353685-528f-4eea-8efb-875a83b1b75a 4ccb34de123247caaf8470d3a2bc7072 7145cf9ea1624d19810f69a82c83264b - - 9094370dcab443228e6924c7bf619906 9094370dcab443228e6924c7bf619906] 199.204.45.89 "GET /resource_providers/d36974ec-6962-4c17-badc-70d1497001a9/allocations" status: 200 len: 252 microversion: 1.0
2026-05-08 11:32:50.998 7 INFO placement.requestlog [req-152166b7-c37f-44db-9cc0-06445ee3ca9c req-804b3b3d-49da-48e8-9097-27da263e4204 4ccb34de123247caaf8470d3a2bc7072 7145cf9ea1624d19810f69a82c83264b - - 9094370dcab443228e6924c7bf619906 9094370dcab443228e6924c7bf619906] 199.204.45.89 "GET /allocations/cefe1731-320c-42e3-a08e-7e5939f0fd2c" status: 200 len: 257 microversion: 1.28 [pid: 8|app: 0|req: 317/636] 199.204.45.89 () {32 vars in 856 bytes} [Fri May 8 11:32:50 2026] GET /resource_providers/d36974ec-6962-4c17-badc-70d1497001a9/allocations => generated 252 bytes in 30 msecs (HTTP/1.1 200) 6 headers in 224 bytes (1 switches on core 0) [pid: 7|app: 0|req: 320/637] 199.204.45.89 () {34 vars in 862 bytes} [Fri May 8 11:32:50 2026] GET /allocations/cefe1731-320c-42e3-a08e-7e5939f0fd2c => generated 257 bytes in 16 msecs (HTTP/1.1 200) 8 headers in 296 bytes (1 switches on core 0)
2026-05-08 11:32:51.025 8 INFO placement.requestlog [req-96b027e5-bf32-4629-a1e3-8077f125d7bf req-5bb1d340-c1a7-4561-a68d-cbd2e5ef7c78 4ccb34de123247caaf8470d3a2bc7072 7145cf9ea1624d19810f69a82c83264b - - 9094370dcab443228e6924c7bf619906 9094370dcab443228e6924c7bf619906] 199.204.45.89 "GET /allocations/cefe1731-320c-42e3-a08e-7e5939f0fd2c" status: 200 len: 257 microversion: 1.28 [pid: 8|app: 0|req: 318/638] 199.204.45.89 () {34 vars in 862 bytes} [Fri May 8 11:32:51 2026] GET /allocations/cefe1731-320c-42e3-a08e-7e5939f0fd2c => generated 257 bytes in 18 msecs (HTTP/1.1 200) 8 headers in 296 bytes (1 switches on core 0)
2026-05-08 11:32:51.047 7 INFO placement.requestlog [req-96b027e5-bf32-4629-a1e3-8077f125d7bf req-bc7327d2-b932-4a68-adec-9576737ca5bd 4ccb34de123247caaf8470d3a2bc7072 7145cf9ea1624d19810f69a82c83264b - - 9094370dcab443228e6924c7bf619906 9094370dcab443228e6924c7bf619906] 199.204.45.89 "GET /allocations/6908bbab-01bd-4bd4-9047-cf62fc673fa8" status: 200 len: 257 microversion: 1.28 [pid: 7|app: 0|req: 321/639] 199.204.45.89 () {34 vars in 862 bytes} [Fri May 8 11:32:51 2026] GET /allocations/6908bbab-01bd-4bd4-9047-cf62fc673fa8 => generated 257 bytes in 15 msecs (HTTP/1.1 200) 8 headers in 296 bytes (1 switches on core 0)
2026-05-08 11:32:51.241 8 INFO placement.requestlog [req-152166b7-c37f-44db-9cc0-06445ee3ca9c req-8c7a86bd-68d7-4e5f-85ce-f66c50a6ed80 4ccb34de123247caaf8470d3a2bc7072 7145cf9ea1624d19810f69a82c83264b - - 9094370dcab443228e6924c7bf619906 9094370dcab443228e6924c7bf619906] 199.204.45.89 "GET /resource_providers/d36974ec-6962-4c17-badc-70d1497001a9/allocations" status: 200 len: 252 microversion: 1.0 [pid: 8|app: 0|req: 319/640] 199.204.45.89 () {32 vars in 856 bytes} [Fri May 8 11:32:51 2026] GET /resource_providers/d36974ec-6962-4c17-badc-70d1497001a9/allocations => generated 252 bytes in 37 msecs (HTTP/1.1 200) 6 headers in 224 bytes (1 switches on core 0)
2026-05-08 11:32:51.267 7 INFO placement.requestlog [req-152166b7-c37f-44db-9cc0-06445ee3ca9c req-bc51c9d4-5004-4011-ad47-78d595251dad 4ccb34de123247caaf8470d3a2bc7072 7145cf9ea1624d19810f69a82c83264b - - 9094370dcab443228e6924c7bf619906 9094370dcab443228e6924c7bf619906] 199.204.45.89 "GET /allocations/cefe1731-320c-42e3-a08e-7e5939f0fd2c" status: 200 len: 257 microversion: 1.28 [pid: 7|app: 0|req: 322/641] 199.204.45.89 () {34 vars in 862 bytes} [Fri May 8 11:32:51 2026] GET /allocations/cefe1731-320c-42e3-a08e-7e5939f0fd2c => generated 257 bytes in 16 msecs (HTTP/1.1 200) 8 headers in 296 bytes (1 switches on core 0)
2026-05-08 11:32:51.301 8 INFO placement.requestlog [req-152166b7-c37f-44db-9cc0-06445ee3ca9c req-1c1293dc-c3fb-4ae2-aa85-61fbe0da331a 4ccb34de123247caaf8470d3a2bc7072 7145cf9ea1624d19810f69a82c83264b - - 9094370dcab443228e6924c7bf619906 9094370dcab443228e6924c7bf619906] 199.204.45.89 "GET /allocations/6908bbab-01bd-4bd4-9047-cf62fc673fa8" status: 200 len: 257 microversion: 1.28 [pid: 8|app: 0|req: 320/642] 199.204.45.89 () {34 vars in 862 bytes} [Fri May 8 11:32:51 2026] GET /allocations/6908bbab-01bd-4bd4-9047-cf62fc673fa8 => generated 257 bytes in 17 msecs (HTTP/1.1 200) 8 headers in 296 bytes (1 switches on core 0)
2026-05-08 11:32:57.216 7 INFO placement.requestlog [None req-9fe9aed3-81d2-4587-9a60-ea471e352701 daf2d5b55cd44333883101898c1d9a0c 7145cf9ea1624d19810f69a82c83264b - - 9094370dcab443228e6924c7bf619906 9094370dcab443228e6924c7bf619906] 10.0.0.3 "GET /resource_providers/4d337505-747f-44bf-b76e-70c56ce304e8/aggregates" status: 404 len: 235 microversion: 1.1 [pid: 7|app: 0|req: 323/643] 10.0.0.3 () {32 vars in 814 bytes} [Fri May 8 11:32:57 2026] GET /resource_providers/4d337505-747f-44bf-b76e-70c56ce304e8/aggregates => generated 235 bytes in 66 msecs (HTTP/1.1 404) 5 headers in 202 bytes (1 switches on core 0)
2026-05-08 11:32:57.250 7 INFO placement.requestlog [None req-625401b0-8482-4b71-86e2-4851802c3ad4 daf2d5b55cd44333883101898c1d9a0c 7145cf9ea1624d19810f69a82c83264b - - 9094370dcab443228e6924c7bf619906 9094370dcab443228e6924c7bf619906] 10.0.0.3 "DELETE /resource_providers/4d337505-747f-44bf-b76e-70c56ce304e8" status: 404 len: 246 microversion: 1.1 [pid: 7|app: 0|req: 324/644] 10.0.0.3 () {34 vars in 814 bytes} [Fri May 8 11:32:57 2026] DELETE /resource_providers/4d337505-747f-44bf-b76e-70c56ce304e8 => generated 246 bytes in 12 msecs (HTTP/1.1 404) 6 headers in 231 bytes (1 switches on core 0)
2026-05-08 11:32:57.272 8 INFO placement.requestlog [None req-22f26871-ab9b-43d0-9508-3497da2c6af6 daf2d5b55cd44333883101898c1d9a0c 7145cf9ea1624d19810f69a82c83264b - - 9094370dcab443228e6924c7bf619906 9094370dcab443228e6924c7bf619906] 10.0.0.3 "GET /resource_providers/4d337505-747f-44bf-b76e-70c56ce304e8/aggregates" status: 404 len: 235 microversion: 1.1 [pid: 8|app: 0|req: 321/645] 10.0.0.3 () {32 vars in 814 bytes} [Fri May 8 11:32:57 2026] GET /resource_providers/4d337505-747f-44bf-b76e-70c56ce304e8/aggregates => generated 235 bytes in 114 msecs (HTTP/1.1 404) 5 headers in 202 bytes (1 switches on core 0)
2026-05-08 11:32:57.294 7 INFO placement.requestlog [None req-c0f57705-cc28-46c6-ab73-4fa9f3bef7e4 daf2d5b55cd44333883101898c1d9a0c 7145cf9ea1624d19810f69a82c83264b - - 9094370dcab443228e6924c7bf619906 9094370dcab443228e6924c7bf619906] 10.0.0.3 "DELETE /resource_providers/4d337505-747f-44bf-b76e-70c56ce304e8" status: 404 len: 246 microversion: 1.1 [pid: 7|app: 0|req: 325/646] 10.0.0.3 () {34 vars in 814 bytes} [Fri May 8 11:32:57 2026] DELETE /resource_providers/4d337505-747f-44bf-b76e-70c56ce304e8 => generated 246 bytes in 11 msecs (HTTP/1.1 404) 6 headers in 231 bytes (1 switches on core 0)
2026-05-08 11:32:58.966 8 INFO placement.requestlog [None req-4ff2aca2-baf4-484e-a484-e734ee4e89cc - - - - - -] 10.0.0.227 "GET /" status: 200 len: 136 microversion: 1.0
2026-05-08 11:32:58.966 7 INFO placement.requestlog [None req-3d02e201-8964-47c7-8a93-c143c1497e80 - - - - - -] 10.0.0.227 "GET /" status: 200 len: 136 microversion: 1.0
2026-05-08 11:32:59.282 8 INFO placement.requestlog [None req-8a0030c5-f393-49d8-b1d6-d753afe1eb25 daf2d5b55cd44333883101898c1d9a0c 7145cf9ea1624d19810f69a82c83264b - - 9094370dcab443228e6924c7bf619906 9094370dcab443228e6924c7bf619906] 10.0.0.3 "GET /resource_providers/49bae7dd-82ca-4121-8e24-018f431d50e5/aggregates" status: 404 len: 235 microversion: 1.1 [pid: 8|app: 0|req: 323/649] 10.0.0.3 () {32 vars in 814 bytes} [Fri May 8 11:32:59 2026] GET /resource_providers/49bae7dd-82ca-4121-8e24-018f431d50e5/aggregates => generated 235 bytes in 15 msecs (HTTP/1.1 404) 5 headers in 202 bytes (1 switches on core 0)
2026-05-08 11:32:59.314 7 INFO placement.requestlog [None req-9724c3cd-d537-4282-824a-cc8e8f4321a8 daf2d5b55cd44333883101898c1d9a0c 7145cf9ea1624d19810f69a82c83264b - - 9094370dcab443228e6924c7bf619906 9094370dcab443228e6924c7bf619906] 10.0.0.3 "DELETE /resource_providers/49bae7dd-82ca-4121-8e24-018f431d50e5" status: 404 len: 246 microversion: 1.1 [pid: 7|app: 0|req: 327/650] 10.0.0.3 () {34 vars in 814 bytes} [Fri May 8 11:32:59 2026] DELETE /resource_providers/49bae7dd-82ca-4121-8e24-018f431d50e5 => generated 246 bytes in 18 msecs (HTTP/1.1 404) 6 headers in 231 bytes (1 switches on core 0)
2026-05-08 11:32:59.334 8 INFO placement.requestlog [None req-809610d5-7333-4a66-8b82-e2a5bcddafaa daf2d5b55cd44333883101898c1d9a0c 7145cf9ea1624d19810f69a82c83264b - - 9094370dcab443228e6924c7bf619906 9094370dcab443228e6924c7bf619906] 10.0.0.3 "GET /resource_providers/49bae7dd-82ca-4121-8e24-018f431d50e5/aggregates" status: 404 len: 235 microversion: 1.1 [pid: 8|app: 0|req: 324/651] 10.0.0.3 () {32 vars in 814 bytes} [Fri May 8 11:32:59 2026] GET /resource_providers/49bae7dd-82ca-4121-8e24-018f431d50e5/aggregates => generated 235 bytes in 21 msecs (HTTP/1.1 404) 5 headers in 202 bytes (1 switches on core 0)
2026-05-08 11:32:59.358 7 INFO placement.requestlog [None req-efcdfc39-c3f1-4fb7-af6f-5faf701b2c6a daf2d5b55cd44333883101898c1d9a0c 7145cf9ea1624d19810f69a82c83264b - - 9094370dcab443228e6924c7bf619906 9094370dcab443228e6924c7bf619906] 10.0.0.3 "DELETE /resource_providers/49bae7dd-82ca-4121-8e24-018f431d50e5" status: 404 len: 246 microversion: 1.1 [pid: 7|app: 0|req: 328/652] 10.0.0.3 () {34 vars in 814 bytes} [Fri May 8 11:32:59 2026] DELETE /resource_providers/49bae7dd-82ca-4121-8e24-018f431d50e5 => generated 246 bytes in 14 msecs (HTTP/1.1 404) 6 headers in 231 bytes (1 switches on core 0)
2026-05-08 11:33:01.340 8 INFO placement.requestlog [None req-b04f3202-449f-4325-9fa4-6c04022659a2 daf2d5b55cd44333883101898c1d9a0c 7145cf9ea1624d19810f69a82c83264b - - 9094370dcab443228e6924c7bf619906 9094370dcab443228e6924c7bf619906] 10.0.0.3 "GET /resource_providers/aeac1042-48df-413f-915c-b65ac7c151e5/aggregates" status: 404 len: 235 microversion: 1.1 [pid: 8|app: 0|req: 325/653] 10.0.0.3 () {32 vars in 814 bytes} [Fri May 8 11:33:01 2026] GET /resource_providers/aeac1042-48df-413f-915c-b65ac7c151e5/aggregates => generated 235 bytes in 13 msecs (HTTP/1.1 404) 5 headers in 202 bytes (1 switches on core 0)
2026-05-08 11:33:01.364 7 INFO placement.requestlog [None req-21ce1060-e67d-460d-abf7-4599ba51defe daf2d5b55cd44333883101898c1d9a0c 7145cf9ea1624d19810f69a82c83264b - - 9094370dcab443228e6924c7bf619906 9094370dcab443228e6924c7bf619906] 10.0.0.3 "DELETE /resource_providers/aeac1042-48df-413f-915c-b65ac7c151e5" status: 404 len: 246 microversion: 1.1 [pid: 7|app: 0|req: 329/654] 10.0.0.3 () {34 vars in 814 bytes} [Fri May 8 11:33:01 2026] DELETE /resource_providers/aeac1042-48df-413f-915c-b65ac7c151e5 => generated 246 bytes in 14 msecs (HTTP/1.1 404) 6 headers in 231 bytes (1 switches on core 0)
2026-05-08 11:33:01.411 8 INFO placement.requestlog [None req-0bce96c2-730a-4f73-88c1-d24add89402a daf2d5b55cd44333883101898c1d9a0c 7145cf9ea1624d19810f69a82c83264b - - 9094370dcab443228e6924c7bf619906 9094370dcab443228e6924c7bf619906] 10.0.0.3 "GET /resource_providers/aeac1042-48df-413f-915c-b65ac7c151e5/aggregates" status: 404 len: 235 microversion: 1.1 [pid: 8|app: 0|req: 326/655] 10.0.0.3 () {32 vars in 814 bytes} [Fri May 8 11:33:01 2026] GET /resource_providers/aeac1042-48df-413f-915c-b65ac7c151e5/aggregates => generated 235 bytes in 24 msecs (HTTP/1.1 404) 5 headers in 202 bytes (1 switches on core 0)
2026-05-08 11:33:01.413 7 INFO placement.requestlog [None req-a7e12a39-7d9f-46c7-b8d7-ca0000abe3a4 daf2d5b55cd44333883101898c1d9a0c 7145cf9ea1624d19810f69a82c83264b - - 9094370dcab443228e6924c7bf619906 9094370dcab443228e6924c7bf619906] 10.0.0.3 "GET /resource_providers/938abdc6-7e92-47e9-a324-b11dc3124831/aggregates" status: 404 len: 235 microversion: 1.1 [pid: 7|app: 0|req: 330/656] 10.0.0.3 () {32 vars in 814 bytes} [Fri May 8 11:33:01 2026] GET /resource_providers/938abdc6-7e92-47e9-a324-b11dc3124831/aggregates => generated 235 bytes in 24 msecs (HTTP/1.1 404) 5 headers in 202 bytes (1 switches on core 0)
2026-05-08 11:33:01.433 8 INFO placement.requestlog [None req-184e875b-5c30-44ca-a2a1-0d71b79a9371 daf2d5b55cd44333883101898c1d9a0c 7145cf9ea1624d19810f69a82c83264b - - 9094370dcab443228e6924c7bf619906 9094370dcab443228e6924c7bf619906] 10.0.0.3 "DELETE /resource_providers/aeac1042-48df-413f-915c-b65ac7c151e5" status: 404 len: 246 microversion: 1.1 [pid: 8|app: 0|req: 327/657] 10.0.0.3 () {34 vars in 814 bytes} [Fri May 8 11:33:01 2026] DELETE /resource_providers/aeac1042-48df-413f-915c-b65ac7c151e5 => generated 246 bytes in 14 msecs (HTTP/1.1 404) 6 headers in 231 bytes (1 switches on core 0)
2026-05-08 11:33:01.439 7 INFO placement.requestlog [None req-0f34dfab-bf60-442d-b97e-03fd32fa87c4 daf2d5b55cd44333883101898c1d9a0c 7145cf9ea1624d19810f69a82c83264b - - 9094370dcab443228e6924c7bf619906 9094370dcab443228e6924c7bf619906] 10.0.0.3 "DELETE /resource_providers/938abdc6-7e92-47e9-a324-b11dc3124831" status: 404 len: 246 microversion: 1.1 [pid: 7|app: 0|req: 331/658] 10.0.0.3 () {34 vars in 814 bytes} [Fri May 8 11:33:01 2026] DELETE /resource_providers/938abdc6-7e92-47e9-a324-b11dc3124831 => generated 246 bytes in 17 msecs (HTTP/1.1 404) 6 headers in 231 bytes (1 switches on core 0)
2026-05-08 11:33:01.452 8 INFO placement.requestlog [None req-6d166bc0-34c3-4efb-ab94-fa20be8c0353 daf2d5b55cd44333883101898c1d9a0c 7145cf9ea1624d19810f69a82c83264b - - 9094370dcab443228e6924c7bf619906 9094370dcab443228e6924c7bf619906] 10.0.0.3 "GET /resource_providers/938abdc6-7e92-47e9-a324-b11dc3124831/aggregates" status: 404 len: 235 microversion: 1.1 [pid: 8|app: 0|req: 328/659] 10.0.0.3 () {32 vars in 814 bytes} [Fri May 8 11:33:01 2026] GET /resource_providers/938abdc6-7e92-47e9-a324-b11dc3124831/aggregates => generated 235 bytes in 9 msecs (HTTP/1.1 404) 5 headers in 202 bytes (1 switches on core 0)
2026-05-08 11:33:01.477 7 INFO placement.requestlog [None req-8e18e36e-107a-484a-9cc2-aa6fb7f89c5c daf2d5b55cd44333883101898c1d9a0c 7145cf9ea1624d19810f69a82c83264b - - 9094370dcab443228e6924c7bf619906 9094370dcab443228e6924c7bf619906] 10.0.0.3 "DELETE /resource_providers/938abdc6-7e92-47e9-a324-b11dc3124831" status: 404 len: 246 microversion: 1.1 [pid: 7|app: 0|req: 332/660] 10.0.0.3 () {34 vars in 814 bytes} [Fri May 8 11:33:01 2026] DELETE /resource_providers/938abdc6-7e92-47e9-a324-b11dc3124831 => generated 246 bytes in 18 msecs (HTTP/1.1 404) 6 headers in 231 bytes (1 switches on core 0)
2026-05-08 11:33:07.347 8 INFO placement.requestlog [req-b5bf1d96-f616-4498-a13a-bd43fe89cdf3 req-39c0c71a-4397-4c94-b3d6-c887b25d88f0 4ccb34de123247caaf8470d3a2bc7072 7145cf9ea1624d19810f69a82c83264b - - 9094370dcab443228e6924c7bf619906 9094370dcab443228e6924c7bf619906] 199.204.45.89 "GET /resource_providers/d36974ec-6962-4c17-badc-70d1497001a9/allocations" status: 200 len: 252 microversion: 1.0 [pid: 8|app: 0|req: 329/661] 199.204.45.89 () {32 vars in 856 bytes} [Fri May 8 11:33:07 2026] GET /resource_providers/d36974ec-6962-4c17-badc-70d1497001a9/allocations => generated 252 bytes in 35 msecs (HTTP/1.1 200) 6 headers in 224 bytes (1 switches on core 0)
2026-05-08 11:33:07.381 7 INFO placement.requestlog [req-b5bf1d96-f616-4498-a13a-bd43fe89cdf3 req-2ad2e56e-0fb3-45db-ad0a-cc5b810d6e9b 4ccb34de123247caaf8470d3a2bc7072 7145cf9ea1624d19810f69a82c83264b - - 9094370dcab443228e6924c7bf619906 9094370dcab443228e6924c7bf619906] 199.204.45.89 "GET /allocations/cefe1731-320c-42e3-a08e-7e5939f0fd2c" status: 200 len: 257 microversion: 1.28 [pid: 7|app: 0|req: 333/662] 199.204.45.89 () {34 vars in 862 bytes} [Fri May 8 11:33:07 2026] GET /allocations/cefe1731-320c-42e3-a08e-7e5939f0fd2c => generated 257 bytes in 23 msecs (HTTP/1.1 200) 8 headers in 296 bytes (1 switches on core 0)
2026-05-08 11:33:07.429 8 INFO placement.requestlog [req-b5bf1d96-f616-4498-a13a-bd43fe89cdf3 req-522232cd-804c-42a0-bddf-1a1ecc1318ba 4ccb34de123247caaf8470d3a2bc7072 7145cf9ea1624d19810f69a82c83264b - - 9094370dcab443228e6924c7bf619906 9094370dcab443228e6924c7bf619906] 199.204.45.89 "GET /allocations/6908bbab-01bd-4bd4-9047-cf62fc673fa8" status: 200 len: 257 microversion: 1.28 [pid: 8|app: 0|req: 330/663] 199.204.45.89 () {34 vars in 862 bytes} [Fri May 8 11:33:07 2026] GET /allocations/6908bbab-01bd-4bd4-9047-cf62fc673fa8 => generated 257 bytes in 37 msecs (HTTP/1.1 200) 8 headers in 296 bytes (1 switches on core 0)
2026-05-08 11:33:07.545 7 INFO placement.requestlog [req-b5bf1d96-f616-4498-a13a-bd43fe89cdf3 req-286dbfa0-5b0a-4730-9b66-b99cc826cc03 4ccb34de123247caaf8470d3a2bc7072 7145cf9ea1624d19810f69a82c83264b - - 9094370dcab443228e6924c7bf619906 9094370dcab443228e6924c7bf619906] 199.204.45.89 "DELETE /allocations/6908bbab-01bd-4bd4-9047-cf62fc673fa8" status: 204 len: 0 microversion: 1.0 [pid: 7|app: 0|req: 334/664] 199.204.45.89 () {34 vars in 840 bytes} [Fri May 8 11:33:07 2026] DELETE /allocations/6908bbab-01bd-4bd4-9047-cf62fc673fa8 => generated 0 bytes in 44 msecs (HTTP/1.1 204) 5 headers in 198 bytes (1 switches on core 0)
2026-05-08 11:33:08.970 8 INFO placement.requestlog [None req-3416ac7e-dca6-4ca2-9dea-ae3dca6dee20 - - - - - -] 10.0.0.227 "GET /" status: 200 len: 136 microversion: 1.0
2026-05-08 11:33:08.970 7 INFO placement.requestlog [None req-00167f99-e2d2-4fdd-81ac-9eccc7556e81 - - - - - -] 10.0.0.227 "GET /" status: 200 len: 136 microversion: 1.0
2026-05-08 11:33:10.485 8 INFO placement.requestlog [req-2e9ec1fa-c1bb-43c8-b696-803fd218898b req-dda52b1c-a386-4c22-b63c-5e7a6cbafea4 4ccb34de123247caaf8470d3a2bc7072 7145cf9ea1624d19810f69a82c83264b - - 9094370dcab443228e6924c7bf619906 9094370dcab443228e6924c7bf619906] 10.0.0.188 "GET /allocation_candidates?limit=1000&resources=DISK_GB%3A1%2CMEMORY_MB%3A512%2CVCPU%3A1&root_required=%21COMPUTE_STATUS_DISABLED" status: 200 len: 2149 microversion: 1.36 [pid: 8|app: 0|req: 332/667] 10.0.0.188 () {34 vars in 1012 bytes} [Fri May 8 11:33:10 2026] GET /allocation_candidates?limit=1000&resources=DISK_GB%3A1%2CMEMORY_MB%3A512%2CVCPU%3A1&root_required=%21COMPUTE_STATUS_DISABLED => generated 2149 bytes in 63 msecs (HTTP/1.1 200) 8 headers in 297 bytes (1 switches on core 0)
2026-05-08 11:33:10.535 7 INFO placement.requestlog [req-2e9ec1fa-c1bb-43c8-b696-803fd218898b req-115aaf25-3c4b-4910-93b0-f9cfbd92d3d0 4ccb34de123247caaf8470d3a2bc7072 7145cf9ea1624d19810f69a82c83264b - - 9094370dcab443228e6924c7bf619906 9094370dcab443228e6924c7bf619906] 10.0.0.188 "GET /allocations/c6a7352c-404c-4f95-b8eb-6a526f254d7b" status: 200 len: 19 microversion: 1.28 [pid: 7|app: 0|req: 336/668] 10.0.0.188 () {34 vars in 861 bytes} [Fri May 8 11:33:10 2026] GET /allocations/c6a7352c-404c-4f95-b8eb-6a526f254d7b => generated 19 bytes in 19 msecs (HTTP/1.1 200) 8 headers in 295 bytes (1 switches on core 0)
2026-05-08 11:33:10.626 8 INFO placement.requestlog [req-2e9ec1fa-c1bb-43c8-b696-803fd218898b req-0eabe347-d804-4e66-b77c-19620a6b7be9 4ccb34de123247caaf8470d3a2bc7072 7145cf9ea1624d19810f69a82c83264b - - 9094370dcab443228e6924c7bf619906 9094370dcab443228e6924c7bf619906] 10.0.0.188 "PUT /allocations/c6a7352c-404c-4f95-b8eb-6a526f254d7b" status: 204 len: 0 microversion: 1.36 [pid: 8|app: 0|req: 333/669] 10.0.0.188 () {38 vars in 914 bytes} [Fri May 8 11:33:10 2026] PUT /allocations/c6a7352c-404c-4f95-b8eb-6a526f254d7b => generated 0 bytes in 77 msecs (HTTP/1.1 204) 5 headers in 199 bytes (1 switches on core 0)
2026-05-08 11:33:10.981 7 INFO placement.requestlog [req-2e9ec1fa-c1bb-43c8-b696-803fd218898b req-d88230c1-f166-4fa1-81f9-f54c7419dc7d 4ccb34de123247caaf8470d3a2bc7072 7145cf9ea1624d19810f69a82c83264b - - 9094370dcab443228e6924c7bf619906 9094370dcab443228e6924c7bf619906] 199.204.45.89 "GET /allocations/c6a7352c-404c-4f95-b8eb-6a526f254d7b" status: 200 len: 257 microversion: 1.28 [pid: 7|app: 0|req: 337/670] 199.204.45.89 () {34 vars in 862 bytes} [Fri May 8 11:33:10 2026] GET /allocations/c6a7352c-404c-4f95-b8eb-6a526f254d7b => generated 257 bytes in 23 msecs (HTTP/1.1 200) 8 headers in 296 bytes (1 switches on core 0)
2026-05-08 11:33:11.129 8 INFO placement.requestlog [req-2e9ec1fa-c1bb-43c8-b696-803fd218898b req-dfb145e9-06f3-4981-8d89-92af0f1ee87a 4ccb34de123247caaf8470d3a2bc7072 7145cf9ea1624d19810f69a82c83264b - - 9094370dcab443228e6924c7bf619906 9094370dcab443228e6924c7bf619906] 199.204.45.89 "GET /resource_providers/d36974ec-6962-4c17-badc-70d1497001a9/allocations" status: 200 len: 252 microversion: 1.0 [pid: 8|app: 0|req: 334/671] 199.204.45.89 () {32 vars in 856 bytes} [Fri May 8 11:33:11 2026] GET /resource_providers/d36974ec-6962-4c17-badc-70d1497001a9/allocations => generated 252 bytes in 35 msecs (HTTP/1.1 200) 6 headers in 224 bytes (1 switches on core 0)
2026-05-08 11:33:11.158 7 INFO placement.requestlog [req-2e9ec1fa-c1bb-43c8-b696-803fd218898b req-f41727af-a3ec-44dc-b2c4-3af91e85827a 4ccb34de123247caaf8470d3a2bc7072 7145cf9ea1624d19810f69a82c83264b - - 9094370dcab443228e6924c7bf619906 9094370dcab443228e6924c7bf619906] 199.204.45.89 "GET /allocations/cefe1731-320c-42e3-a08e-7e5939f0fd2c" status: 200 len: 257 microversion: 1.28 [pid: 7|app: 0|req: 338/672] 199.204.45.89 () {34 vars in 862 bytes} [Fri May 8 11:33:11 2026] GET /allocations/cefe1731-320c-42e3-a08e-7e5939f0fd2c => generated 257 bytes in 20 msecs (HTTP/1.1 200) 8 headers in 296 bytes (1 switches on core 0)
2026-05-08 11:33:11.189 8 INFO placement.requestlog [req-2e9ec1fa-c1bb-43c8-b696-803fd218898b req-8e9bacd3-c7fa-4efc-80ea-e996b674c82f 4ccb34de123247caaf8470d3a2bc7072 7145cf9ea1624d19810f69a82c83264b - - 9094370dcab443228e6924c7bf619906 9094370dcab443228e6924c7bf619906] 199.204.45.89 "GET /allocations/c6a7352c-404c-4f95-b8eb-6a526f254d7b" status: 200 len: 257 microversion: 1.28 [pid: 8|app: 0|req: 335/673] 199.204.45.89 () {34 vars in 862 bytes} [Fri May 8 11:33:11 2026] GET /allocations/c6a7352c-404c-4f95-b8eb-6a526f254d7b => generated 257 bytes in 21 msecs (HTTP/1.1 200) 8 headers in 296 bytes (1 switches on core 0)
2026-05-08 11:33:11.239 7 INFO placement.requestlog [None req-de24f8dd-86bc-4d0e-b2cf-c7b40f8874b5 daf2d5b55cd44333883101898c1d9a0c 7145cf9ea1624d19810f69a82c83264b - - 9094370dcab443228e6924c7bf619906 9094370dcab443228e6924c7bf619906] 10.0.0.3 "GET /resource_providers/59e43b9b-93e3-41c1-a05c-e81cdb3c8888/aggregates" status: 404 len: 235 microversion: 1.1
2026-05-08 11:33:11.240 8 INFO placement.requestlog [None req-dce20693-622f-4ceb-a5e6-e17cc735d0af daf2d5b55cd44333883101898c1d9a0c 7145cf9ea1624d19810f69a82c83264b - - 9094370dcab443228e6924c7bf619906 9094370dcab443228e6924c7bf619906] 10.0.0.3 "GET /resource_providers/59e43b9b-93e3-41c1-a05c-e81cdb3c8888/aggregates" status: 404 len: 235 microversion: 1.1 [pid: 8|app: 0|req: 336/674] 10.0.0.3 () {32 vars in 814 bytes} [Fri May 8 11:33:11 2026] GET /resource_providers/59e43b9b-93e3-41c1-a05c-e81cdb3c8888/aggregates => generated 235 bytes in 16 msecs (HTTP/1.1 404) 5 headers in 202 bytes (1 switches on core 0) [pid: 7|app: 0|req: 339/675] 10.0.0.3 () {32 vars in 814 bytes} [Fri May 8 11:33:11 2026] GET /resource_providers/59e43b9b-93e3-41c1-a05c-e81cdb3c8888/aggregates => generated 235 bytes in 26 msecs (HTTP/1.1 404) 5 headers in 202 bytes (1 switches on core 0)
2026-05-08 11:33:11.262 8 INFO placement.requestlog [None req-1615791e-8a34-491f-b22d-9fc5e7b36a50 daf2d5b55cd44333883101898c1d9a0c 7145cf9ea1624d19810f69a82c83264b - - 9094370dcab443228e6924c7bf619906 9094370dcab443228e6924c7bf619906] 10.0.0.3 "DELETE /resource_providers/59e43b9b-93e3-41c1-a05c-e81cdb3c8888" status: 404 len: 246 microversion: 1.1 [pid: 8|app: 0|req: 337/676] 10.0.0.3 () {34 vars in 814 bytes} [Fri May 8 11:33:11 2026] DELETE /resource_providers/59e43b9b-93e3-41c1-a05c-e81cdb3c8888 => generated 246 bytes in 13 msecs (HTTP/1.1 404) 6 headers in 231 bytes (1 switches on core 0)
2026-05-08 11:33:11.274 7 INFO placement.requestlog [None req-4eac6b61-e817-421a-bae0-ce6de8d61dcb daf2d5b55cd44333883101898c1d9a0c 7145cf9ea1624d19810f69a82c83264b - - 9094370dcab443228e6924c7bf619906 9094370dcab443228e6924c7bf619906] 10.0.0.3 "DELETE /resource_providers/59e43b9b-93e3-41c1-a05c-e81cdb3c8888" status: 404 len: 246 microversion: 1.1 [pid: 7|app: 0|req: 340/677] 10.0.0.3 () {34 vars in 814 bytes} [Fri May 8 11:33:11 2026] DELETE /resource_providers/59e43b9b-93e3-41c1-a05c-e81cdb3c8888 => generated 246 bytes in 13 msecs (HTTP/1.1 404) 6 headers in 231 bytes (1 switches on core 0)
2026-05-08 11:33:12.681 8 INFO placement.requestlog [None req-471d3a46-c896-490c-9de0-9861583bb5bd daf2d5b55cd44333883101898c1d9a0c 7145cf9ea1624d19810f69a82c83264b - - 9094370dcab443228e6924c7bf619906 9094370dcab443228e6924c7bf619906] 10.0.0.3 "GET /resource_providers/45748f29-92bc-4d3d-9c76-cbf71aaed0ec/aggregates" status: 404 len: 235 microversion: 1.1 [pid: 8|app: 0|req: 338/678] 10.0.0.3 () {32 vars in 814 bytes} [Fri May 8 11:33:12 2026] GET /resource_providers/45748f29-92bc-4d3d-9c76-cbf71aaed0ec/aggregates => generated 235 bytes in 166 msecs (HTTP/1.1 404) 5 headers in 202 bytes (1 switches on core 0)
2026-05-08 11:33:12.720 8 INFO placement.requestlog [None req-2aded64d-0857-4d88-ac2a-188cd7ff0937 daf2d5b55cd44333883101898c1d9a0c 7145cf9ea1624d19810f69a82c83264b - - 9094370dcab443228e6924c7bf619906 9094370dcab443228e6924c7bf619906] 10.0.0.3 "DELETE /resource_providers/45748f29-92bc-4d3d-9c76-cbf71aaed0ec" status: 404 len: 246 microversion: 1.1 [pid: 8|app: 0|req: 339/679] 10.0.0.3 () {34 vars in 814 bytes} [Fri May 8 11:33:12 2026] DELETE /resource_providers/45748f29-92bc-4d3d-9c76-cbf71aaed0ec => generated 246 bytes in 10 msecs (HTTP/1.1 404) 6 headers in 231 bytes (1 switches on core 0)
2026-05-08 11:33:12.724 7 INFO placement.requestlog [None req-1a1b206b-803c-40db-93b7-ecdacbb0bc71 daf2d5b55cd44333883101898c1d9a0c 7145cf9ea1624d19810f69a82c83264b - - 9094370dcab443228e6924c7bf619906 9094370dcab443228e6924c7bf619906] 10.0.0.3 "GET /resource_providers/45748f29-92bc-4d3d-9c76-cbf71aaed0ec/aggregates" status: 404 len: 235 microversion: 1.1 [pid: 7|app: 0|req: 341/680] 10.0.0.3 () {32 vars in 814 bytes} [Fri May 8 11:33:12 2026] GET /resource_providers/45748f29-92bc-4d3d-9c76-cbf71aaed0ec/aggregates => generated 235 bytes in 159 msecs (HTTP/1.1 404) 5 headers in 202 bytes (1 switches on core 0)
2026-05-08 11:33:12.751 8 INFO placement.requestlog [None req-2e0b0f5c-0eaf-4bba-b7f6-a88f2960fbae daf2d5b55cd44333883101898c1d9a0c 7145cf9ea1624d19810f69a82c83264b - - 9094370dcab443228e6924c7bf619906 9094370dcab443228e6924c7bf619906] 10.0.0.3 "DELETE /resource_providers/45748f29-92bc-4d3d-9c76-cbf71aaed0ec" status: 404 len: 246 microversion: 1.1 [pid: 8|app: 0|req: 340/681] 10.0.0.3 () {34 vars in 814 bytes} [Fri May 8 11:33:12 2026] DELETE /resource_providers/45748f29-92bc-4d3d-9c76-cbf71aaed0ec => generated 246 bytes in 20 msecs (HTTP/1.1 404) 6 headers in 231 bytes (1 switches on core 0)
2026-05-08 11:33:13.250 7 INFO placement.requestlog [req-6d905db5-2396-4624-adac-a9cc1bfb7583 req-b23504bf-9d45-414a-a8e7-ee6a9bc6b98b 4ccb34de123247caaf8470d3a2bc7072 7145cf9ea1624d19810f69a82c83264b - - 9094370dcab443228e6924c7bf619906 9094370dcab443228e6924c7bf619906] 10.0.0.188 "GET /allocation_candidates?limit=1000&resources=DISK_GB%3A1%2CMEMORY_MB%3A512%2CVCPU%3A1&root_required=%21COMPUTE_STATUS_DISABLED" status: 200 len: 2150 microversion: 1.36 [pid: 7|app: 0|req: 342/682] 10.0.0.188 () {34 vars in 1012 bytes} [Fri May 8 11:33:13 2026] GET /allocation_candidates?limit=1000&resources=DISK_GB%3A1%2CMEMORY_MB%3A512%2CVCPU%3A1&root_required=%21COMPUTE_STATUS_DISABLED => generated 2150 bytes in 62 msecs (HTTP/1.1 200) 8 headers in 297 bytes (1 switches on core 0)
2026-05-08 11:33:13.290 8 INFO placement.requestlog [req-6d905db5-2396-4624-adac-a9cc1bfb7583 req-69385f6a-d779-4618-b817-2362350dee7a 4ccb34de123247caaf8470d3a2bc7072 7145cf9ea1624d19810f69a82c83264b - - 9094370dcab443228e6924c7bf619906 9094370dcab443228e6924c7bf619906] 10.0.0.188 "GET /allocations/df0d7e32-1c94-4203-9859-5f7d133acd17" status: 200 len: 19 microversion: 1.28 [pid: 8|app: 0|req: 341/683] 10.0.0.188 () {34 vars in 861 bytes} [Fri May 8 11:33:13 2026] GET /allocations/df0d7e32-1c94-4203-9859-5f7d133acd17 => generated 19 bytes in 13 msecs (HTTP/1.1 200) 8 headers in 295 bytes (1 switches on core 0)
2026-05-08 11:33:13.371 7 INFO placement.requestlog [req-6d905db5-2396-4624-adac-a9cc1bfb7583 req-48d80814-1471-4b60-9341-3f336026447b 4ccb34de123247caaf8470d3a2bc7072 7145cf9ea1624d19810f69a82c83264b - - 9094370dcab443228e6924c7bf619906 9094370dcab443228e6924c7bf619906] 10.0.0.188 "PUT /allocations/df0d7e32-1c94-4203-9859-5f7d133acd17" status: 204 len: 0 microversion: 1.36 [pid: 7|app: 0|req: 343/684] 10.0.0.188 () {38 vars in 914 bytes} [Fri May 8 11:33:13 2026] PUT /allocations/df0d7e32-1c94-4203-9859-5f7d133acd17 => generated 0 bytes in 73 msecs (HTTP/1.1 204) 5 headers in 199 bytes (1 switches on core 0)
2026-05-08 11:33:13.850 8 INFO placement.requestlog [req-6d905db5-2396-4624-adac-a9cc1bfb7583 req-451dbf80-ee87-4416-b952-fc63d338f5b4 4ccb34de123247caaf8470d3a2bc7072 7145cf9ea1624d19810f69a82c83264b - - 9094370dcab443228e6924c7bf619906 9094370dcab443228e6924c7bf619906] 199.204.45.89 "GET /allocations/df0d7e32-1c94-4203-9859-5f7d133acd17" status: 200 len: 257 microversion: 1.28 [pid: 8|app: 0|req: 342/685] 199.204.45.89 () {34 vars in 862 bytes} [Fri May 8 11:33:13 2026] GET /allocations/df0d7e32-1c94-4203-9859-5f7d133acd17 => generated 257 bytes in 17 msecs (HTTP/1.1 200) 8 headers in 296 bytes (1 switches on core 0)
2026-05-08 11:33:14.006 7 INFO placement.requestlog [req-6d905db5-2396-4624-adac-a9cc1bfb7583 req-1fa53d2d-ec33-47c2-ad72-7b060b6ee122 4ccb34de123247caaf8470d3a2bc7072 7145cf9ea1624d19810f69a82c83264b - - 9094370dcab443228e6924c7bf619906 9094370dcab443228e6924c7bf619906] 199.204.45.89 "GET /resource_providers/d36974ec-6962-4c17-badc-70d1497001a9/allocations" status: 200 len: 352 microversion: 1.0 [pid: 7|app: 0|req: 344/686] 199.204.45.89 () {32 vars in 856 bytes} [Fri May 8 11:33:13 2026] GET /resource_providers/d36974ec-6962-4c17-badc-70d1497001a9/allocations => generated 352 bytes in 43 msecs (HTTP/1.1 200) 6 headers in 224 bytes (1 switches on core 0)
2026-05-08 11:33:14.049 8 INFO placement.requestlog [req-6d905db5-2396-4624-adac-a9cc1bfb7583 req-8c3c7e62-0fde-452f-a040-0f1b1f59c01c 4ccb34de123247caaf8470d3a2bc7072 7145cf9ea1624d19810f69a82c83264b - - 9094370dcab443228e6924c7bf619906 9094370dcab443228e6924c7bf619906] 199.204.45.89 "GET /allocations/cefe1731-320c-42e3-a08e-7e5939f0fd2c" status: 200 len: 257 microversion: 1.28 [pid: 8|app: 0|req: 343/687] 199.204.45.89 () {34 vars in 862 bytes} [Fri May 8 11:33:14 2026] GET /allocations/cefe1731-320c-42e3-a08e-7e5939f0fd2c => generated 257 bytes in 33 msecs (HTTP/1.1 200) 8 headers in 296 bytes (1 switches on core 0)
2026-05-08 11:33:14.078 7 INFO placement.requestlog [req-6d905db5-2396-4624-adac-a9cc1bfb7583 req-30ef8820-2667-4c20-a67a-4352c67dada0 4ccb34de123247caaf8470d3a2bc7072 7145cf9ea1624d19810f69a82c83264b - - 9094370dcab443228e6924c7bf619906 9094370dcab443228e6924c7bf619906] 199.204.45.89 "GET /allocations/c6a7352c-404c-4f95-b8eb-6a526f254d7b" status: 200 len: 257 microversion: 1.28 [pid: 7|app: 0|req: 345/688] 199.204.45.89 () {34 vars in 862 bytes} [Fri May 8 11:33:14 2026] GET /allocations/c6a7352c-404c-4f95-b8eb-6a526f254d7b => generated 257 bytes in 22 msecs (HTTP/1.1 200) 8 headers in 296 bytes (1 switches on core 0)
2026-05-08 11:33:14.102 8 INFO placement.requestlog [req-6d905db5-2396-4624-adac-a9cc1bfb7583 req-0d4ac09f-94a4-42f0-9c70-3b8f3f9f9138 4ccb34de123247caaf8470d3a2bc7072 7145cf9ea1624d19810f69a82c83264b - - 9094370dcab443228e6924c7bf619906 9094370dcab443228e6924c7bf619906] 199.204.45.89 "GET /allocations/df0d7e32-1c94-4203-9859-5f7d133acd17" status: 200 len: 257 microversion: 1.28 [pid: 8|app: 0|req: 344/689] 199.204.45.89 () {34 vars in 862 bytes} [Fri May 8 11:33:14 2026] GET /allocations/df0d7e32-1c94-4203-9859-5f7d133acd17 => generated 257 bytes in 15 msecs (HTTP/1.1 200) 8 headers in 296 bytes (1 switches on core 0)
2026-05-08 11:33:18.966 8 INFO placement.requestlog [None req-f27f72cd-3b86-41c9-b6b4-01b550e0640e - - - - - -] 10.0.0.227 "GET /" status: 200 len: 136 microversion: 1.0
2026-05-08 11:33:18.967 7 INFO placement.requestlog [None req-1d250f74-4202-4bfe-a5de-cf2b3379318c - - - - - -] 10.0.0.227 "GET /" status: 200 len: 136 microversion: 1.0
