2026-05-08 11:37:40.256 7 INFO placement.requestlog [None req-081bcbdd-7243-4188-9615-a1fee096eaa4 daf2d5b55cd44333883101898c1d9a0c 7145cf9ea1624d19810f69a82c83264b - - 9094370dcab443228e6924c7bf619906 9094370dcab443228e6924c7bf619906] 10.0.0.3 "GET /resource_providers/40f943e5-e6d0-4146-b6dd-84631fe75c77/aggregates" status: 404 len: 235 microversion: 1.1 [pid: 7|app: 0|req: 606/1212] 10.0.0.3 () {32 vars in 814 bytes} [Fri May 8 11:37:40 2026] GET /resource_providers/40f943e5-e6d0-4146-b6dd-84631fe75c77/aggregates => generated 235 bytes in 11 msecs (HTTP/1.1 404) 5 headers in 202 bytes (1 switches on core 0)
2026-05-08 11:37:40.258 8 INFO placement.requestlog [None req-d66bcd46-c708-4f7e-b8e5-f002907d6207 daf2d5b55cd44333883101898c1d9a0c 7145cf9ea1624d19810f69a82c83264b - - 9094370dcab443228e6924c7bf619906 9094370dcab443228e6924c7bf619906] 10.0.0.3 "GET /resource_providers/40f943e5-e6d0-4146-b6dd-84631fe75c77/aggregates" status: 404 len: 235 microversion: 1.1 [pid: 8|app: 0|req: 607/1213] 10.0.0.3 () {32 vars in 814 bytes} [Fri May 8 11:37:40 2026] GET /resource_providers/40f943e5-e6d0-4146-b6dd-84631fe75c77/aggregates => generated 235 bytes in 13 msecs (HTTP/1.1 404) 5 headers in 202 bytes (1 switches on core 0)
2026-05-08 11:37:40.276 7 INFO placement.requestlog [None req-ed9a6686-04f6-406f-b231-4f103facb500 daf2d5b55cd44333883101898c1d9a0c 7145cf9ea1624d19810f69a82c83264b - - 9094370dcab443228e6924c7bf619906 9094370dcab443228e6924c7bf619906] 10.0.0.3 "DELETE /resource_providers/40f943e5-e6d0-4146-b6dd-84631fe75c77" status: 404 len: 246 microversion: 1.1 [pid: 7|app: 0|req: 607/1214] 10.0.0.3 () {34 vars in 814 bytes} [Fri May 8 11:37:40 2026] DELETE /resource_providers/40f943e5-e6d0-4146-b6dd-84631fe75c77 => generated 246 bytes in 11 msecs (HTTP/1.1 404) 6 headers in 231 bytes (1 switches on core 0)
2026-05-08 11:37:40.289 8 INFO placement.requestlog [None req-f60bf28c-3cc1-4b6b-9e56-96961342de1f daf2d5b55cd44333883101898c1d9a0c 7145cf9ea1624d19810f69a82c83264b - - 9094370dcab443228e6924c7bf619906 9094370dcab443228e6924c7bf619906] 10.0.0.3 "DELETE /resource_providers/40f943e5-e6d0-4146-b6dd-84631fe75c77" status: 404 len: 246 microversion: 1.1 [pid: 8|app: 0|req: 608/1215] 10.0.0.3 () {34 vars in 814 bytes} [Fri May 8 11:37:40 2026] DELETE /resource_providers/40f943e5-e6d0-4146-b6dd-84631fe75c77 => generated 246 bytes in 15 msecs (HTTP/1.1 404) 6 headers in 231 bytes (1 switches on core 0)
2026-05-08 11:37:40.939 7 INFO placement.requestlog [None req-c4b5dd80-69e5-45b7-aaff-eb4000a6983f daf2d5b55cd44333883101898c1d9a0c 7145cf9ea1624d19810f69a82c83264b - - 9094370dcab443228e6924c7bf619906 9094370dcab443228e6924c7bf619906] 10.0.0.3 "GET /resource_providers/c0368271-40c5-4059-9109-94a90e2a9c79/aggregates" status: 404 len: 235 microversion: 1.1 [pid: 7|app: 0|req: 608/1216] 10.0.0.3 () {32 vars in 814 bytes} [Fri May 8 11:37:40 2026] GET /resource_providers/c0368271-40c5-4059-9109-94a90e2a9c79/aggregates => generated 235 bytes in 13 msecs (HTTP/1.1 404) 5 headers in 202 bytes (1 switches on core 0)
2026-05-08 11:37:40.952 8 INFO placement.requestlog [None req-5f095b2a-92cd-4a5c-991d-c421b1f01bc8 daf2d5b55cd44333883101898c1d9a0c 7145cf9ea1624d19810f69a82c83264b - - 9094370dcab443228e6924c7bf619906 9094370dcab443228e6924c7bf619906] 10.0.0.3 "GET /resource_providers/c0368271-40c5-4059-9109-94a90e2a9c79/aggregates" status: 404 len: 235 microversion: 1.1 [pid: 8|app: 0|req: 609/1217] 10.0.0.3 () {32 vars in 814 bytes} [Fri May 8 11:37:40 2026] GET /resource_providers/c0368271-40c5-4059-9109-94a90e2a9c79/aggregates => generated 235 bytes in 26 msecs (HTTP/1.1 404) 5 headers in 202 bytes (1 switches on core 0)
2026-05-08 11:37:40.963 7 INFO placement.requestlog [None req-247e12f8-ae06-491d-b579-04499f66fc5d daf2d5b55cd44333883101898c1d9a0c 7145cf9ea1624d19810f69a82c83264b - - 9094370dcab443228e6924c7bf619906 9094370dcab443228e6924c7bf619906] 10.0.0.3 "DELETE /resource_providers/c0368271-40c5-4059-9109-94a90e2a9c79" status: 404 len: 246 microversion: 1.1 [pid: 7|app: 0|req: 609/1218] 10.0.0.3 () {34 vars in 814 bytes} [Fri May 8 11:37:40 2026] DELETE /resource_providers/c0368271-40c5-4059-9109-94a90e2a9c79 => generated 246 bytes in 15 msecs (HTTP/1.1 404) 6 headers in 231 bytes (1 switches on core 0)
2026-05-08 11:37:40.972 8 INFO placement.requestlog [None req-f692f24e-6301-4287-83a5-707e32bf4359 daf2d5b55cd44333883101898c1d9a0c 7145cf9ea1624d19810f69a82c83264b - - 9094370dcab443228e6924c7bf619906 9094370dcab443228e6924c7bf619906] 10.0.0.3 "DELETE /resource_providers/c0368271-40c5-4059-9109-94a90e2a9c79" status: 404 len: 246 microversion: 1.1 [pid: 8|app: 0|req: 610/1219] 10.0.0.3 () {34 vars in 814 bytes} [Fri May 8 11:37:40 2026] DELETE /resource_providers/c0368271-40c5-4059-9109-94a90e2a9c79 => generated 246 bytes in 13 msecs (HTTP/1.1 404) 6 headers in 231 bytes (1 switches on core 0)
2026-05-08 11:37:48.966 7 INFO placement.requestlog [None req-271fac95-2169-4765-ad3d-c997716bc111 - - - - - -] 10.0.0.227 "GET /" status: 200 len: 136 microversion: 1.0
2026-05-08 11:37:48.966 8 INFO placement.requestlog [None req-8f9e778b-f936-43cb-897c-c8d4f8b0e296 - - - - - -] 10.0.0.227 "GET /" status: 200 len: 136 microversion: 1.0
2026-05-08 11:37:56.817 7 INFO placement.requestlog [req-c1252705-ad90-4339-a9df-2e8d0a2db57a req-b637c5e8-90d5-487d-b7e1-853e2c146ec8 4ccb34de123247caaf8470d3a2bc7072 7145cf9ea1624d19810f69a82c83264b - - 9094370dcab443228e6924c7bf619906 9094370dcab443228e6924c7bf619906] 199.204.45.89 "GET /resource_providers/d36974ec-6962-4c17-badc-70d1497001a9/allocations" status: 200 len: 340 microversion: 1.0 [pid: 7|app: 0|req: 611/1222] 199.204.45.89 () {32 vars in 856 bytes} [Fri May 8 11:37:56 2026] GET /resource_providers/d36974ec-6962-4c17-badc-70d1497001a9/allocations => generated 340 bytes in 32 msecs (HTTP/1.1 200) 6 headers in 224 bytes (1 switches on core 0)
2026-05-08 11:37:56.860 8 INFO placement.requestlog [req-c1252705-ad90-4339-a9df-2e8d0a2db57a req-962e9666-015a-43f3-959e-5278ee3d3d71 4ccb34de123247caaf8470d3a2bc7072 7145cf9ea1624d19810f69a82c83264b - - 9094370dcab443228e6924c7bf619906 9094370dcab443228e6924c7bf619906] 199.204.45.89 "GET /resource_providers/d36974ec-6962-4c17-badc-70d1497001a9/allocations" status: 200 len: 340 microversion: 1.0 [pid: 8|app: 0|req: 612/1223] 199.204.45.89 () {32 vars in 856 bytes} [Fri May 8 11:37:56 2026] GET /resource_providers/d36974ec-6962-4c17-badc-70d1497001a9/allocations => generated 340 bytes in 31 msecs (HTTP/1.1 200) 6 headers in 224 bytes (1 switches on core 0)
2026-05-08 11:37:56.912 7 INFO placement.requestlog [req-c1252705-ad90-4339-a9df-2e8d0a2db57a req-1dd10fc8-e7bc-4e44-92cd-37f141035e53 4ccb34de123247caaf8470d3a2bc7072 7145cf9ea1624d19810f69a82c83264b - - 9094370dcab443228e6924c7bf619906 9094370dcab443228e6924c7bf619906] 199.204.45.89 "GET /allocations/474458d1-0320-4335-8bef-e5bc973e2179" status: 200 len: 258 microversion: 1.28 [pid: 7|app: 0|req: 612/1224] 199.204.45.89 () {34 vars in 862 bytes} [Fri May 8 11:37:56 2026] GET /allocations/474458d1-0320-4335-8bef-e5bc973e2179 => generated 258 bytes in 43 msecs (HTTP/1.1 200) 8 headers in 296 bytes (1 switches on core 0)
2026-05-08 11:37:56.940 8 INFO placement.requestlog [req-c1252705-ad90-4339-a9df-2e8d0a2db57a req-703b33ae-8785-480c-872c-6f35822a745b 4ccb34de123247caaf8470d3a2bc7072 7145cf9ea1624d19810f69a82c83264b - - 9094370dcab443228e6924c7bf619906 9094370dcab443228e6924c7bf619906] 199.204.45.89 "GET /allocations/7920bbcc-885a-4003-9a9f-f8fdb3af5aa2" status: 200 len: 245 microversion: 1.28 [pid: 8|app: 0|req: 613/1225] 199.204.45.89 () {34 vars in 862 bytes} [Fri May 8 11:37:56 2026] GET /allocations/7920bbcc-885a-4003-9a9f-f8fdb3af5aa2 => generated 245 bytes in 18 msecs (HTTP/1.1 200) 8 headers in 296 bytes (1 switches on core 0)
2026-05-08 11:37:56.973 7 INFO placement.requestlog [req-c1252705-ad90-4339-a9df-2e8d0a2db57a req-1e0bef0b-716e-4077-ab1a-31bdb4661222 4ccb34de123247caaf8470d3a2bc7072 7145cf9ea1624d19810f69a82c83264b - - 9094370dcab443228e6924c7bf619906 9094370dcab443228e6924c7bf619906] 199.204.45.89 "GET /allocations/699d653a-2278-4f03-9e4e-8fdc308bdd80" status: 200 len: 258 microversion: 1.28 [pid: 7|app: 0|req: 613/1226] 199.204.45.89 () {34 vars in 862 bytes} [Fri May 8 11:37:56 2026] GET /allocations/699d653a-2278-4f03-9e4e-8fdc308bdd80 => generated 258 bytes in 26 msecs (HTTP/1.1 200) 8 headers in 296 bytes (1 switches on core 0)
2026-05-08 11:37:57.196 7 INFO placement.requestlog [None req-0e572488-636f-4f87-bd1b-0b292a8e8a92 daf2d5b55cd44333883101898c1d9a0c 7145cf9ea1624d19810f69a82c83264b - - 9094370dcab443228e6924c7bf619906 9094370dcab443228e6924c7bf619906] 10.0.0.3 "GET /resource_providers/e0b180dc-213c-4cb7-9268-bf636a27e5c3/aggregates" status: 404 len: 235 microversion: 1.1
2026-05-08 11:37:57.197 8 INFO placement.requestlog [None req-f1a23a69-fca3-4618-8933-91482329a599 daf2d5b55cd44333883101898c1d9a0c 7145cf9ea1624d19810f69a82c83264b - - 9094370dcab443228e6924c7bf619906 9094370dcab443228e6924c7bf619906] 10.0.0.3 "GET /resource_providers/e0b180dc-213c-4cb7-9268-bf636a27e5c3/aggregates" status: 404 len: 235 microversion: 1.1 [pid: 7|app: 0|req: 614/1227] 10.0.0.3 () {32 vars in 814 bytes} [Fri May 8 11:37:57 2026] GET /resource_providers/e0b180dc-213c-4cb7-9268-bf636a27e5c3/aggregates => generated 235 bytes in 18 msecs (HTTP/1.1 404) 5 headers in 202 bytes (1 switches on core 0) [pid: 8|app: 0|req: 614/1228] 10.0.0.3 () {32 vars in 814 bytes} [Fri May 8 11:37:57 2026] GET /resource_providers/e0b180dc-213c-4cb7-9268-bf636a27e5c3/aggregates => generated 235 bytes in 18 msecs (HTTP/1.1 404) 5 headers in 202 bytes (1 switches on core 0)
2026-05-08 11:37:57.230 7 INFO placement.requestlog [None req-a2e0dcf8-0de5-4949-baf8-36e7983ce024 daf2d5b55cd44333883101898c1d9a0c 7145cf9ea1624d19810f69a82c83264b - - 9094370dcab443228e6924c7bf619906 9094370dcab443228e6924c7bf619906] 10.0.0.3 "DELETE /resource_providers/e0b180dc-213c-4cb7-9268-bf636a27e5c3" status: 404 len: 246 microversion: 1.1 [pid: 7|app: 0|req: 615/1229] 10.0.0.3 () {34 vars in 814 bytes} [Fri May 8 11:37:57 2026] DELETE /resource_providers/e0b180dc-213c-4cb7-9268-bf636a27e5c3 => generated 246 bytes in 27 msecs (HTTP/1.1 404) 6 headers in 231 bytes (1 switches on core 0)
2026-05-08 11:37:57.236 8 INFO placement.requestlog [None req-5a33fff8-b9a5-4fa0-8893-f9ac85d0d82b daf2d5b55cd44333883101898c1d9a0c 7145cf9ea1624d19810f69a82c83264b - - 9094370dcab443228e6924c7bf619906 9094370dcab443228e6924c7bf619906] 10.0.0.3 "DELETE /resource_providers/e0b180dc-213c-4cb7-9268-bf636a27e5c3" status: 404 len: 246 microversion: 1.1 [pid: 8|app: 0|req: 615/1230] 10.0.0.3 () {34 vars in 814 bytes} [Fri May 8 11:37:57 2026] DELETE /resource_providers/e0b180dc-213c-4cb7-9268-bf636a27e5c3 => generated 246 bytes in 20 msecs (HTTP/1.1 404) 6 headers in 231 bytes (1 switches on core 0)
2026-05-08 11:37:58.965 7 INFO placement.requestlog [None req-d1896899-15bd-466c-bb7c-e86d4d12165f - - - - - -] 10.0.0.227 "GET /" status: 200 len: 136 microversion: 1.0
2026-05-08 11:37:58.966 8 INFO placement.requestlog [None req-c3b1ab03-c984-456a-a097-4442376c52d8 - - - - - -] 10.0.0.227 "GET /" status: 200 len: 136 microversion: 1.0
2026-05-08 11:38:08.966 8 INFO placement.requestlog [None req-376975a0-2727-4009-af6b-57539edfc3fb - - - - - -] 10.0.0.227 "GET /" status: 200 len: 136 microversion: 1.0
2026-05-08 11:38:08.966 7 INFO placement.requestlog [None req-172e5c2f-7309-48ff-9c48-559108eb1541 - - - - - -] 10.0.0.227 "GET /" status: 200 len: 136 microversion: 1.0
2026-05-08 11:38:18.966 7 INFO placement.requestlog [None req-272e1257-1125-4de5-80de-5456071f956c - - - - - -] 10.0.0.227 "GET /" status: 200 len: 136 microversion: 1.0
2026-05-08 11:38:18.968 8 INFO placement.requestlog [None req-d59c11fb-fd2f-4a7c-8e3e-cab4b343361f - - - - - -] 10.0.0.227 "GET /" status: 200 len: 136 microversion: 1.0
2026-05-08 11:38:28.966 8 INFO placement.requestlog [None req-ab06458b-72b7-4828-a738-842f3588f1dc - - - - - -] 10.0.0.227 "GET /" status: 200 len: 136 microversion: 1.0
2026-05-08 11:38:28.967 7 INFO placement.requestlog [None req-484a1036-8c75-4e57-a6e1-d45657a02386 - - - - - -] 10.0.0.227 "GET /" status: 200 len: 136 microversion: 1.0
2026-05-08 11:38:38.966 8 INFO placement.requestlog [None req-70ca8301-18d1-4a99-b532-2589d2714791 - - - - - -] 10.0.0.227 "GET /" status: 200 len: 136 microversion: 1.0
2026-05-08 11:38:38.966 7 INFO placement.requestlog [None req-ba238890-1818-4b4e-8c9a-ac5a2be4b17c - - - - - -] 10.0.0.227 "GET /" status: 200 len: 136 microversion: 1.0
2026-05-08 11:38:48.966 8 INFO placement.requestlog [None req-7d6bd1c4-ce4c-4db6-a8b8-7f287491ddb7 - - - - - -] 10.0.0.227 "GET /" status: 200 len: 136 microversion: 1.0
2026-05-08 11:38:48.966 7 INFO placement.requestlog [None req-b2e6d45f-a6c5-49ff-b0c5-3c99070dbc6d - - - - - -] 10.0.0.227 "GET /" status: 200 len: 136 microversion: 1.0
2026-05-08 11:38:58.626 8 INFO placement.requestlog [req-1bcfd931-d6c9-4da6-a6ca-c97b277e2fcc req-0086db10-c838-4959-9200-9ca3405df337 4ccb34de123247caaf8470d3a2bc7072 7145cf9ea1624d19810f69a82c83264b - - 9094370dcab443228e6924c7bf619906 9094370dcab443228e6924c7bf619906] 199.204.45.89 "GET /resource_providers/d36974ec-6962-4c17-badc-70d1497001a9/allocations" status: 200 len: 340 microversion: 1.0 [pid: 8|app: 0|req: 622/1243] 199.204.45.89 () {32 vars in 856 bytes} [Fri May 8 11:38:58 2026] GET /resource_providers/d36974ec-6962-4c17-badc-70d1497001a9/allocations => generated 340 bytes in 143 msecs (HTTP/1.1 200) 6 headers in 224 bytes (1 switches on core 0)
2026-05-08 11:38:58.661 7 INFO placement.requestlog [req-1bcfd931-d6c9-4da6-a6ca-c97b277e2fcc req-3c0f69e2-46e6-4a7c-952f-da1383ca9700 4ccb34de123247caaf8470d3a2bc7072 7145cf9ea1624d19810f69a82c83264b - - 9094370dcab443228e6924c7bf619906 9094370dcab443228e6924c7bf619906] 199.204.45.89 "GET /resource_providers?in_tree=d36974ec-6962-4c17-badc-70d1497001a9" status: 200 len: 798 microversion: 1.14 [pid: 7|app: 0|req: 622/1244] 199.204.45.89 () {34 vars in 891 bytes} [Fri May 8 11:38:58 2026] GET /resource_providers?in_tree=d36974ec-6962-4c17-badc-70d1497001a9 => generated 798 bytes in 20 msecs (HTTP/1.1 200) 6 headers in 225 bytes (1 switches on core 0)
2026-05-08 11:38:58.686 8 INFO placement.requestlog [req-1bcfd931-d6c9-4da6-a6ca-c97b277e2fcc req-c538a254-1d3b-4b8c-bdb6-56e9f35ae000 4ccb34de123247caaf8470d3a2bc7072 7145cf9ea1624d19810f69a82c83264b - - 9094370dcab443228e6924c7bf619906 9094370dcab443228e6924c7bf619906] 199.204.45.89 "GET /resource_providers/d36974ec-6962-4c17-badc-70d1497001a9/inventories" status: 200 len: 401 microversion: 1.0 [pid: 8|app: 0|req: 623/1245] 199.204.45.89 () {32 vars in 856 bytes} [Fri May 8 11:38:58 2026] GET /resource_providers/d36974ec-6962-4c17-badc-70d1497001a9/inventories => generated 401 bytes in 18 msecs (HTTP/1.1 200) 6 headers in 224 bytes (1 switches on core 0)
2026-05-08 11:38:58.711 7 INFO placement.requestlog [req-1bcfd931-d6c9-4da6-a6ca-c97b277e2fcc req-15615657-152f-44fb-9602-0e969b16a436 4ccb34de123247caaf8470d3a2bc7072 7145cf9ea1624d19810f69a82c83264b - - 9094370dcab443228e6924c7bf619906 9094370dcab443228e6924c7bf619906] 199.204.45.89 "GET /resource_providers/d36974ec-6962-4c17-badc-70d1497001a9/aggregates" status: 200 len: 54 microversion: 1.19 [pid: 7|app: 0|req: 623/1246] 199.204.45.89 () {34 vars in 898 bytes} [Fri May 8 11:38:58 2026] GET /resource_providers/d36974ec-6962-4c17-badc-70d1497001a9/aggregates => generated 54 bytes in 16 msecs (HTTP/1.1 200) 8 headers in 295 bytes (1 switches on core 0)
2026-05-08 11:38:58.740 8 INFO placement.requestlog [req-1bcfd931-d6c9-4da6-a6ca-c97b277e2fcc req-104df540-8a19-4327-a2da-9df6cb6ee9fa 4ccb34de123247caaf8470d3a2bc7072 7145cf9ea1624d19810f69a82c83264b - - 9094370dcab443228e6924c7bf619906 9094370dcab443228e6924c7bf619906] 199.204.45.89 "GET /resource_providers/d36974ec-6962-4c17-badc-70d1497001a9/traits" status: 200 len: 1683 microversion: 1.6 [pid: 8|app: 0|req: 624/1247] 199.204.45.89 () {34 vars in 889 bytes} [Fri May 8 11:38:58 2026] GET /resource_providers/d36974ec-6962-4c17-badc-70d1497001a9/traits => generated 1683 bytes in 20 msecs (HTTP/1.1 200) 6 headers in 225 bytes (1 switches on core 0)
2026-05-08 11:38:58.776 7 INFO placement.requestlog [req-1bcfd931-d6c9-4da6-a6ca-c97b277e2fcc req-44bdb3f0-7fda-488c-90a1-e55500a9d940 4ccb34de123247caaf8470d3a2bc7072 7145cf9ea1624d19810f69a82c83264b - - 9094370dcab443228e6924c7bf619906 9094370dcab443228e6924c7bf619906] 199.204.45.89 "GET /resource_providers/d36974ec-6962-4c17-badc-70d1497001a9/allocations" status: 200 len: 340 microversion: 1.0 [pid: 7|app: 0|req: 624/1248] 199.204.45.89 () {32 vars in 856 bytes} [Fri May 8 11:38:58 2026] GET /resource_providers/d36974ec-6962-4c17-badc-70d1497001a9/allocations => generated 340 bytes in 28 msecs (HTTP/1.1 200) 6 headers in 224 bytes (1 switches on core 0)
2026-05-08 11:38:58.806 8 INFO placement.requestlog [req-1bcfd931-d6c9-4da6-a6ca-c97b277e2fcc req-ae46f54a-36f9-40e4-8099-675f8bd63e9b 4ccb34de123247caaf8470d3a2bc7072 7145cf9ea1624d19810f69a82c83264b - - 9094370dcab443228e6924c7bf619906 9094370dcab443228e6924c7bf619906] 199.204.45.89 "GET /allocations/474458d1-0320-4335-8bef-e5bc973e2179" status: 200 len: 258 microversion: 1.28 [pid: 8|app: 0|req: 625/1249] 199.204.45.89 () {34 vars in 862 bytes} [Fri May 8 11:38:58 2026] GET /allocations/474458d1-0320-4335-8bef-e5bc973e2179 => generated 258 bytes in 19 msecs (HTTP/1.1 200) 8 headers in 296 bytes (1 switches on core 0)
2026-05-08 11:38:58.834 7 INFO placement.requestlog [req-1bcfd931-d6c9-4da6-a6ca-c97b277e2fcc req-f4d556fd-c553-40dd-a416-768b930e90bc 4ccb34de123247caaf8470d3a2bc7072 7145cf9ea1624d19810f69a82c83264b - - 9094370dcab443228e6924c7bf619906 9094370dcab443228e6924c7bf619906] 199.204.45.89 "GET /allocations/7920bbcc-885a-4003-9a9f-f8fdb3af5aa2" status: 200 len: 245 microversion: 1.28 [pid: 7|app: 0|req: 625/1250] 199.204.45.89 () {34 vars in 862 bytes} [Fri May 8 11:38:58 2026] GET /allocations/7920bbcc-885a-4003-9a9f-f8fdb3af5aa2 => generated 245 bytes in 20 msecs (HTTP/1.1 200) 8 headers in 296 bytes (1 switches on core 0)
2026-05-08 11:38:58.856 8 INFO placement.requestlog [req-1bcfd931-d6c9-4da6-a6ca-c97b277e2fcc req-f79a3931-08ce-44a9-bf70-3fe6283aa331 4ccb34de123247caaf8470d3a2bc7072 7145cf9ea1624d19810f69a82c83264b - - 9094370dcab443228e6924c7bf619906 9094370dcab443228e6924c7bf619906] 199.204.45.89 "GET /allocations/699d653a-2278-4f03-9e4e-8fdc308bdd80" status: 200 len: 258 microversion: 1.28 [pid: 8|app: 0|req: 626/1251] 199.204.45.89 () {34 vars in 862 bytes} [Fri May 8 11:38:58 2026] GET /allocations/699d653a-2278-4f03-9e4e-8fdc308bdd80 => generated 258 bytes in 13 msecs (HTTP/1.1 200) 8 headers in 296 bytes (1 switches on core 0)
2026-05-08 11:38:58.966 7 INFO placement.requestlog [None req-98efb53b-3f9c-4963-b55d-d8e5f6b8654e - - - - - -] 10.0.0.227 "GET /" status: 200 len: 136 microversion: 1.0
2026-05-08 11:38:58.966 8 INFO placement.requestlog [None req-abb57b4d-f8e4-4073-9bd1-a0ce7c1254e7 - - - - - -] 10.0.0.227 "GET /" status: 200 len: 136 microversion: 1.0
2026-05-08 11:39:08.966 7 INFO placement.requestlog [None req-26694c81-a5df-4152-bb26-8531871bc74b - - - - - -] 10.0.0.227 "GET /" status: 200 len: 136 microversion: 1.0
2026-05-08 11:39:08.967 8 INFO placement.requestlog [None req-a1d62280-6537-41b8-8640-a80efff51bbf - - - - - -] 10.0.0.227 "GET /" status: 200 len: 136 microversion: 1.0
2026-05-08 11:39:18.965 7 INFO placement.requestlog [None req-42deed8f-e0d0-4971-a450-9bbe598226a6 - - - - - -] 10.0.0.227 "GET /" status: 200 len: 136 microversion: 1.0
2026-05-08 11:39:18.966 8 INFO placement.requestlog [None req-92ef8c80-5d72-4e36-8a74-2d9a9a5e2f5d - - - - - -] 10.0.0.227 "GET /" status: 200 len: 136 microversion: 1.0
2026-05-08 11:39:28.966 8 INFO placement.requestlog [None req-4d9f0a79-a3c5-4fa8-b651-ffc7d4bab866 - - - - - -] 10.0.0.227 "GET /" status: 200 len: 136 microversion: 1.0
2026-05-08 11:39:28.967 7 INFO placement.requestlog [None req-cb10e522-a520-43f4-a2d8-a6f5d50f0e52 - - - - - -] 10.0.0.227 "GET /" status: 200 len: 136 microversion: 1.0
2026-05-08 11:39:38.966 8 INFO placement.requestlog [None req-920288cc-7130-4581-a3fa-3a52cbd24732 - - - - - -] 10.0.0.227 "GET /" status: 200 len: 136 microversion: 1.0
2026-05-08 11:39:38.966 7 INFO placement.requestlog [None req-017fcb80-20e8-40fc-869f-b91eae6c1a92 - - - - - -] 10.0.0.227 "GET /" status: 200 len: 136 microversion: 1.0
2026-05-08 11:39:41.846 7 INFO placement.requestlog [req-37238744-325b-43ff-aad5-f02e7bc3b642 req-01362166-0a40-45bc-8915-19a0da8be5e4 4ccb34de123247caaf8470d3a2bc7072 7145cf9ea1624d19810f69a82c83264b - - 9094370dcab443228e6924c7bf619906 9094370dcab443228e6924c7bf619906] 199.204.45.89 "GET /resource_providers/d36974ec-6962-4c17-badc-70d1497001a9/allocations" status: 200 len: 340 microversion: 1.0 [pid: 7|app: 0|req: 631/1262] 199.204.45.89 () {32 vars in 856 bytes} [Fri May 8 11:39:41 2026] GET /resource_providers/d36974ec-6962-4c17-badc-70d1497001a9/allocations => generated 340 bytes in 35 msecs (HTTP/1.1 200) 6 headers in 224 bytes (1 switches on core 0)
2026-05-08 11:39:41.883 8 INFO placement.requestlog [req-37238744-325b-43ff-aad5-f02e7bc3b642 req-b53f0472-f5c8-474f-b7cb-3d46d31d252e 4ccb34de123247caaf8470d3a2bc7072 7145cf9ea1624d19810f69a82c83264b - - 9094370dcab443228e6924c7bf619906 9094370dcab443228e6924c7bf619906] 199.204.45.89 "GET /allocations/474458d1-0320-4335-8bef-e5bc973e2179" status: 200 len: 258 microversion: 1.28 [pid: 8|app: 0|req: 632/1263] 199.204.45.89 () {34 vars in 862 bytes} [Fri May 8 11:39:41 2026] GET /allocations/474458d1-0320-4335-8bef-e5bc973e2179 => generated 258 bytes in 19 msecs (HTTP/1.1 200) 8 headers in 296 bytes (1 switches on core 0)
2026-05-08 11:39:41.909 7 INFO placement.requestlog [req-37238744-325b-43ff-aad5-f02e7bc3b642 req-bddc04d1-4e4c-4d85-b6b9-93dbb793e123 4ccb34de123247caaf8470d3a2bc7072 7145cf9ea1624d19810f69a82c83264b - - 9094370dcab443228e6924c7bf619906 9094370dcab443228e6924c7bf619906] 199.204.45.89 "GET /allocations/7920bbcc-885a-4003-9a9f-f8fdb3af5aa2" status: 200 len: 245 microversion: 1.28 [pid: 7|app: 0|req: 632/1264] 199.204.45.89 () {34 vars in 862 bytes} [Fri May 8 11:39:41 2026] GET /allocations/7920bbcc-885a-4003-9a9f-f8fdb3af5aa2 => generated 245 bytes in 16 msecs (HTTP/1.1 200) 8 headers in 296 bytes (1 switches on core 0)
2026-05-08 11:39:41.938 8 INFO placement.requestlog [req-37238744-325b-43ff-aad5-f02e7bc3b642 req-f0a71fc7-36b2-40a5-8c36-5aa487d106ac 4ccb34de123247caaf8470d3a2bc7072 7145cf9ea1624d19810f69a82c83264b - - 9094370dcab443228e6924c7bf619906 9094370dcab443228e6924c7bf619906] 199.204.45.89 "GET /allocations/699d653a-2278-4f03-9e4e-8fdc308bdd80" status: 200 len: 258 microversion: 1.28 [pid: 8|app: 0|req: 633/1265] 199.204.45.89 () {34 vars in 862 bytes} [Fri May 8 11:39:41 2026] GET /allocations/699d653a-2278-4f03-9e4e-8fdc308bdd80 => generated 258 bytes in 20 msecs (HTTP/1.1 200) 8 headers in 296 bytes (1 switches on core 0)
2026-05-08 11:39:42.021 7 INFO placement.requestlog [req-37238744-325b-43ff-aad5-f02e7bc3b642 req-f31003f4-d68a-4d80-bdb3-a6c870dec086 4ccb34de123247caaf8470d3a2bc7072 7145cf9ea1624d19810f69a82c83264b - - 9094370dcab443228e6924c7bf619906 9094370dcab443228e6924c7bf619906] 199.204.45.89 "DELETE /allocations/7920bbcc-885a-4003-9a9f-f8fdb3af5aa2" status: 204 len: 0 microversion: 1.0 [pid: 7|app: 0|req: 633/1266] 199.204.45.89 () {34 vars in 840 bytes} [Fri May 8 11:39:41 2026] DELETE /allocations/7920bbcc-885a-4003-9a9f-f8fdb3af5aa2 => generated 0 bytes in 24 msecs (HTTP/1.1 204) 5 headers in 198 bytes (1 switches on core 0)
2026-05-08 11:39:44.661 8 INFO placement.requestlog [req-08023caa-4135-4211-9fe7-f10b4ca6d7b6 req-48a557c5-53b0-41b9-974a-5b4dce9d08ed 4ccb34de123247caaf8470d3a2bc7072 7145cf9ea1624d19810f69a82c83264b - - 9094370dcab443228e6924c7bf619906 9094370dcab443228e6924c7bf619906] 199.204.45.89 "GET /resource_providers/d36974ec-6962-4c17-badc-70d1497001a9/allocations" status: 200 len: 253 microversion: 1.0 [pid: 8|app: 0|req: 634/1267] 199.204.45.89 () {32 vars in 856 bytes} [Fri May 8 11:39:44 2026] GET /resource_providers/d36974ec-6962-4c17-badc-70d1497001a9/allocations => generated 253 bytes in 20 msecs (HTTP/1.1 200) 6 headers in 224 bytes (1 switches on core 0)
2026-05-08 11:39:44.685 7 INFO placement.requestlog [req-08023caa-4135-4211-9fe7-f10b4ca6d7b6 req-91f48eb1-491b-46b2-9457-bfa25d613c6e 4ccb34de123247caaf8470d3a2bc7072 7145cf9ea1624d19810f69a82c83264b - - 9094370dcab443228e6924c7bf619906 9094370dcab443228e6924c7bf619906] 199.204.45.89 "GET /allocations/474458d1-0320-4335-8bef-e5bc973e2179" status: 200 len: 258 microversion: 1.28 [pid: 7|app: 0|req: 634/1268] 199.204.45.89 () {34 vars in 862 bytes} [Fri May 8 11:39:44 2026] GET /allocations/474458d1-0320-4335-8bef-e5bc973e2179 => generated 258 bytes in 16 msecs (HTTP/1.1 200) 8 headers in 296 bytes (1 switches on core 0)
2026-05-08 11:39:44.709 8 INFO placement.requestlog [req-08023caa-4135-4211-9fe7-f10b4ca6d7b6 req-c3a55fff-a30d-48d7-a81d-1d89ccfd3bda 4ccb34de123247caaf8470d3a2bc7072 7145cf9ea1624d19810f69a82c83264b - - 9094370dcab443228e6924c7bf619906 9094370dcab443228e6924c7bf619906] 199.204.45.89 "GET /allocations/699d653a-2278-4f03-9e4e-8fdc308bdd80" status: 200 len: 258 microversion: 1.28 [pid: 8|app: 0|req: 635/1269] 199.204.45.89 () {34 vars in 862 bytes} [Fri May 8 11:39:44 2026] GET /allocations/699d653a-2278-4f03-9e4e-8fdc308bdd80 => generated 258 bytes in 16 msecs (HTTP/1.1 200) 8 headers in 296 bytes (1 switches on core 0)
2026-05-08 11:39:44.790 7 INFO placement.requestlog [req-08023caa-4135-4211-9fe7-f10b4ca6d7b6 req-95122241-4977-47ce-96d5-403cc6fe9b8d 4ccb34de123247caaf8470d3a2bc7072 7145cf9ea1624d19810f69a82c83264b - - 9094370dcab443228e6924c7bf619906 9094370dcab443228e6924c7bf619906] 199.204.45.89 "DELETE /allocations/699d653a-2278-4f03-9e4e-8fdc308bdd80" status: 204 len: 0 microversion: 1.0 [pid: 7|app: 0|req: 635/1270] 199.204.45.89 () {34 vars in 840 bytes} [Fri May 8 11:39:44 2026] DELETE /allocations/699d653a-2278-4f03-9e4e-8fdc308bdd80 => generated 0 bytes in 27 msecs (HTTP/1.1 204) 5 headers in 198 bytes (1 switches on core 0)
2026-05-08 11:39:48.967 7 INFO placement.requestlog [None req-8b4c414a-4a02-4f9e-806c-55587c205bc6 - - - - - -] 10.0.0.227 "GET /" status: 200 len: 136 microversion: 1.0
2026-05-08 11:39:48.967 8 INFO placement.requestlog [None req-09c9f3ea-4bcb-49a8-afcd-f7225ab4509d - - - - - -] 10.0.0.227 "GET /" status: 200 len: 136 microversion: 1.0
2026-05-08 11:39:51.184 7 INFO placement.requestlog [req-4ebc52d5-7bc4-487b-a8e3-adf18755989c req-660b75da-1db2-4b73-bf55-a1267aed49f5 4ccb34de123247caaf8470d3a2bc7072 7145cf9ea1624d19810f69a82c83264b - - 9094370dcab443228e6924c7bf619906 9094370dcab443228e6924c7bf619906] 199.204.45.89 "GET /resource_providers/d36974ec-6962-4c17-badc-70d1497001a9/allocations" status: 200 len: 153 microversion: 1.0 [pid: 7|app: 0|req: 637/1273] 199.204.45.89 () {32 vars in 856 bytes} [Fri May 8 11:39:51 2026] GET /resource_providers/d36974ec-6962-4c17-badc-70d1497001a9/allocations => generated 153 bytes in 21 msecs (HTTP/1.1 200) 6 headers in 224 bytes (1 switches on core 0)
2026-05-08 11:39:51.209 8 INFO placement.requestlog [req-4ebc52d5-7bc4-487b-a8e3-adf18755989c req-4e795cc9-f561-4711-8ab2-0d4a0bdb7798 4ccb34de123247caaf8470d3a2bc7072 7145cf9ea1624d19810f69a82c83264b - - 9094370dcab443228e6924c7bf619906 9094370dcab443228e6924c7bf619906] 199.204.45.89 "GET /allocations/474458d1-0320-4335-8bef-e5bc973e2179" status: 200 len: 258 microversion: 1.28 [pid: 8|app: 0|req: 637/1274] 199.204.45.89 () {34 vars in 862 bytes} [Fri May 8 11:39:51 2026] GET /allocations/474458d1-0320-4335-8bef-e5bc973e2179 => generated 258 bytes in 14 msecs (HTTP/1.1 200) 8 headers in 296 bytes (1 switches on core 0)
2026-05-08 11:39:51.307 7 INFO placement.requestlog [req-4ebc52d5-7bc4-487b-a8e3-adf18755989c req-a6263c90-abfb-42d7-a261-d70499bec466 4ccb34de123247caaf8470d3a2bc7072 7145cf9ea1624d19810f69a82c83264b - - 9094370dcab443228e6924c7bf619906 9094370dcab443228e6924c7bf619906] 199.204.45.89 "DELETE /allocations/474458d1-0320-4335-8bef-e5bc973e2179" status: 204 len: 0 microversion: 1.0 [pid: 7|app: 0|req: 638/1275] 199.204.45.89 () {34 vars in 840 bytes} [Fri May 8 11:39:51 2026] DELETE /allocations/474458d1-0320-4335-8bef-e5bc973e2179 => generated 0 bytes in 32 msecs (HTTP/1.1 204) 5 headers in 198 bytes (1 switches on core 0)
2026-05-08 11:39:58.966 7 INFO placement.requestlog [None req-6a7bb318-19d6-4004-8e0b-74322a3b50d0 - - - - - -] 10.0.0.227 "GET /" status: 200 len: 136 microversion: 1.0
2026-05-08 11:39:58.968 8 INFO placement.requestlog [None req-9bae8d6f-ba27-411d-803a-49bb8af370bf - - - - - -] 10.0.0.227 "GET /" status: 200 len: 136 microversion: 1.0
2026-05-08 11:40:00.101 7 INFO placement.requestlog [req-cc8f5000-f016-4952-827a-bbe601674407 req-958b63e6-8cc8-4e28-961b-cff56dbd6617 4ccb34de123247caaf8470d3a2bc7072 7145cf9ea1624d19810f69a82c83264b - - 9094370dcab443228e6924c7bf619906 9094370dcab443228e6924c7bf619906] 199.204.45.89 "GET /resource_providers/d36974ec-6962-4c17-badc-70d1497001a9/allocations" status: 200 len: 55 microversion: 1.0 [pid: 7|app: 0|req: 640/1278] 199.204.45.89 () {32 vars in 856 bytes} [Fri May 8 11:40:00 2026] GET /resource_providers/d36974ec-6962-4c17-badc-70d1497001a9/allocations => generated 55 bytes in 16 msecs (HTTP/1.1 200) 6 headers in 223 bytes (1 switches on core 0)
2026-05-08 11:40:00.137 8 INFO placement.requestlog [req-cc8f5000-f016-4952-827a-bbe601674407 req-d54ccc99-3068-4043-a115-623ced3153f1 4ccb34de123247caaf8470d3a2bc7072 7145cf9ea1624d19810f69a82c83264b - - 9094370dcab443228e6924c7bf619906 9094370dcab443228e6924c7bf619906] 199.204.45.89 "GET /resource_providers/d36974ec-6962-4c17-badc-70d1497001a9/allocations" status: 200 len: 55 microversion: 1.0 [pid: 8|app: 0|req: 639/1279] 199.204.45.89 () {32 vars in 856 bytes} [Fri May 8 11:40:00 2026] GET /resource_providers/d36974ec-6962-4c17-badc-70d1497001a9/allocations => generated 55 bytes in 27 msecs (HTTP/1.1 200) 6 headers in 223 bytes (1 switches on core 0)
2026-05-08 11:40:02.746 7 INFO placement.requestlog [None req-4676fa5b-a040-406a-8c7e-11f2da9a457b daf2d5b55cd44333883101898c1d9a0c 7145cf9ea1624d19810f69a82c83264b - - 9094370dcab443228e6924c7bf619906 9094370dcab443228e6924c7bf619906] 10.0.0.3 "GET /resource_providers/a29ecfc2-ea46-4a75-832a-13debf0724ab/aggregates" status: 404 len: 235 microversion: 1.1 [pid: 7|app: 0|req: 641/1280] 10.0.0.3 () {32 vars in 814 bytes} [Fri May 8 11:40:02 2026] GET /resource_providers/a29ecfc2-ea46-4a75-832a-13debf0724ab/aggregates => generated 235 bytes in 65 msecs (HTTP/1.1 404) 5 headers in 202 bytes (1 switches on core 0)
2026-05-08 11:40:02.749 8 INFO placement.requestlog [None req-4dc3c93a-5d55-4447-ad05-8d4d88cbfe41 daf2d5b55cd44333883101898c1d9a0c 7145cf9ea1624d19810f69a82c83264b - - 9094370dcab443228e6924c7bf619906 9094370dcab443228e6924c7bf619906] 10.0.0.3 "GET /resource_providers/a29ecfc2-ea46-4a75-832a-13debf0724ab/aggregates" status: 404 len: 235 microversion: 1.1 [pid: 8|app: 0|req: 640/1281] 10.0.0.3 () {32 vars in 814 bytes} [Fri May 8 11:40:02 2026] GET /resource_providers/a29ecfc2-ea46-4a75-832a-13debf0724ab/aggregates => generated 235 bytes in 67 msecs (HTTP/1.1 404) 5 headers in 202 bytes (1 switches on core 0)
2026-05-08 11:40:03.252 8 INFO placement.requestlog [None req-6dfcd22f-da78-4ff2-a0ba-fde853d3ae72 daf2d5b55cd44333883101898c1d9a0c 7145cf9ea1624d19810f69a82c83264b - - 9094370dcab443228e6924c7bf619906 9094370dcab443228e6924c7bf619906] 10.0.0.3 "DELETE /resource_providers/a29ecfc2-ea46-4a75-832a-13debf0724ab" status: 404 len: 246 microversion: 1.1 [pid: 8|app: 0|req: 641/1282] 10.0.0.3 () {34 vars in 814 bytes} [Fri May 8 11:40:03 2026] DELETE /resource_providers/a29ecfc2-ea46-4a75-832a-13debf0724ab => generated 246 bytes in 12 msecs (HTTP/1.1 404) 6 headers in 231 bytes (1 switches on core 0)
2026-05-08 11:40:03.253 7 INFO placement.requestlog [None req-5127b132-fd21-4289-9ba3-38b499f18e92 daf2d5b55cd44333883101898c1d9a0c 7145cf9ea1624d19810f69a82c83264b - - 9094370dcab443228e6924c7bf619906 9094370dcab443228e6924c7bf619906] 10.0.0.3 "DELETE /resource_providers/a29ecfc2-ea46-4a75-832a-13debf0724ab" status: 404 len: 246 microversion: 1.1 [pid: 7|app: 0|req: 642/1283] 10.0.0.3 () {34 vars in 814 bytes} [Fri May 8 11:40:03 2026] DELETE /resource_providers/a29ecfc2-ea46-4a75-832a-13debf0724ab => generated 246 bytes in 13 msecs (HTTP/1.1 404) 6 headers in 231 bytes (1 switches on core 0)
2026-05-08 11:40:05.281 8 INFO placement.requestlog [None req-281403c6-bae6-4747-9465-ff64a35053f7 daf2d5b55cd44333883101898c1d9a0c 7145cf9ea1624d19810f69a82c83264b - - 9094370dcab443228e6924c7bf619906 9094370dcab443228e6924c7bf619906] 10.0.0.3 "GET /resource_providers/3a306f34-5993-402f-98eb-60a4cfe30b8d/aggregates" status: 404 len: 235 microversion: 1.1 [pid: 8|app: 0|req: 642/1284] 10.0.0.3 () {32 vars in 814 bytes} [Fri May 8 11:40:05 2026] GET /resource_providers/3a306f34-5993-402f-98eb-60a4cfe30b8d/aggregates => generated 235 bytes in 14 msecs (HTTP/1.1 404) 5 headers in 202 bytes (1 switches on core 0)
2026-05-08 11:40:05.282 7 INFO placement.requestlog [None req-dfdf6d41-47b5-4474-82e9-8ebb8f12fc15 daf2d5b55cd44333883101898c1d9a0c 7145cf9ea1624d19810f69a82c83264b - - 9094370dcab443228e6924c7bf619906 9094370dcab443228e6924c7bf619906] 10.0.0.3 "GET /resource_providers/3a306f34-5993-402f-98eb-60a4cfe30b8d/aggregates" status: 404 len: 235 microversion: 1.1 [pid: 7|app: 0|req: 643/1285] 10.0.0.3 () {32 vars in 814 bytes} [Fri May 8 11:40:05 2026] GET /resource_providers/3a306f34-5993-402f-98eb-60a4cfe30b8d/aggregates => generated 235 bytes in 13 msecs (HTTP/1.1 404) 5 headers in 202 bytes (1 switches on core 0)
2026-05-08 11:40:05.329 7 INFO placement.requestlog [None req-2911da1a-5be7-4ebd-acda-ca3a9dc367db daf2d5b55cd44333883101898c1d9a0c 7145cf9ea1624d19810f69a82c83264b - - 9094370dcab443228e6924c7bf619906 9094370dcab443228e6924c7bf619906] 10.0.0.3 "DELETE /resource_providers/3a306f34-5993-402f-98eb-60a4cfe30b8d" status: 404 len: 246 microversion: 1.1 [pid: 7|app: 0|req: 644/1286] 10.0.0.3 () {34 vars in 814 bytes} [Fri May 8 11:40:05 2026] DELETE /resource_providers/3a306f34-5993-402f-98eb-60a4cfe30b8d => generated 246 bytes in 12 msecs (HTTP/1.1 404) 6 headers in 231 bytes (1 switches on core 0)
2026-05-08 11:40:05.332 8 INFO placement.requestlog [None req-d5842869-262b-4f67-891d-da4d7fad0ef4 daf2d5b55cd44333883101898c1d9a0c 7145cf9ea1624d19810f69a82c83264b - - 9094370dcab443228e6924c7bf619906 9094370dcab443228e6924c7bf619906] 10.0.0.3 "DELETE /resource_providers/3a306f34-5993-402f-98eb-60a4cfe30b8d" status: 404 len: 246 microversion: 1.1 [pid: 8|app: 0|req: 643/1287] 10.0.0.3 () {34 vars in 814 bytes} [Fri May 8 11:40:05 2026] DELETE /resource_providers/3a306f34-5993-402f-98eb-60a4cfe30b8d => generated 246 bytes in 15 msecs (HTTP/1.1 404) 6 headers in 231 bytes (1 switches on core 0)
2026-05-08 11:40:08.775 8 INFO placement.requestlog [None req-d7203115-b6ad-4d0f-ba7b-aff336eb49f4 daf2d5b55cd44333883101898c1d9a0c 7145cf9ea1624d19810f69a82c83264b - - 9094370dcab443228e6924c7bf619906 9094370dcab443228e6924c7bf619906] 10.0.0.3 "GET /resource_providers/ed3d3bdb-c060-4ce1-a150-740df5495e64/aggregates" status: 404 len: 235 microversion: 1.1 [pid: 8|app: 0|req: 644/1288] 10.0.0.3 () {32 vars in 814 bytes} [Fri May 8 11:40:08 2026] GET /resource_providers/ed3d3bdb-c060-4ce1-a150-740df5495e64/aggregates => generated 235 bytes in 12 msecs (HTTP/1.1 404) 5 headers in 202 bytes (1 switches on core 0)
2026-05-08 11:40:08.776 7 INFO placement.requestlog [None req-52bb6ccc-45b3-48a2-8895-ae40f82ed45a daf2d5b55cd44333883101898c1d9a0c 7145cf9ea1624d19810f69a82c83264b - - 9094370dcab443228e6924c7bf619906 9094370dcab443228e6924c7bf619906] 10.0.0.3 "GET /resource_providers/ed3d3bdb-c060-4ce1-a150-740df5495e64/aggregates" status: 404 len: 235 microversion: 1.1 [pid: 7|app: 0|req: 645/1289] 10.0.0.3 () {32 vars in 814 bytes} [Fri May 8 11:40:08 2026] GET /resource_providers/ed3d3bdb-c060-4ce1-a150-740df5495e64/aggregates => generated 235 bytes in 16 msecs (HTTP/1.1 404) 5 headers in 202 bytes (1 switches on core 0)
2026-05-08 11:40:08.796 8 INFO placement.requestlog [None req-f36be22c-e38a-456e-be75-6955395ef066 daf2d5b55cd44333883101898c1d9a0c 7145cf9ea1624d19810f69a82c83264b - - 9094370dcab443228e6924c7bf619906 9094370dcab443228e6924c7bf619906] 10.0.0.3 "DELETE /resource_providers/ed3d3bdb-c060-4ce1-a150-740df5495e64" status: 404 len: 246 microversion: 1.1 [pid: 8|app: 0|req: 645/1290] 10.0.0.3 () {34 vars in 814 bytes} [Fri May 8 11:40:08 2026] DELETE /resource_providers/ed3d3bdb-c060-4ce1-a150-740df5495e64 => generated 246 bytes in 10 msecs (HTTP/1.1 404) 6 headers in 231 bytes (1 switches on core 0)
2026-05-08 11:40:08.798 7 INFO placement.requestlog [None req-8a1d7927-2258-4305-828a-c77c72f29b77 daf2d5b55cd44333883101898c1d9a0c 7145cf9ea1624d19810f69a82c83264b - - 9094370dcab443228e6924c7bf619906 9094370dcab443228e6924c7bf619906] 10.0.0.3 "DELETE /resource_providers/ed3d3bdb-c060-4ce1-a150-740df5495e64" status: 404 len: 246 microversion: 1.1 [pid: 7|app: 0|req: 646/1291] 10.0.0.3 () {34 vars in 814 bytes} [Fri May 8 11:40:08 2026] DELETE /resource_providers/ed3d3bdb-c060-4ce1-a150-740df5495e64 => generated 246 bytes in 12 msecs (HTTP/1.1 404) 6 headers in 231 bytes (1 switches on core 0)
2026-05-08 11:40:08.820 7 INFO placement.requestlog [None req-b5d5a3c1-fb17-4169-8004-9a48103a386e daf2d5b55cd44333883101898c1d9a0c 7145cf9ea1624d19810f69a82c83264b - - 9094370dcab443228e6924c7bf619906 9094370dcab443228e6924c7bf619906] 10.0.0.3 "GET /resource_providers/6bb04c23-5f3a-4776-a516-813559997036/aggregates" status: 404 len: 235 microversion: 1.1 [pid: 7|app: 0|req: 647/1292] 10.0.0.3 () {32 vars in 814 bytes} [Fri May 8 11:40:08 2026] GET /resource_providers/6bb04c23-5f3a-4776-a516-813559997036/aggregates => generated 235 bytes in 10 msecs (HTTP/1.1 404) 5 headers in 202 bytes (1 switches on core 0)
2026-05-08 11:40:08.826 8 INFO placement.requestlog [None req-24d121c6-97f0-4742-a5a7-f11a150d0ce9 daf2d5b55cd44333883101898c1d9a0c 7145cf9ea1624d19810f69a82c83264b - - 9094370dcab443228e6924c7bf619906 9094370dcab443228e6924c7bf619906] 10.0.0.3 "GET /resource_providers/6bb04c23-5f3a-4776-a516-813559997036/aggregates" status: 404 len: 235 microversion: 1.1 [pid: 8|app: 0|req: 646/1293] 10.0.0.3 () {32 vars in 814 bytes} [Fri May 8 11:40:08 2026] GET /resource_providers/6bb04c23-5f3a-4776-a516-813559997036/aggregates => generated 235 bytes in 16 msecs (HTTP/1.1 404) 5 headers in 202 bytes (1 switches on core 0)
2026-05-08 11:40:08.845 8 INFO placement.requestlog [None req-68028863-3d35-4978-b7f1-8453e82c3256 daf2d5b55cd44333883101898c1d9a0c 7145cf9ea1624d19810f69a82c83264b - - 9094370dcab443228e6924c7bf619906 9094370dcab443228e6924c7bf619906] 10.0.0.3 "DELETE /resource_providers/6bb04c23-5f3a-4776-a516-813559997036" status: 404 len: 246 microversion: 1.1
2026-05-08 11:40:08.845 7 INFO placement.requestlog [None req-7a04e9e7-7a9d-4067-9abb-69ad46e4793a daf2d5b55cd44333883101898c1d9a0c 7145cf9ea1624d19810f69a82c83264b - - 9094370dcab443228e6924c7bf619906 9094370dcab443228e6924c7bf619906] 10.0.0.3 "DELETE /resource_providers/6bb04c23-5f3a-4776-a516-813559997036" status: 404 len: 246 microversion: 1.1 [pid: 8|app: 0|req: 647/1294] 10.0.0.3 () {34 vars in 814 bytes} [Fri May 8 11:40:08 2026] DELETE /resource_providers/6bb04c23-5f3a-4776-a516-813559997036 => generated 246 bytes in 12 msecs (HTTP/1.1 404) 6 headers in 231 bytes (1 switches on core 0) [pid: 7|app: 0|req: 648/1295] 10.0.0.3 () {34 vars in 814 bytes} [Fri May 8 11:40:08 2026] DELETE /resource_providers/6bb04c23-5f3a-4776-a516-813559997036 => generated 246 bytes in 18 msecs (HTTP/1.1 404) 6 headers in 231 bytes (1 switches on core 0)
2026-05-08 11:40:08.965 8 INFO placement.requestlog [None req-248bc6db-7993-4545-a369-945d2d55d5f3 - - - - - -] 10.0.0.227 "GET /" status: 200 len: 136 microversion: 1.0
2026-05-08 11:40:08.965 7 INFO placement.requestlog [None req-328f487e-f20c-4fde-9330-c340ca1007ca - - - - - -] 10.0.0.227 "GET /" status: 200 len: 136 microversion: 1.0
2026-05-08 11:40:18.966 8 INFO placement.requestlog [None req-9948b5d3-3b49-4172-bad3-9bb1642caa29 - - - - - -] 10.0.0.227 "GET /" status: 200 len: 136 microversion: 1.0
2026-05-08 11:40:18.967 7 INFO placement.requestlog [None req-e981f172-9fec-47d9-8daa-313de376c0f2 - - - - - -] 10.0.0.227 "GET /" status: 200 len: 136 microversion: 1.0
2026-05-08 11:40:28.966 7 INFO placement.requestlog [None req-caab4ced-7c1f-42a8-ac52-2173890da14f - - - - - -] 10.0.0.227 "GET /" status: 200 len: 136 microversion: 1.0
2026-05-08 11:40:28.966 8 INFO placement.requestlog [None req-b4edbb44-bed5-47dd-bd27-c18f0249b97e - - - - - -] 10.0.0.227 "GET /" status: 200 len: 136 microversion: 1.0
2026-05-08 11:40:38.966 8 INFO placement.requestlog [None req-81c4d75a-63be-4d2e-b6aa-621d8ad42d06 - - - - - -] 10.0.0.227 "GET /" status: 200 len: 136 microversion: 1.0
2026-05-08 11:40:38.966 7 INFO placement.requestlog [None req-fe79c1fb-0ca1-4f7a-8e3d-f3ae8a2ca93d - - - - - -] 10.0.0.227 "GET /" status: 200 len: 136 microversion: 1.0
2026-05-08 11:40:48.965 7 INFO placement.requestlog [None req-36850ed9-a751-4853-811d-8c2dcce493e1 - - - - - -] 10.0.0.227 "GET /" status: 200 len: 136 microversion: 1.0
2026-05-08 11:40:48.966 8 INFO placement.requestlog [None req-5687f840-f9c3-4897-9103-56b30facd2ab - - - - - -] 10.0.0.227 "GET /" status: 200 len: 136 microversion: 1.0
2026-05-08 11:40:58.966 7 INFO placement.requestlog [None req-6c451925-8cff-4050-be6d-f75fc6d33cc1 - - - - - -] 10.0.0.227 "GET /" status: 200 len: 136 microversion: 1.0
2026-05-08 11:40:58.967 8 INFO placement.requestlog [None req-4ca2471a-ac2a-47a7-b5a2-6a5f3d2eccb9 - - - - - -] 10.0.0.227 "GET /" status: 200 len: 136 microversion: 1.0
2026-05-08 11:41:01.297 7 INFO placement.requestlog [req-07421a57-b783-4286-8f43-24ad7d2e3b30 req-7ebda5f8-dc69-467b-aaae-462b9ff271c6 4ccb34de123247caaf8470d3a2bc7072 7145cf9ea1624d19810f69a82c83264b - - 9094370dcab443228e6924c7bf619906 9094370dcab443228e6924c7bf619906] 199.204.45.89 "GET /resource_providers/d36974ec-6962-4c17-badc-70d1497001a9/allocations" status: 200 len: 55 microversion: 1.0 [pid: 7|app: 0|req: 655/1308] 199.204.45.89 () {32 vars in 856 bytes} [Fri May 8 11:41:01 2026] GET /resource_providers/d36974ec-6962-4c17-badc-70d1497001a9/allocations => generated 55 bytes in 24 msecs (HTTP/1.1 200) 6 headers in 223 bytes (1 switches on core 0)
2026-05-08 11:41:01.321 8 INFO placement.requestlog [req-07421a57-b783-4286-8f43-24ad7d2e3b30 req-b97c3939-b43a-464f-bbb8-2cec59e7298f 4ccb34de123247caaf8470d3a2bc7072 7145cf9ea1624d19810f69a82c83264b - - 9094370dcab443228e6924c7bf619906 9094370dcab443228e6924c7bf619906] 199.204.45.89 "GET /resource_providers/d36974ec-6962-4c17-badc-70d1497001a9/allocations" status: 200 len: 55 microversion: 1.0 [pid: 8|app: 0|req: 654/1309] 199.204.45.89 () {32 vars in 856 bytes} [Fri May 8 11:41:01 2026] GET /resource_providers/d36974ec-6962-4c17-badc-70d1497001a9/allocations => generated 55 bytes in 15 msecs (HTTP/1.1 200) 6 headers in 223 bytes (1 switches on core 0)
2026-05-08 11:41:08.966 7 INFO placement.requestlog [None req-e8c144a0-0e3b-455d-85f4-1cc2ee669ec2 - - - - - -] 10.0.0.227 "GET /" status: 200 len: 136 microversion: 1.0
2026-05-08 11:41:08.966 8 INFO placement.requestlog [None req-3860b863-3102-441c-9cdc-49bb96be2797 - - - - - -] 10.0.0.227 "GET /" status: 200 len: 136 microversion: 1.0
2026-05-08 11:41:18.965 7 INFO placement.requestlog [None req-83b9389d-5835-4600-bb8d-2fb03cba02f0 - - - - - -] 10.0.0.227 "GET /" status: 200 len: 136 microversion: 1.0
2026-05-08 11:41:18.965 8 INFO placement.requestlog [None req-88f11559-d3b0-4278-9543-c8a45cf74969 - - - - - -] 10.0.0.227 "GET /" status: 200 len: 136 microversion: 1.0
2026-05-08 11:41:28.967 7 INFO placement.requestlog [None req-9d6da387-20f5-4628-bde3-d8682af7916e - - - - - -] 10.0.0.227 "GET /" status: 200 len: 136 microversion: 1.0
2026-05-08 11:41:28.966 8 INFO placement.requestlog [None req-38c58d14-aced-413a-bda5-40ceab530df0 - - - - - -] 10.0.0.227 "GET /" status: 200 len: 136 microversion: 1.0
2026-05-08 11:41:38.965 8 INFO placement.requestlog [None req-e01ac5ad-f5de-4d93-9789-156364f74f2f - - - - - -] 10.0.0.227 "GET /" status: 200 len: 136 microversion: 1.0
2026-05-08 11:41:38.965 7 INFO placement.requestlog [None req-601f9dc7-4698-48f3-bb6f-e2d84228481a - - - - - -] 10.0.0.227 "GET /" status: 200 len: 136 microversion: 1.0
2026-05-08 11:41:48.965 7 INFO placement.requestlog [None req-67e504d6-ea42-4fd4-b929-b24b2d8df79b - - - - - -] 10.0.0.227 "GET /" status: 200 len: 136 microversion: 1.0
2026-05-08 11:41:48.965 8 INFO placement.requestlog [None req-032592a5-bd3e-4559-ad58-256f4db9fc92 - - - - - -] 10.0.0.227 "GET /" status: 200 len: 136 microversion: 1.0
2026-05-08 11:41:58.966 7 INFO placement.requestlog [None req-2e5380de-d9bb-4b93-88a0-46a2198cbb6a - - - - - -] 10.0.0.227 "GET /" status: 200 len: 136 microversion: 1.0
2026-05-08 11:41:58.966 8 INFO placement.requestlog [None req-9029468a-ba90-45f5-87fc-a86892d0ce1a - - - - - -] 10.0.0.227 "GET /" status: 200 len: 136 microversion: 1.0
2026-05-08 11:42:01.331 8 INFO placement.requestlog [req-351a156f-ae17-4b9c-b8c0-001f9dd3dfe3 req-e12eba0b-3e58-4e69-82ee-3e726fd2965c 4ccb34de123247caaf8470d3a2bc7072 7145cf9ea1624d19810f69a82c83264b - - 9094370dcab443228e6924c7bf619906 9094370dcab443228e6924c7bf619906] 199.204.45.89 "GET /resource_providers/d36974ec-6962-4c17-badc-70d1497001a9/allocations" status: 200 len: 55 microversion: 1.0 [pid: 8|app: 0|req: 661/1322] 199.204.45.89 () {32 vars in 856 bytes} [Fri May 8 11:42:01 2026] GET /resource_providers/d36974ec-6962-4c17-badc-70d1497001a9/allocations => generated 55 bytes in 19 msecs (HTTP/1.1 200) 6 headers in 223 bytes (1 switches on core 0)
2026-05-08 11:42:01.363 7 INFO placement.requestlog [req-351a156f-ae17-4b9c-b8c0-001f9dd3dfe3 req-5d45660f-99d6-4bc9-bfc3-f75fcdf36c71 4ccb34de123247caaf8470d3a2bc7072 7145cf9ea1624d19810f69a82c83264b - - 9094370dcab443228e6924c7bf619906 9094370dcab443228e6924c7bf619906] 199.204.45.89 "GET /resource_providers/d36974ec-6962-4c17-badc-70d1497001a9/allocations" status: 200 len: 55 microversion: 1.0 [pid: 7|app: 0|req: 662/1323] 199.204.45.89 () {32 vars in 856 bytes} [Fri May 8 11:42:01 2026] GET /resource_providers/d36974ec-6962-4c17-badc-70d1497001a9/allocations => generated 55 bytes in 18 msecs (HTTP/1.1 200) 6 headers in 223 bytes (1 switches on core 0)
2026-05-08 11:42:08.966 8 INFO placement.requestlog [None req-d487fedb-cf24-46a9-aedd-e55e4f8d2314 - - - - - -] 10.0.0.227 "GET /" status: 200 len: 136 microversion: 1.0
2026-05-08 11:42:08.966 7 INFO placement.requestlog [None req-a4761c0d-f559-4772-8271-f84e0a8aaef4 - - - - - -] 10.0.0.227 "GET /" status: 200 len: 136 microversion: 1.0
2026-05-08 11:42:18.966 7 INFO placement.requestlog [None req-fc7f6d4c-189b-4277-919e-b4dfaede68ed - - - - - -] 10.0.0.227 "GET /" status: 200 len: 136 microversion: 1.0
2026-05-08 11:42:18.966 8 INFO placement.requestlog [None req-e1003df7-7080-4b0f-9a59-bab1272326d0 - - - - - -] 10.0.0.227 "GET /" status: 200 len: 136 microversion: 1.0
2026-05-08 11:42:28.966 7 INFO placement.requestlog [None req-3292d6cb-7bec-4a62-95ac-f87771a7bc43 - - - - - -] 10.0.0.227 "GET /" status: 200 len: 136 microversion: 1.0
2026-05-08 11:42:28.967 8 INFO placement.requestlog [None req-7f16d68c-731f-4729-babe-287aaa1eb103 - - - - - -] 10.0.0.227 "GET /" status: 200 len: 136 microversion: 1.0
2026-05-08 11:42:38.966 7 INFO placement.requestlog [None req-64ae2c4d-215a-4e89-9dc9-130dcaab6dec - - - - - -] 10.0.0.227 "GET /" status: 200 len: 136 microversion: 1.0
2026-05-08 11:42:38.966 8 INFO placement.requestlog [None req-73199c47-32a1-4176-897e-c2466f2f535b - - - - - -] 10.0.0.227 "GET /" status: 200 len: 136 microversion: 1.0
2026-05-08 11:42:48.965 7 INFO placement.requestlog [None req-e156c1e7-3395-4ceb-8967-99de96b4e9d8 - - - - - -] 10.0.0.227 "GET /" status: 200 len: 136 microversion: 1.0
2026-05-08 11:42:48.967 8 INFO placement.requestlog [None req-121e09eb-e0d2-421e-85cf-c63c156df1ba - - - - - -] 10.0.0.227 "GET /" status: 200 len: 136 microversion: 1.0
2026-05-08 11:42:58.965 7 INFO placement.requestlog [None req-61e56bf7-1a19-4692-b1cb-dbfc4f3e73bc - - - - - -] 10.0.0.227 "GET /" status: 200 len: 136 microversion: 1.0
2026-05-08 11:42:58.966 8 INFO placement.requestlog [None req-31dcf0cd-25f2-4729-a835-e69b7f1442e7 - - - - - -] 10.0.0.227 "GET /" status: 200 len: 136 microversion: 1.0
2026-05-08 11:43:03.133 7 INFO placement.requestlog [req-825315a9-8a8a-4c9e-aeb3-b7abcdb292b4 req-e911d1be-7256-4db6-8bdf-3ebf3ec7dd5a 4ccb34de123247caaf8470d3a2bc7072 7145cf9ea1624d19810f69a82c83264b - - 9094370dcab443228e6924c7bf619906 9094370dcab443228e6924c7bf619906] 199.204.45.89 "GET /resource_providers/d36974ec-6962-4c17-badc-70d1497001a9/allocations" status: 200 len: 55 microversion: 1.0 [pid: 7|app: 0|req: 669/1336] 199.204.45.89 () {32 vars in 856 bytes} [Fri May 8 11:43:03 2026] GET /resource_providers/d36974ec-6962-4c17-badc-70d1497001a9/allocations => generated 55 bytes in 40 msecs (HTTP/1.1 200) 6 headers in 223 bytes (1 switches on core 0)
2026-05-08 11:43:03.169 8 INFO placement.requestlog [req-825315a9-8a8a-4c9e-aeb3-b7abcdb292b4 req-51b0e91c-d70e-4cdb-bfa9-616309b43e2b 4ccb34de123247caaf8470d3a2bc7072 7145cf9ea1624d19810f69a82c83264b - - 9094370dcab443228e6924c7bf619906 9094370dcab443228e6924c7bf619906] 199.204.45.89 "GET /resource_providers/d36974ec-6962-4c17-badc-70d1497001a9/allocations" status: 200 len: 55 microversion: 1.0 [pid: 8|app: 0|req: 668/1337] 199.204.45.89 () {32 vars in 856 bytes} [Fri May 8 11:43:03 2026] GET /resource_providers/d36974ec-6962-4c17-badc-70d1497001a9/allocations => generated 55 bytes in 22 msecs (HTTP/1.1 200) 6 headers in 223 bytes (1 switches on core 0)
