Mar 23 06:16:44.691468 np0000160338 nova-scheduler[107653]: DEBUG cotyledon.oslo_config_glue [-] workarounds.disable_compute_service_check_for_ffu = False {{(pid=107653) log_opt_values /opt/stack/data/venv/lib/python3.12/site-packages/oslo_config/cfg.py:3006}}
Mar 23 06:16:44.691468 np0000160338 nova-scheduler[107653]: DEBUG cotyledon.oslo_config_glue [-] workarounds.disable_deep_image_inspection = False {{(pid=107653) log_opt_values /opt/stack/data/venv/lib/python3.12/site-packages/oslo_config/cfg.py:3006}}
Mar 23 06:16:44.691468 np0000160338 nova-scheduler[107653]: DEBUG cotyledon.oslo_config_glue [-] workarounds.disable_fallback_pcpu_query = False {{(pid=107653) log_opt_values /opt/stack/data/venv/lib/python3.12/site-packages/oslo_config/cfg.py:3006}}
Mar 23 06:16:44.691468 np0000160338 nova-scheduler[107653]: DEBUG cotyledon.oslo_config_glue [-] workarounds.disable_group_policy_check_upcall = False {{(pid=107653) log_opt_values /opt/stack/data/venv/lib/python3.12/site-packages/oslo_config/cfg.py:3006}}
Mar 23 06:16:44.691468 np0000160338 nova-scheduler[107653]: DEBUG cotyledon.oslo_config_glue [-] workarounds.disable_libvirt_livesnapshot = False {{(pid=107653) log_opt_values /opt/stack/data/venv/lib/python3.12/site-packages/oslo_config/cfg.py:3006}}
Mar 23 06:16:44.691468 np0000160338 nova-scheduler[107653]: DEBUG cotyledon.oslo_config_glue [-] workarounds.disable_rootwrap = False {{(pid=107653) log_opt_values /opt/stack/data/venv/lib/python3.12/site-packages/oslo_config/cfg.py:3006}}
Mar 23 06:16:44.691468 np0000160338 nova-scheduler[107653]: DEBUG cotyledon.oslo_config_glue [-] workarounds.enable_numa_live_migration = False {{(pid=107653) log_opt_values /opt/stack/data/venv/lib/python3.12/site-packages/oslo_config/cfg.py:3006}}
Mar 23 06:16:44.691675 np0000160338 nova-scheduler[107653]: DEBUG cotyledon.oslo_config_glue [-] workarounds.enable_qemu_monitor_announce_self = False {{(pid=107653) log_opt_values /opt/stack/data/venv/lib/python3.12/site-packages/oslo_config/cfg.py:3006}}
Mar 23 06:16:44.691675 np0000160338 nova-scheduler[107653]: DEBUG cotyledon.oslo_config_glue [-] workarounds.ensure_libvirt_rbd_instance_dir_cleanup = False {{(pid=107653) log_opt_values /opt/stack/data/venv/lib/python3.12/site-packages/oslo_config/cfg.py:3006}}
Mar 23 06:16:44.691675 np0000160338 nova-scheduler[107653]: DEBUG cotyledon.oslo_config_glue [-] workarounds.handle_virt_lifecycle_events = True {{(pid=107653) log_opt_values /opt/stack/data/venv/lib/python3.12/site-packages/oslo_config/cfg.py:3006}}
Mar 23 06:16:44.691675 np0000160338 nova-scheduler[107653]: DEBUG cotyledon.oslo_config_glue [-] workarounds.libvirt_disable_apic = False {{(pid=107653) log_opt_values /opt/stack/data/venv/lib/python3.12/site-packages/oslo_config/cfg.py:3006}}
Mar 23 06:16:44.691675 np0000160338 nova-scheduler[107653]: DEBUG cotyledon.oslo_config_glue [-] workarounds.never_download_image_if_on_rbd = False {{(pid=107653) log_opt_values /opt/stack/data/venv/lib/python3.12/site-packages/oslo_config/cfg.py:3006}}
Mar 23 06:16:44.691675 np0000160338 nova-scheduler[107653]: DEBUG cotyledon.oslo_config_glue [-] workarounds.qemu_monitor_announce_self_count = 3 {{(pid=107653) log_opt_values /opt/stack/data/venv/lib/python3.12/site-packages/oslo_config/cfg.py:3006}}
Mar 23 06:16:44.691675 np0000160338 nova-scheduler[107653]: DEBUG cotyledon.oslo_config_glue [-] workarounds.qemu_monitor_announce_self_interval = 1 {{(pid=107653) log_opt_values /opt/stack/data/venv/lib/python3.12/site-packages/oslo_config/cfg.py:3006}}
Mar 23 06:16:44.691675 np0000160338 nova-scheduler[107653]: DEBUG cotyledon.oslo_config_glue [-] workarounds.reserve_disk_resource_for_image_cache = False {{(pid=107653) log_opt_values /opt/stack/data/venv/lib/python3.12/site-packages/oslo_config/cfg.py:3006}}
Mar 23 06:16:44.691675 np0000160338 nova-scheduler[107653]: DEBUG cotyledon.oslo_config_glue [-] workarounds.skip_cpu_compare_at_startup = False {{(pid=107653) log_opt_values /opt/stack/data/venv/lib/python3.12/site-packages/oslo_config/cfg.py:3006}}
Mar 23 06:16:44.691954 np0000160338 nova-scheduler[107653]: DEBUG cotyledon.oslo_config_glue [-] workarounds.skip_cpu_compare_on_dest = False {{(pid=107653) log_opt_values /opt/stack/data/venv/lib/python3.12/site-packages/oslo_config/cfg.py:3006}}
Mar 23 06:16:44.691954 np0000160338 nova-scheduler[107653]: DEBUG cotyledon.oslo_config_glue [-] workarounds.skip_hypervisor_version_check_on_lm = False {{(pid=107653) log_opt_values /opt/stack/data/venv/lib/python3.12/site-packages/oslo_config/cfg.py:3006}}
Mar 23 06:16:44.691954 np0000160338 nova-scheduler[107653]: DEBUG cotyledon.oslo_config_glue [-] workarounds.skip_reserve_in_use_ironic_nodes = False {{(pid=107653) log_opt_values /opt/stack/data/venv/lib/python3.12/site-packages/oslo_config/cfg.py:3006}}
Mar 23 06:16:44.691954 np0000160338 nova-scheduler[107653]: DEBUG cotyledon.oslo_config_glue [-] workarounds.unified_limits_count_pcpu_as_vcpu = False {{(pid=107653) log_opt_values /opt/stack/data/venv/lib/python3.12/site-packages/oslo_config/cfg.py:3006}}
Mar 23 06:16:44.691954 np0000160338 nova-scheduler[107653]: DEBUG cotyledon.oslo_config_glue [-] workarounds.wait_for_vif_plugged_event_during_hard_reboot = [] {{(pid=107653) log_opt_values /opt/stack/data/venv/lib/python3.12/site-packages/oslo_config/cfg.py:3006}}
Mar 23 06:16:44.691954 np0000160338 nova-scheduler[107653]: DEBUG cotyledon.oslo_config_glue [-] wsgi.api_paste_config = /etc/nova/api-paste.ini {{(pid=107653) log_opt_values /opt/stack/data/venv/lib/python3.12/site-packages/oslo_config/cfg.py:3006}}
Mar 23 06:16:44.691954 np0000160338 nova-scheduler[107653]: DEBUG cotyledon.oslo_config_glue [-] wsgi.secure_proxy_ssl_header = None {{(pid=107653) log_opt_values /opt/stack/data/venv/lib/python3.12/site-packages/oslo_config/cfg.py:3006}}
Mar 23 06:16:44.691954 np0000160338 nova-scheduler[107653]: DEBUG cotyledon.oslo_config_glue [-] zvm.ca_file = None {{(pid=107653) log_opt_values /opt/stack/data/venv/lib/python3.12/site-packages/oslo_config/cfg.py:3006}}
Mar 23 06:16:44.691954 np0000160338 nova-scheduler[107653]: DEBUG cotyledon.oslo_config_glue [-] zvm.cloud_connector_url = None {{(pid=107653) log_opt_values /opt/stack/data/venv/lib/python3.12/site-packages/oslo_config/cfg.py:3006}}
Mar 23 06:16:44.692177 np0000160338 nova-scheduler[107653]: DEBUG cotyledon.oslo_config_glue [-] zvm.image_tmp_path = /opt/stack/data/nova/images {{(pid=107653) log_opt_values /opt/stack/data/venv/lib/python3.12/site-packages/oslo_config/cfg.py:3006}}
Mar 23 06:16:44.692177 np0000160338 nova-scheduler[107653]: DEBUG cotyledon.oslo_config_glue [-] zvm.reachable_timeout = 300 {{(pid=107653) log_opt_values /opt/stack/data/venv/lib/python3.12/site-packages/oslo_config/cfg.py:3006}}
Mar 23 06:16:44.692177 np0000160338 nova-scheduler[107653]: DEBUG cotyledon.oslo_config_glue [-] oslo_versionedobjects.fatal_exception_format_errors = False {{(pid=107653) log_opt_values /opt/stack/data/venv/lib/python3.12/site-packages/oslo_config/cfg.py:3006}}
Mar 23 06:16:44.692177 np0000160338 nova-scheduler[107653]: DEBUG cotyledon.oslo_config_glue [-] oslo_middleware.http_basic_auth_user_file = /etc/htpasswd {{(pid=107653) log_opt_values /opt/stack/data/venv/lib/python3.12/site-packages/oslo_config/cfg.py:3006}}
Mar 23 06:16:44.692177 np0000160338 nova-scheduler[107653]: DEBUG cotyledon.oslo_config_glue [-] oslo_messaging_metrics.metrics_buffer_size = 1000 {{(pid=107653) log_opt_values /opt/stack/data/venv/lib/python3.12/site-packages/oslo_config/cfg.py:3006}}
Mar 23 06:16:44.692177 np0000160338 nova-scheduler[107653]: DEBUG cotyledon.oslo_config_glue [-] oslo_messaging_metrics.metrics_enabled = False {{(pid=107653) log_opt_values /opt/stack/data/venv/lib/python3.12/site-packages/oslo_config/cfg.py:3006}}
Mar 23 06:16:44.692177 np0000160338 nova-scheduler[107653]: DEBUG cotyledon.oslo_config_glue [-] oslo_messaging_metrics.metrics_process_name = {{(pid=107653) log_opt_values /opt/stack/data/venv/lib/python3.12/site-packages/oslo_config/cfg.py:3006}}
Mar 23 06:16:44.692177 np0000160338 nova-scheduler[107653]: DEBUG cotyledon.oslo_config_glue [-] oslo_messaging_metrics.metrics_socket_file = /var/tmp/metrics_collector.sock {{(pid=107653) log_opt_values /opt/stack/data/venv/lib/python3.12/site-packages/oslo_config/cfg.py:3006}}
Mar 23 06:16:44.692364 np0000160338 nova-scheduler[107653]: DEBUG cotyledon.oslo_config_glue [-] oslo_messaging_metrics.metrics_thread_stop_timeout = 10 {{(pid=107653) log_opt_values /opt/stack/data/venv/lib/python3.12/site-packages/oslo_config/cfg.py:3006}}
Mar 23 06:16:44.692364 np0000160338 nova-scheduler[107653]: DEBUG cotyledon.oslo_config_glue [-] profiler.connection_string = messaging:// {{(pid=107653) log_opt_values /opt/stack/data/venv/lib/python3.12/site-packages/oslo_config/cfg.py:3006}}
Mar 23 06:16:44.692364 np0000160338 nova-scheduler[107653]: DEBUG cotyledon.oslo_config_glue [-] profiler.enabled = False {{(pid=107653) log_opt_values /opt/stack/data/venv/lib/python3.12/site-packages/oslo_config/cfg.py:3006}}
Mar 23 06:16:44.692364 np0000160338 nova-scheduler[107653]: DEBUG cotyledon.oslo_config_glue [-] profiler.es_doc_type = notification {{(pid=107653) log_opt_values /opt/stack/data/venv/lib/python3.12/site-packages/oslo_config/cfg.py:3006}}
Mar 23 06:16:44.692364 np0000160338 nova-scheduler[107653]: DEBUG cotyledon.oslo_config_glue [-] profiler.es_scroll_size = 10000 {{(pid=107653) log_opt_values /opt/stack/data/venv/lib/python3.12/site-packages/oslo_config/cfg.py:3006}}
Mar 23 06:16:44.692364 np0000160338 nova-scheduler[107653]: DEBUG cotyledon.oslo_config_glue [-] profiler.es_scroll_time = 2m {{(pid=107653) log_opt_values /opt/stack/data/venv/lib/python3.12/site-packages/oslo_config/cfg.py:3006}}
Mar 23 06:16:44.692364 np0000160338 nova-scheduler[107653]: DEBUG cotyledon.oslo_config_glue [-] profiler.filter_error_trace = False {{(pid=107653) log_opt_values /opt/stack/data/venv/lib/python3.12/site-packages/oslo_config/cfg.py:3006}}
Mar 23 06:16:44.692364 np0000160338 nova-scheduler[107653]: DEBUG cotyledon.oslo_config_glue [-] profiler.hmac_keys = **** {{(pid=107653) log_opt_values /opt/stack/data/venv/lib/python3.12/site-packages/oslo_config/cfg.py:3006}}
Mar 23 06:16:44.692364 np0000160338 nova-scheduler[107653]: DEBUG cotyledon.oslo_config_glue [-] profiler.sentinel_service_name = mymaster {{(pid=107653) log_opt_values /opt/stack/data/venv/lib/python3.12/site-packages/oslo_config/cfg.py:3006}}
Mar 23 06:16:44.692585 np0000160338 nova-scheduler[107653]: DEBUG cotyledon.oslo_config_glue [-] profiler.socket_timeout = 0.1 {{(pid=107653) log_opt_values /opt/stack/data/venv/lib/python3.12/site-packages/oslo_config/cfg.py:3006}}
Mar 23 06:16:44.692585 np0000160338 nova-scheduler[107653]: DEBUG cotyledon.oslo_config_glue [-] profiler.trace_requests = False {{(pid=107653) log_opt_values /opt/stack/data/venv/lib/python3.12/site-packages/oslo_config/cfg.py:3006}}
Mar 23 06:16:44.692585 np0000160338 nova-scheduler[107653]: DEBUG cotyledon.oslo_config_glue [-] profiler.trace_sqlalchemy = False {{(pid=107653) log_opt_values /opt/stack/data/venv/lib/python3.12/site-packages/oslo_config/cfg.py:3006}}
Mar 23 06:16:44.692585 np0000160338 nova-scheduler[107653]: DEBUG cotyledon.oslo_config_glue [-] profiler_jaeger.process_tags = {} {{(pid=107653) log_opt_values /opt/stack/data/venv/lib/python3.12/site-packages/oslo_config/cfg.py:3006}}
Mar 23 06:16:44.692585 np0000160338 nova-scheduler[107653]: DEBUG cotyledon.oslo_config_glue [-] profiler_jaeger.service_name_prefix = None {{(pid=107653) log_opt_values /opt/stack/data/venv/lib/python3.12/site-packages/oslo_config/cfg.py:3006}}
Mar 23 06:16:44.692585 np0000160338 nova-scheduler[107653]: DEBUG cotyledon.oslo_config_glue [-] profiler_otlp.service_name_prefix = None {{(pid=107653) log_opt_values /opt/stack/data/venv/lib/python3.12/site-packages/oslo_config/cfg.py:3006}}
Mar 23 06:16:44.692585 np0000160338 nova-scheduler[107653]: DEBUG cotyledon.oslo_config_glue [-] oslo_messaging_rabbit.amqp_auto_delete = False {{(pid=107653) log_opt_values /opt/stack/data/venv/lib/python3.12/site-packages/oslo_config/cfg.py:3006}}
Mar 23 06:16:44.692585 np0000160338 nova-scheduler[107653]: DEBUG cotyledon.oslo_config_glue [-] oslo_messaging_rabbit.amqp_durable_queues = False {{(pid=107653) log_opt_values /opt/stack/data/venv/lib/python3.12/site-packages/oslo_config/cfg.py:3006}}
Mar 23 06:16:44.692585 np0000160338 nova-scheduler[107653]: DEBUG cotyledon.oslo_config_glue [-] oslo_messaging_rabbit.conn_pool_min_size = 2 {{(pid=107653) log_opt_values /opt/stack/data/venv/lib/python3.12/site-packages/oslo_config/cfg.py:3006}}
Mar 23 06:16:44.692865 np0000160338 nova-scheduler[107653]: DEBUG cotyledon.oslo_config_glue [-] oslo_messaging_rabbit.conn_pool_ttl = 1200 {{(pid=107653) log_opt_values /opt/stack/data/venv/lib/python3.12/site-packages/oslo_config/cfg.py:3006}}
Mar 23 06:16:44.692865 np0000160338 nova-scheduler[107653]: DEBUG cotyledon.oslo_config_glue [-] oslo_messaging_rabbit.direct_mandatory_flag = True {{(pid=107653) log_opt_values /opt/stack/data/venv/lib/python3.12/site-packages/oslo_config/cfg.py:3006}}
Mar 23 06:16:44.692865 np0000160338 nova-scheduler[107653]: DEBUG cotyledon.oslo_config_glue [-] oslo_messaging_rabbit.enable_cancel_on_failover = False {{(pid=107653) log_opt_values /opt/stack/data/venv/lib/python3.12/site-packages/oslo_config/cfg.py:3006}}
Mar 23 06:16:44.692865 np0000160338 nova-scheduler[107653]: DEBUG cotyledon.oslo_config_glue [-] oslo_messaging_rabbit.heartbeat_in_pthread = False {{(pid=107653) log_opt_values /opt/stack/data/venv/lib/python3.12/site-packages/oslo_config/cfg.py:3006}}
Mar 23 06:16:44.692865 np0000160338 nova-scheduler[107653]: DEBUG cotyledon.oslo_config_glue [-] oslo_messaging_rabbit.heartbeat_rate = 3 {{(pid=107653) log_opt_values /opt/stack/data/venv/lib/python3.12/site-packages/oslo_config/cfg.py:3006}}
Mar 23 06:16:44.692865 np0000160338 nova-scheduler[107653]: DEBUG cotyledon.oslo_config_glue [-] oslo_messaging_rabbit.heartbeat_timeout_threshold = 60 {{(pid=107653) log_opt_values /opt/stack/data/venv/lib/python3.12/site-packages/oslo_config/cfg.py:3006}}
Mar 23 06:16:44.692865 np0000160338 nova-scheduler[107653]: DEBUG cotyledon.oslo_config_glue [-] oslo_messaging_rabbit.hostname = np0000160338 {{(pid=107653) log_opt_values /opt/stack/data/venv/lib/python3.12/site-packages/oslo_config/cfg.py:3006}}
Mar 23 06:16:44.692865 np0000160338 nova-scheduler[107653]: DEBUG cotyledon.oslo_config_glue [-] oslo_messaging_rabbit.kombu_compression = None {{(pid=107653) log_opt_values /opt/stack/data/venv/lib/python3.12/site-packages/oslo_config/cfg.py:3006}}
Mar 23 06:16:44.692865 np0000160338 nova-scheduler[107653]: DEBUG cotyledon.oslo_config_glue [-] oslo_messaging_rabbit.kombu_failover_strategy = round-robin {{(pid=107653) log_opt_values /opt/stack/data/venv/lib/python3.12/site-packages/oslo_config/cfg.py:3006}}
Mar 23 06:16:44.693072 np0000160338 nova-scheduler[107653]: DEBUG cotyledon.oslo_config_glue [-] oslo_messaging_rabbit.kombu_missing_consumer_retry_timeout = 60 {{(pid=107653) log_opt_values /opt/stack/data/venv/lib/python3.12/site-packages/oslo_config/cfg.py:3006}}
Mar 23 06:16:44.693072 np0000160338 nova-scheduler[107653]: DEBUG cotyledon.oslo_config_glue [-] oslo_messaging_rabbit.kombu_reconnect_delay = 1.0 {{(pid=107653) log_opt_values /opt/stack/data/venv/lib/python3.12/site-packages/oslo_config/cfg.py:3006}}
Mar 23 06:16:44.693072 np0000160338 nova-scheduler[107653]: DEBUG cotyledon.oslo_config_glue [-] oslo_messaging_rabbit.kombu_reconnect_splay = 0.0 {{(pid=107653) log_opt_values /opt/stack/data/venv/lib/python3.12/site-packages/oslo_config/cfg.py:3006}}
Mar 23 06:16:44.693072 np0000160338 nova-scheduler[107653]: DEBUG cotyledon.oslo_config_glue [-] oslo_messaging_rabbit.processname = nova-scheduler {{(pid=107653) log_opt_values /opt/stack/data/venv/lib/python3.12/site-packages/oslo_config/cfg.py:3006}}
Mar 23 06:16:44.693072 np0000160338 nova-scheduler[107653]: DEBUG cotyledon.oslo_config_glue [-] oslo_messaging_rabbit.rabbit_ha_queues = False {{(pid=107653) log_opt_values /opt/stack/data/venv/lib/python3.12/site-packages/oslo_config/cfg.py:3006}}
Mar 23 06:16:44.693072 np0000160338 nova-scheduler[107653]: DEBUG cotyledon.oslo_config_glue [-] oslo_messaging_rabbit.rabbit_interval_max = 30 {{(pid=107653) log_opt_values /opt/stack/data/venv/lib/python3.12/site-packages/oslo_config/cfg.py:3006}}
Mar 23 06:16:44.693072 np0000160338 nova-scheduler[107653]: DEBUG cotyledon.oslo_config_glue [-] oslo_messaging_rabbit.rabbit_login_method = AMQPLAIN {{(pid=107653) log_opt_values /opt/stack/data/venv/lib/python3.12/site-packages/oslo_config/cfg.py:3006}}
Mar 23 06:16:44.693072 np0000160338 nova-scheduler[107653]: DEBUG cotyledon.oslo_config_glue [-] oslo_messaging_rabbit.rabbit_qos_prefetch_count = 0 {{(pid=107653) log_opt_values /opt/stack/data/venv/lib/python3.12/site-packages/oslo_config/cfg.py:3006}}
Mar 23 06:16:44.693255 np0000160338 nova-scheduler[107653]: DEBUG cotyledon.oslo_config_glue [-] oslo_messaging_rabbit.rabbit_quorum_delivery_limit = 0 {{(pid=107653) log_opt_values /opt/stack/data/venv/lib/python3.12/site-packages/oslo_config/cfg.py:3006}}
Mar 23 06:16:44.693255 np0000160338 nova-scheduler[107653]: DEBUG cotyledon.oslo_config_glue [-] oslo_messaging_rabbit.rabbit_quorum_max_memory_bytes = 0 {{(pid=107653) log_opt_values /opt/stack/data/venv/lib/python3.12/site-packages/oslo_config/cfg.py:3006}}
Mar 23 06:16:44.693255 np0000160338 nova-scheduler[107653]: DEBUG cotyledon.oslo_config_glue [-] oslo_messaging_rabbit.rabbit_quorum_max_memory_length = 0 {{(pid=107653) log_opt_values /opt/stack/data/venv/lib/python3.12/site-packages/oslo_config/cfg.py:3006}}
Mar 23 06:16:44.693255 np0000160338 nova-scheduler[107653]: DEBUG cotyledon.oslo_config_glue [-] oslo_messaging_rabbit.rabbit_quorum_queue = False {{(pid=107653) log_opt_values /opt/stack/data/venv/lib/python3.12/site-packages/oslo_config/cfg.py:3006}}
Mar 23 06:16:44.693255 np0000160338 nova-scheduler[107653]: DEBUG cotyledon.oslo_config_glue [-] oslo_messaging_rabbit.rabbit_retry_backoff = 2 {{(pid=107653) log_opt_values /opt/stack/data/venv/lib/python3.12/site-packages/oslo_config/cfg.py:3006}}
Mar 23 06:16:44.693255 np0000160338 nova-scheduler[107653]: DEBUG cotyledon.oslo_config_glue [-] oslo_messaging_rabbit.rabbit_retry_interval = 1 {{(pid=107653) log_opt_values /opt/stack/data/venv/lib/python3.12/site-packages/oslo_config/cfg.py:3006}}
Mar 23 06:16:44.693255 np0000160338 nova-scheduler[107653]: DEBUG cotyledon.oslo_config_glue [-] oslo_messaging_rabbit.rabbit_stream_fanout = False {{(pid=107653) log_opt_values /opt/stack/data/venv/lib/python3.12/site-packages/oslo_config/cfg.py:3006}}
Mar 23 06:16:44.693255 np0000160338 nova-scheduler[107653]: DEBUG cotyledon.oslo_config_glue [-] oslo_messaging_rabbit.rabbit_transient_queues_ttl = 1800 {{(pid=107653) log_opt_values /opt/stack/data/venv/lib/python3.12/site-packages/oslo_config/cfg.py:3006}}
Mar 23 06:16:44.693449 np0000160338 nova-scheduler[107653]: DEBUG cotyledon.oslo_config_glue [-] oslo_messaging_rabbit.rabbit_transient_quorum_queue = False {{(pid=107653) log_opt_values /opt/stack/data/venv/lib/python3.12/site-packages/oslo_config/cfg.py:3006}}
Mar 23 06:16:44.693449 np0000160338 nova-scheduler[107653]: DEBUG cotyledon.oslo_config_glue [-] oslo_messaging_rabbit.rpc_conn_pool_size = 30 {{(pid=107653) log_opt_values /opt/stack/data/venv/lib/python3.12/site-packages/oslo_config/cfg.py:3006}}
Mar 23 06:16:44.693449 np0000160338 nova-scheduler[107653]: DEBUG cotyledon.oslo_config_glue [-] oslo_messaging_rabbit.ssl = False {{(pid=107653) log_opt_values /opt/stack/data/venv/lib/python3.12/site-packages/oslo_config/cfg.py:3006}}
Mar 23 06:16:44.693449 np0000160338 nova-scheduler[107653]: DEBUG cotyledon.oslo_config_glue [-] oslo_messaging_rabbit.ssl_ca_file = {{(pid=107653) log_opt_values /opt/stack/data/venv/lib/python3.12/site-packages/oslo_config/cfg.py:3006}}
Mar 23 06:16:44.693449 np0000160338 nova-scheduler[107653]: DEBUG cotyledon.oslo_config_glue [-] oslo_messaging_rabbit.ssl_cert_file = {{(pid=107653) log_opt_values /opt/stack/data/venv/lib/python3.12/site-packages/oslo_config/cfg.py:3006}}
Mar 23 06:16:44.693449 np0000160338 nova-scheduler[107653]: DEBUG cotyledon.oslo_config_glue [-] oslo_messaging_rabbit.ssl_enforce_fips_mode = False {{(pid=107653) log_opt_values /opt/stack/data/venv/lib/python3.12/site-packages/oslo_config/cfg.py:3006}}
Mar 23 06:16:44.693449 np0000160338 nova-scheduler[107653]: DEBUG cotyledon.oslo_config_glue [-] oslo_messaging_rabbit.ssl_key_file = {{(pid=107653) log_opt_values /opt/stack/data/venv/lib/python3.12/site-packages/oslo_config/cfg.py:3006}}
Mar 23 06:16:44.693449 np0000160338 nova-scheduler[107653]: DEBUG cotyledon.oslo_config_glue [-] oslo_messaging_rabbit.ssl_version = {{(pid=107653) log_opt_values /opt/stack/data/venv/lib/python3.12/site-packages/oslo_config/cfg.py:3006}}
Mar 23 06:16:44.693449 np0000160338 nova-scheduler[107653]: DEBUG cotyledon.oslo_config_glue [-] oslo_messaging_rabbit.use_queue_manager = False {{(pid=107653) log_opt_values /opt/stack/data/venv/lib/python3.12/site-packages/oslo_config/cfg.py:3006}}
Mar 23 06:16:44.693659 np0000160338 nova-scheduler[107653]: DEBUG cotyledon.oslo_config_glue [-] oslo_messaging_notifications.driver = ['messagingv2'] {{(pid=107653) log_opt_values /opt/stack/data/venv/lib/python3.12/site-packages/oslo_config/cfg.py:3006}}
Mar 23 06:16:44.693659 np0000160338 nova-scheduler[107653]: DEBUG cotyledon.oslo_config_glue [-] oslo_messaging_notifications.retry = -1 {{(pid=107653) log_opt_values /opt/stack/data/venv/lib/python3.12/site-packages/oslo_config/cfg.py:3006}}
Mar 23 06:16:44.693659 np0000160338 nova-scheduler[107653]: DEBUG cotyledon.oslo_config_glue [-] oslo_messaging_notifications.topics = ['notifications'] {{(pid=107653) log_opt_values /opt/stack/data/venv/lib/python3.12/site-packages/oslo_config/cfg.py:3006}}
Mar 23 06:16:44.693659 np0000160338 nova-scheduler[107653]: DEBUG cotyledon.oslo_config_glue [-] oslo_messaging_notifications.transport_url = **** {{(pid=107653) log_opt_values /opt/stack/data/venv/lib/python3.12/site-packages/oslo_config/cfg.py:3006}}
Mar 23 06:16:44.693659 np0000160338 nova-scheduler[107653]: DEBUG cotyledon.oslo_config_glue [-] oslo_limit.auth_section = None {{(pid=107653) log_opt_values /opt/stack/data/venv/lib/python3.12/site-packages/oslo_config/cfg.py:3006}}
Mar 23 06:16:44.693659 np0000160338 nova-scheduler[107653]: DEBUG cotyledon.oslo_config_glue [-] oslo_limit.auth_type = None {{(pid=107653) log_opt_values /opt/stack/data/venv/lib/python3.12/site-packages/oslo_config/cfg.py:3006}}
Mar 23 06:16:44.693659 np0000160338 nova-scheduler[107653]: DEBUG cotyledon.oslo_config_glue [-] oslo_limit.cafile = None {{(pid=107653) log_opt_values /opt/stack/data/venv/lib/python3.12/site-packages/oslo_config/cfg.py:3006}}
Mar 23 06:16:44.693659 np0000160338 nova-scheduler[107653]: DEBUG cotyledon.oslo_config_glue [-] oslo_limit.certfile = None {{(pid=107653) log_opt_values /opt/stack/data/venv/lib/python3.12/site-packages/oslo_config/cfg.py:3006}}
Mar 23 06:16:44.693659 np0000160338 nova-scheduler[107653]: DEBUG cotyledon.oslo_config_glue [-] oslo_limit.collect_timing = False {{(pid=107653) log_opt_values /opt/stack/data/venv/lib/python3.12/site-packages/oslo_config/cfg.py:3006}}
Mar 23 06:16:44.694753 np0000160338 nova-scheduler[107645]: DEBUG oslo_db.sqlalchemy.engines [None req-8fdf60c1-6855-47cb-918a-d09cf896190b None None] MySQL server mode set to STRICT_TRANS_TABLES,STRICT_ALL_TABLES,NO_ZERO_IN_DATE,NO_ZERO_DATE,ERROR_FOR_DIVISION_BY_ZERO,TRADITIONAL,NO_ENGINE_SUBSTITUTION {{(pid=107645) _check_effective_sql_mode /opt/stack/data/venv/lib/python3.12/site-packages/oslo_db/sqlalchemy/engines.py:325}}
Mar 23 06:16:44.694812 np0000160338 nova-scheduler[107653]: DEBUG cotyledon.oslo_config_glue [-] oslo_limit.connect_retries = None {{(pid=107653) log_opt_values /opt/stack/data/venv/lib/python3.12/site-packages/oslo_config/cfg.py:3006}}
Mar 23 06:16:44.694812 np0000160338 nova-scheduler[107653]: DEBUG cotyledon.oslo_config_glue [-] oslo_limit.connect_retry_delay = None {{(pid=107653) log_opt_values /opt/stack/data/venv/lib/python3.12/site-packages/oslo_config/cfg.py:3006}}
Mar 23 06:16:44.694812 np0000160338 nova-scheduler[107653]: DEBUG cotyledon.oslo_config_glue [-] oslo_limit.endpoint_id = None {{(pid=107653) log_opt_values /opt/stack/data/venv/lib/python3.12/site-packages/oslo_config/cfg.py:3006}}
Mar 23 06:16:44.694812 np0000160338 nova-scheduler[107653]: DEBUG cotyledon.oslo_config_glue [-] oslo_limit.endpoint_interface = public {{(pid=107653) log_opt_values /opt/stack/data/venv/lib/python3.12/site-packages/oslo_config/cfg.py:3006}}
Mar 23 06:16:44.694812 np0000160338 nova-scheduler[107653]: DEBUG cotyledon.oslo_config_glue [-] oslo_limit.endpoint_override = None {{(pid=107653) log_opt_values /opt/stack/data/venv/lib/python3.12/site-packages/oslo_config/cfg.py:3006}}
Mar 23 06:16:44.694812 np0000160338 nova-scheduler[107653]: DEBUG cotyledon.oslo_config_glue [-] oslo_limit.endpoint_region_name = None {{(pid=107653) log_opt_values /opt/stack/data/venv/lib/python3.12/site-packages/oslo_config/cfg.py:3006}}
Mar 23 06:16:44.694812 np0000160338 nova-scheduler[107653]: DEBUG cotyledon.oslo_config_glue [-] oslo_limit.endpoint_service_name = None {{(pid=107653) log_opt_values /opt/stack/data/venv/lib/python3.12/site-packages/oslo_config/cfg.py:3006}}
Mar 23 06:16:44.694812 np0000160338 nova-scheduler[107653]: DEBUG cotyledon.oslo_config_glue [-] oslo_limit.endpoint_service_type = None {{(pid=107653) log_opt_values /opt/stack/data/venv/lib/python3.12/site-packages/oslo_config/cfg.py:3006}}
Mar 23 06:16:44.694812 np0000160338 nova-scheduler[107653]: DEBUG cotyledon.oslo_config_glue [-] oslo_limit.insecure = False {{(pid=107653) log_opt_values /opt/stack/data/venv/lib/python3.12/site-packages/oslo_config/cfg.py:3006}}
Mar 23 06:16:44.695140 np0000160338 nova-scheduler[107653]: DEBUG cotyledon.oslo_config_glue [-] oslo_limit.keyfile = None {{(pid=107653) log_opt_values /opt/stack/data/venv/lib/python3.12/site-packages/oslo_config/cfg.py:3006}}
Mar 23 06:16:44.695140 np0000160338 nova-scheduler[107653]: DEBUG cotyledon.oslo_config_glue [-] oslo_limit.max_version = None {{(pid=107653) log_opt_values /opt/stack/data/venv/lib/python3.12/site-packages/oslo_config/cfg.py:3006}}
Mar 23 06:16:44.695140 np0000160338 nova-scheduler[107653]: DEBUG cotyledon.oslo_config_glue [-] oslo_limit.min_version = None {{(pid=107653) log_opt_values /opt/stack/data/venv/lib/python3.12/site-packages/oslo_config/cfg.py:3006}}
Mar 23 06:16:44.695140 np0000160338 nova-scheduler[107653]: DEBUG cotyledon.oslo_config_glue [-] oslo_limit.region_name = None {{(pid=107653) log_opt_values /opt/stack/data/venv/lib/python3.12/site-packages/oslo_config/cfg.py:3006}}
Mar 23 06:16:44.695140 np0000160338 nova-scheduler[107653]: DEBUG cotyledon.oslo_config_glue [-] oslo_limit.retriable_status_codes = None {{(pid=107653) log_opt_values /opt/stack/data/venv/lib/python3.12/site-packages/oslo_config/cfg.py:3006}}
Mar 23 06:16:44.695140 np0000160338 nova-scheduler[107653]: DEBUG cotyledon.oslo_config_glue [-] oslo_limit.service_name = None {{(pid=107653) log_opt_values /opt/stack/data/venv/lib/python3.12/site-packages/oslo_config/cfg.py:3006}}
Mar 23 06:16:44.695140 np0000160338 nova-scheduler[107653]: DEBUG cotyledon.oslo_config_glue [-] oslo_limit.service_type = None {{(pid=107653) log_opt_values /opt/stack/data/venv/lib/python3.12/site-packages/oslo_config/cfg.py:3006}}
Mar 23 06:16:44.695140 np0000160338 nova-scheduler[107653]: DEBUG cotyledon.oslo_config_glue [-] oslo_limit.split_loggers = False {{(pid=107653) log_opt_values /opt/stack/data/venv/lib/python3.12/site-packages/oslo_config/cfg.py:3006}}
Mar 23 06:16:44.695140 np0000160338 nova-scheduler[107653]: DEBUG cotyledon.oslo_config_glue [-] oslo_limit.status_code_retries = None {{(pid=107653) log_opt_values /opt/stack/data/venv/lib/python3.12/site-packages/oslo_config/cfg.py:3006}}
Mar 23 06:16:44.695446 np0000160338 nova-scheduler[107653]: DEBUG cotyledon.oslo_config_glue [-] oslo_limit.status_code_retry_delay = None {{(pid=107653) log_opt_values /opt/stack/data/venv/lib/python3.12/site-packages/oslo_config/cfg.py:3006}}
Mar 23 06:16:44.695446 np0000160338 nova-scheduler[107653]: DEBUG cotyledon.oslo_config_glue [-] oslo_limit.timeout = None {{(pid=107653) log_opt_values /opt/stack/data/venv/lib/python3.12/site-packages/oslo_config/cfg.py:3006}}
Mar 23 06:16:44.695446 np0000160338 nova-scheduler[107653]: DEBUG cotyledon.oslo_config_glue [-] oslo_limit.valid_interfaces = None {{(pid=107653) log_opt_values /opt/stack/data/venv/lib/python3.12/site-packages/oslo_config/cfg.py:3006}}
Mar 23 06:16:44.695446 np0000160338 nova-scheduler[107653]: DEBUG cotyledon.oslo_config_glue [-] oslo_limit.version = None {{(pid=107653) log_opt_values /opt/stack/data/venv/lib/python3.12/site-packages/oslo_config/cfg.py:3006}}
Mar 23 06:16:44.695446 np0000160338 nova-scheduler[107653]: DEBUG cotyledon.oslo_config_glue [-] oslo_reports.file_event_handler = None {{(pid=107653) log_opt_values /opt/stack/data/venv/lib/python3.12/site-packages/oslo_config/cfg.py:3006}}
Mar 23 06:16:44.695446 np0000160338 nova-scheduler[107653]: DEBUG cotyledon.oslo_config_glue [-] oslo_reports.file_event_handler_interval = 1 {{(pid=107653) log_opt_values /opt/stack/data/venv/lib/python3.12/site-packages/oslo_config/cfg.py:3006}}
Mar 23 06:16:44.695446 np0000160338 nova-scheduler[107653]: DEBUG cotyledon.oslo_config_glue [-] oslo_reports.log_dir = None {{(pid=107653) log_opt_values /opt/stack/data/venv/lib/python3.12/site-packages/oslo_config/cfg.py:3006}}
Mar 23 06:16:44.695446 np0000160338 nova-scheduler[107653]: DEBUG cotyledon.oslo_config_glue [-] ******************************************************************************** {{(pid=107653) log_opt_values /opt/stack/data/venv/lib/python3.12/site-packages/oslo_config/cfg.py:3013}}
Mar 23 06:16:44.695446 np0000160338 nova-scheduler[107653]: DEBUG cotyledon._service_worker [-] Run service ServiceWrapper(3) [107653] {{(pid=107653) wait_forever /opt/stack/data/venv/lib/python3.12/site-packages/cotyledon/_service_worker.py:218}}
Mar 23 06:16:44.695769 np0000160338 nova-scheduler[107653]: INFO nova.service [-] Starting scheduler node (version 33.1.0)
Mar 23 06:16:44.695808 np0000160338 nova-scheduler[107628]: DEBUG nova.service [None req-e7c13ba6-23bd-4705-a05a-c0a847fb2cbd None None] Creating RPC server for service: nova-scheduler on topic: scheduler {{(pid=107628) start /opt/stack/nova/nova/service.py:195}}
Mar 23 06:16:44.695853 np0000160338 nova-scheduler[107653]: INFO dbcounter [None req-a3c380db-b477-47f6-8292-84e3d77e2d06 None None] Registered counter for database nova_cell0
Mar 23 06:16:44.695929 np0000160338 nova-scheduler[107645]: DEBUG dbcounter [-] [107645] Writer thread running {{(pid=107645) stat_writer /opt/stack/data/venv/lib/python3.12/site-packages/dbcounter.py:102}}
Mar 23 06:16:44.695929 np0000160338 nova-scheduler[107645]: DEBUG nova.service [None req-8fdf60c1-6855-47cb-918a-d09cf896190b None None] Creating RPC server for service: nova-scheduler on topic: scheduler {{(pid=107645) start /opt/stack/nova/nova/service.py:195}}
Mar 23 06:16:44.696000 np0000160338 nova-scheduler[107635]: DEBUG nova.service [None req-e67f6334-8223-4080-8de5-fc2b34739958 None None] Creating RPC server for service: nova-scheduler on topic: scheduler {{(pid=107635) start /opt/stack/nova/nova/service.py:195}}
Mar 23 06:16:44.696062 np0000160338 nova-scheduler[107653]: DEBUG oslo_db.sqlalchemy.engines [None req-a3c380db-b477-47f6-8292-84e3d77e2d06 None None] MySQL server mode set to STRICT_TRANS_TABLES,STRICT_ALL_TABLES,NO_ZERO_IN_DATE,NO_ZERO_DATE,ERROR_FOR_DIVISION_BY_ZERO,TRADITIONAL,NO_ENGINE_SUBSTITUTION {{(pid=107653) _check_effective_sql_mode /opt/stack/data/venv/lib/python3.12/site-packages/oslo_db/sqlalchemy/engines.py:325}}
Mar 23 06:16:44.696062 np0000160338 nova-scheduler[107653]: DEBUG dbcounter [-] [107653] Writer thread running {{(pid=107653) stat_writer /opt/stack/data/venv/lib/python3.12/site-packages/dbcounter.py:102}}
Mar 23 06:16:44.696062 np0000160338 nova-scheduler[107653]: DEBUG nova.service [None req-a3c380db-b477-47f6-8292-84e3d77e2d06 None None] Creating RPC server for service: nova-scheduler on topic: scheduler {{(pid=107653) start /opt/stack/nova/nova/service.py:195}}
Mar 23 06:16:44.696197 np0000160338 nova-scheduler[107628]: DEBUG nova.service [None req-e7c13ba6-23bd-4705-a05a-c0a847fb2cbd None None] Join ServiceGroup membership for this service scheduler {{(pid=107628) start /opt/stack/nova/nova/service.py:221}}
Mar 23 06:16:44.696239 np0000160338 nova-scheduler[107628]: DEBUG nova.servicegroup.drivers.db [None req-e7c13ba6-23bd-4705-a05a-c0a847fb2cbd None None] DB_Driver: join new ServiceGroup member np0000160338 to the scheduler group, service = {{(pid=107628) join /opt/stack/nova/nova/servicegroup/drivers/db.py:44}}
Mar 23 06:16:44.698246 np0000160338 nova-scheduler[107635]: DEBUG nova.service [None req-e67f6334-8223-4080-8de5-fc2b34739958 None None] Join ServiceGroup membership for this service scheduler {{(pid=107635) start /opt/stack/nova/nova/service.py:221}}
Mar 23 06:16:44.698246 np0000160338 nova-scheduler[107635]: DEBUG nova.servicegroup.drivers.db [None req-e67f6334-8223-4080-8de5-fc2b34739958 None None] DB_Driver: join new ServiceGroup member np0000160338 to the scheduler group, service = {{(pid=107635) join /opt/stack/nova/nova/servicegroup/drivers/db.py:44}}
Mar 23 06:16:44.698668 np0000160338 nova-scheduler[107645]: DEBUG nova.service [None req-8fdf60c1-6855-47cb-918a-d09cf896190b None None] Join ServiceGroup membership for this service scheduler {{(pid=107645) start /opt/stack/nova/nova/service.py:221}}
Mar 23 06:16:44.699024 np0000160338 nova-scheduler[107645]: DEBUG nova.servicegroup.drivers.db [None req-8fdf60c1-6855-47cb-918a-d09cf896190b None None] DB_Driver: join new ServiceGroup member np0000160338 to the scheduler group, service = {{(pid=107645) join /opt/stack/nova/nova/servicegroup/drivers/db.py:44}}
Mar 23 06:16:44.707260 np0000160338 nova-scheduler[107653]: DEBUG nova.service [None req-a3c380db-b477-47f6-8292-84e3d77e2d06 None None] Join ServiceGroup membership for this service scheduler {{(pid=107653) start /opt/stack/nova/nova/service.py:221}}
Mar 23 06:16:44.707410 np0000160338 nova-scheduler[107653]: DEBUG nova.servicegroup.drivers.db [None req-a3c380db-b477-47f6-8292-84e3d77e2d06 None None] DB_Driver: join new ServiceGroup member np0000160338 to the scheduler group, service = {{(pid=107653) join /opt/stack/nova/nova/servicegroup/drivers/db.py:44}}
Mar 23 06:16:49.715297 np0000160338 nova-scheduler[107628]: DEBUG oslo.service.backend._threading.loopingcall [-] Fixed interval looping call 'nova.servicegroup.drivers.db.DbDriver._report_state' sleeping for 119.98 seconds {{(pid=107628) _run_loop /opt/stack/data/venv/lib/python3.12/site-packages/oslo_service/backend/_threading/loopingcall.py:125}}
Mar 23 06:16:49.716228 np0000160338 nova-scheduler[107635]: DEBUG oslo.service.backend._threading.loopingcall [-] Fixed interval looping call 'nova.servicegroup.drivers.db.DbDriver._report_state' sleeping for 119.99 seconds {{(pid=107635) _run_loop /opt/stack/data/venv/lib/python3.12/site-packages/oslo_service/backend/_threading/loopingcall.py:125}}
Mar 23 06:16:49.718774 np0000160338 nova-scheduler[107645]: DEBUG oslo.service.backend._threading.loopingcall [-] Fixed interval looping call 'nova.servicegroup.drivers.db.DbDriver._report_state' sleeping for 119.98 seconds {{(pid=107645) _run_loop /opt/stack/data/venv/lib/python3.12/site-packages/oslo_service/backend/_threading/loopingcall.py:125}}
Mar 23 06:16:49.722841 np0000160338 nova-scheduler[107653]: DEBUG oslo.service.backend._threading.loopingcall [-] Fixed interval looping call 'nova.servicegroup.drivers.db.DbDriver._report_state' sleeping for 119.99 seconds {{(pid=107653) _run_loop /opt/stack/data/venv/lib/python3.12/site-packages/oslo_service/backend/_threading/loopingcall.py:125}}
Mar 23 06:16:53.311914 np0000160338 nova-scheduler[106902]: DEBUG dbcounter [-] [106902] Writing DB stats nova_api:SELECT=3 {{(pid=106902) stat_writer /opt/stack/data/venv/lib/python3.12/site-packages/dbcounter.py:115}}
Mar 23 06:16:53.415859 np0000160338 nova-scheduler[106902]: DEBUG dbcounter [-] [106902] Writing DB stats nova_cell0:SELECT=1 {{(pid=106902) stat_writer /opt/stack/data/venv/lib/python3.12/site-packages/dbcounter.py:115}}
Mar 23 06:16:53.423018 np0000160338 nova-scheduler[106902]: DEBUG dbcounter [-] [106902] Writing DB stats nova_cell1:SELECT=1 {{(pid=106902) stat_writer /opt/stack/data/venv/lib/python3.12/site-packages/dbcounter.py:115}}
Mar 23 06:16:56.702530 np0000160338 nova-scheduler[107635]: DEBUG oslo.service.backend._threading.loopingcall [None req-ceda47e5-64f9-4838-9814-2262e786ec4b None None] Dynamic interval looping call 'nova.service.Service.periodic_tasks' sleeping for 60.00 seconds {{(pid=107635) _run_loop /opt/stack/data/venv/lib/python3.12/site-packages/oslo_service/backend/_threading/loopingcall.py:125}}
Mar 23 06:16:59.708066 np0000160338 nova-scheduler[107628]: DEBUG dbcounter [-] [107628] Writing DB stats nova_cell0:SELECT=4,nova_cell0:INSERT=1,nova_cell0:UPDATE=1 {{(pid=107628) stat_writer /opt/stack/data/venv/lib/python3.12/site-packages/dbcounter.py:115}}
Mar 23 06:16:59.713234 np0000160338 nova-scheduler[107635]: DEBUG dbcounter [-] [107635] Writing DB stats nova_cell0:SELECT=5,nova_cell0:INSERT=1,nova_cell0:UPDATE=1 {{(pid=107635) stat_writer /opt/stack/data/venv/lib/python3.12/site-packages/dbcounter.py:115}}
Mar 23 06:16:59.717764 np0000160338 nova-scheduler[107645]: DEBUG dbcounter [-] [107645] Writing DB stats nova_cell0:SELECT=3,nova_cell0:UPDATE=1 {{(pid=107645) stat_writer /opt/stack/data/venv/lib/python3.12/site-packages/dbcounter.py:115}}
Mar 23 06:16:59.720482 np0000160338 nova-scheduler[107653]: DEBUG dbcounter [-] [107653] Writing DB stats nova_cell0:SELECT=3 {{(pid=107653) stat_writer /opt/stack/data/venv/lib/python3.12/site-packages/dbcounter.py:115}}
Mar 23 06:17:01.702950 np0000160338 nova-scheduler[107645]: DEBUG oslo.service.backend._threading.loopingcall [None req-2a72faaa-05d0-4ff3-9563-52ed1e8802a5 None None] Dynamic interval looping call 'nova.service.Service.periodic_tasks' sleeping for 60.00 seconds {{(pid=107645) _run_loop /opt/stack/data/venv/lib/python3.12/site-packages/oslo_service/backend/_threading/loopingcall.py:125}}
Mar 23 06:17:03.711582 np0000160338 nova-scheduler[107653]: DEBUG oslo.service.backend._threading.loopingcall [None req-30d7b379-2eca-4c3c-8676-4fc399325d58 None None] Dynamic interval looping call 'nova.service.Service.periodic_tasks' sleeping for 60.00 seconds {{(pid=107653) _run_loop /opt/stack/data/venv/lib/python3.12/site-packages/oslo_service/backend/_threading/loopingcall.py:125}}
Mar 23 06:17:05.699380 np0000160338 nova-scheduler[107628]: DEBUG oslo.service.backend._threading.loopingcall [None req-aa869b9a-be3e-485d-a537-5d10ce9dc14f None None] Dynamic interval looping call 'nova.service.Service.periodic_tasks' sleeping for 60.00 seconds {{(pid=107628) _run_loop /opt/stack/data/venv/lib/python3.12/site-packages/oslo_service/backend/_threading/loopingcall.py:125}}
Mar 23 06:17:56.704495 np0000160338 nova-scheduler[107635]: DEBUG oslo.service.backend._threading.loopingcall [None req-ceda47e5-64f9-4838-9814-2262e786ec4b None None] Dynamic interval looping call 'nova.service.Service.periodic_tasks' sleeping for 60.00 seconds {{(pid=107635) _run_loop /opt/stack/data/venv/lib/python3.12/site-packages/oslo_service/backend/_threading/loopingcall.py:125}}
Mar 23 06:18:01.704029 np0000160338 nova-scheduler[107645]: DEBUG oslo.service.backend._threading.loopingcall [None req-2a72faaa-05d0-4ff3-9563-52ed1e8802a5 None None] Dynamic interval looping call 'nova.service.Service.periodic_tasks' sleeping for 60.00 seconds {{(pid=107645) _run_loop /opt/stack/data/venv/lib/python3.12/site-packages/oslo_service/backend/_threading/loopingcall.py:125}}
Mar 23 06:18:03.721811 np0000160338 nova-scheduler[107653]: DEBUG oslo.service.backend._threading.loopingcall [None req-30d7b379-2eca-4c3c-8676-4fc399325d58 None None] Dynamic interval looping call 'nova.service.Service.periodic_tasks' sleeping for 60.00 seconds {{(pid=107653) _run_loop /opt/stack/data/venv/lib/python3.12/site-packages/oslo_service/backend/_threading/loopingcall.py:125}}
Mar 23 06:18:05.699832 np0000160338 nova-scheduler[107628]: DEBUG oslo.service.backend._threading.loopingcall [None req-aa869b9a-be3e-485d-a537-5d10ce9dc14f None None] Dynamic interval looping call 'nova.service.Service.periodic_tasks' sleeping for 60.00 seconds {{(pid=107628) _run_loop /opt/stack/data/venv/lib/python3.12/site-packages/oslo_service/backend/_threading/loopingcall.py:125}}
Mar 23 06:18:49.707778 np0000160338 nova-scheduler[107628]: DEBUG oslo.service.backend._threading.loopingcall [-] Fixed interval looping call 'nova.servicegroup.drivers.db.DbDriver._report_state' sleeping for 119.99 seconds {{(pid=107628) _run_loop /opt/stack/data/venv/lib/python3.12/site-packages/oslo_service/backend/_threading/loopingcall.py:125}}
Mar 23 06:18:49.708682 np0000160338 nova-scheduler[107645]: DEBUG oslo.service.backend._threading.loopingcall [-] Fixed interval looping call 'nova.servicegroup.drivers.db.DbDriver._report_state' sleeping for 119.99 seconds {{(pid=107645) _run_loop /opt/stack/data/venv/lib/python3.12/site-packages/oslo_service/backend/_threading/loopingcall.py:125}}
Mar 23 06:18:49.711824 np0000160338 nova-scheduler[107635]: DEBUG oslo.service.backend._threading.loopingcall [-] Fixed interval looping call 'nova.servicegroup.drivers.db.DbDriver._report_state' sleeping for 119.99 seconds {{(pid=107635) _run_loop /opt/stack/data/venv/lib/python3.12/site-packages/oslo_service/backend/_threading/loopingcall.py:125}}
Mar 23 06:18:49.718082 np0000160338 nova-scheduler[107653]: DEBUG oslo.service.backend._threading.loopingcall [-] Fixed interval looping call 'nova.servicegroup.drivers.db.DbDriver._report_state' sleeping for 120.00 seconds {{(pid=107653) _run_loop /opt/stack/data/venv/lib/python3.12/site-packages/oslo_service/backend/_threading/loopingcall.py:125}}
Mar 23 06:18:56.705153 np0000160338 nova-scheduler[107635]: DEBUG oslo.service.backend._threading.loopingcall [None req-ceda47e5-64f9-4838-9814-2262e786ec4b None None] Dynamic interval looping call 'nova.service.Service.periodic_tasks' sleeping for 60.00 seconds {{(pid=107635) _run_loop /opt/stack/data/venv/lib/python3.12/site-packages/oslo_service/backend/_threading/loopingcall.py:125}}
Mar 23 06:18:59.700898 np0000160338 nova-scheduler[107628]: DEBUG dbcounter [-] [107628] Writing DB stats nova_cell0:SELECT=1,nova_cell0:UPDATE=1 {{(pid=107628) stat_writer /opt/stack/data/venv/lib/python3.12/site-packages/dbcounter.py:115}}
Mar 23 06:18:59.704074 np0000160338 nova-scheduler[107645]: DEBUG dbcounter [-] [107645] Writing DB stats nova_cell0:SELECT=1,nova_cell0:UPDATE=1 {{(pid=107645) stat_writer /opt/stack/data/venv/lib/python3.12/site-packages/dbcounter.py:115}}
Mar 23 06:18:59.708985 np0000160338 nova-scheduler[107635]: DEBUG dbcounter [-] [107635] Writing DB stats nova_cell0:SELECT=1 {{(pid=107635) stat_writer /opt/stack/data/venv/lib/python3.12/site-packages/dbcounter.py:115}}
Mar 23 06:18:59.716012 np0000160338 nova-scheduler[107653]: DEBUG dbcounter [-] [107653] Writing DB stats nova_cell0:SELECT=1 {{(pid=107653) stat_writer /opt/stack/data/venv/lib/python3.12/site-packages/dbcounter.py:115}}
Mar 23 06:19:01.704780 np0000160338 nova-scheduler[107645]: DEBUG oslo.service.backend._threading.loopingcall [None req-2a72faaa-05d0-4ff3-9563-52ed1e8802a5 None None] Dynamic interval looping call 'nova.service.Service.periodic_tasks' sleeping for 60.00 seconds {{(pid=107645) _run_loop /opt/stack/data/venv/lib/python3.12/site-packages/oslo_service/backend/_threading/loopingcall.py:125}}
Mar 23 06:19:03.713376 np0000160338 nova-scheduler[107653]: DEBUG oslo.service.backend._threading.loopingcall [None req-30d7b379-2eca-4c3c-8676-4fc399325d58 None None] Dynamic interval looping call 'nova.service.Service.periodic_tasks' sleeping for 60.00 seconds {{(pid=107653) _run_loop /opt/stack/data/venv/lib/python3.12/site-packages/oslo_service/backend/_threading/loopingcall.py:125}}
Mar 23 06:19:05.700643 np0000160338 nova-scheduler[107628]: DEBUG oslo.service.backend._threading.loopingcall [None req-aa869b9a-be3e-485d-a537-5d10ce9dc14f None None] Dynamic interval looping call 'nova.service.Service.periodic_tasks' sleeping for 60.00 seconds {{(pid=107628) _run_loop /opt/stack/data/venv/lib/python3.12/site-packages/oslo_service/backend/_threading/loopingcall.py:125}}
Mar 23 06:19:56.706281 np0000160338 nova-scheduler[107635]: DEBUG oslo.service.backend._threading.loopingcall [None req-ceda47e5-64f9-4838-9814-2262e786ec4b None None] Dynamic interval looping call 'nova.service.Service.periodic_tasks' sleeping for 60.00 seconds {{(pid=107635) _run_loop /opt/stack/data/venv/lib/python3.12/site-packages/oslo_service/backend/_threading/loopingcall.py:125}}
Mar 23 06:20:01.705692 np0000160338 nova-scheduler[107645]: DEBUG oslo.service.backend._threading.loopingcall [None req-2a72faaa-05d0-4ff3-9563-52ed1e8802a5 None None] Dynamic interval looping call 'nova.service.Service.periodic_tasks' sleeping for 60.00 seconds {{(pid=107645) _run_loop /opt/stack/data/venv/lib/python3.12/site-packages/oslo_service/backend/_threading/loopingcall.py:125}}
Mar 23 06:20:03.713955 np0000160338 nova-scheduler[107653]: DEBUG oslo.service.backend._threading.loopingcall [None req-30d7b379-2eca-4c3c-8676-4fc399325d58 None None] Dynamic interval looping call 'nova.service.Service.periodic_tasks' sleeping for 60.00 seconds {{(pid=107653) _run_loop /opt/stack/data/venv/lib/python3.12/site-packages/oslo_service/backend/_threading/loopingcall.py:125}}
Mar 23 06:20:05.701681 np0000160338 nova-scheduler[107628]: DEBUG oslo.service.backend._threading.loopingcall [None req-aa869b9a-be3e-485d-a537-5d10ce9dc14f None None] Dynamic interval looping call 'nova.service.Service.periodic_tasks' sleeping for 60.00 seconds {{(pid=107628) _run_loop /opt/stack/data/venv/lib/python3.12/site-packages/oslo_service/backend/_threading/loopingcall.py:125}}
Mar 23 06:20:49.709335 np0000160338 nova-scheduler[107628]: DEBUG oslo.service.backend._threading.loopingcall [-] Fixed interval looping call 'nova.servicegroup.drivers.db.DbDriver._report_state' sleeping for 119.99 seconds {{(pid=107628) _run_loop /opt/stack/data/venv/lib/python3.12/site-packages/oslo_service/backend/_threading/loopingcall.py:125}}
Mar 23 06:20:49.710646 np0000160338 nova-scheduler[107645]: DEBUG oslo.service.backend._threading.loopingcall [-] Fixed interval looping call 'nova.servicegroup.drivers.db.DbDriver._report_state' sleeping for 119.99 seconds {{(pid=107645) _run_loop /opt/stack/data/venv/lib/python3.12/site-packages/oslo_service/backend/_threading/loopingcall.py:125}}
Mar 23 06:20:49.711903 np0000160338 nova-scheduler[107635]: DEBUG oslo.service.backend._threading.loopingcall [-] Fixed interval looping call 'nova.servicegroup.drivers.db.DbDriver._report_state' sleeping for 119.99 seconds {{(pid=107635) _run_loop /opt/stack/data/venv/lib/python3.12/site-packages/oslo_service/backend/_threading/loopingcall.py:125}}
Mar 23 06:20:49.723043 np0000160338 nova-scheduler[107653]: DEBUG oslo.service.backend._threading.loopingcall [-] Fixed interval looping call 'nova.servicegroup.drivers.db.DbDriver._report_state' sleeping for 120.00 seconds {{(pid=107653) _run_loop /opt/stack/data/venv/lib/python3.12/site-packages/oslo_service/backend/_threading/loopingcall.py:125}}
Mar 23 06:20:56.707114 np0000160338 nova-scheduler[107635]: DEBUG oslo.service.backend._threading.loopingcall [None req-ceda47e5-64f9-4838-9814-2262e786ec4b None None] Dynamic interval looping call 'nova.service.Service.periodic_tasks' sleeping for 60.00 seconds {{(pid=107635) _run_loop /opt/stack/data/venv/lib/python3.12/site-packages/oslo_service/backend/_threading/loopingcall.py:125}}
Mar 23 06:20:59.702197 np0000160338 nova-scheduler[107628]: DEBUG dbcounter [-] [107628] Writing DB stats nova_cell0:SELECT=1,nova_cell0:UPDATE=1 {{(pid=107628) stat_writer /opt/stack/data/venv/lib/python3.12/site-packages/dbcounter.py:115}}
Mar 23 06:20:59.703006 np0000160338 nova-scheduler[107645]: DEBUG dbcounter [-] [107645] Writing DB stats nova_cell0:SELECT=1,nova_cell0:UPDATE=1 {{(pid=107645) stat_writer /opt/stack/data/venv/lib/python3.12/site-packages/dbcounter.py:115}}
Mar 23 06:20:59.708086 np0000160338 nova-scheduler[107635]: DEBUG dbcounter [-] [107635] Writing DB stats nova_cell0:SELECT=1,nova_cell0:UPDATE=1 {{(pid=107635) stat_writer /opt/stack/data/venv/lib/python3.12/site-packages/dbcounter.py:115}}
Mar 23 06:20:59.722342 np0000160338 nova-scheduler[107653]: DEBUG dbcounter [-] [107653] Writing DB stats nova_cell0:SELECT=1 {{(pid=107653) stat_writer /opt/stack/data/venv/lib/python3.12/site-packages/dbcounter.py:115}}
Mar 23 06:21:01.706391 np0000160338 nova-scheduler[107645]: DEBUG oslo.service.backend._threading.loopingcall [None req-2a72faaa-05d0-4ff3-9563-52ed1e8802a5 None None] Dynamic interval looping call 'nova.service.Service.periodic_tasks' sleeping for 60.00 seconds {{(pid=107645) _run_loop /opt/stack/data/venv/lib/python3.12/site-packages/oslo_service/backend/_threading/loopingcall.py:125}}
Mar 23 06:21:03.714678 np0000160338 nova-scheduler[107653]: DEBUG oslo.service.backend._threading.loopingcall [None req-30d7b379-2eca-4c3c-8676-4fc399325d58 None None] Dynamic interval looping call 'nova.service.Service.periodic_tasks' sleeping for 60.00 seconds {{(pid=107653) _run_loop /opt/stack/data/venv/lib/python3.12/site-packages/oslo_service/backend/_threading/loopingcall.py:125}}
