2026-06-26 11:37:19.438 9 INFO neutron.db.ovn_revision_numbers_db [None req-f9e253b6-414f-45ba-9de5-e02ed3a07f81 031f35f75a964084b941f24e1aede57a 564736da411642fda2555111275a5ac2 - - default default] Successfully bumped revision number for resource a37b5d1c-6b22-4140-99bb-4d93e208e4cb (type: subnets) to 0
2026-06-26 11:37:19.453 9 INFO neutron.wsgi [None req-f9e253b6-414f-45ba-9de5-e02ed3a07f81 031f35f75a964084b941f24e1aede57a 564736da411642fda2555111275a5ac2 - - default default] 10.0.0.155 "POST /v2.0/subnets HTTP/1.1" status: 201 len: 822 time: 0.9478514
2026-06-26 11:37:19.481 9 INFO neutron.db.ovn_revision_numbers_db [None req-25afd342-c536-44aa-8128-6dfacd41dad9 30c528c616f34dd7920b8eca97c35701 c2570fb805ba4c6eae55cc8be1de693a - - default default] Successfully bumped revision number for resource 465e0c74-6607-4990-a541-34b245d4269f (type: security_group_rules) to 0
2026-06-26 11:37:19.500 9 INFO neutron.wsgi [None req-25afd342-c536-44aa-8128-6dfacd41dad9 30c528c616f34dd7920b8eca97c35701 c2570fb805ba4c6eae55cc8be1de693a - - default default] 10.0.0.155 "POST /v2.0/security-group-rules HTTP/1.1" status: 201 len: 768 time: 0.1498170
2026-06-26 11:37:19.525 9 INFO neutron.db.securitygroups_db [None req-caf6834d-f80d-42bf-a045-04ace0f136bc 30c528c616f34dd7920b8eca97c35701 c2570fb805ba4c6eae55cc8be1de693a - - default default] Project c2570fb805ba4c6eae55cc8be1de693a added a security group rule with legacy IPv6 ICMP protocol name icmp, ipv6-icmp should be used instead. It was automatically converted.
2026-06-26 11:37:19.597 9 INFO neutron.db.ovn_revision_numbers_db [None req-caf6834d-f80d-42bf-a045-04ace0f136bc 30c528c616f34dd7920b8eca97c35701 c2570fb805ba4c6eae55cc8be1de693a - - default default] Successfully bumped revision number for resource 63789871-2f98-43e2-9fe5-cab273475a17 (type: security_group_rules) to 0
2026-06-26 11:37:19.617 9 INFO neutron.wsgi [None req-caf6834d-f80d-42bf-a045-04ace0f136bc 30c528c616f34dd7920b8eca97c35701 c2570fb805ba4c6eae55cc8be1de693a - - default default] 10.0.0.155 "POST /v2.0/security-group-rules HTTP/1.1" status: 201 len: 774 time: 0.1111081
2026-06-26 11:37:19.641 9 INFO neutron.db.securitygroups_db [None req-59257438-c81e-4be6-9224-942a62edf420 30c528c616f34dd7920b8eca97c35701 c2570fb805ba4c6eae55cc8be1de693a - - default default] Project c2570fb805ba4c6eae55cc8be1de693a added a security group rule with legacy IPv6 ICMP protocol name icmp, ipv6-icmp should be used instead. It was automatically converted.
2026-06-26 11:37:19.694 10 INFO neutron.wsgi [None req-a67c0369-6c94-467c-ae5b-8d7bd7fb75ff 2aaf114d95ce42b1b66840939f7ce819 1c499a28a26b43e198b9108dfed36588 - - default default] 10.0.0.155 "DELETE /v2.0/networks/237389c5-3f80-4377-bd7b-eaf3c3d40c22 HTTP/1.1" status: 204 len: 168 time: 0.4517524
2026-06-26 11:37:19.771 9 INFO neutron.db.ovn_revision_numbers_db [None req-59257438-c81e-4be6-9224-942a62edf420 30c528c616f34dd7920b8eca97c35701 c2570fb805ba4c6eae55cc8be1de693a - - default default] Successfully bumped revision number for resource 91886b07-6508-46e4-a175-e3ecd9696e40 (type: security_group_rules) to 0
2026-06-26 11:37:19.809 9 INFO neutron.wsgi [None req-59257438-c81e-4be6-9224-942a62edf420 30c528c616f34dd7920b8eca97c35701 c2570fb805ba4c6eae55cc8be1de693a - - default default] 10.0.0.155 "POST /v2.0/security-group-rules HTTP/1.1" status: 201 len: 773 time: 0.1859293
2026-06-26 11:37:19.814 10 INFO neutron.wsgi [None req-f41a5db1-4505-448d-8d38-018be9cc51e4 031f35f75a964084b941f24e1aede57a 564736da411642fda2555111275a5ac2 - - default default] 10.0.0.155 "POST /v2.0/rbac-policies HTTP/1.1" status: 201 len: 523 time: 0.3553286
2026-06-26 11:37:19.954 10 INFO neutron.services.segments.plugin [-] Segment d890864d-f779-49b3-bf3c-5e331b831a66 resource provider aggregate not found
2026-06-26 11:37:19.972 10 INFO neutron.services.segments.plugin [-] Segment d890864d-f779-49b3-bf3c-5e331b831a66 resource provider aggregate not found
2026-06-26 11:37:19.979 10 INFO neutron.services.segments.plugin [-] Segment d890864d-f779-49b3-bf3c-5e331b831a66 resource provider not found; error: Placement Client Error (4xx): {"errors": [{"status": 404, "title": "Not Found", "detail": "The resource could not be found.\n\n No resource provider with uuid d890864d-f779-49b3-bf3c-5e331b831a66 found for delete ", "request_id": "req-37b7aa3b-b463-478d-8666-5dbcbdcbb1ef"}]}
2026-06-26 11:37:19.987 10 INFO neutron.services.segments.plugin [-] Segment d890864d-f779-49b3-bf3c-5e331b831a66 resource provider not found; error: Placement Client Error (4xx): {"errors": [{"status": 404, "title": "Not Found", "detail": "The resource could not be found.\n\n No resource provider with uuid d890864d-f779-49b3-bf3c-5e331b831a66 found for delete ", "request_id": "req-aa781303-9271-4b15-8056-fc1e6a28e71d"}]}
2026-06-26 11:37:19.995 10 INFO neutron.services.segments.plugin [-] Segment 21814636-8187-4db0-90b0-002eb2079c3d resource provider aggregate not found
2026-06-26 11:37:20.005 10 INFO neutron.services.segments.plugin [-] Segment 21814636-8187-4db0-90b0-002eb2079c3d resource provider aggregate not found
2026-06-26 11:37:20.011 10 INFO neutron.services.segments.plugin [-] Segment 21814636-8187-4db0-90b0-002eb2079c3d resource provider not found; error: Placement Client Error (4xx): {"errors": [{"status": 404, "title": "Not Found", "detail": "The resource could not be found.\n\n No resource provider with uuid 21814636-8187-4db0-90b0-002eb2079c3d found for delete ", "request_id": "req-29e38fab-9be9-4ffb-a0b9-bd399d31bc27"}]}
2026-06-26 11:37:20.018 10 INFO neutron.services.segments.plugin [-] Segment 21814636-8187-4db0-90b0-002eb2079c3d resource provider not found; error: Placement Client Error (4xx): {"errors": [{"status": 404, "title": "Not Found", "detail": "The resource could not be found.\n\n No resource provider with uuid 21814636-8187-4db0-90b0-002eb2079c3d found for delete ", "request_id": "req-e7a02b5a-fb59-4606-9ee8-01d3eff7d28f"}]}
2026-06-26 11:37:20.335 9 INFO neutron.wsgi [None req-1f882d39-b8b4-497d-83ba-e2de4b157aed 2aaf114d95ce42b1b66840939f7ce819 1c499a28a26b43e198b9108dfed36588 - - default default] 10.0.0.155 "DELETE /v2.0/networks/f518ea71-201b-4625-963b-5ba192b1fa0d HTTP/1.1" status: 204 len: 168 time: 0.6369007
2026-06-26 11:37:20.525 10 INFO neutron.wsgi [None req-d5bd1d8d-fa53-43bf-88d4-b2ee6065b5e7 52511a6e46034bfc828c8b93d0ec21a9 f63968a6937c4242893806eb4b78cf31 - - default default] 10.0.0.155 "GET /v2.0/networks/ed533f27-a65e-4ae7-9afa-4c30348669b8 HTTP/1.1" status: 200 len: 849 time: 0.3460875
2026-06-26 11:37:20.532 10 INFO neutron.wsgi [None req-8717e155-d97b-46a9-b92f-4bcfb0c2577a 30c528c616f34dd7920b8eca97c35701 c2570fb805ba4c6eae55cc8be1de693a - - default default] 10.0.0.155 "GET /v2.0/networks HTTP/1.1" status: 200 len: 1492 time: 0.3539193
2026-06-26 11:37:20.657 9 INFO neutron.wsgi [req-9e89b524-91af-498d-a67e-3d5499e99e41 req-8b29a3d1-ff99-41bf-9006-2ca92ed09e4c 30c528c616f34dd7920b8eca97c35701 c2570fb805ba4c6eae55cc8be1de693a - - default default] 10.0.0.21 "GET /v2.0/security-groups?name=tempest-secgroup-smoke-151933876&fields=id&tenant_id=c2570fb805ba4c6eae55cc8be1de693a HTTP/1.1" status: 200 len: 267 time: 0.0483451
2026-06-26 11:37:20.701 10 INFO neutron.wsgi [-] 10.0.0.218 "GET / HTTP/1.1" status: 200 len: 246 time: 0.0036058
2026-06-26 11:37:20.705 10 INFO neutron.wsgi [-] 10.0.0.218 "GET / HTTP/1.1" status: 200 len: 246 time: 0.0025537
2026-06-26 11:37:20.755 9 INFO neutron.wsgi [req-9e89b524-91af-498d-a67e-3d5499e99e41 req-51b84bfd-aac7-4bf2-8fb6-4c522391bfe0 30c528c616f34dd7920b8eca97c35701 c2570fb805ba4c6eae55cc8be1de693a - - default default] 10.0.0.21 "GET /v2.0/networks?id=23ca427b-f07b-498c-b531-22939fe8ca1e HTTP/1.1" status: 200 len: 859 time: 0.0906694
2026-06-26 11:37:20.761 9 INFO neutron.wsgi [None req-a76d0ba1-1c3e-452a-96f9-d770124f7236 2aaf114d95ce42b1b66840939f7ce819 1c499a28a26b43e198b9108dfed36588 - - default default] 10.0.0.155 "DELETE /v2.0/networks/eb76c7a9-e659-4682-867a-cbab727c8286 HTTP/1.1" status: 204 len: 168 time: 0.4197748
2026-06-26 11:37:20.774 9 INFO neutron.wsgi [req-9e89b524-91af-498d-a67e-3d5499e99e41 req-46870e9c-5535-40e7-932d-56bcaf79343c 30c528c616f34dd7920b8eca97c35701 c2570fb805ba4c6eae55cc8be1de693a - - default default] 10.0.0.21 "GET /v2.0/quotas/c2570fb805ba4c6eae55cc8be1de693a HTTP/1.1" status: 200 len: 386 time: 0.0111837
2026-06-26 11:37:20.878 9 INFO neutron.wsgi [req-9e89b524-91af-498d-a67e-3d5499e99e41 req-b71bc403-dd5b-40e9-bb6c-e6a9d8671f92 30c528c616f34dd7920b8eca97c35701 c2570fb805ba4c6eae55cc8be1de693a - - default default] 10.0.0.21 "GET /v2.0/ports?tenant_id=c2570fb805ba4c6eae55cc8be1de693a&fields=id HTTP/1.1" status: 200 len: 348 time: 0.0974922
2026-06-26 11:37:20.967 9 INFO neutron.wsgi [req-9e89b524-91af-498d-a67e-3d5499e99e41 req-76180ced-ce1b-404c-9858-28ef1f9bd618 f98daae8be984a6386877d742a7003cf cb639a4a6dd442ebb08599392164bda4 - - 508b69b9609c45618a526eb50132b3d7 508b69b9609c45618a526eb50132b3d7] 10.0.0.21 "GET /v2.0/networks/23ca427b-f07b-498c-b531-22939fe8ca1e?fields=segments HTTP/1.1" status: 200 len: 212 time: 0.0784001
2026-06-26 11:37:21.030 9 INFO neutron.wsgi [req-9e89b524-91af-498d-a67e-3d5499e99e41 req-4c1b2fce-a028-4b31-8a9f-8040876a88fc f98daae8be984a6386877d742a7003cf cb639a4a6dd442ebb08599392164bda4 - - 508b69b9609c45618a526eb50132b3d7 508b69b9609c45618a526eb50132b3d7] 10.0.0.21 "GET /v2.0/networks/23ca427b-f07b-498c-b531-22939fe8ca1e?fields=provider%3Aphysical_network&fields=provider%3Anetwork_type HTTP/1.1" status: 200 len: 277 time: 0.0584114
2026-06-26 11:37:21.063 10 INFO neutron.pecan_wsgi.hooks.translation [None req-cfa6cb43-4c51-4274-a52a-6e650362b64b 9bc1f8fc90904bf3bc9d28dba34c2c8b 9d47b253709d4229b523f73a4948c7d3 - - default default] GET failed (client error): The resource could not be found.
2026-06-26 11:37:21.065 10 INFO neutron.wsgi [None req-cfa6cb43-4c51-4274-a52a-6e650362b64b 9bc1f8fc90904bf3bc9d28dba34c2c8b 9d47b253709d4229b523f73a4948c7d3 - - default default] 10.0.0.155 "GET /v2.0/networks/ed533f27-a65e-4ae7-9afa-4c30348669b8 HTTP/1.1" status: 404 len: 339 time: 0.1661737
2026-06-26 11:37:21.229 9 INFO neutron.wsgi [req-d1d8ecc0-d56a-4198-818b-e33e8e8f09a7 req-6b967e22-5d39-4db8-907e-590de6b941ea 30c528c616f34dd7920b8eca97c35701 c2570fb805ba4c6eae55cc8be1de693a - - default default] 10.0.0.21 "GET /v2.0/ports?device_id=938cd8ed-d39c-4d2f-9a4e-3595e3055e84 HTTP/1.1" status: 200 len: 210 time: 0.0604942
2026-06-26 11:37:21.246 9 INFO neutron.services.segments.plugin [-] Segment 701f824f-e66b-49c9-893c-e9199b3cc5bd resource provider aggregate not found
2026-06-26 11:37:21.255 9 INFO neutron.services.segments.plugin [-] Segment 701f824f-e66b-49c9-893c-e9199b3cc5bd resource provider aggregate not found
2026-06-26 11:37:21.265 9 INFO neutron.services.segments.plugin [-] Segment 701f824f-e66b-49c9-893c-e9199b3cc5bd resource provider not found; error: Placement Client Error (4xx): {"errors": [{"status": 404, "title": "Not Found", "detail": "The resource could not be found.\n\n No resource provider with uuid 701f824f-e66b-49c9-893c-e9199b3cc5bd found for delete ", "request_id": "req-79e6d190-b0e5-4806-8645-663e91a7f23a"}]}
2026-06-26 11:37:21.275 9 INFO neutron.services.segments.plugin [-] Segment 701f824f-e66b-49c9-893c-e9199b3cc5bd resource provider not found; error: Placement Client Error (4xx): {"errors": [{"status": 404, "title": "Not Found", "detail": "The resource could not be found.\n\n No resource provider with uuid 701f824f-e66b-49c9-893c-e9199b3cc5bd found for delete ", "request_id": "req-239f6f2e-d328-49db-a20f-0d498cd5887f"}]}
2026-06-26 11:37:21.280 9 INFO neutron.services.segments.plugin [-] Segment 161761a3-65f3-4e5f-be05-af98dfc02c60 resource provider aggregate not found
2026-06-26 11:37:21.287 9 INFO neutron.services.segments.plugin [-] Segment 161761a3-65f3-4e5f-be05-af98dfc02c60 resource provider aggregate not found
2026-06-26 11:37:21.297 9 INFO neutron.services.segments.plugin [-] Segment 161761a3-65f3-4e5f-be05-af98dfc02c60 resource provider not found; error: Placement Client Error (4xx): {"errors": [{"status": 404, "title": "Not Found", "detail": "The resource could not be found.\n\n No resource provider with uuid 161761a3-65f3-4e5f-be05-af98dfc02c60 found for delete ", "request_id": "req-27a986bd-dba0-4eff-9f23-42f4643e43bf"}]}
2026-06-26 11:37:21.307 9 INFO neutron.services.segments.plugin [-] Segment 161761a3-65f3-4e5f-be05-af98dfc02c60 resource provider not found; error: Placement Client Error (4xx): {"errors": [{"status": 404, "title": "Not Found", "detail": "The resource could not be found.\n\n No resource provider with uuid 161761a3-65f3-4e5f-be05-af98dfc02c60 found for delete ", "request_id": "req-8a22806b-dc17-4bec-af40-54401cbf598f"}]}
2026-06-26 11:37:21.593 10 INFO neutron.db.ovn_revision_numbers_db [None req-94da3906-1766-4b8e-8a7b-2827d1372523 8d8b93d0de2e4d33a9527d5ff193614f 0d9cfadafc714e47be3a14b9ff0c38c6 - - default default] Successfully bumped revision number for resource 9481767f-74e2-45ec-84eb-1e89491d055f (type: security_groups) to 1
2026-06-26 11:37:21.612 10 INFO neutron.db.ovn_revision_numbers_db [None req-94da3906-1766-4b8e-8a7b-2827d1372523 8d8b93d0de2e4d33a9527d5ff193614f 0d9cfadafc714e47be3a14b9ff0c38c6 - - default default] Successfully bumped revision number for resource 0859d4d2-02b8-4f83-a3f6-26d5d2aa6c10 (type: security_group_rules) to 0
2026-06-26 11:37:21.638 10 INFO neutron.db.ovn_revision_numbers_db [None req-94da3906-1766-4b8e-8a7b-2827d1372523 8d8b93d0de2e4d33a9527d5ff193614f 0d9cfadafc714e47be3a14b9ff0c38c6 - - default default] Successfully bumped revision number for resource 26fbd7fd-f3a2-4fe0-a87b-86208242af91 (type: security_group_rules) to 0
2026-06-26 11:37:21.658 10 INFO neutron.db.ovn_revision_numbers_db [None req-94da3906-1766-4b8e-8a7b-2827d1372523 8d8b93d0de2e4d33a9527d5ff193614f 0d9cfadafc714e47be3a14b9ff0c38c6 - - default default] Successfully bumped revision number for resource 3a94f475-19b8-44bb-8def-05ae5d481b7d (type: security_group_rules) to 0
2026-06-26 11:37:21.674 10 INFO neutron.db.ovn_revision_numbers_db [None req-94da3906-1766-4b8e-8a7b-2827d1372523 8d8b93d0de2e4d33a9527d5ff193614f 0d9cfadafc714e47be3a14b9ff0c38c6 - - default default] Successfully bumped revision number for resource d5dfb4f6-a2ed-4c4f-a86c-cfd982088767 (type: security_group_rules) to 0
2026-06-26 11:37:21.705 10 INFO neutron.wsgi [None req-94da3906-1766-4b8e-8a7b-2827d1372523 8d8b93d0de2e4d33a9527d5ff193614f 0d9cfadafc714e47be3a14b9ff0c38c6 - - default default] 10.0.0.155 "GET /v2.0/security-groups?tenant_id=bca240c13b1a4ee481f4815209681045&name=default HTTP/1.1" status: 200 len: 2996 time: 0.4283106
2026-06-26 11:37:21.734 10 INFO neutron.wsgi [None req-55d20201-b565-4abd-85b4-8f1fd81eff55 031f35f75a964084b941f24e1aede57a 564736da411642fda2555111275a5ac2 - - default default] 10.0.0.155 "DELETE /v2.0/networks/ed533f27-a65e-4ae7-9afa-4c30348669b8 HTTP/1.1" status: 204 len: 168 time: 0.6651521
2026-06-26 11:37:21.756 10 INFO neutron.pecan_wsgi.hooks.translation [None req-51fcd908-fef0-45bd-9897-311d8a482781 031f35f75a964084b941f24e1aede57a 564736da411642fda2555111275a5ac2 - - default default] DELETE failed (client error): The resource could not be found.
2026-06-26 11:37:21.758 10 INFO neutron.wsgi [None req-51fcd908-fef0-45bd-9897-311d8a482781 031f35f75a964084b941f24e1aede57a 564736da411642fda2555111275a5ac2 - - default default] 10.0.0.155 "DELETE /v2.0/subnets/52a0bd9d-f7bd-4e8f-ab63-1418157a8fc4 HTTP/1.1" status: 404 len: 337 time: 0.0161459
2026-06-26 11:37:21.780 10 INFO neutron.pecan_wsgi.hooks.translation [None req-37f19060-0f53-45a0-8c63-77cce76f8290 031f35f75a964084b941f24e1aede57a 564736da411642fda2555111275a5ac2 - - default default] DELETE failed (client error): The resource could not be found.
2026-06-26 11:37:21.782 10 INFO neutron.wsgi [None req-37f19060-0f53-45a0-8c63-77cce76f8290 031f35f75a964084b941f24e1aede57a 564736da411642fda2555111275a5ac2 - - default default] 10.0.0.155 "DELETE /v2.0/subnets/31ee86ef-1927-4ca5-aa45-f5c409226615 HTTP/1.1" status: 404 len: 337 time: 0.0191078
2026-06-26 11:37:21.806 9 INFO neutron.pecan_wsgi.hooks.translation [None req-39ef1550-a687-45e2-9639-d3c4c4524ad2 031f35f75a964084b941f24e1aede57a 564736da411642fda2555111275a5ac2 - - default default] DELETE failed (client error): The resource could not be found.
2026-06-26 11:37:21.808 9 INFO neutron.wsgi [None req-39ef1550-a687-45e2-9639-d3c4c4524ad2 031f35f75a964084b941f24e1aede57a 564736da411642fda2555111275a5ac2 - - default default] 10.0.0.155 "DELETE /v2.0/subnets/a37b5d1c-6b22-4140-99bb-4d93e208e4cb HTTP/1.1" status: 404 len: 337 time: 0.0201428
2026-06-26 11:37:21.873 9 INFO neutron.wsgi [req-9e89b524-91af-498d-a67e-3d5499e99e41 req-deb1e5bb-da09-4fb4-a477-5d9a4ed78264 30c528c616f34dd7920b8eca97c35701 c2570fb805ba4c6eae55cc8be1de693a - - default default] 199.19.213.147 "GET /v2.0/networks?id=23ca427b-f07b-498c-b531-22939fe8ca1e HTTP/1.1" status: 200 len: 859 time: 0.0706015
2026-06-26 11:37:21.920 9 INFO neutron.wsgi [None req-f814ffb7-3270-4bb5-ad3e-902cf7866ebe 8d8b93d0de2e4d33a9527d5ff193614f 0d9cfadafc714e47be3a14b9ff0c38c6 - - default default] 10.0.0.155 "GET /v2.0/security-groups?tenant_id=1c499a28a26b43e198b9108dfed36588&name=default HTTP/1.1" status: 200 len: 2996 time: 0.2229214
2026-06-26 11:37:21.935 9 INFO neutron.wsgi [req-9e89b524-91af-498d-a67e-3d5499e99e41 req-951bbf2d-e6b3-42c7-b744-9279d31e2c88 30c528c616f34dd7920b8eca97c35701 c2570fb805ba4c6eae55cc8be1de693a - - default default] 199.19.213.147 "GET /v2.0/security-groups?fields=id&fields=name&tenant_id=c2570fb805ba4c6eae55cc8be1de693a HTTP/1.1" status: 200 len: 472 time: 0.0525241
2026-06-26 11:37:21.997 9 INFO neutron.wsgi [None req-095084f2-913a-49e4-8b64-3a433e1d622c 8d8b93d0de2e4d33a9527d5ff193614f 0d9cfadafc714e47be3a14b9ff0c38c6 - - default default] 10.0.0.155 "DELETE /v2.0/security-groups/9481767f-74e2-45ec-84eb-1e89491d055f HTTP/1.1" status: 204 len: 168 time: 0.2847011
2026-06-26 11:37:22.032 10 INFO neutron.services.segments.plugin [-] Segment dfd139cc-4f7b-4d11-b7aa-89a8676e61a5 resource provider aggregate not found
2026-06-26 11:37:22.037 10 INFO neutron.services.segments.plugin [-] Segment dfd139cc-4f7b-4d11-b7aa-89a8676e61a5 resource provider aggregate not found
2026-06-26 11:37:22.046 10 INFO neutron.services.segments.plugin [-] Segment dfd139cc-4f7b-4d11-b7aa-89a8676e61a5 resource provider not found; error: Placement Client Error (4xx): {"errors": [{"status": 404, "title": "Not Found", "detail": "The resource could not be found.\n\n No resource provider with uuid dfd139cc-4f7b-4d11-b7aa-89a8676e61a5 found for delete ", "request_id": "req-6d4c8182-5474-4be0-99f6-deaae48e4b1a"}]}
2026-06-26 11:37:22.051 10 INFO neutron.services.segments.plugin [-] Segment dfd139cc-4f7b-4d11-b7aa-89a8676e61a5 resource provider not found; error: Placement Client Error (4xx): {"errors": [{"status": 404, "title": "Not Found", "detail": "The resource could not be found.\n\n No resource provider with uuid dfd139cc-4f7b-4d11-b7aa-89a8676e61a5 found for delete ", "request_id": "req-1e0413d0-1c67-4d52-a8bc-af5245c3e041"}]}
2026-06-26 11:37:22.110 10 INFO neutron.wsgi [None req-b75e241a-4238-40cc-818d-535541044b5a 8d8b93d0de2e4d33a9527d5ff193614f 0d9cfadafc714e47be3a14b9ff0c38c6 - - default default] 10.0.0.155 "DELETE /v2.0/security-groups/b1f6bfd5-0bfb-4c02-9e0c-301da59b515c HTTP/1.1" status: 204 len: 168 time: 0.1851380
2026-06-26 11:37:22.334 9 INFO neutron.wsgi [req-e7ccfc15-d4f4-4665-b9a6-f8a54dcc2a24 req-26d9161e-fedc-48af-ba26-1060101b5021 30c528c616f34dd7920b8eca97c35701 c2570fb805ba4c6eae55cc8be1de693a - - default default] 10.0.0.21 "GET /v2.0/ports?device_id=938cd8ed-d39c-4d2f-9a4e-3595e3055e84 HTTP/1.1" status: 200 len: 210 time: 0.0239918
2026-06-26 11:37:22.389 9 WARNING neutron.scheduler.dhcp_agent_scheduler [req-9e89b524-91af-498d-a67e-3d5499e99e41 req-2cffacd8-e05c-4f88-8b2f-983b82f6e3b3 30c528c616f34dd7920b8eca97c35701 c2570fb805ba4c6eae55cc8be1de693a - - default default] No more DHCP agents
2026-06-26 11:37:22.391 9 WARNING neutron.api.rpc.agentnotifiers.dhcp_rpc_agent_api [req-9e89b524-91af-498d-a67e-3d5499e99e41 req-2cffacd8-e05c-4f88-8b2f-983b82f6e3b3 30c528c616f34dd7920b8eca97c35701 c2570fb805ba4c6eae55cc8be1de693a - - default default] Unable to schedule network 23ca427b-f07b-498c-b531-22939fe8ca1e: no agents available; will retry on subsequent port and subnet creation events.
2026-06-26 11:37:22.392 10 INFO neutron.db.ovn_revision_numbers_db [None req-bdd320db-2082-4dd6-8ce6-772cdc6f692b 8d8b93d0de2e4d33a9527d5ff193614f 0d9cfadafc714e47be3a14b9ff0c38c6 - - default default] Successfully bumped revision number for resource c7be9dec-809d-48fb-9ebc-1abee14e927e (type: security_groups) to 1
2026-06-26 11:37:22.411 10 INFO neutron.db.ovn_revision_numbers_db [None req-bdd320db-2082-4dd6-8ce6-772cdc6f692b 8d8b93d0de2e4d33a9527d5ff193614f 0d9cfadafc714e47be3a14b9ff0c38c6 - - default default] Successfully bumped revision number for resource 23a27685-7286-4128-b71c-5c19dd85f830 (type: security_group_rules) to 0
2026-06-26 11:37:22.424 10 INFO neutron.db.ovn_revision_numbers_db [None req-bdd320db-2082-4dd6-8ce6-772cdc6f692b 8d8b93d0de2e4d33a9527d5ff193614f 0d9cfadafc714e47be3a14b9ff0c38c6 - - default default] Successfully bumped revision number for resource 4c047306-7c89-4395-b720-3731425a2a5d (type: security_group_rules) to 0
2026-06-26 11:37:22.442 10 INFO neutron.db.ovn_revision_numbers_db [None req-bdd320db-2082-4dd6-8ce6-772cdc6f692b 8d8b93d0de2e4d33a9527d5ff193614f 0d9cfadafc714e47be3a14b9ff0c38c6 - - default default] Successfully bumped revision number for resource 6cc2ac22-096f-4e98-aa50-b028b68db87f (type: security_group_rules) to 0
2026-06-26 11:37:22.455 10 INFO neutron.db.ovn_revision_numbers_db [None req-bdd320db-2082-4dd6-8ce6-772cdc6f692b 8d8b93d0de2e4d33a9527d5ff193614f 0d9cfadafc714e47be3a14b9ff0c38c6 - - default default] Successfully bumped revision number for resource de0c8843-314e-4bfc-86ef-68ccaa8e8455 (type: security_group_rules) to 0
2026-06-26 11:37:22.484 10 INFO neutron.wsgi [None req-bdd320db-2082-4dd6-8ce6-772cdc6f692b 8d8b93d0de2e4d33a9527d5ff193614f 0d9cfadafc714e47be3a14b9ff0c38c6 - - default default] 10.0.0.155 "GET /v2.0/security-groups?tenant_id=7dd1f3e4f66042d4840af169210479be&name=default HTTP/1.1" status: 200 len: 2996 time: 0.2055249
2026-06-26 11:37:22.558 9 INFO neutron.db.ovn_revision_numbers_db [req-9e89b524-91af-498d-a67e-3d5499e99e41 req-2cffacd8-e05c-4f88-8b2f-983b82f6e3b3 30c528c616f34dd7920b8eca97c35701 c2570fb805ba4c6eae55cc8be1de693a - - default default] Successfully bumped revision number for resource 1e617a7f-8238-4d2b-8b3e-3ddb2e8f9dc9 (type: ports) to 1
2026-06-26 11:37:22.586 9 INFO neutron.wsgi [req-9e89b524-91af-498d-a67e-3d5499e99e41 req-2cffacd8-e05c-4f88-8b2f-983b82f6e3b3 30c528c616f34dd7920b8eca97c35701 c2570fb805ba4c6eae55cc8be1de693a - - default default] 199.19.213.147 "POST /v2.0/ports HTTP/1.1" status: 201 len: 1162 time: 0.6333635 /var/lib/openstack/lib/python3.10/site-packages/pycadf/identifier.py:71: UserWarning: Invalid uuid: neutron. To ensure interoperability, identifiers should be a valid uuid. warnings.warn(('Invalid uuid: %s. To ensure interoperability, '
2026-06-26 11:37:22.693 10 INFO neutron.wsgi [None req-8ef7a086-8ccb-41ab-9fac-5dab49c2676d 8d8b93d0de2e4d33a9527d5ff193614f 0d9cfadafc714e47be3a14b9ff0c38c6 - - default default] 10.0.0.155 "DELETE /v2.0/security-groups/c7be9dec-809d-48fb-9ebc-1abee14e927e HTTP/1.1" status: 204 len: 168 time: 0.2038801
2026-06-26 11:37:22.892 10 INFO neutron.db.ovn_revision_numbers_db [None req-3f037b5f-fbcc-48cc-be36-c51e388371dd 8d8b93d0de2e4d33a9527d5ff193614f 0d9cfadafc714e47be3a14b9ff0c38c6 - - default default] Successfully bumped revision number for resource 1a33274b-4287-466b-a1f1-7ed45d547853 (type: security_groups) to 1
2026-06-26 11:37:22.903 10 INFO neutron.db.ovn_revision_numbers_db [None req-3f037b5f-fbcc-48cc-be36-c51e388371dd 8d8b93d0de2e4d33a9527d5ff193614f 0d9cfadafc714e47be3a14b9ff0c38c6 - - default default] Successfully bumped revision number for resource 4b9afa62-fe76-42bd-b90b-acaf1dadc9f0 (type: security_group_rules) to 0
2026-06-26 11:37:22.914 10 INFO neutron.db.ovn_revision_numbers_db [None req-3f037b5f-fbcc-48cc-be36-c51e388371dd 8d8b93d0de2e4d33a9527d5ff193614f 0d9cfadafc714e47be3a14b9ff0c38c6 - - default default] Successfully bumped revision number for resource 50fbc921-4cce-4501-8159-c637bf500211 (type: security_group_rules) to 0
2026-06-26 11:37:22.923 9 INFO neutron.db.ovn_revision_numbers_db [None req-6698d0f2-c8c2-4d24-9805-3028b8f650f0 8d8b93d0de2e4d33a9527d5ff193614f 0d9cfadafc714e47be3a14b9ff0c38c6 - - default default] Successfully bumped revision number for resource 43786477-4513-48ed-a487-61acb3a9c08c (type: security_groups) to 1
2026-06-26 11:37:22.932 10 INFO neutron.db.ovn_revision_numbers_db [None req-3f037b5f-fbcc-48cc-be36-c51e388371dd 8d8b93d0de2e4d33a9527d5ff193614f 0d9cfadafc714e47be3a14b9ff0c38c6 - - default default] Successfully bumped revision number for resource 5f8a0dea-bee4-4d61-a91f-6cfa27e93ee3 (type: security_group_rules) to 0
2026-06-26 11:37:22.944 9 INFO neutron.db.ovn_revision_numbers_db [None req-6698d0f2-c8c2-4d24-9805-3028b8f650f0 8d8b93d0de2e4d33a9527d5ff193614f 0d9cfadafc714e47be3a14b9ff0c38c6 - - default default] Successfully bumped revision number for resource 47131f73-40d7-48c3-bfa9-1563db7a7738 (type: security_group_rules) to 0
2026-06-26 11:37:22.945 10 INFO neutron.db.ovn_revision_numbers_db [None req-3f037b5f-fbcc-48cc-be36-c51e388371dd 8d8b93d0de2e4d33a9527d5ff193614f 0d9cfadafc714e47be3a14b9ff0c38c6 - - default default] Successfully bumped revision number for resource d6f4568a-31a3-454b-8bd3-f4c767a15204 (type: security_group_rules) to 0
2026-06-26 11:37:22.967 10 INFO neutron.wsgi [None req-3f037b5f-fbcc-48cc-be36-c51e388371dd 8d8b93d0de2e4d33a9527d5ff193614f 0d9cfadafc714e47be3a14b9ff0c38c6 - - default default] 10.0.0.155 "GET /v2.0/security-groups?tenant_id=683249a624b64c54873578c7d7a8e9b1&name=default HTTP/1.1" status: 200 len: 2996 time: 0.1774323
2026-06-26 11:37:22.974 9 INFO neutron.db.ovn_revision_numbers_db [None req-6698d0f2-c8c2-4d24-9805-3028b8f650f0 8d8b93d0de2e4d33a9527d5ff193614f 0d9cfadafc714e47be3a14b9ff0c38c6 - - default default] Successfully bumped revision number for resource 52731940-f71f-4b25-9b9f-2305c5dcf3ac (type: security_group_rules) to 0
2026-06-26 11:37:22.992 9 INFO neutron.db.ovn_revision_numbers_db [None req-6698d0f2-c8c2-4d24-9805-3028b8f650f0 8d8b93d0de2e4d33a9527d5ff193614f 0d9cfadafc714e47be3a14b9ff0c38c6 - - default default] Successfully bumped revision number for resource 6a7a2e57-2e07-4bd4-aeda-a8c98e216543 (type: security_group_rules) to 0
2026-06-26 11:37:23.019 9 INFO neutron.db.ovn_revision_numbers_db [None req-6698d0f2-c8c2-4d24-9805-3028b8f650f0 8d8b93d0de2e4d33a9527d5ff193614f 0d9cfadafc714e47be3a14b9ff0c38c6 - - default default] Successfully bumped revision number for resource a3cf4d7a-ccf6-441e-a56b-6ece75b7afae (type: security_group_rules) to 0
2026-06-26 11:37:23.043 9 INFO neutron.wsgi [None req-6698d0f2-c8c2-4d24-9805-3028b8f650f0 8d8b93d0de2e4d33a9527d5ff193614f 0d9cfadafc714e47be3a14b9ff0c38c6 - - default default] 10.0.0.155 "GET /v2.0/security-groups?tenant_id=9d47b253709d4229b523f73a4948c7d3&name=default HTTP/1.1" status: 200 len: 2996 time: 0.4707756
2026-06-26 11:37:23.045 9 INFO neutron.db.ovn_revision_numbers_db [req-9e89b524-91af-498d-a67e-3d5499e99e41 req-22f4506b-c513-464f-a5b2-43f78c9fab76 f98daae8be984a6386877d742a7003cf cb639a4a6dd442ebb08599392164bda4 - - 508b69b9609c45618a526eb50132b3d7 508b69b9609c45618a526eb50132b3d7] Successfully bumped revision number for resource 1e617a7f-8238-4d2b-8b3e-3ddb2e8f9dc9 (type: ports) to 2 /var/lib/openstack/lib/python3.10/site-packages/pycadf/identifier.py:71: UserWarning: Invalid uuid: neutron. To ensure interoperability, identifiers should be a valid uuid. warnings.warn(('Invalid uuid: %s. To ensure interoperability, '
2026-06-26 11:37:23.186 10 INFO neutron.wsgi [None req-aaab836c-63a2-4bef-9326-ec84a54841c1 8d8b93d0de2e4d33a9527d5ff193614f 0d9cfadafc714e47be3a14b9ff0c38c6 - - default default] 10.0.0.155 "DELETE /v2.0/security-groups/1a33274b-4287-466b-a1f1-7ed45d547853 HTTP/1.1" status: 204 len: 168 time: 0.2118716
2026-06-26 11:37:23.308 9 INFO neutron.db.ovn_revision_numbers_db [req-9e89b524-91af-498d-a67e-3d5499e99e41 req-22f4506b-c513-464f-a5b2-43f78c9fab76 f98daae8be984a6386877d742a7003cf cb639a4a6dd442ebb08599392164bda4 - - 508b69b9609c45618a526eb50132b3d7 508b69b9609c45618a526eb50132b3d7] Successfully bumped revision number for resource 1e617a7f-8238-4d2b-8b3e-3ddb2e8f9dc9 (type: ports) to 2
2026-06-26 11:37:23.323 9 INFO neutron.wsgi [req-9e89b524-91af-498d-a67e-3d5499e99e41 req-22f4506b-c513-464f-a5b2-43f78c9fab76 f98daae8be984a6386877d742a7003cf cb639a4a6dd442ebb08599392164bda4 - - 508b69b9609c45618a526eb50132b3d7 508b69b9609c45618a526eb50132b3d7] 199.19.213.147 "PUT /v2.0/ports/1e617a7f-8238-4d2b-8b3e-3ddb2e8f9dc9 HTTP/1.1" status: 200 len: 1380 time: 0.7250924
2026-06-26 11:37:23.339 9 INFO neutron.wsgi [None req-d7ccaacb-0a83-4b9e-a096-c7009e701cd2 8d8b93d0de2e4d33a9527d5ff193614f 0d9cfadafc714e47be3a14b9ff0c38c6 - - default default] 10.0.0.155 "DELETE /v2.0/security-groups/43786477-4513-48ed-a487-61acb3a9c08c HTTP/1.1" status: 204 len: 168 time: 0.2909009
2026-06-26 11:37:23.360 9 INFO neutron.notifiers.nova [-] Nova event matching ['req-653d0614-43fd-42ea-9070-bef733361b15'] response: {'name': 'network-changed', 'server_uuid': '938cd8ed-d39c-4d2f-9a4e-3595e3055e84', 'tag': '1e617a7f-8238-4d2b-8b3e-3ddb2e8f9dc9', 'status': 'completed', 'code': 200} /var/lib/openstack/lib/python3.10/site-packages/pycadf/identifier.py:71: UserWarning: Invalid uuid: neutron. To ensure interoperability, identifiers should be a valid uuid. warnings.warn(('Invalid uuid: %s. To ensure interoperability, '
2026-06-26 11:37:23.393 9 INFO neutron.wsgi [req-9e89b524-91af-498d-a67e-3d5499e99e41 req-c96586fa-c254-4810-8764-e9b5664249c6 f98daae8be984a6386877d742a7003cf cb639a4a6dd442ebb08599392164bda4 - - 508b69b9609c45618a526eb50132b3d7 508b69b9609c45618a526eb50132b3d7] 199.19.213.147 "GET /v2.0/ports?tenant_id=c2570fb805ba4c6eae55cc8be1de693a&device_id=938cd8ed-d39c-4d2f-9a4e-3595e3055e84 HTTP/1.1" status: 200 len: 1411 time: 0.0313981
2026-06-26 11:37:23.428 9 INFO neutron.wsgi [req-9e89b524-91af-498d-a67e-3d5499e99e41 req-edf9d874-5929-4a9d-a052-5696dce69d32 f98daae8be984a6386877d742a7003cf cb639a4a6dd442ebb08599392164bda4 - - 508b69b9609c45618a526eb50132b3d7 508b69b9609c45618a526eb50132b3d7] 199.19.213.147 "GET /v2.0/floatingips?fixed_ip_address=10.100.0.11&port_id=1e617a7f-8238-4d2b-8b3e-3ddb2e8f9dc9 HTTP/1.1" status: 200 len: 217 time: 0.0264816
2026-06-26 11:37:23.438 9 INFO neutron.wsgi [req-32c03ece-681f-4d60-a305-2b65a8b3def4 req-0ff29d44-c305-406c-8d7d-1c624ecbea5e 30c528c616f34dd7920b8eca97c35701 c2570fb805ba4c6eae55cc8be1de693a - - default default] 10.0.0.21 "GET /v2.0/ports?device_id=938cd8ed-d39c-4d2f-9a4e-3595e3055e84 HTTP/1.1" status: 200 len: 1172 time: 0.0432074
2026-06-26 11:37:23.471 9 INFO neutron.wsgi [req-9e89b524-91af-498d-a67e-3d5499e99e41 req-04f32a7f-cbdf-445f-86b9-a91ab0fc04f8 f98daae8be984a6386877d742a7003cf cb639a4a6dd442ebb08599392164bda4 - - 508b69b9609c45618a526eb50132b3d7 508b69b9609c45618a526eb50132b3d7] 199.19.213.147 "GET /v2.0/subnets?id=2b4e3876-ff5a-4615-bce1-3c453c7ae068 HTTP/1.1" status: 200 len: 852 time: 0.0391829
2026-06-26 11:37:23.497 9 INFO neutron.wsgi [req-9e89b524-91af-498d-a67e-3d5499e99e41 req-3124bc2b-5ec0-4649-88f0-5c2416fae817 f98daae8be984a6386877d742a7003cf cb639a4a6dd442ebb08599392164bda4 - - 508b69b9609c45618a526eb50132b3d7 508b69b9609c45618a526eb50132b3d7] 199.19.213.147 "GET /v2.0/ports?network_id=23ca427b-f07b-498c-b531-22939fe8ca1e&device_owner=network%3Adhcp HTTP/1.1" status: 200 len: 210 time: 0.0211401
2026-06-26 11:37:23.504 9 INFO neutron.wsgi [req-32c03ece-681f-4d60-a305-2b65a8b3def4 req-72908319-0e29-4a36-8342-493540ba02ad 30c528c616f34dd7920b8eca97c35701 c2570fb805ba4c6eae55cc8be1de693a - - default default] 10.0.0.21 "GET /v2.0/security-groups?id=aa22be54-8e5b-44e1-8cbf-52c659c7d22f&fields=id&fields=name HTTP/1.1" status: 200 len: 312 time: 0.0548775
2026-06-26 11:37:23.519 10 INFO neutron.wsgi [None req-9c154800-e69c-4fca-b70f-a8294c9e4e77 8d8b93d0de2e4d33a9527d5ff193614f 0d9cfadafc714e47be3a14b9ff0c38c6 - - default default] 10.0.0.155 "GET /v2.0/security-groups?tenant_id=564736da411642fda2555111275a5ac2&name=default HTTP/1.1" status: 200 len: 2996 time: 0.0524538
2026-06-26 11:37:23.561 9 INFO neutron.wsgi [req-9e89b524-91af-498d-a67e-3d5499e99e41 req-1cb759a5-1199-47db-8bf7-6e9eedcf8960 f98daae8be984a6386877d742a7003cf cb639a4a6dd442ebb08599392164bda4 - - 508b69b9609c45618a526eb50132b3d7 508b69b9609c45618a526eb50132b3d7] 199.19.213.147 "GET /v2.0/networks/23ca427b-f07b-498c-b531-22939fe8ca1e?fields=segments HTTP/1.1" status: 200 len: 212 time: 0.0565007
2026-06-26 11:37:23.628 9 INFO neutron.wsgi [req-9e89b524-91af-498d-a67e-3d5499e99e41 req-036343e1-bb9c-44ca-90af-48d2eb3019ca f98daae8be984a6386877d742a7003cf cb639a4a6dd442ebb08599392164bda4 - - 508b69b9609c45618a526eb50132b3d7 508b69b9609c45618a526eb50132b3d7] 199.19.213.147 "GET /v2.0/networks/23ca427b-f07b-498c-b531-22939fe8ca1e?fields=provider%3Aphysical_network&fields=provider%3Anetwork_type HTTP/1.1" status: 200 len: 277 time: 0.0618446
2026-06-26 11:37:23.696 9 INFO neutron.wsgi [req-e4753873-73a9-4d12-ae6e-bc6c9500b166 req-8c0da36f-369c-49f8-a7b2-295c91358adf f98daae8be984a6386877d742a7003cf cb639a4a6dd442ebb08599392164bda4 - - 508b69b9609c45618a526eb50132b3d7 508b69b9609c45618a526eb50132b3d7] 199.19.213.147 "GET /v2.0/ports?tenant_id=c2570fb805ba4c6eae55cc8be1de693a&device_id=938cd8ed-d39c-4d2f-9a4e-3595e3055e84 HTTP/1.1" status: 200 len: 1411 time: 0.0324898
2026-06-26 11:37:23.746 10 INFO neutron.wsgi [None req-8c867bfa-77d8-4ae2-a34f-facfbd9dee4f 8d8b93d0de2e4d33a9527d5ff193614f 0d9cfadafc714e47be3a14b9ff0c38c6 - - default default] 10.0.0.155 "DELETE /v2.0/security-groups/b9f12a36-02f5-412a-a49a-f8ca84c95b0b HTTP/1.1" status: 204 len: 168 time: 0.2198758
2026-06-26 11:37:23.787 9 INFO neutron.wsgi [req-e4753873-73a9-4d12-ae6e-bc6c9500b166 req-a762ecb2-e738-4308-8838-0a2f5113140c f98daae8be984a6386877d742a7003cf cb639a4a6dd442ebb08599392164bda4 - - 508b69b9609c45618a526eb50132b3d7 508b69b9609c45618a526eb50132b3d7] 199.19.213.147 "GET /v2.0/networks?id=23ca427b-f07b-498c-b531-22939fe8ca1e HTTP/1.1" status: 200 len: 957 time: 0.0833807
2026-06-26 11:37:23.821 9 INFO neutron.plugins.ml2.drivers.ovn.mech_driver.mech_driver [None req-6e290fc2-6da2-4c20-ab1d-6409e8e4f2d4 - - - - - -] OVN reports status up for port: 1e617a7f-8238-4d2b-8b3e-3ddb2e8f9dc9
2026-06-26 11:37:23.824 9 INFO neutron.wsgi [req-e4753873-73a9-4d12-ae6e-bc6c9500b166 req-a42e4a6c-cbb4-4275-beaf-c4e123a867c4 f98daae8be984a6386877d742a7003cf cb639a4a6dd442ebb08599392164bda4 - - 508b69b9609c45618a526eb50132b3d7 508b69b9609c45618a526eb50132b3d7] 199.19.213.147 "GET /v2.0/floatingips?fixed_ip_address=10.100.0.11&port_id=1e617a7f-8238-4d2b-8b3e-3ddb2e8f9dc9 HTTP/1.1" status: 200 len: 217 time: 0.0298839
2026-06-26 11:37:23.833 9 INFO neutron.plugins.ml2.plugin [None req-6e290fc2-6da2-4c20-ab1d-6409e8e4f2d4 - - - - - -] Attempt 1 to provision port 1e617a7f-8238-4d2b-8b3e-3ddb2e8f9dc9
2026-06-26 11:37:23.875 9 INFO neutron.wsgi [req-e4753873-73a9-4d12-ae6e-bc6c9500b166 req-1aba3621-a19b-4da4-94ab-d9ec95ee732e f98daae8be984a6386877d742a7003cf cb639a4a6dd442ebb08599392164bda4 - - 508b69b9609c45618a526eb50132b3d7 508b69b9609c45618a526eb50132b3d7] 199.19.213.147 "GET /v2.0/subnets?id=2b4e3876-ff5a-4615-bce1-3c453c7ae068 HTTP/1.1" status: 200 len: 852 time: 0.0403478
2026-06-26 11:37:23.903 9 INFO neutron.wsgi [req-e4753873-73a9-4d12-ae6e-bc6c9500b166 req-e6697141-12a0-4fbe-b638-8633639d608c f98daae8be984a6386877d742a7003cf cb639a4a6dd442ebb08599392164bda4 - - 508b69b9609c45618a526eb50132b3d7 508b69b9609c45618a526eb50132b3d7] 199.19.213.147 "GET /v2.0/ports?network_id=23ca427b-f07b-498c-b531-22939fe8ca1e&device_owner=network%3Adhcp HTTP/1.1" status: 200 len: 210 time: 0.0180387
2026-06-26 11:37:23.975 10 INFO neutron.db.ovn_revision_numbers_db [None req-6621c69d-5522-4e77-8ece-9a16c60d2a46 8d8b93d0de2e4d33a9527d5ff193614f 0d9cfadafc714e47be3a14b9ff0c38c6 - - default default] Successfully bumped revision number for resource a720c23e-be59-480e-ab73-f6e1a70c8809 (type: security_groups) to 1
2026-06-26 11:37:23.996 10 INFO neutron.db.ovn_revision_numbers_db [None req-6621c69d-5522-4e77-8ece-9a16c60d2a46 8d8b93d0de2e4d33a9527d5ff193614f 0d9cfadafc714e47be3a14b9ff0c38c6 - - default default] Successfully bumped revision number for resource 1ff281aa-b6e3-40c3-86bb-ee06b516a230 (type: security_group_rules) to 0
2026-06-26 11:37:24.004 9 INFO neutron.wsgi [req-e4753873-73a9-4d12-ae6e-bc6c9500b166 req-39e83822-8b90-49ea-82e2-a4f754e10727 f98daae8be984a6386877d742a7003cf cb639a4a6dd442ebb08599392164bda4 - - 508b69b9609c45618a526eb50132b3d7 508b69b9609c45618a526eb50132b3d7] 199.19.213.147 "GET /v2.0/networks/23ca427b-f07b-498c-b531-22939fe8ca1e?fields=segments HTTP/1.1" status: 200 len: 212 time: 0.0930645
2026-06-26 11:37:24.016 10 INFO neutron.db.ovn_revision_numbers_db [None req-6621c69d-5522-4e77-8ece-9a16c60d2a46 8d8b93d0de2e4d33a9527d5ff193614f 0d9cfadafc714e47be3a14b9ff0c38c6 - - default default] Successfully bumped revision number for resource 23e0b62c-1e28-403d-8bcf-a82390260075 (type: security_group_rules) to 0
2026-06-26 11:37:24.031 10 INFO neutron.db.ovn_revision_numbers_db [None req-6621c69d-5522-4e77-8ece-9a16c60d2a46 8d8b93d0de2e4d33a9527d5ff193614f 0d9cfadafc714e47be3a14b9ff0c38c6 - - default default] Successfully bumped revision number for resource 53000179-bfc1-4821-bfe8-e1ffca6d3033 (type: security_group_rules) to 0
2026-06-26 11:37:24.043 10 INFO neutron.db.ovn_revision_numbers_db [None req-6621c69d-5522-4e77-8ece-9a16c60d2a46 8d8b93d0de2e4d33a9527d5ff193614f 0d9cfadafc714e47be3a14b9ff0c38c6 - - default default] Successfully bumped revision number for resource 5bd11a18-ac78-4a68-b651-d22be1946604 (type: security_group_rules) to 0
2026-06-26 11:37:24.068 10 INFO neutron.wsgi [None req-6621c69d-5522-4e77-8ece-9a16c60d2a46 8d8b93d0de2e4d33a9527d5ff193614f 0d9cfadafc714e47be3a14b9ff0c38c6 - - default default] 10.0.0.155 "GET /v2.0/security-groups?tenant_id=f63968a6937c4242893806eb4b78cf31&name=default HTTP/1.1" status: 200 len: 2996 time: 0.2060311
2026-06-26 11:37:24.076 9 INFO neutron.wsgi [req-e4753873-73a9-4d12-ae6e-bc6c9500b166 req-73ebf323-cefb-470b-b977-8547929db6f5 f98daae8be984a6386877d742a7003cf cb639a4a6dd442ebb08599392164bda4 - - 508b69b9609c45618a526eb50132b3d7 508b69b9609c45618a526eb50132b3d7] 199.19.213.147 "GET /v2.0/networks/23ca427b-f07b-498c-b531-22939fe8ca1e?fields=provider%3Aphysical_network&fields=provider%3Anetwork_type HTTP/1.1" status: 200 len: 277 time: 0.0649776
2026-06-26 11:37:24.206 9 INFO neutron.db.ovn_revision_numbers_db [None req-6e290fc2-6da2-4c20-ab1d-6409e8e4f2d4 - - - - - -] Successfully bumped revision number for resource 1e617a7f-8238-4d2b-8b3e-3ddb2e8f9dc9 (type: ports) to 4
2026-06-26 11:37:24.329 10 INFO neutron.wsgi [None req-7d7a6b50-842b-4757-ad7b-3559d2931016 8d8b93d0de2e4d33a9527d5ff193614f 0d9cfadafc714e47be3a14b9ff0c38c6 - - default default] 10.0.0.155 "DELETE /v2.0/security-groups/a720c23e-be59-480e-ab73-f6e1a70c8809 HTTP/1.1" status: 204 len: 168 time: 0.2555499
2026-06-26 11:37:24.386 10 INFO neutron.db.ovn_revision_numbers_db [None req-5cee0c28-0e0d-4714-a7f5-6f0c7b0169b2 8d8b93d0de2e4d33a9527d5ff193614f 0d9cfadafc714e47be3a14b9ff0c38c6 - - default default] Successfully bumped revision number for resource 69c402e5-3f30-433b-bdf0-57ccb3c32a22 (type: security_groups) to 1
2026-06-26 11:37:24.399 10 INFO neutron.db.ovn_revision_numbers_db [None req-5cee0c28-0e0d-4714-a7f5-6f0c7b0169b2 8d8b93d0de2e4d33a9527d5ff193614f 0d9cfadafc714e47be3a14b9ff0c38c6 - - default default] Successfully bumped revision number for resource 4db1d8ec-96de-4dd7-8279-7164c7fdabfb (type: security_group_rules) to 0
2026-06-26 11:37:24.415 10 INFO neutron.db.ovn_revision_numbers_db [None req-5cee0c28-0e0d-4714-a7f5-6f0c7b0169b2 8d8b93d0de2e4d33a9527d5ff193614f 0d9cfadafc714e47be3a14b9ff0c38c6 - - default default] Successfully bumped revision number for resource 51313eae-c135-4cd9-898a-0dbc61f2899e (type: security_group_rules) to 0
2026-06-26 11:37:24.430 10 INFO neutron.db.ovn_revision_numbers_db [None req-5cee0c28-0e0d-4714-a7f5-6f0c7b0169b2 8d8b93d0de2e4d33a9527d5ff193614f 0d9cfadafc714e47be3a14b9ff0c38c6 - - default default] Successfully bumped revision number for resource dcb099b4-f424-4f1e-b810-aee8d627e86f (type: security_group_rules) to 0
2026-06-26 11:37:24.448 10 INFO neutron.db.ovn_revision_numbers_db [None req-5cee0c28-0e0d-4714-a7f5-6f0c7b0169b2 8d8b93d0de2e4d33a9527d5ff193614f 0d9cfadafc714e47be3a14b9ff0c38c6 - - default default] Successfully bumped revision number for resource dcc723b4-6200-4e3b-a9b1-ba99dcde19a7 (type: security_group_rules) to 0
2026-06-26 11:37:24.497 10 INFO neutron.db.segments_db [None req-5cee0c28-0e0d-4714-a7f5-6f0c7b0169b2 8d8b93d0de2e4d33a9527d5ff193614f 0d9cfadafc714e47be3a14b9ff0c38c6 - - default default] Added segment 25d914a7-4432-426e-92b2-b1b7b108a7ef of type geneve for network 4641a6e6-4502-4214-a8bd-0069553f8b69 /var/lib/openstack/lib/python3.10/site-packages/pycadf/identifier.py:71: UserWarning: Invalid uuid: neutron. To ensure interoperability, identifiers should be a valid uuid. warnings.warn(('Invalid uuid: %s. To ensure interoperability, '
2026-06-26 11:37:24.633 9 INFO neutron.wsgi [req-fc87cb5b-7a53-45a1-af6c-bc20b23f53cc req-a30fdd4d-73ea-499a-bc04-19d33d0a19e0 30c528c616f34dd7920b8eca97c35701 c2570fb805ba4c6eae55cc8be1de693a - - default default] 10.0.0.21 "GET /v2.0/ports?device_id=938cd8ed-d39c-4d2f-9a4e-3595e3055e84 HTTP/1.1" status: 200 len: 1174 time: 0.0507786
2026-06-26 11:37:24.634 10 INFO neutron.db.ovn_revision_numbers_db [None req-5cee0c28-0e0d-4714-a7f5-6f0c7b0169b2 8d8b93d0de2e4d33a9527d5ff193614f 0d9cfadafc714e47be3a14b9ff0c38c6 - - default default] Successfully bumped revision number for resource 4641a6e6-4502-4214-a8bd-0069553f8b69 (type: networks) to 1
2026-06-26 11:37:24.697 9 INFO neutron.wsgi [req-fc87cb5b-7a53-45a1-af6c-bc20b23f53cc req-7de900b8-918c-4c56-ab07-96ac0dec6f53 30c528c616f34dd7920b8eca97c35701 c2570fb805ba4c6eae55cc8be1de693a - - default default] 10.0.0.21 "GET /v2.0/security-groups?id=aa22be54-8e5b-44e1-8cbf-52c659c7d22f&fields=id&fields=name HTTP/1.1" status: 200 len: 312 time: 0.0564604
2026-06-26 11:37:24.812 10 WARNING neutron.scheduler.dhcp_agent_scheduler [None req-5cee0c28-0e0d-4714-a7f5-6f0c7b0169b2 8d8b93d0de2e4d33a9527d5ff193614f 0d9cfadafc714e47be3a14b9ff0c38c6 - - default default] No more DHCP agents
2026-06-26 11:37:24.814 10 WARNING neutron.api.rpc.agentnotifiers.dhcp_rpc_agent_api [None req-5cee0c28-0e0d-4714-a7f5-6f0c7b0169b2 8d8b93d0de2e4d33a9527d5ff193614f 0d9cfadafc714e47be3a14b9ff0c38c6 - - default default] Unable to schedule network 4641a6e6-4502-4214-a8bd-0069553f8b69: no agents available; will retry on subsequent port and subnet creation events.
2026-06-26 11:37:24.906 10 INFO neutron.db.ovn_revision_numbers_db [None req-5cee0c28-0e0d-4714-a7f5-6f0c7b0169b2 8d8b93d0de2e4d33a9527d5ff193614f 0d9cfadafc714e47be3a14b9ff0c38c6 - - default default] Successfully bumped revision number for resource f95d4cdf-f289-4b9a-8733-fed9e8ef8aac (type: ports) to 1
2026-06-26 11:37:24.944 10 INFO neutron.wsgi [None req-5cee0c28-0e0d-4714-a7f5-6f0c7b0169b2 8d8b93d0de2e4d33a9527d5ff193614f 0d9cfadafc714e47be3a14b9ff0c38c6 - - default default] 10.0.0.155 "POST /v2.0/networks HTTP/1.1" status: 201 len: 942 time: 1.0105519
2026-06-26 11:37:25.096 10 WARNING neutron.scheduler.dhcp_agent_scheduler [None req-c42b7073-8cd8-401b-bd49-b61625de8149 8d8b93d0de2e4d33a9527d5ff193614f 0d9cfadafc714e47be3a14b9ff0c38c6 - - default default] No more DHCP agents
2026-06-26 11:37:25.100 10 WARNING neutron.api.rpc.agentnotifiers.dhcp_rpc_agent_api [None req-c42b7073-8cd8-401b-bd49-b61625de8149 8d8b93d0de2e4d33a9527d5ff193614f 0d9cfadafc714e47be3a14b9ff0c38c6 - - default default] Unable to schedule network 4641a6e6-4502-4214-a8bd-0069553f8b69: no agents available; will retry on subsequent port and subnet creation events.
2026-06-26 11:37:25.395 9 INFO neutron.notifiers.nova [-] Nova event matching ['req-0562f2c4-e979-433e-9f57-593f32f6f52e'] response: {'server_uuid': '938cd8ed-d39c-4d2f-9a4e-3595e3055e84', 'name': 'network-vif-plugged', 'status': 'completed', 'tag': '1e617a7f-8238-4d2b-8b3e-3ddb2e8f9dc9', 'code': 200}
2026-06-26 11:37:25.396 9 INFO neutron.notifiers.nova [-] Nova event matching ['req-0562f2c4-e979-433e-9f57-593f32f6f52e'] response: {'server_uuid': '938cd8ed-d39c-4d2f-9a4e-3595e3055e84', 'name': 'network-vif-plugged', 'status': 'completed', 'tag': '1e617a7f-8238-4d2b-8b3e-3ddb2e8f9dc9', 'code': 200}
2026-06-26 11:37:25.594 10 INFO neutron.db.ovn_revision_numbers_db [None req-c42b7073-8cd8-401b-bd49-b61625de8149 8d8b93d0de2e4d33a9527d5ff193614f 0d9cfadafc714e47be3a14b9ff0c38c6 - - default default] Successfully bumped revision number for resource f95d4cdf-f289-4b9a-8733-fed9e8ef8aac (type: ports) to 2
2026-06-26 11:37:25.639 10 INFO neutron.db.ovn_revision_numbers_db [None req-c42b7073-8cd8-401b-bd49-b61625de8149 8d8b93d0de2e4d33a9527d5ff193614f 0d9cfadafc714e47be3a14b9ff0c38c6 - - default default] Successfully bumped revision number for resource 99af9d9c-7bc1-45b3-8984-39a042dac775 (type: subnets) to 0
2026-06-26 11:37:25.652 10 INFO neutron.wsgi [None req-c42b7073-8cd8-401b-bd49-b61625de8149 8d8b93d0de2e4d33a9527d5ff193614f 0d9cfadafc714e47be3a14b9ff0c38c6 - - default default] 10.0.0.155 "POST /v2.0/subnets HTTP/1.1" status: 201 len: 862 time: 0.7038183
2026-06-26 11:37:25.816 9 INFO neutron.wsgi [req-58414cd6-e07b-4f95-a962-e20140439bdc req-10ba02cb-aa4d-4938-a196-aa5107869eca 30c528c616f34dd7920b8eca97c35701 c2570fb805ba4c6eae55cc8be1de693a - - default default] 10.0.0.21 "GET /v2.0/ports?device_id=938cd8ed-d39c-4d2f-9a4e-3595e3055e84 HTTP/1.1" status: 200 len: 1174 time: 0.0577016
2026-06-26 11:37:25.862 9 INFO neutron.wsgi [req-58414cd6-e07b-4f95-a962-e20140439bdc req-07b63ec3-dce0-481b-9197-f99bb3c931bd 30c528c616f34dd7920b8eca97c35701 c2570fb805ba4c6eae55cc8be1de693a - - default default] 10.0.0.21 "GET /v2.0/security-groups?id=aa22be54-8e5b-44e1-8cbf-52c659c7d22f&fields=id&fields=name HTTP/1.1" status: 200 len: 312 time: 0.0388837
2026-06-26 11:37:25.999 9 INFO neutron.wsgi [req-5c98ff89-0d98-40fd-a0dc-cd84e2318d2f req-de5705a8-4827-42ca-ab8d-d3a8eb2d5c65 30c528c616f34dd7920b8eca97c35701 c2570fb805ba4c6eae55cc8be1de693a - - default default] 10.0.0.21 "GET /v2.0/ports?device_id=938cd8ed-d39c-4d2f-9a4e-3595e3055e84 HTTP/1.1" status: 200 len: 1174 time: 0.0764425
2026-06-26 11:37:26.040 9 INFO neutron.wsgi [req-5c98ff89-0d98-40fd-a0dc-cd84e2318d2f req-d9700bd9-14ae-448e-afb2-d29649867834 30c528c616f34dd7920b8eca97c35701 c2570fb805ba4c6eae55cc8be1de693a - - default default] 10.0.0.21 "GET /v2.0/security-groups?id=aa22be54-8e5b-44e1-8cbf-52c659c7d22f&fields=id&fields=name HTTP/1.1" status: 200 len: 312 time: 0.0367167
2026-06-26 11:37:26.115 9 INFO neutron.wsgi [None req-54be75af-0b12-4e9a-a11b-43def451c1b8 48443c2825f14558b46195d1c3a869d9 123af28937ec48c5809ac7c5ea0db3f2 - - default default] 10.0.0.155 "GET /v2.0/ports?device_id=938cd8ed-d39c-4d2f-9a4e-3595e3055e84 HTTP/1.1" status: 200 len: 1408 time: 0.0475957
2026-06-26 11:37:26.143 10 WARNING neutron.scheduler.dhcp_agent_scheduler [None req-5a91f3cd-3edd-493f-8c55-df79a6785be4 8d8b93d0de2e4d33a9527d5ff193614f 0d9cfadafc714e47be3a14b9ff0c38c6 - - default default] No more DHCP agents
2026-06-26 11:37:26.147 10 WARNING neutron.api.rpc.agentnotifiers.dhcp_rpc_agent_api [None req-5a91f3cd-3edd-493f-8c55-df79a6785be4 8d8b93d0de2e4d33a9527d5ff193614f 0d9cfadafc714e47be3a14b9ff0c38c6 - - default default] Unable to schedule network 40172fb8-2309-4fcd-8b81-a10ae0187096: no agents available; will retry on subsequent port and subnet creation events.
2026-06-26 11:37:26.346 10 INFO neutron.db.ovn_revision_numbers_db [None req-5a91f3cd-3edd-493f-8c55-df79a6785be4 8d8b93d0de2e4d33a9527d5ff193614f 0d9cfadafc714e47be3a14b9ff0c38c6 - - default default] Successfully bumped revision number for resource 1ce6a20b-5c8d-4cb4-a109-dfa6f1d5d9a7 (type: ports) to 1
2026-06-26 11:37:26.621 9 INFO neutron.db.l3_db [None req-3d2b4a9e-700a-4a97-bff0-83c0deb826b8 30c528c616f34dd7920b8eca97c35701 c2570fb805ba4c6eae55cc8be1de693a - - default default] Floating IP 3fa3b0a2-85dd-402d-a981-439082b125be associated. External IP: 10.96.250.206, port: 1e617a7f-8238-4d2b-8b3e-3ddb2e8f9dc9.
2026-06-26 11:37:26.777 10 INFO neutron.wsgi [None req-eae3af7a-628c-4451-97ff-2666f830aa3a 54619735c0364668925793fb23cc6e72 440cf5ac4e2f4977a4f6acba141263d0 - - default default] 10.0.0.155 "POST /v2.0/subnetpools HTTP/1.1" status: 201 len: 715 time: 0.2786865
2026-06-26 11:37:26.867 9 INFO neutron.wsgi [None req-44ebff09-70cc-4b39-b1c2-5c08f070dc6c 54619735c0364668925793fb23cc6e72 440cf5ac4e2f4977a4f6acba141263d0 - - default default] 10.0.0.155 "PUT /v2.0/subnetpools/128a6015-5eb7-44f1-a035-39c70347a9bb/tags HTTP/1.1" status: 200 len: 218 time: 0.0837820 /var/lib/openstack/lib/python3.10/site-packages/pycadf/identifier.py:71: UserWarning: Invalid uuid: neutron. To ensure interoperability, identifiers should be a valid uuid. warnings.warn(('Invalid uuid: %s. To ensure interoperability, '
2026-06-26 11:37:26.888 9 INFO neutron.wsgi [None req-42d0a7c3-29cb-434e-be48-4b9132f98689 54619735c0364668925793fb23cc6e72 440cf5ac4e2f4977a4f6acba141263d0 - - default default] 10.0.0.155 "GET /v2.0/subnetpools/128a6015-5eb7-44f1-a035-39c70347a9bb/tags HTTP/1.1" status: 200 len: 218 time: 0.0164816
