2026-06-26 11:37:43.067 10 INFO neutron.db.ovn_revision_numbers_db [None req-5c5159c5-6af8-48a9-95c7-e6916f95ede2 8d8b93d0de2e4d33a9527d5ff193614f 0d9cfadafc714e47be3a14b9ff0c38c6 - - default default] Successfully bumped revision number for resource 62447193-bd8e-49e4-9aaa-3f466c0cfd4c (type: security_group_rules) to 0
2026-06-26 11:37:43.093 10 INFO neutron.db.ovn_revision_numbers_db [None req-5c5159c5-6af8-48a9-95c7-e6916f95ede2 8d8b93d0de2e4d33a9527d5ff193614f 0d9cfadafc714e47be3a14b9ff0c38c6 - - default default] Successfully bumped revision number for resource 9d7a288d-2e92-4b2c-b97f-804bb30c5cc9 (type: security_group_rules) to 0
2026-06-26 11:37:43.107 10 INFO neutron.db.ovn_revision_numbers_db [None req-5c5159c5-6af8-48a9-95c7-e6916f95ede2 8d8b93d0de2e4d33a9527d5ff193614f 0d9cfadafc714e47be3a14b9ff0c38c6 - - default default] Successfully bumped revision number for resource f988f842-ee87-4c3f-b247-05f8775e1c33 (type: security_group_rules) to 0
2026-06-26 11:37:43.137 10 INFO neutron.wsgi [None req-5c5159c5-6af8-48a9-95c7-e6916f95ede2 8d8b93d0de2e4d33a9527d5ff193614f 0d9cfadafc714e47be3a14b9ff0c38c6 - - default default] 10.0.0.155 "GET /v2.0/security-groups?tenant_id=084d8ba184ed409388aefd7417dcbed0&name=default HTTP/1.1" status: 200 len: 2996 time: 0.3202040
2026-06-26 11:37:43.267 10 INFO neutron.wsgi [None req-38729844-f87c-4d78-91c8-3025044f63d8 7dacded0182246fabba41868b4ff32a8 74b08f2866d64f28b88f10b3fffc89f1 - - default default] 10.0.0.155 "POST /v2.0/subnetpools HTTP/1.1" status: 201 len: 715 time: 0.1149330
2026-06-26 11:37:43.328 10 INFO neutron.wsgi [None req-c49de2dc-c835-46a1-8d88-0ded7d66c1e5 7dacded0182246fabba41868b4ff32a8 74b08f2866d64f28b88f10b3fffc89f1 - - default default] 10.0.0.155 "POST /v2.0/subnetpools HTTP/1.1" status: 201 len: 715 time: 0.0526268
2026-06-26 11:37:43.364 10 INFO neutron.wsgi [None req-058de3d2-53d6-4b59-8b25-6b5ea39d9e40 8d8b93d0de2e4d33a9527d5ff193614f 0d9cfadafc714e47be3a14b9ff0c38c6 - - default default] 10.0.0.155 "DELETE /v2.0/security-groups/c8afd8f8-4924-4d73-bca3-9c1e859aeca3 HTTP/1.1" status: 204 len: 168 time: 0.2227278
2026-06-26 11:37:43.389 10 INFO neutron.wsgi [None req-a5ac3a68-f431-4d0c-9351-bb4c3982f964 7dacded0182246fabba41868b4ff32a8 74b08f2866d64f28b88f10b3fffc89f1 - - default default] 10.0.0.155 "POST /v2.0/subnetpools HTTP/1.1" status: 201 len: 715 time: 0.0552094
2026-06-26 11:37:43.446 10 INFO neutron.wsgi [None req-9a281891-119a-496d-86ee-516727976d78 7dacded0182246fabba41868b4ff32a8 74b08f2866d64f28b88f10b3fffc89f1 - - default default] 10.0.0.155 "POST /v2.0/subnetpools HTTP/1.1" status: 201 len: 715 time: 0.0517702
2026-06-26 11:37:43.521 10 INFO neutron.wsgi [None req-282359fc-7e9a-45d0-8b5e-65e8cbc885fb 7dacded0182246fabba41868b4ff32a8 74b08f2866d64f28b88f10b3fffc89f1 - - default default] 10.0.0.155 "POST /v2.0/subnetpools HTTP/1.1" status: 201 len: 715 time: 0.0699878
2026-06-26 11:37:43.555 10 INFO neutron.wsgi [None req-3251a18f-e755-4ed4-89b8-3caaf3c43977 7dacded0182246fabba41868b4ff32a8 74b08f2866d64f28b88f10b3fffc89f1 - - default default] 10.0.0.155 "PUT /v2.0/subnetpools/f28e3311-60dc-4ae8-9a16-c2033ca254bb/tags HTTP/1.1" status: 200 len: 210 time: 0.0290587
2026-06-26 11:37:43.587 10 INFO neutron.db.ovn_revision_numbers_db [None req-06b2793e-d034-488b-978f-0fcf674530b6 8d8b93d0de2e4d33a9527d5ff193614f 0d9cfadafc714e47be3a14b9ff0c38c6 - - default default] Successfully bumped revision number for resource 2ed10146-f66a-4f2a-b3ce-25fe59726a82 (type: security_groups) to 1
2026-06-26 11:37:43.591 10 INFO neutron.wsgi [None req-a7e5d2de-9035-4d11-b882-d4e17e5affe7 7dacded0182246fabba41868b4ff32a8 74b08f2866d64f28b88f10b3fffc89f1 - - default default] 10.0.0.155 "PUT /v2.0/subnetpools/66dbe8cf-21e0-4886-b1bc-54ae9bca94e7/tags HTTP/1.1" status: 200 len: 218 time: 0.0267334
2026-06-26 11:37:43.613 10 INFO neutron.db.ovn_revision_numbers_db [None req-06b2793e-d034-488b-978f-0fcf674530b6 8d8b93d0de2e4d33a9527d5ff193614f 0d9cfadafc714e47be3a14b9ff0c38c6 - - default default] Successfully bumped revision number for resource 4d1c02b8-be04-4347-b7f9-37b03e32c121 (type: security_group_rules) to 0
2026-06-26 11:37:43.630 10 INFO neutron.db.ovn_revision_numbers_db [None req-06b2793e-d034-488b-978f-0fcf674530b6 8d8b93d0de2e4d33a9527d5ff193614f 0d9cfadafc714e47be3a14b9ff0c38c6 - - default default] Successfully bumped revision number for resource 75dc73c7-4b2c-470e-8004-99ce01838911 (type: security_group_rules) to 0
2026-06-26 11:37:43.633 10 INFO neutron.wsgi [None req-6e81ffa4-1edc-4471-a88e-a11265f55e4e 7dacded0182246fabba41868b4ff32a8 74b08f2866d64f28b88f10b3fffc89f1 - - default default] 10.0.0.155 "PUT /v2.0/subnetpools/c0472cb0-d566-4154-84f4-a2d9967278ac/tags HTTP/1.1" status: 200 len: 227 time: 0.0335753
2026-06-26 11:37:43.655 10 INFO neutron.db.ovn_revision_numbers_db [None req-06b2793e-d034-488b-978f-0fcf674530b6 8d8b93d0de2e4d33a9527d5ff193614f 0d9cfadafc714e47be3a14b9ff0c38c6 - - default default] Successfully bumped revision number for resource 7b313971-190d-4216-be57-3ca6ea6792ed (type: security_group_rules) to 0
2026-06-26 11:37:43.670 10 INFO neutron.wsgi [None req-6f1ca628-689c-4fad-b5a2-f31b11459a4a 7dacded0182246fabba41868b4ff32a8 74b08f2866d64f28b88f10b3fffc89f1 - - default default] 10.0.0.155 "PUT /v2.0/subnetpools/4baaca2b-0b19-4630-9f19-274dfe08aa03/tags HTTP/1.1" status: 200 len: 212 time: 0.0302751
2026-06-26 11:37:43.672 9 INFO neutron.db.ovn_revision_numbers_db [req-b4e59cd9-779c-42f5-9e53-b2ed1dc589c9 req-5faede57-eb38-48c1-9e5b-53c797180244 f98daae8be984a6386877d742a7003cf cb639a4a6dd442ebb08599392164bda4 - - 508b69b9609c45618a526eb50132b3d7 508b69b9609c45618a526eb50132b3d7] Successfully bumped revision number for resource c1a4f58b-5efa-4b3b-8985-52cec5ee8f1c (type: ports) to 2
2026-06-26 11:37:43.674 10 INFO neutron.db.ovn_revision_numbers_db [None req-06b2793e-d034-488b-978f-0fcf674530b6 8d8b93d0de2e4d33a9527d5ff193614f 0d9cfadafc714e47be3a14b9ff0c38c6 - - default default] Successfully bumped revision number for resource e28cbfa0-f1b4-4fad-93f6-0b266e313dbd (type: security_group_rules) to 0
2026-06-26 11:37:43.710 10 INFO neutron.wsgi [None req-06b2793e-d034-488b-978f-0fcf674530b6 8d8b93d0de2e4d33a9527d5ff193614f 0d9cfadafc714e47be3a14b9ff0c38c6 - - default default] 10.0.0.155 "GET /v2.0/security-groups?tenant_id=1bee1d77fd2f45f989b9d354b67d9ea7&name=default HTTP/1.1" status: 200 len: 2996 time: 0.2434790 /var/lib/openstack/lib/python3.10/site-packages/pycadf/identifier.py:71: UserWarning: Invalid uuid: neutron. To ensure interoperability, identifiers should be a valid uuid. warnings.warn(('Invalid uuid: %s. To ensure interoperability, '
2026-06-26 11:37:43.722 10 INFO neutron.wsgi [None req-9623963e-dbe7-434a-b608-eea0ee71c52d 7dacded0182246fabba41868b4ff32a8 74b08f2866d64f28b88f10b3fffc89f1 - - default default] 10.0.0.155 "GET /v2.0/subnetpools?tags=red HTTP/1.1" status: 200 len: 1758 time: 0.0446286
2026-06-26 11:37:43.752 10 INFO neutron.wsgi [None req-6a6a32bd-053d-4ed9-8626-95fe38cd5e23 7dacded0182246fabba41868b4ff32a8 74b08f2866d64f28b88f10b3fffc89f1 - - default default] 10.0.0.155 "GET /v2.0/subnetpools?tags=red%2Cblue HTTP/1.1" status: 200 len: 1251 time: 0.0267241
2026-06-26 11:37:43.784 10 INFO neutron.wsgi [None req-614f8184-302e-4f23-aa39-7d228305fbf1 7dacded0182246fabba41868b4ff32a8 74b08f2866d64f28b88f10b3fffc89f1 - - default default] 10.0.0.155 "GET /v2.0/subnetpools?tags-any=blue HTTP/1.1" status: 200 len: 1251 time: 0.0266752
2026-06-26 11:37:43.813 10 INFO neutron.wsgi [None req-e21b191a-30f8-4196-a513-45a2f04d212f 7dacded0182246fabba41868b4ff32a8 74b08f2866d64f28b88f10b3fffc89f1 - - default default] 10.0.0.155 "GET /v2.0/subnetpools?tags-any=red%2Cblue HTTP/1.1" status: 200 len: 1758 time: 0.0235677
2026-06-26 11:37:43.833 9 INFO neutron.wsgi [req-9b9b9a6a-05ee-42e7-8952-577d301bbcd2 req-eee608b8-3100-4c0d-97d0-5d08877f7542 3e14ed4fb411459392f44f3deae61caa eec48025480c4d03a29ff7855b1a6835 - - default default] 10.0.0.21 "GET /v2.0/ports?device_id=d6ed95b8-bc7e-4fb1-b0b8-e757713ace58 HTTP/1.1" status: 200 len: 1208 time: 0.0605068
2026-06-26 11:37:43.841 10 INFO neutron.wsgi [None req-edf24caa-0603-45ec-8e51-035bf6dafe42 7dacded0182246fabba41868b4ff32a8 74b08f2866d64f28b88f10b3fffc89f1 - - default default] 10.0.0.155 "GET /v2.0/subnetpools?not-tags=red HTTP/1.1" status: 200 len: 1223 time: 0.0244544
2026-06-26 11:37:43.873 10 INFO neutron.wsgi [None req-678e5a3a-8676-45fd-87cd-fadee357d0e2 7dacded0182246fabba41868b4ff32a8 74b08f2866d64f28b88f10b3fffc89f1 - - default default] 10.0.0.155 "GET /v2.0/subnetpools?not-tags=red%2Cblue HTTP/1.1" status: 200 len: 1730 time: 0.0266945
2026-06-26 11:37:43.905 10 INFO neutron.wsgi [None req-3045d3c8-6213-4896-962b-0b332a1e780b 7dacded0182246fabba41868b4ff32a8 74b08f2866d64f28b88f10b3fffc89f1 - - default default] 10.0.0.155 "GET /v2.0/subnetpools?not-tags-any=blue HTTP/1.1" status: 200 len: 1730 time: 0.0244563
2026-06-26 11:37:43.927 10 INFO neutron.wsgi [None req-c3ede31c-9621-43bf-b255-090f143784ec 7dacded0182246fabba41868b4ff32a8 74b08f2866d64f28b88f10b3fffc89f1 - - default default] 10.0.0.155 "GET /v2.0/subnetpools?not-tags-any=red%2Cblue HTTP/1.1" status: 200 len: 1223 time: 0.0171354
2026-06-26 11:37:43.982 10 INFO neutron.wsgi [None req-99fd899e-0da5-4744-b16f-dce8a434e10d 7dacded0182246fabba41868b4ff32a8 74b08f2866d64f28b88f10b3fffc89f1 - - default default] 10.0.0.155 "DELETE /v2.0/subnetpools/f28e3311-60dc-4ae8-9a16-c2033ca254bb HTTP/1.1" status: 204 len: 168 time: 0.0486128
2026-06-26 11:37:43.993 9 INFO neutron.wsgi [req-9b9b9a6a-05ee-42e7-8952-577d301bbcd2 req-ed375f43-c709-4169-9371-055d94e2be96 3e14ed4fb411459392f44f3deae61caa eec48025480c4d03a29ff7855b1a6835 - - default default] 10.0.0.21 "GET /v2.0/security-groups?id=cde57a10-708f-4727-88ab-3ef34dd10bff&id=44af794f-b33e-49c7-aa70-16b5f64fe2e7&fields=id&fields=name HTTP/1.1" status: 200 len: 404 time: 0.1513238
2026-06-26 11:37:44.033 10 INFO neutron.wsgi [None req-28a70176-5257-447d-a8f6-49fe0e0b978c 7dacded0182246fabba41868b4ff32a8 74b08f2866d64f28b88f10b3fffc89f1 - - default default] 10.0.0.155 "DELETE /v2.0/subnetpools/66dbe8cf-21e0-4886-b1bc-54ae9bca94e7 HTTP/1.1" status: 204 len: 168 time: 0.0463285
2026-06-26 11:37:44.059 9 INFO neutron.db.ovn_revision_numbers_db [req-b4e59cd9-779c-42f5-9e53-b2ed1dc589c9 req-5faede57-eb38-48c1-9e5b-53c797180244 f98daae8be984a6386877d742a7003cf cb639a4a6dd442ebb08599392164bda4 - - 508b69b9609c45618a526eb50132b3d7 508b69b9609c45618a526eb50132b3d7] Successfully bumped revision number for resource c1a4f58b-5efa-4b3b-8985-52cec5ee8f1c (type: ports) to 2
2026-06-26 11:37:44.088 10 INFO neutron.wsgi [None req-d45921d1-068a-4578-9d22-7bb3429855d1 7dacded0182246fabba41868b4ff32a8 74b08f2866d64f28b88f10b3fffc89f1 - - default default] 10.0.0.155 "DELETE /v2.0/subnetpools/c0472cb0-d566-4154-84f4-a2d9967278ac HTTP/1.1" status: 204 len: 168 time: 0.0499773
2026-06-26 11:37:44.097 9 INFO neutron.wsgi [req-b4e59cd9-779c-42f5-9e53-b2ed1dc589c9 req-5faede57-eb38-48c1-9e5b-53c797180244 f98daae8be984a6386877d742a7003cf cb639a4a6dd442ebb08599392164bda4 - - 508b69b9609c45618a526eb50132b3d7 508b69b9609c45618a526eb50132b3d7] 199.19.213.147 "PUT /v2.0/ports/c1a4f58b-5efa-4b3b-8985-52cec5ee8f1c HTTP/1.1" status: 200 len: 1415 time: 1.2908926
2026-06-26 11:37:44.123 9 INFO neutron.wsgi [None req-077256b8-94f4-428e-a469-0b661f84e71f 30c528c616f34dd7920b8eca97c35701 c2570fb805ba4c6eae55cc8be1de693a - - default default] 10.0.0.155 "DELETE /v2.0/routers/ab822009-118f-47a0-8a04-c93dd08c78d3 HTTP/1.1" status: 204 len: 168 time: 1.2126174
2026-06-26 11:37:44.134 9 INFO neutron.notifiers.nova [-] Nova event matching ['req-e4ec09e7-a1fd-4b82-b50a-b2518dbdf0f8'] response: {'name': 'network-changed', 'server_uuid': 'd6ed95b8-bc7e-4fb1-b0b8-e757713ace58', 'tag': 'c1a4f58b-5efa-4b3b-8985-52cec5ee8f1c', 'status': 'completed', 'code': 200} /var/lib/openstack/lib/python3.10/site-packages/pycadf/identifier.py:71: UserWarning: Invalid uuid: neutron. To ensure interoperability, identifiers should be a valid uuid. warnings.warn(('Invalid uuid: %s. To ensure interoperability, '
2026-06-26 11:37:44.177 10 INFO neutron.wsgi [None req-680ac34e-58a7-48e5-860a-0920285747c8 7dacded0182246fabba41868b4ff32a8 74b08f2866d64f28b88f10b3fffc89f1 - - default default] 10.0.0.155 "DELETE /v2.0/subnetpools/4baaca2b-0b19-4630-9f19-274dfe08aa03 HTTP/1.1" status: 204 len: 168 time: 0.0845268
2026-06-26 11:37:44.190 9 INFO neutron.wsgi [req-b4e59cd9-779c-42f5-9e53-b2ed1dc589c9 req-724b31f1-139c-48f6-a329-1638cd6708ba f98daae8be984a6386877d742a7003cf cb639a4a6dd442ebb08599392164bda4 - - 508b69b9609c45618a526eb50132b3d7 508b69b9609c45618a526eb50132b3d7] 199.19.213.147 "GET /v2.0/ports?tenant_id=eec48025480c4d03a29ff7855b1a6835&device_id=d6ed95b8-bc7e-4fb1-b0b8-e757713ace58 HTTP/1.1" status: 200 len: 1446 time: 0.0404899
2026-06-26 11:37:44.192 9 INFO neutron.wsgi [None req-5d6649e2-eadd-4b1c-913b-8db73f590878 8d8b93d0de2e4d33a9527d5ff193614f 0d9cfadafc714e47be3a14b9ff0c38c6 - - default default] 10.0.0.155 "DELETE /v2.0/security-groups/2ed10146-f66a-4f2a-b3ce-25fe59726a82 HTTP/1.1" status: 204 len: 168 time: 0.4742384
2026-06-26 11:37:44.221 9 INFO neutron.wsgi [req-b4e59cd9-779c-42f5-9e53-b2ed1dc589c9 req-66c4ebb5-78b3-411d-b099-edca459850cf f98daae8be984a6386877d742a7003cf cb639a4a6dd442ebb08599392164bda4 - - 508b69b9609c45618a526eb50132b3d7 508b69b9609c45618a526eb50132b3d7] 199.19.213.147 "GET /v2.0/floatingips?fixed_ip_address=10.100.0.3&port_id=c1a4f58b-5efa-4b3b-8985-52cec5ee8f1c HTTP/1.1" status: 200 len: 217 time: 0.0235083
2026-06-26 11:37:44.250 10 INFO neutron.wsgi [None req-2b78f7cd-7a50-48ae-aafd-ecd76a84866c 7dacded0182246fabba41868b4ff32a8 74b08f2866d64f28b88f10b3fffc89f1 - - default default] 10.0.0.155 "DELETE /v2.0/subnetpools/2a96121c-8614-4fcb-be29-857d1265c116 HTTP/1.1" status: 204 len: 168 time: 0.0612738
2026-06-26 11:37:44.257 9 INFO neutron.wsgi [req-b4e59cd9-779c-42f5-9e53-b2ed1dc589c9 req-d198fd3f-d30a-410c-9b0a-f4c25e0f6cd9 f98daae8be984a6386877d742a7003cf cb639a4a6dd442ebb08599392164bda4 - - 508b69b9609c45618a526eb50132b3d7 508b69b9609c45618a526eb50132b3d7] 199.19.213.147 "GET /v2.0/subnets?id=99af9d9c-7bc1-45b3-8984-39a042dac775 HTTP/1.1" status: 200 len: 865 time: 0.0312998
2026-06-26 11:37:44.285 9 INFO neutron.wsgi [req-b4e59cd9-779c-42f5-9e53-b2ed1dc589c9 req-f3a285aa-a6ab-48e3-8882-2b336cd1af73 f98daae8be984a6386877d742a7003cf cb639a4a6dd442ebb08599392164bda4 - - 508b69b9609c45618a526eb50132b3d7 508b69b9609c45618a526eb50132b3d7] 199.19.213.147 "GET /v2.0/ports?network_id=4641a6e6-4502-4214-a8bd-0069553f8b69&device_owner=network%3Adhcp HTTP/1.1" status: 200 len: 210 time: 0.0225489
2026-06-26 11:37:44.348 9 INFO neutron.wsgi [req-b4e59cd9-779c-42f5-9e53-b2ed1dc589c9 req-f44309d3-9cd7-405b-a977-4da37a84cf84 f98daae8be984a6386877d742a7003cf cb639a4a6dd442ebb08599392164bda4 - - 508b69b9609c45618a526eb50132b3d7 508b69b9609c45618a526eb50132b3d7] 199.19.213.147 "GET /v2.0/networks/4641a6e6-4502-4214-a8bd-0069553f8b69?fields=segments HTTP/1.1" status: 200 len: 212 time: 0.0554860
2026-06-26 11:37:44.430 9 INFO neutron.wsgi [req-b4e59cd9-779c-42f5-9e53-b2ed1dc589c9 req-e67fc46d-a61f-4a7a-b6d0-294f060a6691 f98daae8be984a6386877d742a7003cf cb639a4a6dd442ebb08599392164bda4 - - 508b69b9609c45618a526eb50132b3d7 508b69b9609c45618a526eb50132b3d7] 199.19.213.147 "GET /v2.0/networks/4641a6e6-4502-4214-a8bd-0069553f8b69?fields=provider%3Aphysical_network&fields=provider%3Anetwork_type HTTP/1.1" status: 200 len: 277 time: 0.0762508
2026-06-26 11:37:44.500 10 INFO neutron.services.segments.plugin [-] Segment afb24718-ed58-4353-b0c2-58238aa6ff69 resource provider aggregate not found
2026-06-26 11:37:44.505 10 INFO neutron.services.segments.plugin [-] Segment afb24718-ed58-4353-b0c2-58238aa6ff69 resource provider aggregate not found
2026-06-26 11:37:44.520 9 INFO neutron.wsgi [req-db823282-11ee-41a9-b48e-8f9bba9f13c5 req-e02155d9-e622-4c84-a772-0148d835717a f98daae8be984a6386877d742a7003cf cb639a4a6dd442ebb08599392164bda4 - - 508b69b9609c45618a526eb50132b3d7 508b69b9609c45618a526eb50132b3d7] 199.19.213.147 "GET /v2.0/ports?tenant_id=eec48025480c4d03a29ff7855b1a6835&device_id=d6ed95b8-bc7e-4fb1-b0b8-e757713ace58 HTTP/1.1" status: 200 len: 1446 time: 0.0472894
2026-06-26 11:37:44.526 10 INFO neutron.services.segments.plugin [-] Segment afb24718-ed58-4353-b0c2-58238aa6ff69 resource provider not found; error: Placement Client Error (4xx): {"errors": [{"status": 404, "title": "Not Found", "detail": "The resource could not be found.\n\n No resource provider with uuid afb24718-ed58-4353-b0c2-58238aa6ff69 found for delete ", "request_id": "req-0c86c2c5-69aa-4a8f-9fe7-6cc93582d6cc"}]}
2026-06-26 11:37:44.527 10 INFO neutron.services.segments.plugin [-] Segment afb24718-ed58-4353-b0c2-58238aa6ff69 resource provider not found; error: Placement Client Error (4xx): {"errors": [{"status": 404, "title": "Not Found", "detail": "The resource could not be found.\n\n No resource provider with uuid afb24718-ed58-4353-b0c2-58238aa6ff69 found for delete ", "request_id": "req-2f15bc9a-7f61-48e3-86de-4cff06fb5b52"}]}
2026-06-26 11:37:44.568 10 INFO neutron.wsgi [None req-e0249c48-c223-438b-87b4-808a6c473d23 30c528c616f34dd7920b8eca97c35701 c2570fb805ba4c6eae55cc8be1de693a - - default default] 10.0.0.155 "DELETE /v2.0/networks/23ca427b-f07b-498c-b531-22939fe8ca1e HTTP/1.1" status: 204 len: 168 time: 0.4381728
2026-06-26 11:37:44.597 9 INFO neutron.wsgi [req-db823282-11ee-41a9-b48e-8f9bba9f13c5 req-ccbe6672-2767-4450-9966-034c8cfd4e1d f98daae8be984a6386877d742a7003cf cb639a4a6dd442ebb08599392164bda4 - - 508b69b9609c45618a526eb50132b3d7 508b69b9609c45618a526eb50132b3d7] 199.19.213.147 "GET /v2.0/networks?id=4641a6e6-4502-4214-a8bd-0069553f8b69 HTTP/1.1" status: 200 len: 970 time: 0.0660660
2026-06-26 11:37:44.635 9 INFO neutron.wsgi [req-db823282-11ee-41a9-b48e-8f9bba9f13c5 req-003566b4-7015-4e96-8ce7-b0ca058003e8 f98daae8be984a6386877d742a7003cf cb639a4a6dd442ebb08599392164bda4 - - 508b69b9609c45618a526eb50132b3d7 508b69b9609c45618a526eb50132b3d7] 199.19.213.147 "GET /v2.0/floatingips?fixed_ip_address=10.100.0.3&port_id=c1a4f58b-5efa-4b3b-8985-52cec5ee8f1c HTTP/1.1" status: 200 len: 217 time: 0.0294623
2026-06-26 11:37:44.672 9 INFO neutron.wsgi [req-6caf7df4-956a-4416-a7fc-08ed2c65705d req-0c50e77a-97b0-440e-89e2-9b222a7a54f5 f98daae8be984a6386877d742a7003cf cb639a4a6dd442ebb08599392164bda4 - - 508b69b9609c45618a526eb50132b3d7 508b69b9609c45618a526eb50132b3d7] 199.19.213.147 "GET /v2.0/ports?device_id=d6ed95b8-bc7e-4fb1-b0b8-e757713ace58 HTTP/1.1" status: 200 len: 1446 time: 0.0678844
2026-06-26 11:37:44.693 9 INFO neutron.wsgi [req-db823282-11ee-41a9-b48e-8f9bba9f13c5 req-1ab0741c-33fc-49f1-bb2a-50e109d63499 f98daae8be984a6386877d742a7003cf cb639a4a6dd442ebb08599392164bda4 - - 508b69b9609c45618a526eb50132b3d7 508b69b9609c45618a526eb50132b3d7] 199.19.213.147 "GET /v2.0/subnets?id=99af9d9c-7bc1-45b3-8984-39a042dac775 HTTP/1.1" status: 200 len: 865 time: 0.0470068
2026-06-26 11:37:44.730 9 INFO neutron.wsgi [req-db823282-11ee-41a9-b48e-8f9bba9f13c5 req-afd99319-22da-49a9-ab97-b8a512997ef3 f98daae8be984a6386877d742a7003cf cb639a4a6dd442ebb08599392164bda4 - - 508b69b9609c45618a526eb50132b3d7 508b69b9609c45618a526eb50132b3d7] 199.19.213.147 "GET /v2.0/ports?network_id=4641a6e6-4502-4214-a8bd-0069553f8b69&device_owner=network%3Adhcp HTTP/1.1" status: 200 len: 210 time: 0.0276985
2026-06-26 11:37:44.749 9 INFO neutron.wsgi [req-6caf7df4-956a-4416-a7fc-08ed2c65705d req-dd53760c-2ff4-448e-9e5a-f131ad64210c f98daae8be984a6386877d742a7003cf cb639a4a6dd442ebb08599392164bda4 - - 508b69b9609c45618a526eb50132b3d7 508b69b9609c45618a526eb50132b3d7] 199.19.213.147 "GET /v2.0/security-groups?id=44af794f-b33e-49c7-aa70-16b5f64fe2e7&id=cde57a10-708f-4727-88ab-3ef34dd10bff&fields=id&fields=name HTTP/1.1" status: 200 len: 404 time: 0.0718217
2026-06-26 11:37:44.815 9 INFO neutron.wsgi [req-db823282-11ee-41a9-b48e-8f9bba9f13c5 req-2576e866-3d77-4f3f-a879-1c591c881cb3 f98daae8be984a6386877d742a7003cf cb639a4a6dd442ebb08599392164bda4 - - 508b69b9609c45618a526eb50132b3d7 508b69b9609c45618a526eb50132b3d7] 199.19.213.147 "GET /v2.0/networks/4641a6e6-4502-4214-a8bd-0069553f8b69?fields=segments HTTP/1.1" status: 200 len: 212 time: 0.0788167
2026-06-26 11:37:44.854 9 INFO neutron.plugins.ml2.drivers.ovn.mech_driver.mech_driver [None req-6e290fc2-6da2-4c20-ab1d-6409e8e4f2d4 - - - - - -] OVN reports status up for port: c1a4f58b-5efa-4b3b-8985-52cec5ee8f1c
2026-06-26 11:37:44.887 9 INFO neutron.plugins.ml2.plugin [None req-6e290fc2-6da2-4c20-ab1d-6409e8e4f2d4 - - - - - -] Attempt 1 to provision port c1a4f58b-5efa-4b3b-8985-52cec5ee8f1c
2026-06-26 11:37:44.951 9 INFO neutron.wsgi [req-db823282-11ee-41a9-b48e-8f9bba9f13c5 req-13e81e7c-fd2d-4c01-8cc8-0044f7720b9d f98daae8be984a6386877d742a7003cf cb639a4a6dd442ebb08599392164bda4 - - 508b69b9609c45618a526eb50132b3d7 508b69b9609c45618a526eb50132b3d7] 199.19.213.147 "GET /v2.0/networks/4641a6e6-4502-4214-a8bd-0069553f8b69?fields=provider%3Aphysical_network&fields=provider%3Anetwork_type HTTP/1.1" status: 200 len: 277 time: 0.1273136
2026-06-26 11:37:45.109 9 INFO neutron.wsgi [req-8a1df92a-b49a-44da-b202-966e3fe96762 req-36a208f7-df3f-438a-8dd1-776e74fba9f4 3e14ed4fb411459392f44f3deae61caa eec48025480c4d03a29ff7855b1a6835 - - default default] 10.0.0.21 "GET /v2.0/ports?device_id=d6ed95b8-bc7e-4fb1-b0b8-e757713ace58 HTTP/1.1" status: 200 len: 1210 time: 0.0494947
2026-06-26 11:37:45.198 9 INFO neutron.wsgi [req-8a1df92a-b49a-44da-b202-966e3fe96762 req-4bacd122-6429-46eb-b100-e9a08f14112b 3e14ed4fb411459392f44f3deae61caa eec48025480c4d03a29ff7855b1a6835 - - default default] 10.0.0.21 "GET /v2.0/security-groups?id=cde57a10-708f-4727-88ab-3ef34dd10bff&id=44af794f-b33e-49c7-aa70-16b5f64fe2e7&fields=id&fields=name HTTP/1.1" status: 200 len: 404 time: 0.0677993
2026-06-26 11:37:45.267 9 INFO neutron.db.ovn_revision_numbers_db [None req-6e290fc2-6da2-4c20-ab1d-6409e8e4f2d4 - - - - - -] Successfully bumped revision number for resource c1a4f58b-5efa-4b3b-8985-52cec5ee8f1c (type: ports) to 4
2026-06-26 11:37:45.389 10 INFO neutron.db.ovn_revision_numbers_db [None req-fa3e47e4-8a8d-4e14-81fa-c8023b5fd8d8 8d8b93d0de2e4d33a9527d5ff193614f 0d9cfadafc714e47be3a14b9ff0c38c6 - - default default] Successfully bumped revision number for resource c93ba216-dbe3-4239-8e8c-f73fba856bf6 (type: security_groups) to 1
2026-06-26 11:37:45.407 10 INFO neutron.db.ovn_revision_numbers_db [None req-fa3e47e4-8a8d-4e14-81fa-c8023b5fd8d8 8d8b93d0de2e4d33a9527d5ff193614f 0d9cfadafc714e47be3a14b9ff0c38c6 - - default default] Successfully bumped revision number for resource 5ad96ada-7202-42db-95d4-df48ee16ff9b (type: security_group_rules) to 0
2026-06-26 11:37:45.425 10 INFO neutron.db.ovn_revision_numbers_db [None req-fa3e47e4-8a8d-4e14-81fa-c8023b5fd8d8 8d8b93d0de2e4d33a9527d5ff193614f 0d9cfadafc714e47be3a14b9ff0c38c6 - - default default] Successfully bumped revision number for resource b00dbb9e-4786-408a-93bc-dc45ce621e59 (type: security_group_rules) to 0
2026-06-26 11:37:45.446 10 INFO neutron.db.ovn_revision_numbers_db [None req-fa3e47e4-8a8d-4e14-81fa-c8023b5fd8d8 8d8b93d0de2e4d33a9527d5ff193614f 0d9cfadafc714e47be3a14b9ff0c38c6 - - default default] Successfully bumped revision number for resource c9ac17b8-e3ee-41d9-b672-7e57e4b5ff5e (type: security_group_rules) to 0
2026-06-26 11:37:45.468 10 INFO neutron.db.ovn_revision_numbers_db [None req-fa3e47e4-8a8d-4e14-81fa-c8023b5fd8d8 8d8b93d0de2e4d33a9527d5ff193614f 0d9cfadafc714e47be3a14b9ff0c38c6 - - default default] Successfully bumped revision number for resource d557e179-79b0-40a3-9d67-aff07c03c433 (type: security_group_rules) to 0
2026-06-26 11:37:45.494 10 INFO neutron.wsgi [None req-fa3e47e4-8a8d-4e14-81fa-c8023b5fd8d8 8d8b93d0de2e4d33a9527d5ff193614f 0d9cfadafc714e47be3a14b9ff0c38c6 - - default default] 10.0.0.155 "GET /v2.0/security-groups?tenant_id=6b058f9257494e098d2a0e102770f8c9&name=default HTTP/1.1" status: 200 len: 2996 time: 0.4138572
2026-06-26 11:37:45.496 10 INFO neutron.db.ovn_revision_numbers_db [None req-a37b78c6-3593-4b75-9ec4-5a77df697873 8d8b93d0de2e4d33a9527d5ff193614f 0d9cfadafc714e47be3a14b9ff0c38c6 - - default default] Successfully bumped revision number for resource 75ef6968-30e0-49a0-8a45-fcadb423bb8c (type: security_groups) to 1 /var/lib/openstack/lib/python3.10/site-packages/pycadf/identifier.py:71: UserWarning: Invalid uuid: neutron. To ensure interoperability, identifiers should be a valid uuid. warnings.warn(('Invalid uuid: %s. To ensure interoperability, '
2026-06-26 11:37:45.507 10 INFO neutron.db.ovn_revision_numbers_db [None req-a37b78c6-3593-4b75-9ec4-5a77df697873 8d8b93d0de2e4d33a9527d5ff193614f 0d9cfadafc714e47be3a14b9ff0c38c6 - - default default] Successfully bumped revision number for resource 5797e357-43f4-4b2d-9451-8686147fe9ff (type: security_group_rules) to 0
2026-06-26 11:37:45.518 10 INFO neutron.db.ovn_revision_numbers_db [None req-a37b78c6-3593-4b75-9ec4-5a77df697873 8d8b93d0de2e4d33a9527d5ff193614f 0d9cfadafc714e47be3a14b9ff0c38c6 - - default default] Successfully bumped revision number for resource 8f1666c4-268b-49c8-a063-b883387ab64e (type: security_group_rules) to 0
2026-06-26 11:37:45.537 10 INFO neutron.db.ovn_revision_numbers_db [None req-a37b78c6-3593-4b75-9ec4-5a77df697873 8d8b93d0de2e4d33a9527d5ff193614f 0d9cfadafc714e47be3a14b9ff0c38c6 - - default default] Successfully bumped revision number for resource 982518e7-5fd5-42cd-9049-996239b975ac (type: security_group_rules) to 0
2026-06-26 11:37:45.555 10 INFO neutron.db.ovn_revision_numbers_db [None req-a37b78c6-3593-4b75-9ec4-5a77df697873 8d8b93d0de2e4d33a9527d5ff193614f 0d9cfadafc714e47be3a14b9ff0c38c6 - - default default] Successfully bumped revision number for resource e3f7548f-8b8f-4811-b45c-cd32e5cce11b (type: security_group_rules) to 0
2026-06-26 11:37:45.582 10 INFO neutron.wsgi [None req-a37b78c6-3593-4b75-9ec4-5a77df697873 8d8b93d0de2e4d33a9527d5ff193614f 0d9cfadafc714e47be3a14b9ff0c38c6 - - default default] 10.0.0.155 "GET /v2.0/security-groups?tenant_id=123af28937ec48c5809ac7c5ea0db3f2&name=default HTTP/1.1" status: 200 len: 2996 time: 0.2994962
2026-06-26 11:37:45.750 9 INFO neutron.wsgi [None req-6ac3b9bf-8e5b-4b22-9bcf-74780fd16f87 8d8b93d0de2e4d33a9527d5ff193614f 0d9cfadafc714e47be3a14b9ff0c38c6 - - default default] 10.0.0.155 "DELETE /v2.0/security-groups/c93ba216-dbe3-4239-8e8c-f73fba856bf6 HTTP/1.1" status: 204 len: 168 time: 0.2498734
2026-06-26 11:37:45.777 9 INFO neutron.wsgi [None req-2f6f4dfc-75e5-42e2-b5a0-742066328808 8d8b93d0de2e4d33a9527d5ff193614f 0d9cfadafc714e47be3a14b9ff0c38c6 - - default default] 10.0.0.155 "DELETE /v2.0/security-groups/75ef6968-30e0-49a0-8a45-fcadb423bb8c HTTP/1.1" status: 204 len: 168 time: 0.1905396
2026-06-26 11:37:45.925 10 INFO neutron.wsgi [None req-11190258-8ea8-4603-9e3e-77587549ba81 8d8b93d0de2e4d33a9527d5ff193614f 0d9cfadafc714e47be3a14b9ff0c38c6 - - default default] 10.0.0.155 "GET /v2.0/security-groups?tenant_id=c2570fb805ba4c6eae55cc8be1de693a&name=default HTTP/1.1" status: 200 len: 2996 time: 0.0366399
2026-06-26 11:37:45.963 9 INFO neutron.db.ovn_revision_numbers_db [None req-ce1130b5-7331-4f40-aa05-bd958124fb10 8d8b93d0de2e4d33a9527d5ff193614f 0d9cfadafc714e47be3a14b9ff0c38c6 - - default default] Successfully bumped revision number for resource 2f10fbf8-26cc-4679-a881-c2c389e78085 (type: security_groups) to 1
2026-06-26 11:37:45.987 9 INFO neutron.db.ovn_revision_numbers_db [None req-ce1130b5-7331-4f40-aa05-bd958124fb10 8d8b93d0de2e4d33a9527d5ff193614f 0d9cfadafc714e47be3a14b9ff0c38c6 - - default default] Successfully bumped revision number for resource 302e83a8-e8d9-4805-8013-d298ad287dad (type: security_group_rules) to 0
2026-06-26 11:37:46.005 9 INFO neutron.db.ovn_revision_numbers_db [None req-ce1130b5-7331-4f40-aa05-bd958124fb10 8d8b93d0de2e4d33a9527d5ff193614f 0d9cfadafc714e47be3a14b9ff0c38c6 - - default default] Successfully bumped revision number for resource 34beb9dd-0661-4681-adba-a938147d36d9 (type: security_group_rules) to 0
2026-06-26 11:37:46.022 9 INFO neutron.db.ovn_revision_numbers_db [None req-ce1130b5-7331-4f40-aa05-bd958124fb10 8d8b93d0de2e4d33a9527d5ff193614f 0d9cfadafc714e47be3a14b9ff0c38c6 - - default default] Successfully bumped revision number for resource 906e9ad0-ba63-40cd-9f7d-c746327a4214 (type: security_group_rules) to 0
2026-06-26 11:37:46.040 9 INFO neutron.db.ovn_revision_numbers_db [None req-ce1130b5-7331-4f40-aa05-bd958124fb10 8d8b93d0de2e4d33a9527d5ff193614f 0d9cfadafc714e47be3a14b9ff0c38c6 - - default default] Successfully bumped revision number for resource c1031cfc-6384-4abb-9579-76a62c3650ec (type: security_group_rules) to 0
2026-06-26 11:37:46.068 9 INFO neutron.wsgi [None req-ce1130b5-7331-4f40-aa05-bd958124fb10 8d8b93d0de2e4d33a9527d5ff193614f 0d9cfadafc714e47be3a14b9ff0c38c6 - - default default] 10.0.0.155 "GET /v2.0/security-groups?tenant_id=9969f2d500ad42528626e5b0421c2e4b&name=default HTTP/1.1" status: 200 len: 2996 time: 0.2265217
2026-06-26 11:37:46.158 9 INFO neutron.wsgi [None req-a430b3cf-04a0-4c0e-96de-f8d559072c37 8d8b93d0de2e4d33a9527d5ff193614f 0d9cfadafc714e47be3a14b9ff0c38c6 - - default default] 10.0.0.155 "DELETE /v2.0/security-groups/43793032-bb57-4e19-9dd0-d5f1bee44a87 HTTP/1.1" status: 204 len: 168 time: 0.2280018
2026-06-26 11:37:46.192 9 INFO neutron.notifiers.nova [-] Nova event matching ['req-6c097618-c13d-4fb7-afa3-1f10ade34e45'] response: {'server_uuid': 'd6ed95b8-bc7e-4fb1-b0b8-e757713ace58', 'name': 'network-vif-plugged', 'status': 'completed', 'tag': 'c1a4f58b-5efa-4b3b-8985-52cec5ee8f1c', 'code': 200}
2026-06-26 11:37:46.192 9 INFO neutron.notifiers.nova [-] Nova event matching ['req-6c097618-c13d-4fb7-afa3-1f10ade34e45'] response: {'server_uuid': 'd6ed95b8-bc7e-4fb1-b0b8-e757713ace58', 'name': 'network-vif-plugged', 'status': 'completed', 'tag': 'c1a4f58b-5efa-4b3b-8985-52cec5ee8f1c', 'code': 200}
2026-06-26 11:37:46.333 10 INFO neutron.wsgi [None req-0d466cb8-5525-4a33-94d0-7ce18f51a51a 8d8b93d0de2e4d33a9527d5ff193614f 0d9cfadafc714e47be3a14b9ff0c38c6 - - default default] 10.0.0.155 "DELETE /v2.0/security-groups/2f10fbf8-26cc-4679-a881-c2c389e78085 HTTP/1.1" status: 204 len: 168 time: 0.2599323
2026-06-26 11:37:46.379 9 INFO neutron.wsgi [req-7065746e-8145-440a-9ba5-922f5ed37a8c req-3784f818-ad36-4990-813f-3ddeb267a583 3e14ed4fb411459392f44f3deae61caa eec48025480c4d03a29ff7855b1a6835 - - default default] 10.0.0.21 "GET /v2.0/ports?device_id=d6ed95b8-bc7e-4fb1-b0b8-e757713ace58 HTTP/1.1" status: 200 len: 1210 time: 0.1124120
2026-06-26 11:37:46.446 9 INFO neutron.wsgi [req-7065746e-8145-440a-9ba5-922f5ed37a8c req-d4909119-2d92-4aa9-b4d9-e5054d4688d2 3e14ed4fb411459392f44f3deae61caa eec48025480c4d03a29ff7855b1a6835 - - default default] 10.0.0.21 "GET /v2.0/security-groups?id=cde57a10-708f-4727-88ab-3ef34dd10bff&id=44af794f-b33e-49c7-aa70-16b5f64fe2e7&fields=id&fields=name HTTP/1.1" status: 200 len: 404 time: 0.0613737
2026-06-26 11:37:46.643 10 INFO neutron.db.ovn_revision_numbers_db [None req-6d66afcd-0ccd-417f-aa36-aa62758882dd 8d8b93d0de2e4d33a9527d5ff193614f 0d9cfadafc714e47be3a14b9ff0c38c6 - - default default] Successfully bumped revision number for resource a7f861f3-f0b5-4724-9b9e-39591cafc58d (type: security_groups) to 1
2026-06-26 11:37:46.658 10 INFO neutron.db.ovn_revision_numbers_db [None req-6d66afcd-0ccd-417f-aa36-aa62758882dd 8d8b93d0de2e4d33a9527d5ff193614f 0d9cfadafc714e47be3a14b9ff0c38c6 - - default default] Successfully bumped revision number for resource 806259d8-df93-4dc5-a4c1-40f0b514e813 (type: security_group_rules) to 0
2026-06-26 11:37:46.674 10 INFO neutron.db.ovn_revision_numbers_db [None req-6d66afcd-0ccd-417f-aa36-aa62758882dd 8d8b93d0de2e4d33a9527d5ff193614f 0d9cfadafc714e47be3a14b9ff0c38c6 - - default default] Successfully bumped revision number for resource de272ea9-177e-48b8-aff8-0efe9378dc26 (type: security_group_rules) to 0
2026-06-26 11:37:46.691 10 INFO neutron.db.ovn_revision_numbers_db [None req-6d66afcd-0ccd-417f-aa36-aa62758882dd 8d8b93d0de2e4d33a9527d5ff193614f 0d9cfadafc714e47be3a14b9ff0c38c6 - - default default] Successfully bumped revision number for resource df997ed3-cf7a-413a-927f-73a7b581dd4b (type: security_group_rules) to 0
2026-06-26 11:37:46.702 10 INFO neutron.db.ovn_revision_numbers_db [None req-6d66afcd-0ccd-417f-aa36-aa62758882dd 8d8b93d0de2e4d33a9527d5ff193614f 0d9cfadafc714e47be3a14b9ff0c38c6 - - default default] Successfully bumped revision number for resource fa64e8d7-f0e8-4984-9d66-90429b98201e (type: security_group_rules) to 0
2026-06-26 11:37:46.723 10 INFO neutron.wsgi [None req-6d66afcd-0ccd-417f-aa36-aa62758882dd 8d8b93d0de2e4d33a9527d5ff193614f 0d9cfadafc714e47be3a14b9ff0c38c6 - - default default] 10.0.0.155 "GET /v2.0/security-groups?tenant_id=74b08f2866d64f28b88f10b3fffc89f1&name=default HTTP/1.1" status: 200 len: 2996 time: 0.2053053
2026-06-26 11:37:46.907 10 INFO neutron.wsgi [None req-00561842-dbcd-4194-a3e6-bab6660e3638 8d8b93d0de2e4d33a9527d5ff193614f 0d9cfadafc714e47be3a14b9ff0c38c6 - - default default] 10.0.0.155 "DELETE /v2.0/security-groups/a7f861f3-f0b5-4724-9b9e-39591cafc58d HTTP/1.1" status: 204 len: 168 time: 0.1783016
2026-06-26 11:37:47.562 9 INFO neutron.wsgi [req-3b00ce23-d34c-4a80-9ef5-0c1488a6a350 req-e339b7ab-a789-41da-b9ca-d06029d1b5bc 3e14ed4fb411459392f44f3deae61caa eec48025480c4d03a29ff7855b1a6835 - - default default] 10.0.0.21 "GET /v2.0/ports?device_id=d6ed95b8-bc7e-4fb1-b0b8-e757713ace58 HTTP/1.1" status: 200 len: 1210 time: 0.0385666
2026-06-26 11:37:47.610 9 INFO neutron.wsgi [req-3b00ce23-d34c-4a80-9ef5-0c1488a6a350 req-5335a1fd-f568-4446-a860-3437e21671df 3e14ed4fb411459392f44f3deae61caa eec48025480c4d03a29ff7855b1a6835 - - default default] 10.0.0.21 "GET /v2.0/security-groups?id=cde57a10-708f-4727-88ab-3ef34dd10bff&id=44af794f-b33e-49c7-aa70-16b5f64fe2e7&fields=id&fields=name HTTP/1.1" status: 200 len: 404 time: 0.0400016
2026-06-26 11:37:47.711 9 INFO neutron.wsgi [req-c5d9372f-1cb4-44ef-b230-604962747761 req-64b4d976-93c5-4e1d-afe3-f27b139956e6 3e14ed4fb411459392f44f3deae61caa eec48025480c4d03a29ff7855b1a6835 - - default default] 10.0.0.21 "GET /v2.0/ports?device_id=d6ed95b8-bc7e-4fb1-b0b8-e757713ace58 HTTP/1.1" status: 200 len: 1210 time: 0.0436871
2026-06-26 11:37:47.939 10 INFO neutron.db.l3_db [None req-c3c9da00-5a19-45c0-9ab0-d46eb16cbc5d 3e14ed4fb411459392f44f3deae61caa eec48025480c4d03a29ff7855b1a6835 - - default default] Floating IP 866b97ae-6c6c-4af5-a0e9-b762bc089b03 associated. External IP: 10.96.250.204, port: c1a4f58b-5efa-4b3b-8985-52cec5ee8f1c.
2026-06-26 11:37:48.143 10 INFO neutron.db.ovn_revision_numbers_db [None req-c3c9da00-5a19-45c0-9ab0-d46eb16cbc5d 3e14ed4fb411459392f44f3deae61caa eec48025480c4d03a29ff7855b1a6835 - - default default] Successfully bumped revision number for resource 866b97ae-6c6c-4af5-a0e9-b762bc089b03 (type: floatingips) to 1
2026-06-26 11:37:48.251 10 INFO neutron.db.ovn_revision_numbers_db [None req-c3c9da00-5a19-45c0-9ab0-d46eb16cbc5d 3e14ed4fb411459392f44f3deae61caa eec48025480c4d03a29ff7855b1a6835 - - default default] Successfully bumped revision number for resource 866b97ae-6c6c-4af5-a0e9-b762bc089b03 (type: floatingips) to 2
2026-06-26 11:37:48.274 10 INFO neutron.wsgi [None req-c3c9da00-5a19-45c0-9ab0-d46eb16cbc5d 3e14ed4fb411459392f44f3deae61caa eec48025480c4d03a29ff7855b1a6835 - - default default] 10.0.0.155 "PUT /v2.0/floatingips/866b97ae-6c6c-4af5-a0e9-b762bc089b03 HTTP/1.1" status: 200 len: 1049 time: 0.5507283
2026-06-26 11:37:48.309 10 INFO neutron.notifiers.nova [-] Nova event matching ['req-77585f37-9b2d-49b7-95e4-30e7167eacc7'] response: {'name': 'network-changed', 'server_uuid': 'd6ed95b8-bc7e-4fb1-b0b8-e757713ace58', 'tag': 'c1a4f58b-5efa-4b3b-8985-52cec5ee8f1c', 'status': 'completed', 'code': 200}
2026-06-26 11:37:48.369 9 INFO neutron.wsgi [req-022e2e7e-bc81-468f-840d-6bb5299e26d0 req-d3d1f11e-3485-459d-a82b-e3f139bf7e34 f98daae8be984a6386877d742a7003cf cb639a4a6dd442ebb08599392164bda4 - - 508b69b9609c45618a526eb50132b3d7 508b69b9609c45618a526eb50132b3d7] 199.19.213.147 "GET /v2.0/ports?tenant_id=eec48025480c4d03a29ff7855b1a6835&device_id=d6ed95b8-bc7e-4fb1-b0b8-e757713ace58 HTTP/1.1" status: 200 len: 1448 time: 0.0378168
2026-06-26 11:37:48.439 9 INFO neutron.wsgi [req-022e2e7e-bc81-468f-840d-6bb5299e26d0 req-8b0267e7-7605-4c93-913b-b3709818a7e7 f98daae8be984a6386877d742a7003cf cb639a4a6dd442ebb08599392164bda4 - - 508b69b9609c45618a526eb50132b3d7 508b69b9609c45618a526eb50132b3d7] 199.19.213.147 "GET /v2.0/networks?id=4641a6e6-4502-4214-a8bd-0069553f8b69 HTTP/1.1" status: 200 len: 970 time: 0.0634212
2026-06-26 11:37:48.503 9 INFO neutron.wsgi [req-022e2e7e-bc81-468f-840d-6bb5299e26d0 req-ea42e7f1-0854-41b0-86e9-120100d25549 f98daae8be984a6386877d742a7003cf cb639a4a6dd442ebb08599392164bda4 - - 508b69b9609c45618a526eb50132b3d7 508b69b9609c45618a526eb50132b3d7] 199.19.213.147 "GET /v2.0/floatingips?fixed_ip_address=10.100.0.3&port_id=c1a4f58b-5efa-4b3b-8985-52cec5ee8f1c HTTP/1.1" status: 200 len: 1059 time: 0.0581870
2026-06-26 11:37:48.544 9 INFO neutron.wsgi [req-022e2e7e-bc81-468f-840d-6bb5299e26d0 req-572479e9-27de-4d39-adf0-2d534778d941 f98daae8be984a6386877d742a7003cf cb639a4a6dd442ebb08599392164bda4 - - 508b69b9609c45618a526eb50132b3d7 508b69b9609c45618a526eb50132b3d7] 199.19.213.147 "GET /v2.0/subnets?id=99af9d9c-7bc1-45b3-8984-39a042dac775 HTTP/1.1" status: 200 len: 865 time: 0.0363140
2026-06-26 11:37:48.569 9 INFO neutron.wsgi [req-022e2e7e-bc81-468f-840d-6bb5299e26d0 req-0e6d1859-9f9d-4270-8bb5-82917aeee8b9 f98daae8be984a6386877d742a7003cf cb639a4a6dd442ebb08599392164bda4 - - 508b69b9609c45618a526eb50132b3d7 508b69b9609c45618a526eb50132b3d7] 199.19.213.147 "GET /v2.0/ports?network_id=4641a6e6-4502-4214-a8bd-0069553f8b69&device_owner=network%3Adhcp HTTP/1.1" status: 200 len: 210 time: 0.0197735
2026-06-26 11:37:48.647 9 INFO neutron.wsgi [req-022e2e7e-bc81-468f-840d-6bb5299e26d0 req-17f568b4-782e-4669-95c0-35e523793b29 f98daae8be984a6386877d742a7003cf cb639a4a6dd442ebb08599392164bda4 - - 508b69b9609c45618a526eb50132b3d7 508b69b9609c45618a526eb50132b3d7] 199.19.213.147 "GET /v2.0/networks/4641a6e6-4502-4214-a8bd-0069553f8b69?fields=segments HTTP/1.1" status: 200 len: 212 time: 0.0716217
2026-06-26 11:37:48.710 9 INFO neutron.wsgi [req-022e2e7e-bc81-468f-840d-6bb5299e26d0 req-40d692cc-b9b7-427e-a435-3437806e98ca f98daae8be984a6386877d742a7003cf cb639a4a6dd442ebb08599392164bda4 - - 508b69b9609c45618a526eb50132b3d7 508b69b9609c45618a526eb50132b3d7] 199.19.213.147 "GET /v2.0/networks/4641a6e6-4502-4214-a8bd-0069553f8b69?fields=provider%3Aphysical_network&fields=provider%3Anetwork_type HTTP/1.1" status: 200 len: 277 time: 0.0584948
2026-06-26 11:37:50.701 9 INFO neutron.wsgi [-] 10.0.0.218 "GET / HTTP/1.1" status: 200 len: 246 time: 0.0038502
2026-06-26 11:37:50.702 10 INFO neutron.wsgi [-] 10.0.0.218 "GET / HTTP/1.1" status: 200 len: 246 time: 0.0047429
2026-06-26 11:37:51.413 9 INFO neutron.db.ovn_revision_numbers_db [None req-340e4aa1-0602-4d1a-b00a-094a4153aad7 a5653bdc3ede46e7938637be254eca38 571c8f76bb9a4cdb9e0f11e3da309e85 - - default default] Successfully bumped revision number for resource 1f671fb4-50b4-417f-9589-3a27f33be3df (type: security_groups) to 1
2026-06-26 11:37:51.428 9 INFO neutron.db.ovn_revision_numbers_db [None req-340e4aa1-0602-4d1a-b00a-094a4153aad7 a5653bdc3ede46e7938637be254eca38 571c8f76bb9a4cdb9e0f11e3da309e85 - - default default] Successfully bumped revision number for resource 68d7e5c7-4428-4dfc-88d7-b09d5431040e (type: security_group_rules) to 0
2026-06-26 11:37:51.442 9 INFO neutron.db.ovn_revision_numbers_db [None req-340e4aa1-0602-4d1a-b00a-094a4153aad7 a5653bdc3ede46e7938637be254eca38 571c8f76bb9a4cdb9e0f11e3da309e85 - - default default] Successfully bumped revision number for resource 69b9cc42-503c-42f9-a7ea-ceb032cb9521 (type: security_group_rules) to 0
2026-06-26 11:37:51.454 9 INFO neutron.db.ovn_revision_numbers_db [None req-340e4aa1-0602-4d1a-b00a-094a4153aad7 a5653bdc3ede46e7938637be254eca38 571c8f76bb9a4cdb9e0f11e3da309e85 - - default default] Successfully bumped revision number for resource 6f2d4781-120e-4314-882f-04b4b75db26b (type: security_group_rules) to 0
2026-06-26 11:37:51.469 9 INFO neutron.db.ovn_revision_numbers_db [None req-340e4aa1-0602-4d1a-b00a-094a4153aad7 a5653bdc3ede46e7938637be254eca38 571c8f76bb9a4cdb9e0f11e3da309e85 - - default default] Successfully bumped revision number for resource 9ed460e1-4b47-4d88-b7c6-176a24d1029f (type: security_group_rules) to 0
2026-06-26 11:37:51.522 9 INFO neutron.db.segments_db [None req-340e4aa1-0602-4d1a-b00a-094a4153aad7 a5653bdc3ede46e7938637be254eca38 571c8f76bb9a4cdb9e0f11e3da309e85 - - default default] Added segment 2a6c73d1-a064-4b39-b24a-19a990f208e7 of type geneve for network ec3698d7-b2e5-4f1d-9820-852cd5e7e788
2026-06-26 11:37:51.667 9 INFO neutron.db.ovn_revision_numbers_db [None req-340e4aa1-0602-4d1a-b00a-094a4153aad7 a5653bdc3ede46e7938637be254eca38 571c8f76bb9a4cdb9e0f11e3da309e85 - - default default] Successfully bumped revision number for resource ec3698d7-b2e5-4f1d-9820-852cd5e7e788 (type: networks) to 1
2026-06-26 11:37:51.831 9 WARNING neutron.scheduler.dhcp_agent_scheduler [None req-340e4aa1-0602-4d1a-b00a-094a4153aad7 a5653bdc3ede46e7938637be254eca38 571c8f76bb9a4cdb9e0f11e3da309e85 - - default default] No more DHCP agents
2026-06-26 11:37:51.834 9 WARNING neutron.api.rpc.agentnotifiers.dhcp_rpc_agent_api [None req-340e4aa1-0602-4d1a-b00a-094a4153aad7 a5653bdc3ede46e7938637be254eca38 571c8f76bb9a4cdb9e0f11e3da309e85 - - default default] Unable to schedule network ec3698d7-b2e5-4f1d-9820-852cd5e7e788: no agents available; will retry on subsequent port and subnet creation events.
2026-06-26 11:37:51.915 9 INFO neutron.db.ovn_revision_numbers_db [None req-340e4aa1-0602-4d1a-b00a-094a4153aad7 a5653bdc3ede46e7938637be254eca38 571c8f76bb9a4cdb9e0f11e3da309e85 - - default default] Successfully bumped revision number for resource 690f82d8-5061-4ce4-bb92-be481961c3b6 (type: ports) to 1
2026-06-26 11:37:51.937 9 INFO neutron.wsgi [None req-340e4aa1-0602-4d1a-b00a-094a4153aad7 a5653bdc3ede46e7938637be254eca38 571c8f76bb9a4cdb9e0f11e3da309e85 - - default default] 10.0.0.155 "POST /v2.0/networks HTTP/1.1" status: 201 len: 830 time: 0.7602255
2026-06-26 11:37:52.206 9 WARNING neutron.scheduler.dhcp_agent_scheduler [None req-1ac9a255-2fb5-43aa-898a-e24217ac8ec8 a5653bdc3ede46e7938637be254eca38 571c8f76bb9a4cdb9e0f11e3da309e85 - - default default] No more DHCP agents
2026-06-26 11:37:52.208 9 WARNING neutron.api.rpc.agentnotifiers.dhcp_rpc_agent_api [None req-1ac9a255-2fb5-43aa-898a-e24217ac8ec8 a5653bdc3ede46e7938637be254eca38 571c8f76bb9a4cdb9e0f11e3da309e85 - - default default] Unable to schedule network ec3698d7-b2e5-4f1d-9820-852cd5e7e788: no agents available; will retry on subsequent port and subnet creation events.
2026-06-26 11:37:52.303 9 INFO neutron.db.ovn_revision_numbers_db [None req-1ac9a255-2fb5-43aa-898a-e24217ac8ec8 a5653bdc3ede46e7938637be254eca38 571c8f76bb9a4cdb9e0f11e3da309e85 - - default default] Successfully bumped revision number for resource 57b76fc3-a1ba-4b21-9456-b135e88bc630 (type: ports) to 1
2026-06-26 11:37:52.327 9 INFO neutron.wsgi [None req-1ac9a255-2fb5-43aa-898a-e24217ac8ec8 a5653bdc3ede46e7938637be254eca38 571c8f76bb9a4cdb9e0f11e3da309e85 - - default default] 10.0.0.155 "POST /v2.0/ports HTTP/1.1" status: 201 len: 942 time: 0.3852162 /var/lib/openstack/lib/python3.10/site-packages/pycadf/identifier.py:71: UserWarning: Invalid uuid: neutron. To ensure interoperability, identifiers should be a valid uuid. warnings.warn(('Invalid uuid: %s. To ensure interoperability, '
2026-06-26 11:37:52.586 9 INFO neutron.wsgi [None req-d575a6d7-73a9-4246-86f2-61b0f284b1bb a5653bdc3ede46e7938637be254eca38 571c8f76bb9a4cdb9e0f11e3da309e85 - - default default] 10.0.0.155 "POST /v2.0/trunks HTTP/1.1" status: 201 len: 608 time: 0.2528775 /var/lib/openstack/lib/python3.10/site-packages/pycadf/identifier.py:71: UserWarning: Invalid uuid: neutron. To ensure interoperability, identifiers should be a valid uuid. warnings.warn(('Invalid uuid: %s. To ensure interoperability, '
2026-06-26 11:37:52.677 10 INFO neutron.db.segments_db [None req-d2669d87-1e96-4e48-a1a6-f73afde76f38 a5653bdc3ede46e7938637be254eca38 571c8f76bb9a4cdb9e0f11e3da309e85 - - default default] Added segment ca381a70-ef25-43f6-ad60-b3a6f87e89da of type geneve for network 6edd10a2-cc48-4b89-b376-2e0f51bab3ee
2026-06-26 11:37:53.043 10 INFO neutron.db.ovn_revision_numbers_db [None req-d2669d87-1e96-4e48-a1a6-f73afde76f38 a5653bdc3ede46e7938637be254eca38 571c8f76bb9a4cdb9e0f11e3da309e85 - - default default] Successfully bumped revision number for resource 6edd10a2-cc48-4b89-b376-2e0f51bab3ee (type: networks) to 1
2026-06-26 11:37:53.233 10 WARNING neutron.scheduler.dhcp_agent_scheduler [None req-d2669d87-1e96-4e48-a1a6-f73afde76f38 a5653bdc3ede46e7938637be254eca38 571c8f76bb9a4cdb9e0f11e3da309e85 - - default default] No more DHCP agents
2026-06-26 11:37:53.235 10 WARNING neutron.api.rpc.agentnotifiers.dhcp_rpc_agent_api [None req-d2669d87-1e96-4e48-a1a6-f73afde76f38 a5653bdc3ede46e7938637be254eca38 571c8f76bb9a4cdb9e0f11e3da309e85 - - default default] Unable to schedule network 6edd10a2-cc48-4b89-b376-2e0f51bab3ee: no agents available; will retry on subsequent port and subnet creation events.
2026-06-26 11:37:53.327 10 INFO neutron.db.ovn_revision_numbers_db [None req-d2669d87-1e96-4e48-a1a6-f73afde76f38 a5653bdc3ede46e7938637be254eca38 571c8f76bb9a4cdb9e0f11e3da309e85 - - default default] Successfully bumped revision number for resource c170689d-b8af-4fb3-ad13-3bea2c5f8087 (type: ports) to 1
2026-06-26 11:37:53.353 10 INFO neutron.wsgi [None req-d2669d87-1e96-4e48-a1a6-f73afde76f38 a5653bdc3ede46e7938637be254eca38 571c8f76bb9a4cdb9e0f11e3da309e85 - - default default] 10.0.0.155 "POST /v2.0/networks HTTP/1.1" status: 201 len: 831 time: 0.7618523
2026-06-26 11:37:53.620 10 WARNING neutron.scheduler.dhcp_agent_scheduler [None req-a0ba3b05-392d-4b27-9621-57a8ec3dca57 a5653bdc3ede46e7938637be254eca38 571c8f76bb9a4cdb9e0f11e3da309e85 - - default default] No more DHCP agents
2026-06-26 11:37:53.623 10 WARNING neutron.api.rpc.agentnotifiers.dhcp_rpc_agent_api [None req-a0ba3b05-392d-4b27-9621-57a8ec3dca57 a5653bdc3ede46e7938637be254eca38 571c8f76bb9a4cdb9e0f11e3da309e85 - - default default] Unable to schedule network 6edd10a2-cc48-4b89-b376-2e0f51bab3ee: no agents available; will retry on subsequent port and subnet creation events.
2026-06-26 11:37:53.697 10 INFO neutron.db.ovn_revision_numbers_db [None req-a0ba3b05-392d-4b27-9621-57a8ec3dca57 a5653bdc3ede46e7938637be254eca38 571c8f76bb9a4cdb9e0f11e3da309e85 - - default default] Successfully bumped revision number for resource 9169cf99-5113-43c7-aadc-bca2db07382f (type: ports) to 1
2026-06-26 11:37:53.717 10 INFO neutron.wsgi [None req-a0ba3b05-392d-4b27-9621-57a8ec3dca57 a5653bdc3ede46e7938637be254eca38 571c8f76bb9a4cdb9e0f11e3da309e85 - - default default] 10.0.0.155 "POST /v2.0/ports HTTP/1.1" status: 201 len: 942 time: 0.3579197 /var/lib/openstack/lib/python3.10/site-packages/pycadf/identifier.py:71: UserWarning: Invalid uuid: neutron. To ensure interoperability, identifiers should be a valid uuid. warnings.warn(('Invalid uuid: %s. To ensure interoperability, '
2026-06-26 11:37:53.964 10 INFO neutron.wsgi [None req-331016a1-8bca-48e4-a690-63039092396f a5653bdc3ede46e7938637be254eca38 571c8f76bb9a4cdb9e0f11e3da309e85 - - default default] 10.0.0.155 "POST /v2.0/trunks HTTP/1.1" status: 201 len: 608 time: 0.2427430
2026-06-26 11:37:54.055 10 INFO neutron.db.segments_db [None req-606c8ec8-371f-4279-a4bf-2ed5dcf15dc6 a5653bdc3ede46e7938637be254eca38 571c8f76bb9a4cdb9e0f11e3da309e85 - - default default] Added segment e9e13d5d-e145-4aa3-aa4c-fab3daa06dd4 of type geneve for network 3e10ed8c-8de1-4836-bd02-8b9362698c76
2026-06-26 11:37:54.245 10 INFO neutron.db.ovn_revision_numbers_db [None req-606c8ec8-371f-4279-a4bf-2ed5dcf15dc6 a5653bdc3ede46e7938637be254eca38 571c8f76bb9a4cdb9e0f11e3da309e85 - - default default] Successfully bumped revision number for resource 3e10ed8c-8de1-4836-bd02-8b9362698c76 (type: networks) to 1
2026-06-26 11:37:54.452 10 WARNING neutron.scheduler.dhcp_agent_scheduler [None req-606c8ec8-371f-4279-a4bf-2ed5dcf15dc6 a5653bdc3ede46e7938637be254eca38 571c8f76bb9a4cdb9e0f11e3da309e85 - - default default] No more DHCP agents
2026-06-26 11:37:54.453 10 WARNING neutron.api.rpc.agentnotifiers.dhcp_rpc_agent_api [None req-606c8ec8-371f-4279-a4bf-2ed5dcf15dc6 a5653bdc3ede46e7938637be254eca38 571c8f76bb9a4cdb9e0f11e3da309e85 - - default default] Unable to schedule network 3e10ed8c-8de1-4836-bd02-8b9362698c76: no agents available; will retry on subsequent port and subnet creation events.
2026-06-26 11:37:54.560 10 INFO neutron.db.ovn_revision_numbers_db [None req-606c8ec8-371f-4279-a4bf-2ed5dcf15dc6 a5653bdc3ede46e7938637be254eca38 571c8f76bb9a4cdb9e0f11e3da309e85 - - default default] Successfully bumped revision number for resource b9a55955-fedd-4138-9f99-38cd2bfd1abd (type: ports) to 1
2026-06-26 11:37:54.580 10 INFO neutron.wsgi [None req-606c8ec8-371f-4279-a4bf-2ed5dcf15dc6 a5653bdc3ede46e7938637be254eca38 571c8f76bb9a4cdb9e0f11e3da309e85 - - default default] 10.0.0.155 "POST /v2.0/networks HTTP/1.1" status: 201 len: 831 time: 0.6072168
2026-06-26 11:37:54.812 10 WARNING neutron.scheduler.dhcp_agent_scheduler [None req-7941af06-814d-446a-90d2-ef34f1719c2d a5653bdc3ede46e7938637be254eca38 571c8f76bb9a4cdb9e0f11e3da309e85 - - default default] No more DHCP agents
2026-06-26 11:37:54.814 10 WARNING neutron.api.rpc.agentnotifiers.dhcp_rpc_agent_api [None req-7941af06-814d-446a-90d2-ef34f1719c2d a5653bdc3ede46e7938637be254eca38 571c8f76bb9a4cdb9e0f11e3da309e85 - - default default] Unable to schedule network 3e10ed8c-8de1-4836-bd02-8b9362698c76: no agents available; will retry on subsequent port and subnet creation events.
