2026-06-26 11:37:54.886 10 INFO neutron.db.ovn_revision_numbers_db [None req-7941af06-814d-446a-90d2-ef34f1719c2d a5653bdc3ede46e7938637be254eca38 571c8f76bb9a4cdb9e0f11e3da309e85 - - default default] Successfully bumped revision number for resource e8a5aaee-5080-4330-be52-e13c7176f6f6 (type: ports) to 1
2026-06-26 11:37:54.910 10 INFO neutron.wsgi [None req-7941af06-814d-446a-90d2-ef34f1719c2d a5653bdc3ede46e7938637be254eca38 571c8f76bb9a4cdb9e0f11e3da309e85 - - default default] 10.0.0.155 "POST /v2.0/ports HTTP/1.1" status: 201 len: 942 time: 0.3248458 /var/lib/openstack/lib/python3.10/site-packages/pycadf/identifier.py:71: UserWarning: Invalid uuid: neutron. To ensure interoperability, identifiers should be a valid uuid. warnings.warn(('Invalid uuid: %s. To ensure interoperability, '
2026-06-26 11:37:55.121 10 INFO neutron.wsgi [None req-210835d3-6cee-4621-accb-f95bb20bb7a2 a5653bdc3ede46e7938637be254eca38 571c8f76bb9a4cdb9e0f11e3da309e85 - - default default] 10.0.0.155 "POST /v2.0/trunks HTTP/1.1" status: 201 len: 608 time: 0.2069497
2026-06-26 11:37:55.228 10 INFO neutron.db.segments_db [None req-10a919c4-909e-48f7-8636-c45d9ecc4e14 a5653bdc3ede46e7938637be254eca38 571c8f76bb9a4cdb9e0f11e3da309e85 - - default default] Added segment bc271fde-179c-4c40-95dd-2c9f54d057b4 of type geneve for network 5fd3299c-9caf-443b-bbb2-8adf411615bb
2026-06-26 11:37:55.369 10 INFO neutron.db.ovn_revision_numbers_db [None req-10a919c4-909e-48f7-8636-c45d9ecc4e14 a5653bdc3ede46e7938637be254eca38 571c8f76bb9a4cdb9e0f11e3da309e85 - - default default] Successfully bumped revision number for resource 5fd3299c-9caf-443b-bbb2-8adf411615bb (type: networks) to 1
2026-06-26 11:37:55.570 10 WARNING neutron.scheduler.dhcp_agent_scheduler [None req-10a919c4-909e-48f7-8636-c45d9ecc4e14 a5653bdc3ede46e7938637be254eca38 571c8f76bb9a4cdb9e0f11e3da309e85 - - default default] No more DHCP agents
2026-06-26 11:37:55.572 10 WARNING neutron.api.rpc.agentnotifiers.dhcp_rpc_agent_api [None req-10a919c4-909e-48f7-8636-c45d9ecc4e14 a5653bdc3ede46e7938637be254eca38 571c8f76bb9a4cdb9e0f11e3da309e85 - - default default] Unable to schedule network 5fd3299c-9caf-443b-bbb2-8adf411615bb: no agents available; will retry on subsequent port and subnet creation events.
2026-06-26 11:37:55.660 10 INFO neutron.db.ovn_revision_numbers_db [None req-10a919c4-909e-48f7-8636-c45d9ecc4e14 a5653bdc3ede46e7938637be254eca38 571c8f76bb9a4cdb9e0f11e3da309e85 - - default default] Successfully bumped revision number for resource 33e63238-c0e2-4b20-a0ad-b8a8b7d9d333 (type: ports) to 1
2026-06-26 11:37:55.682 10 INFO neutron.wsgi [None req-10a919c4-909e-48f7-8636-c45d9ecc4e14 a5653bdc3ede46e7938637be254eca38 571c8f76bb9a4cdb9e0f11e3da309e85 - - default default] 10.0.0.155 "POST /v2.0/networks HTTP/1.1" status: 201 len: 831 time: 0.5546558
2026-06-26 11:37:55.906 10 INFO neutron.db.ovn_revision_numbers_db [None req-158f9506-70ac-4f2c-a195-9b274b63f168 5e26fa0551c149f59980f4a9a5855f04 c0c51c03fb1a4f94900256fd09bd2123 - - default default] Successfully bumped revision number for resource cedeb40c-b135-4ec2-adcf-d2975d626f8f (type: security_groups) to 1
2026-06-26 11:37:55.934 10 INFO neutron.db.ovn_revision_numbers_db [None req-158f9506-70ac-4f2c-a195-9b274b63f168 5e26fa0551c149f59980f4a9a5855f04 c0c51c03fb1a4f94900256fd09bd2123 - - default default] Successfully bumped revision number for resource 2a891594-300c-4695-b421-2bd70c100da7 (type: security_group_rules) to 0
2026-06-26 11:37:55.959 10 INFO neutron.db.ovn_revision_numbers_db [None req-158f9506-70ac-4f2c-a195-9b274b63f168 5e26fa0551c149f59980f4a9a5855f04 c0c51c03fb1a4f94900256fd09bd2123 - - default default] Successfully bumped revision number for resource 4929257a-5120-40b7-88b1-0cdc55e7b01c (type: security_group_rules) to 0
2026-06-26 11:37:55.967 10 WARNING neutron.scheduler.dhcp_agent_scheduler [None req-ea16702f-d220-4fa0-95f5-ac42f5a35039 a5653bdc3ede46e7938637be254eca38 571c8f76bb9a4cdb9e0f11e3da309e85 - - default default] No more DHCP agents
2026-06-26 11:37:55.970 10 WARNING neutron.api.rpc.agentnotifiers.dhcp_rpc_agent_api [None req-ea16702f-d220-4fa0-95f5-ac42f5a35039 a5653bdc3ede46e7938637be254eca38 571c8f76bb9a4cdb9e0f11e3da309e85 - - default default] Unable to schedule network 5fd3299c-9caf-443b-bbb2-8adf411615bb: no agents available; will retry on subsequent port and subnet creation events.
2026-06-26 11:37:55.979 10 INFO neutron.db.ovn_revision_numbers_db [None req-158f9506-70ac-4f2c-a195-9b274b63f168 5e26fa0551c149f59980f4a9a5855f04 c0c51c03fb1a4f94900256fd09bd2123 - - default default] Successfully bumped revision number for resource 4d1dd0fe-8200-4b89-bfdc-6dd92669371c (type: security_group_rules) to 0
2026-06-26 11:37:56.001 10 INFO neutron.db.ovn_revision_numbers_db [None req-158f9506-70ac-4f2c-a195-9b274b63f168 5e26fa0551c149f59980f4a9a5855f04 c0c51c03fb1a4f94900256fd09bd2123 - - default default] Successfully bumped revision number for resource 5f4e6772-efe6-4293-8e8b-2ff83c665cb1 (type: security_group_rules) to 0
2026-06-26 11:37:56.050 10 INFO neutron.db.segments_db [None req-158f9506-70ac-4f2c-a195-9b274b63f168 5e26fa0551c149f59980f4a9a5855f04 c0c51c03fb1a4f94900256fd09bd2123 - - default default] Added segment 7ffd8256-d825-44c5-99e6-62a9ce1a0cc5 of type geneve for network c92135dc-9c7c-4e67-8a84-4089daad2ad4
2026-06-26 11:37:56.053 10 INFO neutron.db.ovn_revision_numbers_db [None req-ea16702f-d220-4fa0-95f5-ac42f5a35039 a5653bdc3ede46e7938637be254eca38 571c8f76bb9a4cdb9e0f11e3da309e85 - - default default] Successfully bumped revision number for resource b703e397-8250-4bd0-b0c4-98f10c2e67f8 (type: ports) to 1
2026-06-26 11:37:56.079 10 INFO neutron.wsgi [None req-ea16702f-d220-4fa0-95f5-ac42f5a35039 a5653bdc3ede46e7938637be254eca38 571c8f76bb9a4cdb9e0f11e3da309e85 - - default default] 10.0.0.155 "POST /v2.0/ports HTTP/1.1" status: 201 len: 942 time: 0.3928213
2026-06-26 11:37:56.195 10 INFO neutron.db.ovn_revision_numbers_db [None req-158f9506-70ac-4f2c-a195-9b274b63f168 5e26fa0551c149f59980f4a9a5855f04 c0c51c03fb1a4f94900256fd09bd2123 - - default default] Successfully bumped revision number for resource c92135dc-9c7c-4e67-8a84-4089daad2ad4 (type: networks) to 1
2026-06-26 11:37:56.306 9 INFO neutron.wsgi [None req-7f6bde81-39e1-464e-bb2d-5612589a792c a5653bdc3ede46e7938637be254eca38 571c8f76bb9a4cdb9e0f11e3da309e85 - - default default] 10.0.0.155 "POST /v2.0/trunks HTTP/1.1" status: 201 len: 608 time: 0.2202466
2026-06-26 11:37:56.372 10 WARNING neutron.scheduler.dhcp_agent_scheduler [None req-158f9506-70ac-4f2c-a195-9b274b63f168 5e26fa0551c149f59980f4a9a5855f04 c0c51c03fb1a4f94900256fd09bd2123 - - default default] No more DHCP agents
2026-06-26 11:37:56.374 10 WARNING neutron.api.rpc.agentnotifiers.dhcp_rpc_agent_api [None req-158f9506-70ac-4f2c-a195-9b274b63f168 5e26fa0551c149f59980f4a9a5855f04 c0c51c03fb1a4f94900256fd09bd2123 - - default default] Unable to schedule network c92135dc-9c7c-4e67-8a84-4089daad2ad4: no agents available; will retry on subsequent port and subnet creation events.
2026-06-26 11:37:56.394 9 INFO neutron.db.segments_db [None req-bc2d5fbd-d641-4e34-8e98-61f92100a7ad a5653bdc3ede46e7938637be254eca38 571c8f76bb9a4cdb9e0f11e3da309e85 - - default default] Added segment ecceb5c0-c874-4693-82fc-9da884640372 of type geneve for network 55ccce19-6e89-4781-bf17-7d4114844dd8
2026-06-26 11:37:56.460 10 INFO neutron.db.ovn_revision_numbers_db [None req-158f9506-70ac-4f2c-a195-9b274b63f168 5e26fa0551c149f59980f4a9a5855f04 c0c51c03fb1a4f94900256fd09bd2123 - - default default] Successfully bumped revision number for resource 33f675a2-e4cb-410f-94c2-2b6103cd468a (type: ports) to 1
2026-06-26 11:37:56.480 10 INFO neutron.wsgi [None req-158f9506-70ac-4f2c-a195-9b274b63f168 5e26fa0551c149f59980f4a9a5855f04 c0c51c03fb1a4f94900256fd09bd2123 - - default default] 10.0.0.155 "POST /v2.0/networks HTTP/1.1" status: 201 len: 838 time: 0.8980169 /var/lib/openstack/lib/python3.10/site-packages/pycadf/identifier.py:71: UserWarning: Invalid uuid: neutron. To ensure interoperability, identifiers should be a valid uuid. warnings.warn(('Invalid uuid: %s. To ensure interoperability, '
2026-06-26 11:37:56.523 9 INFO neutron.db.ovn_revision_numbers_db [None req-bc2d5fbd-d641-4e34-8e98-61f92100a7ad a5653bdc3ede46e7938637be254eca38 571c8f76bb9a4cdb9e0f11e3da309e85 - - default default] Successfully bumped revision number for resource 55ccce19-6e89-4781-bf17-7d4114844dd8 (type: networks) to 1
2026-06-26 11:37:56.694 9 WARNING neutron.scheduler.dhcp_agent_scheduler [None req-bc2d5fbd-d641-4e34-8e98-61f92100a7ad a5653bdc3ede46e7938637be254eca38 571c8f76bb9a4cdb9e0f11e3da309e85 - - default default] No more DHCP agents
2026-06-26 11:37:56.696 9 WARNING neutron.api.rpc.agentnotifiers.dhcp_rpc_agent_api [None req-bc2d5fbd-d641-4e34-8e98-61f92100a7ad a5653bdc3ede46e7938637be254eca38 571c8f76bb9a4cdb9e0f11e3da309e85 - - default default] Unable to schedule network 55ccce19-6e89-4781-bf17-7d4114844dd8: no agents available; will retry on subsequent port and subnet creation events.
2026-06-26 11:37:56.786 9 INFO neutron.db.ovn_revision_numbers_db [None req-bc2d5fbd-d641-4e34-8e98-61f92100a7ad a5653bdc3ede46e7938637be254eca38 571c8f76bb9a4cdb9e0f11e3da309e85 - - default default] Successfully bumped revision number for resource fc022cb8-fe60-4add-bab0-b87cd3e78845 (type: ports) to 1
2026-06-26 11:37:56.791 10 WARNING neutron.scheduler.dhcp_agent_scheduler [None req-2efe8df2-c591-4c49-85f6-0738fb4fb5ec 5e26fa0551c149f59980f4a9a5855f04 c0c51c03fb1a4f94900256fd09bd2123 - - default default] No more DHCP agents
2026-06-26 11:37:56.793 10 WARNING neutron.api.rpc.agentnotifiers.dhcp_rpc_agent_api [None req-2efe8df2-c591-4c49-85f6-0738fb4fb5ec 5e26fa0551c149f59980f4a9a5855f04 c0c51c03fb1a4f94900256fd09bd2123 - - default default] Unable to schedule network c92135dc-9c7c-4e67-8a84-4089daad2ad4: no agents available; will retry on subsequent port and subnet creation events.
2026-06-26 11:37:56.803 9 INFO neutron.wsgi [None req-bc2d5fbd-d641-4e34-8e98-61f92100a7ad a5653bdc3ede46e7938637be254eca38 571c8f76bb9a4cdb9e0f11e3da309e85 - - default default] 10.0.0.155 "POST /v2.0/networks HTTP/1.1" status: 201 len: 830 time: 0.4923322
2026-06-26 11:37:57.016 9 WARNING neutron.scheduler.dhcp_agent_scheduler [None req-4ef235a8-9af4-4204-85c8-81d84d568923 a5653bdc3ede46e7938637be254eca38 571c8f76bb9a4cdb9e0f11e3da309e85 - - default default] No more DHCP agents
2026-06-26 11:37:57.020 9 WARNING neutron.api.rpc.agentnotifiers.dhcp_rpc_agent_api [None req-4ef235a8-9af4-4204-85c8-81d84d568923 a5653bdc3ede46e7938637be254eca38 571c8f76bb9a4cdb9e0f11e3da309e85 - - default default] Unable to schedule network 55ccce19-6e89-4781-bf17-7d4114844dd8: no agents available; will retry on subsequent port and subnet creation events.
2026-06-26 11:37:57.093 9 INFO neutron.db.ovn_revision_numbers_db [None req-4ef235a8-9af4-4204-85c8-81d84d568923 a5653bdc3ede46e7938637be254eca38 571c8f76bb9a4cdb9e0f11e3da309e85 - - default default] Successfully bumped revision number for resource c764a50b-a275-4951-972e-dff23b276efc (type: ports) to 1
2026-06-26 11:37:57.112 9 INFO neutron.wsgi [None req-4ef235a8-9af4-4204-85c8-81d84d568923 a5653bdc3ede46e7938637be254eca38 571c8f76bb9a4cdb9e0f11e3da309e85 - - default default] 10.0.0.155 "POST /v2.0/ports HTTP/1.1" status: 201 len: 942 time: 0.3039002 /var/lib/openstack/lib/python3.10/site-packages/pycadf/identifier.py:71: UserWarning: Invalid uuid: neutron. To ensure interoperability, identifiers should be a valid uuid. warnings.warn(('Invalid uuid: %s. To ensure interoperability, '
2026-06-26 11:37:57.286 9 INFO neutron.wsgi [None req-51cea3c7-824e-4a79-a37d-d4a2431e6498 a5653bdc3ede46e7938637be254eca38 571c8f76bb9a4cdb9e0f11e3da309e85 - - default default] 10.0.0.155 "POST /v2.0/trunks HTTP/1.1" status: 201 len: 608 time: 0.1665852
2026-06-26 11:37:57.303 10 INFO neutron.db.ovn_revision_numbers_db [None req-2efe8df2-c591-4c49-85f6-0738fb4fb5ec 5e26fa0551c149f59980f4a9a5855f04 c0c51c03fb1a4f94900256fd09bd2123 - - default default] Successfully bumped revision number for resource 33f675a2-e4cb-410f-94c2-2b6103cd468a (type: ports) to 2
2026-06-26 11:37:57.316 9 INFO neutron.wsgi [None req-0b8ce3db-5b2c-4bf3-830d-d120ef33d58f a5653bdc3ede46e7938637be254eca38 571c8f76bb9a4cdb9e0f11e3da309e85 - - default default] 10.0.0.155 "PUT /v2.0/trunks/37ee719d-b6da-4a1b-9fe7-50aca556a569/tags HTTP/1.1" status: 200 len: 210 time: 0.0260515
2026-06-26 11:37:57.338 10 INFO neutron.db.ovn_revision_numbers_db [None req-2efe8df2-c591-4c49-85f6-0738fb4fb5ec 5e26fa0551c149f59980f4a9a5855f04 c0c51c03fb1a4f94900256fd09bd2123 - - default default] Successfully bumped revision number for resource d84b4781-2f41-46a4-b8ec-b1cff1eb4cc1 (type: subnets) to 0
2026-06-26 11:37:57.354 10 INFO neutron.wsgi [None req-2efe8df2-c591-4c49-85f6-0738fb4fb5ec 5e26fa0551c149f59980f4a9a5855f04 c0c51c03fb1a4f94900256fd09bd2123 - - default default] 10.0.0.155 "POST /v2.0/subnets HTTP/1.1" status: 201 len: 832 time: 0.8669333
2026-06-26 11:37:57.359 9 INFO neutron.wsgi [None req-e516008e-c2ec-453d-85da-377219b97274 a5653bdc3ede46e7938637be254eca38 571c8f76bb9a4cdb9e0f11e3da309e85 - - default default] 10.0.0.155 "PUT /v2.0/trunks/c60c3be2-2772-4633-8d00-fbaeec4cc19b/tags HTTP/1.1" status: 200 len: 218 time: 0.0377538
2026-06-26 11:37:57.392 9 INFO neutron.wsgi [None req-e1b7a6f6-964c-4b14-aa4e-c03c2130c4cb a5653bdc3ede46e7938637be254eca38 571c8f76bb9a4cdb9e0f11e3da309e85 - - default default] 10.0.0.155 "PUT /v2.0/trunks/d1beed10-3ba3-4cfc-ac6d-40bd9163f041/tags HTTP/1.1" status: 200 len: 227 time: 0.0289571
2026-06-26 11:37:57.404 10 INFO neutron.wsgi [None req-496058fe-3417-4189-8653-335bfcee3a12 8d34f21638b645afb004a1e4ae2cc6f6 89b24c7c2a5b40d6830f2842e5d2a4fc - - default default] 10.0.0.155 "GET /v2.0/subnetpools?name=shared-default-subnetpool-v6 HTTP/1.1" status: 200 len: 212 time: 0.0447004
2026-06-26 11:37:57.423 9 INFO neutron.wsgi [None req-9f4efa1c-78e1-4624-ac27-ec320fac951b a5653bdc3ede46e7938637be254eca38 571c8f76bb9a4cdb9e0f11e3da309e85 - - default default] 10.0.0.155 "PUT /v2.0/trunks/ee8bc2e5-013b-4dc4-8f80-02c8f2f95760/tags HTTP/1.1" status: 200 len: 212 time: 0.0262651
2026-06-26 11:37:57.452 9 INFO neutron.wsgi [None req-e1ac29cd-a97d-4ccb-b7d3-c082fd094878 a5653bdc3ede46e7938637be254eca38 571c8f76bb9a4cdb9e0f11e3da309e85 - - default default] 10.0.0.155 "GET /v2.0/trunks?tags=red HTTP/1.1" status: 200 len: 1447 time: 0.0227044
2026-06-26 11:37:57.480 9 INFO neutron.wsgi [None req-51f1376e-3230-4529-a4c5-0225ec94f5e1 a5653bdc3ede46e7938637be254eca38 571c8f76bb9a4cdb9e0f11e3da309e85 - - default default] 10.0.0.155 "GET /v2.0/trunks?tags=red%2Cblue HTTP/1.1" status: 200 len: 1041 time: 0.0215394
2026-06-26 11:37:57.516 10 INFO neutron.wsgi [None req-7136200b-dc00-47cf-b23f-5afd8cb3b515 a5653bdc3ede46e7938637be254eca38 571c8f76bb9a4cdb9e0f11e3da309e85 - - default default] 10.0.0.155 "GET /v2.0/trunks?tags-any=blue HTTP/1.1" status: 200 len: 1041 time: 0.0298252
2026-06-26 11:37:57.546 9 INFO neutron.wsgi [None req-6ddf86d3-8f43-4cb6-b0a0-7fc528e68f92 a5653bdc3ede46e7938637be254eca38 571c8f76bb9a4cdb9e0f11e3da309e85 - - default default] 10.0.0.155 "GET /v2.0/trunks?tags-any=red%2Cblue HTTP/1.1" status: 200 len: 1447 time: 0.0231254
2026-06-26 11:37:57.573 9 INFO neutron.wsgi [None req-9947a2d4-27a4-4ef7-ab5b-7bb7666e4a56 a5653bdc3ede46e7938637be254eca38 571c8f76bb9a4cdb9e0f11e3da309e85 - - default default] 10.0.0.155 "GET /v2.0/trunks?not-tags=red HTTP/1.1" status: 200 len: 1013 time: 0.0225155
2026-06-26 11:37:57.623 9 INFO neutron.wsgi [None req-bd0cb78a-e5b1-481c-994b-36ef7a869242 a5653bdc3ede46e7938637be254eca38 571c8f76bb9a4cdb9e0f11e3da309e85 - - default default] 10.0.0.155 "GET /v2.0/trunks?not-tags=red%2Cblue HTTP/1.1" status: 200 len: 1419 time: 0.0427947
2026-06-26 11:37:57.654 10 WARNING neutron.scheduler.dhcp_agent_scheduler [None req-ff2810ba-117d-4ed6-9ed5-061ca6ac8f52 5e26fa0551c149f59980f4a9a5855f04 c0c51c03fb1a4f94900256fd09bd2123 - - default default] No more DHCP agents
2026-06-26 11:37:57.654 9 INFO neutron.wsgi [None req-732bda09-8c6d-4cf8-9a91-ba7e1a9304ff a5653bdc3ede46e7938637be254eca38 571c8f76bb9a4cdb9e0f11e3da309e85 - - default default] 10.0.0.155 "GET /v2.0/trunks?not-tags-any=blue HTTP/1.1" status: 200 len: 1419 time: 0.0252357
2026-06-26 11:37:57.656 10 WARNING neutron.api.rpc.agentnotifiers.dhcp_rpc_agent_api [None req-ff2810ba-117d-4ed6-9ed5-061ca6ac8f52 5e26fa0551c149f59980f4a9a5855f04 c0c51c03fb1a4f94900256fd09bd2123 - - default default] Unable to schedule network c92135dc-9c7c-4e67-8a84-4089daad2ad4: no agents available; will retry on subsequent port and subnet creation events.
2026-06-26 11:37:57.682 9 INFO neutron.wsgi [None req-e757e76e-ffd3-4234-bd01-ab38b0497755 a5653bdc3ede46e7938637be254eca38 571c8f76bb9a4cdb9e0f11e3da309e85 - - default default] 10.0.0.155 "GET /v2.0/trunks?not-tags-any=red%2Cblue HTTP/1.1" status: 200 len: 1013 time: 0.0243177
2026-06-26 11:37:57.685 10 INFO neutron.db.ovn_revision_numbers_db [None req-ff2810ba-117d-4ed6-9ed5-061ca6ac8f52 5e26fa0551c149f59980f4a9a5855f04 c0c51c03fb1a4f94900256fd09bd2123 - - default default] Successfully bumped revision number for resource f01e5415-03fe-4272-9b71-1b5bcd52dc6d (type: subnets) to 0
2026-06-26 11:37:57.708 10 INFO neutron.wsgi [None req-ff2810ba-117d-4ed6-9ed5-061ca6ac8f52 5e26fa0551c149f59980f4a9a5855f04 c0c51c03fb1a4f94900256fd09bd2123 - - default default] 10.0.0.155 "POST /v2.0/subnets HTTP/1.1" status: 201 len: 906 time: 0.2974381
2026-06-26 11:37:57.714 10 INFO neutron.wsgi [None req-f932ebf3-7df0-42dd-937a-53a198dc7dbf a5653bdc3ede46e7938637be254eca38 571c8f76bb9a4cdb9e0f11e3da309e85 - - default default] 10.0.0.155 "GET /v2.0/trunks/37ee719d-b6da-4a1b-9fe7-50aca556a569 HTTP/1.1" status: 200 len: 608 time: 0.0245955
2026-06-26 11:37:57.812 9 INFO neutron.db.segments_db [None req-444669bd-52fc-476a-9bb1-d5ecfe7d5803 5e26fa0551c149f59980f4a9a5855f04 c0c51c03fb1a4f94900256fd09bd2123 - - default default] Added segment b2f503c8-8d18-4b68-853f-751c2711b4f5 of type geneve for network 09bd9517-b97c-459a-9c2e-6a82f981a2e8
2026-06-26 11:37:57.814 10 INFO neutron.wsgi [None req-d2d55380-034d-4580-bb87-b4739985dbae a5653bdc3ede46e7938637be254eca38 571c8f76bb9a4cdb9e0f11e3da309e85 - - default default] 10.0.0.155 "GET /v2.0/ports/57b76fc3-a1ba-4b21-9456-b135e88bc630 HTTP/1.1" status: 200 len: 1020 time: 0.0969174
2026-06-26 11:37:57.905 10 INFO neutron.wsgi [None req-c9a5de7a-03f2-4249-9f47-cd0d70040f29 a5653bdc3ede46e7938637be254eca38 571c8f76bb9a4cdb9e0f11e3da309e85 - - default default] 10.0.0.155 "DELETE /v2.0/trunks/37ee719d-b6da-4a1b-9fe7-50aca556a569 HTTP/1.1" status: 204 len: 168 time: 0.0858734
2026-06-26 11:37:57.932 10 INFO neutron.wsgi [None req-b9ecc460-d77d-4ddf-a99c-b4c45b12bdcd a5653bdc3ede46e7938637be254eca38 571c8f76bb9a4cdb9e0f11e3da309e85 - - default default] 10.0.0.155 "GET /v2.0/trunks/c60c3be2-2772-4633-8d00-fbaeec4cc19b HTTP/1.1" status: 200 len: 616 time: 0.0212748
2026-06-26 11:37:57.959 9 INFO neutron.db.ovn_revision_numbers_db [None req-444669bd-52fc-476a-9bb1-d5ecfe7d5803 5e26fa0551c149f59980f4a9a5855f04 c0c51c03fb1a4f94900256fd09bd2123 - - default default] Successfully bumped revision number for resource 09bd9517-b97c-459a-9c2e-6a82f981a2e8 (type: networks) to 1
2026-06-26 11:37:58.020 10 INFO neutron.wsgi [None req-8e2e5952-f974-4a46-bce2-95333c9a174f a5653bdc3ede46e7938637be254eca38 571c8f76bb9a4cdb9e0f11e3da309e85 - - default default] 10.0.0.155 "GET /v2.0/ports/9169cf99-5113-43c7-aadc-bca2db07382f HTTP/1.1" status: 200 len: 1020 time: 0.0848017
2026-06-26 11:37:58.102 10 INFO neutron.wsgi [None req-6d6233c1-8a17-42b2-9bfc-36850adf6f4e a5653bdc3ede46e7938637be254eca38 571c8f76bb9a4cdb9e0f11e3da309e85 - - default default] 10.0.0.155 "DELETE /v2.0/trunks/c60c3be2-2772-4633-8d00-fbaeec4cc19b HTTP/1.1" status: 204 len: 168 time: 0.0763936
2026-06-26 11:37:58.132 10 INFO neutron.wsgi [None req-f855ddbe-73e0-4fd1-8680-6bee1636c12a a5653bdc3ede46e7938637be254eca38 571c8f76bb9a4cdb9e0f11e3da309e85 - - default default] 10.0.0.155 "GET /v2.0/trunks/d1beed10-3ba3-4cfc-ac6d-40bd9163f041 HTTP/1.1" status: 200 len: 625 time: 0.0232122
2026-06-26 11:37:58.190 9 WARNING neutron.scheduler.dhcp_agent_scheduler [None req-444669bd-52fc-476a-9bb1-d5ecfe7d5803 5e26fa0551c149f59980f4a9a5855f04 c0c51c03fb1a4f94900256fd09bd2123 - - default default] No more DHCP agents
2026-06-26 11:37:58.192 9 WARNING neutron.api.rpc.agentnotifiers.dhcp_rpc_agent_api [None req-444669bd-52fc-476a-9bb1-d5ecfe7d5803 5e26fa0551c149f59980f4a9a5855f04 c0c51c03fb1a4f94900256fd09bd2123 - - default default] Unable to schedule network 09bd9517-b97c-459a-9c2e-6a82f981a2e8: no agents available; will retry on subsequent port and subnet creation events.
2026-06-26 11:37:58.240 10 INFO neutron.wsgi [None req-5e654151-45ef-40e1-9e79-558da0c0368d a5653bdc3ede46e7938637be254eca38 571c8f76bb9a4cdb9e0f11e3da309e85 - - default default] 10.0.0.155 "GET /v2.0/ports/e8a5aaee-5080-4330-be52-e13c7176f6f6 HTTP/1.1" status: 200 len: 1020 time: 0.1023221
2026-06-26 11:37:58.278 9 INFO neutron.db.ovn_revision_numbers_db [None req-444669bd-52fc-476a-9bb1-d5ecfe7d5803 5e26fa0551c149f59980f4a9a5855f04 c0c51c03fb1a4f94900256fd09bd2123 - - default default] Successfully bumped revision number for resource 161852b4-6d4e-496b-aa17-6c954b922842 (type: ports) to 1
2026-06-26 11:37:58.297 9 INFO neutron.wsgi [None req-444669bd-52fc-476a-9bb1-d5ecfe7d5803 5e26fa0551c149f59980f4a9a5855f04 c0c51c03fb1a4f94900256fd09bd2123 - - default default] 10.0.0.155 "POST /v2.0/networks HTTP/1.1" status: 201 len: 837 time: 0.5836256
2026-06-26 11:37:58.324 10 INFO neutron.wsgi [None req-23cb3d2c-dc12-4c62-8230-6e6af91c3e70 a5653bdc3ede46e7938637be254eca38 571c8f76bb9a4cdb9e0f11e3da309e85 - - default default] 10.0.0.155 "DELETE /v2.0/trunks/d1beed10-3ba3-4cfc-ac6d-40bd9163f041 HTTP/1.1" status: 204 len: 168 time: 0.0798471
2026-06-26 11:37:58.351 10 INFO neutron.wsgi [None req-731db4cc-6028-40ce-8086-f2efa8407df8 a5653bdc3ede46e7938637be254eca38 571c8f76bb9a4cdb9e0f11e3da309e85 - - default default] 10.0.0.155 "GET /v2.0/trunks/ee8bc2e5-013b-4dc4-8f80-02c8f2f95760 HTTP/1.1" status: 200 len: 610 time: 0.0228188
2026-06-26 11:37:58.435 10 INFO neutron.wsgi [None req-1f3d9b55-2224-4d61-bc4b-fdb2718d2c6e a5653bdc3ede46e7938637be254eca38 571c8f76bb9a4cdb9e0f11e3da309e85 - - default default] 10.0.0.155 "GET /v2.0/ports/b703e397-8250-4bd0-b0c4-98f10c2e67f8 HTTP/1.1" status: 200 len: 1020 time: 0.0793884
2026-06-26 11:37:58.517 10 INFO neutron.wsgi [None req-4c344984-604f-46e2-9938-e4f0ac6c42f8 a5653bdc3ede46e7938637be254eca38 571c8f76bb9a4cdb9e0f11e3da309e85 - - default default] 10.0.0.155 "DELETE /v2.0/trunks/ee8bc2e5-013b-4dc4-8f80-02c8f2f95760 HTTP/1.1" status: 204 len: 168 time: 0.0782821
2026-06-26 11:37:58.540 10 INFO neutron.wsgi [None req-969c4bae-77a0-4acc-b24a-d6b0929015d8 a5653bdc3ede46e7938637be254eca38 571c8f76bb9a4cdb9e0f11e3da309e85 - - default default] 10.0.0.155 "GET /v2.0/trunks/2c911798-2bef-40d7-9557-df691b9daa97 HTTP/1.1" status: 200 len: 603 time: 0.0168025
2026-06-26 11:37:58.623 10 INFO neutron.wsgi [None req-9622e5d5-4f82-4562-8d70-e30638c8e97d a5653bdc3ede46e7938637be254eca38 571c8f76bb9a4cdb9e0f11e3da309e85 - - default default] 10.0.0.155 "GET /v2.0/ports/c764a50b-a275-4951-972e-dff23b276efc HTTP/1.1" status: 200 len: 1020 time: 0.0778487
2026-06-26 11:37:58.758 9 INFO neutron.wsgi [None req-6e72423f-99b5-41fb-91b1-452a6151357c a5653bdc3ede46e7938637be254eca38 571c8f76bb9a4cdb9e0f11e3da309e85 - - default default] 10.0.0.155 "DELETE /v2.0/trunks/2c911798-2bef-40d7-9557-df691b9daa97 HTTP/1.1" status: 204 len: 168 time: 0.1293542
2026-06-26 11:37:58.839 9 WARNING neutron.scheduler.dhcp_agent_scheduler [None req-28238910-8321-4f31-9596-fc58cc1b29b5 5e26fa0551c149f59980f4a9a5855f04 c0c51c03fb1a4f94900256fd09bd2123 - - default default] No more DHCP agents
2026-06-26 11:37:58.841 9 WARNING neutron.api.rpc.agentnotifiers.dhcp_rpc_agent_api [None req-28238910-8321-4f31-9596-fc58cc1b29b5 5e26fa0551c149f59980f4a9a5855f04 c0c51c03fb1a4f94900256fd09bd2123 - - default default] Unable to schedule network 09bd9517-b97c-459a-9c2e-6a82f981a2e8: no agents available; will retry on subsequent port and subnet creation events.
2026-06-26 11:37:59.234 10 INFO neutron.wsgi [None req-67e0c8e9-bee6-4fc3-8f48-d49b37b201d8 a5653bdc3ede46e7938637be254eca38 571c8f76bb9a4cdb9e0f11e3da309e85 - - default default] 10.0.0.155 "DELETE /v2.0/ports/57b76fc3-a1ba-4b21-9456-b135e88bc630 HTTP/1.1" status: 204 len: 168 time: 0.4703553
2026-06-26 11:37:59.344 9 INFO neutron.db.ovn_revision_numbers_db [None req-28238910-8321-4f31-9596-fc58cc1b29b5 5e26fa0551c149f59980f4a9a5855f04 c0c51c03fb1a4f94900256fd09bd2123 - - default default] Successfully bumped revision number for resource 161852b4-6d4e-496b-aa17-6c954b922842 (type: ports) to 2
2026-06-26 11:37:59.385 9 INFO neutron.db.ovn_revision_numbers_db [None req-28238910-8321-4f31-9596-fc58cc1b29b5 5e26fa0551c149f59980f4a9a5855f04 c0c51c03fb1a4f94900256fd09bd2123 - - default default] Successfully bumped revision number for resource b09d79a5-8452-4254-8fde-6ad758ea7427 (type: subnets) to 0
2026-06-26 11:37:59.400 9 INFO neutron.wsgi [None req-28238910-8321-4f31-9596-fc58cc1b29b5 5e26fa0551c149f59980f4a9a5855f04 c0c51c03fb1a4f94900256fd09bd2123 - - default default] 10.0.0.155 "POST /v2.0/subnets HTTP/1.1" status: 201 len: 831 time: 1.0976610
2026-06-26 11:37:59.443 10 INFO neutron.wsgi [None req-619a4ba2-a9b7-4c6e-90c6-41100b63a23b a5653bdc3ede46e7938637be254eca38 571c8f76bb9a4cdb9e0f11e3da309e85 - - default default] 10.0.0.155 "DELETE /v2.0/ports/9169cf99-5113-43c7-aadc-bca2db07382f HTTP/1.1" status: 204 len: 168 time: 0.2019179
2026-06-26 11:37:59.658 10 INFO neutron.wsgi [None req-be83f14c-e664-45ae-8694-b94fc41fdd34 a5653bdc3ede46e7938637be254eca38 571c8f76bb9a4cdb9e0f11e3da309e85 - - default default] 10.0.0.155 "DELETE /v2.0/ports/e8a5aaee-5080-4330-be52-e13c7176f6f6 HTTP/1.1" status: 204 len: 168 time: 0.2099681
2026-06-26 11:37:59.665 9 WARNING neutron.scheduler.dhcp_agent_scheduler [None req-d33a9cd5-86a7-4938-8feb-4b7367213ace 5e26fa0551c149f59980f4a9a5855f04 c0c51c03fb1a4f94900256fd09bd2123 - - default default] No more DHCP agents
2026-06-26 11:37:59.667 9 WARNING neutron.api.rpc.agentnotifiers.dhcp_rpc_agent_api [None req-d33a9cd5-86a7-4938-8feb-4b7367213ace 5e26fa0551c149f59980f4a9a5855f04 c0c51c03fb1a4f94900256fd09bd2123 - - default default] Unable to schedule network 09bd9517-b97c-459a-9c2e-6a82f981a2e8: no agents available; will retry on subsequent port and subnet creation events.
2026-06-26 11:37:59.696 9 INFO neutron.db.ovn_revision_numbers_db [None req-d33a9cd5-86a7-4938-8feb-4b7367213ace 5e26fa0551c149f59980f4a9a5855f04 c0c51c03fb1a4f94900256fd09bd2123 - - default default] Successfully bumped revision number for resource 12b49b70-1b6e-4e8a-b60c-e5a04b079be5 (type: subnets) to 0
2026-06-26 11:37:59.712 9 INFO neutron.wsgi [None req-d33a9cd5-86a7-4938-8feb-4b7367213ace 5e26fa0551c149f59980f4a9a5855f04 c0c51c03fb1a4f94900256fd09bd2123 - - default default] 10.0.0.155 "POST /v2.0/subnets HTTP/1.1" status: 201 len: 901 time: 0.3061430
2026-06-26 11:37:59.814 9 INFO neutron.db.segments_db [None req-908bdaf3-2d12-4e8b-9b95-619efeb1dbf3 5e26fa0551c149f59980f4a9a5855f04 c0c51c03fb1a4f94900256fd09bd2123 - - default default] Added segment 363ed7c7-92a7-4e31-b1cf-d98cee416ba5 of type geneve for network 888b583c-65e6-4a99-b5ec-3694d09e7ae2
2026-06-26 11:37:59.894 10 INFO neutron.wsgi [None req-5e843022-4228-47fb-ba5f-9ed85b402641 a5653bdc3ede46e7938637be254eca38 571c8f76bb9a4cdb9e0f11e3da309e85 - - default default] 10.0.0.155 "DELETE /v2.0/ports/b703e397-8250-4bd0-b0c4-98f10c2e67f8 HTTP/1.1" status: 204 len: 168 time: 0.2282968
2026-06-26 11:37:59.964 9 INFO neutron.db.ovn_revision_numbers_db [None req-908bdaf3-2d12-4e8b-9b95-619efeb1dbf3 5e26fa0551c149f59980f4a9a5855f04 c0c51c03fb1a4f94900256fd09bd2123 - - default default] Successfully bumped revision number for resource 888b583c-65e6-4a99-b5ec-3694d09e7ae2 (type: networks) to 1
2026-06-26 11:38:00.132 10 INFO neutron.wsgi [None req-5a6603cd-d205-4ec3-a28d-62529c6d8806 a5653bdc3ede46e7938637be254eca38 571c8f76bb9a4cdb9e0f11e3da309e85 - - default default] 10.0.0.155 "DELETE /v2.0/ports/c764a50b-a275-4951-972e-dff23b276efc HTTP/1.1" status: 204 len: 168 time: 0.2324145
2026-06-26 11:38:00.133 9 WARNING neutron.scheduler.dhcp_agent_scheduler [None req-908bdaf3-2d12-4e8b-9b95-619efeb1dbf3 5e26fa0551c149f59980f4a9a5855f04 c0c51c03fb1a4f94900256fd09bd2123 - - default default] No more DHCP agents
2026-06-26 11:38:00.135 9 WARNING neutron.api.rpc.agentnotifiers.dhcp_rpc_agent_api [None req-908bdaf3-2d12-4e8b-9b95-619efeb1dbf3 5e26fa0551c149f59980f4a9a5855f04 c0c51c03fb1a4f94900256fd09bd2123 - - default default] Unable to schedule network 888b583c-65e6-4a99-b5ec-3694d09e7ae2: no agents available; will retry on subsequent port and subnet creation events.
2026-06-26 11:38:00.240 9 INFO neutron.db.ovn_revision_numbers_db [None req-908bdaf3-2d12-4e8b-9b95-619efeb1dbf3 5e26fa0551c149f59980f4a9a5855f04 c0c51c03fb1a4f94900256fd09bd2123 - - default default] Successfully bumped revision number for resource 7c95e136-94d6-46db-9dde-f3ce922c7e73 (type: ports) to 1
2026-06-26 11:38:00.260 9 INFO neutron.wsgi [None req-908bdaf3-2d12-4e8b-9b95-619efeb1dbf3 5e26fa0551c149f59980f4a9a5855f04 c0c51c03fb1a4f94900256fd09bd2123 - - default default] 10.0.0.155 "POST /v2.0/networks HTTP/1.1" status: 201 len: 837 time: 0.5431669
2026-06-26 11:38:00.494 10 INFO neutron.services.segments.plugin [-] Segment 2a6c73d1-a064-4b39-b24a-19a990f208e7 resource provider aggregate not found
2026-06-26 11:38:00.499 10 INFO neutron.services.segments.plugin [-] Segment 2a6c73d1-a064-4b39-b24a-19a990f208e7 resource provider aggregate not found
2026-06-26 11:38:00.503 9 WARNING neutron.scheduler.dhcp_agent_scheduler [None req-18c481ec-4d23-4c0d-adb5-eb62f8f08e99 5e26fa0551c149f59980f4a9a5855f04 c0c51c03fb1a4f94900256fd09bd2123 - - default default] No more DHCP agents
2026-06-26 11:38:00.506 9 WARNING neutron.api.rpc.agentnotifiers.dhcp_rpc_agent_api [None req-18c481ec-4d23-4c0d-adb5-eb62f8f08e99 5e26fa0551c149f59980f4a9a5855f04 c0c51c03fb1a4f94900256fd09bd2123 - - default default] Unable to schedule network 888b583c-65e6-4a99-b5ec-3694d09e7ae2: no agents available; will retry on subsequent port and subnet creation events.
2026-06-26 11:38:00.512 10 INFO neutron.services.segments.plugin [-] Segment 2a6c73d1-a064-4b39-b24a-19a990f208e7 resource provider not found; error: Placement Client Error (4xx): {"errors": [{"status": 404, "title": "Not Found", "detail": "The resource could not be found.\n\n No resource provider with uuid 2a6c73d1-a064-4b39-b24a-19a990f208e7 found for delete ", "request_id": "req-f0bc3f8a-e204-4157-9ab4-a8cf6cfc2f84"}]}
2026-06-26 11:38:00.525 10 INFO neutron.services.segments.plugin [-] Segment 2a6c73d1-a064-4b39-b24a-19a990f208e7 resource provider not found; error: Placement Client Error (4xx): {"errors": [{"status": 404, "title": "Not Found", "detail": "The resource could not be found.\n\n No resource provider with uuid 2a6c73d1-a064-4b39-b24a-19a990f208e7 found for delete ", "request_id": "req-215b3237-e516-4d35-9139-460948cd4152"}]}
2026-06-26 11:38:00.544 10 INFO neutron.wsgi [None req-12e6d807-bdf1-4e49-ac73-e4c463a89707 a5653bdc3ede46e7938637be254eca38 571c8f76bb9a4cdb9e0f11e3da309e85 - - default default] 10.0.0.155 "DELETE /v2.0/networks/ec3698d7-b2e5-4f1d-9820-852cd5e7e788 HTTP/1.1" status: 204 len: 168 time: 0.4059796
2026-06-26 11:38:00.983 9 INFO neutron.services.segments.plugin [-] Segment ca381a70-ef25-43f6-ad60-b3a6f87e89da resource provider aggregate not found
2026-06-26 11:38:00.991 9 INFO neutron.services.segments.plugin [-] Segment ca381a70-ef25-43f6-ad60-b3a6f87e89da resource provider aggregate not found
2026-06-26 11:38:01.003 9 INFO neutron.services.segments.plugin [-] Segment ca381a70-ef25-43f6-ad60-b3a6f87e89da resource provider not found; error: Placement Client Error (4xx): {"errors": [{"status": 404, "title": "Not Found", "detail": "The resource could not be found.\n\n No resource provider with uuid ca381a70-ef25-43f6-ad60-b3a6f87e89da found for delete ", "request_id": "req-53c42caa-0cf7-43c2-8bfa-62b073cec4bb"}]}
2026-06-26 11:38:01.004 9 INFO neutron.services.segments.plugin [-] Segment ca381a70-ef25-43f6-ad60-b3a6f87e89da resource provider not found; error: Placement Client Error (4xx): {"errors": [{"status": 404, "title": "Not Found", "detail": "The resource could not be found.\n\n No resource provider with uuid ca381a70-ef25-43f6-ad60-b3a6f87e89da found for delete ", "request_id": "req-70b90341-0e78-42c6-9c8b-65b1a16caf05"}]}
2026-06-26 11:38:01.032 9 INFO neutron.wsgi [None req-8f846dc9-b8ee-4577-bdd8-efd5f765955c a5653bdc3ede46e7938637be254eca38 571c8f76bb9a4cdb9e0f11e3da309e85 - - default default] 10.0.0.155 "DELETE /v2.0/networks/6edd10a2-cc48-4b89-b376-2e0f51bab3ee HTTP/1.1" status: 204 len: 168 time: 0.4832933
2026-06-26 11:38:01.140 9 INFO neutron.db.ovn_revision_numbers_db [None req-18c481ec-4d23-4c0d-adb5-eb62f8f08e99 5e26fa0551c149f59980f4a9a5855f04 c0c51c03fb1a4f94900256fd09bd2123 - - default default] Successfully bumped revision number for resource 7c95e136-94d6-46db-9dde-f3ce922c7e73 (type: ports) to 2
2026-06-26 11:38:01.192 9 INFO neutron.db.ovn_revision_numbers_db [None req-18c481ec-4d23-4c0d-adb5-eb62f8f08e99 5e26fa0551c149f59980f4a9a5855f04 c0c51c03fb1a4f94900256fd09bd2123 - - default default] Successfully bumped revision number for resource d5b53b21-49d3-48ef-9aa9-5d978480536f (type: subnets) to 0
2026-06-26 11:38:01.220 9 INFO neutron.wsgi [None req-18c481ec-4d23-4c0d-adb5-eb62f8f08e99 5e26fa0551c149f59980f4a9a5855f04 c0c51c03fb1a4f94900256fd09bd2123 - - default default] 10.0.0.155 "POST /v2.0/subnets HTTP/1.1" status: 201 len: 831 time: 0.9556112
2026-06-26 11:38:01.642 9 INFO neutron.wsgi [None req-2e2ee832-4c9e-4658-8c5e-4a2941f69ad5 a5653bdc3ede46e7938637be254eca38 571c8f76bb9a4cdb9e0f11e3da309e85 - - default default] 10.0.0.155 "DELETE /v2.0/networks/3e10ed8c-8de1-4836-bd02-8b9362698c76 HTTP/1.1" status: 204 len: 168 time: 0.6049588
2026-06-26 11:38:01.663 9 WARNING neutron.scheduler.dhcp_agent_scheduler [None req-75e7db8e-c65c-4611-bc54-a20d9da75168 5e26fa0551c149f59980f4a9a5855f04 c0c51c03fb1a4f94900256fd09bd2123 - - default default] No more DHCP agents
2026-06-26 11:38:01.665 9 WARNING neutron.api.rpc.agentnotifiers.dhcp_rpc_agent_api [None req-75e7db8e-c65c-4611-bc54-a20d9da75168 5e26fa0551c149f59980f4a9a5855f04 c0c51c03fb1a4f94900256fd09bd2123 - - default default] Unable to schedule network 888b583c-65e6-4a99-b5ec-3694d09e7ae2: no agents available; will retry on subsequent port and subnet creation events.
2026-06-26 11:38:01.692 9 INFO neutron.db.ovn_revision_numbers_db [None req-75e7db8e-c65c-4611-bc54-a20d9da75168 5e26fa0551c149f59980f4a9a5855f04 c0c51c03fb1a4f94900256fd09bd2123 - - default default] Successfully bumped revision number for resource 321f2a56-0e0e-44c1-83ae-9b4181df379c (type: subnets) to 0
2026-06-26 11:38:01.705 9 INFO neutron.wsgi [None req-75e7db8e-c65c-4611-bc54-a20d9da75168 5e26fa0551c149f59980f4a9a5855f04 c0c51c03fb1a4f94900256fd09bd2123 - - default default] 10.0.0.155 "POST /v2.0/subnets HTTP/1.1" status: 201 len: 905 time: 0.4808729
2026-06-26 11:38:02.037 10 INFO neutron.wsgi [None req-1ddb0a5f-0a53-474d-a7a9-ca51d9f68f9d a5653bdc3ede46e7938637be254eca38 571c8f76bb9a4cdb9e0f11e3da309e85 - - default default] 10.0.0.155 "DELETE /v2.0/networks/5fd3299c-9caf-443b-bbb2-8adf411615bb HTTP/1.1" status: 204 len: 168 time: 0.3899872
2026-06-26 11:38:02.111 9 WARNING neutron.scheduler.dhcp_agent_scheduler [None req-7ecfd1c6-002e-42f1-99e9-3124ebad1b90 5e26fa0551c149f59980f4a9a5855f04 c0c51c03fb1a4f94900256fd09bd2123 - - default default] No more DHCP agents
2026-06-26 11:38:02.113 9 WARNING neutron.api.rpc.agentnotifiers.dhcp_rpc_agent_api [None req-7ecfd1c6-002e-42f1-99e9-3124ebad1b90 5e26fa0551c149f59980f4a9a5855f04 c0c51c03fb1a4f94900256fd09bd2123 - - default default] Unable to schedule network 40172fb8-2309-4fcd-8b81-a10ae0187096: no agents available; will retry on subsequent port and subnet creation events.
2026-06-26 11:38:02.268 9 INFO neutron.db.ovn_revision_numbers_db [None req-7ecfd1c6-002e-42f1-99e9-3124ebad1b90 5e26fa0551c149f59980f4a9a5855f04 c0c51c03fb1a4f94900256fd09bd2123 - - default default] Successfully bumped revision number for resource 228ab8b6-bb99-4944-a682-f5964c4c48bc (type: ports) to 1
2026-06-26 11:38:02.461 10 INFO neutron.wsgi [None req-af8df040-f77f-4bff-b3ed-57494959f956 a5653bdc3ede46e7938637be254eca38 571c8f76bb9a4cdb9e0f11e3da309e85 - - default default] 10.0.0.155 "DELETE /v2.0/networks/55ccce19-6e89-4781-bf17-7d4114844dd8 HTTP/1.1" status: 204 len: 168 time: 0.4186881
2026-06-26 11:38:02.530 10 INFO neutron.services.segments.plugin [-] Segment bc271fde-179c-4c40-95dd-2c9f54d057b4 resource provider aggregate not found
2026-06-26 11:38:02.541 10 INFO neutron.services.segments.plugin [-] Segment bc271fde-179c-4c40-95dd-2c9f54d057b4 resource provider aggregate not found
2026-06-26 11:38:02.546 10 INFO neutron.services.segments.plugin [-] Segment bc271fde-179c-4c40-95dd-2c9f54d057b4 resource provider not found; error: Placement Client Error (4xx): {"errors": [{"status": 404, "title": "Not Found", "detail": "The resource could not be found.\n\n No resource provider with uuid bc271fde-179c-4c40-95dd-2c9f54d057b4 found for delete ", "request_id": "req-925c572a-fb20-4642-8c31-4dd557d01dab"}]}
2026-06-26 11:38:02.560 10 INFO neutron.services.segments.plugin [-] Segment bc271fde-179c-4c40-95dd-2c9f54d057b4 resource provider not found; error: Placement Client Error (4xx): {"errors": [{"status": 404, "title": "Not Found", "detail": "The resource could not be found.\n\n No resource provider with uuid bc271fde-179c-4c40-95dd-2c9f54d057b4 found for delete ", "request_id": "req-cbd07715-d390-4577-8f19-5458448b442a"}]}
2026-06-26 11:38:02.566 10 INFO neutron.services.segments.plugin [-] Segment ecceb5c0-c874-4693-82fc-9da884640372 resource provider aggregate not found
2026-06-26 11:38:02.573 10 INFO neutron.services.segments.plugin [-] Segment ecceb5c0-c874-4693-82fc-9da884640372 resource provider aggregate not found
2026-06-26 11:38:02.581 10 INFO neutron.services.segments.plugin [-] Segment ecceb5c0-c874-4693-82fc-9da884640372 resource provider not found; error: Placement Client Error (4xx): {"errors": [{"status": 404, "title": "Not Found", "detail": "The resource could not be found.\n\n No resource provider with uuid ecceb5c0-c874-4693-82fc-9da884640372 found for delete ", "request_id": "req-c0aed6a8-7ff8-453e-afb2-5c7bbac94b49"}]}
2026-06-26 11:38:02.584 10 INFO neutron.services.segments.plugin [-] Segment ecceb5c0-c874-4693-82fc-9da884640372 resource provider not found; error: Placement Client Error (4xx): {"errors": [{"status": 404, "title": "Not Found", "detail": "The resource could not be found.\n\n No resource provider with uuid ecceb5c0-c874-4693-82fc-9da884640372 found for delete ", "request_id": "req-a5a113c4-44af-4122-86fe-d1a74c8c4b79"}]}
2026-06-26 11:38:02.823 10 INFO neutron.plugins.ml2.drivers.ovn.mech_driver.mech_driver [None req-68fcd872-8e44-4bab-a851-ba7882843030 - - - - - -] OVN reports status up for port: 228ab8b6-bb99-4944-a682-f5964c4c48bc
2026-06-26 11:38:02.843 9 INFO neutron.plugins.ml2.drivers.ovn.mech_driver.ovsdb.ovsdb_monitor [None req-b55c0045-deb6-457d-9c10-47d5fdd6a059 - - - - - -] Router 7fd1ad23-04f5-4f92-a541-0c2318fcb7b3 is bound to host instance
2026-06-26 11:38:02.858 10 INFO neutron.plugins.ml2.plugin [None req-68fcd872-8e44-4bab-a851-ba7882843030 - - - - - -] Attempt 1 to provision port 228ab8b6-bb99-4944-a682-f5964c4c48bc
2026-06-26 11:38:02.870 9 INFO neutron.db.ovn_revision_numbers_db [None req-7ecfd1c6-002e-42f1-99e9-3124ebad1b90 5e26fa0551c149f59980f4a9a5855f04 c0c51c03fb1a4f94900256fd09bd2123 - - default default] Successfully bumped revision number for resource 228ab8b6-bb99-4944-a682-f5964c4c48bc (type: router_ports) to 1
2026-06-26 11:38:02.968 9 INFO neutron.db.ovn_revision_numbers_db [None req-7ecfd1c6-002e-42f1-99e9-3124ebad1b90 5e26fa0551c149f59980f4a9a5855f04 c0c51c03fb1a4f94900256fd09bd2123 - - default default] Successfully bumped revision number for resource 7fd1ad23-04f5-4f92-a541-0c2318fcb7b3 (type: routers) to 2
2026-06-26 11:38:02.991 9 INFO neutron.wsgi [None req-7ecfd1c6-002e-42f1-99e9-3124ebad1b90 5e26fa0551c149f59980f4a9a5855f04 c0c51c03fb1a4f94900256fd09bd2123 - - default default] 10.0.0.155 "POST /v2.0/routers HTTP/1.1" status: 201 len: 864 time: 1.2815347
2026-06-26 11:38:03.023 9 INFO neutron.services.segments.plugin [-] Segment e9e13d5d-e145-4aa3-aa4c-fab3daa06dd4 resource provider aggregate not found
2026-06-26 11:38:03.028 9 INFO neutron.services.segments.plugin [-] Segment e9e13d5d-e145-4aa3-aa4c-fab3daa06dd4 resource provider aggregate not found
2026-06-26 11:38:03.042 9 INFO neutron.services.segments.plugin [-] Segment e9e13d5d-e145-4aa3-aa4c-fab3daa06dd4 resource provider not found; error: Placement Client Error (4xx): {"errors": [{"status": 404, "title": "Not Found", "detail": "The resource could not be found.\n\n No resource provider with uuid e9e13d5d-e145-4aa3-aa4c-fab3daa06dd4 found for delete ", "request_id": "req-0d40cc6c-0a48-4eba-8f41-29528c41842a"}]}
2026-06-26 11:38:03.044 9 INFO neutron.services.segments.plugin [-] Segment e9e13d5d-e145-4aa3-aa4c-fab3daa06dd4 resource provider not found; error: Placement Client Error (4xx): {"errors": [{"status": 404, "title": "Not Found", "detail": "The resource could not be found.\n\n No resource provider with uuid e9e13d5d-e145-4aa3-aa4c-fab3daa06dd4 found for delete ", "request_id": "req-2940f26c-30bb-46c7-9f4b-fbefb62ebccb"}]}
2026-06-26 11:38:03.446 9 INFO neutron.db.ovn_revision_numbers_db [None req-b55c0045-deb6-457d-9c10-47d5fdd6a059 - - - - - -] Successfully bumped revision number for resource 228ab8b6-bb99-4944-a682-f5964c4c48bc (type: ports) to 1
2026-06-26 11:38:03.554 10 WARNING neutron.scheduler.dhcp_agent_scheduler [None req-3b17f59f-e2a6-4e22-9871-312f4254db81 5e26fa0551c149f59980f4a9a5855f04 c0c51c03fb1a4f94900256fd09bd2123 - - default default] No more DHCP agents
2026-06-26 11:38:03.556 10 WARNING neutron.api.rpc.agentnotifiers.dhcp_rpc_agent_api [None req-3b17f59f-e2a6-4e22-9871-312f4254db81 5e26fa0551c149f59980f4a9a5855f04 c0c51c03fb1a4f94900256fd09bd2123 - - default default] Unable to schedule network c92135dc-9c7c-4e67-8a84-4089daad2ad4: no agents available; will retry on subsequent port and subnet creation events.
2026-06-26 11:38:03.575 9 INFO neutron.db.ovn_revision_numbers_db [None req-e1cc7ccc-c1bb-4f62-ae93-d3f3783f2dba 8d8b93d0de2e4d33a9527d5ff193614f 0d9cfadafc714e47be3a14b9ff0c38c6 - - default default] Successfully bumped revision number for resource 226300ef-545e-4274-809f-bdf6eccdb627 (type: security_groups) to 1
2026-06-26 11:38:03.631 9 INFO neutron.db.ovn_revision_numbers_db [None req-e1cc7ccc-c1bb-4f62-ae93-d3f3783f2dba 8d8b93d0de2e4d33a9527d5ff193614f 0d9cfadafc714e47be3a14b9ff0c38c6 - - default default] Successfully bumped revision number for resource 2e3eb1a6-9338-4782-81fa-3fde4327fde3 (type: security_group_rules) to 0
2026-06-26 11:38:03.663 9 INFO neutron.db.ovn_revision_numbers_db [None req-e1cc7ccc-c1bb-4f62-ae93-d3f3783f2dba 8d8b93d0de2e4d33a9527d5ff193614f 0d9cfadafc714e47be3a14b9ff0c38c6 - - default default] Successfully bumped revision number for resource 43fbac77-f7e5-491f-9629-15222c9bff1c (type: security_group_rules) to 0
2026-06-26 11:38:03.683 9 INFO neutron.db.ovn_revision_numbers_db [None req-e1cc7ccc-c1bb-4f62-ae93-d3f3783f2dba 8d8b93d0de2e4d33a9527d5ff193614f 0d9cfadafc714e47be3a14b9ff0c38c6 - - default default] Successfully bumped revision number for resource 96e2c070-0a0e-49fc-a95c-d769af685c23 (type: security_group_rules) to 0
2026-06-26 11:38:03.722 10 INFO neutron.db.ovn_revision_numbers_db [None req-3b17f59f-e2a6-4e22-9871-312f4254db81 5e26fa0551c149f59980f4a9a5855f04 c0c51c03fb1a4f94900256fd09bd2123 - - default default] Successfully bumped revision number for resource 47c41448-80de-4293-b734-9698d10dbbce (type: ports) to 1
2026-06-26 11:38:03.725 9 INFO neutron.db.ovn_revision_numbers_db [None req-e1cc7ccc-c1bb-4f62-ae93-d3f3783f2dba 8d8b93d0de2e4d33a9527d5ff193614f 0d9cfadafc714e47be3a14b9ff0c38c6 - - default default] Successfully bumped revision number for resource e7ab3f0f-5456-4cb1-95bf-6121f4ea5002 (type: security_group_rules) to 0
2026-06-26 11:38:03.753 9 INFO neutron.wsgi [None req-e1cc7ccc-c1bb-4f62-ae93-d3f3783f2dba 8d8b93d0de2e4d33a9527d5ff193614f 0d9cfadafc714e47be3a14b9ff0c38c6 - - default default] 10.0.0.155 "GET /v2.0/security-groups?tenant_id=265c00041598457eb77c83123d138f85&name=default HTTP/1.1" status: 200 len: 2996 time: 0.4841449
2026-06-26 11:38:03.830 9 INFO neutron.db.ovn_revision_numbers_db [None req-b55c0045-deb6-457d-9c10-47d5fdd6a059 - - - - - -] Successfully bumped revision number for resource 228ab8b6-bb99-4944-a682-f5964c4c48bc (type: router_ports) to 3
2026-06-26 11:38:03.978 9 INFO neutron.wsgi [req-d4535149-bdb6-4130-9b35-f942ff809fa7 req-40cf8d42-27fb-4f3a-a917-711deee46777 3e14ed4fb411459392f44f3deae61caa eec48025480c4d03a29ff7855b1a6835 - - default default] 10.0.0.21 "GET /v2.0/ports?device_id=d6ed95b8-bc7e-4fb1-b0b8-e757713ace58 HTTP/1.1" status: 200 len: 1210 time: 0.1161485
2026-06-26 11:38:04.220 9 INFO neutron.wsgi [req-d4535149-bdb6-4130-9b35-f942ff809fa7 req-3fd17400-408c-4d16-a732-f860bc9b77bb 3e14ed4fb411459392f44f3deae61caa eec48025480c4d03a29ff7855b1a6835 - - default default] 10.0.0.21 "GET /v2.0/security-groups?id=cde57a10-708f-4727-88ab-3ef34dd10bff&id=44af794f-b33e-49c7-aa70-16b5f64fe2e7&fields=id&fields=name HTTP/1.1" status: 200 len: 404 time: 0.2318983
2026-06-26 11:38:04.244 9 INFO neutron.plugins.ml2.drivers.ovn.mech_driver.mech_driver [None req-6e290fc2-6da2-4c20-ab1d-6409e8e4f2d4 - - - - - -] OVN reports status up for port: 47c41448-80de-4293-b734-9698d10dbbce
2026-06-26 11:38:04.250 9 INFO neutron.db.ovn_revision_numbers_db [None req-b55c0045-deb6-457d-9c10-47d5fdd6a059 - - - - - -] Successfully bumped revision number for resource 228ab8b6-bb99-4944-a682-f5964c4c48bc (type: ports) to 2
2026-06-26 11:38:04.252 9 INFO neutron.plugins.ml2.plugin [None req-6e290fc2-6da2-4c20-ab1d-6409e8e4f2d4 - - - - - -] Attempt 1 to provision port 47c41448-80de-4293-b734-9698d10dbbce
2026-06-26 11:38:04.272 10 INFO neutron.db.ovn_revision_numbers_db [None req-3b17f59f-e2a6-4e22-9871-312f4254db81 5e26fa0551c149f59980f4a9a5855f04 c0c51c03fb1a4f94900256fd09bd2123 - - default default] Successfully bumped revision number for resource 47c41448-80de-4293-b734-9698d10dbbce (type: router_ports) to 1
2026-06-26 11:38:04.298 9 INFO neutron.wsgi [None req-a0af1a87-3cdc-476c-a9cd-a486891dcaea 8d8b93d0de2e4d33a9527d5ff193614f 0d9cfadafc714e47be3a14b9ff0c38c6 - - default default] 10.0.0.155 "DELETE /v2.0/security-groups/226300ef-545e-4274-809f-bdf6eccdb627 HTTP/1.1" status: 204 len: 168 time: 0.5381529
2026-06-26 11:38:04.455 9 INFO neutron.wsgi [None req-b5147b50-d9e8-40dc-b10d-cb509217acf0 8d8b93d0de2e4d33a9527d5ff193614f 0d9cfadafc714e47be3a14b9ff0c38c6 - - default default] 10.0.0.155 "GET /v2.0/security-groups?tenant_id=571c8f76bb9a4cdb9e0f11e3da309e85&name=default HTTP/1.1" status: 200 len: 2996 time: 0.0517459
2026-06-26 11:38:04.458 10 INFO neutron.db.ovn_revision_numbers_db [None req-3b17f59f-e2a6-4e22-9871-312f4254db81 5e26fa0551c149f59980f4a9a5855f04 c0c51c03fb1a4f94900256fd09bd2123 - - default default] Successfully bumped revision number for resource 47c41448-80de-4293-b734-9698d10dbbce (type: ports) to 1
2026-06-26 11:38:04.480 10 INFO neutron.wsgi [None req-96fa129b-39d5-45ba-a3bc-be8f8197f458 aabe6a1b70fe4a219e2fbd390bad6e1a f0921b2e10c747ea9269ed0589b3c21f - - default default] 10.0.0.155 "GET /v2.0/ports?device_id=d6ed95b8-bc7e-4fb1-b0b8-e757713ace58 HTTP/1.1" status: 200 len: 1443 time: 0.2287531
2026-06-26 11:38:04.551 10 INFO neutron.wsgi [None req-bdccfd50-2829-461f-a344-480a7c015887 3e14ed4fb411459392f44f3deae61caa eec48025480c4d03a29ff7855b1a6835 - - default default] 10.0.0.155 "GET /v2.0/floatingips?floating_network_id=40172fb8-2309-4fcd-8b81-a10ae0187096&port_id=c1a4f58b-5efa-4b3b-8985-52cec5ee8f1c HTTP/1.1" status: 200 len: 1054 time: 0.0657980
2026-06-26 11:38:04.586 10 WARNING neutron.scheduler.dhcp_agent_scheduler [None req-3b17f59f-e2a6-4e22-9871-312f4254db81 5e26fa0551c149f59980f4a9a5855f04 c0c51c03fb1a4f94900256fd09bd2123 - - default default] No more DHCP agents
2026-06-26 11:38:04.588 10 WARNING neutron.api.rpc.agentnotifiers.dhcp_rpc_agent_api [None req-3b17f59f-e2a6-4e22-9871-312f4254db81 5e26fa0551c149f59980f4a9a5855f04 c0c51c03fb1a4f94900256fd09bd2123 - - default default] Unable to schedule network c92135dc-9c7c-4e67-8a84-4089daad2ad4: no agents available; will retry on subsequent port and subnet creation events.
2026-06-26 11:38:04.621 9 INFO neutron.db.ovn_revision_numbers_db [None req-b55c0045-deb6-457d-9c10-47d5fdd6a059 - - - - - -] Successfully bumped revision number for resource 228ab8b6-bb99-4944-a682-f5964c4c48bc (type: ports) to 4
2026-06-26 11:38:04.644 9 INFO neutron.db.ovn_revision_numbers_db [None req-6e290fc2-6da2-4c20-ab1d-6409e8e4f2d4 - - - - - -] Successfully bumped revision number for resource 47c41448-80de-4293-b734-9698d10dbbce (type: ports) to 2
2026-06-26 11:38:04.886 9 INFO neutron.db.ovn_revision_numbers_db [None req-6e290fc2-6da2-4c20-ab1d-6409e8e4f2d4 - - - - - -] Successfully bumped revision number for resource 47c41448-80de-4293-b734-9698d10dbbce (type: router_ports) to 2
2026-06-26 11:38:04.892 9 INFO neutron.wsgi [req-18de5afb-27fd-49ab-b8d5-f34c563b3596 req-4d53d028-2a28-4582-9a25-12155ffa2bee f98daae8be984a6386877d742a7003cf cb639a4a6dd442ebb08599392164bda4 - - 508b69b9609c45618a526eb50132b3d7 508b69b9609c45618a526eb50132b3d7] 10.0.0.81 "GET /v2.0/ports?device_id=d6ed95b8-bc7e-4fb1-b0b8-e757713ace58 HTTP/1.1" status: 200 len: 1448 time: 0.0449049
