2026-06-26 11:36:48.923 10 WARNING neutron.scheduler.dhcp_agent_scheduler [None req-34027449-7bc8-454b-93ef-0723fe5613e1 20186991df0f452382f159cb38fbaa79 87dc78e425d7471f9dee0bd496455122 - - default default] No more DHCP agents
2026-06-26 11:36:48.928 10 WARNING neutron.api.rpc.agentnotifiers.dhcp_rpc_agent_api [None req-34027449-7bc8-454b-93ef-0723fe5613e1 20186991df0f452382f159cb38fbaa79 87dc78e425d7471f9dee0bd496455122 - - default default] Unable to schedule network a142980a-3e81-4f3a-973f-caa97ea94f25: no agents available; will retry on subsequent port and subnet creation events.
2026-06-26 11:36:48.929 9 INFO neutron.wsgi [-] 10.0.0.155 "GET / HTTP/1.1" status: 200 len: 279 time: 0.0017314
2026-06-26 11:36:49.035 10 INFO neutron.db.ovn_revision_numbers_db [None req-34027449-7bc8-454b-93ef-0723fe5613e1 20186991df0f452382f159cb38fbaa79 87dc78e425d7471f9dee0bd496455122 - - default default] Successfully bumped revision number for resource 790af69f-eced-4c6f-8abe-ba555f9904e8 (type: ports) to 1
2026-06-26 11:36:49.058 10 INFO neutron.wsgi [None req-34027449-7bc8-454b-93ef-0723fe5613e1 20186991df0f452382f159cb38fbaa79 87dc78e425d7471f9dee0bd496455122 - - default default] 10.0.0.155 "POST /v2.0/ports HTTP/1.1" status: 201 len: 1163 time: 0.5182734 /var/lib/openstack/lib/python3.10/site-packages/pycadf/identifier.py:71: UserWarning: Invalid uuid: neutron. To ensure interoperability, identifiers should be a valid uuid. warnings.warn(('Invalid uuid: %s. To ensure interoperability, '
2026-06-26 11:36:49.076 9 INFO neutron.wsgi [None req-99738d51-a2b2-4134-af33-2029f2712ece 34eb9550aeaa4ae3a86f459175718a2b 74f3967679054a7aa44d0549d109d584 - - default default] 10.0.0.155 "GET /v2.0/ HTTP/1.1" status: 200 len: 826 time: 0.1412559
2026-06-26 11:36:49.432 9 WARNING neutron.scheduler.dhcp_agent_scheduler [None req-6db9c4a2-d19a-4318-b0a4-536d09695ea2 30c528c616f34dd7920b8eca97c35701 c2570fb805ba4c6eae55cc8be1de693a - - default default] No more DHCP agents
2026-06-26 11:36:49.435 9 WARNING neutron.api.rpc.agentnotifiers.dhcp_rpc_agent_api [None req-6db9c4a2-d19a-4318-b0a4-536d09695ea2 30c528c616f34dd7920b8eca97c35701 c2570fb805ba4c6eae55cc8be1de693a - - default default] Unable to schedule network 40172fb8-2309-4fcd-8b81-a10ae0187096: no agents available; will retry on subsequent port and subnet creation events.
2026-06-26 11:36:49.464 10 INFO neutron.plugins.ml2.drivers.ovn.mech_driver.mech_driver [None req-68fcd872-8e44-4bab-a851-ba7882843030 - - - - - -] OVN reports status up for port: 790af69f-eced-4c6f-8abe-ba555f9904e8
2026-06-26 11:36:49.479 10 INFO neutron.plugins.ml2.plugin [None req-68fcd872-8e44-4bab-a851-ba7882843030 - - - - - -] Attempt 1 to provision port 790af69f-eced-4c6f-8abe-ba555f9904e8
2026-06-26 11:36:49.495 10 INFO neutron.db.ovn_revision_numbers_db [None req-05cd8b1e-e3bf-4bd7-9971-755ba3343367 20186991df0f452382f159cb38fbaa79 87dc78e425d7471f9dee0bd496455122 - - default default] Successfully bumped revision number for resource 790af69f-eced-4c6f-8abe-ba555f9904e8 (type: router_ports) to 2
2026-06-26 11:36:49.590 9 INFO neutron.db.ovn_revision_numbers_db [None req-6db9c4a2-d19a-4318-b0a4-536d09695ea2 30c528c616f34dd7920b8eca97c35701 c2570fb805ba4c6eae55cc8be1de693a - - default default] Successfully bumped revision number for resource 1a85462f-f570-400e-b1a6-88471bab1bef (type: ports) to 1
2026-06-26 11:36:49.667 10 INFO neutron.db.ovn_revision_numbers_db [None req-05cd8b1e-e3bf-4bd7-9971-755ba3343367 20186991df0f452382f159cb38fbaa79 87dc78e425d7471f9dee0bd496455122 - - default default] Successfully bumped revision number for resource 790af69f-eced-4c6f-8abe-ba555f9904e8 (type: ports) to 2 /var/lib/openstack/lib/python3.10/site-packages/pycadf/identifier.py:71: UserWarning: Invalid uuid: neutron. To ensure interoperability, identifiers should be a valid uuid. warnings.warn(('Invalid uuid: %s. To ensure interoperability, '
2026-06-26 11:36:49.860 10 INFO neutron.db.ovn_revision_numbers_db [None req-68fcd872-8e44-4bab-a851-ba7882843030 - - - - - -] Successfully bumped revision number for resource 790af69f-eced-4c6f-8abe-ba555f9904e8 (type: ports) to 3
2026-06-26 11:36:49.949 10 INFO neutron.db.ovn_revision_numbers_db [None req-a56baf57-7ac9-4147-a2cd-b59f5ff1d91d 8d8b93d0de2e4d33a9527d5ff193614f 0d9cfadafc714e47be3a14b9ff0c38c6 - - default default] Successfully bumped revision number for resource ca61dd32-5534-43cc-b740-86b6af470434 (type: security_groups) to 1
2026-06-26 11:36:49.976 10 INFO neutron.db.ovn_revision_numbers_db [None req-a56baf57-7ac9-4147-a2cd-b59f5ff1d91d 8d8b93d0de2e4d33a9527d5ff193614f 0d9cfadafc714e47be3a14b9ff0c38c6 - - default default] Successfully bumped revision number for resource a99c1fdb-7348-4328-bf96-e2529527684c (type: security_group_rules) to 0
2026-06-26 11:36:50.027 10 INFO neutron.db.ovn_revision_numbers_db [None req-a56baf57-7ac9-4147-a2cd-b59f5ff1d91d 8d8b93d0de2e4d33a9527d5ff193614f 0d9cfadafc714e47be3a14b9ff0c38c6 - - default default] Successfully bumped revision number for resource d4ac23eb-f3f2-48dc-aa03-bc53a30d12f8 (type: security_group_rules) to 0
2026-06-26 11:36:50.284 10 INFO neutron.db.ovn_revision_numbers_db [None req-a56baf57-7ac9-4147-a2cd-b59f5ff1d91d 8d8b93d0de2e4d33a9527d5ff193614f 0d9cfadafc714e47be3a14b9ff0c38c6 - - default default] Successfully bumped revision number for resource e55fd89a-1b74-4ed1-8852-ddcbd4174da8 (type: security_group_rules) to 0
2026-06-26 11:36:50.313 10 INFO neutron.db.ovn_revision_numbers_db [None req-a56baf57-7ac9-4147-a2cd-b59f5ff1d91d 8d8b93d0de2e4d33a9527d5ff193614f 0d9cfadafc714e47be3a14b9ff0c38c6 - - default default] Successfully bumped revision number for resource fa85a93e-16f0-4278-9ad0-090d61e5ce8f (type: security_group_rules) to 0
2026-06-26 11:36:50.324 10 INFO neutron.db.ovn_revision_numbers_db [None req-68fcd872-8e44-4bab-a851-ba7882843030 - - - - - -] Successfully bumped revision number for resource 790af69f-eced-4c6f-8abe-ba555f9904e8 (type: router_ports) to 3
2026-06-26 11:36:50.354 10 INFO neutron.wsgi [None req-a56baf57-7ac9-4147-a2cd-b59f5ff1d91d 8d8b93d0de2e4d33a9527d5ff193614f 0d9cfadafc714e47be3a14b9ff0c38c6 - - default default] 10.0.0.155 "GET /v2.0/security-groups?tenant_id=74f3967679054a7aa44d0549d109d584&name=default HTTP/1.1" status: 200 len: 2996 time: 0.7287605
2026-06-26 11:36:50.563 9 INFO neutron.plugins.ml2.drivers.ovn.mech_driver.ovsdb.ovsdb_monitor [None req-b55c0045-deb6-457d-9c10-47d5fdd6a059 - - - - - -] Router ab822009-118f-47a0-8a04-c93dd08c78d3 is bound to host instance
2026-06-26 11:36:50.607 9 INFO neutron.db.ovn_revision_numbers_db [None req-6db9c4a2-d19a-4318-b0a4-536d09695ea2 30c528c616f34dd7920b8eca97c35701 c2570fb805ba4c6eae55cc8be1de693a - - default default] Successfully bumped revision number for resource 1a85462f-f570-400e-b1a6-88471bab1bef (type: router_ports) to 1
2026-06-26 11:36:50.642 10 INFO neutron.db.ovn_revision_numbers_db [None req-05cd8b1e-e3bf-4bd7-9971-755ba3343367 20186991df0f452382f159cb38fbaa79 87dc78e425d7471f9dee0bd496455122 - - default default] Successfully bumped revision number for resource 790af69f-eced-4c6f-8abe-ba555f9904e8 (type: ports) to 3
2026-06-26 11:36:50.699 10 INFO neutron.wsgi [-] 10.0.0.218 "GET / HTTP/1.1" status: 200 len: 246 time: 0.0019577
2026-06-26 11:36:50.701 10 INFO neutron.wsgi [-] 10.0.0.218 "GET / HTTP/1.1" status: 200 len: 246 time: 0.0015779
2026-06-26 11:36:50.704 9 INFO neutron.db.ovn_revision_numbers_db [None req-6db9c4a2-d19a-4318-b0a4-536d09695ea2 30c528c616f34dd7920b8eca97c35701 c2570fb805ba4c6eae55cc8be1de693a - - default default] Successfully bumped revision number for resource ab822009-118f-47a0-8a04-c93dd08c78d3 (type: routers) to 2
2026-06-26 11:36:50.723 9 INFO neutron.wsgi [None req-6db9c4a2-d19a-4318-b0a4-536d09695ea2 30c528c616f34dd7920b8eca97c35701 c2570fb805ba4c6eae55cc8be1de693a - - default default] 10.0.0.155 "POST /v2.0/routers HTTP/1.1" status: 201 len: 875 time: 1.8170314
2026-06-26 11:36:50.730 10 WARNING neutron.scheduler.dhcp_agent_scheduler [None req-05cd8b1e-e3bf-4bd7-9971-755ba3343367 20186991df0f452382f159cb38fbaa79 87dc78e425d7471f9dee0bd496455122 - - default default] No more DHCP agents
2026-06-26 11:36:50.733 10 WARNING neutron.api.rpc.agentnotifiers.dhcp_rpc_agent_api [None req-05cd8b1e-e3bf-4bd7-9971-755ba3343367 20186991df0f452382f159cb38fbaa79 87dc78e425d7471f9dee0bd496455122 - - default default] Unable to schedule network a142980a-3e81-4f3a-973f-caa97ea94f25: no agents available; will retry on subsequent port and subnet creation events.
2026-06-26 11:36:50.775 9 INFO neutron.wsgi [None req-305f8d92-8843-4fc4-8eb1-a2454f886f2f 8d8b93d0de2e4d33a9527d5ff193614f 0d9cfadafc714e47be3a14b9ff0c38c6 - - default default] 10.0.0.155 "DELETE /v2.0/security-groups/ca61dd32-5534-43cc-b740-86b6af470434 HTTP/1.1" status: 204 len: 168 time: 0.4167104 /var/lib/openstack/lib/python3.10/site-packages/pycadf/identifier.py:71: UserWarning: Invalid uuid: neutron. To ensure interoperability, identifiers should be a valid uuid. warnings.warn(('Invalid uuid: %s. To ensure interoperability, '
2026-06-26 11:36:50.904 10 INFO neutron.wsgi [None req-b939075f-8537-4d4b-ac3e-623652a63c2c 48443c2825f14558b46195d1c3a869d9 123af28937ec48c5809ac7c5ea0db3f2 - - default default] 10.0.0.155 "GET /v2.0/subnets?project_id=c2570fb805ba4c6eae55cc8be1de693a&cidr=10.100.0.0%2F28 HTTP/1.1" status: 200 len: 207 time: 0.1748905
2026-06-26 11:36:50.965 10 INFO neutron.wsgi [None req-b8b5de11-199f-4afc-bbec-de27d2d80dfd bb39cceb61bb453f85327ed00732b2eb b330107a73ee42a8a989f3e4790e7efa - - default default] 10.0.0.142 "GET /v2.0/extensions HTTP/1.1" status: 200 len: 16525 time: 0.0181046
2026-06-26 11:36:51.025 10 INFO neutron.wsgi [None req-022b87a3-cab4-41c1-a204-600f842db523 48443c2825f14558b46195d1c3a869d9 123af28937ec48c5809ac7c5ea0db3f2 - - default default] 10.0.0.155 "GET /v2.0/networks?router%3Aexternal=True HTTP/1.1" status: 200 len: 947 time: 0.1139462
2026-06-26 11:36:51.035 10 INFO neutron.db.ovn_revision_numbers_db [None req-05cd8b1e-e3bf-4bd7-9971-755ba3343367 20186991df0f452382f159cb38fbaa79 87dc78e425d7471f9dee0bd496455122 - - default default] Successfully bumped revision number for resource 790af69f-eced-4c6f-8abe-ba555f9904e8 (type: router_ports) to 3
2026-06-26 11:36:51.037 10 INFO neutron.wsgi [None req-05cd8b1e-e3bf-4bd7-9971-755ba3343367 20186991df0f452382f159cb38fbaa79 87dc78e425d7471f9dee0bd496455122 - - default default] 10.0.0.155 "PUT /v2.0/routers/21569216-c8e5-4e0c-81dc-22f935323d65/add_router_interface HTTP/1.1" status: 200 len: 503 time: 1.9722600
2026-06-26 11:36:51.054 9 INFO neutron.wsgi [None req-83302588-571a-4c75-9ed5-9f98ac76fbc9 48443c2825f14558b46195d1c3a869d9 123af28937ec48c5809ac7c5ea0db3f2 - - default default] 10.0.0.155 "GET /v2.0/subnets?network_id=40172fb8-2309-4fcd-8b81-a10ae0187096&cidr=10.100.0.0%2F28 HTTP/1.1" status: 200 len: 207 time: 0.0242372
2026-06-26 11:36:51.120 10 INFO neutron.wsgi [None req-b1a774b5-84e6-406f-9ba9-d54b98bbbd86 20186991df0f452382f159cb38fbaa79 87dc78e425d7471f9dee0bd496455122 - - default default] 10.0.0.155 "GET /v2.0/ports/790af69f-eced-4c6f-8abe-ba555f9904e8 HTTP/1.1" status: 200 len: 1221 time: 0.0789466
2026-06-26 11:36:51.180 10 INFO neutron.wsgi [None req-fc356775-8f5d-4332-98a2-fd79305d9e82 bb39cceb61bb453f85327ed00732b2eb b330107a73ee42a8a989f3e4790e7efa - - default default] 10.0.0.142 "GET /v2.0/quotas/b330107a73ee42a8a989f3e4790e7efa/details HTTP/1.1" status: 200 len: 756 time: 0.1855702
2026-06-26 11:36:51.274 9 INFO neutron.db.ovn_revision_numbers_db [None req-b55c0045-deb6-457d-9c10-47d5fdd6a059 - - - - - -] Successfully bumped revision number for resource 1a85462f-f570-400e-b1a6-88471bab1bef (type: ports) to 1
2026-06-26 11:36:51.381 9 WARNING neutron.scheduler.dhcp_agent_scheduler [None req-05e1bc96-0bba-4e3f-816a-1ab73251927a 30c528c616f34dd7920b8eca97c35701 c2570fb805ba4c6eae55cc8be1de693a - - default default] No more DHCP agents
2026-06-26 11:36:51.386 9 WARNING neutron.api.rpc.agentnotifiers.dhcp_rpc_agent_api [None req-05e1bc96-0bba-4e3f-816a-1ab73251927a 30c528c616f34dd7920b8eca97c35701 c2570fb805ba4c6eae55cc8be1de693a - - default default] Unable to schedule network 23ca427b-f07b-498c-b531-22939fe8ca1e: no agents available; will retry on subsequent port and subnet creation events.
2026-06-26 11:36:51.582 9 INFO neutron.db.ovn_revision_numbers_db [None req-b55c0045-deb6-457d-9c10-47d5fdd6a059 - - - - - -] Successfully bumped revision number for resource 1a85462f-f570-400e-b1a6-88471bab1bef (type: router_ports) to 3
2026-06-26 11:36:51.728 10 INFO neutron.wsgi [None req-7bc9835b-d397-433d-aa88-e057c6d54f35 20186991df0f452382f159cb38fbaa79 87dc78e425d7471f9dee0bd496455122 - - default default] 10.0.0.155 "PUT /v2.0/routers/21569216-c8e5-4e0c-81dc-22f935323d65/remove_router_interface HTTP/1.1" status: 200 len: 503 time: 0.6010962 /var/lib/openstack/lib/python3.10/site-packages/pycadf/identifier.py:71: UserWarning: Invalid uuid: neutron. To ensure interoperability, identifiers should be a valid uuid. warnings.warn(('Invalid uuid: %s. To ensure interoperability, '
2026-06-26 11:36:51.783 9 INFO neutron.db.ovn_revision_numbers_db [None req-b55c0045-deb6-457d-9c10-47d5fdd6a059 - - - - - -] Successfully bumped revision number for resource 1a85462f-f570-400e-b1a6-88471bab1bef (type: ports) to 2
2026-06-26 11:36:51.810 10 INFO neutron.api.v2.resource [None req-80dd19f6-dd78-4755-b007-f296da41268f 20186991df0f452382f159cb38fbaa79 87dc78e425d7471f9dee0bd496455122 - - default default] remove_router_interface failed (client error): The resource could not be found.
2026-06-26 11:36:51.811 10 INFO neutron.wsgi [None req-80dd19f6-dd78-4755-b007-f296da41268f 20186991df0f452382f159cb38fbaa79 87dc78e425d7471f9dee0bd496455122 - - default default] 10.0.0.155 "PUT /v2.0/routers/21569216-c8e5-4e0c-81dc-22f935323d65/remove_router_interface HTTP/1.1" status: 404 len: 398 time: 0.0779448
2026-06-26 11:36:51.837 10 INFO neutron.wsgi [None req-26efce1e-e549-46a8-92b3-4cd2ee5f3344 20186991df0f452382f159cb38fbaa79 87dc78e425d7471f9dee0bd496455122 - - default default] 10.0.0.155 "GET /v2.0/ports?device_id=21569216-c8e5-4e0c-81dc-22f935323d65 HTTP/1.1" status: 200 len: 205 time: 0.0216928
2026-06-26 11:36:52.110 9 INFO neutron.db.ovn_revision_numbers_db [None req-05e1bc96-0bba-4e3f-816a-1ab73251927a 30c528c616f34dd7920b8eca97c35701 c2570fb805ba4c6eae55cc8be1de693a - - default default] Successfully bumped revision number for resource be796c25-d212-49e5-9412-55fbc8fd0dcc (type: ports) to 2
2026-06-26 11:36:52.124 9 INFO neutron.wsgi [None req-45bba3a4-c597-4cbe-b75e-b38338847cd5 20186991df0f452382f159cb38fbaa79 87dc78e425d7471f9dee0bd496455122 - - default default] 10.0.0.155 "DELETE /v2.0/routers/21569216-c8e5-4e0c-81dc-22f935323d65 HTTP/1.1" status: 204 len: 168 time: 0.2760785
2026-06-26 11:36:52.174 9 INFO neutron.db.ovn_revision_numbers_db [None req-05e1bc96-0bba-4e3f-816a-1ab73251927a 30c528c616f34dd7920b8eca97c35701 c2570fb805ba4c6eae55cc8be1de693a - - default default] Successfully bumped revision number for resource 2b4e3876-ff5a-4615-bce1-3c453c7ae068 (type: subnets) to 0
2026-06-26 11:36:52.198 9 INFO neutron.wsgi [None req-05e1bc96-0bba-4e3f-816a-1ab73251927a 30c528c616f34dd7920b8eca97c35701 c2570fb805ba4c6eae55cc8be1de693a - - default default] 10.0.0.155 "POST /v2.0/subnets HTTP/1.1" status: 201 len: 831 time: 1.1386876
2026-06-26 11:36:52.256 9 INFO neutron.db.ovn_revision_numbers_db [None req-b55c0045-deb6-457d-9c10-47d5fdd6a059 - - - - - -] Successfully bumped revision number for resource 1a85462f-f570-400e-b1a6-88471bab1bef (type: ports) to 4
2026-06-26 11:36:52.337 10 INFO neutron.wsgi [None req-2af8cbae-9f66-4f4a-86d6-ad29eedab833 20186991df0f452382f159cb38fbaa79 87dc78e425d7471f9dee0bd496455122 - - default default] 10.0.0.155 "DELETE /v2.0/subnets/bcfe9b74-8040-495a-a113-33f7c7d68b8e HTTP/1.1" status: 204 len: 168 time: 0.2039132
2026-06-26 11:36:52.650 10 INFO neutron.services.segments.plugin [-] Segment 5de7cf66-9c8d-4168-952a-b80b8890375f resource provider aggregate not found
2026-06-26 11:36:52.655 10 INFO neutron.services.segments.plugin [-] Segment 5de7cf66-9c8d-4168-952a-b80b8890375f resource provider aggregate not found
2026-06-26 11:36:52.673 10 INFO neutron.services.segments.plugin [-] Segment 5de7cf66-9c8d-4168-952a-b80b8890375f resource provider not found; error: Placement Client Error (4xx): {"errors": [{"status": 404, "title": "Not Found", "detail": "The resource could not be found.\n\n No resource provider with uuid 5de7cf66-9c8d-4168-952a-b80b8890375f found for delete ", "request_id": "req-3489aa85-3139-4657-a31d-174967c2f791"}]}
2026-06-26 11:36:52.673 10 INFO neutron.services.segments.plugin [-] Segment 5de7cf66-9c8d-4168-952a-b80b8890375f resource provider not found; error: Placement Client Error (4xx): {"errors": [{"status": 404, "title": "Not Found", "detail": "The resource could not be found.\n\n No resource provider with uuid 5de7cf66-9c8d-4168-952a-b80b8890375f found for delete ", "request_id": "req-103d95aa-a27b-4f81-a93a-1637d5ace7ca"}]}
2026-06-26 11:36:52.695 10 INFO neutron.wsgi [None req-b22fad74-1b7d-4ff7-9de7-491bb90cfc34 20186991df0f452382f159cb38fbaa79 87dc78e425d7471f9dee0bd496455122 - - default default] 10.0.0.155 "DELETE /v2.0/networks/a142980a-3e81-4f3a-973f-caa97ea94f25 HTTP/1.1" status: 204 len: 168 time: 0.3526154
2026-06-26 11:36:52.744 9 INFO neutron.db.ovn_revision_numbers_db [None req-b55c0045-deb6-457d-9c10-47d5fdd6a059 - - - - - -] Successfully bumped revision number for resource 1a85462f-f570-400e-b1a6-88471bab1bef (type: router_ports) to 4
2026-06-26 11:36:52.785 10 INFO neutron.db.segments_db [None req-ffd5f221-8316-428f-91a3-b91f3b41a95b 20186991df0f452382f159cb38fbaa79 87dc78e425d7471f9dee0bd496455122 - - default default] Added segment 5a65ed4b-e982-4527-8f9b-2f07c86ee8a7 of type geneve for network 73258c1b-8678-45c4-9263-f677d0313bd4
2026-06-26 11:36:52.917 10 INFO neutron.db.ovn_revision_numbers_db [None req-ffd5f221-8316-428f-91a3-b91f3b41a95b 20186991df0f452382f159cb38fbaa79 87dc78e425d7471f9dee0bd496455122 - - default default] Successfully bumped revision number for resource 73258c1b-8678-45c4-9263-f677d0313bd4 (type: networks) to 1
2026-06-26 11:36:53.012 9 WARNING neutron.scheduler.dhcp_agent_scheduler [None req-f905f436-9b36-450c-8051-6579b5eec402 30c528c616f34dd7920b8eca97c35701 c2570fb805ba4c6eae55cc8be1de693a - - default default] No more DHCP agents
2026-06-26 11:36:53.015 9 WARNING neutron.api.rpc.agentnotifiers.dhcp_rpc_agent_api [None req-f905f436-9b36-450c-8051-6579b5eec402 30c528c616f34dd7920b8eca97c35701 c2570fb805ba4c6eae55cc8be1de693a - - default default] Unable to schedule network 23ca427b-f07b-498c-b531-22939fe8ca1e: no agents available; will retry on subsequent port and subnet creation events.
2026-06-26 11:36:53.084 10 WARNING neutron.scheduler.dhcp_agent_scheduler [None req-ffd5f221-8316-428f-91a3-b91f3b41a95b 20186991df0f452382f159cb38fbaa79 87dc78e425d7471f9dee0bd496455122 - - default default] No more DHCP agents
2026-06-26 11:36:53.087 10 WARNING neutron.api.rpc.agentnotifiers.dhcp_rpc_agent_api [None req-ffd5f221-8316-428f-91a3-b91f3b41a95b 20186991df0f452382f159cb38fbaa79 87dc78e425d7471f9dee0bd496455122 - - default default] Unable to schedule network 73258c1b-8678-45c4-9263-f677d0313bd4: no agents available; will retry on subsequent port and subnet creation events.
2026-06-26 11:36:53.194 9 INFO neutron.db.ovn_revision_numbers_db [None req-f905f436-9b36-450c-8051-6579b5eec402 30c528c616f34dd7920b8eca97c35701 c2570fb805ba4c6eae55cc8be1de693a - - default default] Successfully bumped revision number for resource c5efed07-797d-4c37-9bc4-69c99295b84d (type: ports) to 1
2026-06-26 11:36:53.203 10 INFO neutron.db.ovn_revision_numbers_db [None req-ffd5f221-8316-428f-91a3-b91f3b41a95b 20186991df0f452382f159cb38fbaa79 87dc78e425d7471f9dee0bd496455122 - - default default] Successfully bumped revision number for resource bc102ddc-e780-44bb-a71c-73ce333c7865 (type: ports) to 1
2026-06-26 11:36:53.234 10 INFO neutron.wsgi [None req-ffd5f221-8316-428f-91a3-b91f3b41a95b 20186991df0f452382f159cb38fbaa79 87dc78e425d7471f9dee0bd496455122 - - default default] 10.0.0.155 "POST /v2.0/networks HTTP/1.1" status: 201 len: 832 time: 0.5308621
2026-06-26 11:36:53.581 9 WARNING neutron.scheduler.dhcp_agent_scheduler [None req-0b3c7975-361d-4745-a29e-4de4668ee498 20186991df0f452382f159cb38fbaa79 87dc78e425d7471f9dee0bd496455122 - - default default] No more DHCP agents
2026-06-26 11:36:53.586 9 WARNING neutron.api.rpc.agentnotifiers.dhcp_rpc_agent_api [None req-0b3c7975-361d-4745-a29e-4de4668ee498 20186991df0f452382f159cb38fbaa79 87dc78e425d7471f9dee0bd496455122 - - default default] Unable to schedule network 73258c1b-8678-45c4-9263-f677d0313bd4: no agents available; will retry on subsequent port and subnet creation events.
2026-06-26 11:36:53.627 9 INFO neutron.db.ovn_revision_numbers_db [None req-0b3c7975-361d-4745-a29e-4de4668ee498 20186991df0f452382f159cb38fbaa79 87dc78e425d7471f9dee0bd496455122 - - default default] Successfully bumped revision number for resource 9a96d624-654a-4b83-abf0-da96f540dd0c (type: subnets) to 0
2026-06-26 11:36:53.648 9 INFO neutron.wsgi [None req-0b3c7975-361d-4745-a29e-4de4668ee498 20186991df0f452382f159cb38fbaa79 87dc78e425d7471f9dee0bd496455122 - - default default] 10.0.0.155 "POST /v2.0/subnets HTTP/1.1" status: 201 len: 821 time: 0.4079695
2026-06-26 11:36:53.839 9 INFO neutron.db.ovn_revision_numbers_db [None req-bc0b9512-d99c-4fc3-9a20-a6e908d02083 20186991df0f452382f159cb38fbaa79 87dc78e425d7471f9dee0bd496455122 - - default default] Successfully bumped revision number for resource 84984d22-6f16-4732-b501-817335222f7a (type: routers) to 1
2026-06-26 11:36:53.866 9 INFO neutron.wsgi [None req-bc0b9512-d99c-4fc3-9a20-a6e908d02083 20186991df0f452382f159cb38fbaa79 87dc78e425d7471f9dee0bd496455122 - - default default] 10.0.0.155 "POST /v2.0/routers HTTP/1.1" status: 201 len: 691 time: 0.2128067
2026-06-26 11:36:53.873 9 INFO neutron.db.ovn_revision_numbers_db [None req-f905f436-9b36-450c-8051-6579b5eec402 30c528c616f34dd7920b8eca97c35701 c2570fb805ba4c6eae55cc8be1de693a - - default default] Successfully bumped revision number for resource c5efed07-797d-4c37-9bc4-69c99295b84d (type: router_ports) to 1
2026-06-26 11:36:54.032 9 INFO neutron.db.ovn_revision_numbers_db [None req-f905f436-9b36-450c-8051-6579b5eec402 30c528c616f34dd7920b8eca97c35701 c2570fb805ba4c6eae55cc8be1de693a - - default default] Successfully bumped revision number for resource c5efed07-797d-4c37-9bc4-69c99295b84d (type: ports) to 1
2026-06-26 11:36:54.095 9 WARNING neutron.scheduler.dhcp_agent_scheduler [None req-f905f436-9b36-450c-8051-6579b5eec402 30c528c616f34dd7920b8eca97c35701 c2570fb805ba4c6eae55cc8be1de693a - - default default] No more DHCP agents
2026-06-26 11:36:54.097 9 WARNING neutron.api.rpc.agentnotifiers.dhcp_rpc_agent_api [None req-f905f436-9b36-450c-8051-6579b5eec402 30c528c616f34dd7920b8eca97c35701 c2570fb805ba4c6eae55cc8be1de693a - - default default] Unable to schedule network 23ca427b-f07b-498c-b531-22939fe8ca1e: no agents available; will retry on subsequent port and subnet creation events.
2026-06-26 11:36:54.353 10 WARNING neutron.scheduler.dhcp_agent_scheduler [None req-cc23bebc-4b8b-43c9-acd2-a9c569245e52 20186991df0f452382f159cb38fbaa79 87dc78e425d7471f9dee0bd496455122 - - default default] No more DHCP agents
2026-06-26 11:36:54.355 10 WARNING neutron.api.rpc.agentnotifiers.dhcp_rpc_agent_api [None req-cc23bebc-4b8b-43c9-acd2-a9c569245e52 20186991df0f452382f159cb38fbaa79 87dc78e425d7471f9dee0bd496455122 - - default default] Unable to schedule network 73258c1b-8678-45c4-9263-f677d0313bd4: no agents available; will retry on subsequent port and subnet creation events.
2026-06-26 11:36:54.394 9 INFO neutron.db.ovn_revision_numbers_db [None req-0da316bb-4261-4763-80fe-925d826378ad 8d8b93d0de2e4d33a9527d5ff193614f 0d9cfadafc714e47be3a14b9ff0c38c6 - - default default] Successfully bumped revision number for resource 0dcdcbf8-1895-43c8-b6ed-b16eada78a5b (type: security_groups) to 1
2026-06-26 11:36:54.409 9 INFO neutron.db.ovn_revision_numbers_db [None req-0da316bb-4261-4763-80fe-925d826378ad 8d8b93d0de2e4d33a9527d5ff193614f 0d9cfadafc714e47be3a14b9ff0c38c6 - - default default] Successfully bumped revision number for resource 779672c7-e324-43f7-aad7-74cdc33e888e (type: security_group_rules) to 0
2026-06-26 11:36:54.440 9 INFO neutron.db.ovn_revision_numbers_db [None req-0da316bb-4261-4763-80fe-925d826378ad 8d8b93d0de2e4d33a9527d5ff193614f 0d9cfadafc714e47be3a14b9ff0c38c6 - - default default] Successfully bumped revision number for resource 8036ffb6-52ff-4b99-a581-9515aad3c97c (type: security_group_rules) to 0
2026-06-26 11:36:54.464 9 INFO neutron.db.ovn_revision_numbers_db [None req-0da316bb-4261-4763-80fe-925d826378ad 8d8b93d0de2e4d33a9527d5ff193614f 0d9cfadafc714e47be3a14b9ff0c38c6 - - default default] Successfully bumped revision number for resource a878049f-fae8-478c-afde-72f5e7b690fc (type: security_group_rules) to 0
2026-06-26 11:36:54.464 10 INFO neutron.db.ovn_revision_numbers_db [None req-154e6108-53e1-48b3-9e71-b1ba76a0e689 8d8b93d0de2e4d33a9527d5ff193614f 0d9cfadafc714e47be3a14b9ff0c38c6 - - default default] Successfully bumped revision number for resource f35bb9f5-4053-4f9b-b4bb-dcd9ff69e351 (type: security_groups) to 1
2026-06-26 11:36:54.483 10 INFO neutron.db.ovn_revision_numbers_db [None req-154e6108-53e1-48b3-9e71-b1ba76a0e689 8d8b93d0de2e4d33a9527d5ff193614f 0d9cfadafc714e47be3a14b9ff0c38c6 - - default default] Successfully bumped revision number for resource 1d68cd45-8b0c-46c0-af9d-2c3b242ee36d (type: security_group_rules) to 0
2026-06-26 11:36:54.486 9 INFO neutron.db.ovn_revision_numbers_db [None req-0da316bb-4261-4763-80fe-925d826378ad 8d8b93d0de2e4d33a9527d5ff193614f 0d9cfadafc714e47be3a14b9ff0c38c6 - - default default] Successfully bumped revision number for resource fbe97980-eea3-4a0f-8af1-e55bc7fc0d33 (type: security_group_rules) to 0
2026-06-26 11:36:54.492 10 INFO neutron.db.ovn_revision_numbers_db [None req-cc23bebc-4b8b-43c9-acd2-a9c569245e52 20186991df0f452382f159cb38fbaa79 87dc78e425d7471f9dee0bd496455122 - - default default] Successfully bumped revision number for resource 91e698e2-0bd5-4806-95ce-ef9df525c699 (type: ports) to 1
2026-06-26 11:36:54.500 10 INFO neutron.db.ovn_revision_numbers_db [None req-154e6108-53e1-48b3-9e71-b1ba76a0e689 8d8b93d0de2e4d33a9527d5ff193614f 0d9cfadafc714e47be3a14b9ff0c38c6 - - default default] Successfully bumped revision number for resource 2d1c259f-d0c3-4f52-88b0-dafe74e88953 (type: security_group_rules) to 0
2026-06-26 11:36:54.500 9 INFO neutron.db.ovn_revision_numbers_db [None req-f905f436-9b36-450c-8051-6579b5eec402 30c528c616f34dd7920b8eca97c35701 c2570fb805ba4c6eae55cc8be1de693a - - default default] Successfully bumped revision number for resource c5efed07-797d-4c37-9bc4-69c99295b84d (type: router_ports) to 1
2026-06-26 11:36:54.503 9 INFO neutron.wsgi [None req-f905f436-9b36-450c-8051-6579b5eec402 30c528c616f34dd7920b8eca97c35701 c2570fb805ba4c6eae55cc8be1de693a - - default default] 10.0.0.155 "PUT /v2.0/routers/ab822009-118f-47a0-8a04-c93dd08c78d3/add_router_interface HTTP/1.1" status: 200 len: 503 time: 2.3011584
2026-06-26 11:36:54.534 9 INFO neutron.wsgi [None req-0da316bb-4261-4763-80fe-925d826378ad 8d8b93d0de2e4d33a9527d5ff193614f 0d9cfadafc714e47be3a14b9ff0c38c6 - - default default] 10.0.0.155 "GET /v2.0/security-groups?tenant_id=b330107a73ee42a8a989f3e4790e7efa&name=default HTTP/1.1" status: 200 len: 2996 time: 0.4223216
2026-06-26 11:36:54.548 10 INFO neutron.db.ovn_revision_numbers_db [None req-154e6108-53e1-48b3-9e71-b1ba76a0e689 8d8b93d0de2e4d33a9527d5ff193614f 0d9cfadafc714e47be3a14b9ff0c38c6 - - default default] Successfully bumped revision number for resource 59fbe3ad-c428-4ff9-ae49-8fb55bc53dae (type: security_group_rules) to 0
2026-06-26 11:36:54.568 10 INFO neutron.db.ovn_revision_numbers_db [None req-154e6108-53e1-48b3-9e71-b1ba76a0e689 8d8b93d0de2e4d33a9527d5ff193614f 0d9cfadafc714e47be3a14b9ff0c38c6 - - default default] Successfully bumped revision number for resource b302ea40-4f61-4a06-a8e5-2ad71e3b49af (type: security_group_rules) to 0
2026-06-26 11:36:54.592 9 INFO neutron.wsgi [None req-b8c88e0c-9f9d-4ba8-9087-7a08ed7a8203 48443c2825f14558b46195d1c3a869d9 123af28937ec48c5809ac7c5ea0db3f2 - - default default] 10.0.0.155 "GET /v2.0/networks HTTP/1.1" status: 200 len: 3859 time: 0.0824103
2026-06-26 11:36:54.600 10 INFO neutron.wsgi [None req-154e6108-53e1-48b3-9e71-b1ba76a0e689 8d8b93d0de2e4d33a9527d5ff193614f 0d9cfadafc714e47be3a14b9ff0c38c6 - - default default] 10.0.0.155 "GET /v2.0/security-groups?tenant_id=b99e7023fbf14e43844470cb7ecdbf7e&name=default HTTP/1.1" status: 200 len: 2996 time: 0.4405477
2026-06-26 11:36:54.640 9 INFO neutron.wsgi [None req-cbddbeb3-3042-4581-bc29-e69c5f5797a4 48443c2825f14558b46195d1c3a869d9 123af28937ec48c5809ac7c5ea0db3f2 - - default default] 10.0.0.155 "GET /v2.0/subnets HTTP/1.1" status: 200 len: 2726 time: 0.0426438
2026-06-26 11:36:54.764 9 INFO neutron.wsgi [None req-06b45dab-0aca-40ac-a640-e647c7617432 48443c2825f14558b46195d1c3a869d9 123af28937ec48c5809ac7c5ea0db3f2 - - default default] 10.0.0.155 "GET /v2.0/routers HTTP/1.1" status: 200 len: 1368 time: 0.1185021
2026-06-26 11:36:54.879 9 INFO neutron.wsgi [None req-f169cef2-fcae-40ba-9175-b9275bf0a7a8 8d8b93d0de2e4d33a9527d5ff193614f 0d9cfadafc714e47be3a14b9ff0c38c6 - - default default] 10.0.0.155 "DELETE /v2.0/security-groups/0dcdcbf8-1895-43c8-b6ed-b16eada78a5b HTTP/1.1" status: 204 len: 168 time: 0.3384740
2026-06-26 11:36:54.950 9 INFO neutron.db.ovn_revision_numbers_db [None req-beb40168-7029-4720-98cf-3d6d8148dfc5 30c528c616f34dd7920b8eca97c35701 c2570fb805ba4c6eae55cc8be1de693a - - default default] Successfully bumped revision number for resource 5d818c7d-4838-47ef-a192-d52b7b6515c3 (type: security_groups) to 1
2026-06-26 11:36:54.957 9 INFO neutron.wsgi [None req-422402da-a5b9-439b-859e-759900238383 8d8b93d0de2e4d33a9527d5ff193614f 0d9cfadafc714e47be3a14b9ff0c38c6 - - default default] 10.0.0.155 "DELETE /v2.0/security-groups/f35bb9f5-4053-4f9b-b4bb-dcd9ff69e351 HTTP/1.1" status: 204 len: 168 time: 0.3512142
2026-06-26 11:36:54.967 9 INFO neutron.db.ovn_revision_numbers_db [None req-beb40168-7029-4720-98cf-3d6d8148dfc5 30c528c616f34dd7920b8eca97c35701 c2570fb805ba4c6eae55cc8be1de693a - - default default] Successfully bumped revision number for resource 6d2a21cb-6d3d-4b9e-a175-726183a953e2 (type: security_group_rules) to 0
2026-06-26 11:36:54.982 9 INFO neutron.db.ovn_revision_numbers_db [None req-beb40168-7029-4720-98cf-3d6d8148dfc5 30c528c616f34dd7920b8eca97c35701 c2570fb805ba4c6eae55cc8be1de693a - - default default] Successfully bumped revision number for resource 6eea52e0-2d29-4a86-bc16-a05d4acaeea2 (type: security_group_rules) to 0
2026-06-26 11:36:55.003 9 INFO neutron.wsgi [None req-beb40168-7029-4720-98cf-3d6d8148dfc5 30c528c616f34dd7920b8eca97c35701 c2570fb805ba4c6eae55cc8be1de693a - - default default] 10.0.0.155 "POST /v2.0/security-groups HTTP/1.1" status: 201 len: 1811 time: 0.1799948
2026-06-26 11:36:55.085 9 INFO neutron.plugins.ml2.drivers.ovn.mech_driver.mech_driver [None req-6e290fc2-6da2-4c20-ab1d-6409e8e4f2d4 - - - - - -] OVN reports status up for port: 91e698e2-0bd5-4806-95ce-ef9df525c699
2026-06-26 11:36:55.093 9 INFO neutron.plugins.ml2.plugin [None req-6e290fc2-6da2-4c20-ab1d-6409e8e4f2d4 - - - - - -] Attempt 1 to provision port 91e698e2-0bd5-4806-95ce-ef9df525c699
2026-06-26 11:36:55.114 10 INFO neutron.db.ovn_revision_numbers_db [None req-cc23bebc-4b8b-43c9-acd2-a9c569245e52 20186991df0f452382f159cb38fbaa79 87dc78e425d7471f9dee0bd496455122 - - default default] Successfully bumped revision number for resource 91e698e2-0bd5-4806-95ce-ef9df525c699 (type: router_ports) to 1
2026-06-26 11:36:55.138 9 INFO neutron.db.ovn_revision_numbers_db [None req-ed9471ac-409b-40d2-92fc-2af68e3f926d 30c528c616f34dd7920b8eca97c35701 c2570fb805ba4c6eae55cc8be1de693a - - default default] Successfully bumped revision number for resource 04d1672c-7896-40e2-88ad-6c60fcece0c7 (type: security_group_rules) to 0
2026-06-26 11:36:55.168 9 INFO neutron.wsgi [None req-ed9471ac-409b-40d2-92fc-2af68e3f926d 30c528c616f34dd7920b8eca97c35701 c2570fb805ba4c6eae55cc8be1de693a - - default default] 10.0.0.155 "POST /v2.0/security-group-rules HTTP/1.1" status: 201 len: 764 time: 0.1607003
2026-06-26 11:36:55.251 10 INFO neutron.db.ovn_revision_numbers_db [None req-cc23bebc-4b8b-43c9-acd2-a9c569245e52 20186991df0f452382f159cb38fbaa79 87dc78e425d7471f9dee0bd496455122 - - default default] Successfully bumped revision number for resource 91e698e2-0bd5-4806-95ce-ef9df525c699 (type: ports) to 1
2026-06-26 11:36:55.338 10 INFO neutron.db.ovn_revision_numbers_db [None req-1c560743-0460-4e45-8f1a-99b4d5d23576 30c528c616f34dd7920b8eca97c35701 c2570fb805ba4c6eae55cc8be1de693a - - default default] Successfully bumped revision number for resource d72b453c-7774-4798-a0b7-84d04040aae3 (type: security_group_rules) to 0
2026-06-26 11:36:55.351 10 WARNING neutron.scheduler.dhcp_agent_scheduler [None req-cc23bebc-4b8b-43c9-acd2-a9c569245e52 20186991df0f452382f159cb38fbaa79 87dc78e425d7471f9dee0bd496455122 - - default default] No more DHCP agents
2026-06-26 11:36:55.354 10 WARNING neutron.api.rpc.agentnotifiers.dhcp_rpc_agent_api [None req-cc23bebc-4b8b-43c9-acd2-a9c569245e52 20186991df0f452382f159cb38fbaa79 87dc78e425d7471f9dee0bd496455122 - - default default] Unable to schedule network 73258c1b-8678-45c4-9263-f677d0313bd4: no agents available; will retry on subsequent port and subnet creation events.
2026-06-26 11:36:55.367 9 INFO neutron.db.ovn_revision_numbers_db [None req-6e290fc2-6da2-4c20-ab1d-6409e8e4f2d4 - - - - - -] Successfully bumped revision number for resource 91e698e2-0bd5-4806-95ce-ef9df525c699 (type: ports) to 2
2026-06-26 11:36:55.380 10 INFO neutron.wsgi [None req-1c560743-0460-4e45-8f1a-99b4d5d23576 30c528c616f34dd7920b8eca97c35701 c2570fb805ba4c6eae55cc8be1de693a - - default default] 10.0.0.155 "POST /v2.0/security-group-rules HTTP/1.1" status: 201 len: 763 time: 0.2063072
2026-06-26 11:36:55.506 9 INFO neutron.db.ovn_revision_numbers_db [None req-6e290fc2-6da2-4c20-ab1d-6409e8e4f2d4 - - - - - -] Successfully bumped revision number for resource 91e698e2-0bd5-4806-95ce-ef9df525c699 (type: router_ports) to 2
2026-06-26 11:36:55.540 9 INFO neutron.db.ovn_revision_numbers_db [None req-564d9a32-03d3-4aea-9aed-e4b10dce31ee 30c528c616f34dd7920b8eca97c35701 c2570fb805ba4c6eae55cc8be1de693a - - default default] Successfully bumped revision number for resource ccb45232-67c8-4c89-a408-9ccbd0dbe175 (type: security_group_rules) to 0
2026-06-26 11:36:55.566 9 INFO neutron.wsgi [None req-564d9a32-03d3-4aea-9aed-e4b10dce31ee 30c528c616f34dd7920b8eca97c35701 c2570fb805ba4c6eae55cc8be1de693a - - default default] 10.0.0.155 "POST /v2.0/security-group-rules HTTP/1.1" status: 201 len: 769 time: 0.1733057
2026-06-26 11:36:55.576 10 INFO neutron.db.ovn_revision_numbers_db [None req-cc23bebc-4b8b-43c9-acd2-a9c569245e52 20186991df0f452382f159cb38fbaa79 87dc78e425d7471f9dee0bd496455122 - - default default] Successfully bumped revision number for resource 91e698e2-0bd5-4806-95ce-ef9df525c699 (type: router_ports) to 2
2026-06-26 11:36:55.578 10 INFO neutron.wsgi [None req-cc23bebc-4b8b-43c9-acd2-a9c569245e52 20186991df0f452382f159cb38fbaa79 87dc78e425d7471f9dee0bd496455122 - - default default] 10.0.0.155 "PUT /v2.0/routers/84984d22-6f16-4732-b501-817335222f7a/add_router_interface HTTP/1.1" status: 200 len: 503 time: 1.7073877
2026-06-26 11:36:55.615 9 INFO neutron.wsgi [None req-d79e2a99-f545-495e-8345-0d6b644ff6dc 20186991df0f452382f159cb38fbaa79 87dc78e425d7471f9dee0bd496455122 - - default default] 10.0.0.155 "GET /v2.0/ports/91e698e2-0bd5-4806-95ce-ef9df525c699 HTTP/1.1" status: 200 len: 1141 time: 0.0313342
2026-06-26 11:36:55.697 10 INFO neutron.wsgi [None req-dd9f1668-b0c2-424e-b8ac-34924e6dc7f8 20186991df0f452382f159cb38fbaa79 87dc78e425d7471f9dee0bd496455122 - - default default] 10.0.0.155 "GET /v2.0/ports/91e698e2-0bd5-4806-95ce-ef9df525c699 HTTP/1.1" status: 200 len: 1141 time: 0.0761149
2026-06-26 11:36:55.939 9 INFO neutron.db.ovn_revision_numbers_db [None req-b4181d8a-8b31-4544-b458-a9d7ca606519 30c528c616f34dd7920b8eca97c35701 c2570fb805ba4c6eae55cc8be1de693a - - default default] Successfully bumped revision number for resource 83b6f5ca-adf7-41bd-bfda-69d08372b378 (type: security_group_rules) to 0
2026-06-26 11:36:55.964 9 INFO neutron.wsgi [None req-b4181d8a-8b31-4544-b458-a9d7ca606519 30c528c616f34dd7920b8eca97c35701 c2570fb805ba4c6eae55cc8be1de693a - - default default] 10.0.0.155 "POST /v2.0/security-group-rules HTTP/1.1" status: 201 len: 768 time: 0.3921912
2026-06-26 11:36:55.986 10 WARNING neutron.plugins.ml2.drivers.ovn.mech_driver.ovsdb.ovn_client [None req-68fcd872-8e44-4bab-a851-ba7882843030 - - - - - -] No port found with ID 790af69f-eced-4c6f-8abe-ba555f9904e8: RuntimeError: No port found with ID 790af69f-eced-4c6f-8abe-ba555f9904e8
2026-06-26 11:36:55.987 10 INFO neutron.plugins.ml2.drivers.ovn.mech_driver.mech_driver [None req-68fcd872-8e44-4bab-a851-ba7882843030 - - - - - -] OVN reports status up for port: 1a85462f-f570-400e-b1a6-88471bab1bef
2026-06-26 11:36:55.994 9 INFO neutron.db.securitygroups_db [None req-816894c4-2923-458f-91df-0f6720dedf4c 30c528c616f34dd7920b8eca97c35701 c2570fb805ba4c6eae55cc8be1de693a - - default default] Project c2570fb805ba4c6eae55cc8be1de693a added a security group rule with legacy IPv6 ICMP protocol name icmp, ipv6-icmp should be used instead. It was automatically converted.
2026-06-26 11:36:56.004 10 INFO neutron.plugins.ml2.plugin [None req-68fcd872-8e44-4bab-a851-ba7882843030 - - - - - -] Attempt 1 to provision port 1a85462f-f570-400e-b1a6-88471bab1bef
2026-06-26 11:36:56.084 9 INFO neutron.db.ovn_revision_numbers_db [None req-816894c4-2923-458f-91df-0f6720dedf4c 30c528c616f34dd7920b8eca97c35701 c2570fb805ba4c6eae55cc8be1de693a - - default default] Successfully bumped revision number for resource 178ca768-2b97-4f05-9d01-1c639167e08c (type: security_group_rules) to 0
2026-06-26 11:36:56.110 9 INFO neutron.wsgi [None req-816894c4-2923-458f-91df-0f6720dedf4c 30c528c616f34dd7920b8eca97c35701 c2570fb805ba4c6eae55cc8be1de693a - - default default] 10.0.0.155 "POST /v2.0/security-group-rules HTTP/1.1" status: 201 len: 774 time: 0.1402488
2026-06-26 11:36:56.130 10 INFO neutron.plugins.ml2.drivers.ovn.mech_driver.mech_driver [None req-68fcd872-8e44-4bab-a851-ba7882843030 - - - - - -] OVN reports status up for port: c5efed07-797d-4c37-9bc4-69c99295b84d
2026-06-26 11:36:56.136 9 INFO neutron.db.securitygroups_db [None req-81c395c6-49e5-4954-9f09-40c27cc77808 30c528c616f34dd7920b8eca97c35701 c2570fb805ba4c6eae55cc8be1de693a - - default default] Project c2570fb805ba4c6eae55cc8be1de693a added a security group rule with legacy IPv6 ICMP protocol name icmp, ipv6-icmp should be used instead. It was automatically converted.
2026-06-26 11:36:56.142 10 INFO neutron.plugins.ml2.plugin [None req-68fcd872-8e44-4bab-a851-ba7882843030 - - - - - -] Attempt 1 to provision port c5efed07-797d-4c37-9bc4-69c99295b84d
2026-06-26 11:36:56.239 9 INFO neutron.db.ovn_revision_numbers_db [None req-81c395c6-49e5-4954-9f09-40c27cc77808 30c528c616f34dd7920b8eca97c35701 c2570fb805ba4c6eae55cc8be1de693a - - default default] Successfully bumped revision number for resource 20fb4c79-97a9-4d5e-a052-de133a6872f9 (type: security_group_rules) to 0
2026-06-26 11:36:56.261 9 INFO neutron.wsgi [None req-81c395c6-49e5-4954-9f09-40c27cc77808 30c528c616f34dd7920b8eca97c35701 c2570fb805ba4c6eae55cc8be1de693a - - default default] 10.0.0.155 "POST /v2.0/security-group-rules HTTP/1.1" status: 201 len: 773 time: 0.1463811
2026-06-26 11:36:56.386 10 INFO neutron.wsgi [None req-cc67f48d-9109-42cf-8177-6de5b0354354 20186991df0f452382f159cb38fbaa79 87dc78e425d7471f9dee0bd496455122 - - default default] 10.0.0.155 "PUT /v2.0/routers/84984d22-6f16-4732-b501-817335222f7a/remove_router_interface HTTP/1.1" status: 200 len: 503 time: 0.6849449 /var/lib/openstack/lib/python3.10/site-packages/pycadf/identifier.py:71: UserWarning: Invalid uuid: neutron. To ensure interoperability, identifiers should be a valid uuid. warnings.warn(('Invalid uuid: %s. To ensure interoperability, '
2026-06-26 11:36:56.418 10 INFO neutron.wsgi [None req-64616226-2d04-427d-8444-5d512450b76f 20186991df0f452382f159cb38fbaa79 87dc78e425d7471f9dee0bd496455122 - - default default] 10.0.0.155 "GET /v2.0/ports?device_id=84984d22-6f16-4732-b501-817335222f7a HTTP/1.1" status: 200 len: 205 time: 0.0238883
2026-06-26 11:36:56.524 10 INFO neutron.db.ovn_revision_numbers_db [None req-68fcd872-8e44-4bab-a851-ba7882843030 - - - - - -] Successfully bumped revision number for resource c5efed07-797d-4c37-9bc4-69c99295b84d (type: ports) to 2
2026-06-26 11:36:56.655 10 INFO neutron.db.ovn_revision_numbers_db [None req-68fcd872-8e44-4bab-a851-ba7882843030 - - - - - -] Successfully bumped revision number for resource c5efed07-797d-4c37-9bc4-69c99295b84d (type: router_ports) to 2
2026-06-26 11:36:56.659 9 INFO neutron.wsgi [None req-19ebd678-779e-448b-917f-9eef72e7bff6 20186991df0f452382f159cb38fbaa79 87dc78e425d7471f9dee0bd496455122 - - default default] 10.0.0.155 "DELETE /v2.0/routers/84984d22-6f16-4732-b501-817335222f7a HTTP/1.1" status: 204 len: 168 time: 0.2362168
2026-06-26 11:36:56.846 9 INFO neutron.wsgi [None req-875d503e-bc61-4579-ab1b-267b526c0b0a 20186991df0f452382f159cb38fbaa79 87dc78e425d7471f9dee0bd496455122 - - default default] 10.0.0.155 "DELETE /v2.0/subnets/9a96d624-654a-4b83-abf0-da96f540dd0c HTTP/1.1" status: 204 len: 168 time: 0.1807427
2026-06-26 11:36:56.875 10 INFO neutron.wsgi [None req-09206f87-c909-441d-bf32-39acdd78f4cb 30c528c616f34dd7920b8eca97c35701 c2570fb805ba4c6eae55cc8be1de693a - - default default] 10.0.0.155 "GET /v2.0/networks HTTP/1.1" status: 200 len: 1492 time: 0.2552533
2026-06-26 11:36:56.970 9 INFO neutron.wsgi [req-da2556aa-adda-4aec-8336-5942872e8a95 req-5d557de7-00a4-465a-acad-e5f44d484e97 30c528c616f34dd7920b8eca97c35701 c2570fb805ba4c6eae55cc8be1de693a - - default default] 10.0.0.21 "GET /v2.0/security-groups?name=tempest-secgroup-smoke-1389567222&fields=id&tenant_id=c2570fb805ba4c6eae55cc8be1de693a HTTP/1.1" status: 200 len: 267 time: 0.0336113
2026-06-26 11:36:57.065 9 INFO neutron.wsgi [req-da2556aa-adda-4aec-8336-5942872e8a95 req-c400e4af-eb56-41d8-a965-96d1ca4ce91f 30c528c616f34dd7920b8eca97c35701 c2570fb805ba4c6eae55cc8be1de693a - - default default] 10.0.0.21 "GET /v2.0/networks?id=23ca427b-f07b-498c-b531-22939fe8ca1e HTTP/1.1" status: 200 len: 859 time: 0.0881488
2026-06-26 11:36:57.081 9 INFO neutron.wsgi [req-da2556aa-adda-4aec-8336-5942872e8a95 req-9e3b1ce7-1872-4388-b9f6-2740994753f8 30c528c616f34dd7920b8eca97c35701 c2570fb805ba4c6eae55cc8be1de693a - - default default] 10.0.0.21 "GET /v2.0/quotas/c2570fb805ba4c6eae55cc8be1de693a HTTP/1.1" status: 200 len: 386 time: 0.0109053
2026-06-26 11:36:57.204 9 INFO neutron.wsgi [req-da2556aa-adda-4aec-8336-5942872e8a95 req-52039f5f-9775-4c70-b529-d3876d62e430 30c528c616f34dd7920b8eca97c35701 c2570fb805ba4c6eae55cc8be1de693a - - default default] 10.0.0.21 "GET /v2.0/ports?tenant_id=c2570fb805ba4c6eae55cc8be1de693a&fields=id HTTP/1.1" status: 200 len: 302 time: 0.1162879
2026-06-26 11:36:57.286 9 INFO neutron.services.segments.plugin [-] Segment 5a65ed4b-e982-4527-8f9b-2f07c86ee8a7 resource provider aggregate not found
2026-06-26 11:36:57.290 9 INFO neutron.services.segments.plugin [-] Segment 5a65ed4b-e982-4527-8f9b-2f07c86ee8a7 resource provider aggregate not found
2026-06-26 11:36:57.307 9 INFO neutron.services.segments.plugin [-] Segment 5a65ed4b-e982-4527-8f9b-2f07c86ee8a7 resource provider not found; error: Placement Client Error (4xx): {"errors": [{"status": 404, "title": "Not Found", "detail": "The resource could not be found.\n\n No resource provider with uuid 5a65ed4b-e982-4527-8f9b-2f07c86ee8a7 found for delete ", "request_id": "req-5e8e3775-eb01-4b97-a283-892052b7d44f"}]}
2026-06-26 11:36:57.309 9 INFO neutron.services.segments.plugin [-] Segment 5a65ed4b-e982-4527-8f9b-2f07c86ee8a7 resource provider not found; error: Placement Client Error (4xx): {"errors": [{"status": 404, "title": "Not Found", "detail": "The resource could not be found.\n\n No resource provider with uuid 5a65ed4b-e982-4527-8f9b-2f07c86ee8a7 found for delete ", "request_id": "req-10b246cf-a16d-43ff-a30d-2acb1202af76"}]}
2026-06-26 11:36:57.311 9 INFO neutron.wsgi [req-da2556aa-adda-4aec-8336-5942872e8a95 req-9190c3ff-340c-42b2-ba43-506cdb13b313 f98daae8be984a6386877d742a7003cf cb639a4a6dd442ebb08599392164bda4 - - 508b69b9609c45618a526eb50132b3d7 508b69b9609c45618a526eb50132b3d7] 10.0.0.21 "GET /v2.0/networks/23ca427b-f07b-498c-b531-22939fe8ca1e?fields=segments HTTP/1.1" status: 200 len: 212 time: 0.0934732
2026-06-26 11:36:57.333 9 INFO neutron.wsgi [None req-d07ccf5f-c938-4293-bb67-db58a5d86d8f 20186991df0f452382f159cb38fbaa79 87dc78e425d7471f9dee0bd496455122 - - default default] 10.0.0.155 "DELETE /v2.0/networks/73258c1b-8678-45c4-9263-f677d0313bd4 HTTP/1.1" status: 204 len: 168 time: 0.4691820
2026-06-26 11:36:57.376 9 INFO neutron.wsgi [req-da2556aa-adda-4aec-8336-5942872e8a95 req-dac51728-bf17-4496-bc00-254020665750 f98daae8be984a6386877d742a7003cf cb639a4a6dd442ebb08599392164bda4 - - 508b69b9609c45618a526eb50132b3d7 508b69b9609c45618a526eb50132b3d7] 10.0.0.21 "GET /v2.0/networks/23ca427b-f07b-498c-b531-22939fe8ca1e?fields=provider%3Aphysical_network&fields=provider%3Anetwork_type HTTP/1.1" status: 200 len: 277 time: 0.0594950
2026-06-26 11:36:57.511 9 INFO neutron.wsgi [req-152401dc-8a5a-49ba-afa3-8880735da6cf req-c7d37626-55e9-4695-93ba-3b1dd1bfbaf8 30c528c616f34dd7920b8eca97c35701 c2570fb805ba4c6eae55cc8be1de693a - - default default] 10.0.0.21 "GET /v2.0/ports?device_id=561edeb6-8829-4f5a-85a3-4d421f404a2e HTTP/1.1" status: 200 len: 210 time: 0.0237098
2026-06-26 11:36:57.852 10 WARNING neutron.scheduler.dhcp_agent_scheduler [None req-f73a91c9-3b02-4922-92eb-8f47510756d6 20186991df0f452382f159cb38fbaa79 87dc78e425d7471f9dee0bd496455122 - - default default] No more DHCP agents
2026-06-26 11:36:57.855 10 WARNING neutron.api.rpc.agentnotifiers.dhcp_rpc_agent_api [None req-f73a91c9-3b02-4922-92eb-8f47510756d6 20186991df0f452382f159cb38fbaa79 87dc78e425d7471f9dee0bd496455122 - - default default] Unable to schedule network 40172fb8-2309-4fcd-8b81-a10ae0187096: no agents available; will retry on subsequent port and subnet creation events.
2026-06-26 11:36:58.022 10 INFO neutron.db.ovn_revision_numbers_db [None req-f73a91c9-3b02-4922-92eb-8f47510756d6 20186991df0f452382f159cb38fbaa79 87dc78e425d7471f9dee0bd496455122 - - default default] Successfully bumped revision number for resource 33fef6ef-2096-4889-8bea-372446e34d15 (type: ports) to 1
2026-06-26 11:36:58.247 9 INFO neutron.wsgi [req-da2556aa-adda-4aec-8336-5942872e8a95 req-3974679c-b0ee-4a10-b8eb-141ee18d8e40 30c528c616f34dd7920b8eca97c35701 c2570fb805ba4c6eae55cc8be1de693a - - default default] 199.19.213.147 "GET /v2.0/networks?id=23ca427b-f07b-498c-b531-22939fe8ca1e HTTP/1.1" status: 200 len: 859 time: 0.1258132
2026-06-26 11:36:58.297 9 INFO neutron.wsgi [req-da2556aa-adda-4aec-8336-5942872e8a95 req-a5dea34d-bf75-499c-aa61-cb5e9edfb611 30c528c616f34dd7920b8eca97c35701 c2570fb805ba4c6eae55cc8be1de693a - - default default] 199.19.213.147 "GET /v2.0/security-groups?fields=id&fields=name&tenant_id=c2570fb805ba4c6eae55cc8be1de693a HTTP/1.1" status: 200 len: 380 time: 0.0447879 /var/lib/openstack/lib/python3.10/site-packages/pycadf/identifier.py:71: UserWarning: Invalid uuid: neutron. To ensure interoperability, identifiers should be a valid uuid. warnings.warn(('Invalid uuid: %s. To ensure interoperability, '
2026-06-26 11:36:58.644 9 INFO neutron.wsgi [req-bde746aa-f359-447c-bef3-d34136d04a52 req-b5e82099-35f5-4de0-a391-11f4c05b9b19 30c528c616f34dd7920b8eca97c35701 c2570fb805ba4c6eae55cc8be1de693a - - default default] 10.0.0.21 "GET /v2.0/ports?device_id=561edeb6-8829-4f5a-85a3-4d421f404a2e HTTP/1.1" status: 200 len: 1156 time: 0.0552320
2026-06-26 11:36:58.650 9 WARNING neutron.scheduler.dhcp_agent_scheduler [req-da2556aa-adda-4aec-8336-5942872e8a95 req-c5617497-e9bd-4d9c-8473-42c2a53df83a 30c528c616f34dd7920b8eca97c35701 c2570fb805ba4c6eae55cc8be1de693a - - default default] No more DHCP agents
2026-06-26 11:36:58.652 9 WARNING neutron.api.rpc.agentnotifiers.dhcp_rpc_agent_api [req-da2556aa-adda-4aec-8336-5942872e8a95 req-c5617497-e9bd-4d9c-8473-42c2a53df83a 30c528c616f34dd7920b8eca97c35701 c2570fb805ba4c6eae55cc8be1de693a - - default default] Unable to schedule network 23ca427b-f07b-498c-b531-22939fe8ca1e: no agents available; will retry on subsequent port and subnet creation events.
2026-06-26 11:36:58.654 10 INFO neutron.db.ovn_revision_numbers_db [None req-f73a91c9-3b02-4922-92eb-8f47510756d6 20186991df0f452382f159cb38fbaa79 87dc78e425d7471f9dee0bd496455122 - - default default] Successfully bumped revision number for resource 33fef6ef-2096-4889-8bea-372446e34d15 (type: router_ports) to 1 /var/lib/openstack/lib/python3.10/site-packages/pycadf/identifier.py:71: UserWarning: Invalid uuid: neutron. To ensure interoperability, identifiers should be a valid uuid. warnings.warn(('Invalid uuid: %s. To ensure interoperability, '
2026-06-26 11:36:58.705 9 INFO neutron.wsgi [req-bde746aa-f359-447c-bef3-d34136d04a52 req-307c2cb4-4033-445f-a28c-b1e493131a7e 30c528c616f34dd7920b8eca97c35701 c2570fb805ba4c6eae55cc8be1de693a - - default default] 10.0.0.21 "GET /v2.0/security-groups?id=5d818c7d-4838-47ef-a192-d52b7b6515c3&fields=id&fields=name HTTP/1.1" status: 200 len: 313 time: 0.0534117
2026-06-26 11:36:58.712 10 INFO neutron.db.ovn_revision_numbers_db [None req-f73a91c9-3b02-4922-92eb-8f47510756d6 20186991df0f452382f159cb38fbaa79 87dc78e425d7471f9dee0bd496455122 - - default default] Successfully bumped revision number for resource 7ec64303-7b4b-40b8-8bf5-7b22f1ab31d9 (type: routers) to 2
