2026-06-26 11:17:50.701 9 INFO neutron.wsgi [-] 10.0.0.218 "GET / HTTP/1.1" status: 200 len: 246 time: 0.0013635
2026-06-26 11:18:05.700 9 INFO neutron.wsgi [-] 10.0.0.218 "GET / HTTP/1.1" status: 200 len: 246 time: 0.0026367
2026-06-26 11:18:05.700 10 INFO neutron.wsgi [-] 10.0.0.218 "GET / HTTP/1.1" status: 200 len: 246 time: 0.0028546
2026-06-26 11:18:20.698 10 INFO neutron.wsgi [-] 10.0.0.218 "GET / HTTP/1.1" status: 200 len: 246 time: 0.0018165
2026-06-26 11:18:20.701 9 INFO neutron.wsgi [-] 10.0.0.218 "GET / HTTP/1.1" status: 200 len: 246 time: 0.0044305
2026-06-26 11:18:35.699 9 INFO neutron.wsgi [-] 10.0.0.218 "GET / HTTP/1.1" status: 200 len: 246 time: 0.0025086
2026-06-26 11:18:35.700 10 INFO neutron.wsgi [-] 10.0.0.218 "GET / HTTP/1.1" status: 200 len: 246 time: 0.0030055 /var/lib/openstack/lib/python3.10/site-packages/pycadf/identifier.py:71: UserWarning: Invalid uuid: neutron. To ensure interoperability, identifiers should be a valid uuid. warnings.warn(('Invalid uuid: %s. To ensure interoperability, '
2026-06-26 11:18:47.072 10 INFO neutron.wsgi [None req-f4aeec07-02fd-48cc-a9c5-be80b1a0cc9f b8f74e50a96a4b7e9935bf6dc00578a8 cb639a4a6dd442ebb08599392164bda4 - - 508b69b9609c45618a526eb50132b3d7 508b69b9609c45618a526eb50132b3d7] 199.19.213.147 "GET /v2.0/networks?tenant_id=cb639a4a6dd442ebb08599392164bda4&shared=False HTTP/1.1" status: 200 len: 213 time: 0.1345189
2026-06-26 11:18:47.184 10 INFO neutron.db.segments_db [None req-0d4ba9b7-dcf4-455e-92be-a89f92c039bd b8f74e50a96a4b7e9935bf6dc00578a8 cb639a4a6dd442ebb08599392164bda4 - - 508b69b9609c45618a526eb50132b3d7 508b69b9609c45618a526eb50132b3d7] Added segment 89179ce1-18bf-45e4-a12b-51a69fc90a6a of type geneve for network eb55f534-d664-4a34-857d-0d8504a5f58d
2026-06-26 11:18:47.398 10 INFO neutron.db.ovn_revision_numbers_db [None req-0d4ba9b7-dcf4-455e-92be-a89f92c039bd b8f74e50a96a4b7e9935bf6dc00578a8 cb639a4a6dd442ebb08599392164bda4 - - 508b69b9609c45618a526eb50132b3d7 508b69b9609c45618a526eb50132b3d7] Successfully bumped revision number for resource eb55f534-d664-4a34-857d-0d8504a5f58d (type: networks) to 1
2026-06-26 11:18:47.692 10 WARNING neutron.scheduler.dhcp_agent_scheduler [None req-0d4ba9b7-dcf4-455e-92be-a89f92c039bd b8f74e50a96a4b7e9935bf6dc00578a8 cb639a4a6dd442ebb08599392164bda4 - - 508b69b9609c45618a526eb50132b3d7 508b69b9609c45618a526eb50132b3d7] No more DHCP agents
2026-06-26 11:18:47.696 10 WARNING neutron.api.rpc.agentnotifiers.dhcp_rpc_agent_api [None req-0d4ba9b7-dcf4-455e-92be-a89f92c039bd b8f74e50a96a4b7e9935bf6dc00578a8 cb639a4a6dd442ebb08599392164bda4 - - 508b69b9609c45618a526eb50132b3d7 508b69b9609c45618a526eb50132b3d7] Unable to schedule network eb55f534-d664-4a34-857d-0d8504a5f58d: no agents available; will retry on subsequent port and subnet creation events.
2026-06-26 11:18:47.785 10 INFO neutron.db.ovn_revision_numbers_db [None req-0d4ba9b7-dcf4-455e-92be-a89f92c039bd b8f74e50a96a4b7e9935bf6dc00578a8 cb639a4a6dd442ebb08599392164bda4 - - 508b69b9609c45618a526eb50132b3d7 508b69b9609c45618a526eb50132b3d7] Successfully bumped revision number for resource 0e7d9ac4-5773-482f-b6ed-75926c93a757 (type: ports) to 1
2026-06-26 11:18:47.806 10 INFO neutron.wsgi [None req-0d4ba9b7-dcf4-455e-92be-a89f92c039bd b8f74e50a96a4b7e9935bf6dc00578a8 cb639a4a6dd442ebb08599392164bda4 - - 508b69b9609c45618a526eb50132b3d7 508b69b9609c45618a526eb50132b3d7] 199.19.213.147 "POST /v2.0/networks HTTP/1.1" status: 201 len: 925 time: 0.7258916
2026-06-26 11:18:47.847 10 INFO neutron.wsgi [None req-941a452d-a485-4ee7-bf88-b3f0d23a042e b8f74e50a96a4b7e9935bf6dc00578a8 cb639a4a6dd442ebb08599392164bda4 - - 508b69b9609c45618a526eb50132b3d7 508b69b9609c45618a526eb50132b3d7] 199.19.213.147 "GET /v2.0/ports?device_id=manila-share&binding%3Ahost_id=instance HTTP/1.1" status: 200 len: 210 time: 0.0329227
2026-06-26 11:18:47.859 10 INFO neutron.wsgi [None req-7e525c44-6aef-4b44-9a67-ba99cfd90e30 b8f74e50a96a4b7e9935bf6dc00578a8 cb639a4a6dd442ebb08599392164bda4 - - 508b69b9609c45618a526eb50132b3d7 508b69b9609c45618a526eb50132b3d7] 199.19.213.147 "GET /v2.0/extensions HTTP/1.1" status: 200 len: 16525 time: 0.0049577
2026-06-26 11:18:48.064 10 WARNING neutron.scheduler.dhcp_agent_scheduler [None req-b83a3b9c-5ee4-4429-ba26-5ca3159010ad b8f74e50a96a4b7e9935bf6dc00578a8 cb639a4a6dd442ebb08599392164bda4 - - 508b69b9609c45618a526eb50132b3d7 508b69b9609c45618a526eb50132b3d7] No more DHCP agents
2026-06-26 11:18:48.067 10 WARNING neutron.api.rpc.agentnotifiers.dhcp_rpc_agent_api [None req-b83a3b9c-5ee4-4429-ba26-5ca3159010ad b8f74e50a96a4b7e9935bf6dc00578a8 cb639a4a6dd442ebb08599392164bda4 - - 508b69b9609c45618a526eb50132b3d7 508b69b9609c45618a526eb50132b3d7] Unable to schedule network eb55f534-d664-4a34-857d-0d8504a5f58d: no agents available; will retry on subsequent port and subnet creation events.
2026-06-26 11:18:48.155 10 INFO neutron.db.ovn_revision_numbers_db [None req-b83a3b9c-5ee4-4429-ba26-5ca3159010ad b8f74e50a96a4b7e9935bf6dc00578a8 cb639a4a6dd442ebb08599392164bda4 - - 508b69b9609c45618a526eb50132b3d7 508b69b9609c45618a526eb50132b3d7] Successfully bumped revision number for resource 7eb974c3-b414-4235-9904-e9394177907a (type: ports) to 1
2026-06-26 11:18:48.365 10 INFO neutron.db.ovn_revision_numbers_db [None req-b83a3b9c-5ee4-4429-ba26-5ca3159010ad b8f74e50a96a4b7e9935bf6dc00578a8 cb639a4a6dd442ebb08599392164bda4 - - 508b69b9609c45618a526eb50132b3d7 508b69b9609c45618a526eb50132b3d7] Successfully bumped revision number for resource 7eb974c3-b414-4235-9904-e9394177907a (type: ports) to 1
2026-06-26 11:18:48.397 10 INFO neutron.wsgi [None req-b83a3b9c-5ee4-4429-ba26-5ca3159010ad b8f74e50a96a4b7e9935bf6dc00578a8 cb639a4a6dd442ebb08599392164bda4 - - 508b69b9609c45618a526eb50132b3d7 508b69b9609c45618a526eb50132b3d7] 199.19.213.147 "POST /v2.0/ports HTTP/1.1" status: 201 len: 1144 time: 0.5337300
2026-06-26 11:18:48.463 10 INFO neutron.wsgi [None req-f9d81479-3cb5-4804-bcc8-5019fcca9f88 b8f74e50a96a4b7e9935bf6dc00578a8 cb639a4a6dd442ebb08599392164bda4 - - 508b69b9609c45618a526eb50132b3d7 508b69b9609c45618a526eb50132b3d7] 199.19.213.147 "GET /v2.0/networks/eb55f534-d664-4a34-857d-0d8504a5f58d HTTP/1.1" status: 200 len: 907 time: 0.0566404
2026-06-26 11:18:49.248 9 INFO neutron.plugins.ml2.drivers.ovn.mech_driver.mech_driver [-] OVN reports status up for port: 7eb974c3-b414-4235-9904-e9394177907a
2026-06-26 11:18:49.265 9 INFO neutron.plugins.ml2.plugin [None req-6e290fc2-6da2-4c20-ab1d-6409e8e4f2d4 - - - - - -] Attempt 1 to provision port 7eb974c3-b414-4235-9904-e9394177907a
2026-06-26 11:18:49.528 9 INFO neutron.db.ovn_revision_numbers_db [None req-6e290fc2-6da2-4c20-ab1d-6409e8e4f2d4 - - - - - -] Successfully bumped revision number for resource 7eb974c3-b414-4235-9904-e9394177907a (type: ports) to 3
2026-06-26 11:18:50.700 9 INFO neutron.wsgi [-] 10.0.0.218 "GET / HTTP/1.1" status: 200 len: 246 time: 0.0024116
2026-06-26 11:18:50.707 9 INFO neutron.wsgi [-] 10.0.0.218 "GET / HTTP/1.1" status: 200 len: 246 time: 0.0023654
2026-06-26 11:18:50.979 10 INFO neutron.wsgi [None req-ae12cb3d-4e85-46bd-9b80-24f45077599d b8f74e50a96a4b7e9935bf6dc00578a8 cb639a4a6dd442ebb08599392164bda4 - - 508b69b9609c45618a526eb50132b3d7 508b69b9609c45618a526eb50132b3d7] 199.19.213.147 "GET /v2.0/ports?device_id=manila-share&binding%3Ahost_id=instance HTTP/1.1" status: 200 len: 1172 time: 0.0644598
2026-06-26 11:18:51.031 10 INFO neutron.wsgi [None req-e5f39716-94a9-4b0f-b312-1d171f370ad1 b8f74e50a96a4b7e9935bf6dc00578a8 cb639a4a6dd442ebb08599392164bda4 - - 508b69b9609c45618a526eb50132b3d7 508b69b9609c45618a526eb50132b3d7] 199.19.213.147 "GET /v2.0/networks/eb55f534-d664-4a34-857d-0d8504a5f58d HTTP/1.1" status: 200 len: 907 time: 0.0463314
2026-06-26 11:19:05.700 9 INFO neutron.wsgi [-] 10.0.0.218 "GET / HTTP/1.1" status: 200 len: 246 time: 0.0022819
2026-06-26 11:19:05.700 10 INFO neutron.wsgi [-] 10.0.0.218 "GET / HTTP/1.1" status: 200 len: 246 time: 0.0024190
2026-06-26 11:19:07.758 15 INFO neutron.db.ovn_revision_numbers_db [None req-00222f23-247a-4933-953c-6dc91b6978c4 - - - - - -] Successfully bumped revision number for resource f4150e06-d09d-41a3-ab9c-145ba3fad2d3 (type: security_groups) to 5
2026-06-26 11:19:07.759 15 INFO neutron.plugins.ml2.drivers.ovn.mech_driver.ovsdb.maintenance [None req-00222f23-247a-4933-953c-6dc91b6978c4 - - - - - -] Maintenance task: Synchronization finished (took 0.05 seconds)
2026-06-26 11:19:14.040 9 INFO neutron.wsgi [None req-728fb1de-663e-409c-b42d-e7a723f2150b 8d8b93d0de2e4d33a9527d5ff193614f 0d9cfadafc714e47be3a14b9ff0c38c6 - - default default] 199.19.213.147,10.0.0.218 "GET /v2.0/quotas/cb639a4a6dd442ebb08599392164bda4 HTTP/1.1" status: 200 len: 362 time: 0.0230143 /var/lib/openstack/lib/python3.10/site-packages/neutron/extensions/quotasv2.py:140: UserWarning: Neutron quota engine will require "--force" parameter to set a quota limit without checking the resource usage. warnings.warn('Neutron quota engine will require "--force" '
2026-06-26 11:19:14.466 9 INFO neutron.wsgi [None req-25d9091e-c9ce-4025-85c5-1176417fce44 8d8b93d0de2e4d33a9527d5ff193614f 0d9cfadafc714e47be3a14b9ff0c38c6 - - default default] 199.19.213.147,10.0.0.218 "PUT /v2.0/quotas/cb639a4a6dd442ebb08599392164bda4 HTTP/1.1" status: 200 len: 361 time: 0.0454776
2026-06-26 11:19:14.745 9 INFO neutron.wsgi [None req-8ad1d828-945a-4d52-a2fc-c2a4cdf5bb50 8d8b93d0de2e4d33a9527d5ff193614f 0d9cfadafc714e47be3a14b9ff0c38c6 - - default default] 199.19.213.147,10.0.0.218 "GET /v2.0/quotas/cb639a4a6dd442ebb08599392164bda4 HTTP/1.1" status: 200 len: 361 time: 0.0110605
2026-06-26 11:19:20.699 10 INFO neutron.wsgi [-] 10.0.0.218 "GET / HTTP/1.1" status: 200 len: 246 time: 0.0026217
2026-06-26 11:19:20.700 9 INFO neutron.wsgi [-] 10.0.0.218 "GET / HTTP/1.1" status: 200 len: 246 time: 0.0032022
2026-06-26 11:19:35.699 10 INFO neutron.wsgi [-] 10.0.0.218 "GET / HTTP/1.1" status: 200 len: 246 time: 0.0027683
2026-06-26 11:19:35.700 9 INFO neutron.wsgi [-] 10.0.0.218 "GET / HTTP/1.1" status: 200 len: 246 time: 0.0028882
2026-06-26 11:19:50.699 9 INFO neutron.wsgi [-] 10.0.0.218 "GET / HTTP/1.1" status: 200 len: 246 time: 0.0018229
2026-06-26 11:19:50.708 9 INFO neutron.wsgi [-] 10.0.0.218 "GET / HTTP/1.1" status: 200 len: 246 time: 0.0063283
2026-06-26 11:20:05.699 9 INFO neutron.wsgi [-] 10.0.0.218 "GET / HTTP/1.1" status: 200 len: 246 time: 0.0027747
2026-06-26 11:20:05.710 10 INFO neutron.wsgi [-] 10.0.0.218 "GET / HTTP/1.1" status: 200 len: 246 time: 0.0131283
2026-06-26 11:20:20.700 9 INFO neutron.wsgi [-] 10.0.0.218 "GET / HTTP/1.1" status: 200 len: 246 time: 0.0031195
2026-06-26 11:20:20.701 10 INFO neutron.wsgi [-] 10.0.0.218 "GET / HTTP/1.1" status: 200 len: 246 time: 0.0035124
2026-06-26 11:20:32.526 10 INFO neutron.wsgi [None req-4f583ad7-c7fe-4dac-bf09-61b0b286246d 8d8b93d0de2e4d33a9527d5ff193614f 0d9cfadafc714e47be3a14b9ff0c38c6 - - default default] 10.0.0.94 "GET /v2.0/networks HTTP/1.1" status: 200 len: 2350 time: 0.1897709
2026-06-26 11:20:32.585 10 INFO neutron.wsgi [None req-428a6cb8-2b4a-48a9-945f-14f788855768 8d8b93d0de2e4d33a9527d5ff193614f 0d9cfadafc714e47be3a14b9ff0c38c6 - - default default] 10.0.0.94 "GET /v2.0/ports HTTP/1.1" status: 200 len: 5351 time: 0.0557876
2026-06-26 11:20:32.646 10 INFO neutron.wsgi [None req-9e9ba988-808f-475d-97e7-77b763df0895 8d8b93d0de2e4d33a9527d5ff193614f 0d9cfadafc714e47be3a14b9ff0c38c6 - - default default] 10.0.0.94 "GET /v2.0/agents HTTP/1.1" status: 200 len: 997 time: 0.0520170
2026-06-26 11:20:32.682 10 INFO neutron.wsgi [None req-35143c8a-9172-4728-b291-4a6418153fc2 8d8b93d0de2e4d33a9527d5ff193614f 0d9cfadafc714e47be3a14b9ff0c38c6 - - default default] 10.0.0.94 "GET /v2.0/subnets HTTP/1.1" status: 200 len: 1437 time: 0.0343642
2026-06-26 11:20:32.692 10 INFO neutron.wsgi [None req-5d33f30a-c795-444c-bbd0-cd3c10583e96 8d8b93d0de2e4d33a9527d5ff193614f 0d9cfadafc714e47be3a14b9ff0c38c6 - - default default] 10.0.0.94 "GET /v2.0/subnetpools HTTP/1.1" status: 200 len: 193 time: 0.0081544
2026-06-26 11:20:32.725 10 INFO neutron.wsgi [None req-af127597-9e7b-42ac-8cc5-026fc935edd9 8d8b93d0de2e4d33a9527d5ff193614f 0d9cfadafc714e47be3a14b9ff0c38c6 - - default default] 10.0.0.94 "GET /v2.0/subnets HTTP/1.1" status: 200 len: 1437 time: 0.0328908
2026-06-26 11:20:32.772 10 INFO neutron.wsgi [None req-98250806-2fb6-4af6-8495-2d96c79487dd 8d8b93d0de2e4d33a9527d5ff193614f 0d9cfadafc714e47be3a14b9ff0c38c6 - - default default] 10.0.0.94 "GET /v2.0/routers HTTP/1.1" status: 200 len: 189 time: 0.0450628
2026-06-26 11:20:32.787 10 INFO neutron.wsgi [None req-58285475-8707-4960-8eff-b88e98f17621 8d8b93d0de2e4d33a9527d5ff193614f 0d9cfadafc714e47be3a14b9ff0c38c6 - - default default] 10.0.0.94 "GET /v2.0/agents?binary=ovn-controller HTTP/1.1" status: 200 len: 591 time: 0.0140014
2026-06-26 11:20:32.805 10 INFO neutron.wsgi [None req-51d184b3-c5ac-45d0-9e2b-1fcd1b18d8e6 8d8b93d0de2e4d33a9527d5ff193614f 0d9cfadafc714e47be3a14b9ff0c38c6 - - default default] 10.0.0.94 "GET /v2.0/network-ip-availabilities HTTP/1.1" status: 200 len: 1280 time: 0.0169678
2026-06-26 11:20:32.839 10 INFO neutron.wsgi [None req-99e84602-d752-4291-894b-8548e4ace060 8d8b93d0de2e4d33a9527d5ff193614f 0d9cfadafc714e47be3a14b9ff0c38c6 - - default default] 10.0.0.94 "GET /v2.0/floatingips HTTP/1.1" status: 200 len: 193 time: 0.0325394
2026-06-26 11:20:32.882 10 INFO neutron.wsgi [None req-3bf3fe45-c8b2-4c43-b709-3d9ffe096ed5 8d8b93d0de2e4d33a9527d5ff193614f 0d9cfadafc714e47be3a14b9ff0c38c6 - - default default] 10.0.0.94 "GET /v2.0/security-groups HTTP/1.1" status: 200 len: 16803 time: 0.0423675
2026-06-26 11:20:35.699 9 INFO neutron.wsgi [-] 10.0.0.218 "GET / HTTP/1.1" status: 200 len: 246 time: 0.0024097
2026-06-26 11:20:35.699 10 INFO neutron.wsgi [-] 10.0.0.218 "GET / HTTP/1.1" status: 200 len: 246 time: 0.0020595
2026-06-26 11:20:50.699 9 INFO neutron.wsgi [-] 10.0.0.218 "GET / HTTP/1.1" status: 200 len: 246 time: 0.0026085
2026-06-26 11:20:50.699 10 INFO neutron.wsgi [-] 10.0.0.218 "GET / HTTP/1.1" status: 200 len: 246 time: 0.0030313
2026-06-26 11:21:05.699 10 INFO neutron.wsgi [-] 10.0.0.218 "GET / HTTP/1.1" status: 200 len: 246 time: 0.0017724
2026-06-26 11:21:05.700 9 INFO neutron.wsgi [-] 10.0.0.218 "GET / HTTP/1.1" status: 200 len: 246 time: 0.0023317
2026-06-26 11:21:20.702 9 INFO neutron.wsgi [-] 10.0.0.218 "GET / HTTP/1.1" status: 200 len: 246 time: 0.0040219
2026-06-26 11:21:20.705 9 INFO neutron.wsgi [-] 10.0.0.218 "GET / HTTP/1.1" status: 200 len: 246 time: 0.0019500
2026-06-26 11:21:32.385 10 INFO neutron.wsgi [None req-63ec67fd-c999-42f7-adc0-2fed183ab035 8d8b93d0de2e4d33a9527d5ff193614f 0d9cfadafc714e47be3a14b9ff0c38c6 - - default default] 10.0.0.94 "GET /v2.0/security-groups HTTP/1.1" status: 200 len: 16803 time: 0.0891528
2026-06-26 11:21:32.419 10 INFO neutron.wsgi [None req-c64c7458-d762-4b38-a34a-0c88c2de42e6 8d8b93d0de2e4d33a9527d5ff193614f 0d9cfadafc714e47be3a14b9ff0c38c6 - - default default] 10.0.0.94 "GET /v2.0/subnets HTTP/1.1" status: 200 len: 1437 time: 0.0295939
2026-06-26 11:21:32.451 10 INFO neutron.wsgi [None req-1ff415b8-23c8-44e5-bc10-7eea3ad258ad 8d8b93d0de2e4d33a9527d5ff193614f 0d9cfadafc714e47be3a14b9ff0c38c6 - - default default] 10.0.0.94 "GET /v2.0/agents HTTP/1.1" status: 200 len: 997 time: 0.0298479
2026-06-26 11:21:32.461 10 INFO neutron.wsgi [None req-4164cae5-2ab7-4a7e-8611-0ed8f0282736 8d8b93d0de2e4d33a9527d5ff193614f 0d9cfadafc714e47be3a14b9ff0c38c6 - - default default] 10.0.0.94 "GET /v2.0/network-ip-availabilities HTTP/1.1" status: 200 len: 1280 time: 0.0097551
2026-06-26 11:21:32.483 10 INFO neutron.wsgi [None req-94dc6a29-a1e1-4cbd-8024-2164387718e6 8d8b93d0de2e4d33a9527d5ff193614f 0d9cfadafc714e47be3a14b9ff0c38c6 - - default default] 10.0.0.94 "GET /v2.0/floatingips HTTP/1.1" status: 200 len: 193 time: 0.0203311
2026-06-26 11:21:32.505 10 INFO neutron.wsgi [None req-169c7cf3-2c94-4d02-a754-921c95391c04 8d8b93d0de2e4d33a9527d5ff193614f 0d9cfadafc714e47be3a14b9ff0c38c6 - - default default] 10.0.0.94 "GET /v2.0/routers HTTP/1.1" status: 200 len: 189 time: 0.0214918
2026-06-26 11:21:32.515 10 INFO neutron.wsgi [None req-fbe8afea-31db-4adc-aa7c-fd2088ced9de 8d8b93d0de2e4d33a9527d5ff193614f 0d9cfadafc714e47be3a14b9ff0c38c6 - - default default] 10.0.0.94 "GET /v2.0/agents?binary=ovn-controller HTTP/1.1" status: 200 len: 591 time: 0.0089388
2026-06-26 11:21:32.634 10 INFO neutron.wsgi [None req-4d3b0356-23a0-4a0b-afe6-2f614443093e 8d8b93d0de2e4d33a9527d5ff193614f 0d9cfadafc714e47be3a14b9ff0c38c6 - - default default] 10.0.0.94 "GET /v2.0/networks HTTP/1.1" status: 200 len: 2350 time: 0.1180136
2026-06-26 11:21:32.665 10 INFO neutron.wsgi [None req-3252f028-54b9-431c-981a-c753f2e42c8a 8d8b93d0de2e4d33a9527d5ff193614f 0d9cfadafc714e47be3a14b9ff0c38c6 - - default default] 10.0.0.94 "GET /v2.0/ports HTTP/1.1" status: 200 len: 5351 time: 0.0289316
2026-06-26 11:21:32.703 10 INFO neutron.wsgi [None req-0ab75292-205c-4308-ad6a-83c5c1516e38 8d8b93d0de2e4d33a9527d5ff193614f 0d9cfadafc714e47be3a14b9ff0c38c6 - - default default] 10.0.0.94 "GET /v2.0/subnets HTTP/1.1" status: 200 len: 1437 time: 0.0349867
2026-06-26 11:21:32.712 10 INFO neutron.wsgi [None req-2e2f2e3f-b305-49cb-8aad-10c768e6ab39 8d8b93d0de2e4d33a9527d5ff193614f 0d9cfadafc714e47be3a14b9ff0c38c6 - - default default] 10.0.0.94 "GET /v2.0/subnetpools HTTP/1.1" status: 200 len: 193 time: 0.0086944
2026-06-26 11:21:35.699 10 INFO neutron.wsgi [-] 10.0.0.218 "GET / HTTP/1.1" status: 200 len: 246 time: 0.0023470
2026-06-26 11:21:35.699 9 INFO neutron.wsgi [-] 10.0.0.218 "GET / HTTP/1.1" status: 200 len: 246 time: 0.0024180
2026-06-26 11:21:50.699 10 INFO neutron.wsgi [-] 10.0.0.218 "GET / HTTP/1.1" status: 200 len: 246 time: 0.0025339
2026-06-26 11:21:50.700 9 INFO neutron.wsgi [-] 10.0.0.218 "GET / HTTP/1.1" status: 200 len: 246 time: 0.0032454
2026-06-26 11:22:05.698 9 INFO neutron.wsgi [-] 10.0.0.218 "GET / HTTP/1.1" status: 200 len: 246 time: 0.0020359
2026-06-26 11:22:05.700 9 INFO neutron.wsgi [-] 10.0.0.218 "GET / HTTP/1.1" status: 200 len: 246 time: 0.0012779
2026-06-26 11:22:20.701 10 INFO neutron.wsgi [-] 10.0.0.218 "GET / HTTP/1.1" status: 200 len: 246 time: 0.0045691
2026-06-26 11:22:20.704 10 INFO neutron.wsgi [-] 10.0.0.218 "GET / HTTP/1.1" status: 200 len: 246 time: 0.0012445
2026-06-26 11:22:32.393 10 INFO neutron.wsgi [None req-34b2c328-b22c-4ef8-b872-3fbe4e5eafe7 8d8b93d0de2e4d33a9527d5ff193614f 0d9cfadafc714e47be3a14b9ff0c38c6 - - default default] 10.0.0.94 "GET /v2.0/network-ip-availabilities HTTP/1.1" status: 200 len: 1280 time: 0.0627923
2026-06-26 11:22:32.452 10 INFO neutron.wsgi [None req-da001734-b0e8-4dda-b985-e15764b168eb 8d8b93d0de2e4d33a9527d5ff193614f 0d9cfadafc714e47be3a14b9ff0c38c6 - - default default] 10.0.0.94 "GET /v2.0/security-groups HTTP/1.1" status: 200 len: 16803 time: 0.0572939
2026-06-26 11:22:32.492 10 INFO neutron.wsgi [None req-070f324e-e58d-4dd2-9544-39e0dc7a9692 8d8b93d0de2e4d33a9527d5ff193614f 0d9cfadafc714e47be3a14b9ff0c38c6 - - default default] 10.0.0.94 "GET /v2.0/subnets HTTP/1.1" status: 200 len: 1437 time: 0.0309789
2026-06-26 11:22:32.512 10 INFO neutron.wsgi [None req-4221a6ba-2de9-4818-8de0-b33b8ba1241b 8d8b93d0de2e4d33a9527d5ff193614f 0d9cfadafc714e47be3a14b9ff0c38c6 - - default default] 10.0.0.94 "GET /v2.0/floatingips HTTP/1.1" status: 200 len: 193 time: 0.0187612
2026-06-26 11:22:32.576 10 INFO neutron.wsgi [None req-dc0a8e77-7311-4fb6-b876-5ede2a41dcf8 8d8b93d0de2e4d33a9527d5ff193614f 0d9cfadafc714e47be3a14b9ff0c38c6 - - default default] 10.0.0.94 "GET /v2.0/networks HTTP/1.1" status: 200 len: 2350 time: 0.0626218
2026-06-26 11:22:32.605 10 INFO neutron.wsgi [None req-26807da1-f105-48e2-846f-cd3514a517d6 8d8b93d0de2e4d33a9527d5ff193614f 0d9cfadafc714e47be3a14b9ff0c38c6 - - default default] 10.0.0.94 "GET /v2.0/ports HTTP/1.1" status: 200 len: 5351 time: 0.0272515
2026-06-26 11:22:32.629 10 INFO neutron.wsgi [None req-1f6183a9-dccd-45c1-92e1-f67583d39e23 8d8b93d0de2e4d33a9527d5ff193614f 0d9cfadafc714e47be3a14b9ff0c38c6 - - default default] 10.0.0.94 "GET /v2.0/routers HTTP/1.1" status: 200 len: 189 time: 0.0196602
2026-06-26 11:22:32.668 10 INFO neutron.wsgi [None req-9af5abf6-1c90-4ed2-bcce-44f576dfd513 8d8b93d0de2e4d33a9527d5ff193614f 0d9cfadafc714e47be3a14b9ff0c38c6 - - default default] 10.0.0.94 "GET /v2.0/agents?binary=ovn-controller HTTP/1.1" status: 200 len: 591 time: 0.0380304
2026-06-26 11:22:32.679 10 INFO neutron.wsgi [None req-09fdb961-a435-4457-a122-2578da558066 8d8b93d0de2e4d33a9527d5ff193614f 0d9cfadafc714e47be3a14b9ff0c38c6 - - default default] 10.0.0.94 "GET /v2.0/agents HTTP/1.1" status: 200 len: 997 time: 0.0099032
2026-06-26 11:22:32.710 10 INFO neutron.wsgi [None req-eb512f1d-b095-4c37-84af-c76e227237c2 8d8b93d0de2e4d33a9527d5ff193614f 0d9cfadafc714e47be3a14b9ff0c38c6 - - default default] 10.0.0.94 "GET /v2.0/subnets HTTP/1.1" status: 200 len: 1437 time: 0.0299075
2026-06-26 11:22:32.719 10 INFO neutron.wsgi [None req-bb40cb17-4979-4068-a25d-8690eea3cc24 8d8b93d0de2e4d33a9527d5ff193614f 0d9cfadafc714e47be3a14b9ff0c38c6 - - default default] 10.0.0.94 "GET /v2.0/subnetpools HTTP/1.1" status: 200 len: 193 time: 0.0078511
2026-06-26 11:22:35.698 9 INFO neutron.wsgi [-] 10.0.0.218 "GET / HTTP/1.1" status: 200 len: 246 time: 0.0016770
2026-06-26 11:22:35.699 10 INFO neutron.wsgi [-] 10.0.0.218 "GET / HTTP/1.1" status: 200 len: 246 time: 0.0018361
2026-06-26 11:22:50.700 9 INFO neutron.wsgi [-] 10.0.0.218 "GET / HTTP/1.1" status: 200 len: 246 time: 0.0028651
2026-06-26 11:22:50.703 9 INFO neutron.wsgi [-] 10.0.0.218 "GET / HTTP/1.1" status: 200 len: 246 time: 0.0016868
2026-06-26 11:23:05.699 10 INFO neutron.wsgi [-] 10.0.0.218 "GET / HTTP/1.1" status: 200 len: 246 time: 0.0018067
2026-06-26 11:23:05.701 9 INFO neutron.wsgi [-] 10.0.0.218 "GET / HTTP/1.1" status: 200 len: 246 time: 0.0029302
2026-06-26 11:23:20.699 9 INFO neutron.wsgi [-] 10.0.0.218 "GET / HTTP/1.1" status: 200 len: 246 time: 0.0024028
2026-06-26 11:23:20.700 10 INFO neutron.wsgi [-] 10.0.0.218 "GET / HTTP/1.1" status: 200 len: 246 time: 0.0036955
2026-06-26 11:23:32.386 10 INFO neutron.wsgi [None req-a98b557f-8cbe-46d6-825a-c7316224d6a6 8d8b93d0de2e4d33a9527d5ff193614f 0d9cfadafc714e47be3a14b9ff0c38c6 - - default default] 10.0.0.94 "GET /v2.0/routers HTTP/1.1" status: 200 len: 189 time: 0.0712333
2026-06-26 11:23:32.416 10 INFO neutron.wsgi [None req-0d7df1cb-9de3-437d-a7c9-8e64c2c5cdd7 8d8b93d0de2e4d33a9527d5ff193614f 0d9cfadafc714e47be3a14b9ff0c38c6 - - default default] 10.0.0.94 "GET /v2.0/agents?binary=ovn-controller HTTP/1.1" status: 200 len: 591 time: 0.0292795
2026-06-26 11:23:32.444 10 INFO neutron.wsgi [None req-a934a16e-818c-4534-8d91-3e3e92e54912 8d8b93d0de2e4d33a9527d5ff193614f 0d9cfadafc714e47be3a14b9ff0c38c6 - - default default] 10.0.0.94 "GET /v2.0/floatingips HTTP/1.1" status: 200 len: 193 time: 0.0268834
2026-06-26 11:23:32.512 10 INFO neutron.wsgi [None req-c6cf7057-4804-40ca-b987-4cb2b6d62a0d 8d8b93d0de2e4d33a9527d5ff193614f 0d9cfadafc714e47be3a14b9ff0c38c6 - - default default] 10.0.0.94 "GET /v2.0/networks HTTP/1.1" status: 200 len: 2350 time: 0.0670886
2026-06-26 11:23:32.523 10 INFO neutron.wsgi [None req-825ebff1-64e2-46e5-b8e7-32f926813043 8d8b93d0de2e4d33a9527d5ff193614f 0d9cfadafc714e47be3a14b9ff0c38c6 - - default default] 10.0.0.94 "GET /v2.0/network-ip-availabilities HTTP/1.1" status: 200 len: 1280 time: 0.0101569
2026-06-26 11:23:32.552 10 INFO neutron.wsgi [None req-480c5714-32c7-401a-8a29-58e0b0a4b520 8d8b93d0de2e4d33a9527d5ff193614f 0d9cfadafc714e47be3a14b9ff0c38c6 - - default default] 10.0.0.94 "GET /v2.0/subnets HTTP/1.1" status: 200 len: 1437 time: 0.0277183
2026-06-26 11:23:32.562 10 INFO neutron.wsgi [None req-5e3bf80d-c4dd-4cbb-aea0-5d5bba2945aa 8d8b93d0de2e4d33a9527d5ff193614f 0d9cfadafc714e47be3a14b9ff0c38c6 - - default default] 10.0.0.94 "GET /v2.0/subnetpools HTTP/1.1" status: 200 len: 193 time: 0.0093122
2026-06-26 11:23:32.620 10 INFO neutron.wsgi [None req-f4de2c63-7809-4914-afdf-2dbabd149bd9 8d8b93d0de2e4d33a9527d5ff193614f 0d9cfadafc714e47be3a14b9ff0c38c6 - - default default] 10.0.0.94 "GET /v2.0/security-groups HTTP/1.1" status: 200 len: 16803 time: 0.0572784
2026-06-26 11:23:32.657 10 INFO neutron.wsgi [None req-dc1acf85-4c7e-4524-b6f0-9f4d04579ac9 8d8b93d0de2e4d33a9527d5ff193614f 0d9cfadafc714e47be3a14b9ff0c38c6 - - default default] 10.0.0.94 "GET /v2.0/ports HTTP/1.1" status: 200 len: 5351 time: 0.0308983
2026-06-26 11:23:32.692 10 INFO neutron.wsgi [None req-e9514cb7-a0bb-4973-83f1-e267e1c42415 8d8b93d0de2e4d33a9527d5ff193614f 0d9cfadafc714e47be3a14b9ff0c38c6 - - default default] 10.0.0.94 "GET /v2.0/subnets HTTP/1.1" status: 200 len: 1437 time: 0.0279675
2026-06-26 11:23:32.703 10 INFO neutron.wsgi [None req-7f9c1f15-9fe2-42ce-80cc-1bd4997f8702 8d8b93d0de2e4d33a9527d5ff193614f 0d9cfadafc714e47be3a14b9ff0c38c6 - - default default] 10.0.0.94 "GET /v2.0/agents HTTP/1.1" status: 200 len: 997 time: 0.0100636
2026-06-26 11:23:35.699 9 INFO neutron.wsgi [-] 10.0.0.218 "GET / HTTP/1.1" status: 200 len: 246 time: 0.0023487
2026-06-26 11:23:35.700 10 INFO neutron.wsgi [-] 10.0.0.218 "GET / HTTP/1.1" status: 200 len: 246 time: 0.0026977
2026-06-26 11:23:50.699 10 INFO neutron.wsgi [-] 10.0.0.218 "GET / HTTP/1.1" status: 200 len: 246 time: 0.0027323
2026-06-26 11:23:50.700 9 INFO neutron.wsgi [-] 10.0.0.218 "GET / HTTP/1.1" status: 200 len: 246 time: 0.0029528
2026-06-26 11:24:05.702 10 INFO neutron.wsgi [-] 10.0.0.218 "GET / HTTP/1.1" status: 200 len: 246 time: 0.0044384
2026-06-26 11:24:05.704 9 INFO neutron.wsgi [-] 10.0.0.218 "GET / HTTP/1.1" status: 200 len: 246 time: 0.0053787
2026-06-26 11:24:20.701 10 INFO neutron.wsgi [-] 10.0.0.218 "GET / HTTP/1.1" status: 200 len: 246 time: 0.0041463
2026-06-26 11:24:20.705 10 INFO neutron.wsgi [-] 10.0.0.218 "GET / HTTP/1.1" status: 200 len: 246 time: 0.0015163
2026-06-26 11:24:32.370 10 INFO neutron.wsgi [None req-e491ae46-5084-49c1-bb41-68ac464a45d0 8d8b93d0de2e4d33a9527d5ff193614f 0d9cfadafc714e47be3a14b9ff0c38c6 - - default default] 10.0.0.94 "GET /v2.0/floatingips HTTP/1.1" status: 200 len: 193 time: 0.0664377
2026-06-26 11:24:32.396 10 INFO neutron.wsgi [None req-71d2399e-a257-4382-84bc-057ac08735d3 8d8b93d0de2e4d33a9527d5ff193614f 0d9cfadafc714e47be3a14b9ff0c38c6 - - default default] 10.0.0.94 "GET /v2.0/agents HTTP/1.1" status: 200 len: 997 time: 0.0246511
2026-06-26 11:24:32.408 10 INFO neutron.wsgi [None req-d5b615da-2712-4b1f-ac6a-8e4ff239d71e 8d8b93d0de2e4d33a9527d5ff193614f 0d9cfadafc714e47be3a14b9ff0c38c6 - - default default] 10.0.0.94 "GET /v2.0/network-ip-availabilities HTTP/1.1" status: 200 len: 1280 time: 0.0117919
2026-06-26 11:24:32.451 10 INFO neutron.wsgi [None req-e3ee2d69-2657-4d2f-95be-836a6ed87c82 8d8b93d0de2e4d33a9527d5ff193614f 0d9cfadafc714e47be3a14b9ff0c38c6 - - default default] 10.0.0.94 "GET /v2.0/subnets HTTP/1.1" status: 200 len: 1437 time: 0.0407264
2026-06-26 11:24:32.461 10 INFO neutron.wsgi [None req-47d23651-e73b-4e99-9194-141755cea602 8d8b93d0de2e4d33a9527d5ff193614f 0d9cfadafc714e47be3a14b9ff0c38c6 - - default default] 10.0.0.94 "GET /v2.0/subnetpools HTTP/1.1" status: 200 len: 193 time: 0.0088799
2026-06-26 11:24:32.526 10 INFO neutron.wsgi [None req-e7b4e4b3-5c9f-4dda-82ab-83372d9ed9ab 8d8b93d0de2e4d33a9527d5ff193614f 0d9cfadafc714e47be3a14b9ff0c38c6 - - default default] 10.0.0.94 "GET /v2.0/networks HTTP/1.1" status: 200 len: 2350 time: 0.0639930
2026-06-26 11:24:32.568 10 INFO neutron.wsgi [None req-4c2872e2-fecd-4014-8421-7b110c5be4f1 8d8b93d0de2e4d33a9527d5ff193614f 0d9cfadafc714e47be3a14b9ff0c38c6 - - default default] 10.0.0.94 "GET /v2.0/subnets HTTP/1.1" status: 200 len: 1437 time: 0.0401943
2026-06-26 11:24:32.603 10 INFO neutron.wsgi [None req-bd6c49a5-bed7-4f6f-a03b-990ec517a552 8d8b93d0de2e4d33a9527d5ff193614f 0d9cfadafc714e47be3a14b9ff0c38c6 - - default default] 10.0.0.94 "GET /v2.0/ports HTTP/1.1" status: 200 len: 5351 time: 0.0343182
2026-06-26 11:24:32.631 10 INFO neutron.wsgi [None req-50f41bb9-6b8d-45ab-be5f-f3b5759d2618 8d8b93d0de2e4d33a9527d5ff193614f 0d9cfadafc714e47be3a14b9ff0c38c6 - - default default] 10.0.0.94 "GET /v2.0/routers HTTP/1.1" status: 200 len: 189 time: 0.0212040
2026-06-26 11:24:32.640 10 INFO neutron.wsgi [None req-d3272632-1a88-4e13-904a-eca87d1beb59 8d8b93d0de2e4d33a9527d5ff193614f 0d9cfadafc714e47be3a14b9ff0c38c6 - - default default] 10.0.0.94 "GET /v2.0/agents?binary=ovn-controller HTTP/1.1" status: 200 len: 591 time: 0.0085533
2026-06-26 11:24:32.684 10 INFO neutron.wsgi [None req-ea963d35-c5f4-40a5-8a99-108af2318ee8 8d8b93d0de2e4d33a9527d5ff193614f 0d9cfadafc714e47be3a14b9ff0c38c6 - - default default] 10.0.0.94 "GET /v2.0/security-groups HTTP/1.1" status: 200 len: 16803 time: 0.0433540
2026-06-26 11:24:35.698 9 INFO neutron.wsgi [-] 10.0.0.218 "GET / HTTP/1.1" status: 200 len: 246 time: 0.0016792
2026-06-26 11:24:35.700 10 INFO neutron.wsgi [-] 10.0.0.218 "GET / HTTP/1.1" status: 200 len: 246 time: 0.0029774
2026-06-26 11:24:50.700 10 INFO neutron.wsgi [-] 10.0.0.218 "GET / HTTP/1.1" status: 200 len: 246 time: 0.0028188
2026-06-26 11:24:50.705 9 INFO neutron.wsgi [-] 10.0.0.218 "GET / HTTP/1.1" status: 200 len: 246 time: 0.0055869
2026-06-26 11:25:05.699 10 INFO neutron.wsgi [-] 10.0.0.218 "GET / HTTP/1.1" status: 200 len: 246 time: 0.0020471
2026-06-26 11:25:05.704 10 INFO neutron.wsgi [-] 10.0.0.218 "GET / HTTP/1.1" status: 200 len: 246 time: 0.0045125
2026-06-26 11:25:20.701 9 INFO neutron.wsgi [-] 10.0.0.218 "GET / HTTP/1.1" status: 200 len: 246 time: 0.0025332
2026-06-26 11:25:20.704 9 INFO neutron.wsgi [-] 10.0.0.218 "GET / HTTP/1.1" status: 200 len: 246 time: 0.0019569
2026-06-26 11:25:32.352 10 INFO neutron.wsgi [None req-5b1a4ffb-2cff-464d-9ff9-2f6adc92baba 8d8b93d0de2e4d33a9527d5ff193614f 0d9cfadafc714e47be3a14b9ff0c38c6 - - default default] 10.0.0.94 "GET /v2.0/network-ip-availabilities HTTP/1.1" status: 200 len: 1280 time: 0.0503910
2026-06-26 11:25:32.409 10 INFO neutron.wsgi [None req-4bc50537-d0a0-4310-8be1-d28e42115b22 8d8b93d0de2e4d33a9527d5ff193614f 0d9cfadafc714e47be3a14b9ff0c38c6 - - default default] 10.0.0.94 "GET /v2.0/networks HTTP/1.1" status: 200 len: 2350 time: 0.0564961
2026-06-26 11:25:32.441 10 INFO neutron.wsgi [None req-edddbc9a-c192-494e-985f-41db5962668e 8d8b93d0de2e4d33a9527d5ff193614f 0d9cfadafc714e47be3a14b9ff0c38c6 - - default default] 10.0.0.94 "GET /v2.0/subnets HTTP/1.1" status: 200 len: 1437 time: 0.0297456
2026-06-26 11:25:32.480 10 INFO neutron.wsgi [None req-6fb964d5-2763-49d1-bd99-ba3cdf03bf66 8d8b93d0de2e4d33a9527d5ff193614f 0d9cfadafc714e47be3a14b9ff0c38c6 - - default default] 10.0.0.94 "GET /v2.0/ports HTTP/1.1" status: 200 len: 5351 time: 0.0380743
2026-06-26 11:25:32.516 10 INFO neutron.wsgi [None req-32c2a197-a4b6-4af0-8088-90cd1e9b00b9 8d8b93d0de2e4d33a9527d5ff193614f 0d9cfadafc714e47be3a14b9ff0c38c6 - - default default] 10.0.0.94 "GET /v2.0/agents HTTP/1.1" status: 200 len: 997 time: 0.0314181
2026-06-26 11:25:32.540 10 INFO neutron.wsgi [None req-5b1ce9a8-7bea-48d9-9e0a-f3c7222a1778 8d8b93d0de2e4d33a9527d5ff193614f 0d9cfadafc714e47be3a14b9ff0c38c6 - - default default] 10.0.0.94 "GET /v2.0/floatingips HTTP/1.1" status: 200 len: 193 time: 0.0221665
2026-06-26 11:25:32.575 10 INFO neutron.wsgi [None req-2794395b-bbed-4bfd-8e7a-78201fab2540 8d8b93d0de2e4d33a9527d5ff193614f 0d9cfadafc714e47be3a14b9ff0c38c6 - - default default] 10.0.0.94 "GET /v2.0/subnets HTTP/1.1" status: 200 len: 1437 time: 0.0339010
2026-06-26 11:25:32.597 10 INFO neutron.wsgi [None req-92b28706-03c4-4e8e-bc63-0653af3e550f 8d8b93d0de2e4d33a9527d5ff193614f 0d9cfadafc714e47be3a14b9ff0c38c6 - - default default] 10.0.0.94 "GET /v2.0/subnetpools HTTP/1.1" status: 200 len: 193 time: 0.0207388
2026-06-26 11:25:32.622 10 INFO neutron.wsgi [None req-e832cd71-7ce3-4cfe-826b-fbcef4d4e895 8d8b93d0de2e4d33a9527d5ff193614f 0d9cfadafc714e47be3a14b9ff0c38c6 - - default default] 10.0.0.94 "GET /v2.0/routers HTTP/1.1" status: 200 len: 189 time: 0.0242009
2026-06-26 11:25:32.633 10 INFO neutron.wsgi [None req-ee673c45-0a2d-42d7-9762-de77e349963d 8d8b93d0de2e4d33a9527d5ff193614f 0d9cfadafc714e47be3a14b9ff0c38c6 - - default default] 10.0.0.94 "GET /v2.0/agents?binary=ovn-controller HTTP/1.1" status: 200 len: 591 time: 0.0100513
2026-06-26 11:25:32.677 10 INFO neutron.wsgi [None req-4180dbe9-2b8c-4dd0-8d29-2e1420f24c88 8d8b93d0de2e4d33a9527d5ff193614f 0d9cfadafc714e47be3a14b9ff0c38c6 - - default default] 10.0.0.94 "GET /v2.0/security-groups HTTP/1.1" status: 200 len: 16803 time: 0.0432463
2026-06-26 11:25:35.701 9 INFO neutron.wsgi [-] 10.0.0.218 "GET / HTTP/1.1" status: 200 len: 246 time: 0.0022948
2026-06-26 11:25:35.704 9 INFO neutron.wsgi [-] 10.0.0.218 "GET / HTTP/1.1" status: 200 len: 246 time: 0.0018210
2026-06-26 11:25:50.698 10 INFO neutron.wsgi [-] 10.0.0.218 "GET / HTTP/1.1" status: 200 len: 246 time: 0.0016754
2026-06-26 11:25:50.700 10 INFO neutron.wsgi [-] 10.0.0.218 "GET / HTTP/1.1" status: 200 len: 246 time: 0.0012796
2026-06-26 11:26:05.701 9 INFO neutron.wsgi [-] 10.0.0.218 "GET / HTTP/1.1" status: 200 len: 246 time: 0.0032539
2026-06-26 11:26:05.701 10 INFO neutron.wsgi [-] 10.0.0.218 "GET / HTTP/1.1" status: 200 len: 246 time: 0.0030997
2026-06-26 11:26:20.700 10 INFO neutron.wsgi [-] 10.0.0.218 "GET / HTTP/1.1" status: 200 len: 246 time: 0.0037210
2026-06-26 11:26:20.704 9 INFO neutron.wsgi [-] 10.0.0.218 "GET / HTTP/1.1" status: 200 len: 246 time: 0.0058947
2026-06-26 11:26:32.562 10 INFO neutron.wsgi [None req-31ef012d-54c8-4ab9-8b9d-a5e6f69ae1a1 8d8b93d0de2e4d33a9527d5ff193614f 0d9cfadafc714e47be3a14b9ff0c38c6 - - default default] 10.0.0.94 "GET /v2.0/networks HTTP/1.1" status: 200 len: 2350 time: 0.1596904
2026-06-26 11:26:32.599 10 INFO neutron.wsgi [None req-e2708db0-68cb-4350-8493-c2d192a48d16 8d8b93d0de2e4d33a9527d5ff193614f 0d9cfadafc714e47be3a14b9ff0c38c6 - - default default] 10.0.0.94 "GET /v2.0/subnets HTTP/1.1" status: 200 len: 1437 time: 0.0346155
2026-06-26 11:26:32.623 10 INFO neutron.wsgi [None req-4df7c5c6-5158-4fcf-bc44-10d689277341 8d8b93d0de2e4d33a9527d5ff193614f 0d9cfadafc714e47be3a14b9ff0c38c6 - - default default] 10.0.0.94 "GET /v2.0/agents HTTP/1.1" status: 200 len: 997 time: 0.0232673
2026-06-26 11:26:32.641 10 INFO neutron.wsgi [None req-26e8cc64-60d0-4579-b892-57f1c7c45272 8d8b93d0de2e4d33a9527d5ff193614f 0d9cfadafc714e47be3a14b9ff0c38c6 - - default default] 10.0.0.94 "GET /v2.0/floatingips HTTP/1.1" status: 200 len: 193 time: 0.0163260
2026-06-26 11:26:32.671 10 INFO neutron.wsgi [None req-d915f0a4-96b1-4c10-b3cc-c75d85651a9f 8d8b93d0de2e4d33a9527d5ff193614f 0d9cfadafc714e47be3a14b9ff0c38c6 - - default default] 10.0.0.94 "GET /v2.0/ports HTTP/1.1" status: 200 len: 5351 time: 0.0291438
2026-06-26 11:26:32.702 10 INFO neutron.wsgi [None req-1487b3b8-3a47-499d-9cbc-3ee3a5f96878 8d8b93d0de2e4d33a9527d5ff193614f 0d9cfadafc714e47be3a14b9ff0c38c6 - - default default] 10.0.0.94 "GET /v2.0/routers HTTP/1.1" status: 200 len: 189 time: 0.0255580
2026-06-26 11:26:32.719 10 INFO neutron.wsgi [None req-a1f63b47-8331-40dc-8d71-a4978746ddd8 8d8b93d0de2e4d33a9527d5ff193614f 0d9cfadafc714e47be3a14b9ff0c38c6 - - default default] 10.0.0.94 "GET /v2.0/agents?binary=ovn-controller HTTP/1.1" status: 200 len: 591 time: 0.0162163
2026-06-26 11:26:32.732 10 INFO neutron.wsgi [None req-b66e9418-afd5-418f-a1e2-26b04a7dd1d3 8d8b93d0de2e4d33a9527d5ff193614f 0d9cfadafc714e47be3a14b9ff0c38c6 - - default default] 10.0.0.94 "GET /v2.0/network-ip-availabilities HTTP/1.1" status: 200 len: 1280 time: 0.0113115
2026-06-26 11:26:32.774 10 INFO neutron.wsgi [None req-af17d7cc-9492-4f7b-83df-05262b84607a 8d8b93d0de2e4d33a9527d5ff193614f 0d9cfadafc714e47be3a14b9ff0c38c6 - - default default] 10.0.0.94 "GET /v2.0/subnets HTTP/1.1" status: 200 len: 1437 time: 0.0400896
2026-06-26 11:26:32.784 10 INFO neutron.wsgi [None req-c1889ff4-933a-4f32-a465-1d49091fcf2c 8d8b93d0de2e4d33a9527d5ff193614f 0d9cfadafc714e47be3a14b9ff0c38c6 - - default default] 10.0.0.94 "GET /v2.0/subnetpools HTTP/1.1" status: 200 len: 193 time: 0.0094972
2026-06-26 11:26:32.844 10 INFO neutron.wsgi [None req-2c593c01-714c-4ae9-98a0-99653820a99c 8d8b93d0de2e4d33a9527d5ff193614f 0d9cfadafc714e47be3a14b9ff0c38c6 - - default default] 10.0.0.94 "GET /v2.0/security-groups HTTP/1.1" status: 200 len: 16803 time: 0.0591815
2026-06-26 11:26:35.700 10 INFO neutron.wsgi [-] 10.0.0.218 "GET / HTTP/1.1" status: 200 len: 246 time: 0.0016680
2026-06-26 11:26:35.702 10 INFO neutron.wsgi [-] 10.0.0.218 "GET / HTTP/1.1" status: 200 len: 246 time: 0.0011966
2026-06-26 11:26:50.697 9 INFO neutron.wsgi [-] 10.0.0.218 "GET / HTTP/1.1" status: 200 len: 246 time: 0.0013282
2026-06-26 11:26:50.700 10 INFO neutron.wsgi [-] 10.0.0.218 "GET / HTTP/1.1" status: 200 len: 246 time: 0.0043335
2026-06-26 11:27:05.698 9 INFO neutron.wsgi [-] 10.0.0.218 "GET / HTTP/1.1" status: 200 len: 246 time: 0.0017509
2026-06-26 11:27:05.701 10 INFO neutron.wsgi [-] 10.0.0.218 "GET / HTTP/1.1" status: 200 len: 246 time: 0.0046380
2026-06-26 11:27:20.698 10 INFO neutron.wsgi [-] 10.0.0.218 "GET / HTTP/1.1" status: 200 len: 246 time: 0.0017068
2026-06-26 11:27:20.700 9 INFO neutron.wsgi [-] 10.0.0.218 "GET / HTTP/1.1" status: 200 len: 246 time: 0.0042391
2026-06-26 11:27:32.424 10 INFO neutron.wsgi [None req-471c002c-f709-41d3-a148-f19a8aa83b54 8d8b93d0de2e4d33a9527d5ff193614f 0d9cfadafc714e47be3a14b9ff0c38c6 - - default default] 10.0.0.94 "GET /v2.0/ports HTTP/1.1" status: 200 len: 5351 time: 0.1036506
2026-06-26 11:27:32.462 10 INFO neutron.wsgi [None req-284b4572-b36b-4515-ae6f-d375c825ad7e 8d8b93d0de2e4d33a9527d5ff193614f 0d9cfadafc714e47be3a14b9ff0c38c6 - - default default] 10.0.0.94 "GET /v2.0/agents HTTP/1.1" status: 200 len: 997 time: 0.0338149
2026-06-26 11:27:32.517 10 INFO neutron.wsgi [None req-76449f0d-9af5-4e03-9c79-699e1dd09c42 8d8b93d0de2e4d33a9527d5ff193614f 0d9cfadafc714e47be3a14b9ff0c38c6 - - default default] 10.0.0.94 "GET /v2.0/networks HTTP/1.1" status: 200 len: 2350 time: 0.0534642
2026-06-26 11:27:32.565 10 INFO neutron.wsgi [None req-e8122ec4-f278-45af-8413-50d2922f9dde 8d8b93d0de2e4d33a9527d5ff193614f 0d9cfadafc714e47be3a14b9ff0c38c6 - - default default] 10.0.0.94 "GET /v2.0/security-groups HTTP/1.1" status: 200 len: 16803 time: 0.0437644
2026-06-26 11:27:32.602 10 INFO neutron.wsgi [None req-db2208f2-e6ca-4aca-bf07-3719361d5b50 8d8b93d0de2e4d33a9527d5ff193614f 0d9cfadafc714e47be3a14b9ff0c38c6 - - default default] 10.0.0.94 "GET /v2.0/subnets HTTP/1.1" status: 200 len: 1437 time: 0.0330279
2026-06-26 11:27:32.621 10 INFO neutron.wsgi [None req-4d09ca1b-7bcb-4aad-958e-e3d3012adc39 8d8b93d0de2e4d33a9527d5ff193614f 0d9cfadafc714e47be3a14b9ff0c38c6 - - default default] 10.0.0.94 "GET /v2.0/routers HTTP/1.1" status: 200 len: 189 time: 0.0177057
2026-06-26 11:27:32.629 10 INFO neutron.wsgi [None req-77659dcd-f7d8-4b89-804b-2c47e448906c 8d8b93d0de2e4d33a9527d5ff193614f 0d9cfadafc714e47be3a14b9ff0c38c6 - - default default] 10.0.0.94 "GET /v2.0/agents?binary=ovn-controller HTTP/1.1" status: 200 len: 591 time: 0.0074294
2026-06-26 11:27:32.640 10 INFO neutron.wsgi [None req-f4f65743-34f1-4778-b939-b113826bec22 8d8b93d0de2e4d33a9527d5ff193614f 0d9cfadafc714e47be3a14b9ff0c38c6 - - default default] 10.0.0.94 "GET /v2.0/network-ip-availabilities HTTP/1.1" status: 200 len: 1280 time: 0.0095558
2026-06-26 11:27:32.663 10 INFO neutron.wsgi [None req-5852f8cd-f347-4810-b7d6-6a2b2ab3605b 8d8b93d0de2e4d33a9527d5ff193614f 0d9cfadafc714e47be3a14b9ff0c38c6 - - default default] 10.0.0.94 "GET /v2.0/floatingips HTTP/1.1" status: 200 len: 193 time: 0.0221462
2026-06-26 11:27:32.692 10 INFO neutron.wsgi [None req-79fbd46e-9039-495b-a8b7-884327676078 8d8b93d0de2e4d33a9527d5ff193614f 0d9cfadafc714e47be3a14b9ff0c38c6 - - default default] 10.0.0.94 "GET /v2.0/subnets HTTP/1.1" status: 200 len: 1437 time: 0.0271931
2026-06-26 11:27:32.702 10 INFO neutron.wsgi [None req-0073e6de-edc6-40a6-a9b9-289563a20a1d 8d8b93d0de2e4d33a9527d5ff193614f 0d9cfadafc714e47be3a14b9ff0c38c6 - - default default] 10.0.0.94 "GET /v2.0/subnetpools HTTP/1.1" status: 200 len: 193 time: 0.0087574
2026-06-26 11:27:35.700 9 INFO neutron.wsgi [-] 10.0.0.218 "GET / HTTP/1.1" status: 200 len: 246 time: 0.0025232
2026-06-26 11:27:35.700 10 INFO neutron.wsgi [-] 10.0.0.218 "GET / HTTP/1.1" status: 200 len: 246 time: 0.0025697
2026-06-26 11:27:50.701 10 INFO neutron.wsgi [-] 10.0.0.218 "GET / HTTP/1.1" status: 200 len: 246 time: 0.0036697
2026-06-26 11:27:50.703 10 INFO neutron.wsgi [-] 10.0.0.218 "GET / HTTP/1.1" status: 200 len: 246 time: 0.0015392
2026-06-26 11:28:05.699 9 INFO neutron.wsgi [-] 10.0.0.218 "GET / HTTP/1.1" status: 200 len: 246 time: 0.0023341
2026-06-26 11:28:05.699 10 INFO neutron.wsgi [-] 10.0.0.218 "GET / HTTP/1.1" status: 200 len: 246 time: 0.0022733
2026-06-26 11:28:20.699 9 INFO neutron.wsgi [-] 10.0.0.218 "GET / HTTP/1.1" status: 200 len: 246 time: 0.0016220
2026-06-26 11:28:20.701 9 INFO neutron.wsgi [-] 10.0.0.218 "GET / HTTP/1.1" status: 200 len: 246 time: 0.0014024
2026-06-26 11:28:32.397 10 INFO neutron.wsgi [None req-2f199e06-4b6b-4806-b7f6-391a7ecba66a 8d8b93d0de2e4d33a9527d5ff193614f 0d9cfadafc714e47be3a14b9ff0c38c6 - - default default] 10.0.0.94 "GET /v2.0/subnets HTTP/1.1" status: 200 len: 1437 time: 0.0765936
2026-06-26 11:28:32.406 10 INFO neutron.wsgi [None req-0d6d225d-b73f-4068-a6d5-de4ed303a906 8d8b93d0de2e4d33a9527d5ff193614f 0d9cfadafc714e47be3a14b9ff0c38c6 - - default default] 10.0.0.94 "GET /v2.0/subnetpools HTTP/1.1" status: 200 len: 193 time: 0.0087645
2026-06-26 11:28:32.425 10 INFO neutron.wsgi [None req-3c207a42-7daf-4313-b004-d83342ffd52c 8d8b93d0de2e4d33a9527d5ff193614f 0d9cfadafc714e47be3a14b9ff0c38c6 - - default default] 10.0.0.94 "GET /v2.0/floatingips HTTP/1.1" status: 200 len: 193 time: 0.0181396
2026-06-26 11:28:32.434 10 INFO neutron.wsgi [None req-546aaf01-bbd0-42ea-b683-fe99f69913f3 8d8b93d0de2e4d33a9527d5ff193614f 0d9cfadafc714e47be3a14b9ff0c38c6 - - default default] 10.0.0.94 "GET /v2.0/network-ip-availabilities HTTP/1.1" status: 200 len: 1280 time: 0.0086219
2026-06-26 11:28:32.462 10 INFO neutron.wsgi [None req-063cfaad-fcc7-4d8c-b03f-754fd3e5c80a 8d8b93d0de2e4d33a9527d5ff193614f 0d9cfadafc714e47be3a14b9ff0c38c6 - - default default] 10.0.0.94 "GET /v2.0/agents HTTP/1.1" status: 200 len: 997 time: 0.0269387
2026-06-26 11:28:32.508 10 INFO neutron.wsgi [None req-541f8915-bf58-47d5-883f-4b903b431280 8d8b93d0de2e4d33a9527d5ff193614f 0d9cfadafc714e47be3a14b9ff0c38c6 - - default default] 10.0.0.94 "GET /v2.0/networks HTTP/1.1" status: 200 len: 2350 time: 0.0447130
2026-06-26 11:28:32.539 10 INFO neutron.wsgi [None req-5fce7ea2-8a80-4ee4-991f-6bf78299f318 8d8b93d0de2e4d33a9527d5ff193614f 0d9cfadafc714e47be3a14b9ff0c38c6 - - default default] 10.0.0.94 "GET /v2.0/ports HTTP/1.1" status: 200 len: 5351 time: 0.0280173
2026-06-26 11:28:32.567 10 INFO neutron.wsgi [None req-793b6961-a4c3-4bf9-9bec-857a17651ac9 8d8b93d0de2e4d33a9527d5ff193614f 0d9cfadafc714e47be3a14b9ff0c38c6 - - default default] 10.0.0.94 "GET /v2.0/routers HTTP/1.1" status: 200 len: 189 time: 0.0241354
2026-06-26 11:28:32.585 10 INFO neutron.wsgi [None req-5f6e386d-853d-47ff-a6d0-9808e8f8f13c 8d8b93d0de2e4d33a9527d5ff193614f 0d9cfadafc714e47be3a14b9ff0c38c6 - - default default] 10.0.0.94 "GET /v2.0/agents?binary=ovn-controller HTTP/1.1" status: 200 len: 591 time: 0.0166616
2026-06-26 11:28:32.634 10 INFO neutron.wsgi [None req-538b1c11-382c-4ea7-ba22-0a8ee196f2cb 8d8b93d0de2e4d33a9527d5ff193614f 0d9cfadafc714e47be3a14b9ff0c38c6 - - default default] 10.0.0.94 "GET /v2.0/security-groups HTTP/1.1" status: 200 len: 16803 time: 0.0480714
2026-06-26 11:28:32.679 10 INFO neutron.wsgi [None req-0fd5ab29-d1bd-45c7-af8a-84b0c5f06b02 8d8b93d0de2e4d33a9527d5ff193614f 0d9cfadafc714e47be3a14b9ff0c38c6 - - default default] 10.0.0.94 "GET /v2.0/subnets HTTP/1.1" status: 200 len: 1437 time: 0.0370171
2026-06-26 11:28:35.699 10 INFO neutron.wsgi [-] 10.0.0.218 "GET / HTTP/1.1" status: 200 len: 246 time: 0.0022702
2026-06-26 11:28:35.705 9 INFO neutron.wsgi [-] 10.0.0.218 "GET / HTTP/1.1" status: 200 len: 246 time: 0.0018210
2026-06-26 11:28:50.700 10 INFO neutron.wsgi [-] 10.0.0.218 "GET / HTTP/1.1" status: 200 len: 246 time: 0.0031009
2026-06-26 11:28:50.703 10 INFO neutron.wsgi [-] 10.0.0.218 "GET / HTTP/1.1" status: 200 len: 246 time: 0.0020559
2026-06-26 11:29:05.699 10 INFO neutron.wsgi [-] 10.0.0.218 "GET / HTTP/1.1" status: 200 len: 246 time: 0.0022230
2026-06-26 11:29:05.699 9 INFO neutron.wsgi [-] 10.0.0.218 "GET / HTTP/1.1" status: 200 len: 246 time: 0.0024362
2026-06-26 11:29:20.699 10 INFO neutron.wsgi [-] 10.0.0.218 "GET / HTTP/1.1" status: 200 len: 246 time: 0.0023091
2026-06-26 11:29:20.699 9 INFO neutron.wsgi [-] 10.0.0.218 "GET / HTTP/1.1" status: 200 len: 246 time: 0.0024357
2026-06-26 11:29:32.537 10 INFO neutron.wsgi [None req-881abd94-6e0b-4d7b-9d18-d43d2d6840c1 8d8b93d0de2e4d33a9527d5ff193614f 0d9cfadafc714e47be3a14b9ff0c38c6 - - default default] 10.0.0.94 "GET /v2.0/security-groups HTTP/1.1" status: 200 len: 16803 time: 0.2210240
2026-06-26 11:29:32.575 10 INFO neutron.wsgi [None req-051d341d-418d-4a54-83b9-f2e626ef51ee 8d8b93d0de2e4d33a9527d5ff193614f 0d9cfadafc714e47be3a14b9ff0c38c6 - - default default] 10.0.0.94 "GET /v2.0/subnets HTTP/1.1" status: 200 len: 1437 time: 0.0301673
2026-06-26 11:29:32.598 10 INFO neutron.wsgi [None req-e91cd33a-197c-4ef3-909f-df249562d4e8 8d8b93d0de2e4d33a9527d5ff193614f 0d9cfadafc714e47be3a14b9ff0c38c6 - - default default] 10.0.0.94 "GET /v2.0/floatingips HTTP/1.1" status: 200 len: 193 time: 0.0212886
2026-06-26 11:29:32.645 10 INFO neutron.wsgi [None req-2fa92de1-ad16-4017-9b80-d34376dbdbe3 8d8b93d0de2e4d33a9527d5ff193614f 0d9cfadafc714e47be3a14b9ff0c38c6 - - default default] 10.0.0.94 "GET /v2.0/ports HTTP/1.1" status: 200 len: 5351 time: 0.0463278
2026-06-26 11:29:32.683 10 INFO neutron.wsgi [None req-e3eea744-44bc-417f-852e-a31bd26920e6 8d8b93d0de2e4d33a9527d5ff193614f 0d9cfadafc714e47be3a14b9ff0c38c6 - - default default] 10.0.0.94 "GET /v2.0/agents HTTP/1.1" status: 200 len: 997 time: 0.0328064
2026-06-26 11:29:32.693 10 INFO neutron.wsgi [None req-1d13ecc4-e245-45da-b65f-c172e6aa1142 8d8b93d0de2e4d33a9527d5ff193614f 0d9cfadafc714e47be3a14b9ff0c38c6 - - default default] 10.0.0.94 "GET /v2.0/network-ip-availabilities HTTP/1.1" status: 200 len: 1280 time: 0.0095658
2026-06-26 11:29:32.817 10 INFO neutron.wsgi [None req-a3ca1335-56e0-4895-a954-1fa0ad1f2e69 8d8b93d0de2e4d33a9527d5ff193614f 0d9cfadafc714e47be3a14b9ff0c38c6 - - default default] 10.0.0.94 "GET /v2.0/networks HTTP/1.1" status: 200 len: 2350 time: 0.1232901
2026-06-26 11:29:32.851 10 INFO neutron.wsgi [None req-0fdd3d5e-48f2-4b5f-ba1b-fa7f95866b36 8d8b93d0de2e4d33a9527d5ff193614f 0d9cfadafc714e47be3a14b9ff0c38c6 - - default default] 10.0.0.94 "GET /v2.0/subnets HTTP/1.1" status: 200 len: 1437 time: 0.0306408
2026-06-26 11:29:32.862 10 INFO neutron.wsgi [None req-e9c350a2-73c6-4564-82e2-f4f31fa5a50b 8d8b93d0de2e4d33a9527d5ff193614f 0d9cfadafc714e47be3a14b9ff0c38c6 - - default default] 10.0.0.94 "GET /v2.0/subnetpools HTTP/1.1" status: 200 len: 193 time: 0.0100439
2026-06-26 11:29:32.881 10 INFO neutron.wsgi [None req-3a98fd5b-eba9-4d11-96dd-13e1edea8e11 8d8b93d0de2e4d33a9527d5ff193614f 0d9cfadafc714e47be3a14b9ff0c38c6 - - default default] 10.0.0.94 "GET /v2.0/routers HTTP/1.1" status: 200 len: 189 time: 0.0180039
2026-06-26 11:29:32.890 10 INFO neutron.wsgi [None req-3f72ee08-c898-4082-a5cf-8609d9250f6f 8d8b93d0de2e4d33a9527d5ff193614f 0d9cfadafc714e47be3a14b9ff0c38c6 - - default default] 10.0.0.94 "GET /v2.0/agents?binary=ovn-controller HTTP/1.1" status: 200 len: 591 time: 0.0085001
2026-06-26 11:29:35.700 9 INFO neutron.wsgi [-] 10.0.0.218 "GET / HTTP/1.1" status: 200 len: 246 time: 0.0024643
2026-06-26 11:29:35.701 10 INFO neutron.wsgi [-] 10.0.0.218 "GET / HTTP/1.1" status: 200 len: 246 time: 0.0033293
2026-06-26 11:29:50.699 10 INFO neutron.wsgi [-] 10.0.0.218 "GET / HTTP/1.1" status: 200 len: 246 time: 0.0023582
2026-06-26 11:29:50.701 9 INFO neutron.wsgi [-] 10.0.0.218 "GET / HTTP/1.1" status: 200 len: 246 time: 0.0040274
2026-06-26 11:30:05.700 10 INFO neutron.wsgi [-] 10.0.0.218 "GET / HTTP/1.1" status: 200 len: 246 time: 0.0032122
2026-06-26 11:30:05.700 9 INFO neutron.wsgi [-] 10.0.0.218 "GET / HTTP/1.1" status: 200 len: 246 time: 0.0026584
2026-06-26 11:30:20.698 9 INFO neutron.wsgi [-] 10.0.0.218 "GET / HTTP/1.1" status: 200 len: 246 time: 0.0018029
2026-06-26 11:30:20.700 10 INFO neutron.wsgi [-] 10.0.0.218 "GET / HTTP/1.1" status: 200 len: 246 time: 0.0034826
2026-06-26 11:30:32.400 10 INFO neutron.wsgi [None req-7a4a7ad7-5bd6-4e1e-8176-2441d59a245f 8d8b93d0de2e4d33a9527d5ff193614f 0d9cfadafc714e47be3a14b9ff0c38c6 - - default default] 10.0.0.94 "GET /v2.0/network-ip-availabilities HTTP/1.1" status: 200 len: 1280 time: 0.0738959
2026-06-26 11:30:32.459 10 INFO neutron.wsgi [None req-c2e26df4-a967-48c7-97a3-4dcbffd983b7 8d8b93d0de2e4d33a9527d5ff193614f 0d9cfadafc714e47be3a14b9ff0c38c6 - - default default] 10.0.0.94 "GET /v2.0/ports HTTP/1.1" status: 200 len: 5351 time: 0.0578651
2026-06-26 11:30:32.499 10 INFO neutron.wsgi [None req-9aab5c07-b2a3-40ef-a790-1d3eeae5e594 8d8b93d0de2e4d33a9527d5ff193614f 0d9cfadafc714e47be3a14b9ff0c38c6 - - default default] 10.0.0.94 "GET /v2.0/subnets HTTP/1.1" status: 200 len: 1437 time: 0.0303216
2026-06-26 11:30:32.508 10 INFO neutron.wsgi [None req-27302ce7-d5b6-4407-a598-df82c744aeb3 8d8b93d0de2e4d33a9527d5ff193614f 0d9cfadafc714e47be3a14b9ff0c38c6 - - default default] 10.0.0.94 "GET /v2.0/subnetpools HTTP/1.1" status: 200 len: 193 time: 0.0076811
2026-06-26 11:30:32.546 10 INFO neutron.wsgi [None req-283e627d-cda4-4387-a7a3-1b151ea528a0 8d8b93d0de2e4d33a9527d5ff193614f 0d9cfadafc714e47be3a14b9ff0c38c6 - - default default] 10.0.0.94 "GET /v2.0/floatingips HTTP/1.1" status: 200 len: 193 time: 0.0375009
2026-06-26 11:30:32.601 10 INFO neutron.wsgi [None req-d8309803-4190-4495-87c4-c231cec6565d 8d8b93d0de2e4d33a9527d5ff193614f 0d9cfadafc714e47be3a14b9ff0c38c6 - - default default] 10.0.0.94 "GET /v2.0/networks HTTP/1.1" status: 200 len: 2350 time: 0.0538449
