2026-06-26 11:36:19.824 9 INFO neutron.wsgi [None req-df7ca2c2-87ea-40b4-a0ff-86b1c18a73e3 90069c2a5a774d0db2f47432d009b060 aeff609343e5472896fabcf67115262c - - default default] 10.0.0.155 "PUT /v2.0/routers/f5bd0548-2bf6-4ba6-8369-f41533536c7d/remove_router_interface HTTP/1.1" status: 200 len: 503 time: 0.8027875 /var/lib/openstack/lib/python3.10/site-packages/pycadf/identifier.py:71: UserWarning: Invalid uuid: neutron. To ensure interoperability, identifiers should be a valid uuid. warnings.warn(('Invalid uuid: %s. To ensure interoperability, '
2026-06-26 11:36:19.897 9 INFO neutron.api.v2.resource [None req-2299fe3f-b787-4cfd-9d5e-b7548ea7fb83 90069c2a5a774d0db2f47432d009b060 aeff609343e5472896fabcf67115262c - - default default] remove_router_interface failed (client error): The resource could not be found.
2026-06-26 11:36:19.898 9 INFO neutron.wsgi [None req-2299fe3f-b787-4cfd-9d5e-b7548ea7fb83 90069c2a5a774d0db2f47432d009b060 aeff609343e5472896fabcf67115262c - - default default] 10.0.0.155 "PUT /v2.0/routers/f5bd0548-2bf6-4ba6-8369-f41533536c7d/remove_router_interface HTTP/1.1" status: 404 len: 398 time: 0.0664673
2026-06-26 11:36:19.924 9 INFO neutron.wsgi [None req-465e58ef-5c46-4ada-978d-22f3450c80db 90069c2a5a774d0db2f47432d009b060 aeff609343e5472896fabcf67115262c - - default default] 10.0.0.155 "GET /v2.0/ports?device_id=f5bd0548-2bf6-4ba6-8369-f41533536c7d HTTP/1.1" status: 200 len: 205 time: 0.0202384
2026-06-26 11:36:19.958 10 WARNING neutron.scheduler.dhcp_agent_scheduler [None req-d6f76d3b-c934-4003-ae83-058d261d9128 cb5750e903b843a0bad2264f4e80ff97 33b1dff2e6344d7a92822974a26856ab - - default default] No more DHCP agents
2026-06-26 11:36:19.960 10 WARNING neutron.api.rpc.agentnotifiers.dhcp_rpc_agent_api [None req-d6f76d3b-c934-4003-ae83-058d261d9128 cb5750e903b843a0bad2264f4e80ff97 33b1dff2e6344d7a92822974a26856ab - - default default] Unable to schedule network 6793a743-2ec2-4bd7-b2cc-53b7c21df01e: no agents available; will retry on subsequent port and subnet creation events.
2026-06-26 11:36:20.039 10 INFO neutron.db.ovn_revision_numbers_db [None req-d6f76d3b-c934-4003-ae83-058d261d9128 cb5750e903b843a0bad2264f4e80ff97 33b1dff2e6344d7a92822974a26856ab - - default default] Successfully bumped revision number for resource 2657cac0-25b3-4336-9a01-eb9624536cb7 (type: ports) to 1
2026-06-26 11:36:20.059 10 INFO neutron.wsgi [None req-d6f76d3b-c934-4003-ae83-058d261d9128 cb5750e903b843a0bad2264f4e80ff97 33b1dff2e6344d7a92822974a26856ab - - default default] 10.0.0.155 "POST /v2.0/networks HTTP/1.1" status: 201 len: 842 time: 0.7257309
2026-06-26 11:36:20.179 9 INFO neutron.wsgi [None req-75aac521-2ed0-4dcf-b4fb-1b2fc0c7ac7e 90069c2a5a774d0db2f47432d009b060 aeff609343e5472896fabcf67115262c - - default default] 10.0.0.155 "DELETE /v2.0/routers/f5bd0548-2bf6-4ba6-8369-f41533536c7d HTTP/1.1" status: 204 len: 168 time: 0.2498765
2026-06-26 11:36:20.390 9 WARNING neutron.scheduler.dhcp_agent_scheduler [None req-6339e694-1145-4548-b095-4723c40ccca6 cb5750e903b843a0bad2264f4e80ff97 33b1dff2e6344d7a92822974a26856ab - - default default] No more DHCP agents
2026-06-26 11:36:20.393 9 WARNING neutron.api.rpc.agentnotifiers.dhcp_rpc_agent_api [None req-6339e694-1145-4548-b095-4723c40ccca6 cb5750e903b843a0bad2264f4e80ff97 33b1dff2e6344d7a92822974a26856ab - - default default] Unable to schedule network 6793a743-2ec2-4bd7-b2cc-53b7c21df01e: no agents available; will retry on subsequent port and subnet creation events.
2026-06-26 11:36:20.447 9 INFO neutron.wsgi [None req-f8b46a50-40f1-4543-8d96-417c00cbfa0b 90069c2a5a774d0db2f47432d009b060 aeff609343e5472896fabcf67115262c - - default default] 10.0.0.155 "DELETE /v2.0/subnets/ec8ae696-525d-42af-a106-6c6220c1b0c5 HTTP/1.1" status: 204 len: 168 time: 0.2605140 /var/lib/openstack/lib/python3.10/site-packages/pycadf/identifier.py:71: UserWarning: Invalid uuid: neutron. To ensure interoperability, identifiers should be a valid uuid. warnings.warn(('Invalid uuid: %s. To ensure interoperability, '
2026-06-26 11:36:20.663 10 WARNING neutron.scheduler.dhcp_agent_scheduler [None req-8e29b59a-01fb-4c2f-9703-ffcd9b96d205 5c955a1749364bf189d92b726d50e80c e5e61fb0fde2485eaf247c960c0dc33a - - default default] No more DHCP agents
2026-06-26 11:36:20.665 10 WARNING neutron.api.rpc.agentnotifiers.dhcp_rpc_agent_api [None req-8e29b59a-01fb-4c2f-9703-ffcd9b96d205 5c955a1749364bf189d92b726d50e80c e5e61fb0fde2485eaf247c960c0dc33a - - default default] Unable to schedule network f25a640b-34f2-4e46-80d6-ee98c1506f89: no agents available; will retry on subsequent port and subnet creation events.
2026-06-26 11:36:20.692 10 INFO neutron.db.ovn_revision_numbers_db [None req-8e29b59a-01fb-4c2f-9703-ffcd9b96d205 5c955a1749364bf189d92b726d50e80c e5e61fb0fde2485eaf247c960c0dc33a - - default default] Successfully bumped revision number for resource cb2c40c6-b955-4dce-ad68-5d6cb4a71f58 (type: subnets) to 0
2026-06-26 11:36:20.700 10 INFO neutron.wsgi [-] 10.0.0.218 "GET / HTTP/1.1" status: 200 len: 246 time: 0.0026166
2026-06-26 11:36:20.706 10 INFO neutron.wsgi [-] 10.0.0.218 "GET / HTTP/1.1" status: 200 len: 246 time: 0.0046985
2026-06-26 11:36:20.725 9 INFO neutron.db.ovn_revision_numbers_db [None req-6339e694-1145-4548-b095-4723c40ccca6 cb5750e903b843a0bad2264f4e80ff97 33b1dff2e6344d7a92822974a26856ab - - default default] Successfully bumped revision number for resource 7bc657d5-8637-4460-b8dd-54dbcbf890de (type: ports) to 1
2026-06-26 11:36:20.726 10 WARNING neutron.scheduler.dhcp_agent_scheduler [None req-8e29b59a-01fb-4c2f-9703-ffcd9b96d205 5c955a1749364bf189d92b726d50e80c e5e61fb0fde2485eaf247c960c0dc33a - - default default] No more DHCP agents
2026-06-26 11:36:20.730 10 WARNING neutron.api.rpc.agentnotifiers.dhcp_rpc_agent_api [None req-8e29b59a-01fb-4c2f-9703-ffcd9b96d205 5c955a1749364bf189d92b726d50e80c e5e61fb0fde2485eaf247c960c0dc33a - - default default] Unable to schedule network 49fbba40-bd39-4462-86a1-8503cb458510: no agents available; will retry on subsequent port and subnet creation events.
2026-06-26 11:36:20.753 9 INFO neutron.wsgi [None req-6339e694-1145-4548-b095-4723c40ccca6 cb5750e903b843a0bad2264f4e80ff97 33b1dff2e6344d7a92822974a26856ab - - default default] 10.0.0.155 "POST /v2.0/ports HTTP/1.1" status: 201 len: 973 time: 0.6884811
2026-06-26 11:36:20.763 10 INFO neutron.db.ovn_revision_numbers_db [None req-8e29b59a-01fb-4c2f-9703-ffcd9b96d205 5c955a1749364bf189d92b726d50e80c e5e61fb0fde2485eaf247c960c0dc33a - - default default] Successfully bumped revision number for resource 65c1bd34-7da6-427d-a21d-e47840cf26a3 (type: subnets) to 0
2026-06-26 11:36:20.780 10 INFO neutron.wsgi [None req-8e29b59a-01fb-4c2f-9703-ffcd9b96d205 5c955a1749364bf189d92b726d50e80c e5e61fb0fde2485eaf247c960c0dc33a - - default default] 10.0.0.155 "POST /v2.0/subnets HTTP/1.1" status: 201 len: 1476 time: 0.6079347
2026-06-26 11:36:20.816 10 INFO neutron.wsgi [None req-0a6fa775-57d7-430c-b748-255ef9831b54 5c955a1749364bf189d92b726d50e80c e5e61fb0fde2485eaf247c960c0dc33a - - default default] 10.0.0.155 "GET /v2.0/subnets HTTP/1.1" status: 200 len: 2084 time: 0.0303142
2026-06-26 11:36:20.865 9 INFO neutron.db.segments_db [None req-08566dde-8279-4b91-97fe-9c4b0c836b1e cb5750e903b843a0bad2264f4e80ff97 33b1dff2e6344d7a92822974a26856ab - - default default] Added segment 54364455-4d5c-4e44-b161-a704ddeb48a1 of type geneve for network f1239d95-168c-42b0-9c69-3e6650e24292
2026-06-26 11:36:21.043 10 INFO neutron.wsgi [None req-7d95a3c2-7810-4abb-bb4f-2c8d3fe84c93 5c955a1749364bf189d92b726d50e80c e5e61fb0fde2485eaf247c960c0dc33a - - default default] 10.0.0.155 "DELETE /v2.0/subnets/cb2c40c6-b955-4dce-ad68-5d6cb4a71f58 HTTP/1.1" status: 204 len: 168 time: 0.2148330
2026-06-26 11:36:21.063 9 INFO neutron.db.ovn_revision_numbers_db [None req-08566dde-8279-4b91-97fe-9c4b0c836b1e cb5750e903b843a0bad2264f4e80ff97 33b1dff2e6344d7a92822974a26856ab - - default default] Successfully bumped revision number for resource f1239d95-168c-42b0-9c69-3e6650e24292 (type: networks) to 1
2026-06-26 11:36:21.130 9 INFO neutron.services.segments.plugin [-] Segment 73d91c98-020d-4152-8ef9-2b2ac11b63fd resource provider aggregate not found
2026-06-26 11:36:21.139 9 INFO neutron.services.segments.plugin [-] Segment 73d91c98-020d-4152-8ef9-2b2ac11b63fd resource provider aggregate not found
2026-06-26 11:36:21.156 9 INFO neutron.services.segments.plugin [-] Segment 73d91c98-020d-4152-8ef9-2b2ac11b63fd resource provider not found; error: Placement Client Error (4xx): {"errors": [{"status": 404, "title": "Not Found", "detail": "The resource could not be found.\n\n No resource provider with uuid 73d91c98-020d-4152-8ef9-2b2ac11b63fd found for delete ", "request_id": "req-cee619e7-9bb0-4ad3-9f8e-0a344555a7f5"}]}
2026-06-26 11:36:21.169 9 INFO neutron.services.segments.plugin [-] Segment 73d91c98-020d-4152-8ef9-2b2ac11b63fd resource provider not found; error: Placement Client Error (4xx): {"errors": [{"status": 404, "title": "Not Found", "detail": "The resource could not be found.\n\n No resource provider with uuid 73d91c98-020d-4152-8ef9-2b2ac11b63fd found for delete ", "request_id": "req-5f44ef32-e382-4ba2-9f2c-d24b4671ee65"}]}
2026-06-26 11:36:21.228 9 INFO neutron.wsgi [None req-057ff34d-e18b-4ff1-801d-b68bd24938f8 90069c2a5a774d0db2f47432d009b060 aeff609343e5472896fabcf67115262c - - default default] 10.0.0.155 "DELETE /v2.0/networks/d43f1da4-9849-4f91-8c15-6198f2b8c873 HTTP/1.1" status: 204 len: 168 time: 0.7724488
2026-06-26 11:36:21.372 10 INFO neutron.db.segments_db [None req-1529f257-90ef-4885-aaf9-c40a90a80117 90069c2a5a774d0db2f47432d009b060 aeff609343e5472896fabcf67115262c - - default default] Added segment 4e5728c5-9185-4284-8ec7-a904437572a9 of type geneve for network 118c474b-f1d1-4dc6-851d-343b545d0178
2026-06-26 11:36:21.373 9 WARNING neutron.scheduler.dhcp_agent_scheduler [None req-08566dde-8279-4b91-97fe-9c4b0c836b1e cb5750e903b843a0bad2264f4e80ff97 33b1dff2e6344d7a92822974a26856ab - - default default] No more DHCP agents
2026-06-26 11:36:21.386 9 INFO neutron.wsgi [None req-9f6107f0-90ea-48e9-8db1-3aaec2c4e868 5c955a1749364bf189d92b726d50e80c e5e61fb0fde2485eaf247c960c0dc33a - - default default] 10.0.0.155 "DELETE /v2.0/subnets/65c1bd34-7da6-427d-a21d-e47840cf26a3 HTTP/1.1" status: 204 len: 168 time: 0.3317888
2026-06-26 11:36:21.387 9 WARNING neutron.api.rpc.agentnotifiers.dhcp_rpc_agent_api [None req-08566dde-8279-4b91-97fe-9c4b0c836b1e cb5750e903b843a0bad2264f4e80ff97 33b1dff2e6344d7a92822974a26856ab - - default default] Unable to schedule network f1239d95-168c-42b0-9c69-3e6650e24292: no agents available; will retry on subsequent port and subnet creation events.
2026-06-26 11:36:21.437 10 INFO neutron.wsgi [None req-8f545c37-754c-4359-8e2b-71bcb7e30c22 5c955a1749364bf189d92b726d50e80c e5e61fb0fde2485eaf247c960c0dc33a - - default default] 10.0.0.155 "GET /v2.0/subnets HTTP/1.1" status: 200 len: 820 time: 0.0467682
2026-06-26 11:36:21.457 9 INFO neutron.db.ovn_revision_numbers_db [None req-08566dde-8279-4b91-97fe-9c4b0c836b1e cb5750e903b843a0bad2264f4e80ff97 33b1dff2e6344d7a92822974a26856ab - - default default] Successfully bumped revision number for resource 7ad1e072-913a-4ce3-beb7-b610655ba15d (type: ports) to 1
2026-06-26 11:36:21.481 9 INFO neutron.wsgi [None req-08566dde-8279-4b91-97fe-9c4b0c836b1e cb5750e903b843a0bad2264f4e80ff97 33b1dff2e6344d7a92822974a26856ab - - default default] 10.0.0.155 "POST /v2.0/networks HTTP/1.1" status: 201 len: 831 time: 0.7221289
2026-06-26 11:36:21.598 10 INFO neutron.db.ovn_revision_numbers_db [None req-1529f257-90ef-4885-aaf9-c40a90a80117 90069c2a5a774d0db2f47432d009b060 aeff609343e5472896fabcf67115262c - - default default] Successfully bumped revision number for resource 118c474b-f1d1-4dc6-851d-343b545d0178 (type: networks) to 1
2026-06-26 11:36:21.713 9 WARNING neutron.scheduler.dhcp_agent_scheduler [None req-39b9102e-a11d-412f-9f1a-87d4753c5f72 cb5750e903b843a0bad2264f4e80ff97 33b1dff2e6344d7a92822974a26856ab - - default default] No more DHCP agents
2026-06-26 11:36:21.716 9 WARNING neutron.api.rpc.agentnotifiers.dhcp_rpc_agent_api [None req-39b9102e-a11d-412f-9f1a-87d4753c5f72 cb5750e903b843a0bad2264f4e80ff97 33b1dff2e6344d7a92822974a26856ab - - default default] Unable to schedule network f1239d95-168c-42b0-9c69-3e6650e24292: no agents available; will retry on subsequent port and subnet creation events.
2026-06-26 11:36:21.844 10 WARNING neutron.scheduler.dhcp_agent_scheduler [None req-1529f257-90ef-4885-aaf9-c40a90a80117 90069c2a5a774d0db2f47432d009b060 aeff609343e5472896fabcf67115262c - - default default] No more DHCP agents
2026-06-26 11:36:21.850 10 WARNING neutron.api.rpc.agentnotifiers.dhcp_rpc_agent_api [None req-1529f257-90ef-4885-aaf9-c40a90a80117 90069c2a5a774d0db2f47432d009b060 aeff609343e5472896fabcf67115262c - - default default] Unable to schedule network 118c474b-f1d1-4dc6-851d-343b545d0178: no agents available; will retry on subsequent port and subnet creation events.
2026-06-26 11:36:21.932 10 INFO neutron.db.ovn_revision_numbers_db [None req-a61b3843-ae5c-4c05-817a-43077c5a2b6d 8d8b93d0de2e4d33a9527d5ff193614f 0d9cfadafc714e47be3a14b9ff0c38c6 - - default default] Successfully bumped revision number for resource 128ca714-0dc4-4790-8c9c-ff2da1a720ff (type: security_groups) to 1
2026-06-26 11:36:21.980 10 INFO neutron.services.segments.plugin [-] Segment 66cc8a2a-8eaf-4de0-9b07-6be408290448 resource provider aggregate not found
2026-06-26 11:36:21.984 10 INFO neutron.services.segments.plugin [-] Segment 66cc8a2a-8eaf-4de0-9b07-6be408290448 resource provider aggregate not found
2026-06-26 11:36:21.988 10 INFO neutron.db.ovn_revision_numbers_db [None req-a61b3843-ae5c-4c05-817a-43077c5a2b6d 8d8b93d0de2e4d33a9527d5ff193614f 0d9cfadafc714e47be3a14b9ff0c38c6 - - default default] Successfully bumped revision number for resource 0ad39bfa-ea40-4437-a92e-41439ad41ebe (type: security_group_rules) to 0
2026-06-26 11:36:21.990 10 INFO neutron.db.ovn_revision_numbers_db [None req-1529f257-90ef-4885-aaf9-c40a90a80117 90069c2a5a774d0db2f47432d009b060 aeff609343e5472896fabcf67115262c - - default default] Successfully bumped revision number for resource da5db1e2-d32e-44ca-bc06-964cf517c228 (type: ports) to 1
2026-06-26 11:36:21.999 10 INFO neutron.services.segments.plugin [-] Segment 66cc8a2a-8eaf-4de0-9b07-6be408290448 resource provider not found; error: Placement Client Error (4xx): {"errors": [{"status": 404, "title": "Not Found", "detail": "The resource could not be found.\n\n No resource provider with uuid 66cc8a2a-8eaf-4de0-9b07-6be408290448 found for delete ", "request_id": "req-478ac84a-cd13-4057-8ccd-6946e065bf7e"}]}
2026-06-26 11:36:22.005 10 INFO neutron.services.segments.plugin [-] Segment 66cc8a2a-8eaf-4de0-9b07-6be408290448 resource provider not found; error: Placement Client Error (4xx): {"errors": [{"status": 404, "title": "Not Found", "detail": "The resource could not be found.\n\n No resource provider with uuid 66cc8a2a-8eaf-4de0-9b07-6be408290448 found for delete ", "request_id": "req-959465db-d83b-4237-b588-ed336f99c2d5"}]}
2026-06-26 11:36:22.018 10 INFO neutron.wsgi [None req-1529f257-90ef-4885-aaf9-c40a90a80117 90069c2a5a774d0db2f47432d009b060 aeff609343e5472896fabcf67115262c - - default default] 10.0.0.155 "POST /v2.0/networks HTTP/1.1" status: 201 len: 829 time: 0.7805283
2026-06-26 11:36:22.018 10 INFO neutron.db.ovn_revision_numbers_db [None req-a61b3843-ae5c-4c05-817a-43077c5a2b6d 8d8b93d0de2e4d33a9527d5ff193614f 0d9cfadafc714e47be3a14b9ff0c38c6 - - default default] Successfully bumped revision number for resource 87cd065f-00f6-487f-8900-26441e550fce (type: security_group_rules) to 0
2026-06-26 11:36:22.026 10 INFO neutron.wsgi [None req-464217c0-b9b9-499a-a886-673ce2d62b81 5c955a1749364bf189d92b726d50e80c e5e61fb0fde2485eaf247c960c0dc33a - - default default] 10.0.0.155 "DELETE /v2.0/networks/49fbba40-bd39-4462-86a1-8503cb458510 HTTP/1.1" status: 204 len: 168 time: 0.5846312
2026-06-26 11:36:22.040 10 INFO neutron.db.ovn_revision_numbers_db [None req-a61b3843-ae5c-4c05-817a-43077c5a2b6d 8d8b93d0de2e4d33a9527d5ff193614f 0d9cfadafc714e47be3a14b9ff0c38c6 - - default default] Successfully bumped revision number for resource 9253f6a3-778a-4e6b-85fc-c233a043b1c2 (type: security_group_rules) to 0
2026-06-26 11:36:22.058 10 INFO neutron.db.ovn_revision_numbers_db [None req-a61b3843-ae5c-4c05-817a-43077c5a2b6d 8d8b93d0de2e4d33a9527d5ff193614f 0d9cfadafc714e47be3a14b9ff0c38c6 - - default default] Successfully bumped revision number for resource b94505de-4e02-4426-9607-126fd043cb19 (type: security_group_rules) to 0
2026-06-26 11:36:22.081 10 INFO neutron.wsgi [None req-a61b3843-ae5c-4c05-817a-43077c5a2b6d 8d8b93d0de2e4d33a9527d5ff193614f 0d9cfadafc714e47be3a14b9ff0c38c6 - - default default] 10.0.0.155 "GET /v2.0/security-groups?tenant_id=97183e5eeaba4ba19f50bfe629a12130&name=default HTTP/1.1" status: 200 len: 2996 time: 0.5240390
2026-06-26 11:36:22.287 10 INFO neutron.wsgi [None req-ff96f840-2e0c-419c-967d-629718066a03 8d8b93d0de2e4d33a9527d5ff193614f 0d9cfadafc714e47be3a14b9ff0c38c6 - - default default] 10.0.0.155 "DELETE /v2.0/security-groups/128ca714-0dc4-4790-8c9c-ff2da1a720ff HTTP/1.1" status: 204 len: 168 time: 0.2005422
2026-06-26 11:36:22.332 9 INFO neutron.db.ovn_revision_numbers_db [None req-39b9102e-a11d-412f-9f1a-87d4753c5f72 cb5750e903b843a0bad2264f4e80ff97 33b1dff2e6344d7a92822974a26856ab - - default default] Successfully bumped revision number for resource 7ad1e072-913a-4ce3-beb7-b610655ba15d (type: ports) to 2
2026-06-26 11:36:22.391 9 INFO neutron.db.ovn_revision_numbers_db [None req-39b9102e-a11d-412f-9f1a-87d4753c5f72 cb5750e903b843a0bad2264f4e80ff97 33b1dff2e6344d7a92822974a26856ab - - default default] Successfully bumped revision number for resource e607c09d-9680-4834-8dfd-cb7bc8997aa2 (type: subnets) to 0
2026-06-26 11:36:22.419 9 INFO neutron.wsgi [None req-39b9102e-a11d-412f-9f1a-87d4753c5f72 cb5750e903b843a0bad2264f4e80ff97 33b1dff2e6344d7a92822974a26856ab - - default default] 10.0.0.155 "POST /v2.0/subnets HTTP/1.1" status: 201 len: 801 time: 0.9348004
2026-06-26 11:36:22.424 9 WARNING neutron.scheduler.dhcp_agent_scheduler [None req-12a10a6a-c1ff-47e5-9f23-d4fe6f4e8545 90069c2a5a774d0db2f47432d009b060 aeff609343e5472896fabcf67115262c - - default default] No more DHCP agents
2026-06-26 11:36:22.427 9 WARNING neutron.api.rpc.agentnotifiers.dhcp_rpc_agent_api [None req-12a10a6a-c1ff-47e5-9f23-d4fe6f4e8545 90069c2a5a774d0db2f47432d009b060 aeff609343e5472896fabcf67115262c - - default default] Unable to schedule network 118c474b-f1d1-4dc6-851d-343b545d0178: no agents available; will retry on subsequent port and subnet creation events.
2026-06-26 11:36:22.585 9 INFO neutron.wsgi [None req-885f8874-147a-4904-9fe5-6173d0014c81 5c955a1749364bf189d92b726d50e80c e5e61fb0fde2485eaf247c960c0dc33a - - default default] 10.0.0.155 "DELETE /v2.0/networks/f25a640b-34f2-4e46-80d6-ee98c1506f89 HTTP/1.1" status: 204 len: 168 time: 0.5546649
2026-06-26 11:36:22.802 10 WARNING neutron.scheduler.dhcp_agent_scheduler [None req-46a63165-3633-4bbc-8435-b457629b2252 cb5750e903b843a0bad2264f4e80ff97 33b1dff2e6344d7a92822974a26856ab - - default default] No more DHCP agents
2026-06-26 11:36:22.807 10 WARNING neutron.api.rpc.agentnotifiers.dhcp_rpc_agent_api [None req-46a63165-3633-4bbc-8435-b457629b2252 cb5750e903b843a0bad2264f4e80ff97 33b1dff2e6344d7a92822974a26856ab - - default default] Unable to schedule network f1239d95-168c-42b0-9c69-3e6650e24292: no agents available; will retry on subsequent port and subnet creation events.
2026-06-26 11:36:22.931 9 INFO neutron.db.ovn_revision_numbers_db [None req-12a10a6a-c1ff-47e5-9f23-d4fe6f4e8545 90069c2a5a774d0db2f47432d009b060 aeff609343e5472896fabcf67115262c - - default default] Successfully bumped revision number for resource da5db1e2-d32e-44ca-bc06-964cf517c228 (type: ports) to 2
2026-06-26 11:36:22.961 9 INFO neutron.db.ovn_revision_numbers_db [None req-12a10a6a-c1ff-47e5-9f23-d4fe6f4e8545 90069c2a5a774d0db2f47432d009b060 aeff609343e5472896fabcf67115262c - - default default] Successfully bumped revision number for resource 1cd78552-487d-4914-bc3a-82a448997d7c (type: subnets) to 0
2026-06-26 11:36:22.978 9 INFO neutron.wsgi [None req-12a10a6a-c1ff-47e5-9f23-d4fe6f4e8545 90069c2a5a774d0db2f47432d009b060 aeff609343e5472896fabcf67115262c - - default default] 10.0.0.155 "POST /v2.0/subnets HTTP/1.1" status: 201 len: 801 time: 0.9547455
2026-06-26 11:36:23.149 9 INFO neutron.db.ovn_revision_numbers_db [None req-58a9bbf6-076f-47f0-a5f0-c11786be0951 90069c2a5a774d0db2f47432d009b060 aeff609343e5472896fabcf67115262c - - default default] Successfully bumped revision number for resource 98e32e1a-7040-4a04-86ec-0b2525df9dfc (type: routers) to 1
2026-06-26 11:36:23.166 9 INFO neutron.wsgi [None req-58a9bbf6-076f-47f0-a5f0-c11786be0951 90069c2a5a774d0db2f47432d009b060 aeff609343e5472896fabcf67115262c - - default default] 10.0.0.155 "POST /v2.0/routers HTTP/1.1" status: 201 len: 686 time: 0.1823697
2026-06-26 11:36:23.176 9 INFO neutron.services.segments.plugin [-] Segment eb851006-7501-46cc-a237-ff879dcada9f resource provider aggregate not found
2026-06-26 11:36:23.201 9 INFO neutron.services.segments.plugin [-] Segment eb851006-7501-46cc-a237-ff879dcada9f resource provider aggregate not found
2026-06-26 11:36:23.208 9 INFO neutron.services.segments.plugin [-] Segment eb851006-7501-46cc-a237-ff879dcada9f resource provider not found; error: Placement Client Error (4xx): {"errors": [{"status": 404, "title": "Not Found", "detail": "The resource could not be found.\n\n No resource provider with uuid eb851006-7501-46cc-a237-ff879dcada9f found for delete ", "request_id": "req-71457404-e1a1-4afc-bc92-0d92402281fa"}]}
2026-06-26 11:36:23.226 9 INFO neutron.services.segments.plugin [-] Segment eb851006-7501-46cc-a237-ff879dcada9f resource provider not found; error: Placement Client Error (4xx): {"errors": [{"status": 404, "title": "Not Found", "detail": "The resource could not be found.\n\n No resource provider with uuid eb851006-7501-46cc-a237-ff879dcada9f found for delete ", "request_id": "req-5ff06ba8-d48c-4001-85b6-12426a52264c"}]}
2026-06-26 11:36:23.266 10 INFO neutron.db.ovn_revision_numbers_db [None req-46a63165-3633-4bbc-8435-b457629b2252 cb5750e903b843a0bad2264f4e80ff97 33b1dff2e6344d7a92822974a26856ab - - default default] Successfully bumped revision number for resource fd2a5843-29f9-49bb-9b52-ebdec7b74251 (type: ports) to 1
2026-06-26 11:36:23.289 10 INFO neutron.wsgi [None req-46a63165-3633-4bbc-8435-b457629b2252 cb5750e903b843a0bad2264f4e80ff97 33b1dff2e6344d7a92822974a26856ab - - default default] 10.0.0.155 "POST /v2.0/ports HTTP/1.1" status: 201 len: 1152 time: 0.8626888
2026-06-26 11:36:23.297 10 INFO neutron.wsgi [None req-ef334bd7-cbd7-4523-b6e5-5113181ccba7 5c955a1749364bf189d92b726d50e80c e5e61fb0fde2485eaf247c960c0dc33a - - default default] 10.0.0.155 "DELETE /v2.0/networks/402965d3-763c-42e7-97a3-90d41bb9062d HTTP/1.1" status: 204 len: 168 time: 0.7026329 /var/lib/openstack/lib/python3.10/site-packages/pycadf/identifier.py:71: UserWarning: Invalid uuid: neutron. To ensure interoperability, identifiers should be a valid uuid. warnings.warn(('Invalid uuid: %s. To ensure interoperability, '
2026-06-26 11:36:23.612 9 WARNING neutron.plugins.ml2.drivers.ovn.mech_driver.ovsdb.ovn_client [None req-6e290fc2-6da2-4c20-ab1d-6409e8e4f2d4 - - - - - -] No port found with ID 5a50646f-12ef-409e-bbff-ea4fe1387e93: RuntimeError: No port found with ID 5a50646f-12ef-409e-bbff-ea4fe1387e93
2026-06-26 11:36:23.677 10 INFO neutron.wsgi [None req-5aea4e3f-9110-4f49-862d-08f2f175af36 5c955a1749364bf189d92b726d50e80c e5e61fb0fde2485eaf247c960c0dc33a - - default default] 10.0.0.155 "DELETE /v2.0/networks/4acc78f2-6867-41eb-861c-a1efd2f73879 HTTP/1.1" status: 204 len: 168 time: 0.3758187
2026-06-26 11:36:23.687 9 WARNING neutron.scheduler.dhcp_agent_scheduler [None req-3434e237-9887-4d8a-8d9b-47c06d61c7e0 90069c2a5a774d0db2f47432d009b060 aeff609343e5472896fabcf67115262c - - default default] No more DHCP agents
2026-06-26 11:36:23.690 9 WARNING neutron.api.rpc.agentnotifiers.dhcp_rpc_agent_api [None req-3434e237-9887-4d8a-8d9b-47c06d61c7e0 90069c2a5a774d0db2f47432d009b060 aeff609343e5472896fabcf67115262c - - default default] Unable to schedule network 118c474b-f1d1-4dc6-851d-343b545d0178: no agents available; will retry on subsequent port and subnet creation events.
2026-06-26 11:36:23.715 9 INFO neutron.wsgi [None req-0657e3af-f6d7-41a0-b939-810949e928f5 cb5750e903b843a0bad2264f4e80ff97 33b1dff2e6344d7a92822974a26856ab - - default default] 10.0.0.155 "DELETE /v2.0/ports/fd2a5843-29f9-49bb-9b52-ebdec7b74251 HTTP/1.1" status: 204 len: 168 time: 0.4215596
2026-06-26 11:36:23.743 9 INFO neutron.pecan_wsgi.hooks.translation [None req-00daa23b-d1cc-4c6b-932d-ebe474cf7930 cb5750e903b843a0bad2264f4e80ff97 33b1dff2e6344d7a92822974a26856ab - - default default] DELETE failed (client error): The resource could not be found.
2026-06-26 11:36:23.745 9 INFO neutron.wsgi [None req-00daa23b-d1cc-4c6b-932d-ebe474cf7930 cb5750e903b843a0bad2264f4e80ff97 33b1dff2e6344d7a92822974a26856ab - - default default] 10.0.0.155 "DELETE /v2.0/ports/fd2a5843-29f9-49bb-9b52-ebdec7b74251 HTTP/1.1" status: 404 len: 333 time: 0.0239134
2026-06-26 11:36:23.769 10 INFO neutron.pecan_wsgi.hooks.translation [None req-d1831306-44b0-43be-95c1-d5bccba98b2c cb5750e903b843a0bad2264f4e80ff97 33b1dff2e6344d7a92822974a26856ab - - default default] GET failed (client error): The resource could not be found.
2026-06-26 11:36:23.771 10 INFO neutron.wsgi [None req-d1831306-44b0-43be-95c1-d5bccba98b2c cb5750e903b843a0bad2264f4e80ff97 33b1dff2e6344d7a92822974a26856ab - - default default] 10.0.0.155 "GET /v2.0/ports/fd2a5843-29f9-49bb-9b52-ebdec7b74251 HTTP/1.1" status: 404 len: 333 time: 0.0192831
2026-06-26 11:36:23.866 9 INFO neutron.db.ovn_revision_numbers_db [None req-3434e237-9887-4d8a-8d9b-47c06d61c7e0 90069c2a5a774d0db2f47432d009b060 aeff609343e5472896fabcf67115262c - - default default] Successfully bumped revision number for resource e68eae6c-ab1b-4981-8957-328ee5fdd37b (type: ports) to 1
2026-06-26 11:36:23.964 10 INFO neutron.wsgi [None req-46d6f620-2086-4e78-830a-f9d049106206 cb5750e903b843a0bad2264f4e80ff97 33b1dff2e6344d7a92822974a26856ab - - default default] 10.0.0.155 "DELETE /v2.0/subnets/e607c09d-9680-4834-8dfd-cb7bc8997aa2 HTTP/1.1" status: 204 len: 168 time: 0.1882396
2026-06-26 11:36:24.029 10 INFO neutron.services.segments.plugin [-] Segment 6d370208-4d40-4ac1-a59a-0f7f692be7ce resource provider aggregate not found
2026-06-26 11:36:24.035 10 INFO neutron.services.segments.plugin [-] Segment 6d370208-4d40-4ac1-a59a-0f7f692be7ce resource provider aggregate not found
2026-06-26 11:36:24.051 10 INFO neutron.services.segments.plugin [-] Segment 6d370208-4d40-4ac1-a59a-0f7f692be7ce resource provider not found; error: Placement Client Error (4xx): {"errors": [{"status": 404, "title": "Not Found", "detail": "The resource could not be found.\n\n No resource provider with uuid 6d370208-4d40-4ac1-a59a-0f7f692be7ce found for delete ", "request_id": "req-12b6b9f1-9b45-44ff-a49a-4e8f9f456576"}]}
2026-06-26 11:36:24.062 10 INFO neutron.services.segments.plugin [-] Segment 6d370208-4d40-4ac1-a59a-0f7f692be7ce resource provider not found; error: Placement Client Error (4xx): {"errors": [{"status": 404, "title": "Not Found", "detail": "The resource could not be found.\n\n No resource provider with uuid 6d370208-4d40-4ac1-a59a-0f7f692be7ce found for delete ", "request_id": "req-8afbfb07-a5ce-4dee-a49c-64ebf67725fc"}]}
2026-06-26 11:36:24.067 10 INFO neutron.services.segments.plugin [-] Segment b8721700-0e34-4661-bab6-02b1e2545549 resource provider aggregate not found
2026-06-26 11:36:24.079 10 INFO neutron.services.segments.plugin [-] Segment b8721700-0e34-4661-bab6-02b1e2545549 resource provider aggregate not found
2026-06-26 11:36:24.084 10 INFO neutron.services.segments.plugin [-] Segment b8721700-0e34-4661-bab6-02b1e2545549 resource provider not found; error: Placement Client Error (4xx): {"errors": [{"status": 404, "title": "Not Found", "detail": "The resource could not be found.\n\n No resource provider with uuid b8721700-0e34-4661-bab6-02b1e2545549 found for delete ", "request_id": "req-928b05ed-5416-4e6c-bf2e-56be4aa56d3a"}]}
2026-06-26 11:36:24.104 10 INFO neutron.services.segments.plugin [-] Segment b8721700-0e34-4661-bab6-02b1e2545549 resource provider not found; error: Placement Client Error (4xx): {"errors": [{"status": 404, "title": "Not Found", "detail": "The resource could not be found.\n\n No resource provider with uuid b8721700-0e34-4661-bab6-02b1e2545549 found for delete ", "request_id": "req-a9e90d1e-09c4-466c-a190-0592b030c967"}]}
2026-06-26 11:36:24.423 10 INFO neutron.db.ovn_revision_numbers_db [None req-5c79759a-5dda-4aed-8366-bfbe828eeeaf 8d8b93d0de2e4d33a9527d5ff193614f 0d9cfadafc714e47be3a14b9ff0c38c6 - - default default] Successfully bumped revision number for resource 86c255ce-0b81-4d4f-8683-994cc1d57d08 (type: security_groups) to 1
2026-06-26 11:36:24.432 9 INFO neutron.wsgi [None req-1d793538-3f60-4edf-9b50-f3b23b92f3d3 8d8b93d0de2e4d33a9527d5ff193614f 0d9cfadafc714e47be3a14b9ff0c38c6 - - default default] 10.0.0.155 "GET /v2.0/security-groups?tenant_id=e5e61fb0fde2485eaf247c960c0dc33a&name=default HTTP/1.1" status: 200 len: 2996 time: 0.1193011
2026-06-26 11:36:24.437 10 INFO neutron.db.ovn_revision_numbers_db [None req-5c79759a-5dda-4aed-8366-bfbe828eeeaf 8d8b93d0de2e4d33a9527d5ff193614f 0d9cfadafc714e47be3a14b9ff0c38c6 - - default default] Successfully bumped revision number for resource 166c8088-1802-443d-b266-1a911b391f12 (type: security_group_rules) to 0
2026-06-26 11:36:24.460 10 INFO neutron.db.ovn_revision_numbers_db [None req-5c79759a-5dda-4aed-8366-bfbe828eeeaf 8d8b93d0de2e4d33a9527d5ff193614f 0d9cfadafc714e47be3a14b9ff0c38c6 - - default default] Successfully bumped revision number for resource 238ae8be-3057-4c1f-acd4-a80e546b510d (type: security_group_rules) to 0
2026-06-26 11:36:24.476 10 INFO neutron.db.ovn_revision_numbers_db [None req-5c79759a-5dda-4aed-8366-bfbe828eeeaf 8d8b93d0de2e4d33a9527d5ff193614f 0d9cfadafc714e47be3a14b9ff0c38c6 - - default default] Successfully bumped revision number for resource 6c621037-8eaa-4de8-9453-6854b2fddc09 (type: security_group_rules) to 0
2026-06-26 11:36:24.495 10 INFO neutron.db.ovn_revision_numbers_db [None req-5c79759a-5dda-4aed-8366-bfbe828eeeaf 8d8b93d0de2e4d33a9527d5ff193614f 0d9cfadafc714e47be3a14b9ff0c38c6 - - default default] Successfully bumped revision number for resource e12a7676-34f9-4905-a8ad-60f5a8817b46 (type: security_group_rules) to 0
2026-06-26 11:36:24.530 10 INFO neutron.plugins.ml2.drivers.ovn.mech_driver.mech_driver [None req-68fcd872-8e44-4bab-a851-ba7882843030 - - - - - -] OVN reports status up for port: e68eae6c-ab1b-4981-8957-328ee5fdd37b
2026-06-26 11:36:24.545 10 INFO neutron.plugins.ml2.plugin [None req-68fcd872-8e44-4bab-a851-ba7882843030 - - - - - -] Attempt 1 to provision port e68eae6c-ab1b-4981-8957-328ee5fdd37b
2026-06-26 11:36:24.557 10 INFO neutron.db.segments_db [None req-5c79759a-5dda-4aed-8366-bfbe828eeeaf 8d8b93d0de2e4d33a9527d5ff193614f 0d9cfadafc714e47be3a14b9ff0c38c6 - - default default] Added segment 97f4a713-3ad0-4381-b544-04fe3256d3a7 of type geneve for network 22c7d3c4-96e2-44eb-ba3c-5657f28a7b06
2026-06-26 11:36:24.582 9 INFO neutron.db.ovn_revision_numbers_db [None req-3434e237-9887-4d8a-8d9b-47c06d61c7e0 90069c2a5a774d0db2f47432d009b060 aeff609343e5472896fabcf67115262c - - default default] Successfully bumped revision number for resource e68eae6c-ab1b-4981-8957-328ee5fdd37b (type: router_ports) to 1
2026-06-26 11:36:24.705 9 INFO neutron.wsgi [None req-e805c0d3-a009-4c71-a1c5-3198c1636cb8 cb5750e903b843a0bad2264f4e80ff97 33b1dff2e6344d7a92822974a26856ab - - default default] 10.0.0.155 "DELETE /v2.0/networks/f1239d95-168c-42b0-9c69-3e6650e24292 HTTP/1.1" status: 204 len: 168 time: 0.7361994
2026-06-26 11:36:24.743 10 INFO neutron.db.ovn_revision_numbers_db [None req-5c79759a-5dda-4aed-8366-bfbe828eeeaf 8d8b93d0de2e4d33a9527d5ff193614f 0d9cfadafc714e47be3a14b9ff0c38c6 - - default default] Successfully bumped revision number for resource 22c7d3c4-96e2-44eb-ba3c-5657f28a7b06 (type: networks) to 1
2026-06-26 11:36:24.753 9 INFO neutron.db.ovn_revision_numbers_db [None req-3434e237-9887-4d8a-8d9b-47c06d61c7e0 90069c2a5a774d0db2f47432d009b060 aeff609343e5472896fabcf67115262c - - default default] Successfully bumped revision number for resource e68eae6c-ab1b-4981-8957-328ee5fdd37b (type: ports) to 1
2026-06-26 11:36:24.814 10 INFO neutron.wsgi [None req-818a7135-8872-44ba-b314-92f0193f728e 8d8b93d0de2e4d33a9527d5ff193614f 0d9cfadafc714e47be3a14b9ff0c38c6 - - default default] 10.0.0.155 "DELETE /v2.0/security-groups/2f847a95-9ad6-469a-b437-d270456105da HTTP/1.1" status: 204 len: 168 time: 0.3751853
2026-06-26 11:36:24.817 9 WARNING neutron.scheduler.dhcp_agent_scheduler [None req-3434e237-9887-4d8a-8d9b-47c06d61c7e0 90069c2a5a774d0db2f47432d009b060 aeff609343e5472896fabcf67115262c - - default default] No more DHCP agents
2026-06-26 11:36:24.818 9 WARNING neutron.api.rpc.agentnotifiers.dhcp_rpc_agent_api [None req-3434e237-9887-4d8a-8d9b-47c06d61c7e0 90069c2a5a774d0db2f47432d009b060 aeff609343e5472896fabcf67115262c - - default default] Unable to schedule network 118c474b-f1d1-4dc6-851d-343b545d0178: no agents available; will retry on subsequent port and subnet creation events.
2026-06-26 11:36:24.854 10 INFO neutron.db.segments_db [None req-7737ad54-c5ce-49c4-8ba6-4485ed785832 cb5750e903b843a0bad2264f4e80ff97 33b1dff2e6344d7a92822974a26856ab - - default default] Added segment 3c1dd977-1816-4d53-87bf-4b363b5d1dda of type geneve for network 79279e94-2c36-476c-b324-44eeaebf6a07
2026-06-26 11:36:25.020 9 INFO neutron.db.ovn_revision_numbers_db [None req-3434e237-9887-4d8a-8d9b-47c06d61c7e0 90069c2a5a774d0db2f47432d009b060 aeff609343e5472896fabcf67115262c - - default default] Successfully bumped revision number for resource e68eae6c-ab1b-4981-8957-328ee5fdd37b (type: router_ports) to 2
2026-06-26 11:36:25.023 9 INFO neutron.wsgi [None req-3434e237-9887-4d8a-8d9b-47c06d61c7e0 90069c2a5a774d0db2f47432d009b060 aeff609343e5472896fabcf67115262c - - default default] 10.0.0.155 "PUT /v2.0/routers/98e32e1a-7040-4a04-86ec-0b2525df9dfc/add_router_interface HTTP/1.1" status: 200 len: 503 time: 1.8481951
2026-06-26 11:36:25.056 10 WARNING neutron.scheduler.dhcp_agent_scheduler [None req-5c79759a-5dda-4aed-8366-bfbe828eeeaf 8d8b93d0de2e4d33a9527d5ff193614f 0d9cfadafc714e47be3a14b9ff0c38c6 - - default default] No more DHCP agents
2026-06-26 11:36:25.058 10 INFO neutron.db.ovn_revision_numbers_db [None req-68fcd872-8e44-4bab-a851-ba7882843030 - - - - - -] Successfully bumped revision number for resource e68eae6c-ab1b-4981-8957-328ee5fdd37b (type: ports) to 2
2026-06-26 11:36:25.060 10 WARNING neutron.api.rpc.agentnotifiers.dhcp_rpc_agent_api [None req-5c79759a-5dda-4aed-8366-bfbe828eeeaf 8d8b93d0de2e4d33a9527d5ff193614f 0d9cfadafc714e47be3a14b9ff0c38c6 - - default default] Unable to schedule network 22c7d3c4-96e2-44eb-ba3c-5657f28a7b06: no agents available; will retry on subsequent port and subnet creation events.
2026-06-26 11:36:25.062 9 INFO neutron.wsgi [None req-55d3564b-bb88-49b3-8950-bc0f4ce30789 90069c2a5a774d0db2f47432d009b060 aeff609343e5472896fabcf67115262c - - default default] 10.0.0.155 "GET /v2.0/ports/e68eae6c-ab1b-4981-8957-328ee5fdd37b HTTP/1.1" status: 200 len: 1137 time: 0.0342734
2026-06-26 11:36:25.108 9 INFO neutron.wsgi [None req-5fd5d7e4-7da7-49b9-a3f2-1734b77e6c2f 90069c2a5a774d0db2f47432d009b060 aeff609343e5472896fabcf67115262c - - default default] 10.0.0.155 "GET /v2.0/ports/e68eae6c-ab1b-4981-8957-328ee5fdd37b HTTP/1.1" status: 200 len: 1137 time: 0.0407977
2026-06-26 11:36:25.131 10 INFO neutron.db.ovn_revision_numbers_db [None req-7737ad54-c5ce-49c4-8ba6-4485ed785832 cb5750e903b843a0bad2264f4e80ff97 33b1dff2e6344d7a92822974a26856ab - - default default] Successfully bumped revision number for resource 79279e94-2c36-476c-b324-44eeaebf6a07 (type: networks) to 1
2026-06-26 11:36:25.238 9 INFO neutron.services.segments.plugin [-] Segment 54364455-4d5c-4e44-b161-a704ddeb48a1 resource provider aggregate not found
2026-06-26 11:36:25.253 9 INFO neutron.services.segments.plugin [-] Segment 54364455-4d5c-4e44-b161-a704ddeb48a1 resource provider not found; error: Placement Client Error (4xx): {"errors": [{"status": 404, "title": "Not Found", "detail": "The resource could not be found.\n\n No resource provider with uuid 54364455-4d5c-4e44-b161-a704ddeb48a1 found for delete ", "request_id": "req-4d40a2ed-30f1-476c-b96d-b0dec3f8fec1"}]}
2026-06-26 11:36:25.254 9 INFO neutron.services.segments.plugin [-] Segment 54364455-4d5c-4e44-b161-a704ddeb48a1 resource provider aggregate not found
2026-06-26 11:36:25.258 10 INFO neutron.db.ovn_revision_numbers_db [None req-5c79759a-5dda-4aed-8366-bfbe828eeeaf 8d8b93d0de2e4d33a9527d5ff193614f 0d9cfadafc714e47be3a14b9ff0c38c6 - - default default] Successfully bumped revision number for resource 730168d4-0db5-4e77-b0b7-5ff4fd66fa8a (type: ports) to 1
2026-06-26 11:36:25.273 9 INFO neutron.services.segments.plugin [-] Segment 54364455-4d5c-4e44-b161-a704ddeb48a1 resource provider not found; error: Placement Client Error (4xx): {"errors": [{"status": 404, "title": "Not Found", "detail": "The resource could not be found.\n\n No resource provider with uuid 54364455-4d5c-4e44-b161-a704ddeb48a1 found for delete ", "request_id": "req-7635f1e3-64a9-4631-9b50-da53bc37a158"}]}
2026-06-26 11:36:25.295 10 INFO neutron.wsgi [None req-5c79759a-5dda-4aed-8366-bfbe828eeeaf 8d8b93d0de2e4d33a9527d5ff193614f 0d9cfadafc714e47be3a14b9ff0c38c6 - - default default] 10.0.0.155 "POST /v2.0/networks HTTP/1.1" status: 201 len: 942 time: 1.2363663
2026-06-26 11:36:25.295 10 INFO neutron.db.ovn_revision_numbers_db [None req-68fcd872-8e44-4bab-a851-ba7882843030 - - - - - -] Successfully bumped revision number for resource e68eae6c-ab1b-4981-8957-328ee5fdd37b (type: router_ports) to 2
2026-06-26 11:36:25.378 10 WARNING neutron.scheduler.dhcp_agent_scheduler [None req-7737ad54-c5ce-49c4-8ba6-4485ed785832 cb5750e903b843a0bad2264f4e80ff97 33b1dff2e6344d7a92822974a26856ab - - default default] No more DHCP agents
2026-06-26 11:36:25.381 10 WARNING neutron.api.rpc.agentnotifiers.dhcp_rpc_agent_api [None req-7737ad54-c5ce-49c4-8ba6-4485ed785832 cb5750e903b843a0bad2264f4e80ff97 33b1dff2e6344d7a92822974a26856ab - - default default] Unable to schedule network 79279e94-2c36-476c-b324-44eeaebf6a07: no agents available; will retry on subsequent port and subnet creation events.
2026-06-26 11:36:25.449 10 INFO neutron.db.ovn_revision_numbers_db [None req-7737ad54-c5ce-49c4-8ba6-4485ed785832 cb5750e903b843a0bad2264f4e80ff97 33b1dff2e6344d7a92822974a26856ab - - default default] Successfully bumped revision number for resource 3520972f-68a7-451b-a5f0-8f3f91ff4da4 (type: ports) to 1
2026-06-26 11:36:25.467 10 INFO neutron.wsgi [None req-7737ad54-c5ce-49c4-8ba6-4485ed785832 cb5750e903b843a0bad2264f4e80ff97 33b1dff2e6344d7a92822974a26856ab - - default default] 10.0.0.155 "POST /v2.0/networks HTTP/1.1" status: 201 len: 831 time: 0.7543054
2026-06-26 11:36:25.512 9 WARNING neutron.scheduler.dhcp_agent_scheduler [None req-4bc52dd5-2fc0-4ef5-86a3-dd9363a9a0af 8d8b93d0de2e4d33a9527d5ff193614f 0d9cfadafc714e47be3a14b9ff0c38c6 - - default default] No more DHCP agents
2026-06-26 11:36:25.516 9 WARNING neutron.api.rpc.agentnotifiers.dhcp_rpc_agent_api [None req-4bc52dd5-2fc0-4ef5-86a3-dd9363a9a0af 8d8b93d0de2e4d33a9527d5ff193614f 0d9cfadafc714e47be3a14b9ff0c38c6 - - default default] Unable to schedule network 22c7d3c4-96e2-44eb-ba3c-5657f28a7b06: no agents available; will retry on subsequent port and subnet creation events.
2026-06-26 11:36:25.703 10 WARNING neutron.scheduler.dhcp_agent_scheduler [None req-05e22246-fd1d-44d3-9b71-2e12d091b6c7 cb5750e903b843a0bad2264f4e80ff97 33b1dff2e6344d7a92822974a26856ab - - default default] No more DHCP agents
2026-06-26 11:36:25.706 10 WARNING neutron.api.rpc.agentnotifiers.dhcp_rpc_agent_api [None req-05e22246-fd1d-44d3-9b71-2e12d091b6c7 cb5750e903b843a0bad2264f4e80ff97 33b1dff2e6344d7a92822974a26856ab - - default default] Unable to schedule network 79279e94-2c36-476c-b324-44eeaebf6a07: no agents available; will retry on subsequent port and subnet creation events.
2026-06-26 11:36:25.901 9 INFO neutron.wsgi [None req-789bda0d-4b4e-49de-be6a-4ca8ff5bd45a 90069c2a5a774d0db2f47432d009b060 aeff609343e5472896fabcf67115262c - - default default] 10.0.0.155 "PUT /v2.0/routers/98e32e1a-7040-4a04-86ec-0b2525df9dfc/remove_router_interface HTTP/1.1" status: 200 len: 503 time: 0.7873185 /var/lib/openstack/lib/python3.10/site-packages/pycadf/identifier.py:71: UserWarning: Invalid uuid: neutron. To ensure interoperability, identifiers should be a valid uuid. warnings.warn(('Invalid uuid: %s. To ensure interoperability, '
2026-06-26 11:36:25.930 9 INFO neutron.wsgi [None req-1f3864f5-7ecb-4fe6-978d-fbfdb0e7570e 90069c2a5a774d0db2f47432d009b060 aeff609343e5472896fabcf67115262c - - default default] 10.0.0.155 "GET /v2.0/ports?device_id=98e32e1a-7040-4a04-86ec-0b2525df9dfc HTTP/1.1" status: 200 len: 205 time: 0.0226941
2026-06-26 11:36:26.084 9 INFO neutron.db.ovn_revision_numbers_db [None req-4bc52dd5-2fc0-4ef5-86a3-dd9363a9a0af 8d8b93d0de2e4d33a9527d5ff193614f 0d9cfadafc714e47be3a14b9ff0c38c6 - - default default] Successfully bumped revision number for resource 730168d4-0db5-4e77-b0b7-5ff4fd66fa8a (type: ports) to 2
2026-06-26 11:36:26.116 9 INFO neutron.db.ovn_revision_numbers_db [None req-4bc52dd5-2fc0-4ef5-86a3-dd9363a9a0af 8d8b93d0de2e4d33a9527d5ff193614f 0d9cfadafc714e47be3a14b9ff0c38c6 - - default default] Successfully bumped revision number for resource 5f710aa0-aa71-4d78-aeb9-4b0aca5e9fa0 (type: subnets) to 0
2026-06-26 11:36:26.129 9 INFO neutron.wsgi [None req-4bc52dd5-2fc0-4ef5-86a3-dd9363a9a0af 8d8b93d0de2e4d33a9527d5ff193614f 0d9cfadafc714e47be3a14b9ff0c38c6 - - default default] 10.0.0.155 "POST /v2.0/subnets HTTP/1.1" status: 201 len: 862 time: 0.8272271
2026-06-26 11:36:26.158 10 INFO neutron.wsgi [None req-05053069-7b09-4c12-9f9e-e2f9980c6887 90069c2a5a774d0db2f47432d009b060 aeff609343e5472896fabcf67115262c - - default default] 10.0.0.155 "DELETE /v2.0/routers/98e32e1a-7040-4a04-86ec-0b2525df9dfc HTTP/1.1" status: 204 len: 168 time: 0.2230396
2026-06-26 11:36:26.359 10 INFO neutron.db.ovn_revision_numbers_db [None req-05e22246-fd1d-44d3-9b71-2e12d091b6c7 cb5750e903b843a0bad2264f4e80ff97 33b1dff2e6344d7a92822974a26856ab - - default default] Successfully bumped revision number for resource 3520972f-68a7-451b-a5f0-8f3f91ff4da4 (type: ports) to 2
2026-06-26 11:36:26.397 10 INFO neutron.db.ovn_revision_numbers_db [None req-05e22246-fd1d-44d3-9b71-2e12d091b6c7 cb5750e903b843a0bad2264f4e80ff97 33b1dff2e6344d7a92822974a26856ab - - default default] Successfully bumped revision number for resource 7d2aaab4-7e01-4617-ae77-f7e99ae5acad (type: subnets) to 0
2026-06-26 11:36:26.411 10 INFO neutron.wsgi [None req-16a746e6-9417-4465-ae46-876be672c62a 90069c2a5a774d0db2f47432d009b060 aeff609343e5472896fabcf67115262c - - default default] 10.0.0.155 "DELETE /v2.0/subnets/1cd78552-487d-4914-bc3a-82a448997d7c HTTP/1.1" status: 204 len: 168 time: 0.2467206
2026-06-26 11:36:26.422 10 INFO neutron.wsgi [None req-05e22246-fd1d-44d3-9b71-2e12d091b6c7 cb5750e903b843a0bad2264f4e80ff97 33b1dff2e6344d7a92822974a26856ab - - default default] 10.0.0.155 "POST /v2.0/subnets HTTP/1.1" status: 201 len: 801 time: 0.9509768
2026-06-26 11:36:26.720 9 WARNING neutron.scheduler.dhcp_agent_scheduler [None req-7eff75be-7ef1-41fd-ad1d-2b2bb9b38d5e 8d8b93d0de2e4d33a9527d5ff193614f 0d9cfadafc714e47be3a14b9ff0c38c6 - - default default] No more DHCP agents
2026-06-26 11:36:26.726 9 WARNING neutron.api.rpc.agentnotifiers.dhcp_rpc_agent_api [None req-7eff75be-7ef1-41fd-ad1d-2b2bb9b38d5e 8d8b93d0de2e4d33a9527d5ff193614f 0d9cfadafc714e47be3a14b9ff0c38c6 - - default default] Unable to schedule network 40172fb8-2309-4fcd-8b81-a10ae0187096: no agents available; will retry on subsequent port and subnet creation events.
2026-06-26 11:36:26.807 10 INFO neutron.db.ovn_revision_numbers_db [None req-4c77b2e4-4183-4bbd-974a-f3298ca7f6a1 be44ed7f0d4040ac9f9fa8159c834133 96ec3d04ef24431083bb61f00a119353 - - default default] Successfully bumped revision number for resource 088fade8-2d43-43f3-99d0-a4f0d677201d (type: security_groups) to 1
2026-06-26 11:36:26.822 10 INFO neutron.db.ovn_revision_numbers_db [None req-4c77b2e4-4183-4bbd-974a-f3298ca7f6a1 be44ed7f0d4040ac9f9fa8159c834133 96ec3d04ef24431083bb61f00a119353 - - default default] Successfully bumped revision number for resource 162d2879-144f-4297-bcb0-f6d464ab3888 (type: security_group_rules) to 0
2026-06-26 11:36:26.836 10 INFO neutron.db.ovn_revision_numbers_db [None req-4c77b2e4-4183-4bbd-974a-f3298ca7f6a1 be44ed7f0d4040ac9f9fa8159c834133 96ec3d04ef24431083bb61f00a119353 - - default default] Successfully bumped revision number for resource 1c706712-39c2-4823-99b6-3b39ab155787 (type: security_group_rules) to 0
2026-06-26 11:36:26.851 10 INFO neutron.db.ovn_revision_numbers_db [None req-4c77b2e4-4183-4bbd-974a-f3298ca7f6a1 be44ed7f0d4040ac9f9fa8159c834133 96ec3d04ef24431083bb61f00a119353 - - default default] Successfully bumped revision number for resource 67e59cf8-ef3e-449c-917f-ac8bb277b9bb (type: security_group_rules) to 0
2026-06-26 11:36:26.864 10 INFO neutron.db.ovn_revision_numbers_db [None req-4c77b2e4-4183-4bbd-974a-f3298ca7f6a1 be44ed7f0d4040ac9f9fa8159c834133 96ec3d04ef24431083bb61f00a119353 - - default default] Successfully bumped revision number for resource b1de3a62-9c66-4758-9bc8-6e769a967042 (type: security_group_rules) to 0
2026-06-26 11:36:26.913 10 INFO neutron.db.segments_db [None req-4c77b2e4-4183-4bbd-974a-f3298ca7f6a1 be44ed7f0d4040ac9f9fa8159c834133 96ec3d04ef24431083bb61f00a119353 - - default default] Added segment ade61c81-83aa-4814-8fbb-230521a56442 of type geneve for network 3c6687fc-cc2d-49b2-995a-72d62cb640bd
2026-06-26 11:36:27.051 10 INFO neutron.db.ovn_revision_numbers_db [None req-4c77b2e4-4183-4bbd-974a-f3298ca7f6a1 be44ed7f0d4040ac9f9fa8159c834133 96ec3d04ef24431083bb61f00a119353 - - default default] Successfully bumped revision number for resource 3c6687fc-cc2d-49b2-995a-72d62cb640bd (type: networks) to 1
2026-06-26 11:36:27.150 9 WARNING neutron.scheduler.dhcp_agent_scheduler [None req-7fc6a1f5-a145-4567-aad1-18f7f2a753ed cb5750e903b843a0bad2264f4e80ff97 33b1dff2e6344d7a92822974a26856ab - - default default] No more DHCP agents
2026-06-26 11:36:27.155 9 WARNING neutron.api.rpc.agentnotifiers.dhcp_rpc_agent_api [None req-7fc6a1f5-a145-4567-aad1-18f7f2a753ed cb5750e903b843a0bad2264f4e80ff97 33b1dff2e6344d7a92822974a26856ab - - default default] Unable to schedule network 79279e94-2c36-476c-b324-44eeaebf6a07: no agents available; will retry on subsequent port and subnet creation events.
2026-06-26 11:36:27.213 9 INFO neutron.db.ovn_revision_numbers_db [None req-7eff75be-7ef1-41fd-ad1d-2b2bb9b38d5e 8d8b93d0de2e4d33a9527d5ff193614f 0d9cfadafc714e47be3a14b9ff0c38c6 - - default default] Successfully bumped revision number for resource 6a471b9d-5108-468e-b40d-d8b686fa2bbe (type: ports) to 1
2026-06-26 11:36:27.247 10 WARNING neutron.scheduler.dhcp_agent_scheduler [None req-4c77b2e4-4183-4bbd-974a-f3298ca7f6a1 be44ed7f0d4040ac9f9fa8159c834133 96ec3d04ef24431083bb61f00a119353 - - default default] No more DHCP agents
2026-06-26 11:36:27.250 10 WARNING neutron.api.rpc.agentnotifiers.dhcp_rpc_agent_api [None req-4c77b2e4-4183-4bbd-974a-f3298ca7f6a1 be44ed7f0d4040ac9f9fa8159c834133 96ec3d04ef24431083bb61f00a119353 - - default default] Unable to schedule network 3c6687fc-cc2d-49b2-995a-72d62cb640bd: no agents available; will retry on subsequent port and subnet creation events.
2026-06-26 11:36:27.294 9 INFO neutron.services.segments.plugin [-] Segment 4e5728c5-9185-4284-8ec7-a904437572a9 resource provider aggregate not found
2026-06-26 11:36:27.299 9 INFO neutron.services.segments.plugin [-] Segment 4e5728c5-9185-4284-8ec7-a904437572a9 resource provider aggregate not found
2026-06-26 11:36:27.312 9 INFO neutron.wsgi [None req-ca4c3878-c682-4277-958a-f2e905f0f8a7 90069c2a5a774d0db2f47432d009b060 aeff609343e5472896fabcf67115262c - - default default] 10.0.0.155 "DELETE /v2.0/networks/118c474b-f1d1-4dc6-851d-343b545d0178 HTTP/1.1" status: 204 len: 168 time: 0.8959193
2026-06-26 11:36:27.316 9 INFO neutron.services.segments.plugin [-] Segment 4e5728c5-9185-4284-8ec7-a904437572a9 resource provider not found; error: Placement Client Error (4xx): {"errors": [{"status": 404, "title": "Not Found", "detail": "The resource could not be found.\n\n No resource provider with uuid 4e5728c5-9185-4284-8ec7-a904437572a9 found for delete ", "request_id": "req-c63c4f0b-ec0d-4e2a-a300-6414ed6daf6c"}]}
2026-06-26 11:36:27.320 9 INFO neutron.services.segments.plugin [-] Segment 4e5728c5-9185-4284-8ec7-a904437572a9 resource provider not found; error: Placement Client Error (4xx): {"errors": [{"status": 404, "title": "Not Found", "detail": "The resource could not be found.\n\n No resource provider with uuid 4e5728c5-9185-4284-8ec7-a904437572a9 found for delete ", "request_id": "req-f82ece10-e63b-4ff0-b9f9-65b2d5b2be11"}]}
2026-06-26 11:36:27.340 10 INFO neutron.db.ovn_revision_numbers_db [None req-4c77b2e4-4183-4bbd-974a-f3298ca7f6a1 be44ed7f0d4040ac9f9fa8159c834133 96ec3d04ef24431083bb61f00a119353 - - default default] Successfully bumped revision number for resource 4eb5b5f6-0ddc-449d-8e7a-09e7af866df2 (type: ports) to 1
2026-06-26 11:36:27.381 10 INFO neutron.wsgi [None req-4c77b2e4-4183-4bbd-974a-f3298ca7f6a1 be44ed7f0d4040ac9f9fa8159c834133 96ec3d04ef24431083bb61f00a119353 - - default default] 10.0.0.155 "POST /v2.0/networks HTTP/1.1" status: 201 len: 842 time: 0.8657646
