2026-06-26 11:38:24.670 10 INFO neutron.notifiers.nova [-] Nova event matching ['req-04c857dc-a064-400e-9ad6-ea051ef00362'] response: {'server_uuid': 'c9fe060d-2e89-4716-ab94-cdd3e8956a67', 'name': 'network-vif-plugged', 'status': 'completed', 'tag': '5ce5c42e-878f-4d2b-b0da-43a4815f4f43', 'code': 200}
2026-06-26 11:38:24.678 9 INFO neutron.wsgi [req-35636ce2-314b-4158-8a2c-dbad8499283f req-7b6dba3c-46f6-4f26-914c-71492f6db620 f98daae8be984a6386877d742a7003cf cb639a4a6dd442ebb08599392164bda4 - - 508b69b9609c45618a526eb50132b3d7 508b69b9609c45618a526eb50132b3d7] 199.19.213.147 "GET /v2.0/networks/888b583c-65e6-4a99-b5ec-3694d09e7ae2?fields=segments HTTP/1.1" status: 200 len: 212 time: 0.0466628
2026-06-26 11:38:24.751 9 INFO neutron.wsgi [req-35636ce2-314b-4158-8a2c-dbad8499283f req-96d59e88-9280-4eff-aec3-1dfc52c0885b f98daae8be984a6386877d742a7003cf cb639a4a6dd442ebb08599392164bda4 - - 508b69b9609c45618a526eb50132b3d7 508b69b9609c45618a526eb50132b3d7] 199.19.213.147 "GET /v2.0/networks/888b583c-65e6-4a99-b5ec-3694d09e7ae2?fields=provider%3Aphysical_network&fields=provider%3Anetwork_type HTTP/1.1" status: 200 len: 277 time: 0.0668843
2026-06-26 11:38:24.856 10 INFO neutron.db.ovn_revision_numbers_db [None req-68fcd872-8e44-4bab-a851-ba7882843030 - - - - - -] Successfully bumped revision number for resource 5ce5c42e-878f-4d2b-b0da-43a4815f4f43 (type: ports) to 4
2026-06-26 11:38:24.956 9 WARNING neutron.scheduler.dhcp_agent_scheduler [None req-ea0f46f1-d81c-46d2-bf70-d707a99baa2e 44e8d98145594c359800a9c8fb602d8d 58f29e4772fe45ffb6b67921b04f55a7 - - default default] No more DHCP agents
2026-06-26 11:38:24.958 9 WARNING neutron.api.rpc.agentnotifiers.dhcp_rpc_agent_api [None req-ea0f46f1-d81c-46d2-bf70-d707a99baa2e 44e8d98145594c359800a9c8fb602d8d 58f29e4772fe45ffb6b67921b04f55a7 - - default default] Unable to schedule network e2360afe-5f22-4408-9576-3445fd613073: no agents available; will retry on subsequent port and subnet creation events.
2026-06-26 11:38:25.047 9 INFO neutron.db.ovn_revision_numbers_db [None req-ea0f46f1-d81c-46d2-bf70-d707a99baa2e 44e8d98145594c359800a9c8fb602d8d 58f29e4772fe45ffb6b67921b04f55a7 - - default default] Successfully bumped revision number for resource 6699988a-bffe-47f8-860b-15f5f3af1c3e (type: ports) to 1
2026-06-26 11:38:25.069 9 INFO neutron.wsgi [None req-ea0f46f1-d81c-46d2-bf70-d707a99baa2e 44e8d98145594c359800a9c8fb602d8d 58f29e4772fe45ffb6b67921b04f55a7 - - default default] 10.0.0.155 "POST /v2.0/ports HTTP/1.1" status: 201 len: 942 time: 0.3896945 /var/lib/openstack/lib/python3.10/site-packages/pycadf/identifier.py:71: UserWarning: Invalid uuid: neutron. To ensure interoperability, identifiers should be a valid uuid. warnings.warn(('Invalid uuid: %s. To ensure interoperability, '
2026-06-26 11:38:25.175 9 INFO neutron.db.segments_db [None req-1ec3b34f-9f83-48ad-a350-edb656b994bd 44e8d98145594c359800a9c8fb602d8d 58f29e4772fe45ffb6b67921b04f55a7 - - default default] Added segment d58ef9be-ad20-4869-b6b7-1a40f976e3dd of type geneve for network 2e971407-e830-458e-925d-49c2605df4f8
2026-06-26 11:38:25.341 9 INFO neutron.db.ovn_revision_numbers_db [None req-1ec3b34f-9f83-48ad-a350-edb656b994bd 44e8d98145594c359800a9c8fb602d8d 58f29e4772fe45ffb6b67921b04f55a7 - - default default] Successfully bumped revision number for resource 2e971407-e830-458e-925d-49c2605df4f8 (type: networks) to 1
2026-06-26 11:38:25.479 9 WARNING neutron.scheduler.dhcp_agent_scheduler [None req-1ec3b34f-9f83-48ad-a350-edb656b994bd 44e8d98145594c359800a9c8fb602d8d 58f29e4772fe45ffb6b67921b04f55a7 - - default default] No more DHCP agents
2026-06-26 11:38:25.481 9 WARNING neutron.api.rpc.agentnotifiers.dhcp_rpc_agent_api [None req-1ec3b34f-9f83-48ad-a350-edb656b994bd 44e8d98145594c359800a9c8fb602d8d 58f29e4772fe45ffb6b67921b04f55a7 - - default default] Unable to schedule network 2e971407-e830-458e-925d-49c2605df4f8: no agents available; will retry on subsequent port and subnet creation events.
2026-06-26 11:38:25.554 9 INFO neutron.db.ovn_revision_numbers_db [None req-1ec3b34f-9f83-48ad-a350-edb656b994bd 44e8d98145594c359800a9c8fb602d8d 58f29e4772fe45ffb6b67921b04f55a7 - - default default] Successfully bumped revision number for resource abd16df1-95d6-42df-af6e-5c4fa06b07ab (type: ports) to 1
2026-06-26 11:38:25.571 9 INFO neutron.wsgi [None req-1ec3b34f-9f83-48ad-a350-edb656b994bd 44e8d98145594c359800a9c8fb602d8d 58f29e4772fe45ffb6b67921b04f55a7 - - default default] 10.0.0.155 "POST /v2.0/networks HTTP/1.1" status: 201 len: 830 time: 0.4957583
2026-06-26 11:38:25.778 9 WARNING neutron.scheduler.dhcp_agent_scheduler [None req-a4e4588b-6ad1-4b62-b426-e12b85bd6e63 44e8d98145594c359800a9c8fb602d8d 58f29e4772fe45ffb6b67921b04f55a7 - - default default] No more DHCP agents
2026-06-26 11:38:25.780 9 WARNING neutron.api.rpc.agentnotifiers.dhcp_rpc_agent_api [None req-a4e4588b-6ad1-4b62-b426-e12b85bd6e63 44e8d98145594c359800a9c8fb602d8d 58f29e4772fe45ffb6b67921b04f55a7 - - default default] Unable to schedule network 2e971407-e830-458e-925d-49c2605df4f8: no agents available; will retry on subsequent port and subnet creation events.
2026-06-26 11:38:25.871 9 INFO neutron.db.ovn_revision_numbers_db [None req-a4e4588b-6ad1-4b62-b426-e12b85bd6e63 44e8d98145594c359800a9c8fb602d8d 58f29e4772fe45ffb6b67921b04f55a7 - - default default] Successfully bumped revision number for resource 6d9d67b1-b15a-4e59-a3fc-df0327833607 (type: ports) to 1
2026-06-26 11:38:25.893 9 INFO neutron.wsgi [None req-a4e4588b-6ad1-4b62-b426-e12b85bd6e63 44e8d98145594c359800a9c8fb602d8d 58f29e4772fe45ffb6b67921b04f55a7 - - default default] 10.0.0.155 "POST /v2.0/ports HTTP/1.1" status: 201 len: 942 time: 0.3159010 /var/lib/openstack/lib/python3.10/site-packages/pycadf/identifier.py:71: UserWarning: Invalid uuid: neutron. To ensure interoperability, identifiers should be a valid uuid. warnings.warn(('Invalid uuid: %s. To ensure interoperability, '
2026-06-26 11:38:25.996 9 INFO neutron.db.segments_db [None req-8a14e419-a150-40b5-8661-332c97ede9da 44e8d98145594c359800a9c8fb602d8d 58f29e4772fe45ffb6b67921b04f55a7 - - default default] Added segment 228e4bdb-e3ed-4400-8c49-cd898025a8a2 of type geneve for network f90b08fc-b33d-4ad4-9b7b-b8bf28eb576d
2026-06-26 11:38:26.145 9 INFO neutron.db.ovn_revision_numbers_db [None req-8a14e419-a150-40b5-8661-332c97ede9da 44e8d98145594c359800a9c8fb602d8d 58f29e4772fe45ffb6b67921b04f55a7 - - default default] Successfully bumped revision number for resource f90b08fc-b33d-4ad4-9b7b-b8bf28eb576d (type: networks) to 1
2026-06-26 11:38:26.324 9 WARNING neutron.scheduler.dhcp_agent_scheduler [None req-8a14e419-a150-40b5-8661-332c97ede9da 44e8d98145594c359800a9c8fb602d8d 58f29e4772fe45ffb6b67921b04f55a7 - - default default] No more DHCP agents
2026-06-26 11:38:26.329 9 WARNING neutron.api.rpc.agentnotifiers.dhcp_rpc_agent_api [None req-8a14e419-a150-40b5-8661-332c97ede9da 44e8d98145594c359800a9c8fb602d8d 58f29e4772fe45ffb6b67921b04f55a7 - - default default] Unable to schedule network f90b08fc-b33d-4ad4-9b7b-b8bf28eb576d: no agents available; will retry on subsequent port and subnet creation events.
2026-06-26 11:38:26.437 9 INFO neutron.db.ovn_revision_numbers_db [None req-8a14e419-a150-40b5-8661-332c97ede9da 44e8d98145594c359800a9c8fb602d8d 58f29e4772fe45ffb6b67921b04f55a7 - - default default] Successfully bumped revision number for resource f7099706-2a57-4099-93f9-7780269a7bad (type: ports) to 1
2026-06-26 11:38:26.458 9 INFO neutron.wsgi [req-e35ec298-f087-4a4f-90a4-ffe7ae22f8fa req-a54156ab-52d3-4b23-b974-00d3f6d02b18 5e26fa0551c149f59980f4a9a5855f04 c0c51c03fb1a4f94900256fd09bd2123 - - default default] 10.0.0.21 "GET /v2.0/ports?device_id=c9fe060d-2e89-4716-ab94-cdd3e8956a67 HTTP/1.1" status: 200 len: 1404 time: 0.1133139
2026-06-26 11:38:26.461 9 INFO neutron.wsgi [None req-8a14e419-a150-40b5-8661-332c97ede9da 44e8d98145594c359800a9c8fb602d8d 58f29e4772fe45ffb6b67921b04f55a7 - - default default] 10.0.0.155 "POST /v2.0/networks HTTP/1.1" status: 201 len: 831 time: 0.5622165 /var/lib/openstack/lib/python3.10/site-packages/pycadf/identifier.py:71: UserWarning: Invalid uuid: neutron. To ensure interoperability, identifiers should be a valid uuid. warnings.warn(('Invalid uuid: %s. To ensure interoperability, '
2026-06-26 11:38:26.507 9 INFO neutron.wsgi [req-e35ec298-f087-4a4f-90a4-ffe7ae22f8fa req-62b08bef-151d-4d68-a8aa-f155bef5cc34 5e26fa0551c149f59980f4a9a5855f04 c0c51c03fb1a4f94900256fd09bd2123 - - default default] 10.0.0.21 "GET /v2.0/security-groups?id=71c05495-2372-48a6-bdf7-1af0b7d6c425&fields=id&fields=name HTTP/1.1" status: 200 len: 310 time: 0.0400870
2026-06-26 11:38:26.566 9 INFO neutron.wsgi [None req-a94e88ce-e63c-432d-be56-ffdc0cbba853 5e26fa0551c149f59980f4a9a5855f04 c0c51c03fb1a4f94900256fd09bd2123 - - default default] 10.0.0.155 "GET /v2.0/ports?network_id=888b583c-65e6-4a99-b5ec-3694d09e7ae2&mac_address=fa%3A16%3A3e%3Ab4%3Ac6%3Aa6 HTTP/1.1" status: 200 len: 1399 time: 0.0309410
2026-06-26 11:38:26.687 10 WARNING neutron.scheduler.dhcp_agent_scheduler [None req-344554bb-d98b-44c6-9513-4bf4eaaaf109 44e8d98145594c359800a9c8fb602d8d 58f29e4772fe45ffb6b67921b04f55a7 - - default default] No more DHCP agents
2026-06-26 11:38:26.689 10 WARNING neutron.api.rpc.agentnotifiers.dhcp_rpc_agent_api [None req-344554bb-d98b-44c6-9513-4bf4eaaaf109 44e8d98145594c359800a9c8fb602d8d 58f29e4772fe45ffb6b67921b04f55a7 - - default default] Unable to schedule network f90b08fc-b33d-4ad4-9b7b-b8bf28eb576d: no agents available; will retry on subsequent port and subnet creation events.
2026-06-26 11:38:26.721 10 INFO neutron.notifiers.nova [-] Nova event matching ['req-88c5010f-940d-459d-a6ba-09bf460a9a93'] response: {'server_uuid': 'c9fe060d-2e89-4716-ab94-cdd3e8956a67', 'name': 'network-vif-plugged', 'status': 'completed', 'tag': '5ce5c42e-878f-4d2b-b0da-43a4815f4f43', 'code': 200}
2026-06-26 11:38:26.774 10 INFO neutron.db.ovn_revision_numbers_db [None req-344554bb-d98b-44c6-9513-4bf4eaaaf109 44e8d98145594c359800a9c8fb602d8d 58f29e4772fe45ffb6b67921b04f55a7 - - default default] Successfully bumped revision number for resource ec252aaf-0a3f-4f39-aeaf-e526ef3e0c2c (type: ports) to 1
2026-06-26 11:38:26.797 10 INFO neutron.wsgi [None req-344554bb-d98b-44c6-9513-4bf4eaaaf109 44e8d98145594c359800a9c8fb602d8d 58f29e4772fe45ffb6b67921b04f55a7 - - default default] 10.0.0.155 "POST /v2.0/ports HTTP/1.1" status: 201 len: 942 time: 0.3286493 /var/lib/openstack/lib/python3.10/site-packages/pycadf/identifier.py:71: UserWarning: Invalid uuid: neutron. To ensure interoperability, identifiers should be a valid uuid. warnings.warn(('Invalid uuid: %s. To ensure interoperability, '
2026-06-26 11:38:26.831 10 INFO neutron.wsgi [None req-8981599b-092b-421a-be30-152754111a47 44e8d98145594c359800a9c8fb602d8d 58f29e4772fe45ffb6b67921b04f55a7 - - default default] 10.0.0.155 "PUT /v2.0/ports/9a2ab76b-324d-42b5-b5e5-91fcf0d8264a/tags HTTP/1.1" status: 200 len: 210 time: 0.0298314
2026-06-26 11:38:26.852 9 WARNING neutron.scheduler.dhcp_agent_scheduler [None req-8ceed8a9-7ee4-44d1-b304-b972d1360d5c 5e26fa0551c149f59980f4a9a5855f04 c0c51c03fb1a4f94900256fd09bd2123 - - default default] No more DHCP agents
2026-06-26 11:38:26.856 9 WARNING neutron.api.rpc.agentnotifiers.dhcp_rpc_agent_api [None req-8ceed8a9-7ee4-44d1-b304-b972d1360d5c 5e26fa0551c149f59980f4a9a5855f04 c0c51c03fb1a4f94900256fd09bd2123 - - default default] Unable to schedule network 40172fb8-2309-4fcd-8b81-a10ae0187096: no agents available; will retry on subsequent port and subnet creation events.
2026-06-26 11:38:26.877 10 INFO neutron.wsgi [None req-2b2507c9-4e69-4613-87a5-5c700b2f5eee 44e8d98145594c359800a9c8fb602d8d 58f29e4772fe45ffb6b67921b04f55a7 - - default default] 10.0.0.155 "PUT /v2.0/ports/9057f0ee-75c0-40c3-8241-4bac211fac96/tags HTTP/1.1" status: 200 len: 218 time: 0.0416198
2026-06-26 11:38:26.922 10 INFO neutron.wsgi [None req-a36fa0f0-50b8-4f04-ba9c-83dc40926f07 44e8d98145594c359800a9c8fb602d8d 58f29e4772fe45ffb6b67921b04f55a7 - - default default] 10.0.0.155 "PUT /v2.0/ports/6699988a-bffe-47f8-860b-15f5f3af1c3e/tags HTTP/1.1" status: 200 len: 227 time: 0.0393786
2026-06-26 11:38:26.976 9 INFO neutron.wsgi [None req-0584b43c-a44f-4ede-b02d-2186b36d53af 44e8d98145594c359800a9c8fb602d8d 58f29e4772fe45ffb6b67921b04f55a7 - - default default] 10.0.0.155 "PUT /v2.0/ports/6d9d67b1-b15a-4e59-a3fc-df0327833607/tags HTTP/1.1" status: 200 len: 212 time: 0.0495343
2026-06-26 11:38:27.181 10 INFO neutron.wsgi [None req-8f754829-bf1e-4288-a104-7832744c5ee6 44e8d98145594c359800a9c8fb602d8d 58f29e4772fe45ffb6b67921b04f55a7 - - default default] 10.0.0.155 "GET /v2.0/ports?tags=red HTTP/1.1" status: 200 len: 2448 time: 0.2004020
2026-06-26 11:38:27.353 9 INFO neutron.db.l3_db [None req-8ceed8a9-7ee4-44d1-b304-b972d1360d5c 5e26fa0551c149f59980f4a9a5855f04 c0c51c03fb1a4f94900256fd09bd2123 - - default default] Floating IP dd062c62-84c7-437a-9c87-b857bca6a779 associated. External IP: 10.96.250.218, port: 5ce5c42e-878f-4d2b-b0da-43a4815f4f43.
2026-06-26 11:38:27.373 9 INFO neutron.wsgi [None req-38a68c0a-3674-43b2-a3b9-48059aa2b841 44e8d98145594c359800a9c8fb602d8d 58f29e4772fe45ffb6b67921b04f55a7 - - default default] 10.0.0.155 "GET /v2.0/ports?tags=red%2Cblue HTTP/1.1" status: 200 len: 1708 time: 0.1844881
2026-06-26 11:38:27.431 10 INFO neutron.wsgi [None req-96ce0449-43a7-4ad5-8870-3f4b08a3a16f 44e8d98145594c359800a9c8fb602d8d 58f29e4772fe45ffb6b67921b04f55a7 - - default default] 10.0.0.155 "GET /v2.0/ports?tags-any=blue HTTP/1.1" status: 200 len: 1708 time: 0.0523469
2026-06-26 11:38:27.474 10 INFO neutron.wsgi [None req-10520596-56f8-4c22-9d17-0528d48d4ba1 44e8d98145594c359800a9c8fb602d8d 58f29e4772fe45ffb6b67921b04f55a7 - - default default] 10.0.0.155 "GET /v2.0/ports?tags-any=red%2Cblue HTTP/1.1" status: 200 len: 2448 time: 0.0395360
2026-06-26 11:38:27.531 10 INFO neutron.wsgi [req-42afc0cd-7adc-4afc-8b35-ecbef9f82488 req-3c6e095a-bf61-499d-a847-daa629642bdb f98daae8be984a6386877d742a7003cf cb639a4a6dd442ebb08599392164bda4 - - 508b69b9609c45618a526eb50132b3d7 508b69b9609c45618a526eb50132b3d7] 10.0.0.81 "GET /v2.0/ports?device_id=d9872387-6ef5-4aef-863f-88fcbff552ff HTTP/1.1" status: 200 len: 1634 time: 0.0531490
2026-06-26 11:38:27.602 9 INFO neutron.db.ovn_revision_numbers_db [None req-8ceed8a9-7ee4-44d1-b304-b972d1360d5c 5e26fa0551c149f59980f4a9a5855f04 c0c51c03fb1a4f94900256fd09bd2123 - - default default] Successfully bumped revision number for resource dd062c62-84c7-437a-9c87-b857bca6a779 (type: floatingips) to 0
2026-06-26 11:38:27.650 10 INFO neutron.wsgi [req-42afc0cd-7adc-4afc-8b35-ecbef9f82488 req-6fe6b52c-62d9-4711-b8af-397e905eb8ad f98daae8be984a6386877d742a7003cf cb639a4a6dd442ebb08599392164bda4 - - 508b69b9609c45618a526eb50132b3d7 508b69b9609c45618a526eb50132b3d7] 10.0.0.81 "GET /v2.0/security-groups?id=71c05495-2372-48a6-bdf7-1af0b7d6c425&fields=id&fields=name HTTP/1.1" status: 200 len: 310 time: 0.1090221
2026-06-26 11:38:27.695 10 INFO neutron.wsgi [None req-2b257e84-1de6-43c2-9dfe-1813721b1c3d 44e8d98145594c359800a9c8fb602d8d 58f29e4772fe45ffb6b67921b04f55a7 - - default default] 10.0.0.155 "GET /v2.0/ports?not-tags=red HTTP/1.1" status: 200 len: 5463 time: 0.2117283 /var/lib/openstack/lib/python3.10/site-packages/pycadf/identifier.py:71: UserWarning: Invalid uuid: neutron. To ensure interoperability, identifiers should be a valid uuid. warnings.warn(('Invalid uuid: %s. To ensure interoperability, '
2026-06-26 11:38:27.722 9 INFO neutron.db.ovn_revision_numbers_db [None req-8ceed8a9-7ee4-44d1-b304-b972d1360d5c 5e26fa0551c149f59980f4a9a5855f04 c0c51c03fb1a4f94900256fd09bd2123 - - default default] Successfully bumped revision number for resource dd062c62-84c7-437a-9c87-b857bca6a779 (type: floatingips) to 1
2026-06-26 11:38:27.763 9 INFO neutron.wsgi [None req-8ceed8a9-7ee4-44d1-b304-b972d1360d5c 5e26fa0551c149f59980f4a9a5855f04 c0c51c03fb1a4f94900256fd09bd2123 - - default default] 10.0.0.155 "POST /v2.0/floatingips HTTP/1.1" status: 201 len: 1054 time: 1.1915140
2026-06-26 11:38:27.779 10 INFO neutron.wsgi [None req-40b2bae8-e5d4-460a-9f1d-f636291396fc 44e8d98145594c359800a9c8fb602d8d 58f29e4772fe45ffb6b67921b04f55a7 - - default default] 10.0.0.155 "GET /v2.0/ports?not-tags=red%2Cblue HTTP/1.1" status: 200 len: 6203 time: 0.0797260
2026-06-26 11:38:27.800 9 INFO neutron.notifiers.nova [-] Nova event matching ['req-afaefa04-6cb8-4d03-9641-b05caa7f8f8e'] response: {'name': 'network-changed', 'server_uuid': 'c9fe060d-2e89-4716-ab94-cdd3e8956a67', 'tag': '5ce5c42e-878f-4d2b-b0da-43a4815f4f43', 'status': 'completed', 'code': 200}
2026-06-26 11:38:27.858 9 INFO neutron.wsgi [req-570fc27d-a678-4bf3-b1ee-e830a00da349 req-3aab47f8-c49c-41a2-a492-a96b7967ca73 f98daae8be984a6386877d742a7003cf cb639a4a6dd442ebb08599392164bda4 - - 508b69b9609c45618a526eb50132b3d7 508b69b9609c45618a526eb50132b3d7] 199.19.213.147 "GET /v2.0/ports?tenant_id=c0c51c03fb1a4f94900256fd09bd2123&device_id=c9fe060d-2e89-4716-ab94-cdd3e8956a67 HTTP/1.1" status: 200 len: 1642 time: 0.0347056
2026-06-26 11:38:27.864 10 INFO neutron.wsgi [None req-3f06125b-f83b-4f9e-bb9d-dae913caca15 44e8d98145594c359800a9c8fb602d8d 58f29e4772fe45ffb6b67921b04f55a7 - - default default] 10.0.0.155 "GET /v2.0/ports?not-tags-any=blue HTTP/1.1" status: 200 len: 6203 time: 0.0786388
2026-06-26 11:38:27.923 10 INFO neutron.wsgi [None req-f6b2fba3-6bf7-4a9d-b0a7-9f2cb9e6fd75 44e8d98145594c359800a9c8fb602d8d 58f29e4772fe45ffb6b67921b04f55a7 - - default default] 10.0.0.155 "GET /v2.0/ports?not-tags-any=red%2Cblue HTTP/1.1" status: 200 len: 5463 time: 0.0546756
2026-06-26 11:38:27.927 9 INFO neutron.wsgi [req-570fc27d-a678-4bf3-b1ee-e830a00da349 req-2c6dd91f-2910-4298-aef7-c3166bd2ef64 f98daae8be984a6386877d742a7003cf cb639a4a6dd442ebb08599392164bda4 - - 508b69b9609c45618a526eb50132b3d7 508b69b9609c45618a526eb50132b3d7] 199.19.213.147 "GET /v2.0/networks?id=888b583c-65e6-4a99-b5ec-3694d09e7ae2 HTTP/1.1" status: 200 len: 1003 time: 0.0613866
2026-06-26 11:38:27.973 9 INFO neutron.wsgi [req-570fc27d-a678-4bf3-b1ee-e830a00da349 req-952d778a-dfcf-4a74-aa06-7860794dc66b f98daae8be984a6386877d742a7003cf cb639a4a6dd442ebb08599392164bda4 - - 508b69b9609c45618a526eb50132b3d7 508b69b9609c45618a526eb50132b3d7] 199.19.213.147 "GET /v2.0/floatingips?fixed_ip_address=10.2.2.101&port_id=5ce5c42e-878f-4d2b-b0da-43a4815f4f43 HTTP/1.1" status: 200 len: 1059 time: 0.0399845
2026-06-26 11:38:28.002 9 INFO neutron.wsgi [req-570fc27d-a678-4bf3-b1ee-e830a00da349 req-ab1fa524-de8f-4bfb-8ef8-566346ebbbe0 f98daae8be984a6386877d742a7003cf cb639a4a6dd442ebb08599392164bda4 - - 508b69b9609c45618a526eb50132b3d7 508b69b9609c45618a526eb50132b3d7] 199.19.213.147 "GET /v2.0/floatingips?fixed_ip_address=fd77%3A1457%3A4cf0%3A26a8%3A%3A32c&port_id=5ce5c42e-878f-4d2b-b0da-43a4815f4f43 HTTP/1.1" status: 200 len: 217 time: 0.0217936
2026-06-26 11:38:28.038 9 INFO neutron.wsgi [req-570fc27d-a678-4bf3-b1ee-e830a00da349 req-5680ab94-5d47-4950-8a3d-39e7ef2997ec f98daae8be984a6386877d742a7003cf cb639a4a6dd442ebb08599392164bda4 - - 508b69b9609c45618a526eb50132b3d7 508b69b9609c45618a526eb50132b3d7] 199.19.213.147 "GET /v2.0/subnets?id=321f2a56-0e0e-44c1-83ae-9b4181df379c&id=d5b53b21-49d3-48ef-9aa9-5d978480536f HTTP/1.1" status: 200 len: 1567 time: 0.0307267
2026-06-26 11:38:28.067 9 INFO neutron.wsgi [req-570fc27d-a678-4bf3-b1ee-e830a00da349 req-5aedeed6-9630-46f5-8f4c-974b90c7f5fc f98daae8be984a6386877d742a7003cf cb639a4a6dd442ebb08599392164bda4 - - 508b69b9609c45618a526eb50132b3d7 508b69b9609c45618a526eb50132b3d7] 199.19.213.147 "GET /v2.0/ports?network_id=888b583c-65e6-4a99-b5ec-3694d09e7ae2&device_owner=network%3Adhcp HTTP/1.1" status: 200 len: 210 time: 0.0225139
2026-06-26 11:38:28.099 9 INFO neutron.wsgi [req-570fc27d-a678-4bf3-b1ee-e830a00da349 req-3f1bbdd0-4244-468b-86b3-6e3380aadc80 f98daae8be984a6386877d742a7003cf cb639a4a6dd442ebb08599392164bda4 - - 508b69b9609c45618a526eb50132b3d7 508b69b9609c45618a526eb50132b3d7] 199.19.213.147 "GET /v2.0/ports?network_id=888b583c-65e6-4a99-b5ec-3694d09e7ae2&device_owner=network%3Adhcp HTTP/1.1" status: 200 len: 210 time: 0.0259926
2026-06-26 11:38:28.165 10 INFO neutron.wsgi [None req-f1c1e95a-0945-4bd5-a2bb-5ada72e522f0 44e8d98145594c359800a9c8fb602d8d 58f29e4772fe45ffb6b67921b04f55a7 - - default default] 10.0.0.155 "DELETE /v2.0/ports/9a2ab76b-324d-42b5-b5e5-91fcf0d8264a HTTP/1.1" status: 204 len: 168 time: 0.2365863
2026-06-26 11:38:28.202 9 INFO neutron.wsgi [req-570fc27d-a678-4bf3-b1ee-e830a00da349 req-705d7165-b95f-4ffa-8c2f-291e000865a9 f98daae8be984a6386877d742a7003cf cb639a4a6dd442ebb08599392164bda4 - - 508b69b9609c45618a526eb50132b3d7 508b69b9609c45618a526eb50132b3d7] 199.19.213.147 "GET /v2.0/networks/888b583c-65e6-4a99-b5ec-3694d09e7ae2?fields=segments HTTP/1.1" status: 200 len: 212 time: 0.0945508
2026-06-26 11:38:28.504 9 INFO neutron.wsgi [req-570fc27d-a678-4bf3-b1ee-e830a00da349 req-95c95fde-4d73-456c-9eed-f825d0a8b6af f98daae8be984a6386877d742a7003cf cb639a4a6dd442ebb08599392164bda4 - - 508b69b9609c45618a526eb50132b3d7 508b69b9609c45618a526eb50132b3d7] 199.19.213.147 "GET /v2.0/networks/888b583c-65e6-4a99-b5ec-3694d09e7ae2?fields=provider%3Aphysical_network&fields=provider%3Anetwork_type HTTP/1.1" status: 200 len: 277 time: 0.2926419
2026-06-26 11:38:28.649 9 INFO neutron.wsgi [None req-cca7f467-d542-4ee5-ae80-80f612ab3e3f 44e8d98145594c359800a9c8fb602d8d 58f29e4772fe45ffb6b67921b04f55a7 - - default default] 10.0.0.155 "DELETE /v2.0/ports/9057f0ee-75c0-40c3-8241-4bac211fac96 HTTP/1.1" status: 204 len: 168 time: 0.4791026
2026-06-26 11:38:28.900 10 INFO neutron.wsgi [None req-6ab42b7f-8bc9-444a-ada9-439f8db61e51 44e8d98145594c359800a9c8fb602d8d 58f29e4772fe45ffb6b67921b04f55a7 - - default default] 10.0.0.155 "DELETE /v2.0/ports/6699988a-bffe-47f8-860b-15f5f3af1c3e HTTP/1.1" status: 204 len: 168 time: 0.2437191
2026-06-26 11:38:29.118 10 INFO neutron.wsgi [None req-e9eb66a8-eefe-4d5b-af03-87c38680497c 44e8d98145594c359800a9c8fb602d8d 58f29e4772fe45ffb6b67921b04f55a7 - - default default] 10.0.0.155 "DELETE /v2.0/ports/6d9d67b1-b15a-4e59-a3fc-df0327833607 HTTP/1.1" status: 204 len: 168 time: 0.2138097
2026-06-26 11:38:29.375 9 INFO neutron.wsgi [None req-3df2a5dc-455a-43a7-bd9e-a1e8563e2ad7 44e8d98145594c359800a9c8fb602d8d 58f29e4772fe45ffb6b67921b04f55a7 - - default default] 10.0.0.155 "DELETE /v2.0/ports/ec252aaf-0a3f-4f39-aeaf-e526ef3e0c2c HTTP/1.1" status: 204 len: 168 time: 0.2524354
2026-06-26 11:38:29.716 9 INFO neutron.services.segments.plugin [-] Segment 8b227e65-16d4-429b-9d29-53126c683cad resource provider aggregate not found
2026-06-26 11:38:29.728 9 INFO neutron.services.segments.plugin [-] Segment 8b227e65-16d4-429b-9d29-53126c683cad resource provider aggregate not found
2026-06-26 11:38:29.733 9 INFO neutron.services.segments.plugin [-] Segment 8b227e65-16d4-429b-9d29-53126c683cad resource provider not found; error: Placement Client Error (4xx): {"errors": [{"status": 404, "title": "Not Found", "detail": "The resource could not be found.\n\n No resource provider with uuid 8b227e65-16d4-429b-9d29-53126c683cad found for delete ", "request_id": "req-2edc38b4-bfff-4274-bece-aaab33f5e5f3"}]}
2026-06-26 11:38:29.742 9 INFO neutron.services.segments.plugin [-] Segment 8b227e65-16d4-429b-9d29-53126c683cad resource provider not found; error: Placement Client Error (4xx): {"errors": [{"status": 404, "title": "Not Found", "detail": "The resource could not be found.\n\n No resource provider with uuid 8b227e65-16d4-429b-9d29-53126c683cad found for delete ", "request_id": "req-d2179e15-ec11-4982-a7bc-7a4ee04a3931"}]}
2026-06-26 11:38:29.770 9 INFO neutron.wsgi [None req-f0381490-c524-4d88-b079-981389d64603 44e8d98145594c359800a9c8fb602d8d 58f29e4772fe45ffb6b67921b04f55a7 - - default default] 10.0.0.155 "DELETE /v2.0/networks/5283171b-a66d-4056-81cb-5f7216e08d0a HTTP/1.1" status: 204 len: 168 time: 0.3867164
2026-06-26 11:38:30.163 10 INFO neutron.services.segments.plugin [-] Segment 5a0edef2-6087-4c19-a188-2d3759c6b523 resource provider aggregate not found
2026-06-26 11:38:30.172 10 INFO neutron.services.segments.plugin [-] Segment 5a0edef2-6087-4c19-a188-2d3759c6b523 resource provider aggregate not found
2026-06-26 11:38:30.199 10 INFO neutron.services.segments.plugin [-] Segment 5a0edef2-6087-4c19-a188-2d3759c6b523 resource provider not found; error: Placement Client Error (4xx): {"errors": [{"status": 404, "title": "Not Found", "detail": "The resource could not be found.\n\n No resource provider with uuid 5a0edef2-6087-4c19-a188-2d3759c6b523 found for delete ", "request_id": "req-4312dd83-8417-4b57-abaf-dba06ca4f8e5"}]}
2026-06-26 11:38:30.215 10 INFO neutron.services.segments.plugin [-] Segment 5a0edef2-6087-4c19-a188-2d3759c6b523 resource provider not found; error: Placement Client Error (4xx): {"errors": [{"status": 404, "title": "Not Found", "detail": "The resource could not be found.\n\n No resource provider with uuid 5a0edef2-6087-4c19-a188-2d3759c6b523 found for delete ", "request_id": "req-c2ad9253-2c70-4b69-9c33-46bf2e51e29a"}]}
2026-06-26 11:38:30.243 10 INFO neutron.wsgi [None req-03dd6764-26d8-45bf-87bb-fdf2f0b6022f 44e8d98145594c359800a9c8fb602d8d 58f29e4772fe45ffb6b67921b04f55a7 - - default default] 10.0.0.155 "DELETE /v2.0/networks/1edf4232-1242-4f0e-b491-c58ae77f4872 HTTP/1.1" status: 204 len: 168 time: 0.4660327
2026-06-26 11:38:30.638 9 INFO neutron.wsgi [None req-b07d270a-bf5b-4ad9-a26d-82ea99fec054 44e8d98145594c359800a9c8fb602d8d 58f29e4772fe45ffb6b67921b04f55a7 - - default default] 10.0.0.155 "DELETE /v2.0/networks/e2360afe-5f22-4408-9576-3445fd613073 HTTP/1.1" status: 204 len: 168 time: 0.3898528
2026-06-26 11:38:31.005 10 INFO neutron.wsgi [None req-27b6041d-5645-4506-b0de-885e63a320c9 44e8d98145594c359800a9c8fb602d8d 58f29e4772fe45ffb6b67921b04f55a7 - - default default] 10.0.0.155 "DELETE /v2.0/networks/2e971407-e830-458e-925d-49c2605df4f8 HTTP/1.1" status: 204 len: 168 time: 0.3624804
2026-06-26 11:38:31.429 9 INFO neutron.wsgi [None req-81409110-aef3-4ed6-8de7-f2988649711d 44e8d98145594c359800a9c8fb602d8d 58f29e4772fe45ffb6b67921b04f55a7 - - default default] 10.0.0.155 "DELETE /v2.0/networks/f90b08fc-b33d-4ad4-9b7b-b8bf28eb576d HTTP/1.1" status: 204 len: 168 time: 0.4188988
2026-06-26 11:38:31.753 9 INFO neutron.services.segments.plugin [-] Segment 9a1e2fa0-6a7d-4b5f-aa75-4832f8a00ee2 resource provider aggregate not found
2026-06-26 11:38:31.762 9 INFO neutron.services.segments.plugin [-] Segment 9a1e2fa0-6a7d-4b5f-aa75-4832f8a00ee2 resource provider aggregate not found
2026-06-26 11:38:31.771 9 INFO neutron.services.segments.plugin [-] Segment 9a1e2fa0-6a7d-4b5f-aa75-4832f8a00ee2 resource provider not found; error: Placement Client Error (4xx): {"errors": [{"status": 404, "title": "Not Found", "detail": "The resource could not be found.\n\n No resource provider with uuid 9a1e2fa0-6a7d-4b5f-aa75-4832f8a00ee2 found for delete ", "request_id": "req-805c1a94-6077-4b2e-aaf8-6773002359fc"}]}
2026-06-26 11:38:31.784 9 INFO neutron.services.segments.plugin [-] Segment 9a1e2fa0-6a7d-4b5f-aa75-4832f8a00ee2 resource provider not found; error: Placement Client Error (4xx): {"errors": [{"status": 404, "title": "Not Found", "detail": "The resource could not be found.\n\n No resource provider with uuid 9a1e2fa0-6a7d-4b5f-aa75-4832f8a00ee2 found for delete ", "request_id": "req-7d49085e-c11d-4a78-a4c4-e12e704cf5ed"}]}
2026-06-26 11:38:31.791 9 INFO neutron.services.segments.plugin [-] Segment 228e4bdb-e3ed-4400-8c49-cd898025a8a2 resource provider aggregate not found
2026-06-26 11:38:31.804 9 INFO neutron.services.segments.plugin [-] Segment 228e4bdb-e3ed-4400-8c49-cd898025a8a2 resource provider aggregate not found
2026-06-26 11:38:31.808 9 INFO neutron.services.segments.plugin [-] Segment 228e4bdb-e3ed-4400-8c49-cd898025a8a2 resource provider not found; error: Placement Client Error (4xx): {"errors": [{"status": 404, "title": "Not Found", "detail": "The resource could not be found.\n\n No resource provider with uuid 228e4bdb-e3ed-4400-8c49-cd898025a8a2 found for delete ", "request_id": "req-29b95680-a74f-444b-b547-02b08cc90661"}]}
2026-06-26 11:38:31.815 9 INFO neutron.services.segments.plugin [-] Segment 228e4bdb-e3ed-4400-8c49-cd898025a8a2 resource provider not found; error: Placement Client Error (4xx): {"errors": [{"status": 404, "title": "Not Found", "detail": "The resource could not be found.\n\n No resource provider with uuid 228e4bdb-e3ed-4400-8c49-cd898025a8a2 found for delete ", "request_id": "req-bc7d88ad-9d10-47a5-b565-1f33b99aabe8"}]}
2026-06-26 11:38:32.224 10 INFO neutron.services.segments.plugin [-] Segment d58ef9be-ad20-4869-b6b7-1a40f976e3dd resource provider aggregate not found
2026-06-26 11:38:32.243 10 INFO neutron.services.segments.plugin [-] Segment d58ef9be-ad20-4869-b6b7-1a40f976e3dd resource provider aggregate not found
2026-06-26 11:38:32.253 10 INFO neutron.services.segments.plugin [-] Segment d58ef9be-ad20-4869-b6b7-1a40f976e3dd resource provider not found; error: Placement Client Error (4xx): {"errors": [{"status": 404, "title": "Not Found", "detail": "The resource could not be found.\n\n No resource provider with uuid d58ef9be-ad20-4869-b6b7-1a40f976e3dd found for delete ", "request_id": "req-355ad038-41f0-4d5c-9971-b8695d5fa021"}]}
2026-06-26 11:38:32.262 10 INFO neutron.services.segments.plugin [-] Segment d58ef9be-ad20-4869-b6b7-1a40f976e3dd resource provider not found; error: Placement Client Error (4xx): {"errors": [{"status": 404, "title": "Not Found", "detail": "The resource could not be found.\n\n No resource provider with uuid d58ef9be-ad20-4869-b6b7-1a40f976e3dd found for delete ", "request_id": "req-c8f2c95a-0e53-4635-9f3c-03d881deeb41"}]}
2026-06-26 11:38:32.393 9 INFO neutron.wsgi [None req-36f627a2-72f1-48b9-9497-8fc5a5bfcc12 8d8b93d0de2e4d33a9527d5ff193614f 0d9cfadafc714e47be3a14b9ff0c38c6 - - default default] 10.0.0.155 "GET /v2.0/security-groups?tenant_id=58f29e4772fe45ffb6b67921b04f55a7&name=default HTTP/1.1" status: 200 len: 2996 time: 0.1451092
2026-06-26 11:38:32.527 10 INFO neutron.wsgi [None req-46647af9-ea4e-4d65-8753-e2e47249beee 8d8b93d0de2e4d33a9527d5ff193614f 0d9cfadafc714e47be3a14b9ff0c38c6 - - default default] 10.0.0.94 "GET /v2.0/agents HTTP/1.1" status: 200 len: 997 time: 0.0706577
2026-06-26 11:38:32.588 10 INFO neutron.wsgi [None req-56fa122a-4dbf-4399-a0b3-5327d8c7b0b4 8d8b93d0de2e4d33a9527d5ff193614f 0d9cfadafc714e47be3a14b9ff0c38c6 - - default default] 10.0.0.94 "GET /v2.0/subnets HTTP/1.1" status: 200 len: 5497 time: 0.0595853
2026-06-26 11:38:32.606 10 INFO neutron.wsgi [None req-aa409e62-b672-45bc-8f90-1e8b6ce41a0f 8d8b93d0de2e4d33a9527d5ff193614f 0d9cfadafc714e47be3a14b9ff0c38c6 - - default default] 10.0.0.94 "GET /v2.0/subnetpools HTTP/1.1" status: 200 len: 193 time: 0.0155911
2026-06-26 11:38:32.638 9 INFO neutron.wsgi [None req-fab038d4-f9e3-4095-b80b-8e66657d66c5 8d8b93d0de2e4d33a9527d5ff193614f 0d9cfadafc714e47be3a14b9ff0c38c6 - - default default] 10.0.0.155 "DELETE /v2.0/security-groups/3da22131-dada-4e46-8f05-eb86e3e84bd1 HTTP/1.1" status: 204 len: 168 time: 0.2391872
2026-06-26 11:38:32.651 10 INFO neutron.wsgi [None req-adf1229b-000e-492f-8ee0-daf180c22e84 8d8b93d0de2e4d33a9527d5ff193614f 0d9cfadafc714e47be3a14b9ff0c38c6 - - default default] 10.0.0.94 "GET /v2.0/subnets HTTP/1.1" status: 200 len: 5497 time: 0.0448065
2026-06-26 11:38:32.837 9 INFO neutron.db.ovn_revision_numbers_db [None req-8480190b-c323-408f-9273-53f5eae5bef1 8d8b93d0de2e4d33a9527d5ff193614f 0d9cfadafc714e47be3a14b9ff0c38c6 - - default default] Successfully bumped revision number for resource d8691492-e2c9-4641-adf4-ff470bf71184 (type: security_groups) to 1
2026-06-26 11:38:32.848 9 INFO neutron.db.ovn_revision_numbers_db [None req-8480190b-c323-408f-9273-53f5eae5bef1 8d8b93d0de2e4d33a9527d5ff193614f 0d9cfadafc714e47be3a14b9ff0c38c6 - - default default] Successfully bumped revision number for resource 15ef6c33-4a2c-425e-aa34-fbeb5e31df0d (type: security_group_rules) to 0
2026-06-26 11:38:32.862 9 INFO neutron.db.ovn_revision_numbers_db [None req-8480190b-c323-408f-9273-53f5eae5bef1 8d8b93d0de2e4d33a9527d5ff193614f 0d9cfadafc714e47be3a14b9ff0c38c6 - - default default] Successfully bumped revision number for resource 4a3499a6-5bdc-4f89-874a-05d03a88482f (type: security_group_rules) to 0
2026-06-26 11:38:32.879 9 INFO neutron.db.ovn_revision_numbers_db [None req-8480190b-c323-408f-9273-53f5eae5bef1 8d8b93d0de2e4d33a9527d5ff193614f 0d9cfadafc714e47be3a14b9ff0c38c6 - - default default] Successfully bumped revision number for resource 6c61a019-d63d-4d01-9128-44a9c933a085 (type: security_group_rules) to 0
2026-06-26 11:38:32.896 9 INFO neutron.db.ovn_revision_numbers_db [None req-8480190b-c323-408f-9273-53f5eae5bef1 8d8b93d0de2e4d33a9527d5ff193614f 0d9cfadafc714e47be3a14b9ff0c38c6 - - default default] Successfully bumped revision number for resource e3150505-e4af-4375-9623-c4ba5991788e (type: security_group_rules) to 0
2026-06-26 11:38:32.921 9 INFO neutron.wsgi [None req-8480190b-c323-408f-9273-53f5eae5bef1 8d8b93d0de2e4d33a9527d5ff193614f 0d9cfadafc714e47be3a14b9ff0c38c6 - - default default] 10.0.0.155 "GET /v2.0/security-groups?tenant_id=6dc094fc4c3c43a8b4fc0382b78b18cb&name=default HTTP/1.1" status: 200 len: 3000 time: 0.1960845
2026-06-26 11:38:33.051 10 INFO neutron.wsgi [None req-301ba1fc-8f93-4d06-b2cc-73f6f40f42fe 8d8b93d0de2e4d33a9527d5ff193614f 0d9cfadafc714e47be3a14b9ff0c38c6 - - default default] 10.0.0.94 "GET /v2.0/routers HTTP/1.1" status: 200 len: 849 time: 0.3951876
2026-06-26 11:38:33.063 10 INFO neutron.wsgi [None req-f25765f9-874f-4d60-be08-e4b7c8eaf1e8 8d8b93d0de2e4d33a9527d5ff193614f 0d9cfadafc714e47be3a14b9ff0c38c6 - - default default] 10.0.0.94 "GET /v2.0/agents?binary=ovn-controller HTTP/1.1" status: 200 len: 591 time: 0.0114019
2026-06-26 11:38:33.122 9 INFO neutron.wsgi [None req-600dd945-7478-4866-ad96-3ac930ede7f7 8d8b93d0de2e4d33a9527d5ff193614f 0d9cfadafc714e47be3a14b9ff0c38c6 - - default default] 10.0.0.155 "DELETE /v2.0/security-groups/d8691492-e2c9-4641-adf4-ff470bf71184 HTTP/1.1" status: 204 len: 168 time: 0.1969001
2026-06-26 11:38:33.130 10 INFO neutron.wsgi [None req-9754ae05-5482-4f14-8791-ca3dba8cd7e5 8d8b93d0de2e4d33a9527d5ff193614f 0d9cfadafc714e47be3a14b9ff0c38c6 - - default default] 10.0.0.94 "GET /v2.0/floatingips HTTP/1.1" status: 200 len: 1879 time: 0.0650973
2026-06-26 11:38:33.225 10 INFO neutron.wsgi [None req-8f1ffbac-4907-4d69-a916-3859fd22a2ef 8d8b93d0de2e4d33a9527d5ff193614f 0d9cfadafc714e47be3a14b9ff0c38c6 - - default default] 10.0.0.94 "GET /v2.0/networks HTTP/1.1" status: 200 len: 4721 time: 0.0933743
2026-06-26 11:38:33.283 10 INFO neutron.wsgi [None req-cea6d56e-4966-4329-8192-b9173c0193b7 8d8b93d0de2e4d33a9527d5ff193614f 0d9cfadafc714e47be3a14b9ff0c38c6 - - default default] 10.0.0.94 "GET /v2.0/security-groups HTTP/1.1" status: 200 len: 27514 time: 0.0550923
2026-06-26 11:38:33.354 10 INFO neutron.wsgi [None req-654023b4-9beb-4e0e-bd6d-43ca8f9197b6 8d8b93d0de2e4d33a9527d5ff193614f 0d9cfadafc714e47be3a14b9ff0c38c6 - - default default] 10.0.0.94 "GET /v2.0/ports HTTP/1.1" status: 200 len: 17583 time: 0.0617867
2026-06-26 11:38:33.382 10 INFO neutron.wsgi [None req-a6455af6-40e6-4808-bd2d-dfe34ae37f1d 8d8b93d0de2e4d33a9527d5ff193614f 0d9cfadafc714e47be3a14b9ff0c38c6 - - default default] 10.0.0.94 "GET /v2.0/network-ip-availabilities HTTP/1.1" status: 200 len: 3364 time: 0.0172377
2026-06-26 11:38:33.437 9 INFO neutron.db.ovn_revision_numbers_db [None req-5f61c6a1-1fb2-4209-9ed9-f4f72b06f21d 8d8b93d0de2e4d33a9527d5ff193614f 0d9cfadafc714e47be3a14b9ff0c38c6 - - default default] Successfully bumped revision number for resource 143c7940-cecc-4f45-9ec9-4d02e0bf888f (type: security_groups) to 1
2026-06-26 11:38:33.449 9 INFO neutron.db.ovn_revision_numbers_db [None req-5f61c6a1-1fb2-4209-9ed9-f4f72b06f21d 8d8b93d0de2e4d33a9527d5ff193614f 0d9cfadafc714e47be3a14b9ff0c38c6 - - default default] Successfully bumped revision number for resource 1e89a31a-8d19-4ddc-818b-451892d86d70 (type: security_group_rules) to 0
2026-06-26 11:38:33.461 9 INFO neutron.db.ovn_revision_numbers_db [None req-5f61c6a1-1fb2-4209-9ed9-f4f72b06f21d 8d8b93d0de2e4d33a9527d5ff193614f 0d9cfadafc714e47be3a14b9ff0c38c6 - - default default] Successfully bumped revision number for resource 6f85e122-6328-4beb-ab1f-a2d6fe3f2ca7 (type: security_group_rules) to 0
2026-06-26 11:38:33.475 9 INFO neutron.db.ovn_revision_numbers_db [None req-5f61c6a1-1fb2-4209-9ed9-f4f72b06f21d 8d8b93d0de2e4d33a9527d5ff193614f 0d9cfadafc714e47be3a14b9ff0c38c6 - - default default] Successfully bumped revision number for resource c3ddfa0a-6ad8-4efa-8249-f7bd30804c6b (type: security_group_rules) to 0
2026-06-26 11:38:33.487 9 INFO neutron.db.ovn_revision_numbers_db [None req-5f61c6a1-1fb2-4209-9ed9-f4f72b06f21d 8d8b93d0de2e4d33a9527d5ff193614f 0d9cfadafc714e47be3a14b9ff0c38c6 - - default default] Successfully bumped revision number for resource cc873ebb-396a-4502-bfe4-46303a62d558 (type: security_group_rules) to 0
2026-06-26 11:38:33.508 9 INFO neutron.wsgi [None req-5f61c6a1-1fb2-4209-9ed9-f4f72b06f21d 8d8b93d0de2e4d33a9527d5ff193614f 0d9cfadafc714e47be3a14b9ff0c38c6 - - default default] 10.0.0.155 "GET /v2.0/security-groups?tenant_id=17fb84a4ef424b708a3f51a0aeacaad4&name=default HTTP/1.1" status: 200 len: 3000 time: 0.1795931
2026-06-26 11:38:33.687 9 INFO neutron.wsgi [None req-dd057021-009c-4207-99b9-70161fd236ba 8d8b93d0de2e4d33a9527d5ff193614f 0d9cfadafc714e47be3a14b9ff0c38c6 - - default default] 10.0.0.155 "DELETE /v2.0/security-groups/143c7940-cecc-4f45-9ec9-4d02e0bf888f HTTP/1.1" status: 204 len: 168 time: 0.1728654
2026-06-26 11:38:35.700 9 INFO neutron.wsgi [-] 10.0.0.218 "GET / HTTP/1.1" status: 200 len: 246 time: 0.0028338
2026-06-26 11:38:35.700 10 INFO neutron.wsgi [-] 10.0.0.218 "GET / HTTP/1.1" status: 200 len: 246 time: 0.0027492
2026-06-26 11:38:37.010 10 INFO neutron.wsgi [req-9d09df80-4139-4b28-937b-613901a8c28c req-e6da44a4-47c0-4665-a75e-e293f3bd119f f98daae8be984a6386877d742a7003cf cb639a4a6dd442ebb08599392164bda4 - - 508b69b9609c45618a526eb50132b3d7 508b69b9609c45618a526eb50132b3d7] 10.0.0.81 "GET /v2.0/ports?device_id=c9fe060d-2e89-4716-ab94-cdd3e8956a67 HTTP/1.1" status: 200 len: 1642 time: 0.0341091
2026-06-26 11:38:37.068 10 INFO neutron.wsgi [req-9d09df80-4139-4b28-937b-613901a8c28c req-b914d10d-39d0-48c4-8520-e7c4d390d29f f98daae8be984a6386877d742a7003cf cb639a4a6dd442ebb08599392164bda4 - - 508b69b9609c45618a526eb50132b3d7 508b69b9609c45618a526eb50132b3d7] 10.0.0.81 "GET /v2.0/security-groups?id=71c05495-2372-48a6-bdf7-1af0b7d6c425&fields=id&fields=name HTTP/1.1" status: 200 len: 310 time: 0.0499389
2026-06-26 11:38:37.183 10 INFO neutron.db.ovn_revision_numbers_db [None req-0d0f318a-cec4-4899-9c13-6fc34550a660 30bdb34998fe410a91d97ce5448c5a66 9cc32b90fc82451ab117f5e9a3f68739 - - default default] Successfully bumped revision number for resource 123711c4-6277-451e-9e4a-ca55ed0b8671 (type: security_groups) to 1
2026-06-26 11:38:37.199 10 INFO neutron.db.ovn_revision_numbers_db [None req-0d0f318a-cec4-4899-9c13-6fc34550a660 30bdb34998fe410a91d97ce5448c5a66 9cc32b90fc82451ab117f5e9a3f68739 - - default default] Successfully bumped revision number for resource 46a9c78c-d3ed-445c-88bf-64b505ecffc8 (type: security_group_rules) to 0
2026-06-26 11:38:37.219 10 INFO neutron.db.ovn_revision_numbers_db [None req-0d0f318a-cec4-4899-9c13-6fc34550a660 30bdb34998fe410a91d97ce5448c5a66 9cc32b90fc82451ab117f5e9a3f68739 - - default default] Successfully bumped revision number for resource 5aea4811-cc37-49bb-92bc-31386b87ceb7 (type: security_group_rules) to 0
2026-06-26 11:38:37.241 10 INFO neutron.db.ovn_revision_numbers_db [None req-0d0f318a-cec4-4899-9c13-6fc34550a660 30bdb34998fe410a91d97ce5448c5a66 9cc32b90fc82451ab117f5e9a3f68739 - - default default] Successfully bumped revision number for resource cd411163-ebb4-4127-8bb2-5dde51a2c388 (type: security_group_rules) to 0
2026-06-26 11:38:37.255 10 INFO neutron.db.ovn_revision_numbers_db [None req-0d0f318a-cec4-4899-9c13-6fc34550a660 30bdb34998fe410a91d97ce5448c5a66 9cc32b90fc82451ab117f5e9a3f68739 - - default default] Successfully bumped revision number for resource f60f32fd-9fa0-4b25-b711-866c815d2968 (type: security_group_rules) to 0
2026-06-26 11:38:37.300 10 INFO neutron.db.segments_db [None req-0d0f318a-cec4-4899-9c13-6fc34550a660 30bdb34998fe410a91d97ce5448c5a66 9cc32b90fc82451ab117f5e9a3f68739 - - default default] Added segment 0116bbd3-8a53-41a0-8137-3a30baae4856 of type geneve for network 60bfec8e-a3cd-40f2-9b79-4c1a3127feaa
2026-06-26 11:38:37.442 10 INFO neutron.db.ovn_revision_numbers_db [None req-0d0f318a-cec4-4899-9c13-6fc34550a660 30bdb34998fe410a91d97ce5448c5a66 9cc32b90fc82451ab117f5e9a3f68739 - - default default] Successfully bumped revision number for resource 60bfec8e-a3cd-40f2-9b79-4c1a3127feaa (type: networks) to 1
2026-06-26 11:38:37.609 10 WARNING neutron.scheduler.dhcp_agent_scheduler [None req-0d0f318a-cec4-4899-9c13-6fc34550a660 30bdb34998fe410a91d97ce5448c5a66 9cc32b90fc82451ab117f5e9a3f68739 - - default default] No more DHCP agents
2026-06-26 11:38:37.611 10 WARNING neutron.api.rpc.agentnotifiers.dhcp_rpc_agent_api [None req-0d0f318a-cec4-4899-9c13-6fc34550a660 30bdb34998fe410a91d97ce5448c5a66 9cc32b90fc82451ab117f5e9a3f68739 - - default default] Unable to schedule network 60bfec8e-a3cd-40f2-9b79-4c1a3127feaa: no agents available; will retry on subsequent port and subnet creation events.
2026-06-26 11:38:37.697 10 INFO neutron.db.ovn_revision_numbers_db [None req-0d0f318a-cec4-4899-9c13-6fc34550a660 30bdb34998fe410a91d97ce5448c5a66 9cc32b90fc82451ab117f5e9a3f68739 - - default default] Successfully bumped revision number for resource 10c61dbf-a56a-48b9-82c0-29c55b721ad4 (type: ports) to 1
2026-06-26 11:38:37.717 10 INFO neutron.wsgi [None req-0d0f318a-cec4-4899-9c13-6fc34550a660 30bdb34998fe410a91d97ce5448c5a66 9cc32b90fc82451ab117f5e9a3f68739 - - default default] 10.0.0.155 "POST /v2.0/networks HTTP/1.1" status: 201 len: 831 time: 0.8329854
2026-06-26 11:38:37.767 10 INFO neutron.wsgi [None req-4ad17188-72b6-48bd-8821-0f38cecc6b7e 30bdb34998fe410a91d97ce5448c5a66 9cc32b90fc82451ab117f5e9a3f68739 - - default default] 10.0.0.155 "PUT /v2.0/networks/60bfec8e-a3cd-40f2-9b79-4c1a3127feaa/tags HTTP/1.1" status: 200 len: 218 time: 0.0450172
2026-06-26 11:38:37.808 10 INFO neutron.wsgi [None req-b999660c-ee10-4b46-8901-f6aa82d86004 30bdb34998fe410a91d97ce5448c5a66 9cc32b90fc82451ab117f5e9a3f68739 - - default default] 10.0.0.155 "GET /v2.0/networks/60bfec8e-a3cd-40f2-9b79-4c1a3127feaa/tags HTTP/1.1" status: 200 len: 218 time: 0.0373096
2026-06-26 11:38:37.861 10 INFO neutron.wsgi [None req-c5508212-9501-4542-878c-1d4d8045958f 30bdb34998fe410a91d97ce5448c5a66 9cc32b90fc82451ab117f5e9a3f68739 - - default default] 10.0.0.155 "PUT /v2.0/networks/60bfec8e-a3cd-40f2-9b79-4c1a3127feaa/tags/green HTTP/1.1" status: 201 len: 201 time: 0.0474937
2026-06-26 11:38:37.903 10 INFO neutron.wsgi [None req-2770d14b-de9a-4506-9abf-9e61598a46e7 30bdb34998fe410a91d97ce5448c5a66 9cc32b90fc82451ab117f5e9a3f68739 - - default default] 10.0.0.155 "GET /v2.0/networks/60bfec8e-a3cd-40f2-9b79-4c1a3127feaa/tags HTTP/1.1" status: 200 len: 227 time: 0.0359137
2026-06-26 11:38:37.948 10 INFO neutron.wsgi [None req-6a95a5ae-0eb9-43d9-9a76-d9ce751f472e 30bdb34998fe410a91d97ce5448c5a66 9cc32b90fc82451ab117f5e9a3f68739 - - default default] 10.0.0.155 "PUT /v2.0/networks/60bfec8e-a3cd-40f2-9b79-4c1a3127feaa/tags/red HTTP/1.1" status: 201 len: 201 time: 0.0396936
2026-06-26 11:38:37.989 10 INFO neutron.wsgi [None req-dc9f5880-cafa-4d08-a4dc-4cdab53a731c 30bdb34998fe410a91d97ce5448c5a66 9cc32b90fc82451ab117f5e9a3f68739 - - default default] 10.0.0.155 "GET /v2.0/networks/60bfec8e-a3cd-40f2-9b79-4c1a3127feaa/tags HTTP/1.1" status: 200 len: 227 time: 0.0360715
2026-06-26 11:38:38.053 9 INFO neutron.wsgi [None req-88b9a5b7-a761-4a3c-afe7-1fd33f78567b 30bdb34998fe410a91d97ce5448c5a66 9cc32b90fc82451ab117f5e9a3f68739 - - default default] 10.0.0.155 "PUT /v2.0/networks/60bfec8e-a3cd-40f2-9b79-4c1a3127feaa/tags/black.or.white HTTP/1.1" status: 201 len: 201 time: 0.0565195
2026-06-26 11:38:38.100 9 INFO neutron.wsgi [None req-5e2416cb-705a-4364-8858-fbd981f81a6d 30bdb34998fe410a91d97ce5448c5a66 9cc32b90fc82451ab117f5e9a3f68739 - - default default] 10.0.0.155 "GET /v2.0/networks/60bfec8e-a3cd-40f2-9b79-4c1a3127feaa/tags HTTP/1.1" status: 200 len: 245 time: 0.0417559
2026-06-26 11:38:38.173 10 INFO neutron.wsgi [None req-6c5f4d72-aa89-4583-8ed7-bdb4bacf1d7c 30bdb34998fe410a91d97ce5448c5a66 9cc32b90fc82451ab117f5e9a3f68739 - - default default] 10.0.0.155 "PUT /v2.0/networks/60bfec8e-a3cd-40f2-9b79-4c1a3127feaa/tags HTTP/1.1" status: 200 len: 230 time: 0.0671773
2026-06-26 11:38:38.255 10 INFO neutron.wsgi [None req-ae7b5e1c-8a47-4546-8df0-d842ab197b70 30bdb34998fe410a91d97ce5448c5a66 9cc32b90fc82451ab117f5e9a3f68739 - - default default] 10.0.0.155 "GET /v2.0/networks/60bfec8e-a3cd-40f2-9b79-4c1a3127feaa/tags HTTP/1.1" status: 200 len: 230 time: 0.0754759
2026-06-26 11:38:38.297 10 INFO neutron.wsgi [None req-e4f8aa5c-94ef-48b1-9fc6-e881481d08b8 30bdb34998fe410a91d97ce5448c5a66 9cc32b90fc82451ab117f5e9a3f68739 - - default default] 10.0.0.155 "GET /v2.0/networks/60bfec8e-a3cd-40f2-9b79-4c1a3127feaa/tags/red HTTP/1.1" status: 204 len: 168 time: 0.0378366
2026-06-26 11:38:38.333 10 INFO neutron.api.v2.resource [None req-26cf9aee-7ab8-4751-91f1-759ce2689d10 30bdb34998fe410a91d97ce5448c5a66 9cc32b90fc82451ab117f5e9a3f68739 - - default default] show failed (client error): The resource could not be found.
2026-06-26 11:38:38.334 10 INFO neutron.wsgi [None req-26cf9aee-7ab8-4751-91f1-759ce2689d10 30bdb34998fe410a91d97ce5448c5a66 9cc32b90fc82451ab117f5e9a3f68739 - - default default] 10.0.0.155 "GET /v2.0/networks/60bfec8e-a3cd-40f2-9b79-4c1a3127feaa/tags/green HTTP/1.1" status: 404 len: 299 time: 0.0328271
2026-06-26 11:38:38.383 10 INFO neutron.wsgi [None req-7b7e61ba-7c41-48b4-86d4-051b7832fc94 30bdb34998fe410a91d97ce5448c5a66 9cc32b90fc82451ab117f5e9a3f68739 - - default default] 10.0.0.155 "DELETE /v2.0/networks/60bfec8e-a3cd-40f2-9b79-4c1a3127feaa/tags/red HTTP/1.1" status: 204 len: 168 time: 0.0440731
2026-06-26 11:38:38.420 10 INFO neutron.wsgi [None req-93b0e4af-9bf3-42d8-9902-b873addfea6a 30bdb34998fe410a91d97ce5448c5a66 9cc32b90fc82451ab117f5e9a3f68739 - - default default] 10.0.0.155 "GET /v2.0/networks/60bfec8e-a3cd-40f2-9b79-4c1a3127feaa/tags HTTP/1.1" status: 200 len: 223 time: 0.0322983
2026-06-26 11:38:38.482 10 INFO neutron.api.v2.resource [None req-d5967695-042c-400d-864b-9f06d6b51717 30bdb34998fe410a91d97ce5448c5a66 9cc32b90fc82451ab117f5e9a3f68739 - - default default] delete failed (client error): The resource could not be found.
2026-06-26 11:38:38.485 10 INFO neutron.wsgi [None req-d5967695-042c-400d-864b-9f06d6b51717 30bdb34998fe410a91d97ce5448c5a66 9cc32b90fc82451ab117f5e9a3f68739 - - default default] 10.0.0.155 "DELETE /v2.0/networks/60bfec8e-a3cd-40f2-9b79-4c1a3127feaa/tags/green HTTP/1.1" status: 404 len: 299 time: 0.0570028
2026-06-26 11:38:38.542 9 INFO neutron.wsgi [None req-c4eec7d7-1011-4e03-82c9-92ee670fe5ee 30bdb34998fe410a91d97ce5448c5a66 9cc32b90fc82451ab117f5e9a3f68739 - - default default] 10.0.0.155 "DELETE /v2.0/networks/60bfec8e-a3cd-40f2-9b79-4c1a3127feaa/tags HTTP/1.1" status: 204 len: 168 time: 0.0525329
2026-06-26 11:38:38.586 9 INFO neutron.wsgi [None req-2c61ecd8-b8c9-427b-bc62-3a3ebd9be29b 30bdb34998fe410a91d97ce5448c5a66 9cc32b90fc82451ab117f5e9a3f68739 - - default default] 10.0.0.155 "GET /v2.0/networks/60bfec8e-a3cd-40f2-9b79-4c1a3127feaa/tags HTTP/1.1" status: 200 len: 205 time: 0.0400803
2026-06-26 11:38:38.926 9 INFO neutron.services.segments.plugin [-] Segment 0116bbd3-8a53-41a0-8137-3a30baae4856 resource provider aggregate not found
2026-06-26 11:38:38.930 9 INFO neutron.services.segments.plugin [-] Segment 0116bbd3-8a53-41a0-8137-3a30baae4856 resource provider aggregate not found
2026-06-26 11:38:38.946 9 INFO neutron.services.segments.plugin [-] Segment 0116bbd3-8a53-41a0-8137-3a30baae4856 resource provider not found; error: Placement Client Error (4xx): {"errors": [{"status": 404, "title": "Not Found", "detail": "The resource could not be found.\n\n No resource provider with uuid 0116bbd3-8a53-41a0-8137-3a30baae4856 found for delete ", "request_id": "req-21d9b1e0-3d0e-4a5a-a04e-de79a71460bb"}]}
2026-06-26 11:38:38.946 9 INFO neutron.services.segments.plugin [-] Segment 0116bbd3-8a53-41a0-8137-3a30baae4856 resource provider not found; error: Placement Client Error (4xx): {"errors": [{"status": 404, "title": "Not Found", "detail": "The resource could not be found.\n\n No resource provider with uuid 0116bbd3-8a53-41a0-8137-3a30baae4856 found for delete ", "request_id": "req-734e2962-7955-4a66-bd25-c79e9efef9fe"}]}
2026-06-26 11:38:38.970 9 INFO neutron.wsgi [None req-1011214a-8c94-4f7c-97a5-6564965bf80f 30bdb34998fe410a91d97ce5448c5a66 9cc32b90fc82451ab117f5e9a3f68739 - - default default] 10.0.0.155 "DELETE /v2.0/networks/60bfec8e-a3cd-40f2-9b79-4c1a3127feaa HTTP/1.1" status: 204 len: 168 time: 0.3782296
2026-06-26 11:38:39.731 9 INFO neutron.wsgi [None req-0435ee3c-05ee-40a4-9151-edfa3b0fd4df 8d8b93d0de2e4d33a9527d5ff193614f 0d9cfadafc714e47be3a14b9ff0c38c6 - - default default] 10.0.0.155 "GET /v2.0/security-groups?tenant_id=9cc32b90fc82451ab117f5e9a3f68739&name=default HTTP/1.1" status: 200 len: 3000 time: 0.1279283
2026-06-26 11:38:39.901 9 INFO neutron.wsgi [None req-339c0ffe-f103-4664-85fd-79b8f79b6e4c 8d8b93d0de2e4d33a9527d5ff193614f 0d9cfadafc714e47be3a14b9ff0c38c6 - - default default] 10.0.0.155 "DELETE /v2.0/security-groups/123711c4-6277-451e-9e4a-ca55ed0b8671 HTTP/1.1" status: 204 len: 168 time: 0.1650662
2026-06-26 11:38:40.079 9 INFO neutron.db.ovn_revision_numbers_db [None req-1b2f839e-29ce-4d27-af8d-0724408fae25 8d8b93d0de2e4d33a9527d5ff193614f 0d9cfadafc714e47be3a14b9ff0c38c6 - - default default] Successfully bumped revision number for resource e25315c3-fd00-41f8-867b-565a2392211b (type: security_groups) to 1
