2026-06-26 11:37:26.900 9 INFO neutron.db.ovn_revision_numbers_db [None req-3d2b4a9e-700a-4a97-bff0-83c0deb826b8 30c528c616f34dd7920b8eca97c35701 c2570fb805ba4c6eae55cc8be1de693a - - default default] Successfully bumped revision number for resource 3fa3b0a2-85dd-402d-a981-439082b125be (type: floatingips) to 4
2026-06-26 11:37:26.938 9 INFO neutron.wsgi [None req-41f06606-ffa7-4e86-b4f7-271aecb9e8f2 54619735c0364668925793fb23cc6e72 440cf5ac4e2f4977a4f6acba141263d0 - - default default] 10.0.0.155 "PUT /v2.0/subnetpools/128a6015-5eb7-44f1-a035-39c70347a9bb/tags/green HTTP/1.1" status: 201 len: 201 time: 0.0441813
2026-06-26 11:37:26.967 10 INFO neutron.plugins.ml2.drivers.ovn.mech_driver.mech_driver [None req-68fcd872-8e44-4bab-a851-ba7882843030 - - - - - -] OVN reports status up for port: 1ce6a20b-5c8d-4cb4-a109-dfa6f1d5d9a7
2026-06-26 11:37:26.972 9 INFO neutron.wsgi [None req-f58b287c-5d31-413b-8d59-2e7fbbb5bc72 54619735c0364668925793fb23cc6e72 440cf5ac4e2f4977a4f6acba141263d0 - - default default] 10.0.0.155 "GET /v2.0/subnetpools/128a6015-5eb7-44f1-a035-39c70347a9bb/tags HTTP/1.1" status: 200 len: 227 time: 0.0301783
2026-06-26 11:37:26.983 10 INFO neutron.plugins.ml2.plugin [None req-68fcd872-8e44-4bab-a851-ba7882843030 - - - - - -] Attempt 1 to provision port 1ce6a20b-5c8d-4cb4-a109-dfa6f1d5d9a7
2026-06-26 11:37:26.995 10 INFO neutron.plugins.ml2.drivers.ovn.mech_driver.ovsdb.ovsdb_monitor [None req-352b68c0-daa2-4781-9ed4-17262d40a3b7 - - - - - -] Router 89233802-6a46-40ea-aaf6-47aa46e716b9 is bound to host instance
2026-06-26 11:37:26.998 9 INFO neutron.wsgi [None req-1e1449bf-812c-482d-b10e-97c2895a064a 54619735c0364668925793fb23cc6e72 440cf5ac4e2f4977a4f6acba141263d0 - - default default] 10.0.0.155 "PUT /v2.0/subnetpools/128a6015-5eb7-44f1-a035-39c70347a9bb/tags/red HTTP/1.1" status: 201 len: 201 time: 0.0161393
2026-06-26 11:37:27.032 9 INFO neutron.db.ovn_revision_numbers_db [None req-3d2b4a9e-700a-4a97-bff0-83c0deb826b8 30c528c616f34dd7920b8eca97c35701 c2570fb805ba4c6eae55cc8be1de693a - - default default] Successfully bumped revision number for resource 3fa3b0a2-85dd-402d-a981-439082b125be (type: floatingips) to 5
2026-06-26 11:37:27.055 9 INFO neutron.wsgi [None req-3d2b4a9e-700a-4a97-bff0-83c0deb826b8 30c528c616f34dd7920b8eca97c35701 c2570fb805ba4c6eae55cc8be1de693a - - default default] 10.0.0.155 "PUT /v2.0/floatingips/3fa3b0a2-85dd-402d-a981-439082b125be HTTP/1.1" status: 200 len: 1050 time: 0.9344609
2026-06-26 11:37:27.094 9 INFO neutron.wsgi [None req-4ec69ef9-aa57-4afb-b48a-2f8a7e549b7e 30c528c616f34dd7920b8eca97c35701 c2570fb805ba4c6eae55cc8be1de693a - - default default] 10.0.0.155 "GET /v2.0/floatingips/3fa3b0a2-85dd-402d-a981-439082b125be HTTP/1.1" status: 200 len: 1052 time: 0.0339882
2026-06-26 11:37:27.248 10 INFO neutron.db.ovn_revision_numbers_db [None req-5a91f3cd-3edd-493f-8c55-df79a6785be4 8d8b93d0de2e4d33a9527d5ff193614f 0d9cfadafc714e47be3a14b9ff0c38c6 - - default default] Successfully bumped revision number for resource 1ce6a20b-5c8d-4cb4-a109-dfa6f1d5d9a7 (type: router_ports) to 1
2026-06-26 11:37:27.259 10 INFO neutron.wsgi [None req-1ac9dc95-0fe0-4cd8-a879-c9abeba2f7fc 54619735c0364668925793fb23cc6e72 440cf5ac4e2f4977a4f6acba141263d0 - - default default] 10.0.0.155 "GET /v2.0/subnetpools/128a6015-5eb7-44f1-a035-39c70347a9bb/tags HTTP/1.1" status: 200 len: 227 time: 0.2504385
2026-06-26 11:37:27.310 9 INFO neutron.wsgi [None req-9c3095cf-9ecd-461c-af2c-f45a5c9122d1 54619735c0364668925793fb23cc6e72 440cf5ac4e2f4977a4f6acba141263d0 - - default default] 10.0.0.155 "PUT /v2.0/subnetpools/128a6015-5eb7-44f1-a035-39c70347a9bb/tags/black.or.white HTTP/1.1" status: 201 len: 201 time: 0.0455296
2026-06-26 11:37:27.332 9 INFO neutron.wsgi [None req-d244e932-8a09-4001-aea3-29f85fbd8ea0 54619735c0364668925793fb23cc6e72 440cf5ac4e2f4977a4f6acba141263d0 - - default default] 10.0.0.155 "GET /v2.0/subnetpools/128a6015-5eb7-44f1-a035-39c70347a9bb/tags HTTP/1.1" status: 200 len: 245 time: 0.0181179
2026-06-26 11:37:27.368 9 INFO neutron.wsgi [None req-a477c0cc-65fc-4b89-92d8-7bad8fd8d30a 54619735c0364668925793fb23cc6e72 440cf5ac4e2f4977a4f6acba141263d0 - - default default] 10.0.0.155 "PUT /v2.0/subnetpools/128a6015-5eb7-44f1-a035-39c70347a9bb/tags HTTP/1.1" status: 200 len: 230 time: 0.0299637
2026-06-26 11:37:27.384 10 INFO neutron.db.ovn_revision_numbers_db [None req-5a91f3cd-3edd-493f-8c55-df79a6785be4 8d8b93d0de2e4d33a9527d5ff193614f 0d9cfadafc714e47be3a14b9ff0c38c6 - - default default] Successfully bumped revision number for resource 89233802-6a46-40ea-aaf6-47aa46e716b9 (type: routers) to 2
2026-06-26 11:37:27.403 10 INFO neutron.wsgi [None req-5a91f3cd-3edd-493f-8c55-df79a6785be4 8d8b93d0de2e4d33a9527d5ff193614f 0d9cfadafc714e47be3a14b9ff0c38c6 - - default default] 10.0.0.155 "POST /v2.0/routers HTTP/1.1" status: 201 len: 873 time: 1.7462730
2026-06-26 11:37:27.405 10 INFO neutron.wsgi [None req-1ca4efab-7b7e-47c8-bb0f-3450cda77e43 54619735c0364668925793fb23cc6e72 440cf5ac4e2f4977a4f6acba141263d0 - - default default] 10.0.0.155 "GET /v2.0/subnetpools/128a6015-5eb7-44f1-a035-39c70347a9bb/tags HTTP/1.1" status: 200 len: 230 time: 0.0323422
2026-06-26 11:37:27.433 9 INFO neutron.notifiers.nova [-] Nova event matching ['req-5f5890dd-b7e2-4806-92a6-30187828dc77'] response: {'name': 'network-changed', 'server_uuid': '938cd8ed-d39c-4d2f-9a4e-3595e3055e84', 'tag': '1e617a7f-8238-4d2b-8b3e-3ddb2e8f9dc9', 'status': 'completed', 'code': 200}
2026-06-26 11:37:27.436 10 INFO neutron.wsgi [None req-12ba0814-14f8-4de1-842b-56696806e688 54619735c0364668925793fb23cc6e72 440cf5ac4e2f4977a4f6acba141263d0 - - default default] 10.0.0.155 "GET /v2.0/subnetpools/128a6015-5eb7-44f1-a035-39c70347a9bb/tags/red HTTP/1.1" status: 204 len: 168 time: 0.0251684
2026-06-26 11:37:27.463 10 INFO neutron.api.v2.resource [None req-9862a8f9-8889-4b90-9f33-c363df4fc873 54619735c0364668925793fb23cc6e72 440cf5ac4e2f4977a4f6acba141263d0 - - default default] show failed (client error): The resource could not be found.
2026-06-26 11:37:27.464 10 INFO neutron.wsgi [None req-9862a8f9-8889-4b90-9f33-c363df4fc873 54619735c0364668925793fb23cc6e72 440cf5ac4e2f4977a4f6acba141263d0 - - default default] 10.0.0.155 "GET /v2.0/subnetpools/128a6015-5eb7-44f1-a035-39c70347a9bb/tags/green HTTP/1.1" status: 404 len: 299 time: 0.0179243
2026-06-26 11:37:27.490 9 INFO neutron.wsgi [req-f8c8f526-b43b-447f-b2ba-7a3237050784 req-eda7572a-d510-4fb3-90a1-88e91779706e f98daae8be984a6386877d742a7003cf cb639a4a6dd442ebb08599392164bda4 - - 508b69b9609c45618a526eb50132b3d7 508b69b9609c45618a526eb50132b3d7] 199.19.213.147 "GET /v2.0/ports?tenant_id=c2570fb805ba4c6eae55cc8be1de693a&device_id=938cd8ed-d39c-4d2f-9a4e-3595e3055e84 HTTP/1.1" status: 200 len: 1413 time: 0.0334239
2026-06-26 11:37:27.516 10 INFO neutron.wsgi [None req-3c39f1c6-4b40-4a1f-abaa-aecf00db340d 54619735c0364668925793fb23cc6e72 440cf5ac4e2f4977a4f6acba141263d0 - - default default] 10.0.0.155 "DELETE /v2.0/subnetpools/128a6015-5eb7-44f1-a035-39c70347a9bb/tags/red HTTP/1.1" status: 204 len: 168 time: 0.0459685
2026-06-26 11:37:27.574 10 INFO neutron.wsgi [None req-89b5b184-2dc4-4599-8e87-536340d9a1c7 54619735c0364668925793fb23cc6e72 440cf5ac4e2f4977a4f6acba141263d0 - - default default] 10.0.0.155 "GET /v2.0/subnetpools/128a6015-5eb7-44f1-a035-39c70347a9bb/tags HTTP/1.1" status: 200 len: 223 time: 0.0378251
2026-06-26 11:37:27.586 9 INFO neutron.wsgi [req-f8c8f526-b43b-447f-b2ba-7a3237050784 req-c6554830-1a76-4676-b803-39dfa6344312 f98daae8be984a6386877d742a7003cf cb639a4a6dd442ebb08599392164bda4 - - 508b69b9609c45618a526eb50132b3d7 508b69b9609c45618a526eb50132b3d7] 199.19.213.147 "GET /v2.0/networks?id=23ca427b-f07b-498c-b531-22939fe8ca1e HTTP/1.1" status: 200 len: 957 time: 0.0851955
2026-06-26 11:37:27.617 10 INFO neutron.api.v2.resource [None req-316f51f5-6883-481e-ac65-5e4423a5d7e0 54619735c0364668925793fb23cc6e72 440cf5ac4e2f4977a4f6acba141263d0 - - default default] delete failed (client error): The resource could not be found.
2026-06-26 11:37:27.618 10 INFO neutron.wsgi [None req-316f51f5-6883-481e-ac65-5e4423a5d7e0 54619735c0364668925793fb23cc6e72 440cf5ac4e2f4977a4f6acba141263d0 - - default default] 10.0.0.155 "DELETE /v2.0/subnetpools/128a6015-5eb7-44f1-a035-39c70347a9bb/tags/green HTTP/1.1" status: 404 len: 299 time: 0.0384588
2026-06-26 11:37:27.641 9 INFO neutron.wsgi [req-f8c8f526-b43b-447f-b2ba-7a3237050784 req-47f145a7-f3aa-4700-874e-cbe280368b19 f98daae8be984a6386877d742a7003cf cb639a4a6dd442ebb08599392164bda4 - - 508b69b9609c45618a526eb50132b3d7 508b69b9609c45618a526eb50132b3d7] 199.19.213.147 "GET /v2.0/floatingips?fixed_ip_address=10.100.0.11&port_id=1e617a7f-8238-4d2b-8b3e-3ddb2e8f9dc9 HTTP/1.1" status: 200 len: 1060 time: 0.0462956
2026-06-26 11:37:27.679 10 INFO neutron.wsgi [None req-11b9f1c9-55e5-408f-9e4e-4e8817d49d45 54619735c0364668925793fb23cc6e72 440cf5ac4e2f4977a4f6acba141263d0 - - default default] 10.0.0.155 "DELETE /v2.0/subnetpools/128a6015-5eb7-44f1-a035-39c70347a9bb/tags HTTP/1.1" status: 204 len: 168 time: 0.0558410
2026-06-26 11:37:27.681 9 INFO neutron.wsgi [req-f8c8f526-b43b-447f-b2ba-7a3237050784 req-1573833d-cba9-427c-a706-2190c746bdbf f98daae8be984a6386877d742a7003cf cb639a4a6dd442ebb08599392164bda4 - - 508b69b9609c45618a526eb50132b3d7 508b69b9609c45618a526eb50132b3d7] 199.19.213.147 "GET /v2.0/subnets?id=2b4e3876-ff5a-4615-bce1-3c453c7ae068 HTTP/1.1" status: 200 len: 852 time: 0.0321939
2026-06-26 11:37:27.714 9 INFO neutron.wsgi [req-f8c8f526-b43b-447f-b2ba-7a3237050784 req-5bf68b64-f9a9-4d5c-9759-e77ca5992c43 f98daae8be984a6386877d742a7003cf cb639a4a6dd442ebb08599392164bda4 - - 508b69b9609c45618a526eb50132b3d7 508b69b9609c45618a526eb50132b3d7] 199.19.213.147 "GET /v2.0/ports?network_id=23ca427b-f07b-498c-b531-22939fe8ca1e&device_owner=network%3Adhcp HTTP/1.1" status: 200 len: 210 time: 0.0253098
2026-06-26 11:37:27.716 9 INFO neutron.wsgi [None req-3a5259de-7468-4f17-be23-f0de01ab53c6 54619735c0364668925793fb23cc6e72 440cf5ac4e2f4977a4f6acba141263d0 - - default default] 10.0.0.155 "GET /v2.0/subnetpools/128a6015-5eb7-44f1-a035-39c70347a9bb/tags HTTP/1.1" status: 200 len: 205 time: 0.0328429
2026-06-26 11:37:27.842 9 INFO neutron.wsgi [req-f8c8f526-b43b-447f-b2ba-7a3237050784 req-b3b59cdd-b023-4bef-a985-b8df4e9e0e2c f98daae8be984a6386877d742a7003cf cb639a4a6dd442ebb08599392164bda4 - - 508b69b9609c45618a526eb50132b3d7 508b69b9609c45618a526eb50132b3d7] 199.19.213.147 "GET /v2.0/networks/23ca427b-f07b-498c-b531-22939fe8ca1e?fields=segments HTTP/1.1" status: 200 len: 212 time: 0.1146007
2026-06-26 11:37:27.847 9 INFO neutron.wsgi [None req-c18906d7-6cd7-4de9-990d-af11ccda5264 54619735c0364668925793fb23cc6e72 440cf5ac4e2f4977a4f6acba141263d0 - - default default] 10.0.0.155 "DELETE /v2.0/subnetpools/128a6015-5eb7-44f1-a035-39c70347a9bb HTTP/1.1" status: 204 len: 168 time: 0.1265147
2026-06-26 11:37:27.866 10 INFO neutron.db.ovn_revision_numbers_db [None req-352b68c0-daa2-4781-9ed4-17262d40a3b7 - - - - - -] Successfully bumped revision number for resource 1ce6a20b-5c8d-4cb4-a109-dfa6f1d5d9a7 (type: ports) to 1
2026-06-26 11:37:27.929 9 INFO neutron.wsgi [req-f8c8f526-b43b-447f-b2ba-7a3237050784 req-b24488e2-8f2e-43d1-af52-8e8a7a824d01 f98daae8be984a6386877d742a7003cf cb639a4a6dd442ebb08599392164bda4 - - 508b69b9609c45618a526eb50132b3d7 508b69b9609c45618a526eb50132b3d7] 199.19.213.147 "GET /v2.0/networks/23ca427b-f07b-498c-b531-22939fe8ca1e?fields=provider%3Aphysical_network&fields=provider%3Anetwork_type HTTP/1.1" status: 200 len: 277 time: 0.0778987
2026-06-26 11:37:28.010 9 WARNING neutron.scheduler.dhcp_agent_scheduler [None req-8e2dc48e-18cf-4797-9a7d-604b6f1f47a2 8d8b93d0de2e4d33a9527d5ff193614f 0d9cfadafc714e47be3a14b9ff0c38c6 - - default default] No more DHCP agents
2026-06-26 11:37:28.014 9 WARNING neutron.api.rpc.agentnotifiers.dhcp_rpc_agent_api [None req-8e2dc48e-18cf-4797-9a7d-604b6f1f47a2 8d8b93d0de2e4d33a9527d5ff193614f 0d9cfadafc714e47be3a14b9ff0c38c6 - - default default] Unable to schedule network 4641a6e6-4502-4214-a8bd-0069553f8b69: no agents available; will retry on subsequent port and subnet creation events.
2026-06-26 11:37:28.148 10 INFO neutron.db.ovn_revision_numbers_db [None req-352b68c0-daa2-4781-9ed4-17262d40a3b7 - - - - - -] Successfully bumped revision number for resource 1ce6a20b-5c8d-4cb4-a109-dfa6f1d5d9a7 (type: router_ports) to 3
2026-06-26 11:37:28.196 9 INFO neutron.db.ovn_revision_numbers_db [None req-8e2dc48e-18cf-4797-9a7d-604b6f1f47a2 8d8b93d0de2e4d33a9527d5ff193614f 0d9cfadafc714e47be3a14b9ff0c38c6 - - default default] Successfully bumped revision number for resource e8f912ef-a409-419d-b69e-040623a07f37 (type: ports) to 1
2026-06-26 11:37:28.316 10 INFO neutron.db.ovn_revision_numbers_db [None req-352b68c0-daa2-4781-9ed4-17262d40a3b7 - - - - - -] Successfully bumped revision number for resource 1ce6a20b-5c8d-4cb4-a109-dfa6f1d5d9a7 (type: ports) to 2
2026-06-26 11:37:28.535 9 INFO neutron.wsgi [req-9b3127c4-4e7d-4c38-9f8b-a7273665f3e8 req-843550cf-52c1-4244-ab9b-81e991497ede f98daae8be984a6386877d742a7003cf cb639a4a6dd442ebb08599392164bda4 - - 508b69b9609c45618a526eb50132b3d7 508b69b9609c45618a526eb50132b3d7] 199.19.213.147 "GET /v2.0/ports?device_id=561edeb6-8829-4f5a-85a3-4d421f404a2e&fields=binding%3Ahost_id&fields=binding%3Avif_type HTTP/1.1" status: 200 len: 265 time: 0.0536461
2026-06-26 11:37:28.550 10 INFO neutron.db.ovn_revision_numbers_db [None req-352b68c0-daa2-4781-9ed4-17262d40a3b7 - - - - - -] Successfully bumped revision number for resource 1ce6a20b-5c8d-4cb4-a109-dfa6f1d5d9a7 (type: ports) to 4
2026-06-26 11:37:28.634 9 INFO neutron.wsgi [req-9b3127c4-4e7d-4c38-9f8b-a7273665f3e8 req-0f1a8418-3c01-46ca-ad48-8368311d5328 f98daae8be984a6386877d742a7003cf cb639a4a6dd442ebb08599392164bda4 - - 508b69b9609c45618a526eb50132b3d7 508b69b9609c45618a526eb50132b3d7] 199.19.213.147 "GET /v2.0/ports?tenant_id=c2570fb805ba4c6eae55cc8be1de693a&device_id=561edeb6-8829-4f5a-85a3-4d421f404a2e HTTP/1.1" status: 200 len: 1409 time: 0.0390017
2026-06-26 11:37:28.701 9 INFO neutron.db.ovn_revision_numbers_db [None req-8e2dc48e-18cf-4797-9a7d-604b6f1f47a2 8d8b93d0de2e4d33a9527d5ff193614f 0d9cfadafc714e47be3a14b9ff0c38c6 - - default default] Successfully bumped revision number for resource e8f912ef-a409-419d-b69e-040623a07f37 (type: router_ports) to 1
2026-06-26 11:37:28.776 10 INFO neutron.db.ovn_revision_numbers_db [None req-c3b7b99f-28c4-4541-95e2-7f34bad1b895 8d8b93d0de2e4d33a9527d5ff193614f 0d9cfadafc714e47be3a14b9ff0c38c6 - - default default] Successfully bumped revision number for resource e6bb4a90-daf3-4588-bd27-9e8950075cb6 (type: security_groups) to 1
2026-06-26 11:37:28.799 10 INFO neutron.db.ovn_revision_numbers_db [None req-c3b7b99f-28c4-4541-95e2-7f34bad1b895 8d8b93d0de2e4d33a9527d5ff193614f 0d9cfadafc714e47be3a14b9ff0c38c6 - - default default] Successfully bumped revision number for resource 06294fe4-2974-4f50-82d8-d1f2d0cf5ad6 (type: security_group_rules) to 0
2026-06-26 11:37:28.820 10 INFO neutron.db.ovn_revision_numbers_db [None req-c3b7b99f-28c4-4541-95e2-7f34bad1b895 8d8b93d0de2e4d33a9527d5ff193614f 0d9cfadafc714e47be3a14b9ff0c38c6 - - default default] Successfully bumped revision number for resource 1c8c119c-5964-4078-9d92-193bfaf1db5d (type: security_group_rules) to 0
2026-06-26 11:37:28.837 10 INFO neutron.db.ovn_revision_numbers_db [None req-c3b7b99f-28c4-4541-95e2-7f34bad1b895 8d8b93d0de2e4d33a9527d5ff193614f 0d9cfadafc714e47be3a14b9ff0c38c6 - - default default] Successfully bumped revision number for resource 43bb5076-4978-4b1f-9060-4c6680c787be (type: security_group_rules) to 0
2026-06-26 11:37:28.839 10 INFO neutron.db.ovn_revision_numbers_db [None req-352b68c0-daa2-4781-9ed4-17262d40a3b7 - - - - - -] Successfully bumped revision number for resource 1ce6a20b-5c8d-4cb4-a109-dfa6f1d5d9a7 (type: router_ports) to 4
2026-06-26 11:37:28.858 10 INFO neutron.db.ovn_revision_numbers_db [None req-c3b7b99f-28c4-4541-95e2-7f34bad1b895 8d8b93d0de2e4d33a9527d5ff193614f 0d9cfadafc714e47be3a14b9ff0c38c6 - - default default] Successfully bumped revision number for resource 8c09b55a-b744-402f-abd3-f2e0b17b761b (type: security_group_rules) to 0
2026-06-26 11:37:28.888 10 INFO neutron.wsgi [None req-c3b7b99f-28c4-4541-95e2-7f34bad1b895 8d8b93d0de2e4d33a9527d5ff193614f 0d9cfadafc714e47be3a14b9ff0c38c6 - - default default] 10.0.0.155 "GET /v2.0/security-groups?tenant_id=0ce10bca7ca44e0c9e42e91e61923fbe&name=default HTTP/1.1" status: 200 len: 2996 time: 0.4237278
2026-06-26 11:37:28.951 9 INFO neutron.wsgi [req-9b3127c4-4e7d-4c38-9f8b-a7273665f3e8 req-1e9743e0-4094-4f4e-82d1-99f49a38cc57 f98daae8be984a6386877d742a7003cf cb639a4a6dd442ebb08599392164bda4 - - 508b69b9609c45618a526eb50132b3d7 508b69b9609c45618a526eb50132b3d7] 199.19.213.147 "GET /v2.0/networks?id=23ca427b-f07b-498c-b531-22939fe8ca1e HTTP/1.1" status: 200 len: 957 time: 0.2896152
2026-06-26 11:37:29.005 9 INFO neutron.wsgi [req-9b3127c4-4e7d-4c38-9f8b-a7273665f3e8 req-41186b05-791e-4bef-a32e-ff6fc4ff9c2d f98daae8be984a6386877d742a7003cf cb639a4a6dd442ebb08599392164bda4 - - 508b69b9609c45618a526eb50132b3d7 508b69b9609c45618a526eb50132b3d7] 199.19.213.147 "GET /v2.0/floatingips?fixed_ip_address=10.100.0.7&port_id=ae41e10c-62fd-4f07-8f4b-2c6561d3f8fc HTTP/1.1" status: 200 len: 217 time: 0.0348299
2026-06-26 11:37:29.077 10 INFO neutron.wsgi [None req-2ab2bc25-4a1a-4b6b-92f6-0942ed102f4a 8d8b93d0de2e4d33a9527d5ff193614f 0d9cfadafc714e47be3a14b9ff0c38c6 - - default default] 10.0.0.155 "DELETE /v2.0/security-groups/e6bb4a90-daf3-4588-bd27-9e8950075cb6 HTTP/1.1" status: 204 len: 168 time: 0.1822245
2026-06-26 11:37:29.083 9 INFO neutron.wsgi [req-9b3127c4-4e7d-4c38-9f8b-a7273665f3e8 req-03b00505-0116-42fc-a85f-018e50a5204d f98daae8be984a6386877d742a7003cf cb639a4a6dd442ebb08599392164bda4 - - 508b69b9609c45618a526eb50132b3d7 508b69b9609c45618a526eb50132b3d7] 199.19.213.147 "GET /v2.0/subnets?id=2b4e3876-ff5a-4615-bce1-3c453c7ae068 HTTP/1.1" status: 200 len: 852 time: 0.0664766
2026-06-26 11:37:29.143 9 INFO neutron.wsgi [req-9b3127c4-4e7d-4c38-9f8b-a7273665f3e8 req-6ea6fbd9-7285-47fc-917c-a73632ac2bb1 f98daae8be984a6386877d742a7003cf cb639a4a6dd442ebb08599392164bda4 - - 508b69b9609c45618a526eb50132b3d7 508b69b9609c45618a526eb50132b3d7] 199.19.213.147 "GET /v2.0/ports?network_id=23ca427b-f07b-498c-b531-22939fe8ca1e&device_owner=network%3Adhcp HTTP/1.1" status: 200 len: 210 time: 0.0541694
2026-06-26 11:37:29.162 9 INFO neutron.db.ovn_revision_numbers_db [None req-1f08f554-ac45-4a9a-ab17-076f63cc793c 61732d8cd768405da7bb3ee32dae21e8 f576216fea0d4a99894af7c7039e99d2 - - default default] Successfully bumped revision number for resource d31adca4-42be-4ac6-b02c-b1058f5bd2df (type: routers) to 1
2026-06-26 11:37:29.192 9 INFO neutron.wsgi [None req-1f08f554-ac45-4a9a-ab17-076f63cc793c 61732d8cd768405da7bb3ee32dae21e8 f576216fea0d4a99894af7c7039e99d2 - - default default] 10.0.0.155 "POST /v2.0/routers HTTP/1.1" status: 201 len: 654 time: 0.5566127
2026-06-26 11:37:29.232 9 INFO neutron.db.ovn_revision_numbers_db [None req-8e2dc48e-18cf-4797-9a7d-604b6f1f47a2 8d8b93d0de2e4d33a9527d5ff193614f 0d9cfadafc714e47be3a14b9ff0c38c6 - - default default] Successfully bumped revision number for resource e8f912ef-a409-419d-b69e-040623a07f37 (type: ports) to 1
2026-06-26 11:37:29.242 9 INFO neutron.wsgi [req-9b3127c4-4e7d-4c38-9f8b-a7273665f3e8 req-91446767-1db9-4570-abcc-dd002a1e1505 f98daae8be984a6386877d742a7003cf cb639a4a6dd442ebb08599392164bda4 - - 508b69b9609c45618a526eb50132b3d7 508b69b9609c45618a526eb50132b3d7] 199.19.213.147 "GET /v2.0/networks/23ca427b-f07b-498c-b531-22939fe8ca1e?fields=segments HTTP/1.1" status: 200 len: 212 time: 0.0884857
2026-06-26 11:37:29.342 9 WARNING neutron.scheduler.dhcp_agent_scheduler [None req-8e2dc48e-18cf-4797-9a7d-604b6f1f47a2 8d8b93d0de2e4d33a9527d5ff193614f 0d9cfadafc714e47be3a14b9ff0c38c6 - - default default] No more DHCP agents
2026-06-26 11:37:29.343 9 WARNING neutron.api.rpc.agentnotifiers.dhcp_rpc_agent_api [None req-8e2dc48e-18cf-4797-9a7d-604b6f1f47a2 8d8b93d0de2e4d33a9527d5ff193614f 0d9cfadafc714e47be3a14b9ff0c38c6 - - default default] Unable to schedule network 4641a6e6-4502-4214-a8bd-0069553f8b69: no agents available; will retry on subsequent port and subnet creation events.
2026-06-26 11:37:29.359 9 INFO neutron.wsgi [req-9b3127c4-4e7d-4c38-9f8b-a7273665f3e8 req-caf9b6b7-84f4-4a37-b90b-018af27ed6cc f98daae8be984a6386877d742a7003cf cb639a4a6dd442ebb08599392164bda4 - - 508b69b9609c45618a526eb50132b3d7 508b69b9609c45618a526eb50132b3d7] 199.19.213.147 "GET /v2.0/networks/23ca427b-f07b-498c-b531-22939fe8ca1e?fields=provider%3Aphysical_network&fields=provider%3Anetwork_type HTTP/1.1" status: 200 len: 277 time: 0.1069543
2026-06-26 11:37:29.377 10 INFO neutron.db.ovn_revision_numbers_db [None req-5d7c4b0d-6646-4056-b32e-9a84d5df0dc2 61732d8cd768405da7bb3ee32dae21e8 f576216fea0d4a99894af7c7039e99d2 - - default default] Successfully bumped revision number for resource b818b9e3-bd03-4d29-bc59-0e81ee3375a6 (type: routers) to 1
2026-06-26 11:37:29.390 10 INFO neutron.wsgi [None req-5d7c4b0d-6646-4056-b32e-9a84d5df0dc2 61732d8cd768405da7bb3ee32dae21e8 f576216fea0d4a99894af7c7039e99d2 - - default default] 10.0.0.155 "POST /v2.0/routers HTTP/1.1" status: 201 len: 654 time: 0.1887820
2026-06-26 11:37:29.420 9 INFO neutron.db.ovn_revision_numbers_db [None req-2685a005-a0c5-4c1d-bd11-d8c7ba598796 8d8b93d0de2e4d33a9527d5ff193614f 0d9cfadafc714e47be3a14b9ff0c38c6 - - default default] Successfully bumped revision number for resource 9693d0a7-3001-48b7-aaa2-2a5c8fc537cf (type: security_groups) to 1
2026-06-26 11:37:29.444 9 INFO neutron.db.ovn_revision_numbers_db [None req-2685a005-a0c5-4c1d-bd11-d8c7ba598796 8d8b93d0de2e4d33a9527d5ff193614f 0d9cfadafc714e47be3a14b9ff0c38c6 - - default default] Successfully bumped revision number for resource 137b3ce8-277e-40cb-aad7-bb5ce9d8c059 (type: security_group_rules) to 0
2026-06-26 11:37:29.482 9 INFO neutron.db.ovn_revision_numbers_db [None req-2685a005-a0c5-4c1d-bd11-d8c7ba598796 8d8b93d0de2e4d33a9527d5ff193614f 0d9cfadafc714e47be3a14b9ff0c38c6 - - default default] Successfully bumped revision number for resource 821ef8aa-c9f7-4deb-a90b-0fc3adaadabc (type: security_group_rules) to 0
2026-06-26 11:37:29.515 9 INFO neutron.db.ovn_revision_numbers_db [None req-2685a005-a0c5-4c1d-bd11-d8c7ba598796 8d8b93d0de2e4d33a9527d5ff193614f 0d9cfadafc714e47be3a14b9ff0c38c6 - - default default] Successfully bumped revision number for resource 8558b2f1-9847-4ef4-b2d5-e04ae25fedc5 (type: security_group_rules) to 0
2026-06-26 11:37:29.547 9 INFO neutron.db.ovn_revision_numbers_db [None req-2685a005-a0c5-4c1d-bd11-d8c7ba598796 8d8b93d0de2e4d33a9527d5ff193614f 0d9cfadafc714e47be3a14b9ff0c38c6 - - default default] Successfully bumped revision number for resource d772a5d4-8992-4a34-aeb4-4397301d84a2 (type: security_group_rules) to 0
2026-06-26 11:37:29.605 9 INFO neutron.wsgi [None req-2685a005-a0c5-4c1d-bd11-d8c7ba598796 8d8b93d0de2e4d33a9527d5ff193614f 0d9cfadafc714e47be3a14b9ff0c38c6 - - default default] 10.0.0.155 "GET /v2.0/security-groups?tenant_id=440cf5ac4e2f4977a4f6acba141263d0&name=default HTTP/1.1" status: 200 len: 2996 time: 0.3973992
2026-06-26 11:37:29.620 9 INFO neutron.db.ovn_revision_numbers_db [None req-a3b2e2ab-935d-4bd3-95b3-608b67abf7da 61732d8cd768405da7bb3ee32dae21e8 f576216fea0d4a99894af7c7039e99d2 - - default default] Successfully bumped revision number for resource e86da23e-1725-433e-a595-dd6dc29e2313 (type: routers) to 1
2026-06-26 11:37:29.643 9 INFO neutron.wsgi [None req-a3b2e2ab-935d-4bd3-95b3-608b67abf7da 61732d8cd768405da7bb3ee32dae21e8 f576216fea0d4a99894af7c7039e99d2 - - default default] 10.0.0.155 "POST /v2.0/routers HTTP/1.1" status: 201 len: 654 time: 0.2411399
2026-06-26 11:37:29.784 10 INFO neutron.plugins.ml2.drivers.ovn.mech_driver.mech_driver [None req-68fcd872-8e44-4bab-a851-ba7882843030 - - - - - -] OVN reports status up for port: e8f912ef-a409-419d-b69e-040623a07f37
2026-06-26 11:37:29.792 10 INFO neutron.plugins.ml2.plugin [None req-68fcd872-8e44-4bab-a851-ba7882843030 - - - - - -] Attempt 1 to provision port e8f912ef-a409-419d-b69e-040623a07f37
2026-06-26 11:37:29.809 10 INFO neutron.wsgi [None req-432003e7-85b5-4879-ba53-3507a36e9936 8d8b93d0de2e4d33a9527d5ff193614f 0d9cfadafc714e47be3a14b9ff0c38c6 - - default default] 10.0.0.155 "DELETE /v2.0/security-groups/9693d0a7-3001-48b7-aaa2-2a5c8fc537cf HTTP/1.1" status: 204 len: 168 time: 0.2003317
2026-06-26 11:37:29.842 9 INFO neutron.db.ovn_revision_numbers_db [None req-4b039fdd-7fc4-4aaf-b3c6-af24444c1cb3 61732d8cd768405da7bb3ee32dae21e8 f576216fea0d4a99894af7c7039e99d2 - - default default] Successfully bumped revision number for resource afc1e428-8e21-4c37-ac7b-44d1de2c05fc (type: routers) to 1
2026-06-26 11:37:29.855 9 INFO neutron.wsgi [None req-4b039fdd-7fc4-4aaf-b3c6-af24444c1cb3 61732d8cd768405da7bb3ee32dae21e8 f576216fea0d4a99894af7c7039e99d2 - - default default] 10.0.0.155 "POST /v2.0/routers HTTP/1.1" status: 201 len: 654 time: 0.2081406
2026-06-26 11:37:30.035 9 INFO neutron.db.ovn_revision_numbers_db [None req-8e2dc48e-18cf-4797-9a7d-604b6f1f47a2 8d8b93d0de2e4d33a9527d5ff193614f 0d9cfadafc714e47be3a14b9ff0c38c6 - - default default] Successfully bumped revision number for resource e8f912ef-a409-419d-b69e-040623a07f37 (type: router_ports) to 1
2026-06-26 11:37:30.037 9 INFO neutron.wsgi [None req-8e2dc48e-18cf-4797-9a7d-604b6f1f47a2 8d8b93d0de2e4d33a9527d5ff193614f 0d9cfadafc714e47be3a14b9ff0c38c6 - - default default] 10.0.0.155 "PUT /v2.0/routers/89233802-6a46-40ea-aaf6-47aa46e716b9/add_router_interface HTTP/1.1" status: 200 len: 503 time: 2.6281586
2026-06-26 11:37:30.056 10 INFO neutron.db.ovn_revision_numbers_db [None req-200d5259-88e5-48f6-b01c-6277196da750 61732d8cd768405da7bb3ee32dae21e8 f576216fea0d4a99894af7c7039e99d2 - - default default] Successfully bumped revision number for resource de00a6c2-a254-4ef2-8f63-c3b64a21c8ce (type: routers) to 1
2026-06-26 11:37:30.074 10 INFO neutron.wsgi [None req-200d5259-88e5-48f6-b01c-6277196da750 61732d8cd768405da7bb3ee32dae21e8 f576216fea0d4a99894af7c7039e99d2 - - default default] 10.0.0.155 "POST /v2.0/routers HTTP/1.1" status: 201 len: 654 time: 0.2142117
2026-06-26 11:37:30.122 9 INFO neutron.wsgi [None req-83e37c2f-c6dc-45d6-a238-25396137bf31 61732d8cd768405da7bb3ee32dae21e8 f576216fea0d4a99894af7c7039e99d2 - - default default] 10.0.0.155 "PUT /v2.0/routers/d31adca4-42be-4ac6-b02c-b1058f5bd2df/tags HTTP/1.1" status: 200 len: 210 time: 0.0434315
2026-06-26 11:37:30.181 9 INFO neutron.wsgi [None req-fe6e99f1-5811-4e73-9d3a-5b134b45ff95 61732d8cd768405da7bb3ee32dae21e8 f576216fea0d4a99894af7c7039e99d2 - - default default] 10.0.0.155 "PUT /v2.0/routers/b818b9e3-bd03-4d29-bc59-0e81ee3375a6/tags HTTP/1.1" status: 200 len: 218 time: 0.0526536
2026-06-26 11:37:30.240 9 INFO neutron.wsgi [None req-85cebfd1-733e-4bdc-b40c-1b58acbde3b7 61732d8cd768405da7bb3ee32dae21e8 f576216fea0d4a99894af7c7039e99d2 - - default default] 10.0.0.155 "PUT /v2.0/routers/e86da23e-1725-433e-a595-dd6dc29e2313/tags HTTP/1.1" status: 200 len: 227 time: 0.0520670
2026-06-26 11:37:30.283 9 INFO neutron.wsgi [None req-da68eed1-42c8-4ce7-aea2-cf986dc3e528 61732d8cd768405da7bb3ee32dae21e8 f576216fea0d4a99894af7c7039e99d2 - - default default] 10.0.0.155 "PUT /v2.0/routers/afc1e428-8e21-4c37-ac7b-44d1de2c05fc/tags HTTP/1.1" status: 200 len: 212 time: 0.0382354
2026-06-26 11:37:30.342 10 INFO neutron.db.ovn_revision_numbers_db [None req-68fcd872-8e44-4bab-a851-ba7882843030 - - - - - -] Successfully bumped revision number for resource e8f912ef-a409-419d-b69e-040623a07f37 (type: ports) to 2
2026-06-26 11:37:30.344 9 INFO neutron.wsgi [None req-37dfcfa5-97d2-4ed1-bcce-f433096b6b27 61732d8cd768405da7bb3ee32dae21e8 f576216fea0d4a99894af7c7039e99d2 - - default default] 10.0.0.155 "GET /v2.0/routers?tags=red HTTP/1.1" status: 200 len: 1601 time: 0.0558689
2026-06-26 11:37:30.483 10 INFO neutron.db.ovn_revision_numbers_db [None req-68fcd872-8e44-4bab-a851-ba7882843030 - - - - - -] Successfully bumped revision number for resource e8f912ef-a409-419d-b69e-040623a07f37 (type: router_ports) to 2
2026-06-26 11:37:30.631 9 INFO neutron.wsgi [None req-15271d03-b6c7-48dd-9aad-225db92c5d21 61732d8cd768405da7bb3ee32dae21e8 f576216fea0d4a99894af7c7039e99d2 - - default default] 10.0.0.155 "GET /v2.0/routers?tags=red%2Cblue HTTP/1.1" status: 200 len: 1144 time: 0.2787983
2026-06-26 11:37:30.700 9 INFO neutron.wsgi [None req-977db93e-dec1-4795-9e6f-35d2f91762f8 61732d8cd768405da7bb3ee32dae21e8 f576216fea0d4a99894af7c7039e99d2 - - default default] 10.0.0.155 "GET /v2.0/routers?tags-any=blue HTTP/1.1" status: 200 len: 1144 time: 0.0643225
2026-06-26 11:37:30.751 9 INFO neutron.wsgi [None req-f2926a01-dadc-4951-be15-0231e9fee3d6 61732d8cd768405da7bb3ee32dae21e8 f576216fea0d4a99894af7c7039e99d2 - - default default] 10.0.0.155 "GET /v2.0/routers?tags-any=red%2Cblue HTTP/1.1" status: 200 len: 1601 time: 0.0466192
2026-06-26 11:37:30.819 9 INFO neutron.wsgi [None req-ea61d7a4-8555-4b53-9265-e4479f86cc01 61732d8cd768405da7bb3ee32dae21e8 f576216fea0d4a99894af7c7039e99d2 - - default default] 10.0.0.155 "GET /v2.0/routers?not-tags=red HTTP/1.1" status: 200 len: 1116 time: 0.0621428
2026-06-26 11:37:30.894 9 INFO neutron.wsgi [None req-d0b51c74-ff84-4540-adac-466f5b6a5eb4 61732d8cd768405da7bb3ee32dae21e8 f576216fea0d4a99894af7c7039e99d2 - - default default] 10.0.0.155 "GET /v2.0/routers?not-tags=red%2Cblue HTTP/1.1" status: 200 len: 1573 time: 0.0706058
2026-06-26 11:37:30.966 9 INFO neutron.wsgi [None req-61d1fed4-c24c-49f5-a687-870c7c9a86b6 61732d8cd768405da7bb3ee32dae21e8 f576216fea0d4a99894af7c7039e99d2 - - default default] 10.0.0.155 "GET /v2.0/routers?not-tags-any=blue HTTP/1.1" status: 200 len: 1573 time: 0.0680089
2026-06-26 11:37:31.016 9 INFO neutron.wsgi [None req-c80fce76-2f0e-4966-9892-36a810ab35c4 61732d8cd768405da7bb3ee32dae21e8 f576216fea0d4a99894af7c7039e99d2 - - default default] 10.0.0.155 "GET /v2.0/routers?not-tags-any=red%2Cblue HTTP/1.1" status: 200 len: 1116 time: 0.0455523
2026-06-26 11:37:31.063 9 INFO neutron.wsgi [None req-828b4159-aba2-47aa-a76b-9c071ba31e41 61732d8cd768405da7bb3ee32dae21e8 f576216fea0d4a99894af7c7039e99d2 - - default default] 10.0.0.155 "GET /v2.0/routers/d31adca4-42be-4ac6-b02c-b1058f5bd2df HTTP/1.1" status: 200 len: 660 time: 0.0404358
2026-06-26 11:37:31.168 10 INFO neutron.db.ovn_revision_numbers_db [None req-f47c8cfb-acb7-4593-ad2d-097cd854b4ad 8d8b93d0de2e4d33a9527d5ff193614f 0d9cfadafc714e47be3a14b9ff0c38c6 - - default default] Successfully bumped revision number for resource 506b7558-1416-4b44-a85a-1ab545dee433 (type: security_groups) to 1
2026-06-26 11:37:31.182 10 INFO neutron.db.ovn_revision_numbers_db [None req-f47c8cfb-acb7-4593-ad2d-097cd854b4ad 8d8b93d0de2e4d33a9527d5ff193614f 0d9cfadafc714e47be3a14b9ff0c38c6 - - default default] Successfully bumped revision number for resource 2a792714-160d-4e56-9d0d-ede1b7f51b54 (type: security_group_rules) to 0
2026-06-26 11:37:31.198 10 INFO neutron.db.ovn_revision_numbers_db [None req-f47c8cfb-acb7-4593-ad2d-097cd854b4ad 8d8b93d0de2e4d33a9527d5ff193614f 0d9cfadafc714e47be3a14b9ff0c38c6 - - default default] Successfully bumped revision number for resource 6c1fa6c3-76e9-43f1-af23-0c07f8a2559f (type: security_group_rules) to 0
2026-06-26 11:37:31.216 10 INFO neutron.db.ovn_revision_numbers_db [None req-f47c8cfb-acb7-4593-ad2d-097cd854b4ad 8d8b93d0de2e4d33a9527d5ff193614f 0d9cfadafc714e47be3a14b9ff0c38c6 - - default default] Successfully bumped revision number for resource 957ee6d7-50df-496a-8250-04862a06dcd6 (type: security_group_rules) to 0
2026-06-26 11:37:31.231 10 INFO neutron.db.ovn_revision_numbers_db [None req-f47c8cfb-acb7-4593-ad2d-097cd854b4ad 8d8b93d0de2e4d33a9527d5ff193614f 0d9cfadafc714e47be3a14b9ff0c38c6 - - default default] Successfully bumped revision number for resource a33d27e5-b537-42b4-a59a-d63676fd772c (type: security_group_rules) to 0
2026-06-26 11:37:31.279 10 INFO neutron.db.segments_db [None req-f47c8cfb-acb7-4593-ad2d-097cd854b4ad 8d8b93d0de2e4d33a9527d5ff193614f 0d9cfadafc714e47be3a14b9ff0c38c6 - - default default] Added segment a33daf6c-4597-43ea-8bc2-544d8ecf4dd3 of type geneve for network 25378149-f25e-4fd2-8b28-0f8e392e8765
2026-06-26 11:37:31.412 10 INFO neutron.db.ovn_revision_numbers_db [None req-f47c8cfb-acb7-4593-ad2d-097cd854b4ad 8d8b93d0de2e4d33a9527d5ff193614f 0d9cfadafc714e47be3a14b9ff0c38c6 - - default default] Successfully bumped revision number for resource 25378149-f25e-4fd2-8b28-0f8e392e8765 (type: networks) to 1
2026-06-26 11:37:31.476 9 INFO neutron.db.ovn_revision_numbers_db [None req-cecdbe69-9a9b-4f15-a941-21c3dd3465de 61732d8cd768405da7bb3ee32dae21e8 f576216fea0d4a99894af7c7039e99d2 - - default default] Successfully bumped revision number for resource d31adca4-42be-4ac6-b02c-b1058f5bd2df (type: routers) to 2
2026-06-26 11:37:31.481 9 INFO neutron.wsgi [None req-cecdbe69-9a9b-4f15-a941-21c3dd3465de 61732d8cd768405da7bb3ee32dae21e8 f576216fea0d4a99894af7c7039e99d2 - - default default] 10.0.0.155 "PUT /v2.0/routers/d31adca4-42be-4ac6-b02c-b1058f5bd2df HTTP/1.1" status: 200 len: 660 time: 0.4141705
2026-06-26 11:37:31.511 9 INFO neutron.wsgi [None req-7364aa95-c4c7-48ab-a22f-6bac8c5242cd 61732d8cd768405da7bb3ee32dae21e8 f576216fea0d4a99894af7c7039e99d2 - - default default] 10.0.0.155 "GET /v2.0/ports?device_id=d31adca4-42be-4ac6-b02c-b1058f5bd2df HTTP/1.1" status: 200 len: 205 time: 0.0232835
2026-06-26 11:37:31.581 10 WARNING neutron.scheduler.dhcp_agent_scheduler [None req-f47c8cfb-acb7-4593-ad2d-097cd854b4ad 8d8b93d0de2e4d33a9527d5ff193614f 0d9cfadafc714e47be3a14b9ff0c38c6 - - default default] No more DHCP agents
2026-06-26 11:37:31.584 10 WARNING neutron.api.rpc.agentnotifiers.dhcp_rpc_agent_api [None req-f47c8cfb-acb7-4593-ad2d-097cd854b4ad 8d8b93d0de2e4d33a9527d5ff193614f 0d9cfadafc714e47be3a14b9ff0c38c6 - - default default] Unable to schedule network 25378149-f25e-4fd2-8b28-0f8e392e8765: no agents available; will retry on subsequent port and subnet creation events.
2026-06-26 11:37:31.665 10 INFO neutron.db.ovn_revision_numbers_db [None req-f47c8cfb-acb7-4593-ad2d-097cd854b4ad 8d8b93d0de2e4d33a9527d5ff193614f 0d9cfadafc714e47be3a14b9ff0c38c6 - - default default] Successfully bumped revision number for resource 53484cd6-4e76-42c8-8c14-ea137ba9b7fb (type: ports) to 1
2026-06-26 11:37:31.682 10 INFO neutron.wsgi [None req-f47c8cfb-acb7-4593-ad2d-097cd854b4ad 8d8b93d0de2e4d33a9527d5ff193614f 0d9cfadafc714e47be3a14b9ff0c38c6 - - default default] 10.0.0.155 "POST /v2.0/networks HTTP/1.1" status: 201 len: 943 time: 0.6393423
2026-06-26 11:37:31.724 9 INFO neutron.wsgi [None req-d46a2cfc-3857-4738-a547-c72fb718fd29 61732d8cd768405da7bb3ee32dae21e8 f576216fea0d4a99894af7c7039e99d2 - - default default] 10.0.0.155 "DELETE /v2.0/routers/d31adca4-42be-4ac6-b02c-b1058f5bd2df HTTP/1.1" status: 204 len: 168 time: 0.2073152
2026-06-26 11:37:31.797 9 INFO neutron.wsgi [None req-886691c6-ec45-45c0-ac1a-d9b49fd7ebc0 61732d8cd768405da7bb3ee32dae21e8 f576216fea0d4a99894af7c7039e99d2 - - default default] 10.0.0.155 "GET /v2.0/routers/b818b9e3-bd03-4d29-bc59-0e81ee3375a6 HTTP/1.1" status: 200 len: 668 time: 0.0694208
2026-06-26 11:37:31.849 10 WARNING neutron.scheduler.dhcp_agent_scheduler [None req-93cef51f-6547-4d21-ba18-b7793c2e506f 8d8b93d0de2e4d33a9527d5ff193614f 0d9cfadafc714e47be3a14b9ff0c38c6 - - default default] No more DHCP agents
2026-06-26 11:37:31.852 10 WARNING neutron.api.rpc.agentnotifiers.dhcp_rpc_agent_api [None req-93cef51f-6547-4d21-ba18-b7793c2e506f 8d8b93d0de2e4d33a9527d5ff193614f 0d9cfadafc714e47be3a14b9ff0c38c6 - - default default] Unable to schedule network 25378149-f25e-4fd2-8b28-0f8e392e8765: no agents available; will retry on subsequent port and subnet creation events.
2026-06-26 11:37:32.358 10 INFO neutron.db.ovn_revision_numbers_db [None req-93cef51f-6547-4d21-ba18-b7793c2e506f 8d8b93d0de2e4d33a9527d5ff193614f 0d9cfadafc714e47be3a14b9ff0c38c6 - - default default] Successfully bumped revision number for resource 53484cd6-4e76-42c8-8c14-ea137ba9b7fb (type: ports) to 2
2026-06-26 11:37:32.390 10 INFO neutron.db.ovn_revision_numbers_db [None req-93cef51f-6547-4d21-ba18-b7793c2e506f 8d8b93d0de2e4d33a9527d5ff193614f 0d9cfadafc714e47be3a14b9ff0c38c6 - - default default] Successfully bumped revision number for resource db152bb4-65b2-46b2-96b4-867bdf64a145 (type: subnets) to 0
2026-06-26 11:37:32.405 10 INFO neutron.wsgi [None req-93cef51f-6547-4d21-ba18-b7793c2e506f 8d8b93d0de2e4d33a9527d5ff193614f 0d9cfadafc714e47be3a14b9ff0c38c6 - - default default] 10.0.0.155 "POST /v2.0/subnets HTTP/1.1" status: 201 len: 863 time: 0.7154140
2026-06-26 11:37:32.531 9 INFO neutron.db.ovn_revision_numbers_db [None req-1938b889-7de5-4ec6-ada6-2e90c7aca29d 61732d8cd768405da7bb3ee32dae21e8 f576216fea0d4a99894af7c7039e99d2 - - default default] Successfully bumped revision number for resource b818b9e3-bd03-4d29-bc59-0e81ee3375a6 (type: routers) to 2
2026-06-26 11:37:32.543 9 INFO neutron.wsgi [None req-1938b889-7de5-4ec6-ada6-2e90c7aca29d 61732d8cd768405da7bb3ee32dae21e8 f576216fea0d4a99894af7c7039e99d2 - - default default] 10.0.0.155 "PUT /v2.0/routers/b818b9e3-bd03-4d29-bc59-0e81ee3375a6 HTTP/1.1" status: 200 len: 668 time: 0.7398129
2026-06-26 11:37:32.571 9 INFO neutron.wsgi [None req-8239c44c-859c-4e43-b7ba-068c3e4deaa4 61732d8cd768405da7bb3ee32dae21e8 f576216fea0d4a99894af7c7039e99d2 - - default default] 10.0.0.155 "GET /v2.0/ports?device_id=b818b9e3-bd03-4d29-bc59-0e81ee3375a6 HTTP/1.1" status: 200 len: 205 time: 0.0212538
2026-06-26 11:37:32.660 10 INFO neutron.wsgi [None req-61fb4003-5a7a-4d81-ab2c-82a625f6a6cb 8d8b93d0de2e4d33a9527d5ff193614f 0d9cfadafc714e47be3a14b9ff0c38c6 - - default default] 10.0.0.94 "GET /v2.0/networks HTTP/1.1" status: 200 len: 4609 time: 0.2772789
2026-06-26 11:37:32.724 10 INFO neutron.wsgi [None req-8a2c03d5-9b02-44b9-9bb3-550e500e5655 8d8b93d0de2e4d33a9527d5ff193614f 0d9cfadafc714e47be3a14b9ff0c38c6 - - default default] 10.0.0.94 "GET /v2.0/subnets HTTP/1.1" status: 200 len: 3384 time: 0.0604682
2026-06-26 11:37:32.746 10 INFO neutron.wsgi [None req-01f38849-1c18-4d95-b3c3-0c56d04d1cbb 8d8b93d0de2e4d33a9527d5ff193614f 0d9cfadafc714e47be3a14b9ff0c38c6 - - default default] 10.0.0.94 "GET /v2.0/agents HTTP/1.1" status: 200 len: 997 time: 0.0201840
2026-06-26 11:37:32.822 9 INFO neutron.wsgi [None req-174b5f45-f826-469d-b573-a3923512a37e 61732d8cd768405da7bb3ee32dae21e8 f576216fea0d4a99894af7c7039e99d2 - - default default] 10.0.0.155 "DELETE /v2.0/routers/b818b9e3-bd03-4d29-bc59-0e81ee3375a6 HTTP/1.1" status: 204 len: 168 time: 0.2474988
2026-06-26 11:37:32.882 9 INFO neutron.wsgi [None req-a5293675-8a41-4386-900b-6a73f9a89d1e 61732d8cd768405da7bb3ee32dae21e8 f576216fea0d4a99894af7c7039e99d2 - - default default] 10.0.0.155 "GET /v2.0/routers/e86da23e-1725-433e-a595-dd6dc29e2313 HTTP/1.1" status: 200 len: 677 time: 0.0513883
2026-06-26 11:37:32.907 10 INFO neutron.wsgi [None req-b9f14844-90e6-46ae-946a-68e6dfe9eb9b 8d8b93d0de2e4d33a9527d5ff193614f 0d9cfadafc714e47be3a14b9ff0c38c6 - - default default] 10.0.0.94 "GET /v2.0/routers HTTP/1.1" status: 200 len: 3855 time: 0.1576126
2026-06-26 11:37:32.922 10 INFO neutron.wsgi [None req-96134fdf-a847-4f1d-b36c-7f7ba8dcf16e 8d8b93d0de2e4d33a9527d5ff193614f 0d9cfadafc714e47be3a14b9ff0c38c6 - - default default] 10.0.0.94 "GET /v2.0/agents?binary=ovn-controller HTTP/1.1" status: 200 len: 591 time: 0.0129416
2026-06-26 11:37:32.938 10 INFO neutron.wsgi [None req-1ef9f0b2-557a-4f2c-94c2-7db4c1e57aab 8d8b93d0de2e4d33a9527d5ff193614f 0d9cfadafc714e47be3a14b9ff0c38c6 - - default default] 10.0.0.94 "GET /v2.0/network-ip-availabilities HTTP/1.1" status: 200 len: 2667 time: 0.0148633
2026-06-26 11:37:32.985 10 INFO neutron.wsgi [None req-a6313972-5081-44dd-a180-f04f28b13853 8d8b93d0de2e4d33a9527d5ff193614f 0d9cfadafc714e47be3a14b9ff0c38c6 - - default default] 10.0.0.94 "GET /v2.0/subnets HTTP/1.1" status: 200 len: 3384 time: 0.0436068
2026-06-26 11:37:33.001 10 INFO neutron.wsgi [None req-3a19b290-e8a5-40f8-ab8f-783e53623a97 8d8b93d0de2e4d33a9527d5ff193614f 0d9cfadafc714e47be3a14b9ff0c38c6 - - default default] 10.0.0.94 "GET /v2.0/subnetpools HTTP/1.1" status: 200 len: 193 time: 0.0143180
2026-06-26 11:37:33.082 10 INFO neutron.wsgi [None req-e29be1f0-eaf7-401a-8876-42a99492068f 8d8b93d0de2e4d33a9527d5ff193614f 0d9cfadafc714e47be3a14b9ff0c38c6 - - default default] 10.0.0.94 "GET /v2.0/security-groups HTTP/1.1" status: 200 len: 35329 time: 0.0788922
2026-06-26 11:37:33.089 10 WARNING neutron.scheduler.dhcp_agent_scheduler [None req-1419b54c-345b-4ba0-b9f8-a5053a30613a 8d8b93d0de2e4d33a9527d5ff193614f 0d9cfadafc714e47be3a14b9ff0c38c6 - - default default] No more DHCP agents
2026-06-26 11:37:33.097 10 WARNING neutron.api.rpc.agentnotifiers.dhcp_rpc_agent_api [None req-1419b54c-345b-4ba0-b9f8-a5053a30613a 8d8b93d0de2e4d33a9527d5ff193614f 0d9cfadafc714e47be3a14b9ff0c38c6 - - default default] Unable to schedule network 40172fb8-2309-4fcd-8b81-a10ae0187096: no agents available; will retry on subsequent port and subnet creation events.
2026-06-26 11:37:33.153 10 INFO neutron.wsgi [None req-58b83cee-71c7-4902-abad-0b7238cd0c01 8d8b93d0de2e4d33a9527d5ff193614f 0d9cfadafc714e47be3a14b9ff0c38c6 - - default default] 10.0.0.94 "GET /v2.0/ports HTTP/1.1" status: 200 len: 17246 time: 0.0632608
2026-06-26 11:37:33.340 9 INFO neutron.db.ovn_revision_numbers_db [None req-73a165c3-a55d-4b99-8141-2345778ec360 61732d8cd768405da7bb3ee32dae21e8 f576216fea0d4a99894af7c7039e99d2 - - default default] Successfully bumped revision number for resource e86da23e-1725-433e-a595-dd6dc29e2313 (type: routers) to 2
2026-06-26 11:37:33.343 9 INFO neutron.wsgi [None req-73a165c3-a55d-4b99-8141-2345778ec360 61732d8cd768405da7bb3ee32dae21e8 f576216fea0d4a99894af7c7039e99d2 - - default default] 10.0.0.155 "PUT /v2.0/routers/e86da23e-1725-433e-a595-dd6dc29e2313 HTTP/1.1" status: 200 len: 677 time: 0.4479103
2026-06-26 11:37:33.344 9 INFO neutron.db.ovn_revision_numbers_db [None req-394f8b54-9c45-447b-9eec-500b5df520ad 73846d1a19c74969966a8e569a62c164 9ac49386d0e44596adf11a854ef5c4f2 - - default default] Successfully bumped revision number for resource 2daac3d9-a072-4715-921d-67066b8eeb90 (type: security_groups) to 1
2026-06-26 11:37:33.367 9 INFO neutron.wsgi [None req-3f3a7ed3-e810-4dce-991b-76ecc97769a7 61732d8cd768405da7bb3ee32dae21e8 f576216fea0d4a99894af7c7039e99d2 - - default default] 10.0.0.155 "GET /v2.0/ports?device_id=e86da23e-1725-433e-a595-dd6dc29e2313 HTTP/1.1" status: 200 len: 205 time: 0.0179660
2026-06-26 11:37:33.368 9 INFO neutron.db.ovn_revision_numbers_db [None req-394f8b54-9c45-447b-9eec-500b5df520ad 73846d1a19c74969966a8e569a62c164 9ac49386d0e44596adf11a854ef5c4f2 - - default default] Successfully bumped revision number for resource 8f09c7ca-1bc1-4076-aab2-0d5c6e25dfa0 (type: security_group_rules) to 0
2026-06-26 11:37:33.401 9 INFO neutron.db.ovn_revision_numbers_db [None req-394f8b54-9c45-447b-9eec-500b5df520ad 73846d1a19c74969966a8e569a62c164 9ac49386d0e44596adf11a854ef5c4f2 - - default default] Successfully bumped revision number for resource 9b317a27-abf3-4b1d-8c35-e440c558b77d (type: security_group_rules) to 0
2026-06-26 11:37:33.423 9 INFO neutron.db.ovn_revision_numbers_db [None req-394f8b54-9c45-447b-9eec-500b5df520ad 73846d1a19c74969966a8e569a62c164 9ac49386d0e44596adf11a854ef5c4f2 - - default default] Successfully bumped revision number for resource dc97e9e7-aa5a-4c50-9afd-f40dd1c1110c (type: security_group_rules) to 0
2026-06-26 11:37:33.428 10 INFO neutron.wsgi [None req-8ec7cd7e-f47e-4855-aa0d-ca94b513eba4 8d8b93d0de2e4d33a9527d5ff193614f 0d9cfadafc714e47be3a14b9ff0c38c6 - - default default] 10.0.0.94 "GET /v2.0/floatingips HTTP/1.1" status: 200 len: 1036 time: 0.2542512
2026-06-26 11:37:33.446 9 INFO neutron.db.ovn_revision_numbers_db [None req-394f8b54-9c45-447b-9eec-500b5df520ad 73846d1a19c74969966a8e569a62c164 9ac49386d0e44596adf11a854ef5c4f2 - - default default] Successfully bumped revision number for resource e7b76650-7e0e-4e8f-af53-81b4b89704c0 (type: security_group_rules) to 0
2026-06-26 11:37:33.532 10 INFO neutron.db.ovn_revision_numbers_db [None req-1419b54c-345b-4ba0-b9f8-a5053a30613a 8d8b93d0de2e4d33a9527d5ff193614f 0d9cfadafc714e47be3a14b9ff0c38c6 - - default default] Successfully bumped revision number for resource 11277a2b-5458-4159-bead-11dff890b730 (type: ports) to 1
2026-06-26 11:37:33.541 9 INFO neutron.db.segments_db [None req-394f8b54-9c45-447b-9eec-500b5df520ad 73846d1a19c74969966a8e569a62c164 9ac49386d0e44596adf11a854ef5c4f2 - - default default] Added segment 8da41ca0-3ac5-44a9-801b-c1e4f1b52cee of type geneve for network 2749f839-8578-4d83-896a-3cc451f32005
2026-06-26 11:37:33.574 9 INFO neutron.wsgi [None req-c96b9993-91f5-4d1e-8371-f4e71623c1f8 61732d8cd768405da7bb3ee32dae21e8 f576216fea0d4a99894af7c7039e99d2 - - default default] 10.0.0.155 "DELETE /v2.0/routers/e86da23e-1725-433e-a595-dd6dc29e2313 HTTP/1.1" status: 204 len: 168 time: 0.2015092
2026-06-26 11:37:33.634 10 INFO neutron.wsgi [None req-fe3387a6-6c65-44ca-972b-473862912b34 61732d8cd768405da7bb3ee32dae21e8 f576216fea0d4a99894af7c7039e99d2 - - default default] 10.0.0.155 "GET /v2.0/routers/afc1e428-8e21-4c37-ac7b-44d1de2c05fc HTTP/1.1" status: 200 len: 662 time: 0.0491493
2026-06-26 11:37:33.681 9 INFO neutron.db.ovn_revision_numbers_db [None req-394f8b54-9c45-447b-9eec-500b5df520ad 73846d1a19c74969966a8e569a62c164 9ac49386d0e44596adf11a854ef5c4f2 - - default default] Successfully bumped revision number for resource 2749f839-8578-4d83-896a-3cc451f32005 (type: networks) to 1
2026-06-26 11:37:33.864 9 WARNING neutron.scheduler.dhcp_agent_scheduler [None req-394f8b54-9c45-447b-9eec-500b5df520ad 73846d1a19c74969966a8e569a62c164 9ac49386d0e44596adf11a854ef5c4f2 - - default default] No more DHCP agents
2026-06-26 11:37:33.866 9 WARNING neutron.api.rpc.agentnotifiers.dhcp_rpc_agent_api [None req-394f8b54-9c45-447b-9eec-500b5df520ad 73846d1a19c74969966a8e569a62c164 9ac49386d0e44596adf11a854ef5c4f2 - - default default] Unable to schedule network 2749f839-8578-4d83-896a-3cc451f32005: no agents available; will retry on subsequent port and subnet creation events.
2026-06-26 11:37:33.947 9 INFO neutron.db.ovn_revision_numbers_db [None req-394f8b54-9c45-447b-9eec-500b5df520ad 73846d1a19c74969966a8e569a62c164 9ac49386d0e44596adf11a854ef5c4f2 - - default default] Successfully bumped revision number for resource a8ee23c8-927b-4d74-b9bb-f158dd2ae622 (type: ports) to 1
2026-06-26 11:37:33.973 9 INFO neutron.wsgi [None req-394f8b54-9c45-447b-9eec-500b5df520ad 73846d1a19c74969966a8e569a62c164 9ac49386d0e44596adf11a854ef5c4f2 - - default default] 10.0.0.155 "POST /v2.0/networks HTTP/1.1" status: 201 len: 831 time: 0.9360642
2026-06-26 11:37:34.088 10 INFO neutron.db.ovn_revision_numbers_db [None req-e6f8fffc-dd38-45a4-9fc5-f58370881580 61732d8cd768405da7bb3ee32dae21e8 f576216fea0d4a99894af7c7039e99d2 - - default default] Successfully bumped revision number for resource afc1e428-8e21-4c37-ac7b-44d1de2c05fc (type: routers) to 2
2026-06-26 11:37:34.091 10 INFO neutron.wsgi [None req-e6f8fffc-dd38-45a4-9fc5-f58370881580 61732d8cd768405da7bb3ee32dae21e8 f576216fea0d4a99894af7c7039e99d2 - - default default] 10.0.0.155 "PUT /v2.0/routers/afc1e428-8e21-4c37-ac7b-44d1de2c05fc HTTP/1.1" status: 200 len: 662 time: 0.4525223
2026-06-26 11:37:34.128 10 INFO neutron.wsgi [None req-772fbc7e-d1fd-40d0-928e-af240d9460e4 61732d8cd768405da7bb3ee32dae21e8 f576216fea0d4a99894af7c7039e99d2 - - default default] 10.0.0.155 "GET /v2.0/ports?device_id=afc1e428-8e21-4c37-ac7b-44d1de2c05fc HTTP/1.1" status: 200 len: 205 time: 0.0303814
2026-06-26 11:37:34.291 9 WARNING neutron.scheduler.dhcp_agent_scheduler [None req-77f25685-97ee-4eae-8694-6993f51a382a 73846d1a19c74969966a8e569a62c164 9ac49386d0e44596adf11a854ef5c4f2 - - default default] No more DHCP agents
2026-06-26 11:37:34.311 9 WARNING neutron.api.rpc.agentnotifiers.dhcp_rpc_agent_api [None req-77f25685-97ee-4eae-8694-6993f51a382a 73846d1a19c74969966a8e569a62c164 9ac49386d0e44596adf11a854ef5c4f2 - - default default] Unable to schedule network 2749f839-8578-4d83-896a-3cc451f32005: no agents available; will retry on subsequent port and subnet creation events.
2026-06-26 11:37:34.350 10 INFO neutron.plugins.ml2.drivers.ovn.mech_driver.ovsdb.ovsdb_monitor [None req-352b68c0-daa2-4781-9ed4-17262d40a3b7 - - - - - -] Router 6f7ae72e-7c7c-48e9-a584-33fa545f2c84 is bound to host instance
2026-06-26 11:37:34.368 10 INFO neutron.db.ovn_revision_numbers_db [None req-1419b54c-345b-4ba0-b9f8-a5053a30613a 8d8b93d0de2e4d33a9527d5ff193614f 0d9cfadafc714e47be3a14b9ff0c38c6 - - default default] Successfully bumped revision number for resource 11277a2b-5458-4159-bead-11dff890b730 (type: router_ports) to 1
2026-06-26 11:37:34.395 9 INFO neutron.wsgi [None req-d5a5215b-5bc6-4bf5-8a06-d93466a7b333 61732d8cd768405da7bb3ee32dae21e8 f576216fea0d4a99894af7c7039e99d2 - - default default] 10.0.0.155 "DELETE /v2.0/routers/afc1e428-8e21-4c37-ac7b-44d1de2c05fc HTTP/1.1" status: 204 len: 168 time: 0.2586973
2026-06-26 11:37:34.441 10 INFO neutron.db.ovn_revision_numbers_db [None req-1419b54c-345b-4ba0-b9f8-a5053a30613a 8d8b93d0de2e4d33a9527d5ff193614f 0d9cfadafc714e47be3a14b9ff0c38c6 - - default default] Successfully bumped revision number for resource 6f7ae72e-7c7c-48e9-a584-33fa545f2c84 (type: routers) to 2
2026-06-26 11:37:34.452 9 INFO neutron.wsgi [None req-b258cee9-2683-4fdd-b34b-8803308c31d6 61732d8cd768405da7bb3ee32dae21e8 f576216fea0d4a99894af7c7039e99d2 - - default default] 10.0.0.155 "GET /v2.0/routers/de00a6c2-a254-4ef2-8f63-c3b64a21c8ce HTTP/1.1" status: 200 len: 655 time: 0.0513704
2026-06-26 11:37:34.466 10 INFO neutron.wsgi [None req-1419b54c-345b-4ba0-b9f8-a5053a30613a 8d8b93d0de2e4d33a9527d5ff193614f 0d9cfadafc714e47be3a14b9ff0c38c6 - - default default] 10.0.0.155 "POST /v2.0/routers HTTP/1.1" status: 201 len: 874 time: 2.0549805
