2026-06-26 11:36:58.743 10 INFO neutron.wsgi [None req-f73a91c9-3b02-4922-92eb-8f47510756d6 20186991df0f452382f159cb38fbaa79 87dc78e425d7471f9dee0bd496455122 - - default default] 10.0.0.155 "POST /v2.0/routers HTTP/1.1" status: 201 len: 872 time: 1.4029675
2026-06-26 11:36:58.822 10 INFO neutron.wsgi [None req-9ad5915b-2701-49be-ac72-b22739966133 20186991df0f452382f159cb38fbaa79 87dc78e425d7471f9dee0bd496455122 - - default default] 10.0.0.155 "GET /v2.0/routers/7ec64303-7b4b-40b8-8bf5-7b22f1ab31d9 HTTP/1.1" status: 200 len: 873 time: 0.0734937
2026-06-26 11:36:58.829 9 INFO neutron.db.ovn_revision_numbers_db [req-da2556aa-adda-4aec-8336-5942872e8a95 req-c5617497-e9bd-4d9c-8473-42c2a53df83a 30c528c616f34dd7920b8eca97c35701 c2570fb805ba4c6eae55cc8be1de693a - - default default] Successfully bumped revision number for resource ae41e10c-62fd-4f07-8f4b-2c6561d3f8fc (type: ports) to 1
2026-06-26 11:36:58.923 9 INFO neutron.wsgi [req-da2556aa-adda-4aec-8336-5942872e8a95 req-c5617497-e9bd-4d9c-8473-42c2a53df83a 30c528c616f34dd7920b8eca97c35701 c2570fb805ba4c6eae55cc8be1de693a - - default default] 199.19.213.147 "POST /v2.0/ports HTTP/1.1" status: 201 len: 1158 time: 0.6197927
2026-06-26 11:36:58.972 9 INFO neutron.wsgi [None req-47249632-18f3-4961-9b9c-19f473bc6561 20186991df0f452382f159cb38fbaa79 87dc78e425d7471f9dee0bd496455122 - - default default] 10.0.0.155 "GET /v2.0/routers HTTP/1.1" status: 200 len: 876 time: 0.1439488
2026-06-26 11:36:59.255 9 INFO neutron.wsgi [None req-610cca0b-1f2e-426a-840a-f5a5818f641c 5e0f0ba05d634533b0b39ae6220c86bf 4d0d0f865c2445128e816873a5b71044 - - default default] 10.0.0.155 "POST /v2.0/qos/policies HTTP/1.1" status: 201 len: 558 time: 0.2531495 /var/lib/openstack/lib/python3.10/site-packages/pycadf/identifier.py:71: UserWarning: Invalid uuid: neutron. To ensure interoperability, identifiers should be a valid uuid. warnings.warn(('Invalid uuid: %s. To ensure interoperability, '
2026-06-26 11:36:59.309 9 INFO neutron.wsgi [None req-d55c606a-8682-47e8-8e0c-b9cdfb0eb856 5e0f0ba05d634533b0b39ae6220c86bf 4d0d0f865c2445128e816873a5b71044 - - default default] 10.0.0.155 "POST /v2.0/qos/policies HTTP/1.1" status: 201 len: 558 time: 0.0478892
2026-06-26 11:36:59.365 9 INFO neutron.wsgi [None req-67c01bfc-c74d-4c8b-a822-58f3e821816f 5e0f0ba05d634533b0b39ae6220c86bf 4d0d0f865c2445128e816873a5b71044 - - default default] 10.0.0.155 "POST /v2.0/qos/policies HTTP/1.1" status: 201 len: 558 time: 0.0514739
2026-06-26 11:36:59.416 9 INFO neutron.wsgi [None req-3db9d3a7-49e6-45a9-a428-e9afc85e3b2e 5e0f0ba05d634533b0b39ae6220c86bf 4d0d0f865c2445128e816873a5b71044 - - default default] 10.0.0.155 "POST /v2.0/qos/policies HTTP/1.1" status: 201 len: 558 time: 0.0451801
2026-06-26 11:36:59.431 9 INFO neutron.db.ovn_revision_numbers_db [req-da2556aa-adda-4aec-8336-5942872e8a95 req-3bf8b0e4-1681-4b85-9544-64dd6494d93e f98daae8be984a6386877d742a7003cf cb639a4a6dd442ebb08599392164bda4 - - 508b69b9609c45618a526eb50132b3d7 508b69b9609c45618a526eb50132b3d7] Successfully bumped revision number for resource ae41e10c-62fd-4f07-8f4b-2c6561d3f8fc (type: ports) to 2
2026-06-26 11:36:59.461 9 INFO neutron.wsgi [None req-4411fd84-369a-4b23-91d6-1df706fb02f8 5e0f0ba05d634533b0b39ae6220c86bf 4d0d0f865c2445128e816873a5b71044 - - default default] 10.0.0.155 "POST /v2.0/qos/policies HTTP/1.1" status: 201 len: 558 time: 0.0411785
2026-06-26 11:36:59.496 9 INFO neutron.wsgi [None req-b413d6c4-b570-4eba-b90e-4997a7270698 5e0f0ba05d634533b0b39ae6220c86bf 4d0d0f865c2445128e816873a5b71044 - - default default] 10.0.0.155 "PUT /v2.0/policies/4835db2d-65b1-46e0-916a-c02d4e98e547/tags HTTP/1.1" status: 200 len: 210 time: 0.0290232
2026-06-26 11:36:59.540 10 INFO neutron.wsgi [None req-e1449d6c-9e48-4709-a332-69289b2e37f4 5e0f0ba05d634533b0b39ae6220c86bf 4d0d0f865c2445128e816873a5b71044 - - default default] 10.0.0.155 "PUT /v2.0/policies/fc8e840e-3181-4e09-83d7-5957e90faf30/tags HTTP/1.1" status: 200 len: 218 time: 0.0375249
2026-06-26 11:36:59.584 10 INFO neutron.wsgi [None req-c2ed15c0-8053-4da7-a8c0-5133eebe57a0 5e0f0ba05d634533b0b39ae6220c86bf 4d0d0f865c2445128e816873a5b71044 - - default default] 10.0.0.155 "PUT /v2.0/policies/f69ffb32-3aad-4637-a00c-c1c0584bb995/tags HTTP/1.1" status: 200 len: 227 time: 0.0380850
2026-06-26 11:36:59.611 10 INFO neutron.wsgi [None req-00c466ed-6a6b-4335-ad22-10a0b9395e80 5e0f0ba05d634533b0b39ae6220c86bf 4d0d0f865c2445128e816873a5b71044 - - default default] 10.0.0.155 "PUT /v2.0/policies/8cde2cb8-6f3a-4393-a722-f777c0990430/tags HTTP/1.1" status: 200 len: 212 time: 0.0218449
2026-06-26 11:36:59.621 10 INFO neutron.db.ovn_revision_numbers_db [None req-43fb6484-4f23-4364-bd72-4810032f2e21 20186991df0f452382f159cb38fbaa79 87dc78e425d7471f9dee0bd496455122 - - default default] Successfully bumped revision number for resource 7ec64303-7b4b-40b8-8bf5-7b22f1ab31d9 (type: routers) to 3
2026-06-26 11:36:59.623 10 INFO neutron.wsgi [None req-43fb6484-4f23-4364-bd72-4810032f2e21 20186991df0f452382f159cb38fbaa79 87dc78e425d7471f9dee0bd496455122 - - default default] 10.0.0.155 "PUT /v2.0/routers/7ec64303-7b4b-40b8-8bf5-7b22f1ab31d9 HTTP/1.1" status: 200 len: 880 time: 0.6451142
2026-06-26 11:36:59.655 9 INFO neutron.db.ovn_revision_numbers_db [req-da2556aa-adda-4aec-8336-5942872e8a95 req-3bf8b0e4-1681-4b85-9544-64dd6494d93e f98daae8be984a6386877d742a7003cf cb639a4a6dd442ebb08599392164bda4 - - 508b69b9609c45618a526eb50132b3d7 508b69b9609c45618a526eb50132b3d7] Successfully bumped revision number for resource ae41e10c-62fd-4f07-8f4b-2c6561d3f8fc (type: ports) to 2
2026-06-26 11:36:59.667 9 INFO neutron.wsgi [req-da2556aa-adda-4aec-8336-5942872e8a95 req-3bf8b0e4-1681-4b85-9544-64dd6494d93e f98daae8be984a6386877d742a7003cf cb639a4a6dd442ebb08599392164bda4 - - 508b69b9609c45618a526eb50132b3d7 508b69b9609c45618a526eb50132b3d7] 199.19.213.147 "PUT /v2.0/ports/ae41e10c-62fd-4f07-8f4b-2c6561d3f8fc HTTP/1.1" status: 200 len: 1376 time: 0.7376087 /var/lib/openstack/lib/python3.10/site-packages/pycadf/identifier.py:71: UserWarning: Invalid uuid: neutron. To ensure interoperability, identifiers should be a valid uuid. warnings.warn(('Invalid uuid: %s. To ensure interoperability, '
2026-06-26 11:36:59.722 10 INFO neutron.wsgi [None req-b1882023-f25b-411d-b20f-7a3d6d9746fd 20186991df0f452382f159cb38fbaa79 87dc78e425d7471f9dee0bd496455122 - - default default] 10.0.0.155 "GET /v2.0/routers/7ec64303-7b4b-40b8-8bf5-7b22f1ab31d9 HTTP/1.1" status: 200 len: 880 time: 0.0943184
2026-06-26 11:36:59.732 9 INFO neutron.notifiers.nova [-] Nova event matching ['req-1a83dda7-22de-4ed2-ada2-1704aefae9f5'] response: {'name': 'network-changed', 'server_uuid': '561edeb6-8829-4f5a-85a3-4d421f404a2e', 'tag': 'ae41e10c-62fd-4f07-8f4b-2c6561d3f8fc', 'status': 'completed', 'code': 200}
2026-06-26 11:36:59.753 10 INFO neutron.wsgi [None req-71de3505-e377-4160-b5c8-334c9945d436 20186991df0f452382f159cb38fbaa79 87dc78e425d7471f9dee0bd496455122 - - default default] 10.0.0.155 "GET /v2.0/ports?device_id=7ec64303-7b4b-40b8-8bf5-7b22f1ab31d9 HTTP/1.1" status: 200 len: 205 time: 0.0279136
2026-06-26 11:36:59.758 9 INFO neutron.wsgi [req-da2556aa-adda-4aec-8336-5942872e8a95 req-ad07bd74-b54d-4583-8aa9-c33c45e633c1 f98daae8be984a6386877d742a7003cf cb639a4a6dd442ebb08599392164bda4 - - 508b69b9609c45618a526eb50132b3d7 508b69b9609c45618a526eb50132b3d7] 199.19.213.147 "GET /v2.0/ports?tenant_id=c2570fb805ba4c6eae55cc8be1de693a&device_id=561edeb6-8829-4f5a-85a3-4d421f404a2e HTTP/1.1" status: 200 len: 1407 time: 0.0579803
2026-06-26 11:36:59.796 9 INFO neutron.wsgi [req-da2556aa-adda-4aec-8336-5942872e8a95 req-77764c09-ac6b-4e40-ac6c-83e4defc6704 f98daae8be984a6386877d742a7003cf cb639a4a6dd442ebb08599392164bda4 - - 508b69b9609c45618a526eb50132b3d7 508b69b9609c45618a526eb50132b3d7] 199.19.213.147 "GET /v2.0/floatingips?fixed_ip_address=10.100.0.7&port_id=ae41e10c-62fd-4f07-8f4b-2c6561d3f8fc HTTP/1.1" status: 200 len: 217 time: 0.0321391
2026-06-26 11:36:59.837 9 INFO neutron.wsgi [req-5a820511-f6d1-4639-b63e-e31cfbbe2bf4 req-e363ec0f-42cf-4f2c-aab3-3c6e30052b61 30c528c616f34dd7920b8eca97c35701 c2570fb805ba4c6eae55cc8be1de693a - - default default] 10.0.0.21 "GET /v2.0/ports?device_id=561edeb6-8829-4f5a-85a3-4d421f404a2e HTTP/1.1" status: 200 len: 1168 time: 0.0673511
2026-06-26 11:36:59.853 9 INFO neutron.wsgi [req-da2556aa-adda-4aec-8336-5942872e8a95 req-269f93e2-390c-4502-ac5b-d88f9ae13148 f98daae8be984a6386877d742a7003cf cb639a4a6dd442ebb08599392164bda4 - - 508b69b9609c45618a526eb50132b3d7 508b69b9609c45618a526eb50132b3d7] 199.19.213.147 "GET /v2.0/subnets?id=2b4e3876-ff5a-4615-bce1-3c453c7ae068 HTTP/1.1" status: 200 len: 852 time: 0.0521173
2026-06-26 11:36:59.887 9 INFO neutron.wsgi [req-da2556aa-adda-4aec-8336-5942872e8a95 req-761dad5b-e160-4981-827a-7a89ac4dcb04 f98daae8be984a6386877d742a7003cf cb639a4a6dd442ebb08599392164bda4 - - 508b69b9609c45618a526eb50132b3d7 508b69b9609c45618a526eb50132b3d7] 199.19.213.147 "GET /v2.0/ports?network_id=23ca427b-f07b-498c-b531-22939fe8ca1e&device_owner=network%3Adhcp HTTP/1.1" status: 200 len: 210 time: 0.0273309
2026-06-26 11:36:59.897 9 INFO neutron.wsgi [req-5a820511-f6d1-4639-b63e-e31cfbbe2bf4 req-bf11e684-1753-46ab-b0bf-a0a8ca30c562 30c528c616f34dd7920b8eca97c35701 c2570fb805ba4c6eae55cc8be1de693a - - default default] 10.0.0.21 "GET /v2.0/security-groups?id=5d818c7d-4838-47ef-a192-d52b7b6515c3&fields=id&fields=name HTTP/1.1" status: 200 len: 313 time: 0.0533788
2026-06-26 11:36:59.963 9 INFO neutron.wsgi [req-da2556aa-adda-4aec-8336-5942872e8a95 req-415c7315-46e1-45ec-b8b1-5e114f130c54 f98daae8be984a6386877d742a7003cf cb639a4a6dd442ebb08599392164bda4 - - 508b69b9609c45618a526eb50132b3d7 508b69b9609c45618a526eb50132b3d7] 199.19.213.147 "GET /v2.0/networks/23ca427b-f07b-498c-b531-22939fe8ca1e?fields=segments HTTP/1.1" status: 200 len: 212 time: 0.0707288
2026-06-26 11:37:00.036 9 INFO neutron.wsgi [req-da2556aa-adda-4aec-8336-5942872e8a95 req-615015df-dc48-4bbe-9d3d-4d8867d1d89f f98daae8be984a6386877d742a7003cf cb639a4a6dd442ebb08599392164bda4 - - 508b69b9609c45618a526eb50132b3d7 508b69b9609c45618a526eb50132b3d7] 199.19.213.147 "GET /v2.0/networks/23ca427b-f07b-498c-b531-22939fe8ca1e?fields=provider%3Aphysical_network&fields=provider%3Anetwork_type HTTP/1.1" status: 200 len: 277 time: 0.0606709
2026-06-26 11:37:00.113 9 INFO neutron.wsgi [req-459d336c-3e19-44ba-b1b5-e224a3f8ef5e req-11a5efe3-c3e5-40ad-85e8-dcf4022b17d8 f98daae8be984a6386877d742a7003cf cb639a4a6dd442ebb08599392164bda4 - - 508b69b9609c45618a526eb50132b3d7 508b69b9609c45618a526eb50132b3d7] 199.19.213.147 "GET /v2.0/ports?tenant_id=c2570fb805ba4c6eae55cc8be1de693a&device_id=561edeb6-8829-4f5a-85a3-4d421f404a2e HTTP/1.1" status: 200 len: 1407 time: 0.0413940
2026-06-26 11:37:00.219 10 INFO neutron.wsgi [None req-d2375701-ecad-4eb8-8e8c-579b1165ee45 93c44b84bcfd40f6970f1c850529a0d2 07d423cc37cf4b43b8366c874f7d5186 - - default default] 10.0.0.155 "GET /v2.0/qos/policies?tags=red HTTP/1.1" status: 200 len: 1296 time: 0.2231824
2026-06-26 11:37:00.225 9 INFO neutron.wsgi [req-459d336c-3e19-44ba-b1b5-e224a3f8ef5e req-08d471a8-22d6-49aa-ace1-8997dc60d3f7 f98daae8be984a6386877d742a7003cf cb639a4a6dd442ebb08599392164bda4 - - 508b69b9609c45618a526eb50132b3d7 508b69b9609c45618a526eb50132b3d7] 199.19.213.147 "GET /v2.0/networks?id=23ca427b-f07b-498c-b531-22939fe8ca1e HTTP/1.1" status: 200 len: 957 time: 0.1050920
2026-06-26 11:37:00.263 9 INFO neutron.wsgi [req-459d336c-3e19-44ba-b1b5-e224a3f8ef5e req-a1872a9e-5899-4747-ac6c-637b04a43d94 f98daae8be984a6386877d742a7003cf cb639a4a6dd442ebb08599392164bda4 - - 508b69b9609c45618a526eb50132b3d7 508b69b9609c45618a526eb50132b3d7] 199.19.213.147 "GET /v2.0/floatingips?fixed_ip_address=10.100.0.7&port_id=ae41e10c-62fd-4f07-8f4b-2c6561d3f8fc HTTP/1.1" status: 200 len: 217 time: 0.0342336
2026-06-26 11:37:00.314 9 INFO neutron.wsgi [req-459d336c-3e19-44ba-b1b5-e224a3f8ef5e req-99c2ae49-832e-46c5-98c3-8685136ea654 f98daae8be984a6386877d742a7003cf cb639a4a6dd442ebb08599392164bda4 - - 508b69b9609c45618a526eb50132b3d7 508b69b9609c45618a526eb50132b3d7] 199.19.213.147 "GET /v2.0/subnets?id=2b4e3876-ff5a-4615-bce1-3c453c7ae068 HTTP/1.1" status: 200 len: 852 time: 0.0454905
2026-06-26 11:37:00.339 10 INFO neutron.wsgi [None req-b195844e-ac9f-4e77-82c6-13851b138a19 93c44b84bcfd40f6970f1c850529a0d2 07d423cc37cf4b43b8366c874f7d5186 - - default default] 10.0.0.155 "GET /v2.0/qos/policies?tags=red%2Cblue HTTP/1.1" status: 200 len: 941 time: 0.1103525
2026-06-26 11:37:00.356 9 INFO neutron.wsgi [req-459d336c-3e19-44ba-b1b5-e224a3f8ef5e req-468d8a8d-197e-4ae0-8c7a-1cd09ebb8f90 f98daae8be984a6386877d742a7003cf cb639a4a6dd442ebb08599392164bda4 - - 508b69b9609c45618a526eb50132b3d7 508b69b9609c45618a526eb50132b3d7] 199.19.213.147 "GET /v2.0/ports?network_id=23ca427b-f07b-498c-b531-22939fe8ca1e&device_owner=network%3Adhcp HTTP/1.1" status: 200 len: 210 time: 0.0358114
2026-06-26 11:37:00.427 9 INFO neutron.wsgi [req-459d336c-3e19-44ba-b1b5-e224a3f8ef5e req-89af0588-0d35-4752-858b-d939b18a6bb3 f98daae8be984a6386877d742a7003cf cb639a4a6dd442ebb08599392164bda4 - - 508b69b9609c45618a526eb50132b3d7 508b69b9609c45618a526eb50132b3d7] 199.19.213.147 "GET /v2.0/networks/23ca427b-f07b-498c-b531-22939fe8ca1e?fields=segments HTTP/1.1" status: 200 len: 212 time: 0.0661578
2026-06-26 11:37:00.475 9 INFO neutron.wsgi [None req-afa97053-e967-4126-b5ae-9304c176fa03 93c44b84bcfd40f6970f1c850529a0d2 07d423cc37cf4b43b8366c874f7d5186 - - default default] 10.0.0.155 "GET /v2.0/qos/policies?tags-any=blue HTTP/1.1" status: 200 len: 941 time: 0.1286826
2026-06-26 11:37:00.503 9 INFO neutron.wsgi [req-459d336c-3e19-44ba-b1b5-e224a3f8ef5e req-7c12b26d-2619-41f3-b7ca-ab3d1dffa117 f98daae8be984a6386877d742a7003cf cb639a4a6dd442ebb08599392164bda4 - - 508b69b9609c45618a526eb50132b3d7 508b69b9609c45618a526eb50132b3d7] 199.19.213.147 "GET /v2.0/networks/23ca427b-f07b-498c-b531-22939fe8ca1e?fields=provider%3Aphysical_network&fields=provider%3Anetwork_type HTTP/1.1" status: 200 len: 277 time: 0.0697989
2026-06-26 11:37:00.521 10 INFO neutron.wsgi [None req-bc2c2e97-2648-404f-a8da-cb4552fec7b3 20186991df0f452382f159cb38fbaa79 87dc78e425d7471f9dee0bd496455122 - - default default] 10.0.0.155 "DELETE /v2.0/routers/7ec64303-7b4b-40b8-8bf5-7b22f1ab31d9 HTTP/1.1" status: 204 len: 168 time: 0.7616451
2026-06-26 11:37:00.539 9 WARNING neutron.plugins.ml2.drivers.ovn.mech_driver.ovsdb.ovn_client [None req-6e290fc2-6da2-4c20-ab1d-6409e8e4f2d4 - - - - - -] No port found with ID 91e698e2-0bd5-4806-95ce-ef9df525c699: RuntimeError: No port found with ID 91e698e2-0bd5-4806-95ce-ef9df525c699
2026-06-26 11:37:00.540 9 INFO neutron.plugins.ml2.drivers.ovn.mech_driver.mech_driver [None req-6e290fc2-6da2-4c20-ab1d-6409e8e4f2d4 - - - - - -] OVN reports status up for port: ae41e10c-62fd-4f07-8f4b-2c6561d3f8fc
2026-06-26 11:37:00.556 9 INFO neutron.plugins.ml2.plugin [None req-6e290fc2-6da2-4c20-ab1d-6409e8e4f2d4 - - - - - -] Attempt 1 to provision port ae41e10c-62fd-4f07-8f4b-2c6561d3f8fc
2026-06-26 11:37:00.558 10 INFO neutron.wsgi [None req-3c9f77f8-81c6-48f3-a9b6-d5b477e51835 20186991df0f452382f159cb38fbaa79 87dc78e425d7471f9dee0bd496455122 - - default default] 10.0.0.155 "GET /v2.0/ports?device_id=7ec64303-7b4b-40b8-8bf5-7b22f1ab31d9 HTTP/1.1" status: 200 len: 205 time: 0.0290275
2026-06-26 11:37:00.581 9 INFO neutron.wsgi [None req-d1555a9d-e6bd-42f9-b440-ca14c8d6a5f6 93c44b84bcfd40f6970f1c850529a0d2 07d423cc37cf4b43b8366c874f7d5186 - - default default] 10.0.0.155 "GET /v2.0/qos/policies?tags-any=red%2Cblue HTTP/1.1" status: 200 len: 1296 time: 0.1000159
2026-06-26 11:37:00.585 10 INFO neutron.api.v2.resource [None req-5cb67316-98a1-4e2f-96f8-1206b24989c9 20186991df0f452382f159cb38fbaa79 87dc78e425d7471f9dee0bd496455122 - - default default] delete failed (client error): The resource could not be found.
2026-06-26 11:37:00.586 10 INFO neutron.wsgi [None req-5cb67316-98a1-4e2f-96f8-1206b24989c9 20186991df0f452382f159cb38fbaa79 87dc78e425d7471f9dee0bd496455122 - - default default] 10.0.0.155 "DELETE /v2.0/routers/7ec64303-7b4b-40b8-8bf5-7b22f1ab31d9 HTTP/1.1" status: 404 len: 336 time: 0.0232532
2026-06-26 11:37:00.607 10 INFO neutron.wsgi [None req-d76ecd44-28d8-4c02-95dc-16a9ae3b7dc5 20186991df0f452382f159cb38fbaa79 87dc78e425d7471f9dee0bd496455122 - - default default] 10.0.0.155 "GET /v2.0/ports?device_id=84984d22-6f16-4732-b501-817335222f7a HTTP/1.1" status: 200 len: 205 time: 0.0178485
2026-06-26 11:37:00.632 10 INFO neutron.api.v2.resource [None req-31d520e1-a41d-4dec-a60d-f931bbfe07f9 20186991df0f452382f159cb38fbaa79 87dc78e425d7471f9dee0bd496455122 - - default default] delete failed (client error): The resource could not be found.
2026-06-26 11:37:00.636 10 INFO neutron.wsgi [None req-31d520e1-a41d-4dec-a60d-f931bbfe07f9 20186991df0f452382f159cb38fbaa79 87dc78e425d7471f9dee0bd496455122 - - default default] 10.0.0.155 "DELETE /v2.0/routers/84984d22-6f16-4732-b501-817335222f7a HTTP/1.1" status: 404 len: 336 time: 0.0245843
2026-06-26 11:37:00.667 9 INFO neutron.wsgi [None req-d8107279-9c9f-4f62-8e0a-9a70006efe53 93c44b84bcfd40f6970f1c850529a0d2 07d423cc37cf4b43b8366c874f7d5186 - - default default] 10.0.0.155 "GET /v2.0/qos/policies?not-tags=red HTTP/1.1" status: 200 len: 913 time: 0.0817733
2026-06-26 11:37:00.667 10 INFO neutron.pecan_wsgi.hooks.translation [None req-9c8ee077-4aaf-4f95-a06f-c0e6a348dd71 20186991df0f452382f159cb38fbaa79 87dc78e425d7471f9dee0bd496455122 - - default default] DELETE failed (client error): The resource could not be found.
2026-06-26 11:37:00.670 10 INFO neutron.wsgi [None req-9c8ee077-4aaf-4f95-a06f-c0e6a348dd71 20186991df0f452382f159cb38fbaa79 87dc78e425d7471f9dee0bd496455122 - - default default] 10.0.0.155 "DELETE /v2.0/subnets/9a96d624-654a-4b83-abf0-da96f540dd0c HTTP/1.1" status: 404 len: 337 time: 0.0238476
2026-06-26 11:37:00.691 9 INFO neutron.wsgi [None req-2d4ce557-26af-4579-92aa-e726f888e620 20186991df0f452382f159cb38fbaa79 87dc78e425d7471f9dee0bd496455122 - - default default] 10.0.0.155 "GET /v2.0/ports?device_id=21569216-c8e5-4e0c-81dc-22f935323d65 HTTP/1.1" status: 200 len: 205 time: 0.0165515
2026-06-26 11:37:00.716 10 INFO neutron.api.v2.resource [None req-70a59cd1-2e66-4fbf-b4d8-d209da923536 20186991df0f452382f159cb38fbaa79 87dc78e425d7471f9dee0bd496455122 - - default default] delete failed (client error): The resource could not be found.
2026-06-26 11:37:00.717 10 INFO neutron.wsgi [None req-70a59cd1-2e66-4fbf-b4d8-d209da923536 20186991df0f452382f159cb38fbaa79 87dc78e425d7471f9dee0bd496455122 - - default default] 10.0.0.155 "DELETE /v2.0/routers/21569216-c8e5-4e0c-81dc-22f935323d65 HTTP/1.1" status: 404 len: 336 time: 0.0218897
2026-06-26 11:37:00.737 10 INFO neutron.pecan_wsgi.hooks.translation [None req-dfa1cc2e-dedc-47e4-a1f3-63160a256110 20186991df0f452382f159cb38fbaa79 87dc78e425d7471f9dee0bd496455122 - - default default] DELETE failed (client error): The resource could not be found.
2026-06-26 11:37:00.739 10 INFO neutron.wsgi [None req-dfa1cc2e-dedc-47e4-a1f3-63160a256110 20186991df0f452382f159cb38fbaa79 87dc78e425d7471f9dee0bd496455122 - - default default] 10.0.0.155 "DELETE /v2.0/subnets/bcfe9b74-8040-495a-a113-33f7c7d68b8e HTTP/1.1" status: 404 len: 337 time: 0.0173495
2026-06-26 11:37:00.760 10 INFO neutron.wsgi [None req-e175103e-2b1d-4394-bcbc-a88092c38c58 20186991df0f452382f159cb38fbaa79 87dc78e425d7471f9dee0bd496455122 - - default default] 10.0.0.155 "GET /v2.0/ports?device_id=6cc568df-8858-400e-8c72-f5802c79d896 HTTP/1.1" status: 200 len: 205 time: 0.0147920
2026-06-26 11:37:00.783 10 INFO neutron.api.v2.resource [None req-5dcb7daf-ae75-4c1e-bd0f-115c5b54bc99 20186991df0f452382f159cb38fbaa79 87dc78e425d7471f9dee0bd496455122 - - default default] delete failed (client error): The resource could not be found.
2026-06-26 11:37:00.784 10 INFO neutron.wsgi [None req-5dcb7daf-ae75-4c1e-bd0f-115c5b54bc99 20186991df0f452382f159cb38fbaa79 87dc78e425d7471f9dee0bd496455122 - - default default] 10.0.0.155 "DELETE /v2.0/routers/6cc568df-8858-400e-8c72-f5802c79d896 HTTP/1.1" status: 404 len: 336 time: 0.0193913
2026-06-26 11:37:00.788 10 INFO neutron.wsgi [None req-82ed9067-c133-43bb-8a97-cb6561791f9e 93c44b84bcfd40f6970f1c850529a0d2 07d423cc37cf4b43b8366c874f7d5186 - - default default] 10.0.0.155 "GET /v2.0/qos/policies?not-tags=red%2Cblue HTTP/1.1" status: 200 len: 1268 time: 0.1175270
2026-06-26 11:37:00.814 10 INFO neutron.pecan_wsgi.hooks.translation [None req-6d957760-cc77-40c9-9d23-f15f708f4f72 20186991df0f452382f159cb38fbaa79 87dc78e425d7471f9dee0bd496455122 - - default default] DELETE failed (client error): The resource could not be found.
2026-06-26 11:37:00.816 10 INFO neutron.wsgi [None req-6d957760-cc77-40c9-9d23-f15f708f4f72 20186991df0f452382f159cb38fbaa79 87dc78e425d7471f9dee0bd496455122 - - default default] 10.0.0.155 "DELETE /v2.0/subnets/bef9e1a9-4721-4938-acfc-1da0ee905926 HTTP/1.1" status: 404 len: 337 time: 0.0271792
2026-06-26 11:37:00.848 10 INFO neutron.pecan_wsgi.hooks.translation [None req-fb177187-739a-42e3-a8bf-43360047d2d9 20186991df0f452382f159cb38fbaa79 87dc78e425d7471f9dee0bd496455122 - - default default] DELETE failed (client error): The resource could not be found.
2026-06-26 11:37:00.851 10 INFO neutron.wsgi [None req-fb177187-739a-42e3-a8bf-43360047d2d9 20186991df0f452382f159cb38fbaa79 87dc78e425d7471f9dee0bd496455122 - - default default] 10.0.0.155 "DELETE /v2.0/subnets/dd7448f1-ad58-4911-9e60-2369878dda5b HTTP/1.1" status: 404 len: 337 time: 0.0278509
2026-06-26 11:37:00.883 10 INFO neutron.wsgi [None req-9f11f374-e365-4854-ae6d-d5e762e9f600 93c44b84bcfd40f6970f1c850529a0d2 07d423cc37cf4b43b8366c874f7d5186 - - default default] 10.0.0.155 "GET /v2.0/qos/policies?not-tags-any=blue HTTP/1.1" status: 200 len: 1268 time: 0.0885253
2026-06-26 11:37:00.957 10 INFO neutron.wsgi [None req-c436d4f7-30c4-4c48-a1de-3913e03ffb55 93c44b84bcfd40f6970f1c850529a0d2 07d423cc37cf4b43b8366c874f7d5186 - - default default] 10.0.0.155 "GET /v2.0/qos/policies?not-tags-any=red%2Cblue HTTP/1.1" status: 200 len: 913 time: 0.0654783
2026-06-26 11:37:01.029 10 INFO neutron.wsgi [None req-34962941-470b-4c46-97a5-800600b558f4 5e0f0ba05d634533b0b39ae6220c86bf 4d0d0f865c2445128e816873a5b71044 - - default default] 10.0.0.155 "DELETE /v2.0/qos/policies/4835db2d-65b1-46e0-916a-c02d4e98e547 HTTP/1.1" status: 204 len: 168 time: 0.0651395
2026-06-26 11:37:01.092 9 INFO neutron.wsgi [req-e86fb557-7a5a-4b28-b1e3-5b86c2c0b289 req-a6cc013e-2fd5-4199-ae48-b129b081285d 30c528c616f34dd7920b8eca97c35701 c2570fb805ba4c6eae55cc8be1de693a - - default default] 10.0.0.21 "GET /v2.0/ports?device_id=561edeb6-8829-4f5a-85a3-4d421f404a2e HTTP/1.1" status: 200 len: 1170 time: 0.0459621
2026-06-26 11:37:01.121 10 INFO neutron.wsgi [None req-baf71ea7-0654-41c8-839a-50b6af3c3747 5e0f0ba05d634533b0b39ae6220c86bf 4d0d0f865c2445128e816873a5b71044 - - default default] 10.0.0.155 "DELETE /v2.0/qos/policies/fc8e840e-3181-4e09-83d7-5957e90faf30 HTTP/1.1" status: 204 len: 168 time: 0.0853720
2026-06-26 11:37:01.158 9 INFO neutron.wsgi [req-e86fb557-7a5a-4b28-b1e3-5b86c2c0b289 req-7e859246-4a47-40f4-8528-1cd992e1cd33 30c528c616f34dd7920b8eca97c35701 c2570fb805ba4c6eae55cc8be1de693a - - default default] 10.0.0.21 "GET /v2.0/security-groups?id=5d818c7d-4838-47ef-a192-d52b7b6515c3&fields=id&fields=name HTTP/1.1" status: 200 len: 313 time: 0.0604348
2026-06-26 11:37:01.162 9 INFO neutron.db.ovn_revision_numbers_db [None req-6e290fc2-6da2-4c20-ab1d-6409e8e4f2d4 - - - - - -] Successfully bumped revision number for resource ae41e10c-62fd-4f07-8f4b-2c6561d3f8fc (type: ports) to 4
2026-06-26 11:37:01.198 10 INFO neutron.wsgi [None req-098c2dc4-550c-4423-975f-97e73bffc980 5e0f0ba05d634533b0b39ae6220c86bf 4d0d0f865c2445128e816873a5b71044 - - default default] 10.0.0.155 "DELETE /v2.0/qos/policies/f69ffb32-3aad-4637-a00c-c1c0584bb995 HTTP/1.1" status: 204 len: 168 time: 0.0712996
2026-06-26 11:37:01.268 10 INFO neutron.wsgi [None req-4a668204-804e-4427-adcb-d9648c1edbd2 5e0f0ba05d634533b0b39ae6220c86bf 4d0d0f865c2445128e816873a5b71044 - - default default] 10.0.0.155 "DELETE /v2.0/qos/policies/8cde2cb8-6f3a-4393-a722-f777c0990430 HTTP/1.1" status: 204 len: 168 time: 0.0640137
2026-06-26 11:37:01.345 10 INFO neutron.wsgi [None req-1a680a68-d432-4956-9e7e-fc7d62b47d20 5e0f0ba05d634533b0b39ae6220c86bf 4d0d0f865c2445128e816873a5b71044 - - default default] 10.0.0.155 "DELETE /v2.0/qos/policies/d8b4cd7d-de09-426e-9a58-083709e66fc7 HTTP/1.1" status: 204 len: 168 time: 0.0661981
2026-06-26 11:37:01.561 10 INFO neutron.wsgi [None req-7e52fafd-93d4-4bd7-8d94-03a0dd092f0a 8d8b93d0de2e4d33a9527d5ff193614f 0d9cfadafc714e47be3a14b9ff0c38c6 - - default default] 10.0.0.155 "GET /v2.0/security-groups?tenant_id=87dc78e425d7471f9dee0bd496455122&name=default HTTP/1.1" status: 200 len: 2996 time: 0.1252286
2026-06-26 11:37:01.758 10 INFO neutron.wsgi [None req-beb826de-41ea-451f-8e6d-86216f8497f0 8d8b93d0de2e4d33a9527d5ff193614f 0d9cfadafc714e47be3a14b9ff0c38c6 - - default default] 10.0.0.155 "DELETE /v2.0/security-groups/cd317dfc-f0a0-4521-8676-31b7036943bb HTTP/1.1" status: 204 len: 168 time: 0.1916659
2026-06-26 11:37:01.772 9 INFO neutron.notifiers.nova [-] Nova event matching ['req-0595cfb2-9bfb-40f9-9379-6954da3bd0b1'] response: {'server_uuid': '561edeb6-8829-4f5a-85a3-4d421f404a2e', 'name': 'network-vif-plugged', 'status': 'completed', 'tag': 'ae41e10c-62fd-4f07-8f4b-2c6561d3f8fc', 'code': 200}
2026-06-26 11:37:01.772 9 INFO neutron.notifiers.nova [-] Nova event matching ['req-0595cfb2-9bfb-40f9-9379-6954da3bd0b1'] response: {'server_uuid': '561edeb6-8829-4f5a-85a3-4d421f404a2e', 'name': 'network-vif-plugged', 'status': 'completed', 'tag': 'ae41e10c-62fd-4f07-8f4b-2c6561d3f8fc', 'code': 200}
2026-06-26 11:37:01.986 10 WARNING neutron.plugins.ml2.drivers.ovn.mech_driver.ovsdb.ovn_client [None req-68fcd872-8e44-4bab-a851-ba7882843030 - - - - - -] No hosting information found for port c5efed07-797d-4c37-9bc4-69c99295b84d: RuntimeError: No hosting information found for port c5efed07-797d-4c37-9bc4-69c99295b84d
2026-06-26 11:37:01.987 10 INFO neutron.plugins.ml2.drivers.ovn.mech_driver.mech_driver [None req-68fcd872-8e44-4bab-a851-ba7882843030 - - - - - -] OVN reports status up for port: 33fef6ef-2096-4889-8bea-372446e34d15 /var/lib/openstack/lib/python3.10/site-packages/pycadf/identifier.py:71: UserWarning: Invalid uuid: neutron. To ensure interoperability, identifiers should be a valid uuid. warnings.warn(('Invalid uuid: %s. To ensure interoperability, '
2026-06-26 11:37:02.337 9 INFO neutron.wsgi [req-f86862ce-9f06-49bb-925f-4befd554f038 req-8ec53774-de55-44fd-a362-217df802c2d7 30c528c616f34dd7920b8eca97c35701 c2570fb805ba4c6eae55cc8be1de693a - - default default] 10.0.0.21 "GET /v2.0/ports?device_id=561edeb6-8829-4f5a-85a3-4d421f404a2e HTTP/1.1" status: 200 len: 1170 time: 0.1063714
2026-06-26 11:37:02.381 9 INFO neutron.wsgi [req-f86862ce-9f06-49bb-925f-4befd554f038 req-2ef1d740-4551-413c-b135-f7fc5a4d2f12 30c528c616f34dd7920b8eca97c35701 c2570fb805ba4c6eae55cc8be1de693a - - default default] 10.0.0.21 "GET /v2.0/security-groups?id=5d818c7d-4838-47ef-a192-d52b7b6515c3&fields=id&fields=name HTTP/1.1" status: 200 len: 313 time: 0.0380161
2026-06-26 11:37:02.480 9 INFO neutron.wsgi [req-6cfa1fee-1802-43f0-ae91-2b9f110e5d4b req-edf849f3-da5a-4340-8b9e-5ec9b9583602 30c528c616f34dd7920b8eca97c35701 c2570fb805ba4c6eae55cc8be1de693a - - default default] 10.0.0.21 "GET /v2.0/ports?device_id=561edeb6-8829-4f5a-85a3-4d421f404a2e HTTP/1.1" status: 200 len: 1170 time: 0.0415623
2026-06-26 11:37:02.532 9 INFO neutron.wsgi [req-6cfa1fee-1802-43f0-ae91-2b9f110e5d4b req-e585fac8-cb4b-4c78-946d-e8e779865afb 30c528c616f34dd7920b8eca97c35701 c2570fb805ba4c6eae55cc8be1de693a - - default default] 10.0.0.21 "GET /v2.0/security-groups?id=5d818c7d-4838-47ef-a192-d52b7b6515c3&fields=id&fields=name HTTP/1.1" status: 200 len: 313 time: 0.0436540
2026-06-26 11:37:02.586 10 INFO neutron.wsgi [None req-2dafc7fe-62a1-4eaf-ba2e-3dc1b5b55cce 48443c2825f14558b46195d1c3a869d9 123af28937ec48c5809ac7c5ea0db3f2 - - default default] 10.0.0.155 "GET /v2.0/ports?device_id=561edeb6-8829-4f5a-85a3-4d421f404a2e HTTP/1.1" status: 200 len: 1404 time: 0.0313473
2026-06-26 11:37:02.630 10 INFO neutron.db.ovn_revision_numbers_db [None req-62738ab3-85fe-4368-9778-e65e4cad75b5 8d8b93d0de2e4d33a9527d5ff193614f 0d9cfadafc714e47be3a14b9ff0c38c6 - - default default] Successfully bumped revision number for resource 9a210389-3765-4412-a899-cfc9ba1319aa (type: security_groups) to 1
2026-06-26 11:37:02.658 10 INFO neutron.db.ovn_revision_numbers_db [None req-62738ab3-85fe-4368-9778-e65e4cad75b5 8d8b93d0de2e4d33a9527d5ff193614f 0d9cfadafc714e47be3a14b9ff0c38c6 - - default default] Successfully bumped revision number for resource 3ee7dd7e-81eb-47dc-a662-6c27201c5517 (type: security_group_rules) to 0
2026-06-26 11:37:02.675 10 INFO neutron.db.ovn_revision_numbers_db [None req-62738ab3-85fe-4368-9778-e65e4cad75b5 8d8b93d0de2e4d33a9527d5ff193614f 0d9cfadafc714e47be3a14b9ff0c38c6 - - default default] Successfully bumped revision number for resource 42ddadc1-0811-4b95-b527-a67f650c3c29 (type: security_group_rules) to 0
2026-06-26 11:37:02.704 10 INFO neutron.db.ovn_revision_numbers_db [None req-62738ab3-85fe-4368-9778-e65e4cad75b5 8d8b93d0de2e4d33a9527d5ff193614f 0d9cfadafc714e47be3a14b9ff0c38c6 - - default default] Successfully bumped revision number for resource 72fa6c10-4472-4a83-8c2d-0f350e55eb16 (type: security_group_rules) to 0
2026-06-26 11:37:02.727 10 INFO neutron.db.ovn_revision_numbers_db [None req-62738ab3-85fe-4368-9778-e65e4cad75b5 8d8b93d0de2e4d33a9527d5ff193614f 0d9cfadafc714e47be3a14b9ff0c38c6 - - default default] Successfully bumped revision number for resource 8e518957-7390-435e-a767-e5c87ca47483 (type: security_group_rules) to 0
2026-06-26 11:37:02.753 10 INFO neutron.wsgi [None req-62738ab3-85fe-4368-9778-e65e4cad75b5 8d8b93d0de2e4d33a9527d5ff193614f 0d9cfadafc714e47be3a14b9ff0c38c6 - - default default] 10.0.0.155 "GET /v2.0/security-groups?tenant_id=65830d6b4aad40b4aa53d68d6745acdf&name=default HTTP/1.1" status: 200 len: 2996 time: 0.5326619
2026-06-26 11:37:02.871 10 WARNING neutron.scheduler.dhcp_agent_scheduler [None req-4bffab94-f14d-4087-bb36-4181f390bb58 30c528c616f34dd7920b8eca97c35701 c2570fb805ba4c6eae55cc8be1de693a - - default default] No more DHCP agents
2026-06-26 11:37:02.874 10 WARNING neutron.api.rpc.agentnotifiers.dhcp_rpc_agent_api [None req-4bffab94-f14d-4087-bb36-4181f390bb58 30c528c616f34dd7920b8eca97c35701 c2570fb805ba4c6eae55cc8be1de693a - - default default] Unable to schedule network 40172fb8-2309-4fcd-8b81-a10ae0187096: no agents available; will retry on subsequent port and subnet creation events.
2026-06-26 11:37:02.972 9 INFO neutron.wsgi [None req-317adc73-f317-4f08-bf19-1500b6878e63 8d8b93d0de2e4d33a9527d5ff193614f 0d9cfadafc714e47be3a14b9ff0c38c6 - - default default] 10.0.0.155 "DELETE /v2.0/security-groups/9a210389-3765-4412-a899-cfc9ba1319aa HTTP/1.1" status: 204 len: 168 time: 0.2127244
2026-06-26 11:37:03.181 9 INFO neutron.db.ovn_revision_numbers_db [None req-df57e941-91db-468e-bdae-9079448f19ca 8d8b93d0de2e4d33a9527d5ff193614f 0d9cfadafc714e47be3a14b9ff0c38c6 - - default default] Successfully bumped revision number for resource 2aa037a7-e36a-4e58-8ccc-e34a18cb57b8 (type: security_groups) to 1
2026-06-26 11:37:03.196 9 INFO neutron.db.ovn_revision_numbers_db [None req-df57e941-91db-468e-bdae-9079448f19ca 8d8b93d0de2e4d33a9527d5ff193614f 0d9cfadafc714e47be3a14b9ff0c38c6 - - default default] Successfully bumped revision number for resource 0bd2c887-1f39-425d-b8dc-2c2bda022aaa (type: security_group_rules) to 0
2026-06-26 11:37:03.215 9 INFO neutron.db.ovn_revision_numbers_db [None req-df57e941-91db-468e-bdae-9079448f19ca 8d8b93d0de2e4d33a9527d5ff193614f 0d9cfadafc714e47be3a14b9ff0c38c6 - - default default] Successfully bumped revision number for resource 4ddc42af-6823-40b3-8bbe-8f13e9d60661 (type: security_group_rules) to 0
2026-06-26 11:37:03.254 9 INFO neutron.db.ovn_revision_numbers_db [None req-df57e941-91db-468e-bdae-9079448f19ca 8d8b93d0de2e4d33a9527d5ff193614f 0d9cfadafc714e47be3a14b9ff0c38c6 - - default default] Successfully bumped revision number for resource 738779c3-fe9e-4210-8d85-eca04a9c0cd4 (type: security_group_rules) to 0
2026-06-26 11:37:03.270 9 INFO neutron.db.ovn_revision_numbers_db [None req-df57e941-91db-468e-bdae-9079448f19ca 8d8b93d0de2e4d33a9527d5ff193614f 0d9cfadafc714e47be3a14b9ff0c38c6 - - default default] Successfully bumped revision number for resource d7406ac4-2015-4a93-847d-1fbf17695f00 (type: security_group_rules) to 0
2026-06-26 11:37:03.295 9 INFO neutron.wsgi [None req-df57e941-91db-468e-bdae-9079448f19ca 8d8b93d0de2e4d33a9527d5ff193614f 0d9cfadafc714e47be3a14b9ff0c38c6 - - default default] 10.0.0.155 "GET /v2.0/security-groups?tenant_id=4d0d0f865c2445128e816873a5b71044&name=default HTTP/1.1" status: 200 len: 2996 time: 0.2249830
2026-06-26 11:37:03.325 10 INFO neutron.db.l3_db [None req-4bffab94-f14d-4087-bb36-4181f390bb58 30c528c616f34dd7920b8eca97c35701 c2570fb805ba4c6eae55cc8be1de693a - - default default] Floating IP 3fa3b0a2-85dd-402d-a981-439082b125be associated. External IP: 10.96.250.206, port: ae41e10c-62fd-4f07-8f4b-2c6561d3f8fc.
2026-06-26 11:37:03.499 9 INFO neutron.wsgi [None req-fe3bed10-fc6b-4a2d-863a-fb3cdee15c73 8d8b93d0de2e4d33a9527d5ff193614f 0d9cfadafc714e47be3a14b9ff0c38c6 - - default default] 10.0.0.155 "DELETE /v2.0/security-groups/2aa037a7-e36a-4e58-8ccc-e34a18cb57b8 HTTP/1.1" status: 204 len: 168 time: 0.2025015
2026-06-26 11:37:03.512 10 INFO neutron.db.ovn_revision_numbers_db [None req-4bffab94-f14d-4087-bb36-4181f390bb58 30c528c616f34dd7920b8eca97c35701 c2570fb805ba4c6eae55cc8be1de693a - - default default] Successfully bumped revision number for resource 3fa3b0a2-85dd-402d-a981-439082b125be (type: floatingips) to 0
2026-06-26 11:37:03.636 10 INFO neutron.db.ovn_revision_numbers_db [None req-4bffab94-f14d-4087-bb36-4181f390bb58 30c528c616f34dd7920b8eca97c35701 c2570fb805ba4c6eae55cc8be1de693a - - default default] Successfully bumped revision number for resource 3fa3b0a2-85dd-402d-a981-439082b125be (type: floatingips) to 1 /var/lib/openstack/lib/python3.10/site-packages/pycadf/identifier.py:71: UserWarning: Invalid uuid: neutron. To ensure interoperability, identifiers should be a valid uuid. warnings.warn(('Invalid uuid: %s. To ensure interoperability, '
2026-06-26 11:37:03.683 10 INFO neutron.wsgi [None req-4bffab94-f14d-4087-bb36-4181f390bb58 30c528c616f34dd7920b8eca97c35701 c2570fb805ba4c6eae55cc8be1de693a - - default default] 10.0.0.155 "POST /v2.0/floatingips HTTP/1.1" status: 201 len: 1054 time: 1.0934572
2026-06-26 11:37:03.722 10 INFO neutron.notifiers.nova [-] Nova event matching ['req-c46acf41-40b2-45fb-8fad-3a9410f40537'] response: {'name': 'network-changed', 'server_uuid': '561edeb6-8829-4f5a-85a3-4d421f404a2e', 'tag': 'ae41e10c-62fd-4f07-8f4b-2c6561d3f8fc', 'status': 'completed', 'code': 200}
2026-06-26 11:37:03.795 9 INFO neutron.wsgi [None req-9c86e1f6-701a-44be-991b-c2fa1237ea91 30c528c616f34dd7920b8eca97c35701 c2570fb805ba4c6eae55cc8be1de693a - - default default] 10.0.0.155 "GET /v2.0/floatingips/3fa3b0a2-85dd-402d-a981-439082b125be HTTP/1.1" status: 200 len: 1051 time: 0.1050169
2026-06-26 11:37:03.801 9 INFO neutron.wsgi [req-d0d6e69a-31db-4cd0-aab1-1d8d6038105d req-6365e3aa-5268-42a3-854f-4287b6b62703 f98daae8be984a6386877d742a7003cf cb639a4a6dd442ebb08599392164bda4 - - 508b69b9609c45618a526eb50132b3d7 508b69b9609c45618a526eb50132b3d7] 199.19.213.147 "GET /v2.0/ports?tenant_id=c2570fb805ba4c6eae55cc8be1de693a&device_id=561edeb6-8829-4f5a-85a3-4d421f404a2e HTTP/1.1" status: 200 len: 1409 time: 0.0615423
2026-06-26 11:37:03.885 9 INFO neutron.db.ovn_revision_numbers_db [None req-1ff4b689-671c-4ea9-99d6-e38fc195e074 8d8b93d0de2e4d33a9527d5ff193614f 0d9cfadafc714e47be3a14b9ff0c38c6 - - default default] Successfully bumped revision number for resource e72b907f-d202-43d4-8c73-a5a959e3b7c3 (type: security_groups) to 1
2026-06-26 11:37:03.894 9 INFO neutron.wsgi [req-d0d6e69a-31db-4cd0-aab1-1d8d6038105d req-b02302e1-2453-4466-8625-a513d308956c f98daae8be984a6386877d742a7003cf cb639a4a6dd442ebb08599392164bda4 - - 508b69b9609c45618a526eb50132b3d7 508b69b9609c45618a526eb50132b3d7] 199.19.213.147 "GET /v2.0/networks?id=23ca427b-f07b-498c-b531-22939fe8ca1e HTTP/1.1" status: 200 len: 957 time: 0.0844455
2026-06-26 11:37:03.912 9 INFO neutron.db.ovn_revision_numbers_db [None req-1ff4b689-671c-4ea9-99d6-e38fc195e074 8d8b93d0de2e4d33a9527d5ff193614f 0d9cfadafc714e47be3a14b9ff0c38c6 - - default default] Successfully bumped revision number for resource 52f38368-b45d-4f0a-bbf4-a7f66a961686 (type: security_group_rules) to 0
2026-06-26 11:37:03.946 9 INFO neutron.db.ovn_revision_numbers_db [None req-1ff4b689-671c-4ea9-99d6-e38fc195e074 8d8b93d0de2e4d33a9527d5ff193614f 0d9cfadafc714e47be3a14b9ff0c38c6 - - default default] Successfully bumped revision number for resource 64f8cc75-2155-40fd-bc21-84124317c0b4 (type: security_group_rules) to 0
2026-06-26 11:37:03.951 9 INFO neutron.wsgi [req-d0d6e69a-31db-4cd0-aab1-1d8d6038105d req-b77b1497-47b0-42b8-9f4a-2fa65b476fe8 f98daae8be984a6386877d742a7003cf cb639a4a6dd442ebb08599392164bda4 - - 508b69b9609c45618a526eb50132b3d7 508b69b9609c45618a526eb50132b3d7] 199.19.213.147 "GET /v2.0/floatingips?fixed_ip_address=10.100.0.7&port_id=ae41e10c-62fd-4f07-8f4b-2c6561d3f8fc HTTP/1.1" status: 200 len: 1059 time: 0.0489080
2026-06-26 11:37:03.960 9 INFO neutron.db.ovn_revision_numbers_db [None req-1ff4b689-671c-4ea9-99d6-e38fc195e074 8d8b93d0de2e4d33a9527d5ff193614f 0d9cfadafc714e47be3a14b9ff0c38c6 - - default default] Successfully bumped revision number for resource 805031b1-eef7-412c-b188-7cced6a4f886 (type: security_group_rules) to 0
2026-06-26 11:37:03.984 9 INFO neutron.db.ovn_revision_numbers_db [None req-1ff4b689-671c-4ea9-99d6-e38fc195e074 8d8b93d0de2e4d33a9527d5ff193614f 0d9cfadafc714e47be3a14b9ff0c38c6 - - default default] Successfully bumped revision number for resource de208a93-cf39-4df7-b566-288418bacad3 (type: security_group_rules) to 0
2026-06-26 11:37:04.009 9 INFO neutron.wsgi [None req-1ff4b689-671c-4ea9-99d6-e38fc195e074 8d8b93d0de2e4d33a9527d5ff193614f 0d9cfadafc714e47be3a14b9ff0c38c6 - - default default] 10.0.0.155 "GET /v2.0/security-groups?tenant_id=07d423cc37cf4b43b8366c874f7d5186&name=default HTTP/1.1" status: 200 len: 2996 time: 0.3642807
2026-06-26 11:37:04.012 9 INFO neutron.wsgi [req-d0d6e69a-31db-4cd0-aab1-1d8d6038105d req-008c70ab-99a5-4c8c-84a2-b898cc8d3b7b f98daae8be984a6386877d742a7003cf cb639a4a6dd442ebb08599392164bda4 - - 508b69b9609c45618a526eb50132b3d7 508b69b9609c45618a526eb50132b3d7] 199.19.213.147 "GET /v2.0/subnets?id=2b4e3876-ff5a-4615-bce1-3c453c7ae068 HTTP/1.1" status: 200 len: 852 time: 0.0537291
2026-06-26 11:37:04.048 9 INFO neutron.wsgi [req-d0d6e69a-31db-4cd0-aab1-1d8d6038105d req-af3aff08-1d36-4b7e-ad54-d5d1b2894df2 f98daae8be984a6386877d742a7003cf cb639a4a6dd442ebb08599392164bda4 - - 508b69b9609c45618a526eb50132b3d7 508b69b9609c45618a526eb50132b3d7] 199.19.213.147 "GET /v2.0/ports?network_id=23ca427b-f07b-498c-b531-22939fe8ca1e&device_owner=network%3Adhcp HTTP/1.1" status: 200 len: 210 time: 0.0294685
2026-06-26 11:37:04.155 9 INFO neutron.wsgi [req-d0d6e69a-31db-4cd0-aab1-1d8d6038105d req-3ccebf95-d4b8-4ddb-b617-0db3982bbb76 f98daae8be984a6386877d742a7003cf cb639a4a6dd442ebb08599392164bda4 - - 508b69b9609c45618a526eb50132b3d7 508b69b9609c45618a526eb50132b3d7] 199.19.213.147 "GET /v2.0/networks/23ca427b-f07b-498c-b531-22939fe8ca1e?fields=segments HTTP/1.1" status: 200 len: 212 time: 0.0989411
2026-06-26 11:37:04.232 9 INFO neutron.wsgi [req-d0d6e69a-31db-4cd0-aab1-1d8d6038105d req-f3ac440a-26a4-4d1d-b0a1-d0d10deb2f8a f98daae8be984a6386877d742a7003cf cb639a4a6dd442ebb08599392164bda4 - - 508b69b9609c45618a526eb50132b3d7 508b69b9609c45618a526eb50132b3d7] 199.19.213.147 "GET /v2.0/networks/23ca427b-f07b-498c-b531-22939fe8ca1e?fields=provider%3Aphysical_network&fields=provider%3Anetwork_type HTTP/1.1" status: 200 len: 277 time: 0.0713847
2026-06-26 11:37:04.249 10 INFO neutron.wsgi [None req-b919cd5e-6932-47bf-89fa-cd2ed2928ce1 8d8b93d0de2e4d33a9527d5ff193614f 0d9cfadafc714e47be3a14b9ff0c38c6 - - default default] 10.0.0.155 "DELETE /v2.0/security-groups/e72b907f-d202-43d4-8c73-a5a959e3b7c3 HTTP/1.1" status: 204 len: 168 time: 0.2348995
2026-06-26 11:37:05.699 10 INFO neutron.wsgi [-] 10.0.0.218 "GET / HTTP/1.1" status: 200 len: 246 time: 0.0024245
2026-06-26 11:37:05.702 10 INFO neutron.wsgi [-] 10.0.0.218 "GET / HTTP/1.1" status: 200 len: 246 time: 0.0020158
2026-06-26 11:37:06.318 9 INFO neutron.db.ovn_revision_numbers_db [None req-1aed850d-9a19-450e-b174-46f008c4f983 8d8b93d0de2e4d33a9527d5ff193614f 0d9cfadafc714e47be3a14b9ff0c38c6 - - default default] Successfully bumped revision number for resource 4ceb3fd7-a371-4abc-a499-eb5f3c762e69 (type: security_groups) to 1
2026-06-26 11:37:06.335 9 INFO neutron.db.ovn_revision_numbers_db [None req-1aed850d-9a19-450e-b174-46f008c4f983 8d8b93d0de2e4d33a9527d5ff193614f 0d9cfadafc714e47be3a14b9ff0c38c6 - - default default] Successfully bumped revision number for resource 61938a1f-8f9f-4ee8-831a-62624059e3a4 (type: security_group_rules) to 0
2026-06-26 11:37:06.348 9 INFO neutron.db.ovn_revision_numbers_db [None req-1aed850d-9a19-450e-b174-46f008c4f983 8d8b93d0de2e4d33a9527d5ff193614f 0d9cfadafc714e47be3a14b9ff0c38c6 - - default default] Successfully bumped revision number for resource a759b3ac-17e1-477c-952b-422d3663664d (type: security_group_rules) to 0
2026-06-26 11:37:06.366 9 INFO neutron.db.ovn_revision_numbers_db [None req-1aed850d-9a19-450e-b174-46f008c4f983 8d8b93d0de2e4d33a9527d5ff193614f 0d9cfadafc714e47be3a14b9ff0c38c6 - - default default] Successfully bumped revision number for resource bbe633d0-0e91-4c4f-9621-a0cff86e637b (type: security_group_rules) to 0
2026-06-26 11:37:06.379 9 INFO neutron.db.ovn_revision_numbers_db [None req-1aed850d-9a19-450e-b174-46f008c4f983 8d8b93d0de2e4d33a9527d5ff193614f 0d9cfadafc714e47be3a14b9ff0c38c6 - - default default] Successfully bumped revision number for resource c36ba328-2081-4323-abbc-7de974456e82 (type: security_group_rules) to 0
2026-06-26 11:37:06.401 9 INFO neutron.wsgi [None req-1aed850d-9a19-450e-b174-46f008c4f983 8d8b93d0de2e4d33a9527d5ff193614f 0d9cfadafc714e47be3a14b9ff0c38c6 - - default default] 10.0.0.155 "GET /v2.0/security-groups?tenant_id=212e444fa8984b83ad6d152e99c8ef5a&name=default HTTP/1.1" status: 200 len: 2996 time: 0.3733699
2026-06-26 11:37:06.600 9 INFO neutron.wsgi [None req-bc047be0-cae6-45e7-9a72-ea136a3f7f8d 8d8b93d0de2e4d33a9527d5ff193614f 0d9cfadafc714e47be3a14b9ff0c38c6 - - default default] 10.0.0.155 "DELETE /v2.0/security-groups/4ceb3fd7-a371-4abc-a499-eb5f3c762e69 HTTP/1.1" status: 204 len: 168 time: 0.1936569
2026-06-26 11:37:06.816 9 INFO neutron.db.ovn_revision_numbers_db [None req-2b19e351-d5db-4ead-baee-0449bd648c00 8d8b93d0de2e4d33a9527d5ff193614f 0d9cfadafc714e47be3a14b9ff0c38c6 - - default default] Successfully bumped revision number for resource e0ae8c77-f31c-41bf-bceb-f8701fa8afaa (type: security_groups) to 1
2026-06-26 11:37:06.832 9 INFO neutron.db.ovn_revision_numbers_db [None req-2b19e351-d5db-4ead-baee-0449bd648c00 8d8b93d0de2e4d33a9527d5ff193614f 0d9cfadafc714e47be3a14b9ff0c38c6 - - default default] Successfully bumped revision number for resource 11b0c457-8bb6-4012-b9a4-8388e87d5730 (type: security_group_rules) to 0
2026-06-26 11:37:06.845 9 INFO neutron.db.ovn_revision_numbers_db [None req-2b19e351-d5db-4ead-baee-0449bd648c00 8d8b93d0de2e4d33a9527d5ff193614f 0d9cfadafc714e47be3a14b9ff0c38c6 - - default default] Successfully bumped revision number for resource 42df396e-8544-413d-9c4b-b37b392e6364 (type: security_group_rules) to 0
2026-06-26 11:37:06.859 9 INFO neutron.db.ovn_revision_numbers_db [None req-2b19e351-d5db-4ead-baee-0449bd648c00 8d8b93d0de2e4d33a9527d5ff193614f 0d9cfadafc714e47be3a14b9ff0c38c6 - - default default] Successfully bumped revision number for resource 550b84a0-6ee4-4cfc-a5f3-1a797e701e6c (type: security_group_rules) to 0
2026-06-26 11:37:06.871 9 INFO neutron.db.ovn_revision_numbers_db [None req-2b19e351-d5db-4ead-baee-0449bd648c00 8d8b93d0de2e4d33a9527d5ff193614f 0d9cfadafc714e47be3a14b9ff0c38c6 - - default default] Successfully bumped revision number for resource 80788de6-80a3-4df4-88e9-c3fbd63f9d60 (type: security_group_rules) to 0
2026-06-26 11:37:06.904 9 INFO neutron.wsgi [None req-2b19e351-d5db-4ead-baee-0449bd648c00 8d8b93d0de2e4d33a9527d5ff193614f 0d9cfadafc714e47be3a14b9ff0c38c6 - - default default] 10.0.0.155 "GET /v2.0/security-groups?tenant_id=153e17a0b65742789cf49e0398d7c7ec&name=default HTTP/1.1" status: 200 len: 2996 time: 0.1942620
2026-06-26 11:37:07.079 9 INFO neutron.wsgi [None req-58556749-6dd4-4c66-8b76-c31d55a7e90e 8d8b93d0de2e4d33a9527d5ff193614f 0d9cfadafc714e47be3a14b9ff0c38c6 - - default default] 10.0.0.155 "DELETE /v2.0/security-groups/e0ae8c77-f31c-41bf-bceb-f8701fa8afaa HTTP/1.1" status: 204 len: 168 time: 0.1703727
2026-06-26 11:37:08.803 10 INFO neutron.db.ovn_revision_numbers_db [None req-98fda717-3f98-458e-b967-368120caf9ed 2aaf114d95ce42b1b66840939f7ce819 1c499a28a26b43e198b9108dfed36588 - - default default] Successfully bumped revision number for resource b1f6bfd5-0bfb-4c02-9e0c-301da59b515c (type: security_groups) to 1
2026-06-26 11:37:08.822 10 INFO neutron.db.ovn_revision_numbers_db [None req-98fda717-3f98-458e-b967-368120caf9ed 2aaf114d95ce42b1b66840939f7ce819 1c499a28a26b43e198b9108dfed36588 - - default default] Successfully bumped revision number for resource 0685bd84-3942-4a6f-8320-5e05626f449c (type: security_group_rules) to 0
2026-06-26 11:37:08.838 10 INFO neutron.db.ovn_revision_numbers_db [None req-98fda717-3f98-458e-b967-368120caf9ed 2aaf114d95ce42b1b66840939f7ce819 1c499a28a26b43e198b9108dfed36588 - - default default] Successfully bumped revision number for resource 3c4cf772-8cec-4b69-a87d-263a94626e85 (type: security_group_rules) to 0
2026-06-26 11:37:08.853 10 INFO neutron.db.ovn_revision_numbers_db [None req-98fda717-3f98-458e-b967-368120caf9ed 2aaf114d95ce42b1b66840939f7ce819 1c499a28a26b43e198b9108dfed36588 - - default default] Successfully bumped revision number for resource 72a031e3-5328-4a96-b1be-edb9e5a28475 (type: security_group_rules) to 0
2026-06-26 11:37:08.866 10 INFO neutron.db.ovn_revision_numbers_db [None req-98fda717-3f98-458e-b967-368120caf9ed 2aaf114d95ce42b1b66840939f7ce819 1c499a28a26b43e198b9108dfed36588 - - default default] Successfully bumped revision number for resource ac4ad086-92bf-4d3e-a26a-2728acfd7746 (type: security_group_rules) to 0
2026-06-26 11:37:08.919 10 INFO neutron.db.segments_db [None req-98fda717-3f98-458e-b967-368120caf9ed 2aaf114d95ce42b1b66840939f7ce819 1c499a28a26b43e198b9108dfed36588 - - default default] Added segment d890864d-f779-49b3-bf3c-5e331b831a66 of type geneve for network 89be48b3-f908-4882-8520-c96f99d80adf
2026-06-26 11:37:08.930 10 INFO neutron.db.ovn_revision_numbers_db [None req-7ddd2c3a-ecd0-4334-80a6-9623ec2f46be 8d8b93d0de2e4d33a9527d5ff193614f 0d9cfadafc714e47be3a14b9ff0c38c6 - - default default] Successfully bumped revision number for resource 6475cd47-9484-4951-a632-16c0c605d954 (type: security_groups) to 1
2026-06-26 11:37:08.953 10 INFO neutron.db.ovn_revision_numbers_db [None req-7ddd2c3a-ecd0-4334-80a6-9623ec2f46be 8d8b93d0de2e4d33a9527d5ff193614f 0d9cfadafc714e47be3a14b9ff0c38c6 - - default default] Successfully bumped revision number for resource 854da329-9b2e-4fae-9d57-c799ebf98848 (type: security_group_rules) to 0
2026-06-26 11:37:08.978 10 INFO neutron.db.ovn_revision_numbers_db [None req-7ddd2c3a-ecd0-4334-80a6-9623ec2f46be 8d8b93d0de2e4d33a9527d5ff193614f 0d9cfadafc714e47be3a14b9ff0c38c6 - - default default] Successfully bumped revision number for resource 9a8a17a3-8898-40d9-bb9c-73e5c5aec2fc (type: security_group_rules) to 0
2026-06-26 11:37:08.994 10 INFO neutron.db.ovn_revision_numbers_db [None req-7ddd2c3a-ecd0-4334-80a6-9623ec2f46be 8d8b93d0de2e4d33a9527d5ff193614f 0d9cfadafc714e47be3a14b9ff0c38c6 - - default default] Successfully bumped revision number for resource a18a70af-67de-409c-9346-e38a10b8a3ac (type: security_group_rules) to 0
2026-06-26 11:37:09.027 10 INFO neutron.db.ovn_revision_numbers_db [None req-7ddd2c3a-ecd0-4334-80a6-9623ec2f46be 8d8b93d0de2e4d33a9527d5ff193614f 0d9cfadafc714e47be3a14b9ff0c38c6 - - default default] Successfully bumped revision number for resource abd0b8f4-0880-4cc7-a0de-2f4c920bb456 (type: security_group_rules) to 0
2026-06-26 11:37:09.060 10 INFO neutron.wsgi [None req-7ddd2c3a-ecd0-4334-80a6-9623ec2f46be 8d8b93d0de2e4d33a9527d5ff193614f 0d9cfadafc714e47be3a14b9ff0c38c6 - - default default] 10.0.0.155 "GET /v2.0/security-groups?tenant_id=725af8058b1c42418648b5dd72fc5149&name=default HTTP/1.1" status: 200 len: 2996 time: 0.3943603
2026-06-26 11:37:09.070 10 INFO neutron.db.ovn_revision_numbers_db [None req-98fda717-3f98-458e-b967-368120caf9ed 2aaf114d95ce42b1b66840939f7ce819 1c499a28a26b43e198b9108dfed36588 - - default default] Successfully bumped revision number for resource 89be48b3-f908-4882-8520-c96f99d80adf (type: networks) to 1
2026-06-26 11:37:09.261 10 WARNING neutron.scheduler.dhcp_agent_scheduler [None req-98fda717-3f98-458e-b967-368120caf9ed 2aaf114d95ce42b1b66840939f7ce819 1c499a28a26b43e198b9108dfed36588 - - default default] No more DHCP agents
2026-06-26 11:37:09.262 10 WARNING neutron.api.rpc.agentnotifiers.dhcp_rpc_agent_api [None req-98fda717-3f98-458e-b967-368120caf9ed 2aaf114d95ce42b1b66840939f7ce819 1c499a28a26b43e198b9108dfed36588 - - default default] Unable to schedule network 89be48b3-f908-4882-8520-c96f99d80adf: no agents available; will retry on subsequent port and subnet creation events.
