2026-06-26 11:35:05.464 9 INFO neutron.wsgi [req-932aaa05-f776-47f0-ae22-25db76339793 req-8db9ce5e-278a-4070-9134-1fa5abfb4988 0551cedfa7254bb7850bd261c90b2839 e149e34981a949ee89dde3d6ae1bc528 - - default default] 10.0.0.21 "DELETE /v2.0/security-groups/c441c945-9a87-48c0-879e-1e5b5afee00e HTTP/1.1" status: 204 len: 173 time: 0.1016181
2026-06-26 11:35:05.498 9 INFO neutron.api.v2.resource [req-0add661d-897e-4ec7-8e21-fdc15fdbbce4 req-86175a36-c9f7-4151-a234-46e6e797293a 0551cedfa7254bb7850bd261c90b2839 e149e34981a949ee89dde3d6ae1bc528 - - default default] show failed (client error): The resource could not be found.
2026-06-26 11:35:05.499 9 INFO neutron.wsgi [req-0add661d-897e-4ec7-8e21-fdc15fdbbce4 req-86175a36-c9f7-4151-a234-46e6e797293a 0551cedfa7254bb7850bd261c90b2839 e149e34981a949ee89dde3d6ae1bc528 - - default default] 10.0.0.21 "GET /v2.0/security-groups/c441c945-9a87-48c0-879e-1e5b5afee00e HTTP/1.1" status: 404 len: 352 time: 0.0128882
2026-06-26 11:35:05.550 9 INFO neutron.wsgi [req-b63ccd29-21e5-407b-ae0b-0e69d1d9cfea req-3c47954b-3574-4706-b39e-12b9757f947b 0551cedfa7254bb7850bd261c90b2839 e149e34981a949ee89dde3d6ae1bc528 - - default default] 10.0.0.21 "GET /v2.0/security-groups/f72f264b-a506-45f8-922d-963390d3e954 HTTP/1.1" status: 200 len: 1816 time: 0.0339694
2026-06-26 11:35:05.664 9 INFO neutron.wsgi [req-b63ccd29-21e5-407b-ae0b-0e69d1d9cfea req-bdc47040-cd58-4bb7-85a8-00abbc4f94b0 0551cedfa7254bb7850bd261c90b2839 e149e34981a949ee89dde3d6ae1bc528 - - default default] 10.0.0.21 "DELETE /v2.0/security-groups/f72f264b-a506-45f8-922d-963390d3e954 HTTP/1.1" status: 204 len: 173 time: 0.1066337
2026-06-26 11:35:05.697 9 INFO neutron.api.v2.resource [req-95c1d290-5d2a-4681-93c5-a96df8567aaa req-15a40bf5-0e18-467c-87b4-1b8dba3f5f2d 0551cedfa7254bb7850bd261c90b2839 e149e34981a949ee89dde3d6ae1bc528 - - default default] show failed (client error): The resource could not be found.
2026-06-26 11:35:05.698 9 INFO neutron.wsgi [req-95c1d290-5d2a-4681-93c5-a96df8567aaa req-15a40bf5-0e18-467c-87b4-1b8dba3f5f2d 0551cedfa7254bb7850bd261c90b2839 e149e34981a949ee89dde3d6ae1bc528 - - default default] 10.0.0.21 "GET /v2.0/security-groups/f72f264b-a506-45f8-922d-963390d3e954 HTTP/1.1" status: 404 len: 352 time: 0.0137782
2026-06-26 11:35:05.704 10 INFO neutron.wsgi [-] 10.0.0.218 "GET / HTTP/1.1" status: 200 len: 246 time: 0.0037143
2026-06-26 11:35:05.707 10 INFO neutron.wsgi [-] 10.0.0.218 "GET / HTTP/1.1" status: 200 len: 246 time: 0.0021760
2026-06-26 11:35:05.764 9 INFO neutron.wsgi [req-1e4513d1-d9bf-4f4b-a313-956ffd31e3f8 req-dd8c11a6-1d53-4126-ad15-42b0972ddcce 0551cedfa7254bb7850bd261c90b2839 e149e34981a949ee89dde3d6ae1bc528 - - default default] 10.0.0.21 "GET /v2.0/security-groups?tenant_id=e149e34981a949ee89dde3d6ae1bc528 HTTP/1.1" status: 200 len: 3001 time: 0.0460007
2026-06-26 11:35:05.799 9 INFO neutron.wsgi [req-1e4513d1-d9bf-4f4b-a313-956ffd31e3f8 req-b56fb989-cd83-4e00-827f-94b238245bcc 0551cedfa7254bb7850bd261c90b2839 e149e34981a949ee89dde3d6ae1bc528 - - default default] 10.0.0.21 "GET /v2.0/security-groups/f95be9c6-0869-4495-aeb9-24917e50bd20 HTTP/1.1" status: 200 len: 2998 time: 0.0300922
2026-06-26 11:35:05.833 9 INFO neutron.wsgi [req-1e4513d1-d9bf-4f4b-a313-956ffd31e3f8 req-7053fa65-e4ea-447f-b55d-a743a4ec47a9 0551cedfa7254bb7850bd261c90b2839 e149e34981a949ee89dde3d6ae1bc528 - - default default] 10.0.0.21 "GET /v2.0/security-groups/f95be9c6-0869-4495-aeb9-24917e50bd20 HTTP/1.1" status: 200 len: 2998 time: 0.0284917
2026-06-26 11:35:05.875 9 INFO neutron.api.v2.resource [req-90e91dba-1054-407e-aade-2d52b3c089a9 req-b80f66c7-0637-419f-a66f-6d37c8755541 0551cedfa7254bb7850bd261c90b2839 e149e34981a949ee89dde3d6ae1bc528 - - default default] show failed (client error): The resource could not be found.
2026-06-26 11:35:05.876 9 INFO neutron.wsgi [req-90e91dba-1054-407e-aade-2d52b3c089a9 req-b80f66c7-0637-419f-a66f-6d37c8755541 0551cedfa7254bb7850bd261c90b2839 e149e34981a949ee89dde3d6ae1bc528 - - default default] 10.0.0.21 "GET /v2.0/security-groups/f72f264b-a506-45f8-922d-963390d3e954 HTTP/1.1" status: 404 len: 352 time: 0.0133874
2026-06-26 11:35:05.907 9 INFO neutron.api.v2.resource [req-52062b25-5cfc-4706-9ff9-14b2bac400f7 req-fd39f886-e773-4ad7-9551-8f94d0238d09 0551cedfa7254bb7850bd261c90b2839 e149e34981a949ee89dde3d6ae1bc528 - - default default] show failed (client error): The resource could not be found.
2026-06-26 11:35:05.908 9 INFO neutron.wsgi [req-52062b25-5cfc-4706-9ff9-14b2bac400f7 req-fd39f886-e773-4ad7-9551-8f94d0238d09 0551cedfa7254bb7850bd261c90b2839 e149e34981a949ee89dde3d6ae1bc528 - - default default] 10.0.0.21 "GET /v2.0/security-groups/c441c945-9a87-48c0-879e-1e5b5afee00e HTTP/1.1" status: 404 len: 352 time: 0.0111883
2026-06-26 11:35:05.935 9 INFO neutron.api.v2.resource [req-aa520f2b-c126-4c91-b6eb-a8fa2fe9aac8 req-c9ae97a8-a5bd-499d-b4a0-1867afdb009e 0551cedfa7254bb7850bd261c90b2839 e149e34981a949ee89dde3d6ae1bc528 - - default default] show failed (client error): The resource could not be found.
2026-06-26 11:35:05.936 9 INFO neutron.wsgi [req-aa520f2b-c126-4c91-b6eb-a8fa2fe9aac8 req-c9ae97a8-a5bd-499d-b4a0-1867afdb009e 0551cedfa7254bb7850bd261c90b2839 e149e34981a949ee89dde3d6ae1bc528 - - default default] 10.0.0.21 "GET /v2.0/security-groups/469aab9b-a5c8-4a1f-9219-310aee1c993e HTTP/1.1" status: 404 len: 352 time: 0.0109200
2026-06-26 11:35:07.355 9 INFO neutron.db.ovn_revision_numbers_db [None req-7797096f-48c3-4bfd-9273-6a98c84c875c 8d8b93d0de2e4d33a9527d5ff193614f 0d9cfadafc714e47be3a14b9ff0c38c6 - - default default] Successfully bumped revision number for resource ec04f545-903e-4ac8-b080-771b56373492 (type: security_groups) to 1
2026-06-26 11:35:07.369 9 INFO neutron.wsgi [None req-1ba31259-3a11-41e7-99e4-a8e99a252ae2 8d8b93d0de2e4d33a9527d5ff193614f 0d9cfadafc714e47be3a14b9ff0c38c6 - - default default] 10.0.0.155 "PUT /v2.0/routers/3696ea4b-de7e-4bda-b3ad-ded406195984/remove_router_interface HTTP/1.1" status: 200 len: 503 time: 1.4157572
2026-06-26 11:35:07.377 9 INFO neutron.db.ovn_revision_numbers_db [None req-7797096f-48c3-4bfd-9273-6a98c84c875c 8d8b93d0de2e4d33a9527d5ff193614f 0d9cfadafc714e47be3a14b9ff0c38c6 - - default default] Successfully bumped revision number for resource 21c5a767-7847-46bc-80ec-411b5ec6bbce (type: security_group_rules) to 0 /var/lib/openstack/lib/python3.10/site-packages/pycadf/identifier.py:71: UserWarning: Invalid uuid: neutron. To ensure interoperability, identifiers should be a valid uuid. warnings.warn(('Invalid uuid: %s. To ensure interoperability, '
2026-06-26 11:35:07.412 9 INFO neutron.db.ovn_revision_numbers_db [None req-7797096f-48c3-4bfd-9273-6a98c84c875c 8d8b93d0de2e4d33a9527d5ff193614f 0d9cfadafc714e47be3a14b9ff0c38c6 - - default default] Successfully bumped revision number for resource 41159fc6-a6fd-4a4a-a55a-ab20e22c703a (type: security_group_rules) to 0
2026-06-26 11:35:07.442 9 INFO neutron.db.ovn_revision_numbers_db [None req-7797096f-48c3-4bfd-9273-6a98c84c875c 8d8b93d0de2e4d33a9527d5ff193614f 0d9cfadafc714e47be3a14b9ff0c38c6 - - default default] Successfully bumped revision number for resource a0a976b7-8715-48d4-bbc4-6c0c0921ab03 (type: security_group_rules) to 0
2026-06-26 11:35:07.466 9 INFO neutron.db.ovn_revision_numbers_db [None req-7797096f-48c3-4bfd-9273-6a98c84c875c 8d8b93d0de2e4d33a9527d5ff193614f 0d9cfadafc714e47be3a14b9ff0c38c6 - - default default] Successfully bumped revision number for resource a4971870-b827-4566-9b24-fd6ab1010064 (type: security_group_rules) to 0
2026-06-26 11:35:07.550 9 INFO neutron.db.segments_db [None req-7797096f-48c3-4bfd-9273-6a98c84c875c 8d8b93d0de2e4d33a9527d5ff193614f 0d9cfadafc714e47be3a14b9ff0c38c6 - - default default] Added segment 0557aba3-8cbc-44fd-910a-35d140425617 of type geneve for network c3be110f-4f4c-4c29-a05a-6dd31f28ade1
2026-06-26 11:35:07.709 9 INFO neutron.db.ovn_revision_numbers_db [None req-7797096f-48c3-4bfd-9273-6a98c84c875c 8d8b93d0de2e4d33a9527d5ff193614f 0d9cfadafc714e47be3a14b9ff0c38c6 - - default default] Successfully bumped revision number for resource c3be110f-4f4c-4c29-a05a-6dd31f28ade1 (type: networks) to 1
2026-06-26 11:35:07.933 9 INFO neutron.wsgi [req-25dbc641-b6f8-4df3-9a50-5eb2726d37de req-3c938eba-2d56-45c7-ad09-d6628880a32c f98daae8be984a6386877d742a7003cf cb639a4a6dd442ebb08599392164bda4 - - 508b69b9609c45618a526eb50132b3d7 508b69b9609c45618a526eb50132b3d7] 10.0.0.81 "GET /v2.0/ports?device_id=2dbb9f63-6a74-4040-b1f0-2058e1a88dfb HTTP/1.1" status: 200 len: 1413 time: 0.2271593
2026-06-26 11:35:08.009 9 INFO neutron.wsgi [req-25dbc641-b6f8-4df3-9a50-5eb2726d37de req-f9f6757f-d7dd-494b-9311-4310961c5da4 f98daae8be984a6386877d742a7003cf cb639a4a6dd442ebb08599392164bda4 - - 508b69b9609c45618a526eb50132b3d7 508b69b9609c45618a526eb50132b3d7] 10.0.0.81 "GET /v2.0/security-groups?id=7656a8d2-147b-43a0-bcf7-8f93cce5bcfb&fields=id&fields=name HTTP/1.1" status: 200 len: 312 time: 0.0633552
2026-06-26 11:35:08.024 9 WARNING neutron.scheduler.dhcp_agent_scheduler [None req-7797096f-48c3-4bfd-9273-6a98c84c875c 8d8b93d0de2e4d33a9527d5ff193614f 0d9cfadafc714e47be3a14b9ff0c38c6 - - default default] No more DHCP agents
2026-06-26 11:35:08.027 9 WARNING neutron.api.rpc.agentnotifiers.dhcp_rpc_agent_api [None req-7797096f-48c3-4bfd-9273-6a98c84c875c 8d8b93d0de2e4d33a9527d5ff193614f 0d9cfadafc714e47be3a14b9ff0c38c6 - - default default] Unable to schedule network c3be110f-4f4c-4c29-a05a-6dd31f28ade1: no agents available; will retry on subsequent port and subnet creation events.
2026-06-26 11:35:08.171 9 INFO neutron.db.ovn_revision_numbers_db [None req-7797096f-48c3-4bfd-9273-6a98c84c875c 8d8b93d0de2e4d33a9527d5ff193614f 0d9cfadafc714e47be3a14b9ff0c38c6 - - default default] Successfully bumped revision number for resource be83748c-8c13-46c2-b0bb-ece299d4395d (type: ports) to 1
2026-06-26 11:35:08.235 9 INFO neutron.wsgi [None req-7797096f-48c3-4bfd-9273-6a98c84c875c 8d8b93d0de2e4d33a9527d5ff193614f 0d9cfadafc714e47be3a14b9ff0c38c6 - - default default] 10.0.0.155 "POST /v2.0/networks HTTP/1.1" status: 201 len: 946 time: 1.3617609
2026-06-26 11:35:08.269 9 INFO neutron.wsgi [None req-9c83cd49-a6f0-4706-aae2-a77b9c4a5229 8d8b93d0de2e4d33a9527d5ff193614f 0d9cfadafc714e47be3a14b9ff0c38c6 - - default default] 10.0.0.155 "DELETE /v2.0/routers/3696ea4b-de7e-4bda-b3ad-ded406195984 HTTP/1.1" status: 204 len: 168 time: 0.8891528
2026-06-26 11:35:08.355 10 WARNING neutron.plugins.ml2.drivers.ovn.mech_driver.ovsdb.ovn_client [None req-68fcd872-8e44-4bab-a851-ba7882843030 - - - - - -] No port found with ID 4b3afe04-ab9a-4690-a852-20452fb5d9ca: RuntimeError: No port found with ID 4b3afe04-ab9a-4690-a852-20452fb5d9ca
2026-06-26 11:35:08.416 10 WARNING neutron.scheduler.dhcp_agent_scheduler [None req-6ea57870-1d7d-4db1-8959-54fb9ce0dc37 8d8b93d0de2e4d33a9527d5ff193614f 0d9cfadafc714e47be3a14b9ff0c38c6 - - default default] No more DHCP agents
2026-06-26 11:35:08.418 10 WARNING neutron.api.rpc.agentnotifiers.dhcp_rpc_agent_api [None req-6ea57870-1d7d-4db1-8959-54fb9ce0dc37 8d8b93d0de2e4d33a9527d5ff193614f 0d9cfadafc714e47be3a14b9ff0c38c6 - - default default] Unable to schedule network c3be110f-4f4c-4c29-a05a-6dd31f28ade1: no agents available; will retry on subsequent port and subnet creation events.
2026-06-26 11:35:08.464 9 INFO neutron.wsgi [None req-27292437-f8ed-4ea0-b62d-3d00e9fdc8f7 8d8b93d0de2e4d33a9527d5ff193614f 0d9cfadafc714e47be3a14b9ff0c38c6 - - default default] 10.0.0.155 "DELETE /v2.0/subnets/4a7d0f9c-12fa-4f93-b8a6-42693ada58ab HTTP/1.1" status: 204 len: 168 time: 0.1913829
2026-06-26 11:35:08.866 9 INFO neutron.services.segments.plugin [-] Segment 2dc72d72-2008-4eb1-a959-60dde2e1a170 resource provider aggregate not found
2026-06-26 11:35:08.871 9 INFO neutron.services.segments.plugin [-] Segment 2dc72d72-2008-4eb1-a959-60dde2e1a170 resource provider aggregate not found
2026-06-26 11:35:08.881 9 INFO neutron.services.segments.plugin [-] Segment 2dc72d72-2008-4eb1-a959-60dde2e1a170 resource provider not found; error: Placement Client Error (4xx): {"errors": [{"status": 404, "title": "Not Found", "detail": "The resource could not be found.\n\n No resource provider with uuid 2dc72d72-2008-4eb1-a959-60dde2e1a170 found for delete ", "request_id": "req-e35b400c-67a6-42e8-abe7-788082a61cb1"}]}
2026-06-26 11:35:08.883 9 INFO neutron.services.segments.plugin [-] Segment 2dc72d72-2008-4eb1-a959-60dde2e1a170 resource provider not found; error: Placement Client Error (4xx): {"errors": [{"status": 404, "title": "Not Found", "detail": "The resource could not be found.\n\n No resource provider with uuid 2dc72d72-2008-4eb1-a959-60dde2e1a170 found for delete ", "request_id": "req-ff5c7696-9208-4b50-b341-d60ea61aee56"}]}
2026-06-26 11:35:08.910 9 INFO neutron.wsgi [None req-27e659cc-30f5-4bc8-9a2f-e88edcc15b0b 8d8b93d0de2e4d33a9527d5ff193614f 0d9cfadafc714e47be3a14b9ff0c38c6 - - default default] 10.0.0.155 "DELETE /v2.0/networks/e0605a68-d94f-4a74-afa5-66d772ecca50 HTTP/1.1" status: 204 len: 168 time: 0.4394019
2026-06-26 11:35:09.040 10 INFO neutron.wsgi [req-544e9349-bc81-4fb1-93d8-b4033a17263c req-311485ed-c4d9-4a8c-986b-f4a10ec3d8e2 f98daae8be984a6386877d742a7003cf cb639a4a6dd442ebb08599392164bda4 - - 508b69b9609c45618a526eb50132b3d7 508b69b9609c45618a526eb50132b3d7] 10.0.0.81 "GET /v2.0/ports?device_id=b4d9915c-8a2c-42ee-896a-6a48efa7749d HTTP/1.1" status: 200 len: 1413 time: 0.1794446
2026-06-26 11:35:09.062 9 INFO neutron.wsgi [None req-a3481ec2-9d2a-4cb0-a93f-32f382f0313a 8d8b93d0de2e4d33a9527d5ff193614f 0d9cfadafc714e47be3a14b9ff0c38c6 - - default default] 10.0.0.155 "GET /v2.0/security-groups?tenant_id=e149e34981a949ee89dde3d6ae1bc528&name=default HTTP/1.1" status: 200 len: 2996 time: 0.0366220
2026-06-26 11:35:09.123 10 INFO neutron.wsgi [req-544e9349-bc81-4fb1-93d8-b4033a17263c req-2e3f5edb-351f-4b47-b884-dfafc782fb88 f98daae8be984a6386877d742a7003cf cb639a4a6dd442ebb08599392164bda4 - - 508b69b9609c45618a526eb50132b3d7 508b69b9609c45618a526eb50132b3d7] 10.0.0.81 "GET /v2.0/security-groups?id=9135362f-e759-41f8-8231-da266aefca50&fields=id&fields=name HTTP/1.1" status: 200 len: 312 time: 0.0728052
2026-06-26 11:35:09.300 9 INFO neutron.wsgi [None req-9e09676d-df15-441b-a066-e3a697f86789 8d8b93d0de2e4d33a9527d5ff193614f 0d9cfadafc714e47be3a14b9ff0c38c6 - - default default] 10.0.0.155 "DELETE /v2.0/security-groups/f95be9c6-0869-4495-aeb9-24917e50bd20 HTTP/1.1" status: 204 len: 168 time: 0.2325413
2026-06-26 11:35:09.358 10 INFO neutron.db.ovn_revision_numbers_db [None req-6ea57870-1d7d-4db1-8959-54fb9ce0dc37 8d8b93d0de2e4d33a9527d5ff193614f 0d9cfadafc714e47be3a14b9ff0c38c6 - - default default] Successfully bumped revision number for resource be83748c-8c13-46c2-b0bb-ece299d4395d (type: ports) to 2
2026-06-26 11:35:09.392 10 INFO neutron.db.ovn_revision_numbers_db [None req-6ea57870-1d7d-4db1-8959-54fb9ce0dc37 8d8b93d0de2e4d33a9527d5ff193614f 0d9cfadafc714e47be3a14b9ff0c38c6 - - default default] Successfully bumped revision number for resource 0e17b9d8-b618-49d3-afa6-d1dca217f942 (type: subnets) to 0
2026-06-26 11:35:09.412 10 INFO neutron.wsgi [None req-6ea57870-1d7d-4db1-8959-54fb9ce0dc37 8d8b93d0de2e4d33a9527d5ff193614f 0d9cfadafc714e47be3a14b9ff0c38c6 - - default default] 10.0.0.155 "POST /v2.0/subnets HTTP/1.1" status: 201 len: 866 time: 1.1710472
2026-06-26 11:35:09.959 10 WARNING neutron.scheduler.dhcp_agent_scheduler [None req-61f83993-bbd6-4b8e-ba08-dea60e91fade 8d8b93d0de2e4d33a9527d5ff193614f 0d9cfadafc714e47be3a14b9ff0c38c6 - - default default] No more DHCP agents
2026-06-26 11:35:09.962 10 WARNING neutron.api.rpc.agentnotifiers.dhcp_rpc_agent_api [None req-61f83993-bbd6-4b8e-ba08-dea60e91fade 8d8b93d0de2e4d33a9527d5ff193614f 0d9cfadafc714e47be3a14b9ff0c38c6 - - default default] Unable to schedule network 40172fb8-2309-4fcd-8b81-a10ae0187096: no agents available; will retry on subsequent port and subnet creation events.
2026-06-26 11:35:10.145 10 INFO neutron.db.ovn_revision_numbers_db [None req-61f83993-bbd6-4b8e-ba08-dea60e91fade 8d8b93d0de2e4d33a9527d5ff193614f 0d9cfadafc714e47be3a14b9ff0c38c6 - - default default] Successfully bumped revision number for resource 490d6f2c-a9af-478e-a049-ddfe6945d8e1 (type: ports) to 1
2026-06-26 11:35:10.754 10 INFO neutron.plugins.ml2.drivers.ovn.mech_driver.mech_driver [None req-68fcd872-8e44-4bab-a851-ba7882843030 - - - - - -] OVN reports status up for port: 490d6f2c-a9af-478e-a049-ddfe6945d8e1
2026-06-26 11:35:10.763 9 INFO neutron.plugins.ml2.drivers.ovn.mech_driver.ovsdb.ovsdb_monitor [None req-b55c0045-deb6-457d-9c10-47d5fdd6a059 - - - - - -] Router 3def78fa-b017-4a25-a5ea-aa3d79b17b11 is bound to host instance
2026-06-26 11:35:10.777 10 INFO neutron.plugins.ml2.plugin [None req-68fcd872-8e44-4bab-a851-ba7882843030 - - - - - -] Attempt 1 to provision port 490d6f2c-a9af-478e-a049-ddfe6945d8e1
2026-06-26 11:35:10.806 10 INFO neutron.db.ovn_revision_numbers_db [None req-61f83993-bbd6-4b8e-ba08-dea60e91fade 8d8b93d0de2e4d33a9527d5ff193614f 0d9cfadafc714e47be3a14b9ff0c38c6 - - default default] Successfully bumped revision number for resource 490d6f2c-a9af-478e-a049-ddfe6945d8e1 (type: router_ports) to 1
2026-06-26 11:35:10.884 10 INFO neutron.db.ovn_revision_numbers_db [None req-61f83993-bbd6-4b8e-ba08-dea60e91fade 8d8b93d0de2e4d33a9527d5ff193614f 0d9cfadafc714e47be3a14b9ff0c38c6 - - default default] Successfully bumped revision number for resource 3def78fa-b017-4a25-a5ea-aa3d79b17b11 (type: routers) to 2
2026-06-26 11:35:10.900 10 INFO neutron.wsgi [None req-61f83993-bbd6-4b8e-ba08-dea60e91fade 8d8b93d0de2e4d33a9527d5ff193614f 0d9cfadafc714e47be3a14b9ff0c38c6 - - default default] 10.0.0.155 "POST /v2.0/routers HTTP/1.1" status: 201 len: 877 time: 1.4805167
2026-06-26 11:35:11.318 9 INFO neutron.db.ovn_revision_numbers_db [None req-b55c0045-deb6-457d-9c10-47d5fdd6a059 - - - - - -] Successfully bumped revision number for resource 490d6f2c-a9af-478e-a049-ddfe6945d8e1 (type: ports) to 1
2026-06-26 11:35:11.350 10 WARNING neutron.scheduler.dhcp_agent_scheduler [None req-e16ce766-46b5-4061-b3df-551c5dd70877 8d8b93d0de2e4d33a9527d5ff193614f 0d9cfadafc714e47be3a14b9ff0c38c6 - - default default] No more DHCP agents
2026-06-26 11:35:11.352 10 WARNING neutron.api.rpc.agentnotifiers.dhcp_rpc_agent_api [None req-e16ce766-46b5-4061-b3df-551c5dd70877 8d8b93d0de2e4d33a9527d5ff193614f 0d9cfadafc714e47be3a14b9ff0c38c6 - - default default] Unable to schedule network c3be110f-4f4c-4c29-a05a-6dd31f28ade1: no agents available; will retry on subsequent port and subnet creation events.
2026-06-26 11:35:11.501 10 INFO neutron.db.ovn_revision_numbers_db [None req-e16ce766-46b5-4061-b3df-551c5dd70877 8d8b93d0de2e4d33a9527d5ff193614f 0d9cfadafc714e47be3a14b9ff0c38c6 - - default default] Successfully bumped revision number for resource 6eb8e29f-0d11-4a71-9a22-b3c1866ae83a (type: ports) to 1
2026-06-26 11:35:11.588 9 INFO neutron.db.ovn_revision_numbers_db [None req-b55c0045-deb6-457d-9c10-47d5fdd6a059 - - - - - -] Successfully bumped revision number for resource 490d6f2c-a9af-478e-a049-ddfe6945d8e1 (type: router_ports) to 3
2026-06-26 11:35:11.930 9 INFO neutron.plugins.ml2.drivers.ovn.mech_driver.mech_driver [None req-6e290fc2-6da2-4c20-ab1d-6409e8e4f2d4 - - - - - -] OVN reports status up for port: 6eb8e29f-0d11-4a71-9a22-b3c1866ae83a
2026-06-26 11:35:11.935 9 INFO neutron.db.ovn_revision_numbers_db [None req-b55c0045-deb6-457d-9c10-47d5fdd6a059 - - - - - -] Successfully bumped revision number for resource 490d6f2c-a9af-478e-a049-ddfe6945d8e1 (type: ports) to 2
2026-06-26 11:35:11.946 9 INFO neutron.plugins.ml2.plugin [None req-6e290fc2-6da2-4c20-ab1d-6409e8e4f2d4 - - - - - -] Attempt 1 to provision port 6eb8e29f-0d11-4a71-9a22-b3c1866ae83a
2026-06-26 11:35:11.949 10 INFO neutron.db.ovn_revision_numbers_db [None req-e16ce766-46b5-4061-b3df-551c5dd70877 8d8b93d0de2e4d33a9527d5ff193614f 0d9cfadafc714e47be3a14b9ff0c38c6 - - default default] Successfully bumped revision number for resource 6eb8e29f-0d11-4a71-9a22-b3c1866ae83a (type: router_ports) to 1
2026-06-26 11:35:12.008 9 INFO neutron.wsgi [req-cc0555f6-14c0-440b-92c8-d7057cb5175c req-9dae2eab-74b9-478c-a87b-1ff4a5aa8c73 a7b4c94f9a8f43b1ac1e4ff329ad312d 3dc15d4ab42f43278e08f3057d1289c4 - - default default] 10.0.0.21 "GET /v2.0/ports?device_id=2dbb9f63-6a74-4040-b1f0-2058e1a88dfb HTTP/1.1" status: 200 len: 1174 time: 0.1074426
2026-06-26 11:35:12.085 9 INFO neutron.wsgi [req-cc0555f6-14c0-440b-92c8-d7057cb5175c req-d5a69ee1-e0c5-48c9-8420-c100296c9500 a7b4c94f9a8f43b1ac1e4ff329ad312d 3dc15d4ab42f43278e08f3057d1289c4 - - default default] 10.0.0.21 "GET /v2.0/security-groups?id=7656a8d2-147b-43a0-bcf7-8f93cce5bcfb&fields=id&fields=name HTTP/1.1" status: 200 len: 312 time: 0.0663333
2026-06-26 11:35:12.106 10 INFO neutron.db.ovn_revision_numbers_db [None req-e16ce766-46b5-4061-b3df-551c5dd70877 8d8b93d0de2e4d33a9527d5ff193614f 0d9cfadafc714e47be3a14b9ff0c38c6 - - default default] Successfully bumped revision number for resource 6eb8e29f-0d11-4a71-9a22-b3c1866ae83a (type: ports) to 1
2026-06-26 11:35:12.178 10 WARNING neutron.scheduler.dhcp_agent_scheduler [None req-e16ce766-46b5-4061-b3df-551c5dd70877 8d8b93d0de2e4d33a9527d5ff193614f 0d9cfadafc714e47be3a14b9ff0c38c6 - - default default] No more DHCP agents
2026-06-26 11:35:12.179 10 WARNING neutron.api.rpc.agentnotifiers.dhcp_rpc_agent_api [None req-e16ce766-46b5-4061-b3df-551c5dd70877 8d8b93d0de2e4d33a9527d5ff193614f 0d9cfadafc714e47be3a14b9ff0c38c6 - - default default] Unable to schedule network c3be110f-4f4c-4c29-a05a-6dd31f28ade1: no agents available; will retry on subsequent port and subnet creation events.
2026-06-26 11:35:12.217 9 INFO neutron.wsgi [req-5cc3d5e2-c8e6-4b14-a39c-2e485bdd04ae req-214b8fdf-c656-4ee3-a165-0040f172bd65 a7b4c94f9a8f43b1ac1e4ff329ad312d 3dc15d4ab42f43278e08f3057d1289c4 - - default default] 10.0.0.21 "GET /v2.0/ports?device_id=2dbb9f63-6a74-4040-b1f0-2058e1a88dfb HTTP/1.1" status: 200 len: 1174 time: 0.0619280
2026-06-26 11:35:12.304 9 INFO neutron.wsgi [req-5cc3d5e2-c8e6-4b14-a39c-2e485bdd04ae req-6feb6aea-d7af-4bc9-984e-60ffa2cee62a a7b4c94f9a8f43b1ac1e4ff329ad312d 3dc15d4ab42f43278e08f3057d1289c4 - - default default] 10.0.0.21 "GET /v2.0/security-groups?id=7656a8d2-147b-43a0-bcf7-8f93cce5bcfb&fields=id&fields=name HTTP/1.1" status: 200 len: 312 time: 0.0721319
2026-06-26 11:35:12.345 9 INFO neutron.db.ovn_revision_numbers_db [None req-b55c0045-deb6-457d-9c10-47d5fdd6a059 - - - - - -] Successfully bumped revision number for resource 490d6f2c-a9af-478e-a049-ddfe6945d8e1 (type: ports) to 4
2026-06-26 11:35:12.431 9 INFO neutron.db.ovn_revision_numbers_db [None req-6e290fc2-6da2-4c20-ab1d-6409e8e4f2d4 - - - - - -] Successfully bumped revision number for resource 6eb8e29f-0d11-4a71-9a22-b3c1866ae83a (type: ports) to 2
2026-06-26 11:35:12.611 9 INFO neutron.db.ovn_revision_numbers_db [None req-6e290fc2-6da2-4c20-ab1d-6409e8e4f2d4 - - - - - -] Successfully bumped revision number for resource 6eb8e29f-0d11-4a71-9a22-b3c1866ae83a (type: router_ports) to 2
2026-06-26 11:35:12.702 9 INFO neutron.db.ovn_revision_numbers_db [None req-b55c0045-deb6-457d-9c10-47d5fdd6a059 - - - - - -] Successfully bumped revision number for resource 490d6f2c-a9af-478e-a049-ddfe6945d8e1 (type: router_ports) to 4
2026-06-26 11:35:12.733 9 INFO neutron.wsgi [req-255fa3fc-8d92-49be-a091-3877a6986857 req-f7406ecb-4a01-421b-a6b5-a62c8de188b4 a7b4c94f9a8f43b1ac1e4ff329ad312d 3dc15d4ab42f43278e08f3057d1289c4 - - default default] 10.0.0.21 "GET /v2.0/ports?device_id=2dbb9f63-6a74-4040-b1f0-2058e1a88dfb HTTP/1.1" status: 200 len: 1174 time: 0.0760272
2026-06-26 11:35:12.758 9 INFO neutron.wsgi [req-03520a1b-06d7-4980-9068-4c6ab8d31b8d req-090fefc1-7e1e-4d61-9e3e-e445ebaabf41 f98daae8be984a6386877d742a7003cf cb639a4a6dd442ebb08599392164bda4 - - 508b69b9609c45618a526eb50132b3d7 508b69b9609c45618a526eb50132b3d7] 199.19.213.147 "GET /v2.0/ports?tenant_id=3dc15d4ab42f43278e08f3057d1289c4&device_id=2dbb9f63-6a74-4040-b1f0-2058e1a88dfb HTTP/1.1" status: 200 len: 1413 time: 0.0685184
2026-06-26 11:35:12.823 9 INFO neutron.wsgi [req-255fa3fc-8d92-49be-a091-3877a6986857 req-d7747e44-7917-4685-94f1-a52de6037e6b a7b4c94f9a8f43b1ac1e4ff329ad312d 3dc15d4ab42f43278e08f3057d1289c4 - - default default] 10.0.0.21 "GET /v2.0/security-groups?id=7656a8d2-147b-43a0-bcf7-8f93cce5bcfb&fields=id&fields=name HTTP/1.1" status: 200 len: 312 time: 0.0737932
2026-06-26 11:35:12.873 9 INFO neutron.wsgi [req-03520a1b-06d7-4980-9068-4c6ab8d31b8d req-cd685587-d6b0-4cf7-9045-675301110f97 f98daae8be984a6386877d742a7003cf cb639a4a6dd442ebb08599392164bda4 - - 508b69b9609c45618a526eb50132b3d7 508b69b9609c45618a526eb50132b3d7] 199.19.213.147 "GET /v2.0/networks?id=791aa1db-e62c-4839-8c19-efe8c63a398e HTTP/1.1" status: 200 len: 974 time: 0.1052408
2026-06-26 11:35:12.946 9 INFO neutron.wsgi [req-03520a1b-06d7-4980-9068-4c6ab8d31b8d req-d009e45c-805b-45db-97a0-46f100a1b099 f98daae8be984a6386877d742a7003cf cb639a4a6dd442ebb08599392164bda4 - - 508b69b9609c45618a526eb50132b3d7 508b69b9609c45618a526eb50132b3d7] 199.19.213.147 "GET /v2.0/floatingips?fixed_ip_address=10.100.0.12&port_id=9f028167-cb17-4764-a98c-a1f79edef54a HTTP/1.1" status: 200 len: 1060 time: 0.0655587
2026-06-26 11:35:12.998 9 INFO neutron.wsgi [req-03520a1b-06d7-4980-9068-4c6ab8d31b8d req-a6fd0bd7-adb4-4b07-af6d-10b6f0d2cfbf f98daae8be984a6386877d742a7003cf cb639a4a6dd442ebb08599392164bda4 - - 508b69b9609c45618a526eb50132b3d7 508b69b9609c45618a526eb50132b3d7] 199.19.213.147 "GET /v2.0/subnets?id=18c61ed4-44f8-4c68-96b9-6ab689a1729a HTTP/1.1" status: 200 len: 869 time: 0.0460832
2026-06-26 11:35:13.030 9 INFO neutron.wsgi [req-03520a1b-06d7-4980-9068-4c6ab8d31b8d req-279aa043-c23f-4cef-aede-85a12ee76d1a f98daae8be984a6386877d742a7003cf cb639a4a6dd442ebb08599392164bda4 - - 508b69b9609c45618a526eb50132b3d7 508b69b9609c45618a526eb50132b3d7] 199.19.213.147 "GET /v2.0/ports?network_id=791aa1db-e62c-4839-8c19-efe8c63a398e&device_owner=network%3Adhcp HTTP/1.1" status: 200 len: 210 time: 0.0234425
2026-06-26 11:35:13.104 9 INFO neutron.wsgi [req-03520a1b-06d7-4980-9068-4c6ab8d31b8d req-8f29ed4c-2c6e-47ab-8a8f-0cb42162cc30 f98daae8be984a6386877d742a7003cf cb639a4a6dd442ebb08599392164bda4 - - 508b69b9609c45618a526eb50132b3d7 508b69b9609c45618a526eb50132b3d7] 199.19.213.147 "GET /v2.0/networks/791aa1db-e62c-4839-8c19-efe8c63a398e?fields=segments HTTP/1.1" status: 200 len: 212 time: 0.0652485
2026-06-26 11:35:13.170 10 INFO neutron.db.ovn_revision_numbers_db [None req-e16ce766-46b5-4061-b3df-551c5dd70877 8d8b93d0de2e4d33a9527d5ff193614f 0d9cfadafc714e47be3a14b9ff0c38c6 - - default default] Successfully bumped revision number for resource 6eb8e29f-0d11-4a71-9a22-b3c1866ae83a (type: router_ports) to 2
2026-06-26 11:35:13.172 10 INFO neutron.wsgi [None req-e16ce766-46b5-4061-b3df-551c5dd70877 8d8b93d0de2e4d33a9527d5ff193614f 0d9cfadafc714e47be3a14b9ff0c38c6 - - default default] 10.0.0.155 "PUT /v2.0/routers/3def78fa-b017-4a25-a5ea-aa3d79b17b11/add_router_interface HTTP/1.1" status: 200 len: 503 time: 2.2666209
2026-06-26 11:35:13.223 9 INFO neutron.wsgi [req-03520a1b-06d7-4980-9068-4c6ab8d31b8d req-816c4267-58a7-4afa-a8c3-e25de215adfb f98daae8be984a6386877d742a7003cf cb639a4a6dd442ebb08599392164bda4 - - 508b69b9609c45618a526eb50132b3d7 508b69b9609c45618a526eb50132b3d7] 199.19.213.147 "GET /v2.0/networks/791aa1db-e62c-4839-8c19-efe8c63a398e?fields=provider%3Aphysical_network&fields=provider%3Anetwork_type HTTP/1.1" status: 200 len: 277 time: 0.1117728
2026-06-26 11:35:13.447 10 INFO neutron.plugins.ml2.drivers.ovn.mech_driver.mech_driver [None req-68fcd872-8e44-4bab-a851-ba7882843030 - - - - - -] OVN reports status down for port: 9f028167-cb17-4764-a98c-a1f79edef54a
2026-06-26 11:35:13.603 10 INFO neutron.notifiers.nova [-] Nova event matching ['req-055dce88-2342-402c-adcb-1c7a75425bf0'] response: {'server_uuid': '2dbb9f63-6a74-4040-b1f0-2058e1a88dfb', 'name': 'network-vif-unplugged', 'status': 'completed', 'tag': '9f028167-cb17-4764-a98c-a1f79edef54a', 'code': 200}
2026-06-26 11:35:13.764 10 INFO neutron.db.ovn_revision_numbers_db [None req-68fcd872-8e44-4bab-a851-ba7882843030 - - - - - -] Successfully bumped revision number for resource 9f028167-cb17-4764-a98c-a1f79edef54a (type: ports) to 5 /var/lib/openstack/lib/python3.10/site-packages/pycadf/identifier.py:71: UserWarning: Invalid uuid: neutron. To ensure interoperability, identifiers should be a valid uuid. warnings.warn(('Invalid uuid: %s. To ensure interoperability, '
2026-06-26 11:35:13.966 9 INFO neutron.wsgi [req-7823380c-0b62-4222-af09-8abd9f33421f req-27e4eaca-1ea9-47b2-8b98-fb40b658016c 5648e3110ec5440bb017c09d572faa77 b5d21df64b0f451aab2c5af97b1d7631 - - default default] 10.0.0.21 "GET /v2.0/ports?device_id=b4d9915c-8a2c-42ee-896a-6a48efa7749d HTTP/1.1" status: 200 len: 1174 time: 0.1027610
2026-06-26 11:35:14.013 9 INFO neutron.wsgi [req-f9b91a1e-32ba-4445-87d4-82e9670ca126 req-fdba02be-dd57-49bd-8c5e-d62474b9d39a a7b4c94f9a8f43b1ac1e4ff329ad312d 3dc15d4ab42f43278e08f3057d1289c4 - - default default] 10.0.0.21 "GET /v2.0/ports?device_id=2dbb9f63-6a74-4040-b1f0-2058e1a88dfb HTTP/1.1" status: 200 len: 1172 time: 0.0451322
2026-06-26 11:35:14.045 10 INFO neutron.plugins.ml2.drivers.ovn.mech_driver.mech_driver [None req-68fcd872-8e44-4bab-a851-ba7882843030 - - - - - -] OVN reports status up for port: 9f028167-cb17-4764-a98c-a1f79edef54a
2026-06-26 11:35:14.071 10 INFO neutron.plugins.ml2.plugin [None req-68fcd872-8e44-4bab-a851-ba7882843030 - - - - - -] Attempt 1 to provision port 9f028167-cb17-4764-a98c-a1f79edef54a
2026-06-26 11:35:14.073 10 INFO neutron.db.ovn_revision_numbers_db [None req-740dcf3a-2b52-4699-87d4-976204fe4ead 0adc2d118b374fc2943566595bc9e2ef b527d9febc944676b08630e579601ca5 - - default default] Successfully bumped revision number for resource a9f28796-5c11-4b60-b329-6bb296c84552 (type: security_groups) to 1
2026-06-26 11:35:14.074 9 INFO neutron.wsgi [req-400925fe-a905-4dce-ab86-75914930a806 req-877f5bdb-9a42-4e9f-8726-25af2b66e9a0 5648e3110ec5440bb017c09d572faa77 b5d21df64b0f451aab2c5af97b1d7631 - - default default] 10.0.0.21 "GET /v2.0/ports/b984bf3f-88d0-41ce-8e91-8cbdfbb7ca66 HTTP/1.1" status: 200 len: 1171 time: 0.0497768
2026-06-26 11:35:14.098 9 INFO neutron.wsgi [req-f9b91a1e-32ba-4445-87d4-82e9670ca126 req-4ee0f97a-fbdf-4c5a-8f78-282c40de6fbd a7b4c94f9a8f43b1ac1e4ff329ad312d 3dc15d4ab42f43278e08f3057d1289c4 - - default default] 10.0.0.21 "GET /v2.0/security-groups?id=7656a8d2-147b-43a0-bcf7-8f93cce5bcfb&fields=id&fields=name HTTP/1.1" status: 200 len: 312 time: 0.0759978
2026-06-26 11:35:14.101 10 INFO neutron.db.ovn_revision_numbers_db [None req-740dcf3a-2b52-4699-87d4-976204fe4ead 0adc2d118b374fc2943566595bc9e2ef b527d9febc944676b08630e579601ca5 - - default default] Successfully bumped revision number for resource 1df58a58-404d-4f85-81ee-8aa31338f35c (type: security_group_rules) to 0
2026-06-26 11:35:14.124 10 INFO neutron.db.ovn_revision_numbers_db [None req-740dcf3a-2b52-4699-87d4-976204fe4ead 0adc2d118b374fc2943566595bc9e2ef b527d9febc944676b08630e579601ca5 - - default default] Successfully bumped revision number for resource 6f744527-5d4a-4a41-bd2c-6d9e36bde4f0 (type: security_group_rules) to 0
2026-06-26 11:35:14.158 10 INFO neutron.wsgi [None req-740dcf3a-2b52-4699-87d4-976204fe4ead 0adc2d118b374fc2943566595bc9e2ef b527d9febc944676b08630e579601ca5 - - default default] 10.0.0.155 "POST /v2.0/security-groups HTTP/1.1" status: 201 len: 1794 time: 0.2152042
2026-06-26 11:35:14.281 9 INFO neutron.wsgi [req-cf733705-68ac-40d6-993d-78ca298e0b27 req-87af8136-8780-402d-a258-42fc4b8000b8 5648e3110ec5440bb017c09d572faa77 b5d21df64b0f451aab2c5af97b1d7631 - - default default] 199.19.213.147 "GET /v2.0/subnets?network_id=2365e85e-bc72-4922-bd33-100039327aa5 HTTP/1.1" status: 200 len: 859 time: 0.0633118
2026-06-26 11:35:14.363 9 INFO neutron.wsgi [req-cf733705-68ac-40d6-993d-78ca298e0b27 req-e5cba951-b583-43b1-b2bb-8c8d9b5b44c0 5648e3110ec5440bb017c09d572faa77 b5d21df64b0f451aab2c5af97b1d7631 - - default default] 199.19.213.147 "GET /v2.0/ports?device_id=b4d9915c-8a2c-42ee-896a-6a48efa7749d&device_owner=compute%3Anova&network_id=2365e85e-bc72-4922-bd33-100039327aa5 HTTP/1.1" status: 200 len: 1174 time: 0.0740209
2026-06-26 11:35:14.390 10 INFO neutron.db.ovn_revision_numbers_db [None req-68fcd872-8e44-4bab-a851-ba7882843030 - - - - - -] Successfully bumped revision number for resource 9f028167-cb17-4764-a98c-a1f79edef54a (type: ports) to 6
2026-06-26 11:35:14.407 9 INFO neutron.db.ovn_revision_numbers_db [None req-2c2eb231-992c-441e-bca7-26523a2cd411 0adc2d118b374fc2943566595bc9e2ef b527d9febc944676b08630e579601ca5 - - default default] Successfully bumped revision number for resource d6234d6d-94ba-4167-9676-da6f7d2e89e9 (type: security_group_rules) to 0
2026-06-26 11:35:14.435 9 INFO neutron.wsgi [None req-2c2eb231-992c-441e-bca7-26523a2cd411 0adc2d118b374fc2943566595bc9e2ef b527d9febc944676b08630e579601ca5 - - default default] 10.0.0.155 "POST /v2.0/security-group-rules HTTP/1.1" status: 201 len: 764 time: 0.2699144
2026-06-26 11:35:14.503 10 INFO neutron.db.ovn_revision_numbers_db [None req-7ad80228-2095-4299-8f5a-c0cb9c160ad2 8d8b93d0de2e4d33a9527d5ff193614f 0d9cfadafc714e47be3a14b9ff0c38c6 - - default default] Successfully bumped revision number for resource 69ffd084-afff-4d0d-8a39-8a2f0dfb5757 (type: security_groups) to 1
2026-06-26 11:35:14.518 10 INFO neutron.db.ovn_revision_numbers_db [None req-7ad80228-2095-4299-8f5a-c0cb9c160ad2 8d8b93d0de2e4d33a9527d5ff193614f 0d9cfadafc714e47be3a14b9ff0c38c6 - - default default] Successfully bumped revision number for resource 064a471b-3497-47ca-9c15-5c622e4aa6e9 (type: security_group_rules) to 0
2026-06-26 11:35:14.531 10 INFO neutron.db.ovn_revision_numbers_db [None req-7ad80228-2095-4299-8f5a-c0cb9c160ad2 8d8b93d0de2e4d33a9527d5ff193614f 0d9cfadafc714e47be3a14b9ff0c38c6 - - default default] Successfully bumped revision number for resource 838b0415-1b0f-46b1-9de5-32940fd11d24 (type: security_group_rules) to 0
2026-06-26 11:35:14.546 10 INFO neutron.db.ovn_revision_numbers_db [None req-7ad80228-2095-4299-8f5a-c0cb9c160ad2 8d8b93d0de2e4d33a9527d5ff193614f 0d9cfadafc714e47be3a14b9ff0c38c6 - - default default] Successfully bumped revision number for resource c942a7be-830e-4e4d-b502-f1f33d68b33c (type: security_group_rules) to 0
2026-06-26 11:35:14.561 10 INFO neutron.db.ovn_revision_numbers_db [None req-7ad80228-2095-4299-8f5a-c0cb9c160ad2 8d8b93d0de2e4d33a9527d5ff193614f 0d9cfadafc714e47be3a14b9ff0c38c6 - - default default] Successfully bumped revision number for resource e626a2d1-060e-4a93-a962-a6370b179350 (type: security_group_rules) to 0
2026-06-26 11:35:14.582 10 INFO neutron.wsgi [None req-7ad80228-2095-4299-8f5a-c0cb9c160ad2 8d8b93d0de2e4d33a9527d5ff193614f 0d9cfadafc714e47be3a14b9ff0c38c6 - - default default] 10.0.0.155 "GET /v2.0/security-groups?tenant_id=e44bc45e999f4b47aabb6e94e9d1246e&name=default HTTP/1.1" status: 200 len: 2996 time: 0.4171929 /var/lib/openstack/lib/python3.10/site-packages/pycadf/identifier.py:71: UserWarning: Invalid uuid: neutron. To ensure interoperability, identifiers should be a valid uuid. warnings.warn(('Invalid uuid: %s. To ensure interoperability, '
2026-06-26 11:35:14.679 9 INFO neutron.db.ovn_revision_numbers_db [None req-7be28054-c94e-42b6-a00b-452e4e77636e 0adc2d118b374fc2943566595bc9e2ef b527d9febc944676b08630e579601ca5 - - default default] Successfully bumped revision number for resource 8daccda8-152a-4867-b331-588bb2be6b03 (type: security_group_rules) to 0
2026-06-26 11:35:14.710 9 INFO neutron.wsgi [None req-7be28054-c94e-42b6-a00b-452e4e77636e 0adc2d118b374fc2943566595bc9e2ef b527d9febc944676b08630e579601ca5 - - default default] 10.0.0.155 "POST /v2.0/security-group-rules HTTP/1.1" status: 201 len: 769 time: 0.2685559
2026-06-26 11:35:14.789 10 INFO neutron.wsgi [None req-5b7d7826-1734-44be-b55f-6bbce6c95712 8d8b93d0de2e4d33a9527d5ff193614f 0d9cfadafc714e47be3a14b9ff0c38c6 - - default default] 10.0.0.155 "DELETE /v2.0/security-groups/69ffd084-afff-4d0d-8a39-8a2f0dfb5757 HTTP/1.1" status: 204 len: 168 time: 0.1859977
2026-06-26 11:35:14.954 9 INFO neutron.db.ovn_revision_numbers_db [req-cf733705-68ac-40d6-993d-78ca298e0b27 req-4b19f3cd-c4e9-40d6-881b-c12058fd873e 5648e3110ec5440bb017c09d572faa77 b5d21df64b0f451aab2c5af97b1d7631 - - default default] Successfully bumped revision number for resource b984bf3f-88d0-41ce-8e91-8cbdfbb7ca66 (type: ports) to 5
2026-06-26 11:35:14.975 9 INFO neutron.wsgi [req-cf733705-68ac-40d6-993d-78ca298e0b27 req-4b19f3cd-c4e9-40d6-881b-c12058fd873e 5648e3110ec5440bb017c09d572faa77 b5d21df64b0f451aab2c5af97b1d7631 - - default default] 199.19.213.147 "PUT /v2.0/ports/b984bf3f-88d0-41ce-8e91-8cbdfbb7ca66 HTTP/1.1" status: 200 len: 1349 time: 0.6082613 /var/lib/openstack/lib/python3.10/site-packages/pycadf/identifier.py:71: UserWarning: Invalid uuid: neutron. To ensure interoperability, identifiers should be a valid uuid. warnings.warn(('Invalid uuid: %s. To ensure interoperability, '
2026-06-26 11:35:15.007 10 INFO neutron.db.ovn_revision_numbers_db [None req-526c6de4-fcbc-42cd-8829-cb1a66e7ef18 8d8b93d0de2e4d33a9527d5ff193614f 0d9cfadafc714e47be3a14b9ff0c38c6 - - default default] Successfully bumped revision number for resource 876fe128-3cff-493c-9f15-504516dc7754 (type: security_groups) to 1
2026-06-26 11:35:15.016 9 INFO neutron.notifiers.nova [-] Nova event matching ['req-38ca8edf-38ab-4ac6-860c-af9f43a6f125'] response: {'name': 'network-changed', 'server_uuid': 'b4d9915c-8a2c-42ee-896a-6a48efa7749d', 'tag': 'b984bf3f-88d0-41ce-8e91-8cbdfbb7ca66', 'status': 'completed', 'code': 200}
2026-06-26 11:35:15.020 10 INFO neutron.db.ovn_revision_numbers_db [None req-526c6de4-fcbc-42cd-8829-cb1a66e7ef18 8d8b93d0de2e4d33a9527d5ff193614f 0d9cfadafc714e47be3a14b9ff0c38c6 - - default default] Successfully bumped revision number for resource 29e7d659-86c2-4e31-88d8-27a153b4ecfe (type: security_group_rules) to 0
2026-06-26 11:35:15.032 10 INFO neutron.db.ovn_revision_numbers_db [None req-526c6de4-fcbc-42cd-8829-cb1a66e7ef18 8d8b93d0de2e4d33a9527d5ff193614f 0d9cfadafc714e47be3a14b9ff0c38c6 - - default default] Successfully bumped revision number for resource 479fbdef-75dd-48a6-8168-d56cdddfc598 (type: security_group_rules) to 0
2026-06-26 11:35:15.039 9 INFO neutron.wsgi [req-cf733705-68ac-40d6-993d-78ca298e0b27 req-6a1fdc10-6c43-4400-b2e1-d4586476b354 f98daae8be984a6386877d742a7003cf cb639a4a6dd442ebb08599392164bda4 - - 508b69b9609c45618a526eb50132b3d7 508b69b9609c45618a526eb50132b3d7] 199.19.213.147 "GET /v2.0/ports?tenant_id=b5d21df64b0f451aab2c5af97b1d7631&device_id=b4d9915c-8a2c-42ee-896a-6a48efa7749d HTTP/1.1" status: 200 len: 1590 time: 0.0485234
2026-06-26 11:35:15.045 10 INFO neutron.db.ovn_revision_numbers_db [None req-526c6de4-fcbc-42cd-8829-cb1a66e7ef18 8d8b93d0de2e4d33a9527d5ff193614f 0d9cfadafc714e47be3a14b9ff0c38c6 - - default default] Successfully bumped revision number for resource a8a903ff-e042-4f3a-84cd-21d3da710397 (type: security_group_rules) to 0
2026-06-26 11:35:15.058 10 INFO neutron.db.ovn_revision_numbers_db [None req-526c6de4-fcbc-42cd-8829-cb1a66e7ef18 8d8b93d0de2e4d33a9527d5ff193614f 0d9cfadafc714e47be3a14b9ff0c38c6 - - default default] Successfully bumped revision number for resource eb201d2e-d415-44ce-9162-5e5751ed0f21 (type: security_group_rules) to 0
2026-06-26 11:35:15.078 10 INFO neutron.wsgi [None req-526c6de4-fcbc-42cd-8829-cb1a66e7ef18 8d8b93d0de2e4d33a9527d5ff193614f 0d9cfadafc714e47be3a14b9ff0c38c6 - - default default] 10.0.0.155 "GET /v2.0/security-groups?tenant_id=6c3fe58e9f3f4a66b7b2fd5f67d23043&name=default HTTP/1.1" status: 200 len: 2996 time: 0.1792076
2026-06-26 11:35:15.322 10 INFO neutron.wsgi [None req-fdfb5cbf-e13f-469e-bafb-0f5bc2a7df5d 8d8b93d0de2e4d33a9527d5ff193614f 0d9cfadafc714e47be3a14b9ff0c38c6 - - default default] 10.0.0.155 "DELETE /v2.0/security-groups/876fe128-3cff-493c-9f15-504516dc7754 HTTP/1.1" status: 204 len: 168 time: 0.2394066
2026-06-26 11:35:15.494 9 INFO neutron.wsgi [req-e7042edd-6c12-4565-854b-971743cd9f14 req-f9592b87-5331-48b1-a5e6-576ae3681543 a7b4c94f9a8f43b1ac1e4ff329ad312d 3dc15d4ab42f43278e08f3057d1289c4 - - default default] 10.0.0.21 "GET /v2.0/ports?device_id=2dbb9f63-6a74-4040-b1f0-2058e1a88dfb HTTP/1.1" status: 200 len: 1174 time: 0.0753307
2026-06-26 11:35:15.517 9 INFO neutron.wsgi [req-cf733705-68ac-40d6-993d-78ca298e0b27 req-49914c62-2b09-4107-8e33-07491f3ebe29 f98daae8be984a6386877d742a7003cf cb639a4a6dd442ebb08599392164bda4 - - 508b69b9609c45618a526eb50132b3d7 508b69b9609c45618a526eb50132b3d7] 199.19.213.147 "GET /v2.0/networks?id=2365e85e-bc72-4922-bd33-100039327aa5 HTTP/1.1" status: 200 len: 982 time: 0.4723771
2026-06-26 11:35:15.522 9 WARNING neutron.scheduler.dhcp_agent_scheduler [None req-0c9559dd-14e7-4d6a-8df3-58254bd7f854 0adc2d118b374fc2943566595bc9e2ef b527d9febc944676b08630e579601ca5 - - default default] No more DHCP agents
2026-06-26 11:35:15.529 9 WARNING neutron.api.rpc.agentnotifiers.dhcp_rpc_agent_api [None req-0c9559dd-14e7-4d6a-8df3-58254bd7f854 0adc2d118b374fc2943566595bc9e2ef b527d9febc944676b08630e579601ca5 - - default default] Unable to schedule network 40172fb8-2309-4fcd-8b81-a10ae0187096: no agents available; will retry on subsequent port and subnet creation events.
2026-06-26 11:35:15.605 9 INFO neutron.wsgi [req-e7042edd-6c12-4565-854b-971743cd9f14 req-f5b3db4f-867b-47d0-a0a5-67ce2671e204 a7b4c94f9a8f43b1ac1e4ff329ad312d 3dc15d4ab42f43278e08f3057d1289c4 - - default default] 10.0.0.21 "GET /v2.0/security-groups?id=7656a8d2-147b-43a0-bcf7-8f93cce5bcfb&fields=id&fields=name HTTP/1.1" status: 200 len: 312 time: 0.1055644
2026-06-26 11:35:15.625 9 INFO neutron.wsgi [req-cf733705-68ac-40d6-993d-78ca298e0b27 req-8e285748-8d8a-4cb4-bf21-368f65aa59fb f98daae8be984a6386877d742a7003cf cb639a4a6dd442ebb08599392164bda4 - - 508b69b9609c45618a526eb50132b3d7 508b69b9609c45618a526eb50132b3d7] 199.19.213.147 "GET /v2.0/floatingips?fixed_ip_address=10.100.0.11&port_id=b984bf3f-88d0-41ce-8e91-8cbdfbb7ca66 HTTP/1.1" status: 200 len: 1060 time: 0.0986497
2026-06-26 11:35:15.651 10 INFO neutron.notifiers.nova [-] Nova event matching ['req-ae7c1be7-7517-4eb1-87a8-7f2e5e8aae56'] response: {'server_uuid': '2dbb9f63-6a74-4040-b1f0-2058e1a88dfb', 'name': 'network-vif-plugged', 'status': 'completed', 'tag': '9f028167-cb17-4764-a98c-a1f79edef54a', 'code': 200}
2026-06-26 11:35:15.651 10 INFO neutron.notifiers.nova [-] Nova event matching ['req-ae7c1be7-7517-4eb1-87a8-7f2e5e8aae56'] response: {'server_uuid': '2dbb9f63-6a74-4040-b1f0-2058e1a88dfb', 'name': 'network-vif-plugged', 'status': 'completed', 'tag': '9f028167-cb17-4764-a98c-a1f79edef54a', 'code': 200}
2026-06-26 11:35:15.652 10 INFO neutron.notifiers.nova [-] Nova event matching ['req-ae7c1be7-7517-4eb1-87a8-7f2e5e8aae56'] response: {'server_uuid': '2dbb9f63-6a74-4040-b1f0-2058e1a88dfb', 'name': 'network-vif-plugged', 'status': 'completed', 'tag': '9f028167-cb17-4764-a98c-a1f79edef54a', 'code': 200}
2026-06-26 11:35:15.663 9 INFO neutron.wsgi [req-cf733705-68ac-40d6-993d-78ca298e0b27 req-9e1b9cd4-8466-456d-adf1-d779e995dfea f98daae8be984a6386877d742a7003cf cb639a4a6dd442ebb08599392164bda4 - - 508b69b9609c45618a526eb50132b3d7 508b69b9609c45618a526eb50132b3d7] 199.19.213.147 "GET /v2.0/floatingips?fixed_ip_address=10.100.0.7&port_id=b984bf3f-88d0-41ce-8e91-8cbdfbb7ca66 HTTP/1.1" status: 200 len: 217 time: 0.0299814
2026-06-26 11:35:15.733 9 INFO neutron.wsgi [req-cf733705-68ac-40d6-993d-78ca298e0b27 req-d11d56ce-ce92-4a68-a46c-efcc1ab605c5 f98daae8be984a6386877d742a7003cf cb639a4a6dd442ebb08599392164bda4 - - 508b69b9609c45618a526eb50132b3d7 508b69b9609c45618a526eb50132b3d7] 199.19.213.147 "GET /v2.0/subnets?id=b983dfb3-58df-4b9e-9680-d678a5edeafc HTTP/1.1" status: 200 len: 877 time: 0.0658069
2026-06-26 11:35:15.761 9 INFO neutron.wsgi [req-cf733705-68ac-40d6-993d-78ca298e0b27 req-521d66a5-7e79-4feb-a664-f27d2eb0cefc f98daae8be984a6386877d742a7003cf cb639a4a6dd442ebb08599392164bda4 - - 508b69b9609c45618a526eb50132b3d7 508b69b9609c45618a526eb50132b3d7] 199.19.213.147 "GET /v2.0/ports?network_id=2365e85e-bc72-4922-bd33-100039327aa5&device_owner=network%3Adhcp HTTP/1.1" status: 200 len: 210 time: 0.0205231
2026-06-26 11:35:15.857 9 INFO neutron.wsgi [req-cf733705-68ac-40d6-993d-78ca298e0b27 req-8894fd4a-4051-4dd4-94a6-683d57304934 f98daae8be984a6386877d742a7003cf cb639a4a6dd442ebb08599392164bda4 - - 508b69b9609c45618a526eb50132b3d7 508b69b9609c45618a526eb50132b3d7] 199.19.213.147 "GET /v2.0/networks/2365e85e-bc72-4922-bd33-100039327aa5?fields=segments HTTP/1.1" status: 200 len: 212 time: 0.0885594
2026-06-26 11:35:15.992 9 INFO neutron.wsgi [req-cf733705-68ac-40d6-993d-78ca298e0b27 req-3c2479b5-e1ac-4e13-bcb3-1c5589535b47 f98daae8be984a6386877d742a7003cf cb639a4a6dd442ebb08599392164bda4 - - 508b69b9609c45618a526eb50132b3d7 508b69b9609c45618a526eb50132b3d7] 199.19.213.147 "GET /v2.0/networks/2365e85e-bc72-4922-bd33-100039327aa5?fields=provider%3Aphysical_network&fields=provider%3Anetwork_type HTTP/1.1" status: 200 len: 277 time: 0.1226315
2026-06-26 11:35:16.093 9 INFO neutron.wsgi [req-56a026a3-4a2b-41d3-a460-875fa90b98c2 req-11615aee-b3c2-48ef-9ee2-b2befa5a6880 f98daae8be984a6386877d742a7003cf cb639a4a6dd442ebb08599392164bda4 - - 508b69b9609c45618a526eb50132b3d7 508b69b9609c45618a526eb50132b3d7] 199.19.213.147 "GET /v2.0/ports?tenant_id=b5d21df64b0f451aab2c5af97b1d7631&device_id=b4d9915c-8a2c-42ee-896a-6a48efa7749d HTTP/1.1" status: 200 len: 1590 time: 0.0587504
2026-06-26 11:35:16.109 9 INFO neutron.db.ovn_revision_numbers_db [None req-0c9559dd-14e7-4d6a-8df3-58254bd7f854 0adc2d118b374fc2943566595bc9e2ef b527d9febc944676b08630e579601ca5 - - default default] Successfully bumped revision number for resource 91550ff8-e003-4740-89bd-5ca03b324bc2 (type: floatingips) to 0
2026-06-26 11:35:16.153 9 INFO neutron.wsgi [None req-0c9559dd-14e7-4d6a-8df3-58254bd7f854 0adc2d118b374fc2943566595bc9e2ef b527d9febc944676b08630e579601ca5 - - default default] 10.0.0.155 "POST /v2.0/floatingips HTTP/1.1" status: 201 len: 751 time: 1.4379086
2026-06-26 11:35:16.186 9 INFO neutron.wsgi [req-56a026a3-4a2b-41d3-a460-875fa90b98c2 req-ec98b9f5-44c4-4c4b-ac74-8145fdf3b324 f98daae8be984a6386877d742a7003cf cb639a4a6dd442ebb08599392164bda4 - - 508b69b9609c45618a526eb50132b3d7 508b69b9609c45618a526eb50132b3d7] 199.19.213.147 "GET /v2.0/networks?id=2365e85e-bc72-4922-bd33-100039327aa5 HTTP/1.1" status: 200 len: 982 time: 0.0849686
2026-06-26 11:35:16.268 9 INFO neutron.wsgi [req-56a026a3-4a2b-41d3-a460-875fa90b98c2 req-1d88c6c4-197c-4a17-92a1-c3ec2ce14bc0 f98daae8be984a6386877d742a7003cf cb639a4a6dd442ebb08599392164bda4 - - 508b69b9609c45618a526eb50132b3d7 508b69b9609c45618a526eb50132b3d7] 199.19.213.147 "GET /v2.0/floatingips?fixed_ip_address=10.100.0.11&port_id=b984bf3f-88d0-41ce-8e91-8cbdfbb7ca66 HTTP/1.1" status: 200 len: 1060 time: 0.0747569
2026-06-26 11:35:16.299 9 INFO neutron.wsgi [req-56a026a3-4a2b-41d3-a460-875fa90b98c2 req-7bb0030a-c6e9-4fa7-a421-c14f6648bce4 f98daae8be984a6386877d742a7003cf cb639a4a6dd442ebb08599392164bda4 - - 508b69b9609c45618a526eb50132b3d7 508b69b9609c45618a526eb50132b3d7] 199.19.213.147 "GET /v2.0/floatingips?fixed_ip_address=10.100.0.7&port_id=b984bf3f-88d0-41ce-8e91-8cbdfbb7ca66 HTTP/1.1" status: 200 len: 217 time: 0.0231683
2026-06-26 11:35:16.376 9 INFO neutron.wsgi [req-56a026a3-4a2b-41d3-a460-875fa90b98c2 req-c04b7486-9e11-4115-8daf-f43f78f05536 f98daae8be984a6386877d742a7003cf cb639a4a6dd442ebb08599392164bda4 - - 508b69b9609c45618a526eb50132b3d7 508b69b9609c45618a526eb50132b3d7] 199.19.213.147 "GET /v2.0/subnets?id=b983dfb3-58df-4b9e-9680-d678a5edeafc HTTP/1.1" status: 200 len: 877 time: 0.0713706
2026-06-26 11:35:16.409 9 INFO neutron.wsgi [req-56a026a3-4a2b-41d3-a460-875fa90b98c2 req-298afd8e-5741-4a59-b1b3-f539693516d3 f98daae8be984a6386877d742a7003cf cb639a4a6dd442ebb08599392164bda4 - - 508b69b9609c45618a526eb50132b3d7 508b69b9609c45618a526eb50132b3d7] 199.19.213.147 "GET /v2.0/ports?network_id=2365e85e-bc72-4922-bd33-100039327aa5&device_owner=network%3Adhcp HTTP/1.1" status: 200 len: 210 time: 0.0257232
2026-06-26 11:35:16.415 9 INFO neutron.wsgi [req-a20a43a8-40e1-4709-a84b-e4b89ce2f4f6 req-c3376dc1-bddc-4043-8230-86e850905a23 5648e3110ec5440bb017c09d572faa77 b5d21df64b0f451aab2c5af97b1d7631 - - default default] 10.0.0.21 "GET /v2.0/ports?device_id=b4d9915c-8a2c-42ee-896a-6a48efa7749d HTTP/1.1" status: 200 len: 1352 time: 0.0549159
2026-06-26 11:35:16.479 9 INFO neutron.wsgi [req-a20a43a8-40e1-4709-a84b-e4b89ce2f4f6 req-2cf8ed12-d80e-4b10-b2c9-9fcd825845c1 5648e3110ec5440bb017c09d572faa77 b5d21df64b0f451aab2c5af97b1d7631 - - default default] 10.0.0.21 "GET /v2.0/security-groups?id=9135362f-e759-41f8-8231-da266aefca50&fields=id&fields=name HTTP/1.1" status: 200 len: 312 time: 0.0553865
2026-06-26 11:35:16.485 9 INFO neutron.wsgi [req-56a026a3-4a2b-41d3-a460-875fa90b98c2 req-80c6fb7e-c781-41da-82f0-2d01dbae741a f98daae8be984a6386877d742a7003cf cb639a4a6dd442ebb08599392164bda4 - - 508b69b9609c45618a526eb50132b3d7 508b69b9609c45618a526eb50132b3d7] 199.19.213.147 "GET /v2.0/networks/2365e85e-bc72-4922-bd33-100039327aa5?fields=segments HTTP/1.1" status: 200 len: 212 time: 0.0696366
2026-06-26 11:35:16.565 9 INFO neutron.wsgi [req-56a026a3-4a2b-41d3-a460-875fa90b98c2 req-ea2dcae5-542a-4ae1-8c8c-277409b567e5 f98daae8be984a6386877d742a7003cf cb639a4a6dd442ebb08599392164bda4 - - 508b69b9609c45618a526eb50132b3d7 508b69b9609c45618a526eb50132b3d7] 199.19.213.147 "GET /v2.0/networks/2365e85e-bc72-4922-bd33-100039327aa5?fields=provider%3Aphysical_network&fields=provider%3Anetwork_type HTTP/1.1" status: 200 len: 277 time: 0.0727484
2026-06-26 11:35:16.674 9 INFO neutron.wsgi [req-bb1b3f80-ffff-4e1e-aa2a-37000e0e1465 req-624417da-199b-451e-86c5-fbdc2f040b44 5648e3110ec5440bb017c09d572faa77 b5d21df64b0f451aab2c5af97b1d7631 - - default default] 199.19.213.147 "GET /v2.0/ports?device_id=b4d9915c-8a2c-42ee-896a-6a48efa7749d&device_owner=compute%3Anova&fixed_ips=ip_address%3D10.100.0.7 HTTP/1.1" status: 200 len: 1352 time: 0.0859740
