2026-06-26 11:34:55.078 9 INFO neutron.wsgi [req-4dd111f0-e788-4f54-a20e-6e9e819ffa37 req-52a67cd3-4c6d-4fab-9364-580747355148 a7b4c94f9a8f43b1ac1e4ff329ad312d 3dc15d4ab42f43278e08f3057d1289c4 - - default default] 10.0.0.21 "GET /v2.0/ports?device_id=2dbb9f63-6a74-4040-b1f0-2058e1a88dfb HTTP/1.1" status: 200 len: 1174 time: 0.0540380
2026-06-26 11:34:55.111 9 INFO neutron.wsgi [None req-ec0e9723-4e5c-44e1-b5c0-6a1c17a18192 8d8b93d0de2e4d33a9527d5ff193614f 0d9cfadafc714e47be3a14b9ff0c38c6 - - default default] 10.0.0.155 "GET /v2.0/security-groups?tenant_id=d0f604afe44941e3b7cc3d41b51584d6&name=default HTTP/1.1" status: 200 len: 2992 time: 0.1004512 /var/lib/openstack/lib/python3.10/site-packages/pycadf/identifier.py:71: UserWarning: Invalid uuid: neutron. To ensure interoperability, identifiers should be a valid uuid. warnings.warn(('Invalid uuid: %s. To ensure interoperability, '
2026-06-26 11:34:55.162 9 INFO neutron.wsgi [req-4dd111f0-e788-4f54-a20e-6e9e819ffa37 req-f714038f-add0-4f0c-8257-b3124f1bd75a a7b4c94f9a8f43b1ac1e4ff329ad312d 3dc15d4ab42f43278e08f3057d1289c4 - - default default] 10.0.0.21 "GET /v2.0/security-groups?id=7656a8d2-147b-43a0-bcf7-8f93cce5bcfb&fields=id&fields=name HTTP/1.1" status: 200 len: 312 time: 0.0743406
2026-06-26 11:34:55.292 9 INFO neutron.wsgi [req-2bc1c1da-61b8-4014-8f0b-4b12ff29b4d8 req-453eca95-b127-4caf-b10d-9d79a3c73926 a7b4c94f9a8f43b1ac1e4ff329ad312d 3dc15d4ab42f43278e08f3057d1289c4 - - default default] 10.0.0.21 "GET /v2.0/ports?device_id=2dbb9f63-6a74-4040-b1f0-2058e1a88dfb HTTP/1.1" status: 200 len: 1174 time: 0.0400250
2026-06-26 11:34:55.292 10 INFO neutron.services.segments.plugin [-] Segment b51fce6b-d581-49ef-9dd0-cc5471ee93ee resource provider aggregate not found
2026-06-26 11:34:55.315 10 INFO neutron.services.segments.plugin [-] Segment b51fce6b-d581-49ef-9dd0-cc5471ee93ee resource provider aggregate not found
2026-06-26 11:34:55.332 10 INFO neutron.services.segments.plugin [-] Segment b51fce6b-d581-49ef-9dd0-cc5471ee93ee resource provider not found; error: Placement Client Error (4xx): {"errors": [{"status": 404, "title": "Not Found", "detail": "The resource could not be found.\n\n No resource provider with uuid b51fce6b-d581-49ef-9dd0-cc5471ee93ee found for delete ", "request_id": "req-bc9e9ac4-3c4c-4b46-827a-b40697f1237e"}]}
2026-06-26 11:34:55.343 10 INFO neutron.services.segments.plugin [-] Segment b51fce6b-d581-49ef-9dd0-cc5471ee93ee resource provider not found; error: Placement Client Error (4xx): {"errors": [{"status": 404, "title": "Not Found", "detail": "The resource could not be found.\n\n No resource provider with uuid b51fce6b-d581-49ef-9dd0-cc5471ee93ee found for delete ", "request_id": "req-e4fe114e-194f-46e0-969a-f5dc7a912128"}]}
2026-06-26 11:34:55.443 10 INFO neutron.wsgi [None req-3a4eef6d-42b6-4f5f-99cd-7a879d4f23a9 8d8b93d0de2e4d33a9527d5ff193614f 0d9cfadafc714e47be3a14b9ff0c38c6 - - default default] 10.0.0.155 "DELETE /v2.0/security-groups/bd6d393d-2951-4ad3-942e-0e9989f5b560 HTTP/1.1" status: 204 len: 168 time: 0.3272405
2026-06-26 11:34:55.625 10 INFO neutron.db.l3_db [None req-7f1ddf24-7df3-4e87-ad4a-0532cb39e630 a7b4c94f9a8f43b1ac1e4ff329ad312d 3dc15d4ab42f43278e08f3057d1289c4 - - default default] Floating IP ab832940-995e-4a77-b2ac-753016fc9cd0 associated. External IP: 10.96.250.208, port: 9f028167-cb17-4764-a98c-a1f79edef54a. /var/lib/openstack/lib/python3.10/site-packages/pycadf/identifier.py:71: UserWarning: Invalid uuid: neutron. To ensure interoperability, identifiers should be a valid uuid. warnings.warn(('Invalid uuid: %s. To ensure interoperability, '
2026-06-26 11:34:55.901 10 INFO neutron.db.ovn_revision_numbers_db [None req-7f1ddf24-7df3-4e87-ad4a-0532cb39e630 a7b4c94f9a8f43b1ac1e4ff329ad312d 3dc15d4ab42f43278e08f3057d1289c4 - - default default] Successfully bumped revision number for resource ab832940-995e-4a77-b2ac-753016fc9cd0 (type: floatingips) to 1
2026-06-26 11:34:55.915 9 INFO neutron.wsgi [req-b6714136-32a0-4e35-ba93-7faa7858637e req-63e5316f-be23-42ae-9ab8-d9205c2e1406 3f6cc21e31844546913160e0a8849484 52761cb6bd64498f85180abdd0e27f8b - - default default] 10.0.0.21 "GET /v2.0/ports?device_id=0f1f2faa-ec14-4a54-94df-8af7538a8923 HTTP/1.1" status: 200 len: 1174 time: 0.0950522
2026-06-26 11:34:55.937 9 INFO neutron.wsgi [req-2c1e1f2d-d381-46e8-a937-f4008947331e req-21cdfda5-5424-4991-8267-aa52ef1774c1 5648e3110ec5440bb017c09d572faa77 b5d21df64b0f451aab2c5af97b1d7631 - - default default] 10.0.0.21 "GET /v2.0/ports?device_id=b4d9915c-8a2c-42ee-896a-6a48efa7749d HTTP/1.1" status: 200 len: 1174 time: 0.0522950
2026-06-26 11:34:55.988 9 INFO neutron.wsgi [req-b6714136-32a0-4e35-ba93-7faa7858637e req-624c0777-aad6-4a66-b25b-4c2f6f9f58fc 3f6cc21e31844546913160e0a8849484 52761cb6bd64498f85180abdd0e27f8b - - default default] 10.0.0.21 "GET /v2.0/security-groups?id=21ce3926-1bd4-4037-8c95-c764bf9542de&fields=id&fields=name HTTP/1.1" status: 200 len: 312 time: 0.0649335
2026-06-26 11:34:56.007 9 INFO neutron.wsgi [req-2c1e1f2d-d381-46e8-a937-f4008947331e req-42189734-9bc1-4de4-a0ff-7c6634254404 5648e3110ec5440bb017c09d572faa77 b5d21df64b0f451aab2c5af97b1d7631 - - default default] 10.0.0.21 "GET /v2.0/security-groups?id=9135362f-e759-41f8-8231-da266aefca50&fields=id&fields=name HTTP/1.1" status: 200 len: 312 time: 0.0639350
2026-06-26 11:34:56.133 9 INFO neutron.notifiers.nova [-] Nova event matching ['req-6d2f367d-070c-42ca-9de6-744ad16d5f76'] response: {'server_uuid': 'b4d9915c-8a2c-42ee-896a-6a48efa7749d', 'name': 'network-vif-plugged', 'status': 'completed', 'tag': 'b984bf3f-88d0-41ce-8e91-8cbdfbb7ca66', 'code': 200}
2026-06-26 11:34:56.133 9 INFO neutron.notifiers.nova [-] Nova event matching ['req-6d2f367d-070c-42ca-9de6-744ad16d5f76'] response: {'server_uuid': '0f1f2faa-ec14-4a54-94df-8af7538a8923', 'name': 'network-vif-plugged', 'status': 'completed', 'tag': '0788c846-e821-485c-8ddc-cebef7bba56e', 'code': 200}
2026-06-26 11:34:56.134 9 INFO neutron.notifiers.nova [-] Nova event matching ['req-6d2f367d-070c-42ca-9de6-744ad16d5f76'] response: {'server_uuid': '0f1f2faa-ec14-4a54-94df-8af7538a8923', 'name': 'network-vif-plugged', 'status': 'completed', 'tag': '0788c846-e821-485c-8ddc-cebef7bba56e', 'code': 200}
2026-06-26 11:34:56.163 10 INFO neutron.notifiers.nova [-] Nova event matching ['req-76bca81b-1b4d-4527-94a0-57ebba7fad13'] response: {'server_uuid': '2dbb9f63-6a74-4040-b1f0-2058e1a88dfb', 'name': 'network-vif-plugged', 'status': 'completed', 'tag': '9f028167-cb17-4764-a98c-a1f79edef54a', 'code': 200}
2026-06-26 11:34:56.198 10 INFO neutron.db.ovn_revision_numbers_db [None req-7f1ddf24-7df3-4e87-ad4a-0532cb39e630 a7b4c94f9a8f43b1ac1e4ff329ad312d 3dc15d4ab42f43278e08f3057d1289c4 - - default default] Successfully bumped revision number for resource ab832940-995e-4a77-b2ac-753016fc9cd0 (type: floatingips) to 2
2026-06-26 11:34:56.239 10 INFO neutron.wsgi [None req-7f1ddf24-7df3-4e87-ad4a-0532cb39e630 a7b4c94f9a8f43b1ac1e4ff329ad312d 3dc15d4ab42f43278e08f3057d1289c4 - - default default] 10.0.0.155 "PUT /v2.0/floatingips/ab832940-995e-4a77-b2ac-753016fc9cd0 HTTP/1.1" status: 200 len: 1050 time: 0.9369397
2026-06-26 11:34:57.123 9 INFO neutron.wsgi [req-f29f5bc3-0e91-4253-86de-efbe6282991b req-7a29e4e8-52af-4c97-8089-d9213a1db8c0 3f6cc21e31844546913160e0a8849484 52761cb6bd64498f85180abdd0e27f8b - - default default] 10.0.0.21 "GET /v2.0/ports?device_id=0f1f2faa-ec14-4a54-94df-8af7538a8923 HTTP/1.1" status: 200 len: 1174 time: 0.0573056
2026-06-26 11:34:57.200 9 INFO neutron.wsgi [req-f29f5bc3-0e91-4253-86de-efbe6282991b req-12622d6c-ceb7-49ec-aed2-0da09dabcee0 3f6cc21e31844546913160e0a8849484 52761cb6bd64498f85180abdd0e27f8b - - default default] 10.0.0.21 "GET /v2.0/security-groups?id=21ce3926-1bd4-4037-8c95-c764bf9542de&fields=id&fields=name HTTP/1.1" status: 200 len: 312 time: 0.0680199
2026-06-26 11:34:57.213 9 INFO neutron.wsgi [req-8f0a5ffe-69b9-4b9c-97d8-696208d24762 req-d4529fc2-23a3-4303-9d15-7263d954e21f 5648e3110ec5440bb017c09d572faa77 b5d21df64b0f451aab2c5af97b1d7631 - - default default] 10.0.0.21 "GET /v2.0/ports?device_id=b4d9915c-8a2c-42ee-896a-6a48efa7749d HTTP/1.1" status: 200 len: 1174 time: 0.1338625
2026-06-26 11:34:57.314 9 INFO neutron.wsgi [req-8f0a5ffe-69b9-4b9c-97d8-696208d24762 req-f6e3dfad-78eb-48dd-a40c-2a87e4731b16 5648e3110ec5440bb017c09d572faa77 b5d21df64b0f451aab2c5af97b1d7631 - - default default] 10.0.0.21 "GET /v2.0/security-groups?id=9135362f-e759-41f8-8231-da266aefca50&fields=id&fields=name HTTP/1.1" status: 200 len: 312 time: 0.0929441
2026-06-26 11:34:57.459 9 INFO neutron.wsgi [req-f74160c4-ba5b-4008-8b44-0dd4d433b805 req-c644a40a-8b83-4c2d-aa9b-457a9146ba1e 5648e3110ec5440bb017c09d572faa77 b5d21df64b0f451aab2c5af97b1d7631 - - default default] 10.0.0.21 "GET /v2.0/ports?device_id=b4d9915c-8a2c-42ee-896a-6a48efa7749d HTTP/1.1" status: 200 len: 1174 time: 0.0635045
2026-06-26 11:34:57.477 9 INFO neutron.wsgi [req-6472e30b-89bb-4550-9883-674b8c238a6f req-01550602-a9f1-495c-809d-03e9f1075497 3f6cc21e31844546913160e0a8849484 52761cb6bd64498f85180abdd0e27f8b - - default default] 10.0.0.21 "GET /v2.0/ports?device_id=0f1f2faa-ec14-4a54-94df-8af7538a8923 HTTP/1.1" status: 200 len: 1174 time: 0.1312048
2026-06-26 11:34:57.613 10 INFO neutron.db.ovn_revision_numbers_db [None req-1355ec01-5256-4411-901f-8f5df9cf0bc4 8d8b93d0de2e4d33a9527d5ff193614f 0d9cfadafc714e47be3a14b9ff0c38c6 - - default default] Successfully bumped revision number for resource f95be9c6-0869-4495-aeb9-24917e50bd20 (type: security_groups) to 1
2026-06-26 11:34:57.634 10 INFO neutron.db.ovn_revision_numbers_db [None req-1355ec01-5256-4411-901f-8f5df9cf0bc4 8d8b93d0de2e4d33a9527d5ff193614f 0d9cfadafc714e47be3a14b9ff0c38c6 - - default default] Successfully bumped revision number for resource 1935c50a-1794-4f35-84b9-63d9eaa26eef (type: security_group_rules) to 0
2026-06-26 11:34:57.663 10 INFO neutron.db.ovn_revision_numbers_db [None req-1355ec01-5256-4411-901f-8f5df9cf0bc4 8d8b93d0de2e4d33a9527d5ff193614f 0d9cfadafc714e47be3a14b9ff0c38c6 - - default default] Successfully bumped revision number for resource 68e44073-f7af-479e-bab6-9515b9b1c6bb (type: security_group_rules) to 0
2026-06-26 11:34:57.677 10 INFO neutron.db.ovn_revision_numbers_db [None req-1355ec01-5256-4411-901f-8f5df9cf0bc4 8d8b93d0de2e4d33a9527d5ff193614f 0d9cfadafc714e47be3a14b9ff0c38c6 - - default default] Successfully bumped revision number for resource a4a89520-0d60-4152-8481-31f73c45bc45 (type: security_group_rules) to 0
2026-06-26 11:34:57.680 10 INFO neutron.db.l3_db [None req-8b510d94-6d19-4fc5-aac0-83d35da0aa44 5648e3110ec5440bb017c09d572faa77 b5d21df64b0f451aab2c5af97b1d7631 - - default default] Floating IP 1c303063-5a65-46e0-a5a4-d239d341abaa associated. External IP: 10.96.250.217, port: b984bf3f-88d0-41ce-8e91-8cbdfbb7ca66.
2026-06-26 11:34:57.707 10 INFO neutron.db.ovn_revision_numbers_db [None req-1355ec01-5256-4411-901f-8f5df9cf0bc4 8d8b93d0de2e4d33a9527d5ff193614f 0d9cfadafc714e47be3a14b9ff0c38c6 - - default default] Successfully bumped revision number for resource d8d5cf5d-5cf6-44a2-80f9-d539915e6e93 (type: security_group_rules) to 0
2026-06-26 11:34:57.788 10 INFO neutron.db.segments_db [None req-1355ec01-5256-4411-901f-8f5df9cf0bc4 8d8b93d0de2e4d33a9527d5ff193614f 0d9cfadafc714e47be3a14b9ff0c38c6 - - default default] Added segment 2dc72d72-2008-4eb1-a959-60dde2e1a170 of type geneve for network e0605a68-d94f-4a74-afa5-66d772ecca50
2026-06-26 11:34:57.931 9 INFO neutron.db.l3_db [None req-528699e0-1376-4672-8ee4-8d4de7ffe96b 3f6cc21e31844546913160e0a8849484 52761cb6bd64498f85180abdd0e27f8b - - default default] Floating IP 58da9986-fcf9-4a9b-b246-a1bd9f6d4135 associated. External IP: 10.96.250.218, port: 0788c846-e821-485c-8ddc-cebef7bba56e.
2026-06-26 11:34:57.964 10 INFO neutron.db.ovn_revision_numbers_db [None req-8b510d94-6d19-4fc5-aac0-83d35da0aa44 5648e3110ec5440bb017c09d572faa77 b5d21df64b0f451aab2c5af97b1d7631 - - default default] Successfully bumped revision number for resource 1c303063-5a65-46e0-a5a4-d239d341abaa (type: floatingips) to 1
2026-06-26 11:34:58.009 10 INFO neutron.db.ovn_revision_numbers_db [None req-1355ec01-5256-4411-901f-8f5df9cf0bc4 8d8b93d0de2e4d33a9527d5ff193614f 0d9cfadafc714e47be3a14b9ff0c38c6 - - default default] Successfully bumped revision number for resource e0605a68-d94f-4a74-afa5-66d772ecca50 (type: networks) to 1
2026-06-26 11:34:58.160 9 INFO neutron.db.ovn_revision_numbers_db [None req-528699e0-1376-4672-8ee4-8d4de7ffe96b 3f6cc21e31844546913160e0a8849484 52761cb6bd64498f85180abdd0e27f8b - - default default] Successfully bumped revision number for resource 58da9986-fcf9-4a9b-b246-a1bd9f6d4135 (type: floatingips) to 1
2026-06-26 11:34:58.189 10 INFO neutron.db.ovn_revision_numbers_db [None req-8b510d94-6d19-4fc5-aac0-83d35da0aa44 5648e3110ec5440bb017c09d572faa77 b5d21df64b0f451aab2c5af97b1d7631 - - default default] Successfully bumped revision number for resource 1c303063-5a65-46e0-a5a4-d239d341abaa (type: floatingips) to 2
2026-06-26 11:34:58.215 10 INFO neutron.notifiers.nova [-] Nova event matching ['req-2043c368-9e33-4cce-9bac-6c6ac6fd5f01'] response: {'name': 'network-changed', 'server_uuid': '2dbb9f63-6a74-4040-b1f0-2058e1a88dfb', 'tag': '9f028167-cb17-4764-a98c-a1f79edef54a', 'status': 'completed', 'code': 200}
2026-06-26 11:34:58.226 10 INFO neutron.wsgi [None req-8b510d94-6d19-4fc5-aac0-83d35da0aa44 5648e3110ec5440bb017c09d572faa77 b5d21df64b0f451aab2c5af97b1d7631 - - default default] 10.0.0.155 "PUT /v2.0/floatingips/1c303063-5a65-46e0-a5a4-d239d341abaa HTTP/1.1" status: 200 len: 1050 time: 0.7502475
2026-06-26 11:34:58.267 10 WARNING neutron.scheduler.dhcp_agent_scheduler [None req-1355ec01-5256-4411-901f-8f5df9cf0bc4 8d8b93d0de2e4d33a9527d5ff193614f 0d9cfadafc714e47be3a14b9ff0c38c6 - - default default] No more DHCP agents
2026-06-26 11:34:58.268 10 WARNING neutron.api.rpc.agentnotifiers.dhcp_rpc_agent_api [None req-1355ec01-5256-4411-901f-8f5df9cf0bc4 8d8b93d0de2e4d33a9527d5ff193614f 0d9cfadafc714e47be3a14b9ff0c38c6 - - default default] Unable to schedule network e0605a68-d94f-4a74-afa5-66d772ecca50: no agents available; will retry on subsequent port and subnet creation events.
2026-06-26 11:34:58.283 9 INFO neutron.wsgi [req-b7215dd1-25c6-442b-8ce2-f50392d292cd req-c02ce410-58fe-43fb-a0db-1c88d71961b0 f98daae8be984a6386877d742a7003cf cb639a4a6dd442ebb08599392164bda4 - - 508b69b9609c45618a526eb50132b3d7 508b69b9609c45618a526eb50132b3d7] 199.19.213.147 "GET /v2.0/ports?tenant_id=3dc15d4ab42f43278e08f3057d1289c4&device_id=2dbb9f63-6a74-4040-b1f0-2058e1a88dfb HTTP/1.1" status: 200 len: 1413 time: 0.0482175
2026-06-26 11:34:58.302 9 INFO neutron.db.ovn_revision_numbers_db [None req-528699e0-1376-4672-8ee4-8d4de7ffe96b 3f6cc21e31844546913160e0a8849484 52761cb6bd64498f85180abdd0e27f8b - - default default] Successfully bumped revision number for resource 58da9986-fcf9-4a9b-b246-a1bd9f6d4135 (type: floatingips) to 2
2026-06-26 11:34:58.341 9 INFO neutron.wsgi [req-be75c53a-9bf5-4ba4-a4d5-b23d4feba908 req-c32083c5-abba-491c-a14d-8c5839db01d3 5648e3110ec5440bb017c09d572faa77 b5d21df64b0f451aab2c5af97b1d7631 - - default default] 10.0.0.21 "GET /v2.0/ports?device_id=b4d9915c-8a2c-42ee-896a-6a48efa7749d HTTP/1.1" status: 200 len: 1174 time: 0.0686109
2026-06-26 11:34:58.349 9 INFO neutron.wsgi [None req-528699e0-1376-4672-8ee4-8d4de7ffe96b 3f6cc21e31844546913160e0a8849484 52761cb6bd64498f85180abdd0e27f8b - - default default] 10.0.0.155 "PUT /v2.0/floatingips/58da9986-fcf9-4a9b-b246-a1bd9f6d4135 HTTP/1.1" status: 200 len: 1050 time: 0.8624525
2026-06-26 11:34:58.358 10 INFO neutron.db.ovn_revision_numbers_db [None req-1355ec01-5256-4411-901f-8f5df9cf0bc4 8d8b93d0de2e4d33a9527d5ff193614f 0d9cfadafc714e47be3a14b9ff0c38c6 - - default default] Successfully bumped revision number for resource 4402825f-1131-4935-a122-e045dc67a80d (type: ports) to 1
2026-06-26 11:34:58.384 10 INFO neutron.wsgi [None req-1355ec01-5256-4411-901f-8f5df9cf0bc4 8d8b93d0de2e4d33a9527d5ff193614f 0d9cfadafc714e47be3a14b9ff0c38c6 - - default default] 10.0.0.155 "POST /v2.0/networks HTTP/1.1" status: 201 len: 947 time: 1.1372325
2026-06-26 11:34:58.390 9 INFO neutron.wsgi [req-b7215dd1-25c6-442b-8ce2-f50392d292cd req-43dd8bfc-ed73-4947-ae25-3e3762ffc701 f98daae8be984a6386877d742a7003cf cb639a4a6dd442ebb08599392164bda4 - - 508b69b9609c45618a526eb50132b3d7 508b69b9609c45618a526eb50132b3d7] 199.19.213.147 "GET /v2.0/networks?id=791aa1db-e62c-4839-8c19-efe8c63a398e HTTP/1.1" status: 200 len: 974 time: 0.0964875 /var/lib/openstack/lib/python3.10/site-packages/pycadf/identifier.py:71: UserWarning: Invalid uuid: neutron. To ensure interoperability, identifiers should be a valid uuid. warnings.warn(('Invalid uuid: %s. To ensure interoperability, '
2026-06-26 11:34:58.399 9 INFO neutron.wsgi [req-be75c53a-9bf5-4ba4-a4d5-b23d4feba908 req-e0a67db3-73df-413d-9128-d7fcb326d494 5648e3110ec5440bb017c09d572faa77 b5d21df64b0f451aab2c5af97b1d7631 - - default default] 10.0.0.21 "GET /v2.0/security-groups?id=9135362f-e759-41f8-8231-da266aefca50&fields=id&fields=name HTTP/1.1" status: 200 len: 312 time: 0.0447977
2026-06-26 11:34:58.468 9 INFO neutron.notifiers.nova [-] Nova event matching ['req-093c2f00-86cd-4af9-9ac2-dc1fb7178c7a'] response: {'name': 'network-changed', 'server_uuid': '0f1f2faa-ec14-4a54-94df-8af7538a8923', 'tag': '0788c846-e821-485c-8ddc-cebef7bba56e', 'status': 'completed', 'code': 200}
2026-06-26 11:34:58.474 9 INFO neutron.wsgi [req-e41704bd-be93-4730-a86f-c06c6ae2872a req-e299bffe-df0f-4e1d-b31e-bfd396128be2 3f6cc21e31844546913160e0a8849484 52761cb6bd64498f85180abdd0e27f8b - - default default] 10.0.0.21 "GET /v2.0/ports?device_id=0f1f2faa-ec14-4a54-94df-8af7538a8923 HTTP/1.1" status: 200 len: 1174 time: 0.0830956
2026-06-26 11:34:58.504 9 INFO neutron.wsgi [req-b7215dd1-25c6-442b-8ce2-f50392d292cd req-d1d64923-daa9-4955-8a6a-423c3373cad7 f98daae8be984a6386877d742a7003cf cb639a4a6dd442ebb08599392164bda4 - - 508b69b9609c45618a526eb50132b3d7 508b69b9609c45618a526eb50132b3d7] 199.19.213.147 "GET /v2.0/floatingips?fixed_ip_address=10.100.0.12&port_id=9f028167-cb17-4764-a98c-a1f79edef54a HTTP/1.1" status: 200 len: 1060 time: 0.1045516
2026-06-26 11:34:58.546 9 INFO neutron.wsgi [req-27f10453-b708-46f6-8859-a4bb787e3b34 req-f5f54845-8dd1-4126-918d-ee5456668692 f98daae8be984a6386877d742a7003cf cb639a4a6dd442ebb08599392164bda4 - - 508b69b9609c45618a526eb50132b3d7 508b69b9609c45618a526eb50132b3d7] 199.19.213.147 "GET /v2.0/ports?tenant_id=52761cb6bd64498f85180abdd0e27f8b&device_id=0f1f2faa-ec14-4a54-94df-8af7538a8923 HTTP/1.1" status: 200 len: 1413 time: 0.0542684
2026-06-26 11:34:58.569 9 INFO neutron.wsgi [req-b7215dd1-25c6-442b-8ce2-f50392d292cd req-f2f9753c-6513-46ef-9a7b-4cacaa89b886 f98daae8be984a6386877d742a7003cf cb639a4a6dd442ebb08599392164bda4 - - 508b69b9609c45618a526eb50132b3d7 508b69b9609c45618a526eb50132b3d7] 199.19.213.147 "GET /v2.0/subnets?id=18c61ed4-44f8-4c68-96b9-6ab689a1729a HTTP/1.1" status: 200 len: 869 time: 0.0558114
2026-06-26 11:34:58.573 9 INFO neutron.wsgi [req-e41704bd-be93-4730-a86f-c06c6ae2872a req-414a7466-1454-48c8-881a-52c12462b6da 3f6cc21e31844546913160e0a8849484 52761cb6bd64498f85180abdd0e27f8b - - default default] 10.0.0.21 "GET /v2.0/security-groups?id=21ce3926-1bd4-4037-8c95-c764bf9542de&fields=id&fields=name HTTP/1.1" status: 200 len: 312 time: 0.0933244
2026-06-26 11:34:58.579 10 WARNING neutron.scheduler.dhcp_agent_scheduler [None req-8821f790-cd89-47a9-92ea-066137b4b0f5 8d8b93d0de2e4d33a9527d5ff193614f 0d9cfadafc714e47be3a14b9ff0c38c6 - - default default] No more DHCP agents
2026-06-26 11:34:58.581 10 WARNING neutron.api.rpc.agentnotifiers.dhcp_rpc_agent_api [None req-8821f790-cd89-47a9-92ea-066137b4b0f5 8d8b93d0de2e4d33a9527d5ff193614f 0d9cfadafc714e47be3a14b9ff0c38c6 - - default default] Unable to schedule network e0605a68-d94f-4a74-afa5-66d772ecca50: no agents available; will retry on subsequent port and subnet creation events.
2026-06-26 11:34:58.616 9 INFO neutron.wsgi [req-b7215dd1-25c6-442b-8ce2-f50392d292cd req-3ca12ff8-badd-49fc-a584-ea2e0343ba74 f98daae8be984a6386877d742a7003cf cb639a4a6dd442ebb08599392164bda4 - - 508b69b9609c45618a526eb50132b3d7 508b69b9609c45618a526eb50132b3d7] 199.19.213.147 "GET /v2.0/ports?network_id=791aa1db-e62c-4839-8c19-efe8c63a398e&device_owner=network%3Adhcp HTTP/1.1" status: 200 len: 210 time: 0.0357492
2026-06-26 11:34:58.658 9 INFO neutron.wsgi [req-27f10453-b708-46f6-8859-a4bb787e3b34 req-f46a3770-a982-44e5-89da-535b14185d3e f98daae8be984a6386877d742a7003cf cb639a4a6dd442ebb08599392164bda4 - - 508b69b9609c45618a526eb50132b3d7 508b69b9609c45618a526eb50132b3d7] 199.19.213.147 "GET /v2.0/networks?id=42e14aa2-9708-4103-ab1e-c9dd71a1dfb5 HTTP/1.1" status: 200 len: 968 time: 0.1032302
2026-06-26 11:34:58.691 9 INFO neutron.wsgi [req-b7215dd1-25c6-442b-8ce2-f50392d292cd req-dea80028-2d87-4d7d-bcfb-8673d0d10221 f98daae8be984a6386877d742a7003cf cb639a4a6dd442ebb08599392164bda4 - - 508b69b9609c45618a526eb50132b3d7 508b69b9609c45618a526eb50132b3d7] 199.19.213.147 "GET /v2.0/networks/791aa1db-e62c-4839-8c19-efe8c63a398e?fields=segments HTTP/1.1" status: 200 len: 212 time: 0.0690854
2026-06-26 11:34:58.720 9 INFO neutron.wsgi [req-27f10453-b708-46f6-8859-a4bb787e3b34 req-64480177-6929-4d0b-96cf-80e064e05aba f98daae8be984a6386877d742a7003cf cb639a4a6dd442ebb08599392164bda4 - - 508b69b9609c45618a526eb50132b3d7 508b69b9609c45618a526eb50132b3d7] 199.19.213.147 "GET /v2.0/floatingips?fixed_ip_address=10.100.0.10&port_id=0788c846-e821-485c-8ddc-cebef7bba56e HTTP/1.1" status: 200 len: 1060 time: 0.0586128
2026-06-26 11:34:58.891 9 INFO neutron.wsgi [req-27f10453-b708-46f6-8859-a4bb787e3b34 req-a06bc4e0-baa0-4629-97e3-bb597acd279b f98daae8be984a6386877d742a7003cf cb639a4a6dd442ebb08599392164bda4 - - 508b69b9609c45618a526eb50132b3d7 508b69b9609c45618a526eb50132b3d7] 199.19.213.147 "GET /v2.0/subnets?id=459f8398-08bd-486e-8277-98ff1cf8aecd HTTP/1.1" status: 200 len: 863 time: 0.0350235
2026-06-26 11:34:58.893 9 INFO neutron.wsgi [req-b7215dd1-25c6-442b-8ce2-f50392d292cd req-7c654291-c810-457a-bc45-1465eac55605 f98daae8be984a6386877d742a7003cf cb639a4a6dd442ebb08599392164bda4 - - 508b69b9609c45618a526eb50132b3d7 508b69b9609c45618a526eb50132b3d7] 199.19.213.147 "GET /v2.0/networks/791aa1db-e62c-4839-8c19-efe8c63a398e?fields=provider%3Aphysical_network&fields=provider%3Anetwork_type HTTP/1.1" status: 200 len: 277 time: 0.1974776
2026-06-26 11:34:58.935 9 INFO neutron.wsgi [req-27f10453-b708-46f6-8859-a4bb787e3b34 req-1373e5d8-fce8-4880-bd27-52a3c111d3c6 f98daae8be984a6386877d742a7003cf cb639a4a6dd442ebb08599392164bda4 - - 508b69b9609c45618a526eb50132b3d7 508b69b9609c45618a526eb50132b3d7] 199.19.213.147 "GET /v2.0/ports?network_id=42e14aa2-9708-4103-ab1e-c9dd71a1dfb5&device_owner=network%3Adhcp HTTP/1.1" status: 200 len: 210 time: 0.0331099
2026-06-26 11:34:58.943 9 INFO neutron.plugins.ml2.drivers.ovn.mech_driver.mech_driver [None req-6e290fc2-6da2-4c20-ab1d-6409e8e4f2d4 - - - - - -] OVN reports status down for port: 0788c846-e821-485c-8ddc-cebef7bba56e
2026-06-26 11:34:58.987 9 INFO neutron.wsgi [req-c5845728-19ad-4ed7-8be8-27947503a77f req-e41c6d65-929e-4df2-95dd-6b108050c532 3f6cc21e31844546913160e0a8849484 52761cb6bd64498f85180abdd0e27f8b - - default default] 10.0.0.21 "GET /v2.0/ports?device_id=0f1f2faa-ec14-4a54-94df-8af7538a8923 HTTP/1.1" status: 200 len: 1174 time: 0.0879650
2026-06-26 11:34:59.041 9 INFO neutron.wsgi [req-27f10453-b708-46f6-8859-a4bb787e3b34 req-ba0d8591-bebb-43c3-8d1d-004b70dc07d6 f98daae8be984a6386877d742a7003cf cb639a4a6dd442ebb08599392164bda4 - - 508b69b9609c45618a526eb50132b3d7 508b69b9609c45618a526eb50132b3d7] 199.19.213.147 "GET /v2.0/networks/42e14aa2-9708-4103-ab1e-c9dd71a1dfb5?fields=segments HTTP/1.1" status: 200 len: 212 time: 0.0955312
2026-06-26 11:34:59.047 9 INFO neutron.wsgi [req-c5845728-19ad-4ed7-8be8-27947503a77f req-6c29d9ac-2fcd-4235-99c8-8b8eabb34c03 3f6cc21e31844546913160e0a8849484 52761cb6bd64498f85180abdd0e27f8b - - default default] 10.0.0.21 "GET /v2.0/security-groups?id=21ce3926-1bd4-4037-8c95-c764bf9542de&fields=id&fields=name HTTP/1.1" status: 200 len: 312 time: 0.0506241
2026-06-26 11:34:59.112 10 INFO neutron.db.ovn_revision_numbers_db [None req-8821f790-cd89-47a9-92ea-066137b4b0f5 8d8b93d0de2e4d33a9527d5ff193614f 0d9cfadafc714e47be3a14b9ff0c38c6 - - default default] Successfully bumped revision number for resource 4402825f-1131-4935-a122-e045dc67a80d (type: ports) to 2
2026-06-26 11:34:59.149 10 INFO neutron.db.ovn_revision_numbers_db [None req-8821f790-cd89-47a9-92ea-066137b4b0f5 8d8b93d0de2e4d33a9527d5ff193614f 0d9cfadafc714e47be3a14b9ff0c38c6 - - default default] Successfully bumped revision number for resource 4a7d0f9c-12fa-4f93-b8a6-42693ada58ab (type: subnets) to 0
2026-06-26 11:34:59.157 9 INFO neutron.wsgi [req-27f10453-b708-46f6-8859-a4bb787e3b34 req-80cba9fb-8b02-4715-9db0-10f835e21f20 f98daae8be984a6386877d742a7003cf cb639a4a6dd442ebb08599392164bda4 - - 508b69b9609c45618a526eb50132b3d7 508b69b9609c45618a526eb50132b3d7] 199.19.213.147 "GET /v2.0/networks/42e14aa2-9708-4103-ab1e-c9dd71a1dfb5?fields=provider%3Aphysical_network&fields=provider%3Anetwork_type HTTP/1.1" status: 200 len: 277 time: 0.1087434
2026-06-26 11:34:59.179 10 INFO neutron.wsgi [None req-8821f790-cd89-47a9-92ea-066137b4b0f5 8d8b93d0de2e4d33a9527d5ff193614f 0d9cfadafc714e47be3a14b9ff0c38c6 - - default default] 10.0.0.155 "POST /v2.0/subnets HTTP/1.1" status: 201 len: 867 time: 0.7899084
2026-06-26 11:34:59.338 9 INFO neutron.wsgi [req-f0d9cf0a-79da-4bea-9d63-65b24e983ab2 req-3250bb86-8616-479a-8849-57af4a24cac9 3f6cc21e31844546913160e0a8849484 52761cb6bd64498f85180abdd0e27f8b - - default default] 199.19.213.147 "GET /v2.0/ports?device_id=0f1f2faa-ec14-4a54-94df-8af7538a8923 HTTP/1.1" status: 200 len: 1172 time: 0.0579298
2026-06-26 11:34:59.416 9 INFO neutron.db.ovn_revision_numbers_db [None req-6e290fc2-6da2-4c20-ab1d-6409e8e4f2d4 - - - - - -] Successfully bumped revision number for resource 0788c846-e821-485c-8ddc-cebef7bba56e (type: ports) to 5
2026-06-26 11:34:59.799 9 INFO neutron.db.l3_db [req-f0d9cf0a-79da-4bea-9d63-65b24e983ab2 req-0cb984b0-9b55-41b5-8507-eb6cd118d90d 3f6cc21e31844546913160e0a8849484 52761cb6bd64498f85180abdd0e27f8b - - default default] Floating IP 58da9986-fcf9-4a9b-b246-a1bd9f6d4135 disassociated. External IP: 10.96.250.218, port: 0788c846-e821-485c-8ddc-cebef7bba56e.
2026-06-26 11:34:59.906 9 WARNING neutron.scheduler.dhcp_agent_scheduler [None req-97ee01fe-8e4f-462b-8b1c-6fc6cf3fcd78 8d8b93d0de2e4d33a9527d5ff193614f 0d9cfadafc714e47be3a14b9ff0c38c6 - - default default] No more DHCP agents
2026-06-26 11:34:59.909 9 WARNING neutron.api.rpc.agentnotifiers.dhcp_rpc_agent_api [None req-97ee01fe-8e4f-462b-8b1c-6fc6cf3fcd78 8d8b93d0de2e4d33a9527d5ff193614f 0d9cfadafc714e47be3a14b9ff0c38c6 - - default default] Unable to schedule network 40172fb8-2309-4fcd-8b81-a10ae0187096: no agents available; will retry on subsequent port and subnet creation events. /var/lib/openstack/lib/python3.10/site-packages/pycadf/identifier.py:71: UserWarning: Invalid uuid: neutron. To ensure interoperability, identifiers should be a valid uuid. warnings.warn(('Invalid uuid: %s. To ensure interoperability, '
2026-06-26 11:35:00.166 9 INFO neutron.wsgi [req-61b7cc2f-69ac-4be6-84ed-e9b7d9d01d6f req-c0bd611e-e11a-4309-8ea5-fb5cede7e497 3f6cc21e31844546913160e0a8849484 52761cb6bd64498f85180abdd0e27f8b - - default default] 10.0.0.21 "GET /v2.0/ports?device_id=0f1f2faa-ec14-4a54-94df-8af7538a8923 HTTP/1.1" status: 200 len: 210 time: 0.0260613
2026-06-26 11:35:00.176 9 INFO neutron.wsgi [req-f0d9cf0a-79da-4bea-9d63-65b24e983ab2 req-0cb984b0-9b55-41b5-8507-eb6cd118d90d 3f6cc21e31844546913160e0a8849484 52761cb6bd64498f85180abdd0e27f8b - - default default] 199.19.213.147 "DELETE /v2.0/ports/0788c846-e821-485c-8ddc-cebef7bba56e HTTP/1.1" status: 204 len: 173 time: 0.8332679
2026-06-26 11:35:00.212 9 INFO neutron.db.ovn_revision_numbers_db [None req-97ee01fe-8e4f-462b-8b1c-6fc6cf3fcd78 8d8b93d0de2e4d33a9527d5ff193614f 0d9cfadafc714e47be3a14b9ff0c38c6 - - default default] Successfully bumped revision number for resource 0abcc4f7-737f-47b5-84f6-2837192434bc (type: ports) to 1
2026-06-26 11:35:00.252 10 INFO neutron.notifiers.nova [-] Nova event matching ['req-3f2f5420-c55c-4252-8066-f8501fa6d699'] response: {'name': 'network-changed', 'server_uuid': 'b4d9915c-8a2c-42ee-896a-6a48efa7749d', 'tag': 'b984bf3f-88d0-41ce-8e91-8cbdfbb7ca66', 'status': 'completed', 'code': 200}
2026-06-26 11:35:00.301 9 INFO neutron.wsgi [req-657c9262-8ede-471b-bcce-4e7ecc8ed6d4 req-e0642109-4244-4458-a03d-c528cd535859 f98daae8be984a6386877d742a7003cf cb639a4a6dd442ebb08599392164bda4 - - 508b69b9609c45618a526eb50132b3d7 508b69b9609c45618a526eb50132b3d7] 199.19.213.147 "GET /v2.0/ports?tenant_id=b5d21df64b0f451aab2c5af97b1d7631&device_id=b4d9915c-8a2c-42ee-896a-6a48efa7749d HTTP/1.1" status: 200 len: 1413 time: 0.0291047
2026-06-26 11:35:00.374 9 INFO neutron.wsgi [req-657c9262-8ede-471b-bcce-4e7ecc8ed6d4 req-6b1a05e9-53df-4765-b2aa-26e385f556a4 f98daae8be984a6386877d742a7003cf cb639a4a6dd442ebb08599392164bda4 - - 508b69b9609c45618a526eb50132b3d7 508b69b9609c45618a526eb50132b3d7] 199.19.213.147 "GET /v2.0/networks?id=2365e85e-bc72-4922-bd33-100039327aa5 HTTP/1.1" status: 200 len: 982 time: 0.0629141
2026-06-26 11:35:00.430 9 INFO neutron.wsgi [req-657c9262-8ede-471b-bcce-4e7ecc8ed6d4 req-f983bc7d-b7db-49e7-8e8a-28460b178ea1 f98daae8be984a6386877d742a7003cf cb639a4a6dd442ebb08599392164bda4 - - 508b69b9609c45618a526eb50132b3d7 508b69b9609c45618a526eb50132b3d7] 199.19.213.147 "GET /v2.0/floatingips?fixed_ip_address=10.100.0.11&port_id=b984bf3f-88d0-41ce-8e91-8cbdfbb7ca66 HTTP/1.1" status: 200 len: 1060 time: 0.0459158
2026-06-26 11:35:00.522 9 INFO neutron.notifiers.nova [-] Nova event matching ['req-38711040-ef36-48d4-92c6-80e6ddb37d14'] response: {'server_uuid': '0f1f2faa-ec14-4a54-94df-8af7538a8923', 'name': 'network-vif-unplugged', 'status': 'completed', 'tag': '0788c846-e821-485c-8ddc-cebef7bba56e', 'code': 200}
2026-06-26 11:35:00.522 9 INFO neutron.notifiers.nova [-] Nova event matching ['req-38711040-ef36-48d4-92c6-80e6ddb37d14'] response: {'server_uuid': '0f1f2faa-ec14-4a54-94df-8af7538a8923', 'name': 'network-vif-plugged', 'status': 'completed', 'tag': '0788c846-e821-485c-8ddc-cebef7bba56e', 'code': 200}
2026-06-26 11:35:00.522 9 INFO neutron.notifiers.nova [-] Nova event matching ['req-38711040-ef36-48d4-92c6-80e6ddb37d14'] response: {'server_uuid': '0f1f2faa-ec14-4a54-94df-8af7538a8923', 'name': 'network-vif-deleted', 'tag': '0788c846-e821-485c-8ddc-cebef7bba56e', 'status': 'completed', 'code': 200}
2026-06-26 11:35:00.533 9 INFO neutron.wsgi [req-657c9262-8ede-471b-bcce-4e7ecc8ed6d4 req-e244f52e-f6aa-4b1d-bee1-99f28f09dccd f98daae8be984a6386877d742a7003cf cb639a4a6dd442ebb08599392164bda4 - - 508b69b9609c45618a526eb50132b3d7 508b69b9609c45618a526eb50132b3d7] 199.19.213.147 "GET /v2.0/subnets?id=b983dfb3-58df-4b9e-9680-d678a5edeafc HTTP/1.1" status: 200 len: 877 time: 0.0876002
2026-06-26 11:35:00.559 9 INFO neutron.wsgi [req-657c9262-8ede-471b-bcce-4e7ecc8ed6d4 req-7c9fc0eb-4d8d-4dd1-9884-35bb4b075b71 f98daae8be984a6386877d742a7003cf cb639a4a6dd442ebb08599392164bda4 - - 508b69b9609c45618a526eb50132b3d7 508b69b9609c45618a526eb50132b3d7] 199.19.213.147 "GET /v2.0/ports?network_id=2365e85e-bc72-4922-bd33-100039327aa5&device_owner=network%3Adhcp HTTP/1.1" status: 200 len: 210 time: 0.0208766
2026-06-26 11:35:00.652 9 INFO neutron.wsgi [req-657c9262-8ede-471b-bcce-4e7ecc8ed6d4 req-14baed68-ccbf-4f25-9c8a-e6c37b40874d f98daae8be984a6386877d742a7003cf cb639a4a6dd442ebb08599392164bda4 - - 508b69b9609c45618a526eb50132b3d7 508b69b9609c45618a526eb50132b3d7] 199.19.213.147 "GET /v2.0/networks/2365e85e-bc72-4922-bd33-100039327aa5?fields=segments HTTP/1.1" status: 200 len: 212 time: 0.0852349
2026-06-26 11:35:00.737 9 INFO neutron.wsgi [req-657c9262-8ede-471b-bcce-4e7ecc8ed6d4 req-a976c736-0ada-402d-ac0b-6fdbd06a495a f98daae8be984a6386877d742a7003cf cb639a4a6dd442ebb08599392164bda4 - - 508b69b9609c45618a526eb50132b3d7 508b69b9609c45618a526eb50132b3d7] 199.19.213.147 "GET /v2.0/networks/2365e85e-bc72-4922-bd33-100039327aa5?fields=provider%3Aphysical_network&fields=provider%3Anetwork_type HTTP/1.1" status: 200 len: 277 time: 0.0791190
2026-06-26 11:35:00.940 10 INFO neutron.plugins.ml2.drivers.ovn.mech_driver.mech_driver [None req-68fcd872-8e44-4bab-a851-ba7882843030 - - - - - -] OVN reports status up for port: 0abcc4f7-737f-47b5-84f6-2837192434bc
2026-06-26 11:35:00.942 9 INFO neutron.plugins.ml2.drivers.ovn.mech_driver.ovsdb.ovsdb_monitor [None req-b55c0045-deb6-457d-9c10-47d5fdd6a059 - - - - - -] Router 3696ea4b-de7e-4bda-b3ad-ded406195984 is bound to host instance
2026-06-26 11:35:00.961 10 INFO neutron.plugins.ml2.plugin [None req-68fcd872-8e44-4bab-a851-ba7882843030 - - - - - -] Attempt 1 to provision port 0abcc4f7-737f-47b5-84f6-2837192434bc
2026-06-26 11:35:00.962 9 INFO neutron.db.ovn_revision_numbers_db [None req-97ee01fe-8e4f-462b-8b1c-6fc6cf3fcd78 8d8b93d0de2e4d33a9527d5ff193614f 0d9cfadafc714e47be3a14b9ff0c38c6 - - default default] Successfully bumped revision number for resource 0abcc4f7-737f-47b5-84f6-2837192434bc (type: router_ports) to 1
2026-06-26 11:35:01.070 9 INFO neutron.db.ovn_revision_numbers_db [None req-97ee01fe-8e4f-462b-8b1c-6fc6cf3fcd78 8d8b93d0de2e4d33a9527d5ff193614f 0d9cfadafc714e47be3a14b9ff0c38c6 - - default default] Successfully bumped revision number for resource 3696ea4b-de7e-4bda-b3ad-ded406195984 (type: routers) to 2
2026-06-26 11:35:01.091 9 INFO neutron.wsgi [None req-97ee01fe-8e4f-462b-8b1c-6fc6cf3fcd78 8d8b93d0de2e4d33a9527d5ff193614f 0d9cfadafc714e47be3a14b9ff0c38c6 - - default default] 10.0.0.155 "POST /v2.0/routers HTTP/1.1" status: 201 len: 878 time: 1.9018383 /var/lib/openstack/lib/python3.10/site-packages/pycadf/identifier.py:71: UserWarning: Invalid uuid: neutron. To ensure interoperability, identifiers should be a valid uuid. warnings.warn(('Invalid uuid: %s. To ensure interoperability, '
2026-06-26 11:35:01.380 10 INFO neutron.wsgi [None req-5890e6d6-14f6-4a5d-84fe-03d6d2b225b5 3f6cc21e31844546913160e0a8849484 52761cb6bd64498f85180abdd0e27f8b - - default default] 10.0.0.155 "DELETE /v2.0/security-groups/21ce3926-1bd4-4037-8c95-c764bf9542de HTTP/1.1" status: 204 len: 168 time: 0.1256559
2026-06-26 11:35:01.396 10 INFO neutron.api.v2.resource [None req-0e631039-bc8f-4e2e-acc5-c51358182d53 3f6cc21e31844546913160e0a8849484 52761cb6bd64498f85180abdd0e27f8b - - default default] show failed (client error): The resource could not be found.
2026-06-26 11:35:01.397 10 INFO neutron.wsgi [None req-0e631039-bc8f-4e2e-acc5-c51358182d53 3f6cc21e31844546913160e0a8849484 52761cb6bd64498f85180abdd0e27f8b - - default default] 10.0.0.155 "GET /v2.0/security-groups/21ce3926-1bd4-4037-8c95-c764bf9542de HTTP/1.1" status: 404 len: 347 time: 0.0134292
2026-06-26 11:35:01.722 9 INFO neutron.db.ovn_revision_numbers_db [None req-b55c0045-deb6-457d-9c10-47d5fdd6a059 - - - - - -] Successfully bumped revision number for resource 0abcc4f7-737f-47b5-84f6-2837192434bc (type: ports) to 1
2026-06-26 11:35:01.763 10 INFO neutron.wsgi [None req-8f4fd45d-27b7-4d9f-9aff-625924dbe010 3f6cc21e31844546913160e0a8849484 52761cb6bd64498f85180abdd0e27f8b - - default default] 10.0.0.155 "DELETE /v2.0/floatingips/58da9986-fcf9-4a9b-b246-a1bd9f6d4135 HTTP/1.1" status: 204 len: 168 time: 0.3634839
2026-06-26 11:35:01.765 9 WARNING neutron.scheduler.dhcp_agent_scheduler [None req-4e3bee0d-318c-4298-b45c-4f575abf3bf8 8d8b93d0de2e4d33a9527d5ff193614f 0d9cfadafc714e47be3a14b9ff0c38c6 - - default default] No more DHCP agents
2026-06-26 11:35:01.772 9 WARNING neutron.api.rpc.agentnotifiers.dhcp_rpc_agent_api [None req-4e3bee0d-318c-4298-b45c-4f575abf3bf8 8d8b93d0de2e4d33a9527d5ff193614f 0d9cfadafc714e47be3a14b9ff0c38c6 - - default default] Unable to schedule network e0605a68-d94f-4a74-afa5-66d772ecca50: no agents available; will retry on subsequent port and subnet creation events.
2026-06-26 11:35:01.963 9 INFO neutron.db.ovn_revision_numbers_db [None req-4e3bee0d-318c-4298-b45c-4f575abf3bf8 8d8b93d0de2e4d33a9527d5ff193614f 0d9cfadafc714e47be3a14b9ff0c38c6 - - default default] Successfully bumped revision number for resource 4b3afe04-ab9a-4690-a852-20452fb5d9ca (type: ports) to 1
2026-06-26 11:35:02.032 9 INFO neutron.db.ovn_revision_numbers_db [None req-b55c0045-deb6-457d-9c10-47d5fdd6a059 - - - - - -] Successfully bumped revision number for resource 0abcc4f7-737f-47b5-84f6-2837192434bc (type: router_ports) to 3
2026-06-26 11:35:02.190 9 INFO neutron.db.ovn_revision_numbers_db [None req-b55c0045-deb6-457d-9c10-47d5fdd6a059 - - - - - -] Successfully bumped revision number for resource 0abcc4f7-737f-47b5-84f6-2837192434bc (type: ports) to 2
2026-06-26 11:35:02.501 9 INFO neutron.db.ovn_revision_numbers_db [None req-4e3bee0d-318c-4298-b45c-4f575abf3bf8 8d8b93d0de2e4d33a9527d5ff193614f 0d9cfadafc714e47be3a14b9ff0c38c6 - - default default] Successfully bumped revision number for resource 4b3afe04-ab9a-4690-a852-20452fb5d9ca (type: router_ports) to 1
2026-06-26 11:35:02.538 9 INFO neutron.db.ovn_revision_numbers_db [None req-b55c0045-deb6-457d-9c10-47d5fdd6a059 - - - - - -] Successfully bumped revision number for resource 0abcc4f7-737f-47b5-84f6-2837192434bc (type: ports) to 4
2026-06-26 11:35:02.686 9 INFO neutron.db.ovn_revision_numbers_db [None req-4e3bee0d-318c-4298-b45c-4f575abf3bf8 8d8b93d0de2e4d33a9527d5ff193614f 0d9cfadafc714e47be3a14b9ff0c38c6 - - default default] Successfully bumped revision number for resource 4b3afe04-ab9a-4690-a852-20452fb5d9ca (type: ports) to 1
2026-06-26 11:35:02.781 9 WARNING neutron.scheduler.dhcp_agent_scheduler [None req-4e3bee0d-318c-4298-b45c-4f575abf3bf8 8d8b93d0de2e4d33a9527d5ff193614f 0d9cfadafc714e47be3a14b9ff0c38c6 - - default default] No more DHCP agents
2026-06-26 11:35:02.783 9 WARNING neutron.api.rpc.agentnotifiers.dhcp_rpc_agent_api [None req-4e3bee0d-318c-4298-b45c-4f575abf3bf8 8d8b93d0de2e4d33a9527d5ff193614f 0d9cfadafc714e47be3a14b9ff0c38c6 - - default default] Unable to schedule network e0605a68-d94f-4a74-afa5-66d772ecca50: no agents available; will retry on subsequent port and subnet creation events.
2026-06-26 11:35:02.855 9 INFO neutron.db.ovn_revision_numbers_db [None req-b55c0045-deb6-457d-9c10-47d5fdd6a059 - - - - - -] Successfully bumped revision number for resource 0abcc4f7-737f-47b5-84f6-2837192434bc (type: router_ports) to 4
2026-06-26 11:35:03.096 10 INFO neutron.wsgi [None req-f33c34f1-799a-45b8-a321-db39b002de26 8d8b93d0de2e4d33a9527d5ff193614f 0d9cfadafc714e47be3a14b9ff0c38c6 - - default default] 10.0.0.155 "PUT /v2.0/routers/36a73e0c-af3c-49b3-b48e-0c6aab2d695f/remove_router_interface HTTP/1.1" status: 200 len: 503 time: 1.3282247 /var/lib/openstack/lib/python3.10/site-packages/pycadf/identifier.py:71: UserWarning: Invalid uuid: neutron. To ensure interoperability, identifiers should be a valid uuid. warnings.warn(('Invalid uuid: %s. To ensure interoperability, '
2026-06-26 11:35:03.538 10 INFO neutron.plugins.ml2.drivers.ovn.mech_driver.mech_driver [None req-68fcd872-8e44-4bab-a851-ba7882843030 - - - - - -] OVN reports status up for port: 4b3afe04-ab9a-4690-a852-20452fb5d9ca
2026-06-26 11:35:03.552 10 INFO neutron.plugins.ml2.plugin [None req-68fcd872-8e44-4bab-a851-ba7882843030 - - - - - -] Attempt 1 to provision port 4b3afe04-ab9a-4690-a852-20452fb5d9ca
2026-06-26 11:35:03.746 9 INFO neutron.db.ovn_revision_numbers_db [None req-4e3bee0d-318c-4298-b45c-4f575abf3bf8 8d8b93d0de2e4d33a9527d5ff193614f 0d9cfadafc714e47be3a14b9ff0c38c6 - - default default] Successfully bumped revision number for resource 4b3afe04-ab9a-4690-a852-20452fb5d9ca (type: router_ports) to 1
2026-06-26 11:35:03.749 9 INFO neutron.wsgi [None req-4e3bee0d-318c-4298-b45c-4f575abf3bf8 8d8b93d0de2e4d33a9527d5ff193614f 0d9cfadafc714e47be3a14b9ff0c38c6 - - default default] 10.0.0.155 "PUT /v2.0/routers/3696ea4b-de7e-4bda-b3ad-ded406195984/add_router_interface HTTP/1.1" status: 200 len: 503 time: 2.6484697
2026-06-26 11:35:03.828 10 INFO neutron.wsgi [None req-dae02c21-7875-4290-84b5-eeaadc5690f8 8d8b93d0de2e4d33a9527d5ff193614f 0d9cfadafc714e47be3a14b9ff0c38c6 - - default default] 10.0.0.155 "DELETE /v2.0/routers/36a73e0c-af3c-49b3-b48e-0c6aab2d695f HTTP/1.1" status: 204 len: 168 time: 0.7250979
2026-06-26 11:35:03.998 10 INFO neutron.db.ovn_revision_numbers_db [None req-68fcd872-8e44-4bab-a851-ba7882843030 - - - - - -] Successfully bumped revision number for resource 4b3afe04-ab9a-4690-a852-20452fb5d9ca (type: ports) to 2
2026-06-26 11:35:04.115 10 INFO neutron.wsgi [None req-7ccc5d05-4985-4c4b-9e73-92fcec14e558 8d8b93d0de2e4d33a9527d5ff193614f 0d9cfadafc714e47be3a14b9ff0c38c6 - - default default] 10.0.0.155 "DELETE /v2.0/subnets/459f8398-08bd-486e-8277-98ff1cf8aecd HTTP/1.1" status: 204 len: 168 time: 0.2824116
2026-06-26 11:35:04.142 10 INFO neutron.db.ovn_revision_numbers_db [None req-68fcd872-8e44-4bab-a851-ba7882843030 - - - - - -] Successfully bumped revision number for resource 4b3afe04-ab9a-4690-a852-20452fb5d9ca (type: router_ports) to 2
2026-06-26 11:35:04.404 9 INFO neutron.db.ovn_revision_numbers_db [req-33ebb420-11d6-4818-b48a-fba99e58149c req-5287370b-ea59-4860-9125-52f1a87c32a9 0551cedfa7254bb7850bd261c90b2839 e149e34981a949ee89dde3d6ae1bc528 - - default default] Successfully bumped revision number for resource 469aab9b-a5c8-4a1f-9219-310aee1c993e (type: security_groups) to 1
2026-06-26 11:35:04.425 9 INFO neutron.db.ovn_revision_numbers_db [req-33ebb420-11d6-4818-b48a-fba99e58149c req-5287370b-ea59-4860-9125-52f1a87c32a9 0551cedfa7254bb7850bd261c90b2839 e149e34981a949ee89dde3d6ae1bc528 - - default default] Successfully bumped revision number for resource 29f675c9-b162-42a8-8b9d-10bb3c122a2d (type: security_group_rules) to 0
2026-06-26 11:35:04.469 9 INFO neutron.db.ovn_revision_numbers_db [req-33ebb420-11d6-4818-b48a-fba99e58149c req-5287370b-ea59-4860-9125-52f1a87c32a9 0551cedfa7254bb7850bd261c90b2839 e149e34981a949ee89dde3d6ae1bc528 - - default default] Successfully bumped revision number for resource 37bc208e-f3b8-44eb-9c20-63541830f1ef (type: security_group_rules) to 0
2026-06-26 11:35:04.494 9 INFO neutron.wsgi [req-33ebb420-11d6-4818-b48a-fba99e58149c req-5287370b-ea59-4860-9125-52f1a87c32a9 0551cedfa7254bb7850bd261c90b2839 e149e34981a949ee89dde3d6ae1bc528 - - default default] 10.0.0.21 "POST /v2.0/security-groups HTTP/1.1" status: 201 len: 1821 time: 0.2603395
2026-06-26 11:35:04.641 9 INFO neutron.wsgi [None req-71b0c6e8-571d-44b4-a99b-b799e0bef7aa 8d8b93d0de2e4d33a9527d5ff193614f 0d9cfadafc714e47be3a14b9ff0c38c6 - - default default] 10.0.0.155 "DELETE /v2.0/networks/42e14aa2-9708-4103-ab1e-c9dd71a1dfb5 HTTP/1.1" status: 204 len: 168 time: 0.5212071
2026-06-26 11:35:04.668 9 INFO neutron.db.ovn_revision_numbers_db [req-1b59ac7e-57b1-47dd-9322-f854e8b8e336 req-4d92f0e5-1e53-4c0e-b2d3-03eb5137a269 0551cedfa7254bb7850bd261c90b2839 e149e34981a949ee89dde3d6ae1bc528 - - default default] Successfully bumped revision number for resource c441c945-9a87-48c0-879e-1e5b5afee00e (type: security_groups) to 1
2026-06-26 11:35:04.690 9 INFO neutron.db.ovn_revision_numbers_db [req-1b59ac7e-57b1-47dd-9322-f854e8b8e336 req-4d92f0e5-1e53-4c0e-b2d3-03eb5137a269 0551cedfa7254bb7850bd261c90b2839 e149e34981a949ee89dde3d6ae1bc528 - - default default] Successfully bumped revision number for resource 5f248b21-aaa1-4785-afac-ebdd0faf1a88 (type: security_group_rules) to 0
2026-06-26 11:35:04.705 9 INFO neutron.db.ovn_revision_numbers_db [req-1b59ac7e-57b1-47dd-9322-f854e8b8e336 req-4d92f0e5-1e53-4c0e-b2d3-03eb5137a269 0551cedfa7254bb7850bd261c90b2839 e149e34981a949ee89dde3d6ae1bc528 - - default default] Successfully bumped revision number for resource 74f4c3b2-9304-424f-828f-4f1ad5f9a35b (type: security_group_rules) to 0
2026-06-26 11:35:04.723 9 INFO neutron.wsgi [req-1b59ac7e-57b1-47dd-9322-f854e8b8e336 req-4d92f0e5-1e53-4c0e-b2d3-03eb5137a269 0551cedfa7254bb7850bd261c90b2839 e149e34981a949ee89dde3d6ae1bc528 - - default default] 10.0.0.21 "POST /v2.0/security-groups HTTP/1.1" status: 201 len: 1821 time: 0.2048013
2026-06-26 11:35:04.823 9 INFO neutron.wsgi [None req-4096d441-25a9-4c5f-a582-8a80c49b86c3 8d8b93d0de2e4d33a9527d5ff193614f 0d9cfadafc714e47be3a14b9ff0c38c6 - - default default] 10.0.0.155 "GET /v2.0/security-groups?tenant_id=52761cb6bd64498f85180abdd0e27f8b&name=default HTTP/1.1" status: 200 len: 2992 time: 0.0499580
2026-06-26 11:35:04.876 9 INFO neutron.db.ovn_revision_numbers_db [req-77249ba8-97b5-4793-8973-3f9ebaed4d2e req-0250a633-7b1c-4cf4-8acf-e674de694049 0551cedfa7254bb7850bd261c90b2839 e149e34981a949ee89dde3d6ae1bc528 - - default default] Successfully bumped revision number for resource f72f264b-a506-45f8-922d-963390d3e954 (type: security_groups) to 1
2026-06-26 11:35:04.888 9 INFO neutron.db.ovn_revision_numbers_db [req-77249ba8-97b5-4793-8973-3f9ebaed4d2e req-0250a633-7b1c-4cf4-8acf-e674de694049 0551cedfa7254bb7850bd261c90b2839 e149e34981a949ee89dde3d6ae1bc528 - - default default] Successfully bumped revision number for resource 3a5fe801-047d-4ae0-9767-a3147c7a6885 (type: security_group_rules) to 0
2026-06-26 11:35:04.901 9 INFO neutron.db.ovn_revision_numbers_db [req-77249ba8-97b5-4793-8973-3f9ebaed4d2e req-0250a633-7b1c-4cf4-8acf-e674de694049 0551cedfa7254bb7850bd261c90b2839 e149e34981a949ee89dde3d6ae1bc528 - - default default] Successfully bumped revision number for resource 526b1a49-54be-4f61-b6a3-fd8c002530a1 (type: security_group_rules) to 0
2026-06-26 11:35:04.919 9 INFO neutron.wsgi [req-77249ba8-97b5-4793-8973-3f9ebaed4d2e req-0250a633-7b1c-4cf4-8acf-e674de694049 0551cedfa7254bb7850bd261c90b2839 e149e34981a949ee89dde3d6ae1bc528 - - default default] 10.0.0.21 "POST /v2.0/security-groups HTTP/1.1" status: 201 len: 1821 time: 0.1721857
2026-06-26 11:35:05.002 9 INFO neutron.wsgi [req-69aa9123-c5fc-4301-a8de-9456cbaba940 req-0057b75c-70a6-4534-8c2c-042224e33308 0551cedfa7254bb7850bd261c90b2839 e149e34981a949ee89dde3d6ae1bc528 - - default default] 10.0.0.21 "GET /v2.0/security-groups?tenant_id=e149e34981a949ee89dde3d6ae1bc528 HTTP/1.1" status: 200 len: 7795 time: 0.0562422
2026-06-26 11:35:05.047 9 INFO neutron.wsgi [req-69aa9123-c5fc-4301-a8de-9456cbaba940 req-61ac6533-7b04-48a5-b982-1f167deb932d 0551cedfa7254bb7850bd261c90b2839 e149e34981a949ee89dde3d6ae1bc528 - - default default] 10.0.0.21 "GET /v2.0/security-groups/f95be9c6-0869-4495-aeb9-24917e50bd20 HTTP/1.1" status: 200 len: 2998 time: 0.0377541
2026-06-26 11:35:05.059 10 INFO neutron.wsgi [None req-1b09aa58-a209-4adc-9451-ea8e0694e0f0 8d8b93d0de2e4d33a9527d5ff193614f 0d9cfadafc714e47be3a14b9ff0c38c6 - - default default] 10.0.0.155 "DELETE /v2.0/security-groups/14b312e4-d609-4dc0-9ea4-ee4dcd38a3a2 HTTP/1.1" status: 204 len: 168 time: 0.2311738
2026-06-26 11:35:05.086 9 INFO neutron.wsgi [req-69aa9123-c5fc-4301-a8de-9456cbaba940 req-47938559-7c8b-4601-8a81-ffee0fed6293 0551cedfa7254bb7850bd261c90b2839 e149e34981a949ee89dde3d6ae1bc528 - - default default] 10.0.0.21 "GET /v2.0/security-groups/f95be9c6-0869-4495-aeb9-24917e50bd20 HTTP/1.1" status: 200 len: 2998 time: 0.0312018
2026-06-26 11:35:05.094 9 INFO neutron.services.segments.plugin [-] Segment 4d8fda10-342a-41cd-acb3-c6c59f8acfae resource provider aggregate not found
2026-06-26 11:35:05.106 9 INFO neutron.services.segments.plugin [-] Segment 4d8fda10-342a-41cd-acb3-c6c59f8acfae resource provider not found; error: Placement Client Error (4xx): {"errors": [{"status": 404, "title": "Not Found", "detail": "The resource could not be found.\n\n No resource provider with uuid 4d8fda10-342a-41cd-acb3-c6c59f8acfae found for delete ", "request_id": "req-9cbdbb5a-10d8-42d4-b908-adc9f0e67a5d"}]}
2026-06-26 11:35:05.119 9 INFO neutron.services.segments.plugin [-] Segment 4d8fda10-342a-41cd-acb3-c6c59f8acfae resource provider aggregate not found
2026-06-26 11:35:05.140 9 INFO neutron.services.segments.plugin [-] Segment 4d8fda10-342a-41cd-acb3-c6c59f8acfae resource provider not found; error: Placement Client Error (4xx): {"errors": [{"status": 404, "title": "Not Found", "detail": "The resource could not be found.\n\n No resource provider with uuid 4d8fda10-342a-41cd-acb3-c6c59f8acfae found for delete ", "request_id": "req-723cb2f7-a8fb-49fc-850a-5ae78b7fa9a9"}]}
2026-06-26 11:35:05.149 9 INFO neutron.wsgi [req-f4fc2ea6-5860-48f9-8ecd-0c8a14e205f8 req-08d786a3-aa68-4b6e-b133-5b7938f9979d 0551cedfa7254bb7850bd261c90b2839 e149e34981a949ee89dde3d6ae1bc528 - - default default] 10.0.0.21 "GET /v2.0/security-groups/469aab9b-a5c8-4a1f-9219-310aee1c993e HTTP/1.1" status: 200 len: 1816 time: 0.0376449
2026-06-26 11:35:05.261 9 INFO neutron.wsgi [req-f4fc2ea6-5860-48f9-8ecd-0c8a14e205f8 req-814c8d3f-1ea0-4a8b-8335-91e048c08f8a 0551cedfa7254bb7850bd261c90b2839 e149e34981a949ee89dde3d6ae1bc528 - - default default] 10.0.0.21 "DELETE /v2.0/security-groups/469aab9b-a5c8-4a1f-9219-310aee1c993e HTTP/1.1" status: 204 len: 173 time: 0.1064403
2026-06-26 11:35:05.306 9 INFO neutron.api.v2.resource [req-026722ee-4916-4c80-a238-53a6dfef146a req-6b1f5d16-b3c6-4bda-8875-a5ef0babf7b8 0551cedfa7254bb7850bd261c90b2839 e149e34981a949ee89dde3d6ae1bc528 - - default default] show failed (client error): The resource could not be found.
2026-06-26 11:35:05.307 9 INFO neutron.wsgi [req-026722ee-4916-4c80-a238-53a6dfef146a req-6b1f5d16-b3c6-4bda-8875-a5ef0babf7b8 0551cedfa7254bb7850bd261c90b2839 e149e34981a949ee89dde3d6ae1bc528 - - default default] 10.0.0.21 "GET /v2.0/security-groups/469aab9b-a5c8-4a1f-9219-310aee1c993e HTTP/1.1" status: 404 len: 352 time: 0.0126643
2026-06-26 11:35:05.354 9 INFO neutron.wsgi [req-932aaa05-f776-47f0-ae22-25db76339793 req-af5ed089-af40-4672-9c15-6ac4644593b4 0551cedfa7254bb7850bd261c90b2839 e149e34981a949ee89dde3d6ae1bc528 - - default default] 10.0.0.21 "GET /v2.0/security-groups/c441c945-9a87-48c0-879e-1e5b5afee00e HTTP/1.1" status: 200 len: 1816 time: 0.0296481
