2026-07-01 12:11:25.578 8 WARNING neutron.api.rpc.agentnotifiers.dhcp_rpc_agent_api [None req-43aa059c-6182-42bb-9eca-880e2d36f8ab d969c73ce808401a9f912e275aa5968b 4169ff0a37994ff9adfdf03f1b0d90c5 - - default default] Unable to schedule network 9d9ee969-4c5d-4596-8add-9315ce24de94: no agents available; will retry on subsequent port and subnet creation events.
2026-07-01 12:11:25.589 7 INFO neutron.db.ovn_revision_numbers_db [None req-bbf2a2cf-8d20-4bb1-a885-00349191dac2 - - - - - -] Successfully bumped revision number for resource aa1e77cd-bfb7-4680-935f-7ed2582b9e02 (type: ports) to 5
2026-07-01 12:11:25.952 7 INFO neutron.db.ovn_revision_numbers_db [None req-a385e896-f6ad-4c97-8d13-d0951cc9ff4f - - - - - -] Successfully bumped revision number for resource 905fa098-2720-4890-b293-9dbac354362d (type: ports) to 2
2026-07-01 12:11:25.978 7 INFO neutron.db.ovn_revision_numbers_db [None req-a385e896-f6ad-4c97-8d13-d0951cc9ff4f - - - - - -] Successfully bumped revision number for resource 3e12799b-333a-47d6-946f-f62a56402b75 (type: subnets) to 0 [pid: 7|app: 0|req: 881/1793] 10.0.0.223 () {34 vars in 669 bytes} [Wed Jul 1 12:11:25 2026] POST /v2.0/subnets => generated 626 bytes in 986 msecs (HTTP/1.1 201) 4 headers in 162 bytes (1 switches on core 0)
2026-07-01 12:11:26.002 8 INFO neutron.db.ovn_revision_numbers_db [None req-43aa059c-6182-42bb-9eca-880e2d36f8ab d969c73ce808401a9f912e275aa5968b 4169ff0a37994ff9adfdf03f1b0d90c5 - - default default] Successfully bumped revision number for resource 5eca3bab-5187-4207-9baf-64bd90ee6221 (type: router_ports) to 1 [pid: 8|app: 0|req: 913/1794] 10.0.0.223 () {34 vars in 783 bytes} [Wed Jul 1 12:11:24 2026] PUT /v2.0/routers/f65fb170-afa8-4dce-9f70-e8bfd7f8a3b4/add_router_interface => generated 309 bytes in 1836 msecs (HTTP/1.1 200) 4 headers in 157 bytes (1 switches on core 0)
2026-07-01 12:11:26.264 8 INFO neutron.plugins.ml2.drivers.ovn.mech_driver.mech_driver [None req-6f767d3a-9902-44a8-8126-572b2b10625f - - - - - -] OVN reports status down for port: 905fa098-2720-4890-b293-9dbac354362d [pid: 7|app: 0|req: 882/1795] 10.0.0.223 () {34 vars in 676 bytes} [Wed Jul 1 12:11:25 2026] POST /v2.0/subnetpools => generated 548 bytes in 313 msecs (HTTP/1.1 201) 4 headers in 162 bytes (1 switches on core 0)
2026-07-01 12:11:26.362 8 INFO neutron.plugins.ml2.drivers.ovn.mech_driver.mech_driver [None req-6f767d3a-9902-44a8-8126-572b2b10625f - - - - - -] OVN reports status down for port: 5eca3bab-5187-4207-9baf-64bd90ee6221
2026-07-01 12:11:26.362 8 INFO neutron.db.ovn_revision_numbers_db [None req-90d15060-ee86-42be-9bd4-fdbe63cd2540 8b3fd486ab2c415abab9c7f2fa2a0b92 6ff1fd097545425985f20de52146ee57 - - default default] Successfully bumped revision number for resource 3e12799b-333a-47d6-946f-f62a56402b75 (type: subnets) to 1 [pid: 8|app: 0|req: 914/1796] 10.0.0.223 () {34 vars in 741 bytes} [Wed Jul 1 12:11:26 2026] PUT /v2.0/subnets/3e12799b-333a-47d6-946f-f62a56402b75 => generated 636 bytes in 360 msecs (HTTP/1.1 200) 4 headers in 157 bytes (1 switches on core 0) [pid: 8|app: 0|req: 915/1797] 10.0.0.223 () {32 vars in 729 bytes} [Wed Jul 1 12:11:26 2026] GET /v2.0/subnetpools/3ecc477f-e93b-46d3-803b-87138b1d1ee3 => generated 548 bytes in 40 msecs (HTTP/1.1 200) 4 headers in 157 bytes (1 switches on core 0)
2026-07-01 12:11:26.474 8 WARNING neutron.plugins.ml2.drivers.ovn.mech_driver.ovsdb.ovn_client [None req-6f767d3a-9902-44a8-8126-572b2b10625f - - - - - -] Logical_Switch_Port 5eca3bab-5187-4207-9baf-64bd90ee6221 host information not removed, the port state is up
2026-07-01 12:11:26.475 8 INFO neutron.plugins.ml2.drivers.ovn.mech_driver.mech_driver [None req-6f767d3a-9902-44a8-8126-572b2b10625f - - - - - -] OVN reports status up for port: 5eca3bab-5187-4207-9baf-64bd90ee6221
2026-07-01 12:11:26.489 8 INFO neutron.plugins.ml2.plugin [None req-6f767d3a-9902-44a8-8126-572b2b10625f - - - - - -] Attempt 1 to provision port 5eca3bab-5187-4207-9baf-64bd90ee6221
2026-07-01 12:11:26.626 8 INFO neutron_taas.services.taas.taas_plugin [None req-cedc2760-8e80-42f0-8f70-b3ec3b45e179 8b3fd486ab2c415abab9c7f2fa2a0b92 6ff1fd097545425985f20de52146ee57 - - default default] TaaS: Handle Delete Port: 905fa098-2720-4890-b293-9dbac354362d
2026-07-01 12:11:26.632 8 INFO neutron_taas.services.taas.tap_mirror_plugin [None req-cedc2760-8e80-42f0-8f70-b3ec3b45e179 8b3fd486ab2c415abab9c7f2fa2a0b92 6ff1fd097545425985f20de52146ee57 - - default default] Tap Mirror: Handle Delete Port: 905fa098-2720-4890-b293-9dbac354362d
2026-07-01 12:11:26.756 7 WARNING neutron.scheduler.dhcp_agent_scheduler [None req-ae04651b-41c9-44df-a910-0d1f51657cb0 d969c73ce808401a9f912e275aa5968b 4169ff0a37994ff9adfdf03f1b0d90c5 - - default default] No more DHCP agents
2026-07-01 12:11:26.757 7 WARNING neutron.api.rpc.agentnotifiers.dhcp_rpc_agent_api [None req-ae04651b-41c9-44df-a910-0d1f51657cb0 d969c73ce808401a9f912e275aa5968b 4169ff0a37994ff9adfdf03f1b0d90c5 - - default default] Unable to schedule network 7e0d7e26-70d9-4ac2-882a-f64d97bf1f68: no agents available; will retry on subsequent port and subnet creation events.
2026-07-01 12:11:26.898 7 INFO neutron.db.ovn_revision_numbers_db [None req-ae04651b-41c9-44df-a910-0d1f51657cb0 d969c73ce808401a9f912e275aa5968b 4169ff0a37994ff9adfdf03f1b0d90c5 - - default default] Successfully bumped revision number for resource c011bf9f-1967-4baf-99ce-30ab6a4d6328 (type: ports) to 1
2026-07-01 12:11:27.129 8 INFO neutron.db.ovn_revision_numbers_db [None req-6f767d3a-9902-44a8-8126-572b2b10625f - - - - - -] Successfully bumped revision number for resource 5eca3bab-5187-4207-9baf-64bd90ee6221 (type: ports) to 2
2026-07-01 12:11:27.222 8 INFO neutron.services.segments.plugin [-] Segment 0af260bf-2e40-4215-8390-bb1b203f9673 resource provider aggregate not found
2026-07-01 12:11:27.230 8 INFO neutron.services.segments.plugin [-] Segment 0af260bf-2e40-4215-8390-bb1b203f9673 resource provider aggregate not found
2026-07-01 12:11:27.249 8 INFO neutron.services.segments.plugin [-] Segment 0af260bf-2e40-4215-8390-bb1b203f9673 resource provider not found; error: Placement Client Error (4xx): {"errors": [{"status": 404, "title": "Not Found", "detail": "The resource could not be found.\n\n No resource provider with uuid 0af260bf-2e40-4215-8390-bb1b203f9673 found for delete ", "request_id": "req-19d6d084-f684-476e-806b-3280c5f891a7"}]}
2026-07-01 12:11:27.251 8 INFO neutron.services.segments.plugin [-] Segment 0af260bf-2e40-4215-8390-bb1b203f9673 resource provider not found; error: Placement Client Error (4xx): {"errors": [{"status": 404, "title": "Not Found", "detail": "The resource could not be found.\n\n No resource provider with uuid 0af260bf-2e40-4215-8390-bb1b203f9673 found for delete ", "request_id": "req-3d4eec5a-9f72-4201-9fdf-5264c13223c4"}]} [pid: 8|app: 0|req: 916/1798] 10.0.0.223 () {32 vars in 726 bytes} [Wed Jul 1 12:11:26 2026] DELETE /v2.0/networks/1086f1ea-006e-482a-94ca-d5049d8057a3 => generated 0 bytes in 893 msecs (HTTP/1.1 204) 3 headers in 131 bytes (1 switches on core 0) [pid: 8|app: 0|req: 917/1799] 10.0.0.223 () {34 vars in 749 bytes} [Wed Jul 1 12:11:27 2026] PUT /v2.0/subnetpools/3ecc477f-e93b-46d3-803b-87138b1d1ee3 => generated 500 bytes in 53 msecs (HTTP/1.1 200) 4 headers in 157 bytes (1 switches on core 0)
2026-07-01 12:11:27.593 7 WARNING neutron.scheduler.dhcp_agent_scheduler [None req-ae04651b-41c9-44df-a910-0d1f51657cb0 d969c73ce808401a9f912e275aa5968b 4169ff0a37994ff9adfdf03f1b0d90c5 - - default default] No more DHCP agents
2026-07-01 12:11:27.594 7 WARNING neutron.api.rpc.agentnotifiers.dhcp_rpc_agent_api [None req-ae04651b-41c9-44df-a910-0d1f51657cb0 d969c73ce808401a9f912e275aa5968b 4169ff0a37994ff9adfdf03f1b0d90c5 - - default default] Unable to schedule network 7e0d7e26-70d9-4ac2-882a-f64d97bf1f68: no agents available; will retry on subsequent port and subnet creation events.
2026-07-01 12:11:27.648 8 INFO neutron.db.ovn_revision_numbers_db [None req-930a8813-dbd4-4324-b1f0-06c086bc3cbd 1c06e65c269242f297211c986545bf1b 80ab1ab3b4584a7b82f37c98ae6525e1 - - default default] Successfully bumped revision number for resource b6a7d88e-c9c1-4e95-8904-8858931a8689 (type: security_groups) to 1
2026-07-01 12:11:27.660 8 INFO neutron.db.ovn_revision_numbers_db [None req-930a8813-dbd4-4324-b1f0-06c086bc3cbd 1c06e65c269242f297211c986545bf1b 80ab1ab3b4584a7b82f37c98ae6525e1 - - default default] Successfully bumped revision number for resource 306ff30e-acd5-4fb2-83b7-03ae87a3d40c (type: security_group_rules) to 0
2026-07-01 12:11:27.670 8 INFO neutron.db.ovn_revision_numbers_db [None req-930a8813-dbd4-4324-b1f0-06c086bc3cbd 1c06e65c269242f297211c986545bf1b 80ab1ab3b4584a7b82f37c98ae6525e1 - - default default] Successfully bumped revision number for resource 6bf51662-c054-47a4-8905-944af1eb68a4 (type: security_group_rules) to 0
2026-07-01 12:11:27.681 8 INFO neutron.db.ovn_revision_numbers_db [None req-930a8813-dbd4-4324-b1f0-06c086bc3cbd 1c06e65c269242f297211c986545bf1b 80ab1ab3b4584a7b82f37c98ae6525e1 - - default default] Successfully bumped revision number for resource b6ebe41d-88af-4780-b32c-d99c9e20e3aa (type: security_group_rules) to 0
2026-07-01 12:11:27.694 8 INFO neutron.db.ovn_revision_numbers_db [None req-930a8813-dbd4-4324-b1f0-06c086bc3cbd 1c06e65c269242f297211c986545bf1b 80ab1ab3b4584a7b82f37c98ae6525e1 - - default default] Successfully bumped revision number for resource f2dbd533-676f-4da5-ae79-4f33cfe30bb8 (type: security_group_rules) to 0
2026-07-01 12:11:27.774 8 INFO neutron.db.segments_db [None req-930a8813-dbd4-4324-b1f0-06c086bc3cbd 1c06e65c269242f297211c986545bf1b 80ab1ab3b4584a7b82f37c98ae6525e1 - - default default] Added segment e6f164c4-6d6b-486c-b16f-0171ff08363f of type geneve for network 9d913c40-babb-40d8-b399-beacda1850a0
2026-07-01 12:11:27.892 8 INFO neutron.db.ovn_revision_numbers_db [None req-930a8813-dbd4-4324-b1f0-06c086bc3cbd 1c06e65c269242f297211c986545bf1b 80ab1ab3b4584a7b82f37c98ae6525e1 - - default default] Successfully bumped revision number for resource 9d913c40-babb-40d8-b399-beacda1850a0 (type: networks) to 1
2026-07-01 12:11:27.951 7 INFO neutron.db.ovn_revision_numbers_db [None req-ae04651b-41c9-44df-a910-0d1f51657cb0 d969c73ce808401a9f912e275aa5968b 4169ff0a37994ff9adfdf03f1b0d90c5 - - default default] Successfully bumped revision number for resource c011bf9f-1967-4baf-99ce-30ab6a4d6328 (type: router_ports) to 1 [pid: 7|app: 0|req: 883/1800] 10.0.0.223 () {34 vars in 783 bytes} [Wed Jul 1 12:11:26 2026] PUT /v2.0/routers/f65fb170-afa8-4dce-9f70-e8bfd7f8a3b4/add_router_interface => generated 309 bytes in 1651 msecs (HTTP/1.1 200) 4 headers in 157 bytes (1 switches on core 0)
2026-07-01 12:11:27.971 7 INFO neutron.pecan_wsgi.hooks.translation [None req-f28aa960-aba3-46c4-95f3-1d9899d7bf58 8b3fd486ab2c415abab9c7f2fa2a0b92 6ff1fd097545425985f20de52146ee57 - - default default] DELETE failed (client error): The resource could not be found. [pid: 7|app: 0|req: 884/1801] 10.0.0.223 () {32 vars in 726 bytes} [Wed Jul 1 12:11:27 2026] DELETE /v2.0/networks/1086f1ea-006e-482a-94ca-d5049d8057a3 => generated 138 bytes in 14 msecs (HTTP/1.1 404) 4 headers in 164 bytes (1 switches on core 0) [pid: 7|app: 0|req: 885/1802] 10.0.0.223 () {32 vars in 732 bytes} [Wed Jul 1 12:11:27 2026] DELETE /v2.0/subnetpools/3ecc477f-e93b-46d3-803b-87138b1d1ee3 => generated 0 bytes in 56 msecs (HTTP/1.1 204) 2 headers in 112 bytes (1 switches on core 0)
2026-07-01 12:11:28.119 8 WARNING neutron.scheduler.dhcp_agent_scheduler [None req-930a8813-dbd4-4324-b1f0-06c086bc3cbd 1c06e65c269242f297211c986545bf1b 80ab1ab3b4584a7b82f37c98ae6525e1 - - default default] No more DHCP agents
2026-07-01 12:11:28.121 8 WARNING neutron.api.rpc.agentnotifiers.dhcp_rpc_agent_api [None req-930a8813-dbd4-4324-b1f0-06c086bc3cbd 1c06e65c269242f297211c986545bf1b 80ab1ab3b4584a7b82f37c98ae6525e1 - - default default] Unable to schedule network 9d913c40-babb-40d8-b399-beacda1850a0: no agents available; will retry on subsequent port and subnet creation events.
2026-07-01 12:11:28.200 8 INFO neutron.db.ovn_revision_numbers_db [None req-930a8813-dbd4-4324-b1f0-06c086bc3cbd 1c06e65c269242f297211c986545bf1b 80ab1ab3b4584a7b82f37c98ae6525e1 - - default default] Successfully bumped revision number for resource d4f0bc48-5027-4052-a479-d069fc6f75b0 (type: ports) to 1 [pid: 8|app: 0|req: 918/1803] 10.0.0.223 () {34 vars in 670 bytes} [Wed Jul 1 12:11:27 2026] POST /v2.0/networks => generated 730 bytes in 868 msecs (HTTP/1.1 201) 4 headers in 162 bytes (1 switches on core 0) [pid: 8|app: 0|req: 919/1804] 10.0.0.223 () {32 vars in 694 bytes} [Wed Jul 1 12:11:28 2026] GET /v2.0/networks?router%3Aexternal=True => generated 651 bytes in 49 msecs (HTTP/1.1 200) 4 headers in 157 bytes (1 switches on core 0)
2026-07-01 12:11:28.283 8 INFO neutron.api.v2.resource [None req-d47386e3-7dd7-46b2-92d9-3e8f233ee5ed 16a704129ee943acaa247e913a4082ce e7c3d8e9a9ec45fe98d45d756ce4d35f - - default default] show failed (client error): The resource could not be found. [pid: 8|app: 0|req: 920/1805] 10.0.0.223 () {32 vars in 729 bytes} [Wed Jul 1 12:11:28 2026] GET /v2.0/subnetpools/3ecc477f-e93b-46d3-803b-87138b1d1ee3 => generated 145 bytes in 8 msecs (HTTP/1.1 404) 4 headers in 164 bytes (1 switches on core 0)
2026-07-01 12:11:28.396 8 WARNING neutron.scheduler.dhcp_agent_scheduler [None req-ea6ca388-5dc0-492d-853b-1d2ca1db778d 1c06e65c269242f297211c986545bf1b 80ab1ab3b4584a7b82f37c98ae6525e1 - - default default] No more DHCP agents
2026-07-01 12:11:28.397 8 WARNING neutron.api.rpc.agentnotifiers.dhcp_rpc_agent_api [None req-ea6ca388-5dc0-492d-853b-1d2ca1db778d 1c06e65c269242f297211c986545bf1b 80ab1ab3b4584a7b82f37c98ae6525e1 - - default default] Unable to schedule network 9d913c40-babb-40d8-b399-beacda1850a0: no agents available; will retry on subsequent port and subnet creation events.
2026-07-01 12:11:28.512 7 WARNING neutron.scheduler.dhcp_agent_scheduler [None req-e584aa6a-1df6-4956-a6fe-c16901193d55 d969c73ce808401a9f912e275aa5968b 4169ff0a37994ff9adfdf03f1b0d90c5 - - default default] No more DHCP agents
2026-07-01 12:11:28.513 7 WARNING neutron.api.rpc.agentnotifiers.dhcp_rpc_agent_api [None req-e584aa6a-1df6-4956-a6fe-c16901193d55 d969c73ce808401a9f912e275aa5968b 4169ff0a37994ff9adfdf03f1b0d90c5 - - default default] Unable to schedule network 836fb984-000e-42cb-b74e-a7aa6489985a: no agents available; will retry on subsequent port and subnet creation events.
2026-07-01 12:11:28.834 8 INFO neutron.db.ovn_revision_numbers_db [None req-bbebeb66-a4f3-4e82-a6e0-42fb9e4462ab - - - - - -] Successfully bumped revision number for resource d4f0bc48-5027-4052-a479-d069fc6f75b0 (type: ports) to 2
2026-07-01 12:11:28.859 8 INFO neutron.db.ovn_revision_numbers_db [None req-bbebeb66-a4f3-4e82-a6e0-42fb9e4462ab - - - - - -] Successfully bumped revision number for resource ec86f47b-3df0-47d4-b907-876b155fc12f (type: subnets) to 0 [pid: 8|app: 0|req: 921/1806] 10.0.0.223 () {34 vars in 669 bytes} [Wed Jul 1 12:11:28 2026] POST /v2.0/subnets => generated 644 bytes in 590 msecs (HTTP/1.1 201) 4 headers in 162 bytes (1 switches on core 0) [pid: 8|app: 0|req: 922/1807] 10.0.0.223 () {32 vars in 742 bytes} [Wed Jul 1 12:11:28 2026] GET /v2.0/subnets?network_id=5abeb021-91f6-4c26-abe5-224cbeaab670 => generated 649 bytes in 27 msecs (HTTP/1.1 200) 4 headers in 157 bytes (1 switches on core 0)
2026-07-01 12:11:28.908 8 INFO neutron.api.v2.resource [None req-001e9c0f-16d2-4cb5-a0d5-f7235622ae8a 16a704129ee943acaa247e913a4082ce e7c3d8e9a9ec45fe98d45d756ce4d35f - - default default] delete failed (client error): The resource could not be found. [pid: 8|app: 0|req: 923/1808] 10.0.0.223 () {32 vars in 732 bytes} [Wed Jul 1 12:11:28 2026] DELETE /v2.0/subnetpools/3ecc477f-e93b-46d3-803b-87138b1d1ee3 => generated 145 bytes in 7 msecs (HTTP/1.1 404) 4 headers in 164 bytes (1 switches on core 0)
2026-07-01 12:11:28.917 8 WARNING neutron.api.v2.base [None req-e6f28cf0-5350-417d-b0e1-57c27ac25d20 1c06e65c269242f297211c986545bf1b 80ab1ab3b4584a7b82f37c98ae6525e1 - - default default] An exception happened while processing the request body. The exception message is [Invalid input for target_tenant. Reason: 'None' is not a valid string.].: webob.exc.HTTPBadRequest: Invalid input for target_tenant. Reason: 'None' is not a valid string.
2026-07-01 12:11:28.917 8 INFO neutron.api.v2.resource [None req-e6f28cf0-5350-417d-b0e1-57c27ac25d20 1c06e65c269242f297211c986545bf1b 80ab1ab3b4584a7b82f37c98ae6525e1 - - default default] create failed (client error): Invalid input for target_tenant. Reason: 'None' is not a valid string. [pid: 8|app: 0|req: 926/1811] 10.0.0.223 () {34 vars in 681 bytes} [Wed Jul 1 12:11:28 2026] POST /v2.0/rbac-policies => generated 143 bytes in 6 msecs (HTTP/1.1 400) 4 headers in 166 bytes (1 switches on core 0) [pid: 8|app: 0|req: 927/1812] 10.0.0.223 () {32 vars in 653 bytes} [Wed Jul 1 12:11:28 2026] GET /v2.0/extensions => generated 20118 bytes in 6 msecs (HTTP/1.1 200) 4 headers in 159 bytes (1 switches on core 0)
2026-07-01 12:11:29.063 8 INFO neutron_taas.services.taas.taas_plugin [None req-56628103-0eb1-46dd-935e-04919057000a 1c06e65c269242f297211c986545bf1b 80ab1ab3b4584a7b82f37c98ae6525e1 - - default default] TaaS: Handle Delete Port: d4f0bc48-5027-4052-a479-d069fc6f75b0
2026-07-01 12:11:29.065 7 INFO neutron.plugins.ml2.drivers.ovn.mech_driver.mech_driver [None req-80c66c94-28cd-43b6-b8b0-12ec1132bf6a - - - - - -] OVN reports status down for port: ab14ce35-cce2-417f-9eb8-0ccff11d6f2b
2026-07-01 12:11:29.072 8 INFO neutron_taas.services.taas.tap_mirror_plugin [None req-56628103-0eb1-46dd-935e-04919057000a 1c06e65c269242f297211c986545bf1b 80ab1ab3b4584a7b82f37c98ae6525e1 - - default default] Tap Mirror: Handle Delete Port: d4f0bc48-5027-4052-a479-d069fc6f75b0
2026-07-01 12:11:29.113 7 INFO neutron.db.ovn_revision_numbers_db [None req-e584aa6a-1df6-4956-a6fe-c16901193d55 d969c73ce808401a9f912e275aa5968b 4169ff0a37994ff9adfdf03f1b0d90c5 - - default default] Successfully bumped revision number for resource ab14ce35-cce2-417f-9eb8-0ccff11d6f2b (type: ports) to 1
2026-07-01 12:11:29.359 8 INFO neutron.services.segments.plugin [-] Segment e6f164c4-6d6b-486c-b16f-0171ff08363f resource provider aggregate not found
2026-07-01 12:11:29.365 8 INFO neutron.services.segments.plugin [-] Segment e6f164c4-6d6b-486c-b16f-0171ff08363f resource provider aggregate not found
2026-07-01 12:11:29.376 8 INFO neutron.services.segments.plugin [-] Segment e6f164c4-6d6b-486c-b16f-0171ff08363f resource provider not found; error: Placement Client Error (4xx): {"errors": [{"status": 404, "title": "Not Found", "detail": "The resource could not be found.\n\n No resource provider with uuid e6f164c4-6d6b-486c-b16f-0171ff08363f found for delete ", "request_id": "req-fdf16fcf-26b7-4f48-80a5-4cc118e980bb"}]}
2026-07-01 12:11:29.383 8 INFO neutron.services.segments.plugin [-] Segment e6f164c4-6d6b-486c-b16f-0171ff08363f resource provider not found; error: Placement Client Error (4xx): {"errors": [{"status": 404, "title": "Not Found", "detail": "The resource could not be found.\n\n No resource provider with uuid e6f164c4-6d6b-486c-b16f-0171ff08363f found for delete ", "request_id": "req-d3610299-2675-4772-a98f-dd61e32e1c9d"}]} [pid: 8|app: 0|req: 928/1813] 10.0.0.223 () {32 vars in 726 bytes} [Wed Jul 1 12:11:28 2026] DELETE /v2.0/networks/9d913c40-babb-40d8-b399-beacda1850a0 => generated 0 bytes in 475 msecs (HTTP/1.1 204) 3 headers in 131 bytes (1 switches on core 0) [pid: 8|app: 0|req: 929/1814] 10.0.0.223 () {32 vars in 649 bytes} [Wed Jul 1 12:11:29 2026] GET /v2.0/networks => generated 1308 bytes in 52 msecs (HTTP/1.1 200) 4 headers in 158 bytes (1 switches on core 0)
2026-07-01 12:11:29.650 8 INFO neutron.db.ovn_revision_numbers_db [None req-936d630f-ef95-4178-a81c-57137a0f61f4 13abd35591bf4b09b94cb4e2e6e2df72 5db2a9aa169348f78f22108d91290ef3 - - default default] Successfully bumped revision number for resource 7d1806e8-815d-477d-9ca2-3d97a231ddae (type: security_groups) to 1
2026-07-01 12:11:29.660 8 INFO neutron.db.ovn_revision_numbers_db [None req-936d630f-ef95-4178-a81c-57137a0f61f4 13abd35591bf4b09b94cb4e2e6e2df72 5db2a9aa169348f78f22108d91290ef3 - - default default] Successfully bumped revision number for resource 1c3012f6-5ef2-4348-acd4-30f6cdd66638 (type: security_group_rules) to 0
2026-07-01 12:11:29.671 8 INFO neutron.db.ovn_revision_numbers_db [None req-936d630f-ef95-4178-a81c-57137a0f61f4 13abd35591bf4b09b94cb4e2e6e2df72 5db2a9aa169348f78f22108d91290ef3 - - default default] Successfully bumped revision number for resource 32688738-4462-46be-bfc0-fe95eb8a8a4f (type: security_group_rules) to 0
2026-07-01 12:11:29.681 8 INFO neutron.db.ovn_revision_numbers_db [None req-936d630f-ef95-4178-a81c-57137a0f61f4 13abd35591bf4b09b94cb4e2e6e2df72 5db2a9aa169348f78f22108d91290ef3 - - default default] Successfully bumped revision number for resource 62ec58be-2c9d-41a8-afb8-b65a9aa2ffcb (type: security_group_rules) to 0
2026-07-01 12:11:29.691 8 INFO neutron.db.ovn_revision_numbers_db [None req-936d630f-ef95-4178-a81c-57137a0f61f4 13abd35591bf4b09b94cb4e2e6e2df72 5db2a9aa169348f78f22108d91290ef3 - - default default] Successfully bumped revision number for resource b7143755-eb3c-4302-a3d0-0484a96e3742 (type: security_group_rules) to 0 [pid: 8|app: 0|req: 930/1815] 10.0.0.223 () {32 vars in 774 bytes} [Wed Jul 1 12:11:29 2026] GET /v2.0/security-groups?tenant_id=e7c3d8e9a9ec45fe98d45d756ce4d35f&name=default => generated 2925 bytes in 275 msecs (HTTP/1.1 200) 4 headers in 158 bytes (1 switches on core 0)
2026-07-01 12:11:29.772 7 INFO neutron.plugins.ml2.drivers.ovn.mech_driver.mech_driver [None req-80c66c94-28cd-43b6-b8b0-12ec1132bf6a - - - - - -] OVN reports status up for port: ab14ce35-cce2-417f-9eb8-0ccff11d6f2b
2026-07-01 12:11:29.802 7 INFO neutron.plugins.ml2.plugin [None req-80c66c94-28cd-43b6-b8b0-12ec1132bf6a - - - - - -] Attempt 1 to provision port ab14ce35-cce2-417f-9eb8-0ccff11d6f2b
2026-07-01 12:11:29.847 8 INFO neutron.db.segments_db [None req-447c03a5-2004-432f-92e3-a53779193c71 1c06e65c269242f297211c986545bf1b 80ab1ab3b4584a7b82f37c98ae6525e1 - - default default] Added segment 2e28de5d-555a-4a91-94d6-d25dadaf46b9 of type geneve for network 68f6bbb0-b579-404c-9db2-1066f64f4073
2026-07-01 12:11:29.908 7 WARNING neutron.scheduler.dhcp_agent_scheduler [None req-e584aa6a-1df6-4956-a6fe-c16901193d55 d969c73ce808401a9f912e275aa5968b 4169ff0a37994ff9adfdf03f1b0d90c5 - - default default] No more DHCP agents
2026-07-01 12:11:29.911 7 WARNING neutron.api.rpc.agentnotifiers.dhcp_rpc_agent_api [None req-e584aa6a-1df6-4956-a6fe-c16901193d55 d969c73ce808401a9f912e275aa5968b 4169ff0a37994ff9adfdf03f1b0d90c5 - - default default] Unable to schedule network 836fb984-000e-42cb-b74e-a7aa6489985a: no agents available; will retry on subsequent port and subnet creation events.
2026-07-01 12:11:29.983 8 INFO neutron.db.ovn_revision_numbers_db [None req-447c03a5-2004-432f-92e3-a53779193c71 1c06e65c269242f297211c986545bf1b 80ab1ab3b4584a7b82f37c98ae6525e1 - - default default] Successfully bumped revision number for resource 68f6bbb0-b579-404c-9db2-1066f64f4073 (type: networks) to 1
2026-07-01 12:11:30.131 8 WARNING neutron.scheduler.dhcp_agent_scheduler [None req-447c03a5-2004-432f-92e3-a53779193c71 1c06e65c269242f297211c986545bf1b 80ab1ab3b4584a7b82f37c98ae6525e1 - - default default] No more DHCP agents
2026-07-01 12:11:30.132 8 WARNING neutron.api.rpc.agentnotifiers.dhcp_rpc_agent_api [None req-447c03a5-2004-432f-92e3-a53779193c71 1c06e65c269242f297211c986545bf1b 80ab1ab3b4584a7b82f37c98ae6525e1 - - default default] Unable to schedule network 68f6bbb0-b579-404c-9db2-1066f64f4073: no agents available; will retry on subsequent port and subnet creation events.
2026-07-01 12:11:30.203 8 INFO neutron.db.ovn_revision_numbers_db [None req-447c03a5-2004-432f-92e3-a53779193c71 1c06e65c269242f297211c986545bf1b 80ab1ab3b4584a7b82f37c98ae6525e1 - - default default] Successfully bumped revision number for resource ae0ea774-7f51-4d63-8323-f7007a708c24 (type: ports) to 1 [pid: 8|app: 0|req: 931/1816] 10.0.0.223 () {34 vars in 670 bytes} [Wed Jul 1 12:11:29 2026] POST /v2.0/networks => generated 728 bytes in 490 msecs (HTTP/1.1 201) 4 headers in 162 bytes (1 switches on core 0) [pid: 8|app: 0|req: 932/1817] 10.0.0.223 () {32 vars in 647 bytes} [Wed Jul 1 12:11:30 2026] GET /v2.0/subnets => generated 1280 bytes in 22 msecs (HTTP/1.1 200) 4 headers in 158 bytes (1 switches on core 0) [pid: 8|app: 0|req: 933/1818] 10.0.0.223 () {32 vars in 740 bytes} [Wed Jul 1 12:11:30 2026] DELETE /v2.0/security-groups/7d1806e8-815d-477d-9ca2-3d97a231ddae => generated 0 bytes in 216 msecs (HTTP/1.1 204) 2 headers in 112 bytes (1 switches on core 0)
2026-07-01 12:11:30.552 7 INFO neutron.db.ovn_revision_numbers_db [None req-e584aa6a-1df6-4956-a6fe-c16901193d55 d969c73ce808401a9f912e275aa5968b 4169ff0a37994ff9adfdf03f1b0d90c5 - - default default] Successfully bumped revision number for resource ab14ce35-cce2-417f-9eb8-0ccff11d6f2b (type: router_ports) to 1 [pid: 7|app: 0|req: 886/1819] 10.0.0.223 () {34 vars in 783 bytes} [Wed Jul 1 12:11:28 2026] PUT /v2.0/routers/f65fb170-afa8-4dce-9f70-e8bfd7f8a3b4/add_router_interface => generated 309 bytes in 2534 msecs (HTTP/1.1 200) 4 headers in 157 bytes (1 switches on core 0)
2026-07-01 12:11:30.614 8 WARNING neutron.scheduler.dhcp_agent_scheduler [None req-769e4926-7047-4ff2-9395-646cbc76be7d 1c06e65c269242f297211c986545bf1b 80ab1ab3b4584a7b82f37c98ae6525e1 - - default default] No more DHCP agents
2026-07-01 12:11:30.616 8 WARNING neutron.api.rpc.agentnotifiers.dhcp_rpc_agent_api [None req-769e4926-7047-4ff2-9395-646cbc76be7d 1c06e65c269242f297211c986545bf1b 80ab1ab3b4584a7b82f37c98ae6525e1 - - default default] Unable to schedule network 68f6bbb0-b579-404c-9db2-1066f64f4073: no agents available; will retry on subsequent port and subnet creation events. [pid: 7|app: 0|req: 887/1820] 10.0.0.223 () {32 vars in 723 bytes} [Wed Jul 1 12:11:30 2026] GET /v2.0/networks/12fb5e4c-3ab3-43c8-a7ef-3bed05f6f959 => generated 668 bytes in 85 msecs (HTTP/1.1 200) 4 headers in 157 bytes (1 switches on core 0)
2026-07-01 12:11:30.676 7 INFO neutron.db.ovn_revision_numbers_db [None req-80c66c94-28cd-43b6-b8b0-12ec1132bf6a - - - - - -] Successfully bumped revision number for resource ab14ce35-cce2-417f-9eb8-0ccff11d6f2b (type: ports) to 2
2026-07-01 12:11:30.868 7 INFO neutron.db.ovn_revision_numbers_db [None req-c590324a-61e2-402d-b532-986966e193c7 d969c73ce808401a9f912e275aa5968b 4169ff0a37994ff9adfdf03f1b0d90c5 - - default default] Successfully bumped revision number for resource 20f2ad4c-5304-4224-819c-5c1e369f5295 (type: security_groups) to 1
2026-07-01 12:11:30.879 7 INFO neutron.db.ovn_revision_numbers_db [None req-c590324a-61e2-402d-b532-986966e193c7 d969c73ce808401a9f912e275aa5968b 4169ff0a37994ff9adfdf03f1b0d90c5 - - default default] Successfully bumped revision number for resource 8f2d9b44-bac2-4a03-9805-3f95815aaea8 (type: security_group_rules) to 0
2026-07-01 12:11:30.890 7 INFO neutron.db.ovn_revision_numbers_db [None req-c590324a-61e2-402d-b532-986966e193c7 d969c73ce808401a9f912e275aa5968b 4169ff0a37994ff9adfdf03f1b0d90c5 - - default default] Successfully bumped revision number for resource fb8f2465-9101-4e13-a7d4-b84a7b9bddaf (type: security_group_rules) to 0 [pid: 7|app: 0|req: 888/1821] 10.0.0.223 () {34 vars in 684 bytes} [Wed Jul 1 12:11:30 2026] POST /v2.0/security-groups => generated 1627 bytes in 272 msecs (HTTP/1.1 201) 4 headers in 163 bytes (1 switches on core 0) [pid: 7|app: 0|req: 889/1822] 10.0.0.223 () {32 vars in 721 bytes} [Wed Jul 1 12:11:30 2026] GET /v2.0/subnets/569aa1d7-a94b-402c-bb58-fcf0e1e51a04 => generated 641 bytes in 22 msecs (HTTP/1.1 200) 4 headers in 157 bytes (1 switches on core 0)
2026-07-01 12:11:31.076 7 INFO neutron.db.ovn_revision_numbers_db [None req-2ced4b65-ec05-4fcf-ae00-3484aa672d52 d969c73ce808401a9f912e275aa5968b 4169ff0a37994ff9adfdf03f1b0d90c5 - - default default] Successfully bumped revision number for resource db4781e8-f332-4620-bd9e-d9ff966cb7c0 (type: security_group_rules) to 0
2026-07-01 12:11:31.087 8 INFO neutron.db.ovn_revision_numbers_db [None req-d0d101c9-9444-4734-92b4-ce075b8268e6 - - - - - -] Successfully bumped revision number for resource ae0ea774-7f51-4d63-8323-f7007a708c24 (type: ports) to 2
2026-07-01 12:11:31.106 8 INFO neutron.db.ovn_revision_numbers_db [None req-d0d101c9-9444-4734-92b4-ce075b8268e6 - - - - - -] Successfully bumped revision number for resource 66875930-f91e-4698-9faf-d783b24b4baf (type: subnets) to 0 [pid: 7|app: 0|req: 890/1823] 10.0.0.223 () {34 vars in 695 bytes} [Wed Jul 1 12:11:30 2026] POST /v2.0/security-group-rules => generated 597 bytes in 161 msecs (HTTP/1.1 201) 4 headers in 162 bytes (1 switches on core 0) [pid: 8|app: 0|req: 934/1824] 10.0.0.223 () {34 vars in 669 bytes} [Wed Jul 1 12:11:30 2026] POST /v2.0/subnets => generated 647 bytes in 658 msecs (HTTP/1.1 201) 4 headers in 162 bytes (1 switches on core 0)
2026-07-01 12:11:31.119 7 INFO neutron.pecan_wsgi.hooks.translation [None req-3866552b-0cbd-4451-9482-a5fd1a42001f 8b3fd486ab2c415abab9c7f2fa2a0b92 6ff1fd097545425985f20de52146ee57 - - default default] DELETE failed (client error): The resource could not be found. [pid: 7|app: 0|req: 891/1825] 10.0.0.223 () {32 vars in 724 bytes} [Wed Jul 1 12:11:31 2026] DELETE /v2.0/subnets/3e12799b-333a-47d6-946f-f62a56402b75 => generated 136 bytes in 15 msecs (HTTP/1.1 404) 4 headers in 164 bytes (1 switches on core 0)
2026-07-01 12:11:31.125 7 WARNING neutron.api.v2.base [None req-3c39e6bc-6911-4f7e-a11d-02c60d9ff103 1c06e65c269242f297211c986545bf1b 80ab1ab3b4584a7b82f37c98ae6525e1 - - default default] An exception happened while processing the request body. The exception message is [Invalid input for target_tenant. Reason: '1234123412341234123412341234123412341234123412341234123412341234123412341234123412341234123412341234123412341234123412341234123412341234123412341234123412341234123412341234123412341234123412341234123412341234123412341234123412341234123412341234123412341234123412341234123412341234123412341234123412341234123412341234123412341234123412341234123412341234123412341234123412341234123412341234123412341234' exceeds maximum length of 255.].: webob.exc.HTTPBadRequest: Invalid input for target_tenant. Reason: '1234123412341234123412341234123412341234123412341234123412341234123412341234123412341234123412341234123412341234123412341234123412341234123412341234123412341234123412341234123412341234123412341234123412341234123412341234123412341234123412341234123412341234123412341234123412341234123412341234123412341234123412341234123412341234123412341234123412341234123412341234123412341234123412341234123412341234' exceeds maximum length of 255.
2026-07-01 12:11:31.126 7 INFO neutron.api.v2.resource [None req-3c39e6bc-6911-4f7e-a11d-02c60d9ff103 1c06e65c269242f297211c986545bf1b 80ab1ab3b4584a7b82f37c98ae6525e1 - - default default] create failed (client error): Invalid input for target_tenant. Reason: '1234123412341234123412341234123412341234123412341234123412341234123412341234123412341234123412341234123412341234123412341234123412341234123412341234123412341234123412341234123412341234123412341234123412341234123412341234123412341234123412341234123412341234123412341234123412341234123412341234123412341234123412341234123412341234123412341234123412341234123412341234123412341234123412341234123412341234' exceeds maximum length of 255. [pid: 7|app: 0|req: 892/1826] 10.0.0.223 () {34 vars in 681 bytes} [Wed Jul 1 12:11:31 2026] POST /v2.0/rbac-policies => generated 547 bytes in 6 msecs (HTTP/1.1 400) 4 headers in 166 bytes (1 switches on core 0)
2026-07-01 12:11:31.138 7 INFO neutron.pecan_wsgi.hooks.translation [None req-83d9e6da-1406-45bb-a662-e96e0462dfbb 8b3fd486ab2c415abab9c7f2fa2a0b92 6ff1fd097545425985f20de52146ee57 - - default default] DELETE failed (client error): The resource could not be found. [pid: 7|app: 0|req: 893/1827] 10.0.0.223 () {32 vars in 726 bytes} [Wed Jul 1 12:11:31 2026] DELETE /v2.0/networks/1086f1ea-006e-482a-94ca-d5049d8057a3 => generated 138 bytes in 12 msecs (HTTP/1.1 404) 4 headers in 164 bytes (1 switches on core 0)
2026-07-01 12:11:31.242 8 INFO neutron.db.ovn_revision_numbers_db [None req-2a06e261-0ec3-497a-aa60-3b54826ca8fb d969c73ce808401a9f912e275aa5968b 4169ff0a37994ff9adfdf03f1b0d90c5 - - default default] Successfully bumped revision number for resource ab496544-d444-4348-a23d-55c280e7c95e (type: security_group_rules) to 0
2026-07-01 12:11:31.258 7 INFO neutron_taas.services.taas.taas_plugin [None req-a6dc22a3-10e1-4d08-89cc-68568e0f79f5 1c06e65c269242f297211c986545bf1b 80ab1ab3b4584a7b82f37c98ae6525e1 - - default default] TaaS: Handle Delete Port: ae0ea774-7f51-4d63-8323-f7007a708c24
2026-07-01 12:11:31.261 7 INFO neutron_taas.services.taas.tap_mirror_plugin [None req-a6dc22a3-10e1-4d08-89cc-68568e0f79f5 1c06e65c269242f297211c986545bf1b 80ab1ab3b4584a7b82f37c98ae6525e1 - - default default] Tap Mirror: Handle Delete Port: ae0ea774-7f51-4d63-8323-f7007a708c24 [pid: 8|app: 0|req: 935/1828] 10.0.0.223 () {34 vars in 695 bytes} [Wed Jul 1 12:11:31 2026] POST /v2.0/security-group-rules => generated 597 bytes in 147 msecs (HTTP/1.1 201) 4 headers in 162 bytes (1 switches on core 0) [pid: 8|app: 0|req: 936/1829] 10.0.0.223 () {32 vars in 724 bytes} [Wed Jul 1 12:11:31 2026] DELETE /v2.0/subnets/569aa1d7-a94b-402c-bb58-fcf0e1e51a04 => generated 0 bytes in 125 msecs (HTTP/1.1 204) 3 headers in 131 bytes (1 switches on core 0)
2026-07-01 12:11:31.491 8 WARNING neutron.plugins.ml2.drivers.ovn.mech_driver.ovsdb.ovn_client [None req-2a2cba4f-6eb8-452a-b013-556bc80b1a7e - - - - - -] No hosting information found for port 5eca3bab-5187-4207-9baf-64bd90ee6221: RuntimeError: No hosting information found for port 5eca3bab-5187-4207-9baf-64bd90ee6221
2026-07-01 12:11:31.543 8 INFO neutron.db.ovn_revision_numbers_db [None req-89638db0-8ec4-4a61-8c50-8a896e99f81d d969c73ce808401a9f912e275aa5968b 4169ff0a37994ff9adfdf03f1b0d90c5 - - default default] Successfully bumped revision number for resource a6c276cd-6092-4db8-a0a0-50ac790cf393 (type: security_group_rules) to 0
2026-07-01 12:11:31.546 7 INFO neutron.services.segments.plugin [-] Segment 2e28de5d-555a-4a91-94d6-d25dadaf46b9 resource provider aggregate not found
2026-07-01 12:11:31.554 7 INFO neutron.services.segments.plugin [-] Segment 2e28de5d-555a-4a91-94d6-d25dadaf46b9 resource provider aggregate not found
2026-07-01 12:11:31.566 7 INFO neutron.services.segments.plugin [-] Segment 2e28de5d-555a-4a91-94d6-d25dadaf46b9 resource provider not found; error: Placement Client Error (4xx): {"errors": [{"status": 404, "title": "Not Found", "detail": "The resource could not be found.\n\n No resource provider with uuid 2e28de5d-555a-4a91-94d6-d25dadaf46b9 found for delete ", "request_id": "req-fdee5152-2e03-4275-98bc-48b14cc8da71"}]}
2026-07-01 12:11:31.573 7 INFO neutron.services.segments.plugin [-] Segment 2e28de5d-555a-4a91-94d6-d25dadaf46b9 resource provider not found; error: Placement Client Error (4xx): {"errors": [{"status": 404, "title": "Not Found", "detail": "The resource could not be found.\n\n No resource provider with uuid 2e28de5d-555a-4a91-94d6-d25dadaf46b9 found for delete ", "request_id": "req-1f305c78-a1d8-48bd-9047-406aa03db796"}]} [pid: 7|app: 0|req: 894/1830] 10.0.0.223 () {32 vars in 726 bytes} [Wed Jul 1 12:11:31 2026] DELETE /v2.0/networks/68f6bbb0-b579-404c-9db2-1066f64f4073 => generated 0 bytes in 464 msecs (HTTP/1.1 204) 3 headers in 131 bytes (1 switches on core 0)
2026-07-01 12:11:31.610 8 INFO neutron.db.ovn_revision_numbers_db [None req-2a2cba4f-6eb8-452a-b013-556bc80b1a7e - - - - - -] Successfully bumped revision number for resource 5eca3bab-5187-4207-9baf-64bd90ee6221 (type: router_ports) to 2
2026-07-01 12:11:31.611 8 INFO neutron.plugins.ml2.drivers.ovn.mech_driver.mech_driver [None req-2a2cba4f-6eb8-452a-b013-556bc80b1a7e - - - - - -] OVN reports status down for port: c011bf9f-1967-4baf-99ce-30ab6a4d6328 [pid: 8|app: 0|req: 937/1831] 10.0.0.223 () {34 vars in 695 bytes} [Wed Jul 1 12:11:31 2026] POST /v2.0/security-group-rules => generated 599 bytes in 223 msecs (HTTP/1.1 201) 4 headers in 162 bytes (1 switches on core 0)
2026-07-01 12:11:31.709 7 INFO neutron_taas.services.taas.taas_plugin [None req-fcb700de-4988-4a38-97ba-7f9652409c4d 8b3fd486ab2c415abab9c7f2fa2a0b92 6ff1fd097545425985f20de52146ee57 - - default default] TaaS: Handle Delete Port: c477da48-9922-48bc-91ae-36d5c4d21a3e
2026-07-01 12:11:31.711 7 INFO neutron_taas.services.taas.tap_mirror_plugin [None req-fcb700de-4988-4a38-97ba-7f9652409c4d 8b3fd486ab2c415abab9c7f2fa2a0b92 6ff1fd097545425985f20de52146ee57 - - default default] Tap Mirror: Handle Delete Port: c477da48-9922-48bc-91ae-36d5c4d21a3e
2026-07-01 12:11:31.713 8 WARNING neutron.plugins.ml2.drivers.ovn.mech_driver.ovsdb.ovn_client [None req-2a2cba4f-6eb8-452a-b013-556bc80b1a7e - - - - - -] Logical_Switch_Port c011bf9f-1967-4baf-99ce-30ab6a4d6328 host information not removed, the port state is up
2026-07-01 12:11:31.737 8 INFO neutron.db.segments_db [None req-c27f080a-3fd0-426f-bde4-093c6fddb00b 1c06e65c269242f297211c986545bf1b 80ab1ab3b4584a7b82f37c98ae6525e1 - - default default] Added segment 428923a6-9357-414a-95f5-3b87fdfaa926 of type geneve for network b685e69a-556e-4e08-85d4-a0cb0fd01ca7
2026-07-01 12:11:31.801 8 INFO neutron.plugins.ml2.drivers.ovn.mech_driver.mech_driver [None req-2a2cba4f-6eb8-452a-b013-556bc80b1a7e - - - - - -] OVN reports status up for port: c011bf9f-1967-4baf-99ce-30ab6a4d6328
2026-07-01 12:11:31.842 8 INFO neutron.plugins.ml2.plugin [None req-2a2cba4f-6eb8-452a-b013-556bc80b1a7e - - - - - -] Attempt 1 to provision port c011bf9f-1967-4baf-99ce-30ab6a4d6328 [pid: 7|app: 0|req: 895/1832] 10.0.0.223 () {32 vars in 726 bytes} [Wed Jul 1 12:11:31 2026] DELETE /v2.0/networks/12fb5e4c-3ab3-43c8-a7ef-3bed05f6f959 => generated 0 bytes in 313 msecs (HTTP/1.1 204) 3 headers in 131 bytes (1 switches on core 0)
2026-07-01 12:11:31.957 8 INFO neutron.db.ovn_revision_numbers_db [None req-c27f080a-3fd0-426f-bde4-093c6fddb00b 1c06e65c269242f297211c986545bf1b 80ab1ab3b4584a7b82f37c98ae6525e1 - - default default] Successfully bumped revision number for resource b685e69a-556e-4e08-85d4-a0cb0fd01ca7 (type: networks) to 1
2026-07-01 12:11:32.053 7 INFO neutron.db.ovn_revision_numbers_db [None req-7ef85e42-d05a-4d93-a313-621d973403d5 d969c73ce808401a9f912e275aa5968b 4169ff0a37994ff9adfdf03f1b0d90c5 - - default default] Successfully bumped revision number for resource 7bacfe7a-6c47-4cff-814f-083ab3a0c0b3 (type: security_group_rules) to 0 [pid: 7|app: 0|req: 896/1833] 10.0.0.223 () {34 vars in 695 bytes} [Wed Jul 1 12:11:31 2026] POST /v2.0/security-group-rules => generated 601 bytes in 162 msecs (HTTP/1.1 201) 4 headers in 162 bytes (1 switches on core 0)
2026-07-01 12:11:32.214 7 INFO neutron.db.ovn_revision_numbers_db [None req-0642bc55-861d-4d22-ae6a-56ef1456a723 d969c73ce808401a9f912e275aa5968b 4169ff0a37994ff9adfdf03f1b0d90c5 - - default default] Successfully bumped revision number for resource 1647f52a-fa10-4de4-9a1c-9fffb3aff67d (type: security_group_rules) to 0 [pid: 7|app: 0|req: 897/1834] 10.0.0.223 () {34 vars in 695 bytes} [Wed Jul 1 12:11:32 2026] POST /v2.0/security-group-rules => generated 601 bytes in 155 msecs (HTTP/1.1 201) 4 headers in 162 bytes (1 switches on core 0)
2026-07-01 12:11:32.245 8 WARNING neutron.scheduler.dhcp_agent_scheduler [None req-c27f080a-3fd0-426f-bde4-093c6fddb00b 1c06e65c269242f297211c986545bf1b 80ab1ab3b4584a7b82f37c98ae6525e1 - - default default] No more DHCP agents
2026-07-01 12:11:32.248 8 WARNING neutron.api.rpc.agentnotifiers.dhcp_rpc_agent_api [None req-c27f080a-3fd0-426f-bde4-093c6fddb00b 1c06e65c269242f297211c986545bf1b 80ab1ab3b4584a7b82f37c98ae6525e1 - - default default] Unable to schedule network b685e69a-556e-4e08-85d4-a0cb0fd01ca7: no agents available; will retry on subsequent port and subnet creation events.
2026-07-01 12:11:32.391 8 INFO neutron.db.ovn_revision_numbers_db [None req-c27f080a-3fd0-426f-bde4-093c6fddb00b 1c06e65c269242f297211c986545bf1b 80ab1ab3b4584a7b82f37c98ae6525e1 - - default default] Successfully bumped revision number for resource a7eb5634-cbce-4945-85cd-a1aebeb7fd15 (type: ports) to 1
2026-07-01 12:11:32.426 7 INFO neutron.db.ovn_revision_numbers_db [None req-908421f8-15f1-4e38-9366-2283312fdb9d d969c73ce808401a9f912e275aa5968b 4169ff0a37994ff9adfdf03f1b0d90c5 - - default default] Successfully bumped revision number for resource ffdf2850-5eed-4f21-9174-891053ec0fa6 (type: security_group_rules) to 0 [pid: 8|app: 0|req: 938/1835] 10.0.0.223 () {34 vars in 670 bytes} [Wed Jul 1 12:11:31 2026] POST /v2.0/networks => generated 729 bytes in 817 msecs (HTTP/1.1 201) 4 headers in 162 bytes (1 switches on core 0) [pid: 7|app: 0|req: 898/1836] 10.0.0.223 () {34 vars in 695 bytes} [Wed Jul 1 12:11:32 2026] POST /v2.0/security-group-rules => generated 597 bytes in 214 msecs (HTTP/1.1 201) 4 headers in 162 bytes (1 switches on core 0)
2026-07-01 12:11:32.507 8 INFO neutron.db.ovn_revision_numbers_db [None req-2a2cba4f-6eb8-452a-b013-556bc80b1a7e - - - - - -] Successfully bumped revision number for resource c011bf9f-1967-4baf-99ce-30ab6a4d6328 (type: ports) to 2
2026-07-01 12:11:32.584 7 WARNING neutron.scheduler.dhcp_agent_scheduler [None req-89328f8f-880e-4db8-a96b-751cfe42b604 1c06e65c269242f297211c986545bf1b 80ab1ab3b4584a7b82f37c98ae6525e1 - - default default] No more DHCP agents
2026-07-01 12:11:32.585 7 WARNING neutron.api.rpc.agentnotifiers.dhcp_rpc_agent_api [None req-89328f8f-880e-4db8-a96b-751cfe42b604 1c06e65c269242f297211c986545bf1b 80ab1ab3b4584a7b82f37c98ae6525e1 - - default default] Unable to schedule network b685e69a-556e-4e08-85d4-a0cb0fd01ca7: no agents available; will retry on subsequent port and subnet creation events. [pid: 8|app: 0|req: 939/1837] 10.0.0.223 () {32 vars in 774 bytes} [Wed Jul 1 12:11:32 2026] GET /v2.0/security-groups?tenant_id=6ff1fd097545425985f20de52146ee57&name=default => generated 2925 bytes in 190 msecs (HTTP/1.1 200) 4 headers in 158 bytes (1 switches on core 0)
2026-07-01 12:11:32.778 8 INFO neutron.db.ovn_revision_numbers_db [None req-0a913665-6a55-4a4d-977c-80ac4fac938f d969c73ce808401a9f912e275aa5968b 4169ff0a37994ff9adfdf03f1b0d90c5 - - default default] Successfully bumped revision number for resource 5baf82d3-cc94-4035-9daf-38098b7a6938 (type: security_group_rules) to 0 [pid: 8|app: 0|req: 940/1838] 10.0.0.223 () {34 vars in 695 bytes} [Wed Jul 1 12:11:32 2026] POST /v2.0/security-group-rules => generated 597 bytes in 188 msecs (HTTP/1.1 201) 4 headers in 162 bytes (1 switches on core 0) [pid: 8|app: 0|req: 941/1839] 10.0.0.223 () {32 vars in 740 bytes} [Wed Jul 1 12:11:32 2026] DELETE /v2.0/security-groups/6bb5a98b-28c6-4776-a44e-14ce67f92fe9 => generated 0 bytes in 265 msecs (HTTP/1.1 204) 2 headers in 112 bytes (1 switches on core 0)
2026-07-01 12:11:33.093 7 INFO neutron.db.ovn_revision_numbers_db [None req-cf31d5c8-0581-4880-95f0-96ef152b8581 - - - - - -] Successfully bumped revision number for resource a7eb5634-cbce-4945-85cd-a1aebeb7fd15 (type: ports) to 2
2026-07-01 12:11:33.122 7 INFO neutron.db.ovn_revision_numbers_db [None req-cf31d5c8-0581-4880-95f0-96ef152b8581 - - - - - -] Successfully bumped revision number for resource b730fc27-2d6b-4555-8fba-b2cd9bb725a4 (type: subnets) to 0 [pid: 7|app: 0|req: 899/1840] 10.0.0.223 () {34 vars in 669 bytes} [Wed Jul 1 12:11:32 2026] POST /v2.0/subnets => generated 647 bytes in 679 msecs (HTTP/1.1 201) 4 headers in 162 bytes (1 switches on core 0)
2026-07-01 12:11:33.244 8 INFO neutron.db.ovn_revision_numbers_db [None req-7e1c338c-6f48-43ce-b7c8-47e84bb13103 d969c73ce808401a9f912e275aa5968b 4169ff0a37994ff9adfdf03f1b0d90c5 - - default default] Successfully bumped revision number for resource 17733a74-a95d-46ac-94a0-fd06ce12ada3 (type: security_group_rules) to 0 [pid: 8|app: 0|req: 942/1841] 10.0.0.223 () {34 vars in 695 bytes} [Wed Jul 1 12:11:33 2026] POST /v2.0/security-group-rules => generated 597 bytes in 219 msecs (HTTP/1.1 201) 4 headers in 162 bytes (1 switches on core 0) [pid: 7|app: 0|req: 900/1842] 10.0.0.223 () {34 vars in 681 bytes} [Wed Jul 1 12:11:33 2026] POST /v2.0/rbac-policies => generated 324 bytes in 244 msecs (HTTP/1.1 201) 4 headers in 162 bytes (1 switches on core 0)
2026-07-01 12:11:33.484 8 INFO neutron.db.ovn_revision_numbers_db [None req-eadbf89e-244b-4c51-9b2d-9ebfeb388f54 d969c73ce808401a9f912e275aa5968b 4169ff0a37994ff9adfdf03f1b0d90c5 - - default default] Successfully bumped revision number for resource dd346cde-6152-489f-a616-60af22bb1e5c (type: security_group_rules) to 0 [pid: 8|app: 0|req: 943/1843] 10.0.0.223 () {34 vars in 695 bytes} [Wed Jul 1 12:11:33 2026] POST /v2.0/security-group-rules => generated 599 bytes in 212 msecs (HTTP/1.1 201) 4 headers in 162 bytes (1 switches on core 0)
2026-07-01 12:11:33.599 7 INFO neutron.services.segments.plugin [-] Segment 2ae66aac-819d-4424-bd7c-12e908a8ab1e resource provider aggregate not found
2026-07-01 12:11:33.605 7 INFO neutron.services.segments.plugin [-] Segment 2ae66aac-819d-4424-bd7c-12e908a8ab1e resource provider aggregate not found
2026-07-01 12:11:33.630 7 INFO neutron.services.segments.plugin [-] Segment 2ae66aac-819d-4424-bd7c-12e908a8ab1e resource provider not found; error: Placement Client Error (4xx): {"errors": [{"status": 404, "title": "Not Found", "detail": "The resource could not be found.\n\n No resource provider with uuid 2ae66aac-819d-4424-bd7c-12e908a8ab1e found for delete ", "request_id": "req-e3f80b63-c4db-458b-a033-4fcd0d893eb2"}]}
2026-07-01 12:11:33.635 7 INFO neutron.services.segments.plugin [-] Segment 2ae66aac-819d-4424-bd7c-12e908a8ab1e resource provider not found; error: Placement Client Error (4xx): {"errors": [{"status": 404, "title": "Not Found", "detail": "The resource could not be found.\n\n No resource provider with uuid 2ae66aac-819d-4424-bd7c-12e908a8ab1e found for delete ", "request_id": "req-e4ef0ff8-07db-4867-82d3-d390378831bd"}]}
2026-07-01 12:11:33.759 7 INFO neutron.db.ovn_revision_numbers_db [None req-76813f82-0b22-4349-af56-1dd6e3a2dc99 d969c73ce808401a9f912e275aa5968b 4169ff0a37994ff9adfdf03f1b0d90c5 - - default default] Successfully bumped revision number for resource f02ff757-2ff5-4a36-8478-bf2d8d2c3c33 (type: security_group_rules) to 0 [pid: 7|app: 0|req: 901/1844] 10.0.0.223 () {34 vars in 695 bytes} [Wed Jul 1 12:11:33 2026] POST /v2.0/security-group-rules => generated 601 bytes in 281 msecs (HTTP/1.1 201) 4 headers in 162 bytes (1 switches on core 0) [pid: 8|app: 0|req: 944/1845] 10.0.0.223 () {32 vars in 723 bytes} [Wed Jul 1 12:11:33 2026] GET /v2.0/networks/b685e69a-556e-4e08-85d4-a0cb0fd01ca7 => generated 654 bytes in 137 msecs (HTTP/1.1 200) 4 headers in 157 bytes (1 switches on core 0)
2026-07-01 12:11:33.994 7 INFO neutron.db.ovn_revision_numbers_db [None req-4376e871-0239-4139-994b-01959189e8fe d969c73ce808401a9f912e275aa5968b 4169ff0a37994ff9adfdf03f1b0d90c5 - - default default] Successfully bumped revision number for resource 6e991a37-8446-4dbc-9714-4d4c1337231c (type: security_group_rules) to 0 [pid: 7|app: 0|req: 902/1846] 10.0.0.223 () {34 vars in 695 bytes} [Wed Jul 1 12:11:33 2026] POST /v2.0/security-group-rules => generated 597 bytes in 222 msecs (HTTP/1.1 201) 4 headers in 162 bytes (1 switches on core 0) [pid: 8|app: 0|req: 945/1847] 10.0.0.21 () {34 vars in 1093 bytes} [Wed Jul 1 12:11:34 2026] GET /v2.0/security-groups?name=tempest-lb_member_SG-567038158&fields=id&tenant_id=4169ff0a37994ff9adfdf03f1b0d90c5 => generated 69 bytes in 30 msecs (HTTP/1.1 200) 4 headers in 156 bytes (1 switches on core 0) [pid: 8|app: 0|req: 946/1848] 10.0.0.21 () {34 vars in 981 bytes} [Wed Jul 1 12:11:34 2026] GET /v2.0/networks?id=7e0d7e26-70d9-4ac2-882a-f64d97bf1f68 => generated 703 bytes in 45 msecs (HTTP/1.1 200) 4 headers in 157 bytes (1 switches on core 0) [pid: 8|app: 0|req: 947/1849] 10.0.0.21 () {34 vars in 964 bytes} [Wed Jul 1 12:11:34 2026] GET /v2.0/quotas/4169ff0a37994ff9adfdf03f1b0d90c5 => generated 292 bytes in 11 msecs (HTTP/1.1 200) 4 headers in 157 bytes (1 switches on core 0)
2026-07-01 12:11:34.477 7 INFO neutron.pecan_wsgi.hooks.translation [None req-28d4ed9b-6d1d-42ae-af9d-f176b20710cb ce751ba851fd49c3be71078be80b152e 800e1af531fc433a945d8a93d70d27a8 - - default default] GET failed (client error): The resource could not be found. [pid: 7|app: 0|req: 903/1850] 10.0.0.223 () {32 vars in 723 bytes} [Wed Jul 1 12:11:34 2026] GET /v2.0/networks/b685e69a-556e-4e08-85d4-a0cb0fd01ca7 => generated 138 bytes in 188 msecs (HTTP/1.1 404) 4 headers in 164 bytes (1 switches on core 0) [pid: 8|app: 0|req: 948/1851] 10.0.0.21 () {34 vars in 1001 bytes} [Wed Jul 1 12:11:34 2026] GET /v2.0/ports?tenant_id=4169ff0a37994ff9adfdf03f1b0d90c5&fields=id => generated 287 bytes in 136 msecs (HTTP/1.1 200) 4 headers in 157 bytes (1 switches on core 0) [pid: 8|app: 0|req: 949/1852] 10.0.0.21 () {34 vars in 1007 bytes} [Wed Jul 1 12:11:34 2026] GET /v2.0/networks/7e0d7e26-70d9-4ac2-882a-f64d97bf1f68?fields=segments => generated 14 bytes in 47 msecs (HTTP/1.1 200) 4 headers in 156 bytes (1 switches on core 0) [pid: 8|app: 0|req: 950/1853] 10.0.0.21 () {34 vars in 1107 bytes} [Wed Jul 1 12:11:34 2026] GET /v2.0/networks/7e0d7e26-70d9-4ac2-882a-f64d97bf1f68?fields=provider%3Aphysical_network&fields=provider%3Anetwork_type => generated 79 bytes in 39 msecs (HTTP/1.1 200) 4 headers in 156 bytes (1 switches on core 0)
2026-07-01 12:11:34.654 7 INFO neutron_taas.services.taas.taas_plugin [None req-efde2d5b-4937-46bd-b100-d64c9057e187 1c06e65c269242f297211c986545bf1b 80ab1ab3b4584a7b82f37c98ae6525e1 - - default default] TaaS: Handle Delete Port: a7eb5634-cbce-4945-85cd-a1aebeb7fd15
