2026-07-01 12:09:30.709 7 INFO neutron.db.ovn_revision_numbers_db [None req-5a697c1e-79d7-4fed-9a4a-99801f9294c2 13abd35591bf4b09b94cb4e2e6e2df72 5db2a9aa169348f78f22108d91290ef3 - - default default] Successfully bumped revision number for resource 9e945bea-2e8b-4ac8-995e-6d5db18447e7 (type: security_group_rules) to 0
2026-07-01 12:09:30.736 7 INFO neutron.db.ovn_revision_numbers_db [None req-5a697c1e-79d7-4fed-9a4a-99801f9294c2 13abd35591bf4b09b94cb4e2e6e2df72 5db2a9aa169348f78f22108d91290ef3 - - default default] Successfully bumped revision number for resource f860ed0b-8b70-4428-a151-bae2746b6fc0 (type: security_group_rules) to 0
2026-07-01 12:09:30.823 7 INFO neutron.db.segments_db [None req-5a697c1e-79d7-4fed-9a4a-99801f9294c2 13abd35591bf4b09b94cb4e2e6e2df72 5db2a9aa169348f78f22108d91290ef3 - - default default] Added segment dfabd412-33b3-4573-a416-ed6849b3906b of type geneve for network 7956e06e-6f4a-4598-8aa7-d77b5951ab25
2026-07-01 12:09:30.920 7 INFO neutron.db.ovn_revision_numbers_db [None req-5a697c1e-79d7-4fed-9a4a-99801f9294c2 13abd35591bf4b09b94cb4e2e6e2df72 5db2a9aa169348f78f22108d91290ef3 - - default default] Successfully bumped revision number for resource 7956e06e-6f4a-4598-8aa7-d77b5951ab25 (type: networks) to 1
2026-07-01 12:09:31.065 7 WARNING neutron.scheduler.dhcp_agent_scheduler [None req-5a697c1e-79d7-4fed-9a4a-99801f9294c2 13abd35591bf4b09b94cb4e2e6e2df72 5db2a9aa169348f78f22108d91290ef3 - - default default] No more DHCP agents
2026-07-01 12:09:31.066 7 WARNING neutron.api.rpc.agentnotifiers.dhcp_rpc_agent_api [None req-5a697c1e-79d7-4fed-9a4a-99801f9294c2 13abd35591bf4b09b94cb4e2e6e2df72 5db2a9aa169348f78f22108d91290ef3 - - default default] Unable to schedule network 7956e06e-6f4a-4598-8aa7-d77b5951ab25: no agents available; will retry on subsequent port and subnet creation events.
2026-07-01 12:09:31.138 8 INFO neutron.plugins.ml2.drivers.ovn.mech_driver.mech_driver [None req-bd5666f8-0cc7-4e31-9821-df4be3d57680 - - - - - -] OVN reports status down for port: aac56562-c1f7-4ed3-a0aa-d7fff1481f05
2026-07-01 12:09:31.139 7 INFO neutron.db.ovn_revision_numbers_db [None req-5a697c1e-79d7-4fed-9a4a-99801f9294c2 13abd35591bf4b09b94cb4e2e6e2df72 5db2a9aa169348f78f22108d91290ef3 - - default default] Successfully bumped revision number for resource aac56562-c1f7-4ed3-a0aa-d7fff1481f05 (type: ports) to 1 [pid: 7|app: 0|req: 512/1031] 10.0.0.223 () {34 vars in 671 bytes} [Wed Jul 1 12:09:30 2026] POST /v2.0/networks => generated 739 bytes in 802 msecs (HTTP/1.1 201) 4 headers in 162 bytes (1 switches on core 0) [pid: 8|app: 0|req: 520/1032] 10.0.0.223 () {34 vars in 789 bytes} [Wed Jul 1 12:09:30 2026] PUT /v2.0/routers/45d1e809-03b2-4dea-b0df-fb68b59b5536/remove_router_interface => generated 309 bytes in 1018 msecs (HTTP/1.1 200) 4 headers in 157 bytes (1 switches on core 0) /var/lib/openstack/lib/python3.12/site-packages/pycadf/identifier.py:70: UserWarning: Invalid uuid: neutron. To ensure interoperability, identifiers should be a valid uuid. warnings.warn(('Invalid uuid: %s. To ensure interoperability, '
2026-07-01 12:09:31.273 7 INFO neutron_taas.services.taas.taas_plugin [None req-b7440310-2b28-4a34-a6a3-2bd71f173343 15528d819f76431ba5ed6c4e21ba476c c43e13d6d39840c5ac8c78e2cb495586 - - default default] TaaS: Handle Delete Port: 70d8fe03-a097-429b-9a6d-d60b61c01af6
2026-07-01 12:09:31.275 7 INFO neutron_taas.services.taas.tap_mirror_plugin [None req-b7440310-2b28-4a34-a6a3-2bd71f173343 15528d819f76431ba5ed6c4e21ba476c c43e13d6d39840c5ac8c78e2cb495586 - - default default] Tap Mirror: Handle Delete Port: 70d8fe03-a097-429b-9a6d-d60b61c01af6 [pid: 7|app: 0|req: 513/1033] 10.0.0.223 () {32 vars in 720 bytes} [Wed Jul 1 12:09:31 2026] DELETE /v2.0/ports/70d8fe03-a097-429b-9a6d-d60b61c01af6 => generated 0 bytes in 214 msecs (HTTP/1.1 204) 3 headers in 131 bytes (1 switches on core 0)
2026-07-01 12:09:31.415 8 WARNING neutron.scheduler.dhcp_agent_scheduler [None req-c14a0217-53ae-417b-ad53-f4dc5df21823 13abd35591bf4b09b94cb4e2e6e2df72 5db2a9aa169348f78f22108d91290ef3 - - default default] No more DHCP agents
2026-07-01 12:09:31.417 8 WARNING neutron.api.rpc.agentnotifiers.dhcp_rpc_agent_api [None req-c14a0217-53ae-417b-ad53-f4dc5df21823 13abd35591bf4b09b94cb4e2e6e2df72 5db2a9aa169348f78f22108d91290ef3 - - default default] Unable to schedule network 7956e06e-6f4a-4598-8aa7-d77b5951ab25: no agents available; will retry on subsequent port and subnet creation events.
2026-07-01 12:09:31.661 7 INFO neutron_taas.services.taas.taas_plugin [None req-94d85ce4-e453-4340-b0fa-6b24c2d06148 13abd35591bf4b09b94cb4e2e6e2df72 5db2a9aa169348f78f22108d91290ef3 - - default default] TaaS: Handle Delete Port: 4e2cf885-884f-419b-bbce-9498225e54b0
2026-07-01 12:09:31.664 7 INFO neutron_taas.services.taas.tap_mirror_plugin [None req-94d85ce4-e453-4340-b0fa-6b24c2d06148 13abd35591bf4b09b94cb4e2e6e2df72 5db2a9aa169348f78f22108d91290ef3 - - default default] Tap Mirror: Handle Delete Port: 4e2cf885-884f-419b-bbce-9498225e54b0
2026-07-01 12:09:31.817 8 INFO neutron.db.ovn_revision_numbers_db [None req-cdd7883a-53e7-48b8-b442-438d28016745 - - - - - -] Successfully bumped revision number for resource aac56562-c1f7-4ed3-a0aa-d7fff1481f05 (type: ports) to 2
2026-07-01 12:09:31.863 8 INFO neutron.db.ovn_revision_numbers_db [None req-cdd7883a-53e7-48b8-b442-438d28016745 - - - - - -] Successfully bumped revision number for resource 40f7bb16-9c6a-45d7-866f-abb67de8636d (type: subnets) to 0 [pid: 8|app: 0|req: 521/1034] 10.0.0.223 () {34 vars in 669 bytes} [Wed Jul 1 12:09:31 2026] POST /v2.0/subnets => generated 684 bytes in 608 msecs (HTTP/1.1 201) 4 headers in 162 bytes (1 switches on core 0) [pid: 8|app: 0|req: 522/1035] 10.0.0.223 () {32 vars in 643 bytes} [Wed Jul 1 12:09:31 2026] GET /v2.0/ports => generated 1534 bytes in 80 msecs (HTTP/1.1 200) 4 headers in 158 bytes (1 switches on core 0) [pid: 7|app: 0|req: 514/1036] 10.0.0.223 () {32 vars in 724 bytes} [Wed Jul 1 12:09:31 2026] DELETE /v2.0/routers/45d1e809-03b2-4dea-b0df-fb68b59b5536 => generated 0 bytes in 697 msecs (HTTP/1.1 204) 2 headers in 112 bytes (1 switches on core 0) [pid: 8|app: 0|req: 523/1037] 10.0.0.210 () {34 vars in 990 bytes} [Wed Jul 1 12:09:31 2026] GET /v2.0/ports?device_id=7292747a-49b0-42fa-88f1-851a833dd619 => generated 1209 bytes in 131 msecs (HTTP/1.1 200) 4 headers in 158 bytes (1 switches on core 0)
2026-07-01 12:09:32.107 8 INFO neutron.pecan_wsgi.hooks.translation [None req-049b2d8e-4039-4950-8028-ac76542caec3 15528d819f76431ba5ed6c4e21ba476c c43e13d6d39840c5ac8c78e2cb495586 - - default default] GET failed (client error): The resource could not be found. [pid: 8|app: 0|req: 524/1038] 10.0.0.223 () {32 vars in 717 bytes} [Wed Jul 1 12:09:32 2026] GET /v2.0/ports/70d8fe03-a097-429b-9a6d-d60b61c01af6 => generated 132 bytes in 18 msecs (HTTP/1.1 404) 4 headers in 164 bytes (1 switches on core 0) [pid: 8|app: 0|req: 525/1039] 10.0.0.223 () {32 vars in 724 bytes} [Wed Jul 1 12:09:32 2026] DELETE /v2.0/subnets/89e6eb57-6dc6-4c87-9634-51c8963a296f => generated 0 bytes in 142 msecs (HTTP/1.1 204) 3 headers in 131 bytes (1 switches on core 0) [pid: 8|app: 0|req: 526/1040] 10.0.0.210 () {34 vars in 1040 bytes} [Wed Jul 1 12:09:32 2026] GET /v2.0/security-groups?id=b06d7f43-2737-4024-9ede-5fdab5fd9f3b&fields=id&fields=name => generated 113 bytes in 32 msecs (HTTP/1.1 200) 4 headers in 157 bytes (1 switches on core 0) [pid: 8|app: 0|req: 527/1041] 10.0.0.223 () {32 vars in 643 bytes} [Wed Jul 1 12:09:32 2026] GET /v2.0/ports => generated 1534 bytes in 32 msecs (HTTP/1.1 200) 4 headers in 158 bytes (1 switches on core 0)
2026-07-01 12:09:32.422 8 INFO neutron_taas.services.taas.taas_plugin [None req-68fd2a63-2000-462b-a1a2-640db61a9963 13abd35591bf4b09b94cb4e2e6e2df72 5db2a9aa169348f78f22108d91290ef3 - - default default] TaaS: Handle Delete Port: 5396b2e3-4e66-4b4c-920e-23e6bed8befa
2026-07-01 12:09:32.424 8 INFO neutron_taas.services.taas.tap_mirror_plugin [None req-68fd2a63-2000-462b-a1a2-640db61a9963 13abd35591bf4b09b94cb4e2e6e2df72 5db2a9aa169348f78f22108d91290ef3 - - default default] Tap Mirror: Handle Delete Port: 5396b2e3-4e66-4b4c-920e-23e6bed8befa
2026-07-01 12:09:32.458 7 WARNING neutron.scheduler.dhcp_agent_scheduler [None req-4531de90-d550-4e3d-bfbc-80b001318bcd 13abd35591bf4b09b94cb4e2e6e2df72 5db2a9aa169348f78f22108d91290ef3 - - default default] No more DHCP agents
2026-07-01 12:09:32.460 7 WARNING neutron.api.rpc.agentnotifiers.dhcp_rpc_agent_api [None req-4531de90-d550-4e3d-bfbc-80b001318bcd 13abd35591bf4b09b94cb4e2e6e2df72 5db2a9aa169348f78f22108d91290ef3 - - default default] Unable to schedule network 5abeb021-91f6-4c26-abe5-224cbeaab670: no agents available; will retry on subsequent port and subnet creation events.
2026-07-01 12:09:32.591 7 INFO neutron.plugins.ml2.drivers.ovn.mech_driver.mech_driver [None req-13d6639b-f4ee-4d52-a44e-4a87952a6b78 - - - - - -] OVN reports status down for port: 4383a4b0-d7ea-4dd0-84de-1fb77734da56
2026-07-01 12:09:32.631 8 INFO neutron.services.segments.plugin [-] Segment 027b05e2-5595-4919-b85b-27805ab0c291 resource provider aggregate not found
2026-07-01 12:09:32.635 8 INFO neutron.services.segments.plugin [-] Segment 027b05e2-5595-4919-b85b-27805ab0c291 resource provider aggregate not found
2026-07-01 12:09:32.644 7 INFO neutron.db.ovn_revision_numbers_db [None req-4531de90-d550-4e3d-bfbc-80b001318bcd 13abd35591bf4b09b94cb4e2e6e2df72 5db2a9aa169348f78f22108d91290ef3 - - default default] Successfully bumped revision number for resource 4383a4b0-d7ea-4dd0-84de-1fb77734da56 (type: ports) to 1
2026-07-01 12:09:32.650 8 INFO neutron.services.segments.plugin [-] Segment 027b05e2-5595-4919-b85b-27805ab0c291 resource provider not found; error: Placement Client Error (4xx): {"errors": [{"status": 404, "title": "Not Found", "detail": "The resource could not be found.\n\n No resource provider with uuid 027b05e2-5595-4919-b85b-27805ab0c291 found for delete ", "request_id": "req-55ecf5a5-eb14-433a-a6f3-190f9b677b5a"}]}
2026-07-01 12:09:32.652 8 INFO neutron.services.segments.plugin [-] Segment 027b05e2-5595-4919-b85b-27805ab0c291 resource provider not found; error: Placement Client Error (4xx): {"errors": [{"status": 404, "title": "Not Found", "detail": "The resource could not be found.\n\n No resource provider with uuid 027b05e2-5595-4919-b85b-27805ab0c291 found for delete ", "request_id": "req-9b60f919-6e54-4a6d-b3c9-ec1d9ffc0dca"}]} [pid: 8|app: 0|req: 528/1042] 10.0.0.223 () {32 vars in 726 bytes} [Wed Jul 1 12:09:32 2026] DELETE /v2.0/networks/80a25dbd-e422-460e-b770-8a812f4add50 => generated 0 bytes in 365 msecs (HTTP/1.1 204) 3 headers in 131 bytes (1 switches on core 0) [pid: 8|app: 0|req: 529/1043] 10.0.0.223 () {32 vars in 717 bytes} [Wed Jul 1 12:09:32 2026] GET /v2.0/ports/fb31bb8a-d020-4200-90b7-92528252ea3a => generated 775 bytes in 29 msecs (HTTP/1.1 200) 4 headers in 157 bytes (1 switches on core 0)
2026-07-01 12:09:32.738 8 INFO neutron.pecan_wsgi.hooks.translation [None req-85f62587-37a6-4cd0-9fd2-912654246024 15528d819f76431ba5ed6c4e21ba476c c43e13d6d39840c5ac8c78e2cb495586 - - default default] DELETE failed (client error): The resource could not be found. [pid: 8|app: 0|req: 530/1044] 10.0.0.223 () {32 vars in 720 bytes} [Wed Jul 1 12:09:32 2026] DELETE /v2.0/ports/3d8ac611-690e-4e19-aae6-c36b8aeed6a5 => generated 132 bytes in 23 msecs (HTTP/1.1 404) 4 headers in 164 bytes (1 switches on core 0)
2026-07-01 12:09:32.757 8 INFO neutron.pecan_wsgi.hooks.translation [None req-9b7c416a-4bbc-4af9-a9f2-44083d84b1eb 15528d819f76431ba5ed6c4e21ba476c c43e13d6d39840c5ac8c78e2cb495586 - - default default] DELETE failed (client error): The resource could not be found. [pid: 8|app: 0|req: 531/1045] 10.0.0.223 () {32 vars in 724 bytes} [Wed Jul 1 12:09:32 2026] DELETE /v2.0/subnets/2b8c2ec1-6a03-4e4d-acd8-2ef1779fe04b => generated 136 bytes in 13 msecs (HTTP/1.1 404) 4 headers in 164 bytes (1 switches on core 0)
2026-07-01 12:09:32.773 8 INFO neutron.pecan_wsgi.hooks.translation [None req-7398d7a2-7a42-48f7-991c-c168d612080d 15528d819f76431ba5ed6c4e21ba476c c43e13d6d39840c5ac8c78e2cb495586 - - default default] DELETE failed (client error): The resource could not be found. [pid: 8|app: 0|req: 532/1046] 10.0.0.223 () {32 vars in 724 bytes} [Wed Jul 1 12:09:32 2026] DELETE /v2.0/subnets/c586c331-0f4f-4f45-80be-469afc31d768 => generated 136 bytes in 13 msecs (HTTP/1.1 404) 4 headers in 164 bytes (1 switches on core 0)
2026-07-01 12:09:32.903 8 INFO neutron_taas.services.taas.taas_plugin [None req-0bddafb5-fafa-4fcd-ac19-760dc9a82704 15528d819f76431ba5ed6c4e21ba476c c43e13d6d39840c5ac8c78e2cb495586 - - default default] TaaS: Handle Delete Port: fb31bb8a-d020-4200-90b7-92528252ea3a
2026-07-01 12:09:32.907 8 INFO neutron_taas.services.taas.tap_mirror_plugin [None req-0bddafb5-fafa-4fcd-ac19-760dc9a82704 15528d819f76431ba5ed6c4e21ba476c c43e13d6d39840c5ac8c78e2cb495586 - - default default] Tap Mirror: Handle Delete Port: fb31bb8a-d020-4200-90b7-92528252ea3a [pid: 8|app: 0|req: 533/1047] 10.0.0.223 () {32 vars in 720 bytes} [Wed Jul 1 12:09:32 2026] DELETE /v2.0/ports/fb31bb8a-d020-4200-90b7-92528252ea3a => generated 0 bytes in 266 msecs (HTTP/1.1 204) 3 headers in 131 bytes (1 switches on core 0) [pid: 8|app: 0|req: 534/1048] 10.0.0.223 () {32 vars in 774 bytes} [Wed Jul 1 12:09:33 2026] GET /v2.0/security-groups?tenant_id=13e6251269e448d6adf2e278e8e3ea76&name=default => generated 2925 bytes in 22 msecs (HTTP/1.1 200) 4 headers in 158 bytes (1 switches on core 0)
2026-07-01 12:09:33.193 8 INFO neutron_taas.services.taas.taas_plugin [None req-be0d9a7c-6e12-4337-9ffd-a5343591e197 15528d819f76431ba5ed6c4e21ba476c c43e13d6d39840c5ac8c78e2cb495586 - - default default] TaaS: Handle Delete Port: 74f8dc5c-6aa3-4c38-beb9-de9bab09d177
2026-07-01 12:09:33.196 8 INFO neutron_taas.services.taas.tap_mirror_plugin [None req-be0d9a7c-6e12-4337-9ffd-a5343591e197 15528d819f76431ba5ed6c4e21ba476c c43e13d6d39840c5ac8c78e2cb495586 - - default default] Tap Mirror: Handle Delete Port: 74f8dc5c-6aa3-4c38-beb9-de9bab09d177
2026-07-01 12:09:33.294 7 INFO neutron.plugins.ml2.drivers.ovn.mech_driver.ovsdb.commands [None req-637e9fc0-0a0c-44be-b7e0-7f03f05122b0 - - - - - -] Schedule LRP lrp-4383a4b0-d7ea-4dd0-84de-1fb77734da56 on gateway 795b3961-1a7d-4159-a8bd-7da62c903362 with priority 1
2026-07-01 12:09:33.352 7 INFO neutron.plugins.ml2.drivers.ovn.mech_driver.mech_driver [None req-13d6639b-f4ee-4d52-a44e-4a87952a6b78 - - - - - -] OVN reports status up for port: 4383a4b0-d7ea-4dd0-84de-1fb77734da56
2026-07-01 12:09:33.413 7 INFO neutron.plugins.ml2.drivers.ovn.mech_driver.ovsdb.ovsdb_monitor [None req-bb618759-9a3f-4945-ac0c-98418c90eb76 - - - - - -] Router 6f2c7aab-1419-4c06-8377-6069c46de89a is bound to host instance
2026-07-01 12:09:33.436 7 INFO neutron.plugins.ml2.plugin [None req-13d6639b-f4ee-4d52-a44e-4a87952a6b78 - - - - - -] Attempt 1 to provision port 4383a4b0-d7ea-4dd0-84de-1fb77734da56
2026-07-01 12:09:33.481 7 INFO neutron.db.ovn_revision_numbers_db [None req-4531de90-d550-4e3d-bfbc-80b001318bcd 13abd35591bf4b09b94cb4e2e6e2df72 5db2a9aa169348f78f22108d91290ef3 - - default default] Successfully bumped revision number for resource 4383a4b0-d7ea-4dd0-84de-1fb77734da56 (type: router_ports) to 1 [pid: 8|app: 0|req: 535/1049] 10.0.0.223 () {32 vars in 726 bytes} [Wed Jul 1 12:09:33 2026] DELETE /v2.0/networks/f805a0a8-ad39-4c38-9b54-bf620eaac182 => generated 0 bytes in 417 msecs (HTTP/1.1 204) 3 headers in 131 bytes (1 switches on core 0)
2026-07-01 12:09:33.696 7 INFO neutron.db.ovn_revision_numbers_db [None req-4531de90-d550-4e3d-bfbc-80b001318bcd 13abd35591bf4b09b94cb4e2e6e2df72 5db2a9aa169348f78f22108d91290ef3 - - default default] Successfully bumped revision number for resource 6f2c7aab-1419-4c06-8377-6069c46de89a (type: routers) to 2 [pid: 7|app: 0|req: 515/1050] 10.0.0.223 () {34 vars in 669 bytes} [Wed Jul 1 12:09:32 2026] POST /v2.0/routers => generated 962 bytes in 1668 msecs (HTTP/1.1 201) 4 headers in 162 bytes (1 switches on core 0) [pid: 8|app: 0|req: 536/1051] 10.0.0.223 () {32 vars in 740 bytes} [Wed Jul 1 12:09:33 2026] DELETE /v2.0/security-groups/0a0bc5ba-25b5-47f4-8179-f218d912dcf6 => generated 0 bytes in 299 msecs (HTTP/1.1 204) 2 headers in 112 bytes (1 switches on core 0) [pid: 8|app: 0|req: 537/1052] 10.0.0.223 () {32 vars in 774 bytes} [Wed Jul 1 12:09:34 2026] GET /v2.0/security-groups?tenant_id=c43e13d6d39840c5ac8c78e2cb495586&name=default => generated 2925 bytes in 175 msecs (HTTP/1.1 200) 4 headers in 158 bytes (1 switches on core 0) [pid: 8|app: 0|req: 538/1053] 10.0.0.223 () {32 vars in 740 bytes} [Wed Jul 1 12:09:34 2026] DELETE /v2.0/security-groups/db7fee35-e9de-4550-aee3-f8979b7d14fc => generated 0 bytes in 288 msecs (HTTP/1.1 204) 2 headers in 112 bytes (1 switches on core 0)
2026-07-01 12:09:34.550 7 WARNING neutron.scheduler.dhcp_agent_scheduler [None req-2720ff7c-4f4a-4539-ae31-fabd57c81abb 13abd35591bf4b09b94cb4e2e6e2df72 5db2a9aa169348f78f22108d91290ef3 - - default default] No more DHCP agents
2026-07-01 12:09:34.553 7 WARNING neutron.api.rpc.agentnotifiers.dhcp_rpc_agent_api [None req-2720ff7c-4f4a-4539-ae31-fabd57c81abb 13abd35591bf4b09b94cb4e2e6e2df72 5db2a9aa169348f78f22108d91290ef3 - - default default] Unable to schedule network 7956e06e-6f4a-4598-8aa7-d77b5951ab25: no agents available; will retry on subsequent port and subnet creation events.
2026-07-01 12:09:34.670 8 INFO neutron.services.segments.plugin [-] Segment a00744e3-bcf3-4f82-b905-c77980d2ccfe resource provider aggregate not found
2026-07-01 12:09:34.675 8 INFO neutron.services.segments.plugin [-] Segment a00744e3-bcf3-4f82-b905-c77980d2ccfe resource provider aggregate not found
2026-07-01 12:09:34.695 8 INFO neutron.services.segments.plugin [-] Segment a00744e3-bcf3-4f82-b905-c77980d2ccfe resource provider not found; error: Placement Client Error (4xx): {"errors": [{"status": 404, "title": "Not Found", "detail": "The resource could not be found.\n\n No resource provider with uuid a00744e3-bcf3-4f82-b905-c77980d2ccfe found for delete ", "request_id": "req-5473e72a-8a9a-493a-ba2c-ecc9ff6565cc"}]}
2026-07-01 12:09:34.695 8 INFO neutron.services.segments.plugin [-] Segment a00744e3-bcf3-4f82-b905-c77980d2ccfe resource provider not found; error: Placement Client Error (4xx): {"errors": [{"status": 404, "title": "Not Found", "detail": "The resource could not be found.\n\n No resource provider with uuid a00744e3-bcf3-4f82-b905-c77980d2ccfe found for delete ", "request_id": "req-65106a2c-e3b7-443d-8b08-5206747056c3"}]}
2026-07-01 12:09:34.823 7 INFO neutron.db.ovn_revision_numbers_db [None req-2720ff7c-4f4a-4539-ae31-fabd57c81abb 13abd35591bf4b09b94cb4e2e6e2df72 5db2a9aa169348f78f22108d91290ef3 - - default default] Successfully bumped revision number for resource 5e423254-b4be-4399-b83b-374d41720148 (type: ports) to 1
2026-07-01 12:09:34.932 7 INFO neutron.db.ovn_revision_numbers_db [None req-d449fda5-08e8-472f-ac2d-44d8945f6de5 - - - - - -] Successfully bumped revision number for resource 4383a4b0-d7ea-4dd0-84de-1fb77734da56 (type: ports) to 4 [pid: 8|app: 0|req: 539/1054] 10.0.0.21 () {34 vars in 989 bytes} [Wed Jul 1 12:09:34 2026] GET /v2.0/ports?device_id=7292747a-49b0-42fa-88f1-851a833dd619 => generated 971 bytes in 88 msecs (HTTP/1.1 200) 4 headers in 157 bytes (1 switches on core 0) [pid: 8|app: 0|req: 540/1055] 10.0.0.21 () {34 vars in 970 bytes} [Wed Jul 1 12:09:34 2026] GET /v2.0/ports/69756954-514f-48bc-89ee-344fb0cd5707 => generated 968 bytes in 48 msecs (HTTP/1.1 200) 4 headers in 157 bytes (1 switches on core 0)
2026-07-01 12:09:35.506 7 INFO neutron.db.ovn_revision_numbers_db [None req-d449fda5-08e8-472f-ac2d-44d8945f6de5 - - - - - -] Successfully bumped revision number for resource 4383a4b0-d7ea-4dd0-84de-1fb77734da56 (type: ports) to 5
2026-07-01 12:09:35.799 8 INFO neutron.db.ovn_revision_numbers_db [None req-30ffff98-0759-4373-b625-a165100159a3 13abd35591bf4b09b94cb4e2e6e2df72 5db2a9aa169348f78f22108d91290ef3 - - default default] Successfully bumped revision number for resource 1366723a-338d-4ee1-b15f-ed4603600925 (type: security_groups) to 1
2026-07-01 12:09:35.812 8 INFO neutron.db.ovn_revision_numbers_db [None req-30ffff98-0759-4373-b625-a165100159a3 13abd35591bf4b09b94cb4e2e6e2df72 5db2a9aa169348f78f22108d91290ef3 - - default default] Successfully bumped revision number for resource 030e470c-bdba-4b04-9f22-a7a14924c81e (type: security_group_rules) to 0
2026-07-01 12:09:35.828 8 INFO neutron.db.ovn_revision_numbers_db [None req-30ffff98-0759-4373-b625-a165100159a3 13abd35591bf4b09b94cb4e2e6e2df72 5db2a9aa169348f78f22108d91290ef3 - - default default] Successfully bumped revision number for resource 5d307823-0644-45c2-9abc-a5982eed5379 (type: security_group_rules) to 0
2026-07-01 12:09:35.843 8 INFO neutron.db.ovn_revision_numbers_db [None req-30ffff98-0759-4373-b625-a165100159a3 13abd35591bf4b09b94cb4e2e6e2df72 5db2a9aa169348f78f22108d91290ef3 - - default default] Successfully bumped revision number for resource 61d10583-c99c-43af-8c30-3e3eea7af8a4 (type: security_group_rules) to 0
2026-07-01 12:09:35.853 8 INFO neutron.db.ovn_revision_numbers_db [None req-30ffff98-0759-4373-b625-a165100159a3 13abd35591bf4b09b94cb4e2e6e2df72 5db2a9aa169348f78f22108d91290ef3 - - default default] Successfully bumped revision number for resource dac1a904-e666-48db-9103-6a6a71af7db2 (type: security_group_rules) to 0
2026-07-01 12:09:35.875 7 WARNING neutron.scheduler.dhcp_agent_scheduler [None req-2720ff7c-4f4a-4539-ae31-fabd57c81abb 13abd35591bf4b09b94cb4e2e6e2df72 5db2a9aa169348f78f22108d91290ef3 - - default default] No more DHCP agents
2026-07-01 12:09:35.876 7 WARNING neutron.api.rpc.agentnotifiers.dhcp_rpc_agent_api [None req-2720ff7c-4f4a-4539-ae31-fabd57c81abb 13abd35591bf4b09b94cb4e2e6e2df72 5db2a9aa169348f78f22108d91290ef3 - - default default] Unable to schedule network 7956e06e-6f4a-4598-8aa7-d77b5951ab25: no agents available; will retry on subsequent port and subnet creation events.
2026-07-01 12:09:35.936 8 INFO neutron.db.segments_db [None req-30ffff98-0759-4373-b625-a165100159a3 13abd35591bf4b09b94cb4e2e6e2df72 5db2a9aa169348f78f22108d91290ef3 - - default default] Added segment 26fe1232-87ee-4181-9eab-941620757185 of type geneve for network 7ccae89b-aa21-468c-b50a-ba82b7c14eef
2026-07-01 12:09:36.025 8 INFO neutron.db.ovn_revision_numbers_db [None req-30ffff98-0759-4373-b625-a165100159a3 13abd35591bf4b09b94cb4e2e6e2df72 5db2a9aa169348f78f22108d91290ef3 - - default default] Successfully bumped revision number for resource 7ccae89b-aa21-468c-b50a-ba82b7c14eef (type: networks) to 1
2026-07-01 12:09:36.164 8 WARNING neutron.scheduler.dhcp_agent_scheduler [None req-30ffff98-0759-4373-b625-a165100159a3 13abd35591bf4b09b94cb4e2e6e2df72 5db2a9aa169348f78f22108d91290ef3 - - default default] No more DHCP agents
2026-07-01 12:09:36.165 8 WARNING neutron.api.rpc.agentnotifiers.dhcp_rpc_agent_api [None req-30ffff98-0759-4373-b625-a165100159a3 13abd35591bf4b09b94cb4e2e6e2df72 5db2a9aa169348f78f22108d91290ef3 - - default default] Unable to schedule network 7ccae89b-aa21-468c-b50a-ba82b7c14eef: no agents available; will retry on subsequent port and subnet creation events.
2026-07-01 12:09:36.212 8 INFO neutron.plugins.ml2.drivers.ovn.mech_driver.mech_driver [None req-bd5666f8-0cc7-4e31-9821-df4be3d57680 - - - - - -] OVN reports status down for port: db232515-70a8-4a04-b42d-4c809451411a
2026-07-01 12:09:36.266 8 INFO neutron.db.ovn_revision_numbers_db [None req-30ffff98-0759-4373-b625-a165100159a3 13abd35591bf4b09b94cb4e2e6e2df72 5db2a9aa169348f78f22108d91290ef3 - - default default] Successfully bumped revision number for resource db232515-70a8-4a04-b42d-4c809451411a (type: ports) to 1 [pid: 8|app: 0|req: 541/1056] 10.0.0.223 () {34 vars in 671 bytes} [Wed Jul 1 12:09:35 2026] POST /v2.0/networks => generated 746 bytes in 837 msecs (HTTP/1.1 201) 4 headers in 162 bytes (1 switches on core 0) [pid: 8|app: 0|req: 542/1057] 199.204.45.89 () {34 vars in 999 bytes} [Wed Jul 1 12:09:36 2026] GET /v2.0/subnets?network_id=23b8045f-1a22-4031-b421-06faa07a61a1 => generated 684 bytes in 56 msecs (HTTP/1.1 200) 4 headers in 157 bytes (1 switches on core 0)
2026-07-01 12:09:36.401 7 INFO neutron.plugins.ml2.drivers.ovn.mech_driver.mech_driver [None req-13d6639b-f4ee-4d52-a44e-4a87952a6b78 - - - - - -] OVN reports status down for port: 5e423254-b4be-4399-b83b-374d41720148
2026-07-01 12:09:36.458 7 INFO neutron.db.ovn_revision_numbers_db [None req-2720ff7c-4f4a-4539-ae31-fabd57c81abb 13abd35591bf4b09b94cb4e2e6e2df72 5db2a9aa169348f78f22108d91290ef3 - - default default] Successfully bumped revision number for resource 5e423254-b4be-4399-b83b-374d41720148 (type: router_ports) to 1 [pid: 7|app: 0|req: 516/1058] 10.0.0.223 () {34 vars in 783 bytes} [Wed Jul 1 12:09:33 2026] PUT /v2.0/routers/6f2c7aab-1419-4c06-8377-6069c46de89a/add_router_interface => generated 309 bytes in 2714 msecs (HTTP/1.1 200) 4 headers in 157 bytes (1 switches on core 0)
2026-07-01 12:09:36.518 7 WARNING neutron.plugins.ml2.drivers.ovn.mech_driver.ovsdb.ovn_client [None req-13d6639b-f4ee-4d52-a44e-4a87952a6b78 - - - - - -] Logical_Switch_Port 5e423254-b4be-4399-b83b-374d41720148 host information not removed, the port state is up
2026-07-01 12:09:36.521 7 INFO neutron.plugins.ml2.drivers.ovn.mech_driver.mech_driver [None req-13d6639b-f4ee-4d52-a44e-4a87952a6b78 - - - - - -] OVN reports status up for port: 5e423254-b4be-4399-b83b-374d41720148
2026-07-01 12:09:36.544 7 INFO neutron.plugins.ml2.plugin [None req-13d6639b-f4ee-4d52-a44e-4a87952a6b78 - - - - - -] Attempt 1 to provision port 5e423254-b4be-4399-b83b-374d41720148
2026-07-01 12:09:36.573 8 INFO neutron.db.ovn_revision_numbers_db [None req-c1c9e2eb-733b-4cc4-911e-6d49f8658896 8cbe1ae0ee4540609b595a1533bb9111 17193bcc8b1d4b49ba768a94cf728b07 - - default default] Successfully bumped revision number for resource 73beef25-62c6-4819-90ff-b7513c2bf078 (type: security_groups) to 1
2026-07-01 12:09:36.591 8 INFO neutron.db.ovn_revision_numbers_db [None req-c1c9e2eb-733b-4cc4-911e-6d49f8658896 8cbe1ae0ee4540609b595a1533bb9111 17193bcc8b1d4b49ba768a94cf728b07 - - default default] Successfully bumped revision number for resource 82f1aefd-ee01-429b-a0b9-0ad04154248c (type: security_group_rules) to 0
2026-07-01 12:09:36.602 8 INFO neutron.db.ovn_revision_numbers_db [None req-c1c9e2eb-733b-4cc4-911e-6d49f8658896 8cbe1ae0ee4540609b595a1533bb9111 17193bcc8b1d4b49ba768a94cf728b07 - - default default] Successfully bumped revision number for resource 8b0844cc-0402-472a-89f8-49c0b3114766 (type: security_group_rules) to 0
2026-07-01 12:09:36.611 8 INFO neutron.db.ovn_revision_numbers_db [None req-c1c9e2eb-733b-4cc4-911e-6d49f8658896 8cbe1ae0ee4540609b595a1533bb9111 17193bcc8b1d4b49ba768a94cf728b07 - - default default] Successfully bumped revision number for resource 945d9752-0c53-4d88-aaa2-c4f16494f708 (type: security_group_rules) to 0
2026-07-01 12:09:36.620 8 INFO neutron.db.ovn_revision_numbers_db [None req-c1c9e2eb-733b-4cc4-911e-6d49f8658896 8cbe1ae0ee4540609b595a1533bb9111 17193bcc8b1d4b49ba768a94cf728b07 - - default default] Successfully bumped revision number for resource e087099b-5a51-4672-abd0-a75a64d1c0c8 (type: security_group_rules) to 0
2026-07-01 12:09:36.691 8 INFO neutron.db.segments_db [None req-c1c9e2eb-733b-4cc4-911e-6d49f8658896 8cbe1ae0ee4540609b595a1533bb9111 17193bcc8b1d4b49ba768a94cf728b07 - - default default] Added segment e5d3ecb5-1475-4df7-9ecf-9841ad1ffead of type geneve for network 62209d6b-db72-406a-8af9-3c6ea0728eaa
2026-07-01 12:09:36.798 7 WARNING neutron.scheduler.dhcp_agent_scheduler [None req-7e98dc28-0076-490e-b0ff-eeae89936e3e 13abd35591bf4b09b94cb4e2e6e2df72 5db2a9aa169348f78f22108d91290ef3 - - default default] No more DHCP agents
2026-07-01 12:09:36.802 8 INFO neutron.db.ovn_revision_numbers_db [None req-c1c9e2eb-733b-4cc4-911e-6d49f8658896 8cbe1ae0ee4540609b595a1533bb9111 17193bcc8b1d4b49ba768a94cf728b07 - - default default] Successfully bumped revision number for resource 62209d6b-db72-406a-8af9-3c6ea0728eaa (type: networks) to 1
2026-07-01 12:09:36.807 7 WARNING neutron.api.rpc.agentnotifiers.dhcp_rpc_agent_api [None req-7e98dc28-0076-490e-b0ff-eeae89936e3e 13abd35591bf4b09b94cb4e2e6e2df72 5db2a9aa169348f78f22108d91290ef3 - - default default] Unable to schedule network 7ccae89b-aa21-468c-b50a-ba82b7c14eef: no agents available; will retry on subsequent port and subnet creation events.
2026-07-01 12:09:36.970 8 WARNING neutron.scheduler.dhcp_agent_scheduler [None req-c1c9e2eb-733b-4cc4-911e-6d49f8658896 8cbe1ae0ee4540609b595a1533bb9111 17193bcc8b1d4b49ba768a94cf728b07 - - default default] No more DHCP agents
2026-07-01 12:09:36.972 8 WARNING neutron.api.rpc.agentnotifiers.dhcp_rpc_agent_api [None req-c1c9e2eb-733b-4cc4-911e-6d49f8658896 8cbe1ae0ee4540609b595a1533bb9111 17193bcc8b1d4b49ba768a94cf728b07 - - default default] Unable to schedule network 62209d6b-db72-406a-8af9-3c6ea0728eaa: no agents available; will retry on subsequent port and subnet creation events.
2026-07-01 12:09:37.018 8 INFO neutron.plugins.ml2.drivers.ovn.mech_driver.mech_driver [None req-bd5666f8-0cc7-4e31-9821-df4be3d57680 - - - - - -] OVN reports status down for port: a024a97a-823f-4c3e-9e31-f0288a699699
2026-07-01 12:09:37.071 8 INFO neutron.db.ovn_revision_numbers_db [None req-c1c9e2eb-733b-4cc4-911e-6d49f8658896 8cbe1ae0ee4540609b595a1533bb9111 17193bcc8b1d4b49ba768a94cf728b07 - - default default] Successfully bumped revision number for resource a024a97a-823f-4c3e-9e31-f0288a699699 (type: ports) to 1 [pid: 8|app: 0|req: 543/1059] 10.0.0.223 () {34 vars in 670 bytes} [Wed Jul 1 12:09:36 2026] POST /v2.0/networks => generated 630 bytes in 746 msecs (HTTP/1.1 201) 4 headers in 162 bytes (1 switches on core 0) [pid: 8|app: 0|req: 544/1060] 199.204.45.89 () {34 vars in 1145 bytes} [Wed Jul 1 12:09:37 2026] GET /v2.0/ports?device_id=7292747a-49b0-42fa-88f1-851a833dd619&device_owner=compute%3Anova&network_id=23b8045f-1a22-4031-b421-06faa07a61a1 => generated 971 bytes in 74 msecs (HTTP/1.1 200) 4 headers in 157 bytes (1 switches on core 0)
2026-07-01 12:09:37.301 8 INFO neutron.db.ovn_revision_numbers_db [None req-b1548956-1988-434d-a6ab-fccf15a0d105 015d76d645434373a601dad149e53cb5 1acd912bec1545d7959ef16b4a7ac9d9 - - default default] Successfully bumped revision number for resource 9986b4ce-6d6e-45a9-9dfc-603e54a463b2 (type: security_groups) to 1
2026-07-01 12:09:37.314 8 INFO neutron.db.ovn_revision_numbers_db [None req-b1548956-1988-434d-a6ab-fccf15a0d105 015d76d645434373a601dad149e53cb5 1acd912bec1545d7959ef16b4a7ac9d9 - - default default] Successfully bumped revision number for resource 5fca4e77-e96e-4d3a-b10e-87a4310b0fe2 (type: security_group_rules) to 0
2026-07-01 12:09:37.323 8 INFO neutron.db.ovn_revision_numbers_db [None req-b1548956-1988-434d-a6ab-fccf15a0d105 015d76d645434373a601dad149e53cb5 1acd912bec1545d7959ef16b4a7ac9d9 - - default default] Successfully bumped revision number for resource 864a4664-ded0-4c6b-b6e6-6fcd9b867383 (type: security_group_rules) to 0
2026-07-01 12:09:37.351 7 INFO neutron.db.ovn_revision_numbers_db [None req-13d6639b-f4ee-4d52-a44e-4a87952a6b78 - - - - - -] Successfully bumped revision number for resource 5e423254-b4be-4399-b83b-374d41720148 (type: ports) to 2 [pid: 8|app: 0|req: 545/1061] 10.0.0.223 () {34 vars in 685 bytes} [Wed Jul 1 12:09:37 2026] POST /v2.0/security-groups => generated 1660 bytes in 169 msecs (HTTP/1.1 201) 4 headers in 163 bytes (1 switches on core 0)
2026-07-01 12:09:37.450 8 INFO neutron.db.segments_db [None req-00a19ffa-18e7-45ef-bed1-65e310e1cc58 8cbe1ae0ee4540609b595a1533bb9111 17193bcc8b1d4b49ba768a94cf728b07 - - default default] Added segment 79fcf463-69cd-48ac-a7bf-f28364892e80 of type geneve for network e49ece9a-0fa4-4302-bc0e-44ddd47116f7
2026-07-01 12:09:37.596 7 INFO neutron.db.ovn_revision_numbers_db [None req-b2c220e5-5236-48ca-bf47-5884844f728c - - - - - -] Successfully bumped revision number for resource db232515-70a8-4a04-b42d-4c809451411a (type: ports) to 2
2026-07-01 12:09:37.603 8 INFO neutron.db.ovn_revision_numbers_db [None req-00a19ffa-18e7-45ef-bed1-65e310e1cc58 8cbe1ae0ee4540609b595a1533bb9111 17193bcc8b1d4b49ba768a94cf728b07 - - default default] Successfully bumped revision number for resource e49ece9a-0fa4-4302-bc0e-44ddd47116f7 (type: networks) to 1
2026-07-01 12:09:37.642 7 INFO neutron.db.ovn_revision_numbers_db [None req-b2c220e5-5236-48ca-bf47-5884844f728c - - - - - -] Successfully bumped revision number for resource dff7caa2-5304-4c77-9c64-a9a34dfa97e7 (type: subnets) to 0 [pid: 7|app: 0|req: 517/1062] 10.0.0.223 () {34 vars in 669 bytes} [Wed Jul 1 12:09:36 2026] POST /v2.0/subnets => generated 690 bytes in 1195 msecs (HTTP/1.1 201) 4 headers in 162 bytes (1 switches on core 0)
2026-07-01 12:09:37.780 8 WARNING neutron.scheduler.dhcp_agent_scheduler [None req-00a19ffa-18e7-45ef-bed1-65e310e1cc58 8cbe1ae0ee4540609b595a1533bb9111 17193bcc8b1d4b49ba768a94cf728b07 - - default default] No more DHCP agents
2026-07-01 12:09:37.782 8 WARNING neutron.api.rpc.agentnotifiers.dhcp_rpc_agent_api [None req-00a19ffa-18e7-45ef-bed1-65e310e1cc58 8cbe1ae0ee4540609b595a1533bb9111 17193bcc8b1d4b49ba768a94cf728b07 - - default default] Unable to schedule network e49ece9a-0fa4-4302-bc0e-44ddd47116f7: no agents available; will retry on subsequent port and subnet creation events.
2026-07-01 12:09:37.840 8 INFO neutron.plugins.ml2.drivers.ovn.mech_driver.mech_driver [None req-bd5666f8-0cc7-4e31-9821-df4be3d57680 - - - - - -] OVN reports status down for port: 7d5d93a7-77db-4161-8e04-0edc8159f69a
2026-07-01 12:09:37.893 8 INFO neutron.db.ovn_revision_numbers_db [None req-00a19ffa-18e7-45ef-bed1-65e310e1cc58 8cbe1ae0ee4540609b595a1533bb9111 17193bcc8b1d4b49ba768a94cf728b07 - - default default] Successfully bumped revision number for resource 7d5d93a7-77db-4161-8e04-0edc8159f69a (type: ports) to 1 [pid: 8|app: 0|req: 546/1063] 10.0.0.223 () {34 vars in 670 bytes} [Wed Jul 1 12:09:37 2026] POST /v2.0/networks => generated 630 bytes in 577 msecs (HTTP/1.1 201) 4 headers in 162 bytes (1 switches on core 0)
2026-07-01 12:09:38.065 8 INFO neutron.db.ovn_revision_numbers_db [None req-7c598415-60a1-4835-9cf9-75eecaabc46c 015d76d645434373a601dad149e53cb5 1acd912bec1545d7959ef16b4a7ac9d9 - - default default] Successfully bumped revision number for resource 538b1a8d-51c3-42e5-ac52-be424228dfb6 (type: security_group_rules) to 0 [pid: 8|app: 0|req: 547/1064] 10.0.0.223 () {34 vars in 695 bytes} [Wed Jul 1 12:09:37 2026] POST /v2.0/security-group-rules => generated 597 bytes in 159 msecs (HTTP/1.1 201) 4 headers in 162 bytes (1 switches on core 0)
2026-07-01 12:09:38.166 7 INFO neutron.db.ovn_revision_numbers_db [req-ba7fb119-befe-4d1f-b0e0-abd8d819f19c req-456f612f-37a4-49ce-ae8a-d82af1704440 7400da65d00b4614b5b58345d0df7913 5ce8d093bd394a23a47f4ef348f8bfac - - default default] Successfully bumped revision number for resource 69756954-514f-48bc-89ee-344fb0cd5707 (type: ports) to 6 [pid: 7|app: 0|req: 518/1065] 199.204.45.89 () {38 vars in 1027 bytes} [Wed Jul 1 12:09:37 2026] PUT /v2.0/ports/69756954-514f-48bc-89ee-344fb0cd5707 => generated 1145 bytes in 519 msecs (HTTP/1.1 200) 4 headers in 158 bytes (1 switches on core 0) /var/lib/openstack/lib/python3.12/site-packages/pycadf/identifier.py:70: UserWarning: Invalid uuid: neutron. To ensure interoperability, identifiers should be a valid uuid. warnings.warn(('Invalid uuid: %s. To ensure interoperability, '
2026-07-01 12:09:38.211 7 INFO neutron.notifiers.nova [-] Nova event matching ['req-ea0496aa-dbd8-4236-abe9-f3310bd987ea'] response: {'name': 'network-changed', 'server_uuid': '7292747a-49b0-42fa-88f1-851a833dd619', 'tag': '69756954-514f-48bc-89ee-344fb0cd5707', 'status': 'completed', 'code': 200}
2026-07-01 12:09:38.369 7 WARNING neutron.scheduler.dhcp_agent_scheduler [None req-4720f074-834c-4964-aa71-b9cb4412b80f 8cbe1ae0ee4540609b595a1533bb9111 17193bcc8b1d4b49ba768a94cf728b07 - - default default] No more DHCP agents
2026-07-01 12:09:38.370 7 WARNING neutron.api.rpc.agentnotifiers.dhcp_rpc_agent_api [None req-4720f074-834c-4964-aa71-b9cb4412b80f 8cbe1ae0ee4540609b595a1533bb9111 17193bcc8b1d4b49ba768a94cf728b07 - - default default] Unable to schedule network 62209d6b-db72-406a-8af9-3c6ea0728eaa: no agents available; will retry on subsequent port and subnet creation events.
2026-07-01 12:09:38.478 8 WARNING neutron.scheduler.dhcp_agent_scheduler [None req-ce56004a-9361-4f18-a3d1-f863e2db5a85 13abd35591bf4b09b94cb4e2e6e2df72 5db2a9aa169348f78f22108d91290ef3 - - default default] No more DHCP agents
2026-07-01 12:09:38.480 8 WARNING neutron.api.rpc.agentnotifiers.dhcp_rpc_agent_api [None req-ce56004a-9361-4f18-a3d1-f863e2db5a85 13abd35591bf4b09b94cb4e2e6e2df72 5db2a9aa169348f78f22108d91290ef3 - - default default] Unable to schedule network 5abeb021-91f6-4c26-abe5-224cbeaab670: no agents available; will retry on subsequent port and subnet creation events.
2026-07-01 12:09:38.614 8 INFO neutron.db.ovn_revision_numbers_db [None req-ce56004a-9361-4f18-a3d1-f863e2db5a85 13abd35591bf4b09b94cb4e2e6e2df72 5db2a9aa169348f78f22108d91290ef3 - - default default] Successfully bumped revision number for resource 99fb2d61-4336-423a-afc5-0b1d67a66409 (type: ports) to 1
2026-07-01 12:09:38.799 7 INFO neutron.db.ovn_revision_numbers_db [None req-1c7c8e2b-ff68-46fa-a28a-96bf2f542421 - - - - - -] Successfully bumped revision number for resource a024a97a-823f-4c3e-9e31-f0288a699699 (type: ports) to 2
2026-07-01 12:09:38.838 7 INFO neutron.db.ovn_revision_numbers_db [None req-1c7c8e2b-ff68-46fa-a28a-96bf2f542421 - - - - - -] Successfully bumped revision number for resource 5a60c2ad-bc6b-4699-bfa9-01209ef045ef (type: subnets) to 0 [pid: 7|app: 0|req: 519/1066] 10.0.0.223 () {34 vars in 669 bytes} [Wed Jul 1 12:09:38 2026] POST /v2.0/subnets => generated 626 bytes in 675 msecs (HTTP/1.1 201) 4 headers in 162 bytes (1 switches on core 0)
2026-07-01 12:09:38.984 7 INFO neutron.db.ovn_revision_numbers_db [None req-87e679ae-9914-4bd3-8afb-a127c1fdc6b1 015d76d645434373a601dad149e53cb5 1acd912bec1545d7959ef16b4a7ac9d9 - - default default] Successfully bumped revision number for resource 14e51808-3ad6-41b8-a0a3-77230a8064cd (type: security_group_rules) to 0 [pid: 7|app: 0|req: 520/1067] 10.0.0.223 () {34 vars in 695 bytes} [Wed Jul 1 12:09:38 2026] POST /v2.0/security-group-rules => generated 602 bytes in 155 msecs (HTTP/1.1 201) 4 headers in 162 bytes (1 switches on core 0) [pid: 7|app: 0|req: 521/1068] 199.204.45.89 () {34 vars in 1079 bytes} [Wed Jul 1 12:09:39 2026] GET /v2.0/ports?tenant_id=5ce8d093bd394a23a47f4ef348f8bfac&device_id=7292747a-49b0-42fa-88f1-851a833dd619 => generated 1386 bytes in 31 msecs (HTTP/1.1 200) 4 headers in 158 bytes (1 switches on core 0)
2026-07-01 12:09:39.199 7 WARNING neutron.scheduler.dhcp_agent_scheduler [None req-9d22734a-40b8-490d-a125-116a3d23d615 8cbe1ae0ee4540609b595a1533bb9111 17193bcc8b1d4b49ba768a94cf728b07 - - default default] No more DHCP agents
2026-07-01 12:09:39.201 7 WARNING neutron.api.rpc.agentnotifiers.dhcp_rpc_agent_api [None req-9d22734a-40b8-490d-a125-116a3d23d615 8cbe1ae0ee4540609b595a1533bb9111 17193bcc8b1d4b49ba768a94cf728b07 - - default default] Unable to schedule network e49ece9a-0fa4-4302-bc0e-44ddd47116f7: no agents available; will retry on subsequent port and subnet creation events.
2026-07-01 12:09:39.216 8 INFO neutron.plugins.ml2.drivers.ovn.mech_driver.ovsdb.commands [None req-b7d4bf59-d722-4ec7-9593-1705447e24ac - - - - - -] Schedule LRP lrp-99fb2d61-4336-423a-afc5-0b1d67a66409 on gateway 795b3961-1a7d-4159-a8bd-7da62c903362 with priority 1
2026-07-01 12:09:39.277 8 INFO neutron.db.ovn_revision_numbers_db [None req-ce56004a-9361-4f18-a3d1-f863e2db5a85 13abd35591bf4b09b94cb4e2e6e2df72 5db2a9aa169348f78f22108d91290ef3 - - default default] Successfully bumped revision number for resource 99fb2d61-4336-423a-afc5-0b1d67a66409 (type: router_ports) to 1
2026-07-01 12:09:39.286 7 INFO neutron.plugins.ml2.drivers.ovn.mech_driver.ovsdb.ovsdb_monitor [None req-d449fda5-08e8-472f-ac2d-44d8945f6de5 - - - - - -] Router 5c5945f4-903e-4bb6-b61c-7bcadb554107 is bound to host instance
2026-07-01 12:09:39.339 8 INFO neutron.db.ovn_revision_numbers_db [None req-ce56004a-9361-4f18-a3d1-f863e2db5a85 13abd35591bf4b09b94cb4e2e6e2df72 5db2a9aa169348f78f22108d91290ef3 - - default default] Successfully bumped revision number for resource 5c5945f4-903e-4bb6-b61c-7bcadb554107 (type: routers) to 2 [pid: 8|app: 0|req: 548/1069] 10.0.0.223 () {34 vars in 669 bytes} [Wed Jul 1 12:09:38 2026] POST /v2.0/routers => generated 968 bytes in 1260 msecs (HTTP/1.1 201) 4 headers in 162 bytes (1 switches on core 0)
2026-07-01 12:09:39.584 8 WARNING neutron.scheduler.dhcp_agent_scheduler [None req-e1b6c683-7f4d-4ae6-b91e-200bb902ccbc 015d76d645434373a601dad149e53cb5 1acd912bec1545d7959ef16b4a7ac9d9 - - default default] No more DHCP agents
2026-07-01 12:09:39.585 8 WARNING neutron.api.rpc.agentnotifiers.dhcp_rpc_agent_api [None req-e1b6c683-7f4d-4ae6-b91e-200bb902ccbc 015d76d645434373a601dad149e53cb5 1acd912bec1545d7959ef16b4a7ac9d9 - - default default] Unable to schedule network 5abeb021-91f6-4c26-abe5-224cbeaab670: no agents available; will retry on subsequent port and subnet creation events. [pid: 8|app: 0|req: 549/1070] 10.0.0.223 () {34 vars in 676 bytes} [Wed Jul 1 12:09:39 2026] POST /v2.0/floatingips => generated 552 bytes in 522 msecs (HTTP/1.1 201) 4 headers in 162 bytes (1 switches on core 0) [pid: 8|app: 0|req: 550/1071] 199.204.45.89 () {34 vars in 985 bytes} [Wed Jul 1 12:09:39 2026] GET /v2.0/networks?id=23b8045f-1a22-4031-b421-06faa07a61a1 => generated 783 bytes in 45 msecs (HTTP/1.1 200) 4 headers in 157 bytes (1 switches on core 0)
2026-07-01 12:09:39.980 7 INFO neutron.db.ovn_revision_numbers_db [None req-5f8f8b6e-0188-484c-b9a4-7747199bf647 - - - - - -] Successfully bumped revision number for resource 7d5d93a7-77db-4161-8e04-0edc8159f69a (type: ports) to 2
2026-07-01 12:09:40.037 7 INFO neutron.db.ovn_revision_numbers_db [None req-5f8f8b6e-0188-484c-b9a4-7747199bf647 - - - - - -] Successfully bumped revision number for resource 25edb490-2be3-4989-90a3-5e4d723de12e (type: subnets) to 0 [pid: 7|app: 0|req: 522/1072] 10.0.0.223 () {34 vars in 669 bytes} [Wed Jul 1 12:09:39 2026] POST /v2.0/subnets => generated 626 bytes in 1025 msecs (HTTP/1.1 201) 4 headers in 162 bytes (1 switches on core 0) [pid: 7|app: 0|req: 523/1073] 199.204.45.89 () {34 vars in 1057 bytes} [Wed Jul 1 12:09:40 2026] GET /v2.0/floatingips?fixed_ip_address=10.100.0.5&port_id=69756954-514f-48bc-89ee-344fb0cd5707 => generated 860 bytes in 81 msecs (HTTP/1.1 200) 4 headers in 157 bytes (1 switches on core 0)
2026-07-01 12:09:40.374 8 WARNING neutron.scheduler.dhcp_agent_scheduler [None req-2b88530b-ee19-4347-947d-ecfa3ccbfa50 13abd35591bf4b09b94cb4e2e6e2df72 5db2a9aa169348f78f22108d91290ef3 - - default default] No more DHCP agents
2026-07-01 12:09:40.375 8 WARNING neutron.api.rpc.agentnotifiers.dhcp_rpc_agent_api [None req-2b88530b-ee19-4347-947d-ecfa3ccbfa50 13abd35591bf4b09b94cb4e2e6e2df72 5db2a9aa169348f78f22108d91290ef3 - - default default] Unable to schedule network 7ccae89b-aa21-468c-b50a-ba82b7c14eef: no agents available; will retry on subsequent port and subnet creation events.
2026-07-01 12:09:40.387 7 INFO neutron.db.ovn_revision_numbers_db [None req-6fd09317-bc02-43ea-8c2b-669be54d2f0e 8cbe1ae0ee4540609b595a1533bb9111 17193bcc8b1d4b49ba768a94cf728b07 - - default default] Successfully bumped revision number for resource 96bb40e6-3ff9-4a21-8840-5c828be60bfc (type: routers) to 1 [pid: 7|app: 0|req: 524/1074] 10.0.0.223 () {34 vars in 669 bytes} [Wed Jul 1 12:09:40 2026] POST /v2.0/routers => generated 601 bytes in 261 msecs (HTTP/1.1 201) 4 headers in 162 bytes (1 switches on core 0) [pid: 7|app: 0|req: 525/1075] 199.204.45.89 () {34 vars in 1057 bytes} [Wed Jul 1 12:09:40 2026] GET /v2.0/floatingips?fixed_ip_address=10.100.0.6&port_id=69756954-514f-48bc-89ee-344fb0cd5707 => generated 19 bytes in 39 msecs (HTTP/1.1 200) 4 headers in 156 bytes (1 switches on core 0)
2026-07-01 12:09:40.476 8 INFO neutron.plugins.ml2.drivers.ovn.mech_driver.mech_driver [None req-bd5666f8-0cc7-4e31-9821-df4be3d57680 - - - - - -] OVN reports status down for port: dbd84fd1-cc52-4ade-bfeb-8307596401d6
2026-07-01 12:09:40.530 8 INFO neutron.db.ovn_revision_numbers_db [None req-2b88530b-ee19-4347-947d-ecfa3ccbfa50 13abd35591bf4b09b94cb4e2e6e2df72 5db2a9aa169348f78f22108d91290ef3 - - default default] Successfully bumped revision number for resource dbd84fd1-cc52-4ade-bfeb-8307596401d6 (type: ports) to 1 [pid: 7|app: 0|req: 526/1076] 10.0.0.21 () {34 vars in 1099 bytes} [Wed Jul 1 12:09:40 2026] GET /v2.0/security-groups?name=tempest-securitygroup--1650486925&fields=id&tenant_id=1acd912bec1545d7959ef16b4a7ac9d9 => generated 69 bytes in 83 msecs (HTTP/1.1 200) 4 headers in 156 bytes (1 switches on core 0)
2026-07-01 12:09:40.933 7 INFO neutron.db.ovn_revision_numbers_db [None req-98578b8a-ecf5-4a31-9f4e-85defad0d6a2 - - - - - -] Successfully bumped revision number for resource 99fb2d61-4336-423a-afc5-0b1d67a66409 (type: ports) to 4
2026-07-01 12:09:41.209 8 INFO neutron.plugins.ml2.drivers.ovn.mech_driver.mech_driver [None req-bd5666f8-0cc7-4e31-9821-df4be3d57680 - - - - - -] OVN reports status up for port: dbd84fd1-cc52-4ade-bfeb-8307596401d6
2026-07-01 12:09:41.228 8 INFO neutron.plugins.ml2.plugin [None req-bd5666f8-0cc7-4e31-9821-df4be3d57680 - - - - - -] Attempt 1 to provision port dbd84fd1-cc52-4ade-bfeb-8307596401d6
2026-07-01 12:09:41.261 7 WARNING neutron.scheduler.dhcp_agent_scheduler [None req-b78da24d-f6ea-49e6-9acc-8fa0d3d33705 8cbe1ae0ee4540609b595a1533bb9111 17193bcc8b1d4b49ba768a94cf728b07 - - default default] No more DHCP agents
2026-07-01 12:09:41.263 7 WARNING neutron.api.rpc.agentnotifiers.dhcp_rpc_agent_api [None req-b78da24d-f6ea-49e6-9acc-8fa0d3d33705 8cbe1ae0ee4540609b595a1533bb9111 17193bcc8b1d4b49ba768a94cf728b07 - - default default] Unable to schedule network 62209d6b-db72-406a-8af9-3c6ea0728eaa: no agents available; will retry on subsequent port and subnet creation events.
2026-07-01 12:09:41.345 8 WARNING neutron.scheduler.dhcp_agent_scheduler [None req-2b88530b-ee19-4347-947d-ecfa3ccbfa50 13abd35591bf4b09b94cb4e2e6e2df72 5db2a9aa169348f78f22108d91290ef3 - - default default] No more DHCP agents
2026-07-01 12:09:41.350 8 WARNING neutron.api.rpc.agentnotifiers.dhcp_rpc_agent_api [None req-2b88530b-ee19-4347-947d-ecfa3ccbfa50 13abd35591bf4b09b94cb4e2e6e2df72 5db2a9aa169348f78f22108d91290ef3 - - default default] Unable to schedule network 7ccae89b-aa21-468c-b50a-ba82b7c14eef: no agents available; will retry on subsequent port and subnet creation events.
2026-07-01 12:09:41.518 7 INFO neutron.db.ovn_revision_numbers_db [None req-b78da24d-f6ea-49e6-9acc-8fa0d3d33705 8cbe1ae0ee4540609b595a1533bb9111 17193bcc8b1d4b49ba768a94cf728b07 - - default default] Successfully bumped revision number for resource 7f7ca876-9ebf-4505-aec0-b9a2cdff4edc (type: ports) to 1
2026-07-01 12:09:41.523 7 INFO neutron.db.ovn_revision_numbers_db [None req-98578b8a-ecf5-4a31-9f4e-85defad0d6a2 - - - - - -] Successfully bumped revision number for resource 99fb2d61-4336-423a-afc5-0b1d67a66409 (type: ports) to 5
2026-07-01 12:09:41.872 8 INFO neutron.db.ovn_revision_numbers_db [None req-bd5666f8-0cc7-4e31-9821-df4be3d57680 - - - - - -] Successfully bumped revision number for resource dbd84fd1-cc52-4ade-bfeb-8307596401d6 (type: ports) to 2
2026-07-01 12:09:42.181 7 WARNING neutron.scheduler.dhcp_agent_scheduler [None req-b78da24d-f6ea-49e6-9acc-8fa0d3d33705 8cbe1ae0ee4540609b595a1533bb9111 17193bcc8b1d4b49ba768a94cf728b07 - - default default] No more DHCP agents
2026-07-01 12:09:42.183 7 WARNING neutron.api.rpc.agentnotifiers.dhcp_rpc_agent_api [None req-b78da24d-f6ea-49e6-9acc-8fa0d3d33705 8cbe1ae0ee4540609b595a1533bb9111 17193bcc8b1d4b49ba768a94cf728b07 - - default default] Unable to schedule network 62209d6b-db72-406a-8af9-3c6ea0728eaa: no agents available; will retry on subsequent port and subnet creation events.
