2026-07-01 11:36:18.034 8 INFO neutron.api.extensions [None req-4aa8e804-df9a-4d38-a36f-8c5056e70c52 - - - - - -] Loaded extension: net-mtu
2026-07-01 11:36:18.034 7 INFO neutron.api.extensions [None req-076da664-96e1-42fd-9e93-cf5b3b278b28 - - - - - -] Loaded extension: standard-attr-timestamp
2026-07-01 11:36:18.035 8 INFO neutron.api.extensions [None req-4aa8e804-df9a-4d38-a36f-8c5056e70c52 - - - - - -] Loaded extension: net-mtu-writable
2026-07-01 11:36:18.035 7 INFO neutron.api.extensions [None req-076da664-96e1-42fd-9e93-cf5b3b278b28 - - - - - -] Loaded extension: trunk
2026-07-01 11:36:18.035 8 INFO neutron.api.extensions [None req-4aa8e804-df9a-4d38-a36f-8c5056e70c52 - - - - - -] Loaded extension: network_availability_zone
2026-07-01 11:36:18.036 7 INFO neutron.api.extensions [None req-076da664-96e1-42fd-9e93-cf5b3b278b28 - - - - - -] Loaded extension: trunk-details
2026-07-01 11:36:18.036 8 INFO neutron.api.extensions [None req-4aa8e804-df9a-4d38-a36f-8c5056e70c52 - - - - - -] Extension network_ha not supported by any of loaded plugins
2026-07-01 11:36:18.036 7 INFO neutron.api.extensions [None req-076da664-96e1-42fd-9e93-cf5b3b278b28 - - - - - -] Extension uplink-status-propagation not supported by any of loaded plugins
2026-07-01 11:36:18.036 8 INFO neutron.api.extensions [None req-4aa8e804-df9a-4d38-a36f-8c5056e70c52 - - - - - -] Loaded extension: network-ip-availability
2026-07-01 11:36:18.037 7 INFO neutron.api.extensions [None req-076da664-96e1-42fd-9e93-cf5b3b278b28 - - - - - -] Extension uplink-status-propagation-updatable not supported by any of loaded plugins
2026-07-01 11:36:18.037 7 INFO neutron.api.extensions [None req-076da664-96e1-42fd-9e93-cf5b3b278b28 - - - - - -] Extension vlan-transparent not supported by any of loaded plugins
2026-07-01 11:36:18.037 8 INFO neutron.api.extensions [None req-4aa8e804-df9a-4d38-a36f-8c5056e70c52 - - - - - -] Extension network-segment-range not supported by any of loaded plugins
2026-07-01 11:36:18.038 7 INFO neutron.api.extensions [None req-076da664-96e1-42fd-9e93-cf5b3b278b28 - - - - - -] Loaded extension: vpn-aes-ctr
2026-07-01 11:36:18.038 8 INFO neutron.api.extensions [None req-4aa8e804-df9a-4d38-a36f-8c5056e70c52 - - - - - -] Loaded extension: pagination
2026-07-01 11:36:18.038 8 INFO neutron.api.extensions [None req-4aa8e804-df9a-4d38-a36f-8c5056e70c52 - - - - - -] Loaded extension: port-device-profile
2026-07-01 11:36:18.039 8 INFO neutron.api.extensions [None req-4aa8e804-df9a-4d38-a36f-8c5056e70c52 - - - - - -] Extension port-hardware-offload-type not supported by any of loaded plugins
2026-07-01 11:36:18.039 8 INFO neutron.api.extensions [None req-4aa8e804-df9a-4d38-a36f-8c5056e70c52 - - - - - -] Extension port-hint-ovs-tx-steering not supported by any of loaded plugins
2026-07-01 11:36:18.040 7 INFO neutron.api.extensions [None req-076da664-96e1-42fd-9e93-cf5b3b278b28 - - - - - -] Loaded extension: vpn-agent-scheduler
2026-07-01 11:36:18.040 8 INFO neutron.api.extensions [None req-4aa8e804-df9a-4d38-a36f-8c5056e70c52 - - - - - -] Extension port-hints not supported by any of loaded plugins
2026-07-01 11:36:18.040 8 INFO neutron.api.extensions [None req-4aa8e804-df9a-4d38-a36f-8c5056e70c52 - - - - - -] Extension port-mac-override not supported by any of loaded plugins
2026-07-01 11:36:18.040 7 INFO neutron.api.extensions [None req-076da664-96e1-42fd-9e93-cf5b3b278b28 - - - - - -] Loaded extension: vpn-endpoint-groups
2026-07-01 11:36:18.041 8 INFO neutron.api.extensions [None req-4aa8e804-df9a-4d38-a36f-8c5056e70c52 - - - - - -] Loaded extension: port-mac-address-regenerate
2026-07-01 11:36:18.041 7 INFO neutron.api.extensions [None req-076da664-96e1-42fd-9e93-cf5b3b278b28 - - - - - -] Loaded extension: vpn-flavors
2026-07-01 11:36:18.041 8 INFO neutron.api.extensions [None req-4aa8e804-df9a-4d38-a36f-8c5056e70c52 - - - - - -] Loaded extension: port-numa-affinity-policy
2026-07-01 11:36:18.042 8 INFO neutron.api.extensions [None req-4aa8e804-df9a-4d38-a36f-8c5056e70c52 - - - - - -] Loaded extension: port-numa-affinity-policy-socket
2026-07-01 11:36:18.042 8 INFO neutron.api.extensions [None req-4aa8e804-df9a-4d38-a36f-8c5056e70c52 - - - - - -] Loaded extension: port-resource-request
2026-07-01 11:36:18.043 7 INFO neutron.api.extensions [None req-076da664-96e1-42fd-9e93-cf5b3b278b28 - - - - - -] Loaded extension: vpnaas
2026-07-01 11:36:18.043 8 INFO neutron.api.extensions [None req-4aa8e804-df9a-4d38-a36f-8c5056e70c52 - - - - - -] Loaded extension: port-resource-request-groups
2026-07-01 11:36:18.043 8 INFO neutron.api.extensions [None req-4aa8e804-df9a-4d38-a36f-8c5056e70c52 - - - - - -] Extension port-trusted-vif not supported by any of loaded plugins
2026-07-01 11:36:18.044 8 INFO neutron.api.extensions [None req-4aa8e804-df9a-4d38-a36f-8c5056e70c52 - - - - - -] Loaded extension: binding
2026-07-01 11:36:18.044 7 INFO neutron.api.extensions [None req-076da664-96e1-42fd-9e93-cf5b3b278b28 - - - - - -] Loaded extension: taas
2026-07-01 11:36:18.044 8 INFO neutron.api.extensions [None req-4aa8e804-df9a-4d38-a36f-8c5056e70c52 - - - - - -] Loaded extension: binding-extended
2026-07-01 11:36:18.045 7 INFO neutron.api.extensions [None req-076da664-96e1-42fd-9e93-cf5b3b278b28 - - - - - -] Loaded extension: tap-mirror
2026-07-01 11:36:18.045 8 INFO neutron.api.extensions [None req-4aa8e804-df9a-4d38-a36f-8c5056e70c52 - - - - - -] Loaded extension: port-security
2026-07-01 11:36:18.045 8 INFO neutron.api.extensions [None req-4aa8e804-df9a-4d38-a36f-8c5056e70c52 - - - - - -] Loaded extension: project-id
2026-07-01 11:36:18.045 7 INFO neutron.api.extensions [None req-076da664-96e1-42fd-9e93-cf5b3b278b28 - - - - - -] Loaded extension: taas-vlan-filter
2026-07-01 11:36:18.046 8 INFO neutron.api.extensions [None req-4aa8e804-df9a-4d38-a36f-8c5056e70c52 - - - - - -] Loaded extension: provider
2026-07-01 11:36:18.046 8 INFO neutron.api.extensions [None req-4aa8e804-df9a-4d38-a36f-8c5056e70c52 - - - - - -] Extension qinq not supported by any of loaded plugins
2026-07-01 11:36:18.047 7 INFO neutron.quota.resource_registry [None req-076da664-96e1-42fd-9e93-cf5b3b278b28 - - - - - -] Creating instance of TrackedResource for resource:network
2026-07-01 11:36:18.048 7 INFO neutron.quota.resource_registry [None req-076da664-96e1-42fd-9e93-cf5b3b278b28 - - - - - -] Creating instance of TrackedResource for resource:subnet
2026-07-01 11:36:18.048 7 INFO neutron.quota.resource_registry [None req-076da664-96e1-42fd-9e93-cf5b3b278b28 - - - - - -] Creating instance of TrackedResource for resource:subnetpool
2026-07-01 11:36:18.048 7 INFO neutron.quota.resource_registry [None req-076da664-96e1-42fd-9e93-cf5b3b278b28 - - - - - -] Creating instance of TrackedResource for resource:port
2026-07-01 11:36:18.048 8 INFO neutron.api.extensions [None req-4aa8e804-df9a-4d38-a36f-8c5056e70c52 - - - - - -] Loaded extension: qos
2026-07-01 11:36:18.049 8 INFO neutron.api.extensions [None req-4aa8e804-df9a-4d38-a36f-8c5056e70c52 - - - - - -] Loaded extension: qos-bw-limit-direction
2026-07-01 11:36:18.050 8 INFO neutron.api.extensions [None req-4aa8e804-df9a-4d38-a36f-8c5056e70c52 - - - - - -] Loaded extension: qos-bw-minimum-ingress
2026-07-01 11:36:18.050 8 INFO neutron.api.extensions [None req-4aa8e804-df9a-4d38-a36f-8c5056e70c52 - - - - - -] Loaded extension: qos-default
2026-07-01 11:36:18.051 8 INFO neutron.api.extensions [None req-4aa8e804-df9a-4d38-a36f-8c5056e70c52 - - - - - -] Loaded extension: qos-fip
2026-07-01 11:36:18.051 7 INFO neutron.quota.resource_registry [None req-076da664-96e1-42fd-9e93-cf5b3b278b28 - - - - - -] Creating instance of TrackedResource for resource:router
2026-07-01 11:36:18.051 8 INFO neutron.api.extensions [None req-4aa8e804-df9a-4d38-a36f-8c5056e70c52 - - - - - -] Extension qos-fip-network-policy not supported by any of loaded plugins
2026-07-01 11:36:18.051 7 INFO neutron.quota.resource_registry [None req-076da664-96e1-42fd-9e93-cf5b3b278b28 - - - - - -] Creating instance of TrackedResource for resource:floatingip
2026-07-01 11:36:18.052 8 INFO neutron.api.extensions [None req-4aa8e804-df9a-4d38-a36f-8c5056e70c52 - - - - - -] Loaded extension: qos-gateway-ip
2026-07-01 11:36:18.052 8 INFO neutron.api.extensions [None req-4aa8e804-df9a-4d38-a36f-8c5056e70c52 - - - - - -] Loaded extension: qos-port-network-policy
2026-07-01 11:36:18.053 8 INFO neutron.api.extensions [None req-4aa8e804-df9a-4d38-a36f-8c5056e70c52 - - - - - -] Loaded extension: qos-pps-minimum
2026-07-01 11:36:18.053 8 INFO neutron.api.extensions [None req-4aa8e804-df9a-4d38-a36f-8c5056e70c52 - - - - - -] Loaded extension: qos-pps-minimum-rule-alias
2026-07-01 11:36:18.054 8 INFO neutron.api.extensions [None req-4aa8e804-df9a-4d38-a36f-8c5056e70c52 - - - - - -] Loaded extension: qos-pps
2026-07-01 11:36:18.055 8 INFO neutron.api.extensions [None req-4aa8e804-df9a-4d38-a36f-8c5056e70c52 - - - - - -] Loaded extension: qos-rule-type-details
2026-07-01 11:36:18.055 8 INFO neutron.api.extensions [None req-4aa8e804-df9a-4d38-a36f-8c5056e70c52 - - - - - -] Loaded extension: qos-rule-type-filter
2026-07-01 11:36:18.056 8 INFO neutron.api.extensions [None req-4aa8e804-df9a-4d38-a36f-8c5056e70c52 - - - - - -] Loaded extension: qos-rules-alias
2026-07-01 11:36:18.056 8 INFO neutron.api.extensions [None req-4aa8e804-df9a-4d38-a36f-8c5056e70c52 - - - - - -] Loaded extension: quota-check-limit
2026-07-01 11:36:18.056 7 INFO neutron.quota.resource_registry [None req-076da664-96e1-42fd-9e93-cf5b3b278b28 - - - - - -] Creating instance of CountableResource for resource:rbac_policy
2026-07-01 11:36:18.057 8 INFO neutron.api.extensions [None req-4aa8e804-df9a-4d38-a36f-8c5056e70c52 - - - - - -] Loaded extension: quota-check-limit-default
2026-07-01 11:36:18.057 7 INFO neutron.quota.resource_registry [None req-076da664-96e1-42fd-9e93-cf5b3b278b28 - - - - - -] Creating instance of TrackedResource for resource:security_group
2026-07-01 11:36:18.057 7 INFO neutron.quota.resource_registry [None req-076da664-96e1-42fd-9e93-cf5b3b278b28 - - - - - -] Creating instance of TrackedResource for resource:security_group_rule
2026-07-01 11:36:18.058 7 INFO neutron.quota.resource_registry [None req-076da664-96e1-42fd-9e93-cf5b3b278b28 - - - - - -] Creating instance of TrackedResource for resource:subnetpool
2026-07-01 11:36:18.058 7 WARNING neutron.quota.resource_registry [None req-076da664-96e1-42fd-9e93-cf5b3b278b28 - - - - - -] subnetpool is already registered
2026-07-01 11:36:18.059 8 INFO neutron.api.extensions [None req-4aa8e804-df9a-4d38-a36f-8c5056e70c52 - - - - - -] Loaded extension: quotas
2026-07-01 11:36:18.059 7 INFO neutron.quota.resource_registry [None req-076da664-96e1-42fd-9e93-cf5b3b278b28 - - - - - -] Creating instance of CountableResource for resource:trunk
2026-07-01 11:36:18.059 7 INFO neutron.quota.resource_registry [None req-076da664-96e1-42fd-9e93-cf5b3b278b28 - - - - - -] Creating instance of CountableResource for resource:ikepolicy
2026-07-01 11:36:18.060 7 INFO neutron.quota.resource_registry [None req-076da664-96e1-42fd-9e93-cf5b3b278b28 - - - - - -] Creating instance of CountableResource for resource:ipsecpolicy
2026-07-01 11:36:18.060 8 INFO neutron.api.extensions [None req-4aa8e804-df9a-4d38-a36f-8c5056e70c52 - - - - - -] Loaded extension: quota_details
2026-07-01 11:36:18.060 7 INFO neutron.quota.resource_registry [None req-076da664-96e1-42fd-9e93-cf5b3b278b28 - - - - - -] Creating instance of CountableResource for resource:endpoint_group
2026-07-01 11:36:18.061 7 INFO neutron.quota.resource_registry [None req-076da664-96e1-42fd-9e93-cf5b3b278b28 - - - - - -] Creating instance of CountableResource for resource:vpnservice
2026-07-01 11:36:18.061 7 INFO neutron.quota.resource_registry [None req-076da664-96e1-42fd-9e93-cf5b3b278b28 - - - - - -] Creating instance of CountableResource for resource:ipsec_site_connection
2026-07-01 11:36:18.061 8 INFO neutron.api.extensions [None req-4aa8e804-df9a-4d38-a36f-8c5056e70c52 - - - - - -] Loaded extension: rbac-policies
2026-07-01 11:36:18.061 7 INFO neutron.quota.resource_registry [None req-076da664-96e1-42fd-9e93-cf5b3b278b28 - - - - - -] Creating instance of CountableResource for resource:ipsecpolicy
2026-07-01 11:36:18.062 7 WARNING neutron.quota.resource_registry [None req-076da664-96e1-42fd-9e93-cf5b3b278b28 - - - - - -] ipsecpolicy is already registered
2026-07-01 11:36:18.062 8 INFO neutron.api.extensions [None req-4aa8e804-df9a-4d38-a36f-8c5056e70c52 - - - - - -] Extension rbac-address-group not supported by any of loaded plugins
2026-07-01 11:36:18.062 7 INFO neutron.quota.resource_registry [None req-076da664-96e1-42fd-9e93-cf5b3b278b28 - - - - - -] Creating instance of CountableResource for resource:ikepolicy
2026-07-01 11:36:18.062 7 WARNING neutron.quota.resource_registry [None req-076da664-96e1-42fd-9e93-cf5b3b278b28 - - - - - -] ikepolicy is already registered
2026-07-01 11:36:18.062 8 INFO neutron.api.extensions [None req-4aa8e804-df9a-4d38-a36f-8c5056e70c52 - - - - - -] Loaded extension: rbac-address-scope
2026-07-01 11:36:18.063 8 INFO neutron.api.extensions [None req-4aa8e804-df9a-4d38-a36f-8c5056e70c52 - - - - - -] Loaded extension: rbac-security-groups
2026-07-01 11:36:18.063 8 INFO neutron.api.extensions [None req-4aa8e804-df9a-4d38-a36f-8c5056e70c52 - - - - - -] Extension rbac-subnetpool not supported by any of loaded plugins
2026-07-01 11:36:18.064 8 INFO neutron.api.extensions [None req-4aa8e804-df9a-4d38-a36f-8c5056e70c52 - - - - - -] Loaded extension: revision-if-match
2026-07-01 11:36:18.064 8 INFO neutron.api.extensions [None req-4aa8e804-df9a-4d38-a36f-8c5056e70c52 - - - - - -] Loaded extension: standard-attr-revisions
2026-07-01 11:36:18.065 8 INFO neutron.api.extensions [None req-4aa8e804-df9a-4d38-a36f-8c5056e70c52 - - - - - -] Loaded extension: router_availability_zone
2026-07-01 11:36:18.065 8 INFO neutron.api.extensions [None req-4aa8e804-df9a-4d38-a36f-8c5056e70c52 - - - - - -] Extension router-service-type not supported by any of loaded plugins
2026-07-01 11:36:18.066 7 INFO neutron.quota.resource_registry [None req-076da664-96e1-42fd-9e93-cf5b3b278b28 - - - - - -] Creating instance of TrackedResource for resource:router
2026-07-01 11:36:18.067 7 WARNING neutron.quota.resource_registry [None req-076da664-96e1-42fd-9e93-cf5b3b278b28 - - - - - -] router is already registered
2026-07-01 11:36:18.067 7 INFO neutron.quota.resource_registry [None req-076da664-96e1-42fd-9e93-cf5b3b278b28 - - - - - -] Creating instance of TrackedResource for resource:floatingip
2026-07-01 11:36:18.067 8 INFO neutron.api.extensions [None req-4aa8e804-df9a-4d38-a36f-8c5056e70c52 - - - - - -] Loaded extension: security-groups-default-rules
2026-07-01 11:36:18.067 7 WARNING neutron.quota.resource_registry [None req-076da664-96e1-42fd-9e93-cf5b3b278b28 - - - - - -] floatingip is already registered
2026-07-01 11:36:18.068 8 INFO neutron.api.extensions [None req-4aa8e804-df9a-4d38-a36f-8c5056e70c52 - - - - - -] Loaded extension: security-groups-normalized-cidr
2026-07-01 11:36:18.068 8 INFO neutron.api.extensions [None req-4aa8e804-df9a-4d38-a36f-8c5056e70c52 - - - - - -] Extension port-security-groups-filtering not supported by any of loaded plugins
2026-07-01 11:36:18.069 8 INFO neutron.api.extensions [None req-4aa8e804-df9a-4d38-a36f-8c5056e70c52 - - - - - -] Loaded extension: security-groups-remote-address-group
2026-07-01 11:36:18.069 8 INFO neutron.api.extensions [None req-4aa8e804-df9a-4d38-a36f-8c5056e70c52 - - - - - -] Loaded extension: security-groups-rules-belongs-to-default-sg
2026-07-01 11:36:18.070 8 INFO neutron.api.extensions [None req-4aa8e804-df9a-4d38-a36f-8c5056e70c52 - - - - - -] Loaded extension: security-groups-shared-filtering
2026-07-01 11:36:18.071 7 INFO neutron.quota.resource_registry [None req-076da664-96e1-42fd-9e93-cf5b3b278b28 - - - - - -] Creating instance of CountableResource for resource:rbac_policy
2026-07-01 11:36:18.071 7 WARNING neutron.quota.resource_registry [None req-076da664-96e1-42fd-9e93-cf5b3b278b28 - - - - - -] rbac_policy is already registered
2026-07-01 11:36:18.072 7 INFO neutron.quota.resource_registry [None req-076da664-96e1-42fd-9e93-cf5b3b278b28 - - - - - -] Creating instance of TrackedResource for resource:security_group
2026-07-01 11:36:18.072 7 WARNING neutron.quota.resource_registry [None req-076da664-96e1-42fd-9e93-cf5b3b278b28 - - - - - -] security_group is already registered
2026-07-01 11:36:18.072 7 INFO neutron.quota.resource_registry [None req-076da664-96e1-42fd-9e93-cf5b3b278b28 - - - - - -] Creating instance of TrackedResource for resource:security_group_rule
2026-07-01 11:36:18.073 7 WARNING neutron.quota.resource_registry [None req-076da664-96e1-42fd-9e93-cf5b3b278b28 - - - - - -] security_group_rule is already registered
2026-07-01 11:36:18.073 7 INFO neutron.quota.resource_registry [None req-076da664-96e1-42fd-9e93-cf5b3b278b28 - - - - - -] Creating instance of TrackedResource for resource:subnetpool
2026-07-01 11:36:18.074 7 WARNING neutron.quota.resource_registry [None req-076da664-96e1-42fd-9e93-cf5b3b278b28 - - - - - -] subnetpool is already registered
2026-07-01 11:36:18.074 8 INFO neutron.api.extensions [None req-4aa8e804-df9a-4d38-a36f-8c5056e70c52 - - - - - -] Loaded extension: security-group
2026-07-01 11:36:18.075 7 INFO neutron.quota.resource_registry [None req-076da664-96e1-42fd-9e93-cf5b3b278b28 - - - - - -] Creating instance of CountableResource for resource:trunk
2026-07-01 11:36:18.075 7 WARNING neutron.quota.resource_registry [None req-076da664-96e1-42fd-9e93-cf5b3b278b28 - - - - - -] trunk is already registered
2026-07-01 11:36:18.075 8 INFO neutron.api.extensions [None req-4aa8e804-df9a-4d38-a36f-8c5056e70c52 - - - - - -] Loaded extension: segment
2026-07-01 11:36:18.075 7 INFO neutron.quota.resource_registry [None req-076da664-96e1-42fd-9e93-cf5b3b278b28 - - - - - -] Creating instance of CountableResource for resource:ikepolicy
2026-07-01 11:36:18.075 7 WARNING neutron.quota.resource_registry [None req-076da664-96e1-42fd-9e93-cf5b3b278b28 - - - - - -] ikepolicy is already registered
2026-07-01 11:36:18.075 8 INFO neutron.api.extensions [None req-4aa8e804-df9a-4d38-a36f-8c5056e70c52 - - - - - -] Loaded extension: segments-peer-subnet-host-routes
2026-07-01 11:36:18.076 7 INFO neutron.quota.resource_registry [None req-076da664-96e1-42fd-9e93-cf5b3b278b28 - - - - - -] Creating instance of CountableResource for resource:ipsecpolicy
2026-07-01 11:36:18.076 7 WARNING neutron.quota.resource_registry [None req-076da664-96e1-42fd-9e93-cf5b3b278b28 - - - - - -] ipsecpolicy is already registered
2026-07-01 11:36:18.076 8 INFO neutron.api.extensions [None req-4aa8e804-df9a-4d38-a36f-8c5056e70c52 - - - - - -] Loaded extension: service-type
2026-07-01 11:36:18.076 7 INFO neutron.quota.resource_registry [None req-076da664-96e1-42fd-9e93-cf5b3b278b28 - - - - - -] Creating instance of CountableResource for resource:endpoint_group
2026-07-01 11:36:18.076 7 WARNING neutron.quota.resource_registry [None req-076da664-96e1-42fd-9e93-cf5b3b278b28 - - - - - -] endpoint_group is already registered
2026-07-01 11:36:18.077 8 INFO neutron.api.extensions [None req-4aa8e804-df9a-4d38-a36f-8c5056e70c52 - - - - - -] Loaded extension: sorting
2026-07-01 11:36:18.077 7 INFO neutron.quota.resource_registry [None req-076da664-96e1-42fd-9e93-cf5b3b278b28 - - - - - -] Creating instance of CountableResource for resource:vpnservice
2026-07-01 11:36:18.077 7 WARNING neutron.quota.resource_registry [None req-076da664-96e1-42fd-9e93-cf5b3b278b28 - - - - - -] vpnservice is already registered
2026-07-01 11:36:18.077 8 INFO neutron.api.extensions [None req-4aa8e804-df9a-4d38-a36f-8c5056e70c52 - - - - - -] Loaded extension: standard-attr-segment
2026-07-01 11:36:18.077 7 INFO neutron.quota.resource_registry [None req-076da664-96e1-42fd-9e93-cf5b3b278b28 - - - - - -] Creating instance of CountableResource for resource:ipsec_site_connection
2026-07-01 11:36:18.077 7 WARNING neutron.quota.resource_registry [None req-076da664-96e1-42fd-9e93-cf5b3b278b28 - - - - - -] ipsec_site_connection is already registered
2026-07-01 11:36:18.078 8 INFO neutron.api.extensions [None req-4aa8e804-df9a-4d38-a36f-8c5056e70c52 - - - - - -] Loaded extension: standard-attr-description
2026-07-01 11:36:18.078 7 INFO neutron.quota.resource_registry [None req-076da664-96e1-42fd-9e93-cf5b3b278b28 - - - - - -] Creating instance of CountableResource for resource:ipsecpolicy
2026-07-01 11:36:18.078 7 WARNING neutron.quota.resource_registry [None req-076da664-96e1-42fd-9e93-cf5b3b278b28 - - - - - -] ipsecpolicy is already registered
2026-07-01 11:36:18.078 8 INFO neutron.api.extensions [None req-4aa8e804-df9a-4d38-a36f-8c5056e70c52 - - - - - -] Loaded extension: stateful-security-group
2026-07-01 11:36:18.078 7 INFO neutron.quota.resource_registry [None req-076da664-96e1-42fd-9e93-cf5b3b278b28 - - - - - -] Creating instance of CountableResource for resource:ikepolicy
2026-07-01 11:36:18.078 7 WARNING neutron.quota.resource_registry [None req-076da664-96e1-42fd-9e93-cf5b3b278b28 - - - - - -] ikepolicy is already registered
2026-07-01 11:36:18.079 8 WARNING neutron.api.extensions [None req-4aa8e804-df9a-4d38-a36f-8c5056e70c52 - - - - - -] Did not find expected name "Stdattrs_common" in /var/lib/openstack/lib/python3.12/site-packages/neutron/extensions/stdattrs_common.py
2026-07-01 11:36:18.079 8 INFO neutron.api.extensions [None req-4aa8e804-df9a-4d38-a36f-8c5056e70c52 - - - - - -] Loaded extension: subnet-dns-publish-fixed-ip
2026-07-01 11:36:18.080 8 INFO neutron.api.extensions [None req-4aa8e804-df9a-4d38-a36f-8c5056e70c52 - - - - - -] Loaded extension: subnet-external-network
2026-07-01 11:36:18.080 8 INFO neutron.api.extensions [None req-4aa8e804-df9a-4d38-a36f-8c5056e70c52 - - - - - -] Extension subnet_onboard not supported by any of loaded plugins
2026-07-01 11:36:18.081 8 INFO neutron.api.extensions [None req-4aa8e804-df9a-4d38-a36f-8c5056e70c52 - - - - - -] Loaded extension: subnet-segmentid-writable
2026-07-01 11:36:18.081 8 INFO neutron.api.extensions [None req-4aa8e804-df9a-4d38-a36f-8c5056e70c52 - - - - - -] Loaded extension: subnet-service-types
2026-07-01 11:36:18.082 8 INFO neutron.api.extensions [None req-4aa8e804-df9a-4d38-a36f-8c5056e70c52 - - - - - -] Loaded extension: subnet_allocation
2026-07-01 11:36:18.083 8 INFO neutron.api.extensions [None req-4aa8e804-df9a-4d38-a36f-8c5056e70c52 - - - - - -] Loaded extension: subnetpool-prefix-ops
2026-07-01 11:36:18.083 8 INFO neutron.api.extensions [None req-4aa8e804-df9a-4d38-a36f-8c5056e70c52 - - - - - -] Loaded extension: tag-creation
2026-07-01 11:36:18.084 8 INFO neutron.api.extensions [None req-4aa8e804-df9a-4d38-a36f-8c5056e70c52 - - - - - -] Extension tag-ports-during-bulk-creation not supported by any of loaded plugins
2026-07-01 11:36:18.087 8 INFO neutron.api.extensions [None req-4aa8e804-df9a-4d38-a36f-8c5056e70c52 - - - - - -] Loaded extension: standard-attr-tag
2026-07-01 11:36:18.088 8 INFO neutron.api.extensions [None req-4aa8e804-df9a-4d38-a36f-8c5056e70c52 - - - - - -] Loaded extension: standard-attr-timestamp
2026-07-01 11:36:18.089 8 INFO neutron.api.extensions [None req-4aa8e804-df9a-4d38-a36f-8c5056e70c52 - - - - - -] Loaded extension: trunk
2026-07-01 11:36:18.089 8 INFO neutron.api.extensions [None req-4aa8e804-df9a-4d38-a36f-8c5056e70c52 - - - - - -] Loaded extension: trunk-details
2026-07-01 11:36:18.090 8 INFO neutron.api.extensions [None req-4aa8e804-df9a-4d38-a36f-8c5056e70c52 - - - - - -] Extension uplink-status-propagation not supported by any of loaded plugins
2026-07-01 11:36:18.090 8 INFO neutron.api.extensions [None req-4aa8e804-df9a-4d38-a36f-8c5056e70c52 - - - - - -] Extension uplink-status-propagation-updatable not supported by any of loaded plugins
2026-07-01 11:36:18.091 8 INFO neutron.api.extensions [None req-4aa8e804-df9a-4d38-a36f-8c5056e70c52 - - - - - -] Extension vlan-transparent not supported by any of loaded plugins
2026-07-01 11:36:18.091 8 INFO neutron.api.extensions [None req-4aa8e804-df9a-4d38-a36f-8c5056e70c52 - - - - - -] Loaded extension: vpn-aes-ctr
2026-07-01 11:36:18.093 8 INFO neutron.api.extensions [None req-4aa8e804-df9a-4d38-a36f-8c5056e70c52 - - - - - -] Loaded extension: vpn-agent-scheduler
2026-07-01 11:36:18.094 8 INFO neutron.api.extensions [None req-4aa8e804-df9a-4d38-a36f-8c5056e70c52 - - - - - -] Loaded extension: vpn-endpoint-groups
2026-07-01 11:36:18.095 8 INFO neutron.api.extensions [None req-4aa8e804-df9a-4d38-a36f-8c5056e70c52 - - - - - -] Loaded extension: vpn-flavors
2026-07-01 11:36:18.096 8 INFO neutron.api.extensions [None req-4aa8e804-df9a-4d38-a36f-8c5056e70c52 - - - - - -] Loaded extension: vpnaas
2026-07-01 11:36:18.097 8 INFO neutron.api.extensions [None req-4aa8e804-df9a-4d38-a36f-8c5056e70c52 - - - - - -] Loaded extension: taas
2026-07-01 11:36:18.098 8 INFO neutron.api.extensions [None req-4aa8e804-df9a-4d38-a36f-8c5056e70c52 - - - - - -] Loaded extension: tap-mirror
2026-07-01 11:36:18.099 8 INFO neutron.api.extensions [None req-4aa8e804-df9a-4d38-a36f-8c5056e70c52 - - - - - -] Loaded extension: taas-vlan-filter
2026-07-01 11:36:18.101 8 INFO neutron.quota.resource_registry [None req-4aa8e804-df9a-4d38-a36f-8c5056e70c52 - - - - - -] Creating instance of TrackedResource for resource:network
2026-07-01 11:36:18.101 8 INFO neutron.quota.resource_registry [None req-4aa8e804-df9a-4d38-a36f-8c5056e70c52 - - - - - -] Creating instance of TrackedResource for resource:subnet
2026-07-01 11:36:18.101 8 INFO neutron.quota.resource_registry [None req-4aa8e804-df9a-4d38-a36f-8c5056e70c52 - - - - - -] Creating instance of TrackedResource for resource:subnetpool
2026-07-01 11:36:18.102 8 INFO neutron.quota.resource_registry [None req-4aa8e804-df9a-4d38-a36f-8c5056e70c52 - - - - - -] Creating instance of TrackedResource for resource:port
2026-07-01 11:36:18.104 8 INFO neutron.quota.resource_registry [None req-4aa8e804-df9a-4d38-a36f-8c5056e70c52 - - - - - -] Creating instance of TrackedResource for resource:router
2026-07-01 11:36:18.105 8 INFO neutron.quota.resource_registry [None req-4aa8e804-df9a-4d38-a36f-8c5056e70c52 - - - - - -] Creating instance of TrackedResource for resource:floatingip
2026-07-01 11:36:18.110 8 INFO neutron.quota.resource_registry [None req-4aa8e804-df9a-4d38-a36f-8c5056e70c52 - - - - - -] Creating instance of CountableResource for resource:rbac_policy
2026-07-01 11:36:18.110 8 INFO neutron.quota.resource_registry [None req-4aa8e804-df9a-4d38-a36f-8c5056e70c52 - - - - - -] Creating instance of TrackedResource for resource:security_group
2026-07-01 11:36:18.111 8 INFO neutron.quota.resource_registry [None req-4aa8e804-df9a-4d38-a36f-8c5056e70c52 - - - - - -] Creating instance of TrackedResource for resource:security_group_rule
2026-07-01 11:36:18.112 8 INFO neutron.quota.resource_registry [None req-4aa8e804-df9a-4d38-a36f-8c5056e70c52 - - - - - -] Creating instance of TrackedResource for resource:subnetpool
2026-07-01 11:36:18.112 8 WARNING neutron.quota.resource_registry [None req-4aa8e804-df9a-4d38-a36f-8c5056e70c52 - - - - - -] subnetpool is already registered
2026-07-01 11:36:18.112 8 INFO neutron.quota.resource_registry [None req-4aa8e804-df9a-4d38-a36f-8c5056e70c52 - - - - - -] Creating instance of CountableResource for resource:trunk
2026-07-01 11:36:18.113 8 INFO neutron.quota.resource_registry [None req-4aa8e804-df9a-4d38-a36f-8c5056e70c52 - - - - - -] Creating instance of CountableResource for resource:ikepolicy
2026-07-01 11:36:18.113 8 INFO neutron.quota.resource_registry [None req-4aa8e804-df9a-4d38-a36f-8c5056e70c52 - - - - - -] Creating instance of CountableResource for resource:ipsecpolicy
2026-07-01 11:36:18.114 8 INFO neutron.quota.resource_registry [None req-4aa8e804-df9a-4d38-a36f-8c5056e70c52 - - - - - -] Creating instance of CountableResource for resource:endpoint_group
2026-07-01 11:36:18.114 8 INFO neutron.quota.resource_registry [None req-4aa8e804-df9a-4d38-a36f-8c5056e70c52 - - - - - -] Creating instance of CountableResource for resource:vpnservice
2026-07-01 11:36:18.114 7 WARNING keystonemiddleware._common.config [None req-076da664-96e1-42fd-9e93-cf5b3b278b28 - - - - - -] The option "audit_map_file" is not known to keystonemiddleware
2026-07-01 11:36:18.114 8 INFO neutron.quota.resource_registry [None req-4aa8e804-df9a-4d38-a36f-8c5056e70c52 - - - - - -] Creating instance of CountableResource for resource:ipsec_site_connection
2026-07-01 11:36:18.115 8 INFO neutron.quota.resource_registry [None req-4aa8e804-df9a-4d38-a36f-8c5056e70c52 - - - - - -] Creating instance of CountableResource for resource:ipsecpolicy
2026-07-01 11:36:18.115 8 WARNING neutron.quota.resource_registry [None req-4aa8e804-df9a-4d38-a36f-8c5056e70c52 - - - - - -] ipsecpolicy is already registered
2026-07-01 11:36:18.115 8 INFO neutron.quota.resource_registry [None req-4aa8e804-df9a-4d38-a36f-8c5056e70c52 - - - - - -] Creating instance of CountableResource for resource:ikepolicy
2026-07-01 11:36:18.115 8 WARNING neutron.quota.resource_registry [None req-4aa8e804-df9a-4d38-a36f-8c5056e70c52 - - - - - -] ikepolicy is already registered
2026-07-01 11:36:18.120 8 INFO neutron.quota.resource_registry [None req-4aa8e804-df9a-4d38-a36f-8c5056e70c52 - - - - - -] Creating instance of TrackedResource for resource:router
2026-07-01 11:36:18.120 8 WARNING neutron.quota.resource_registry [None req-4aa8e804-df9a-4d38-a36f-8c5056e70c52 - - - - - -] router is already registered
2026-07-01 11:36:18.120 8 INFO neutron.quota.resource_registry [None req-4aa8e804-df9a-4d38-a36f-8c5056e70c52 - - - - - -] Creating instance of TrackedResource for resource:floatingip
2026-07-01 11:36:18.120 8 WARNING neutron.quota.resource_registry [None req-4aa8e804-df9a-4d38-a36f-8c5056e70c52 - - - - - -] floatingip is already registered
2026-07-01 11:36:18.120 7 WARNING oslo_config.cfg [None req-076da664-96e1-42fd-9e93-cf5b3b278b28 - - - - - -] Deprecated: Option "auth_uri" from group "keystone_authtoken" is deprecated. Use option "www_authenticate_uri" from group "keystone_authtoken".
2026-07-01 11:36:18.124 8 INFO neutron.quota.resource_registry [None req-4aa8e804-df9a-4d38-a36f-8c5056e70c52 - - - - - -] Creating instance of CountableResource for resource:rbac_policy
2026-07-01 11:36:18.125 8 WARNING neutron.quota.resource_registry [None req-4aa8e804-df9a-4d38-a36f-8c5056e70c52 - - - - - -] rbac_policy is already registered
2026-07-01 11:36:18.125 8 INFO neutron.quota.resource_registry [None req-4aa8e804-df9a-4d38-a36f-8c5056e70c52 - - - - - -] Creating instance of TrackedResource for resource:security_group
2026-07-01 11:36:18.125 8 WARNING neutron.quota.resource_registry [None req-4aa8e804-df9a-4d38-a36f-8c5056e70c52 - - - - - -] security_group is already registered
2026-07-01 11:36:18.126 8 INFO neutron.quota.resource_registry [None req-4aa8e804-df9a-4d38-a36f-8c5056e70c52 - - - - - -] Creating instance of TrackedResource for resource:security_group_rule
2026-07-01 11:36:18.126 8 WARNING neutron.quota.resource_registry [None req-4aa8e804-df9a-4d38-a36f-8c5056e70c52 - - - - - -] security_group_rule is already registered
2026-07-01 11:36:18.126 8 INFO neutron.quota.resource_registry [None req-4aa8e804-df9a-4d38-a36f-8c5056e70c52 - - - - - -] Creating instance of TrackedResource for resource:subnetpool
2026-07-01 11:36:18.127 8 WARNING neutron.quota.resource_registry [None req-4aa8e804-df9a-4d38-a36f-8c5056e70c52 - - - - - -] subnetpool is already registered
2026-07-01 11:36:18.128 8 INFO neutron.quota.resource_registry [None req-4aa8e804-df9a-4d38-a36f-8c5056e70c52 - - - - - -] Creating instance of CountableResource for resource:trunk
2026-07-01 11:36:18.128 8 WARNING neutron.quota.resource_registry [None req-4aa8e804-df9a-4d38-a36f-8c5056e70c52 - - - - - -] trunk is already registered
2026-07-01 11:36:18.128 8 INFO neutron.quota.resource_registry [None req-4aa8e804-df9a-4d38-a36f-8c5056e70c52 - - - - - -] Creating instance of CountableResource for resource:ikepolicy
2026-07-01 11:36:18.128 8 WARNING neutron.quota.resource_registry [None req-4aa8e804-df9a-4d38-a36f-8c5056e70c52 - - - - - -] ikepolicy is already registered
2026-07-01 11:36:18.129 8 INFO neutron.quota.resource_registry [None req-4aa8e804-df9a-4d38-a36f-8c5056e70c52 - - - - - -] Creating instance of CountableResource for resource:ipsecpolicy
2026-07-01 11:36:18.129 8 WARNING neutron.quota.resource_registry [None req-4aa8e804-df9a-4d38-a36f-8c5056e70c52 - - - - - -] ipsecpolicy is already registered
2026-07-01 11:36:18.129 8 INFO neutron.quota.resource_registry [None req-4aa8e804-df9a-4d38-a36f-8c5056e70c52 - - - - - -] Creating instance of CountableResource for resource:endpoint_group
2026-07-01 11:36:18.129 8 WARNING neutron.quota.resource_registry [None req-4aa8e804-df9a-4d38-a36f-8c5056e70c52 - - - - - -] endpoint_group is already registered
2026-07-01 11:36:18.130 8 INFO neutron.quota.resource_registry [None req-4aa8e804-df9a-4d38-a36f-8c5056e70c52 - - - - - -] Creating instance of CountableResource for resource:vpnservice
2026-07-01 11:36:18.130 8 WARNING neutron.quota.resource_registry [None req-4aa8e804-df9a-4d38-a36f-8c5056e70c52 - - - - - -] vpnservice is already registered
2026-07-01 11:36:18.130 8 INFO neutron.quota.resource_registry [None req-4aa8e804-df9a-4d38-a36f-8c5056e70c52 - - - - - -] Creating instance of CountableResource for resource:ipsec_site_connection
2026-07-01 11:36:18.130 8 WARNING neutron.quota.resource_registry [None req-4aa8e804-df9a-4d38-a36f-8c5056e70c52 - - - - - -] ipsec_site_connection is already registered
2026-07-01 11:36:18.131 8 INFO neutron.quota.resource_registry [None req-4aa8e804-df9a-4d38-a36f-8c5056e70c52 - - - - - -] Creating instance of CountableResource for resource:ipsecpolicy
2026-07-01 11:36:18.131 8 WARNING neutron.quota.resource_registry [None req-4aa8e804-df9a-4d38-a36f-8c5056e70c52 - - - - - -] ipsecpolicy is already registered
2026-07-01 11:36:18.131 8 INFO neutron.quota.resource_registry [None req-4aa8e804-df9a-4d38-a36f-8c5056e70c52 - - - - - -] Creating instance of CountableResource for resource:ikepolicy
2026-07-01 11:36:18.131 8 WARNING neutron.quota.resource_registry [None req-4aa8e804-df9a-4d38-a36f-8c5056e70c52 - - - - - -] ikepolicy is already registered
2026-07-01 11:36:18.138 7 WARNING neutron.plugins.ml2.drivers.ovn.mech_driver.mech_driver [None req-076da664-96e1-42fd-9e93-cf5b3b278b28 - - - - - -] uWSGI must provide a start time using the configuration parameter "start-time %t" in the configuration file
2026-07-01 11:36:18.148 7 INFO neutron.db.ovn_hash_ring_db [None req-076da664-96e1-42fd-9e93-cf5b3b278b28 - - - - - -] Nodes from host "neutron-server-564897989f-qbzlx" and group "mechanism_driver" removed from the Hash Ring created at
2026-07-01 11:36:18+00:00
2026-07-01 11:36:18.150 7 INFO neutron.db.ovn_hash_ring_db [None req-076da664-96e1-42fd-9e93-cf5b3b278b28 - - - - - -] Node c09c48802eb55bcfa3f9861722e91117 from host "neutron-server-564897989f-qbzlx" and group "mechanism_driver" added to the Hash Ring
2026-07-01 11:36:18.158 7 INFO neutron.plugins.ml2.drivers.ovn.mech_driver.mech_driver [None req-076da664-96e1-42fd-9e93-cf5b3b278b28 - - - - - -] Hash Ring probing thread for node c09c48802eb55bcfa3f9861722e91117 has started
2026-07-01 11:36:18.158 7 INFO neutron.plugins.ml2.drivers.ovn.mech_driver.ovsdb.impl_idl_ovn [None req-076da664-96e1-42fd-9e93-cf5b3b278b28 - - - - - -] Getting OvsdbNbOvnIdl for WorkerService with retry
2026-07-01 11:36:18.167 8 WARNING keystonemiddleware._common.config [None req-4aa8e804-df9a-4d38-a36f-8c5056e70c52 - - - - - -] The option "audit_map_file" is not known to keystonemiddleware
2026-07-01 11:36:18.174 8 WARNING oslo_config.cfg [None req-4aa8e804-df9a-4d38-a36f-8c5056e70c52 - - - - - -] Deprecated: Option "auth_uri" from group "keystone_authtoken" is deprecated. Use option "www_authenticate_uri" from group "keystone_authtoken".
2026-07-01 11:36:18.187 7 INFO ovsdbapp.backend.ovs_idl.vlog [None req-076da664-96e1-42fd-9e93-cf5b3b278b28 - - - - - -] tcp:10.96.111.59:6641: connecting...
2026-07-01 11:36:18.187 7 INFO ovsdbapp.backend.ovs_idl.vlog [None req-076da664-96e1-42fd-9e93-cf5b3b278b28 - - - - - -] tcp:10.96.111.59:6641: connected
2026-07-01 11:36:18.191 8 WARNING neutron.plugins.ml2.drivers.ovn.mech_driver.mech_driver [None req-4aa8e804-df9a-4d38-a36f-8c5056e70c52 - - - - - -] uWSGI must provide a start time using the configuration parameter "start-time %t" in the configuration file
2026-07-01 11:36:18.202 8 INFO neutron.db.ovn_hash_ring_db [None req-4aa8e804-df9a-4d38-a36f-8c5056e70c52 - - - - - -] Nodes from host "neutron-server-564897989f-qbzlx" and group "mechanism_driver" removed from the Hash Ring created at
2026-07-01 11:36:18+00:00
2026-07-01 11:36:18.204 8 INFO neutron.db.ovn_hash_ring_db [None req-4aa8e804-df9a-4d38-a36f-8c5056e70c52 - - - - - -] Node 4bfa4d2974805f308c109a5345cc94bb from host "neutron-server-564897989f-qbzlx" and group "mechanism_driver" added to the Hash Ring
2026-07-01 11:36:18.212 8 INFO neutron.plugins.ml2.drivers.ovn.mech_driver.mech_driver [None req-4aa8e804-df9a-4d38-a36f-8c5056e70c52 - - - - - -] Hash Ring probing thread for node 4bfa4d2974805f308c109a5345cc94bb has started
2026-07-01 11:36:18.212 8 INFO neutron.plugins.ml2.drivers.ovn.mech_driver.ovsdb.impl_idl_ovn [None req-4aa8e804-df9a-4d38-a36f-8c5056e70c52 - - - - - -] Getting OvsdbNbOvnIdl for WorkerService with retry
2026-07-01 11:36:18.223 7 INFO neutron.plugins.ml2.drivers.ovn.mech_driver.ovsdb.impl_idl_ovn [None req-076da664-96e1-42fd-9e93-cf5b3b278b28 - - - - - -] Getting OvsdbSbOvnIdl for WorkerService with retry
2026-07-01 11:36:18.238 8 INFO ovsdbapp.backend.ovs_idl.vlog [None req-4aa8e804-df9a-4d38-a36f-8c5056e70c52 - - - - - -] tcp:10.96.111.59:6641: connecting...
2026-07-01 11:36:18.238 8 INFO ovsdbapp.backend.ovs_idl.vlog [None req-4aa8e804-df9a-4d38-a36f-8c5056e70c52 - - - - - -] tcp:10.96.111.59:6641: connected
2026-07-01 11:36:18.240 7 INFO ovsdbapp.backend.ovs_idl.vlog [None req-076da664-96e1-42fd-9e93-cf5b3b278b28 - - - - - -] tcp:10.111.11.209:6642: connecting...
2026-07-01 11:36:18.241 7 INFO ovsdbapp.backend.ovs_idl.vlog [None req-076da664-96e1-42fd-9e93-cf5b3b278b28 - - - - - -] tcp:10.111.11.209:6642: connected
2026-07-01 11:36:18.268 7 INFO neutron.plugins.ml2.drivers.ovn.mech_driver.mech_driver [None req-076da664-96e1-42fd-9e93-cf5b3b278b28 - - - - - -] WorkerService process has finished the post initialization
2026-07-01 11:36:18.269 7 INFO neutron.plugins.ml2.drivers.ovn.mech_driver.ovsdb.extensions.qos [-] Starting OVNClientQosExtension
2026-07-01 11:36:18.269 7 INFO neutron.plugins.ml2.drivers.ovn.mech_driver.ovsdb.extensions.placement [-] Starting OVNClientPlacementExtension
2026-07-01 11:36:18.272 8 INFO neutron.plugins.ml2.drivers.ovn.mech_driver.ovsdb.impl_idl_ovn [None req-4aa8e804-df9a-4d38-a36f-8c5056e70c52 - - - - - -] Getting OvsdbSbOvnIdl for WorkerService with retry
2026-07-01 11:36:18.289 8 INFO ovsdbapp.backend.ovs_idl.vlog [None req-4aa8e804-df9a-4d38-a36f-8c5056e70c52 - - - - - -] tcp:10.111.11.209:6642: connecting...
2026-07-01 11:36:18.289 7 INFO ovsdbapp.backend.ovs_idl.vlog [None req-076da664-96e1-42fd-9e93-cf5b3b278b28 - - - - - -] tcp:10.96.111.59:6641: connecting...
2026-07-01 11:36:18.289 8 INFO ovsdbapp.backend.ovs_idl.vlog [None req-4aa8e804-df9a-4d38-a36f-8c5056e70c52 - - - - - -] tcp:10.111.11.209:6642: connected
2026-07-01 11:36:18.290 7 INFO ovsdbapp.backend.ovs_idl.vlog [None req-076da664-96e1-42fd-9e93-cf5b3b278b28 - - - - - -] tcp:10.96.111.59:6641: connected
2026-07-01 11:36:18.322 8 INFO neutron.plugins.ml2.drivers.ovn.mech_driver.mech_driver [None req-4aa8e804-df9a-4d38-a36f-8c5056e70c52 - - - - - -] WorkerService process has finished the post initialization
2026-07-01 11:36:18.327 7 INFO ovsdbapp.backend.ovs_idl.vlog [None req-076da664-96e1-42fd-9e93-cf5b3b278b28 - - - - - -] tcp:10.96.111.59:6641: connecting...
2026-07-01 11:36:18.327 7 INFO ovsdbapp.backend.ovs_idl.vlog [None req-076da664-96e1-42fd-9e93-cf5b3b278b28 - - - - - -] tcp:10.96.111.59:6641: connected
2026-07-01 11:36:18.339 8 INFO ovsdbapp.backend.ovs_idl.vlog [None req-4aa8e804-df9a-4d38-a36f-8c5056e70c52 - - - - - -] tcp:10.96.111.59:6641: connecting...
2026-07-01 11:36:18.339 8 INFO ovsdbapp.backend.ovs_idl.vlog [None req-4aa8e804-df9a-4d38-a36f-8c5056e70c52 - - - - - -] tcp:10.96.111.59:6641: connected WSGI app 0 (mountpoint='') ready in 8 seconds on interpreter 0x7f1272074668 pid: 7 (default app)
2026-07-01 11:36:18.376 8 INFO ovsdbapp.backend.ovs_idl.vlog [None req-4aa8e804-df9a-4d38-a36f-8c5056e70c52 - - - - - -] tcp:10.96.111.59:6641: connecting...
2026-07-01 11:36:18.377 8 INFO ovsdbapp.backend.ovs_idl.vlog [None req-4aa8e804-df9a-4d38-a36f-8c5056e70c52 - - - - - -] tcp:10.96.111.59:6641: connected WSGI app 0 (mountpoint='') ready in 8 seconds on interpreter 0x7f1272074668 pid: 8 (default app) /var/lib/openstack/lib/python3.12/site-packages/pycadf/identifier.py:70: UserWarning: Invalid uuid: unknown. To ensure interoperability, identifiers should be a valid uuid. warnings.warn(('Invalid uuid: %s. To ensure interoperability, '
2026-07-01 11:36:21.225 7 INFO neutron.pecan_wsgi.hooks.translation [None req-a5955f9d-dfb4-4edf-947b-fc7ebd736904 13abd35591bf4b09b94cb4e2e6e2df72 5db2a9aa169348f78f22108d91290ef3 - - default default] GET failed (client error): The resource could not be found. [pid: 7|app: 0|req: 4/4] 199.204.45.89 () {44 vars in 923 bytes} [Wed Jul 1 11:36:20 2026] GET /v2.0/networks/public => generated 108 bytes in 798 msecs (HTTP/1.1 404) 4 headers in 164 bytes (1 switches on core 0) /var/lib/openstack/lib/python3.12/site-packages/pycadf/identifier.py:70: UserWarning: Invalid uuid: unknown. To ensure interoperability, identifiers should be a valid uuid. warnings.warn(('Invalid uuid: %s. To ensure interoperability, ' [pid: 8|app: 0|req: 1/5] 199.204.45.89 () {44 vars in 945 bytes} [Wed Jul 1 11:36:21 2026] GET /v2.0/networks?name=public => generated 15 bytes in 370 msecs (HTTP/1.1 200) 4 headers in 156 bytes (1 switches on core 0)
2026-07-01 11:36:21.913 7 INFO neutron.db.ovn_revision_numbers_db [None req-c0d2fb58-f9e4-4d83-8ea3-babff07b54fc 13abd35591bf4b09b94cb4e2e6e2df72 5db2a9aa169348f78f22108d91290ef3 - - default default] Successfully bumped revision number for resource d267a3b8-b7a7-4134-b6dc-2be17e509b92 (type: security_groups) to 1
2026-07-01 11:36:21.924 7 INFO neutron.db.ovn_revision_numbers_db [None req-c0d2fb58-f9e4-4d83-8ea3-babff07b54fc 13abd35591bf4b09b94cb4e2e6e2df72 5db2a9aa169348f78f22108d91290ef3 - - default default] Successfully bumped revision number for resource 1e296d77-f5c9-4bb4-b34d-177a247ff67a (type: security_group_rules) to 0
2026-07-01 11:36:21.934 7 INFO neutron.db.ovn_revision_numbers_db [None req-c0d2fb58-f9e4-4d83-8ea3-babff07b54fc 13abd35591bf4b09b94cb4e2e6e2df72 5db2a9aa169348f78f22108d91290ef3 - - default default] Successfully bumped revision number for resource 5c0e9e87-5601-4b17-846e-c3a3b4e0ff80 (type: security_group_rules) to 0
2026-07-01 11:36:21.944 7 INFO neutron.db.ovn_revision_numbers_db [None req-c0d2fb58-f9e4-4d83-8ea3-babff07b54fc 13abd35591bf4b09b94cb4e2e6e2df72 5db2a9aa169348f78f22108d91290ef3 - - default default] Successfully bumped revision number for resource 99e11b1d-92f5-4e8f-9bb7-c880e948d071 (type: security_group_rules) to 0
2026-07-01 11:36:21.960 7 INFO neutron.db.ovn_revision_numbers_db [None req-c0d2fb58-f9e4-4d83-8ea3-babff07b54fc 13abd35591bf4b09b94cb4e2e6e2df72 5db2a9aa169348f78f22108d91290ef3 - - default default] Successfully bumped revision number for resource f86c38a7-6c07-407d-92b1-0d92c9eacece (type: security_group_rules) to 0
2026-07-01 11:36:22.038 7 WARNING neutron.services.revisions.revision_plugin [None req-c0d2fb58-f9e4-4d83-8ea3-babff07b54fc 13abd35591bf4b09b94cb4e2e6e2df72 5db2a9aa169348f78f22108d91290ef3 - - default default] Could not find related network for resource to bump revision.
2026-07-01 11:36:22.059 7 INFO neutron.db.segments_db [None req-c0d2fb58-f9e4-4d83-8ea3-babff07b54fc 13abd35591bf4b09b94cb4e2e6e2df72 5db2a9aa169348f78f22108d91290ef3 - - default default] Added segment ca37de65-b917-415d-b967-b780998cb2be of type flat for network 5abeb021-91f6-4c26-abe5-224cbeaab670
2026-07-01 11:36:22.167 8 INFO neutron.plugins.ml2.drivers.ovn.mech_driver.mech_driver [-] OVN reports status down for port: provnet-ca37de65-b917-415d-b967-b780998cb2be
2026-07-01 11:36:22.193 7 INFO neutron.db.ovn_revision_numbers_db [None req-c0d2fb58-f9e4-4d83-8ea3-babff07b54fc 13abd35591bf4b09b94cb4e2e6e2df72 5db2a9aa169348f78f22108d91290ef3 - - default default] Successfully bumped revision number for resource 5abeb021-91f6-4c26-abe5-224cbeaab670 (type: networks) to 1
2026-07-01 11:36:22.408 7 WARNING neutron.scheduler.dhcp_agent_scheduler [None req-c0d2fb58-f9e4-4d83-8ea3-babff07b54fc 13abd35591bf4b09b94cb4e2e6e2df72 5db2a9aa169348f78f22108d91290ef3 - - default default] No more DHCP agents
2026-07-01 11:36:22.409 7 WARNING neutron.api.rpc.agentnotifiers.dhcp_rpc_agent_api [None req-c0d2fb58-f9e4-4d83-8ea3-babff07b54fc 13abd35591bf4b09b94cb4e2e6e2df72 5db2a9aa169348f78f22108d91290ef3 - - default default] Unable to schedule network 5abeb021-91f6-4c26-abe5-224cbeaab670: no agents available; will retry on subsequent port and subnet creation events.
2026-07-01 11:36:22.471 8 INFO neutron.plugins.ml2.drivers.ovn.mech_driver.mech_driver [None req-d7eaaa5e-2ead-4991-8054-2e4ba733fdd0 - - - - - -] OVN reports status down for port: 1770472b-03b2-4887-8e25-2c47b4f5fa26
2026-07-01 11:36:22.521 7 INFO neutron.db.ovn_revision_numbers_db [None req-c0d2fb58-f9e4-4d83-8ea3-babff07b54fc 13abd35591bf4b09b94cb4e2e6e2df72 5db2a9aa169348f78f22108d91290ef3 - - default default] Successfully bumped revision number for resource 1770472b-03b2-4887-8e25-2c47b4f5fa26 (type: ports) to 1 [pid: 7|app: 0|req: 5/6] 199.204.45.89 () {48 vars in 963 bytes} [Wed Jul 1 11:36:21 2026] POST /v2.0/networks => generated 706 bytes in 948 msecs (HTTP/1.1 201) 4 headers in 162 bytes (1 switches on core 0)
2026-07-01 11:36:22.561 8 INFO neutron.plugins.ml2.drivers.ovn.mech_driver.ovsdb.extensions.qos [None req-d7eaaa5e-2ead-4991-8054-2e4ba733fdd0 - - - - - -] Starting OVNClientQosExtension
2026-07-01 11:36:22.561 8 INFO neutron.plugins.ml2.drivers.ovn.mech_driver.ovsdb.extensions.placement [None req-d7eaaa5e-2ead-4991-8054-2e4ba733fdd0 - - - - - -] Starting OVNClientPlacementExtension
2026-07-01 11:36:23.983 8 INFO neutron.pecan_wsgi.hooks.translation [None req-360ee29e-647b-4ae5-8b7e-b2be951343fc 13abd35591bf4b09b94cb4e2e6e2df72 5db2a9aa169348f78f22108d91290ef3 - - default default] GET failed (client error): The resource could not be found. [pid: 8|app: 0|req: 2/7] 199.204.45.89 () {44 vars in 923 bytes} [Wed Jul 1 11:36:23 2026] GET /v2.0/networks/public => generated 108 bytes in 357 msecs (HTTP/1.1 404) 4 headers in 164 bytes (1 switches on core 0) [pid: 7|app: 0|req: 6/8] 199.204.45.89 () {44 vars in 945 bytes} [Wed Jul 1 11:36:23 2026] GET /v2.0/networks?name=public => generated 715 bytes in 36 msecs (HTTP/1.1 200) 4 headers in 157 bytes (1 switches on core 0)
2026-07-01 11:36:24.058 8 INFO neutron.pecan_wsgi.hooks.translation [None req-c0501463-0b1a-4d39-92a4-8467330346a2 13abd35591bf4b09b94cb4e2e6e2df72 5db2a9aa169348f78f22108d91290ef3 - - default default] GET failed (client error): The resource could not be found. [pid: 8|app: 0|req: 3/9] 199.204.45.89 () {44 vars in 1030 bytes} [Wed Jul 1 11:36:24 2026] GET /v2.0/subnets/public-subnet?network_id=5abeb021-91f6-4c26-abe5-224cbeaab670 => generated 113 bytes in 27 msecs (HTTP/1.1 404) 4 headers in 164 bytes (1 switches on core 0) [pid: 7|app: 0|req: 7/10] 199.204.45.89 () {44 vars in 1053 bytes} [Wed Jul 1 11:36:24 2026] GET /v2.0/subnets?name=public-subnet&network_id=5abeb021-91f6-4c26-abe5-224cbeaab670 => generated 14 bytes in 21 msecs (HTTP/1.1 200) 4 headers in 156 bytes (1 switches on core 0)
2026-07-01 11:36:24.488 8 WARNING neutron.scheduler.dhcp_agent_scheduler [None req-97bf524a-57e8-42fa-8752-b8a5fc0acf8f 13abd35591bf4b09b94cb4e2e6e2df72 5db2a9aa169348f78f22108d91290ef3 - - default default] No more DHCP agents
2026-07-01 11:36:24.489 8 WARNING neutron.api.rpc.agentnotifiers.dhcp_rpc_agent_api [None req-97bf524a-57e8-42fa-8752-b8a5fc0acf8f 13abd35591bf4b09b94cb4e2e6e2df72 5db2a9aa169348f78f22108d91290ef3 - - default default] Unable to schedule network 5abeb021-91f6-4c26-abe5-224cbeaab670: no agents available; will retry on subsequent port and subnet creation events.
2026-07-01 11:36:25.225 8 INFO neutron.db.ovn_revision_numbers_db [None req-2851c0e2-6132-46cb-ba79-d8860cfdbc3f - - - - - -] Successfully bumped revision number for resource 1770472b-03b2-4887-8e25-2c47b4f5fa26 (type: ports) to 2
2026-07-01 11:36:25.265 8 INFO neutron.db.ovn_revision_numbers_db [None req-2851c0e2-6132-46cb-ba79-d8860cfdbc3f - - - - - -] Successfully bumped revision number for resource a67a8cb5-38af-4402-b142-45615b3048d7 (type: subnets) to 0 [pid: 8|app: 0|req: 4/11] 199.204.45.89 () {48 vars in 961 bytes} [Wed Jul 1 11:36:24 2026] POST /v2.0/subnets => generated 664 bytes in 1194 msecs (HTTP/1.1 201) 4 headers in 162 bytes (1 switches on core 0)
2026-07-01 11:41:04.011 7 INFO neutron.pecan_wsgi.hooks.translation [None req-c36eaea4-7547-4be4-89a7-fd7cce2cfd23 13abd35591bf4b09b94cb4e2e6e2df72 5db2a9aa169348f78f22108d91290ef3 - - default default] GET failed (client error): The resource could not be found. [pid: 7|app: 0|req: 26/47] 199.204.45.89 () {44 vars in 933 bytes} [Wed Jul 1 11:41:03 2026] GET /v2.0/networks/lb-mgmt-net => generated 113 bytes in 106 msecs (HTTP/1.1 404) 4 headers in 164 bytes (1 switches on core 0) [pid: 8|app: 0|req: 22/48] 199.204.45.89 () {44 vars in 955 bytes} [Wed Jul 1 11:41:04 2026] GET /v2.0/networks?name=lb-mgmt-net => generated 15 bytes in 17 msecs (HTTP/1.1 200) 4 headers in 156 bytes (1 switches on core 0)
