+ COMMAND=start + start + for KEYSTONE_WSGI_SCRIPT in keystone-wsgi-public ++ type -p keystone-wsgi-public + cp -a /var/lib/openstack/bin/keystone-wsgi-public /var/www/cgi-bin/keystone/ + '[' -f /etc/apache2/envvars ']' + source /etc/apache2/envvars ++ unset HOME ++ '[' '' '!=' '' ']' ++ SUFFIX= ++ export APACHE_RUN_USER=www-data ++ APACHE_RUN_USER=www-data ++ export APACHE_RUN_GROUP=www-data ++ APACHE_RUN_GROUP=www-data ++ export APACHE_PID_FILE=/var/run/apache2/apache2.pid ++ APACHE_PID_FILE=/var/run/apache2/apache2.pid ++ export APACHE_RUN_DIR=/var/run/apache2 ++ APACHE_RUN_DIR=/var/run/apache2 ++ export APACHE_LOCK_DIR=/var/lock/apache2 ++ APACHE_LOCK_DIR=/var/lock/apache2 ++ export APACHE_LOG_DIR=/var/log/apache2 ++ APACHE_LOG_DIR=/var/log/apache2 ++ export LANG=C ++ LANG=C ++ export LANG + '[' -f /var/run/apache2/apache2.pid ']' + exec apache2 -DFOREGROUND AH00558: apache2: Could not reliably determine the server's fully qualified domain name, using 10.0.0.45. Set the 'ServerName' directive globally to suppress this message AH00558: apache2: Could not reliably determine the server's fully qualified domain name, using 10.0.0.45. Set the 'ServerName' directive globally to suppress this message
[Mon May 11 15:34:05.757834 2026] [mpm_event:notice] [pid 1:tid 140434158700416] AH00489: Apache/2.4.58 (Ubuntu) mod_wsgi/5.0.0 Python/3.12 configured -- resuming normal operations
[Mon May 11 15:34:05.757983 2026] [core:notice] [pid 1:tid 140434158700416] AH00094: Command line: 'apache2 -D FOREGROUND'
[Mon May 11 15:35:07.135611 2026] [wsgi:error] [pid 8:tid 140433521927872] /var/lib/openstack/lib/python3.12/site-packages/oslo_utils/importutils.py:77: EventletDeprecationWarning:
[Mon May 11 15:35:07.135659 2026] [wsgi:error] [pid 8:tid 140433521927872] Eventlet is deprecated. It is currently being maintained in bugfix mode, and
[Mon May 11 15:35:07.135661 2026] [wsgi:error] [pid 8:tid 140433521927872] we strongly recommend against using it for new projects.
[Mon May 11 15:35:07.135662 2026] [wsgi:error] [pid 8:tid 140433521927872]
[Mon May 11 15:35:07.135663 2026] [wsgi:error] [pid 8:tid 140433521927872] If you are already using Eventlet, we recommend migrating to a different
[Mon May 11 15:35:07.135665 2026] [wsgi:error] [pid 8:tid 140433521927872] framework. For more detail see
[Mon May 11 15:35:07.135666 2026] [wsgi:error] [pid 8:tid 140433521927872] https://eventlet.readthedocs.io/en/latest/asyncio/migration.html
[Mon May 11 15:35:07.135667 2026] [wsgi:error] [pid 8:tid 140433521927872]
[Mon May 11 15:35:07.135668 2026] [wsgi:error] [pid 8:tid 140433521927872] __import__(import_str)
[Mon May 11 15:35:07.154984 2026] [wsgi:error] [pid 11:tid 140433521927872] /var/lib/openstack/lib/python3.12/site-packages/oslo_utils/importutils.py:77: EventletDeprecationWarning:
[Mon May 11 15:35:07.155026 2026] [wsgi:error] [pid 11:tid 140433521927872] Eventlet is deprecated. It is currently being maintained in bugfix mode, and
[Mon May 11 15:35:07.155028 2026] [wsgi:error] [pid 11:tid 140433521927872] we strongly recommend against using it for new projects.
[Mon May 11 15:35:07.155029 2026] [wsgi:error] [pid 11:tid 140433521927872]
[Mon May 11 15:35:07.155030 2026] [wsgi:error] [pid 11:tid 140433521927872] If you are already using Eventlet, we recommend migrating to a different
[Mon May 11 15:35:07.155032 2026] [wsgi:error] [pid 11:tid 140433521927872] framework. For more detail see
[Mon May 11 15:35:07.155033 2026] [wsgi:error] [pid 11:tid 140433521927872] https://eventlet.readthedocs.io/en/latest/asyncio/migration.html
[Mon May 11 15:35:07.155034 2026] [wsgi:error] [pid 11:tid 140433521927872]
[Mon May 11 15:35:07.155035 2026] [wsgi:error] [pid 11:tid 140433521927872] __import__(import_str) 10.0.0.61 - - [11/May/2026:15:35:06 +0000] "GET /v3/ HTTP/1.1" 200 249 10.0.0.61 - - [11/May/2026:15:35:06 +0000] "GET /v3/ HTTP/1.1" 200 249
[Mon May 11 15:35:12.555367 2026] [wsgi:error] [pid 9:tid 140433521927872] /var/lib/openstack/lib/python3.12/site-packages/oslo_utils/importutils.py:77: EventletDeprecationWarning:
[Mon May 11 15:35:12.555411 2026] [wsgi:error] [pid 9:tid 140433521927872] Eventlet is deprecated. It is currently being maintained in bugfix mode, and
[Mon May 11 15:35:12.555413 2026] [wsgi:error] [pid 9:tid 140433521927872] we strongly recommend against using it for new projects.
[Mon May 11 15:35:12.555415 2026] [wsgi:error] [pid 9:tid 140433521927872]
[Mon May 11 15:35:12.555416 2026] [wsgi:error] [pid 9:tid 140433521927872] If you are already using Eventlet, we recommend migrating to a different
[Mon May 11 15:35:12.555417 2026] [wsgi:error] [pid 9:tid 140433521927872] framework. For more detail see
[Mon May 11 15:35:12.555418 2026] [wsgi:error] [pid 9:tid 140433521927872] https://eventlet.readthedocs.io/en/latest/asyncio/migration.html
[Mon May 11 15:35:12.555419 2026] [wsgi:error] [pid 9:tid 140433521927872]
[Mon May 11 15:35:12.555420 2026] [wsgi:error] [pid 9:tid 140433521927872] __import__(import_str) 10.0.0.61 - - [11/May/2026:15:35:11 +0000] "GET /v3/ HTTP/1.1" 200 249
[Mon May 11 15:35:19.352294 2026] [wsgi:error] [pid 10:tid 140433521927872] /var/lib/openstack/lib/python3.12/site-packages/oslo_utils/importutils.py:77: EventletDeprecationWarning:
[Mon May 11 15:35:19.352412 2026] [wsgi:error] [pid 10:tid 140433521927872] Eventlet is deprecated. It is currently being maintained in bugfix mode, and
[Mon May 11 15:35:19.352425 2026] [wsgi:error] [pid 10:tid 140433521927872] we strongly recommend against using it for new projects.
[Mon May 11 15:35:19.352435 2026] [wsgi:error] [pid 10:tid 140433521927872]
[Mon May 11 15:35:19.352445 2026] [wsgi:error] [pid 10:tid 140433521927872] If you are already using Eventlet, we recommend migrating to a different
[Mon May 11 15:35:19.352456 2026] [wsgi:error] [pid 10:tid 140433521927872] framework. For more detail see
[Mon May 11 15:35:19.352466 2026] [wsgi:error] [pid 10:tid 140433521927872] https://eventlet.readthedocs.io/en/latest/asyncio/migration.html
[Mon May 11 15:35:19.352476 2026] [wsgi:error] [pid 10:tid 140433521927872]
[Mon May 11 15:35:19.352489 2026] [wsgi:error] [pid 10:tid 140433521927872] __import__(import_str) 10.0.0.160 - - [11/May/2026:15:35:18 +0000] "GET / HTTP/1.1" 300 295
[Mon May 11 15:35:23.948895 2026] [wsgi:error] [pid 8:tid 140433521927872] [remote 10.0.0.160:35008] 2026-05-11 15:35:23.943 8 WARNING keystone.identity.core [None req-01e1dd97-681d-42c9-9ddc-cf6925eb7489 - - - - - -] Invalid domain name (atmosphere) found in config file name: keystone.exception.DomainNotFound: Could not find domain: atmosphere.
[Mon May 11 15:35:24.004605 2026] [wsgi:error] [pid 8:tid 140433521927872] [remote 10.0.0.160:35008] 2026-05-11 15:35:24.004 8 WARNING keystone.common.password_hashing [None req-01e1dd97-681d-42c9-9ddc-cf6925eb7489 - - - - - -] Truncating password to algorithm specific maximum length 72 characters.
[Mon May 11 15:35:24.301833 2026] [wsgi:error] [pid 8:tid 140433521927872] [remote 10.0.0.160:35008] 2026-05-11 15:35:24.301 8 WARNING keystone.common.fernet_utils [None req-01e1dd97-681d-42c9-9ddc-cf6925eb7489 - - - - - -] key_repository is world readable: /etc/keystone/fernet-keys/ 10.0.0.160 - - [11/May/2026:15:35:23 +0000] "POST /v3/auth/tokens HTTP/1.1" 201 1360
[Mon May 11 15:35:24.651874 2026] [wsgi:error] [pid 11:tid 140433521927872] [remote 10.0.0.160:35008] 2026-05-11 15:35:24.648 11 WARNING keystone.identity.core [None req-77abb200-d981-47ad-8c94-745a96dc5297 - - - - - -] Invalid domain name (atmosphere) found in config file name: keystone.exception.DomainNotFound: Could not find domain: atmosphere. 10.0.0.160 - - [11/May/2026:15:35:24 +0000] "POST /v3/domains HTTP/1.1" 201 261 10.0.0.199 - - [11/May/2026:15:35:35 +0000] "GET / HTTP/1.1" 300 295
[Mon May 11 15:35:36.069869 2026] [wsgi:error] [pid 9:tid 140433521927872] [remote 10.0.0.199:37246] 2026-05-11 15:35:36.069 9 WARNING keystone.common.password_hashing [None req-5536de30-b58d-4d7d-a273-a9317d5cfb18 - - - - - -] Truncating password to algorithm specific maximum length 72 characters.
[Mon May 11 15:35:36.347968 2026] [wsgi:error] [pid 9:tid 140433521927872] [remote 10.0.0.199:37246] 2026-05-11 15:35:36.347 9 WARNING keystone.common.fernet_utils [None req-5536de30-b58d-4d7d-a273-a9317d5cfb18 - - - - - -] key_repository is world readable: /etc/keystone/fernet-keys/ 10.0.0.199 - - [11/May/2026:15:35:35 +0000] "POST /v3/auth/tokens HTTP/1.1" 201 1360 10.0.0.199 - - [11/May/2026:15:35:36 +0000] "GET /v3/roles/admin HTTP/1.1" 404 83
[Mon May 11 15:35:36.965636 2026] [wsgi:error] [pid 8:tid 140433521927872] [remote 10.0.0.199:37246] 2026-05-11 15:35:36.965 8 WARNING keystone.common.rbac_enforcer.enforcer [None req-f1e98be8-6a06-4a96-b91a-530641d3c960 1272e1bf933442f5bdd8cfa002633090 3f93caa8d94e4e70972892224be2210d - - default default] Deprecated policy rules found. Use oslopolicy-policy-generator and oslopolicy-policy-upgrade to detect and resolve deprecated policies in your configuration. 10.0.0.199 - - [11/May/2026:15:35:36 +0000] "GET /v3/roles?name=admin HTTP/1.1" 200 389
[Mon May 11 15:35:37.130284 2026] [wsgi:error] [pid 11:tid 140433521927872] [remote 10.0.0.199:37246] 2026-05-11 15:35:37.130 11 WARNING keystone.common.rbac_enforcer.enforcer [None req-4f6a3a22-dab1-475c-a9cb-a5438e284722 1272e1bf933442f5bdd8cfa002633090 3f93caa8d94e4e70972892224be2210d - - default default] Deprecated policy rules found. Use oslopolicy-policy-generator and oslopolicy-policy-upgrade to detect and resolve deprecated policies in your configuration. 10.0.0.199 - - [11/May/2026:15:35:36 +0000] "GET /v3/users/admin-RegionOne HTTP/1.1" 404 93
[Mon May 11 15:35:37.269847 2026] [wsgi:error] [pid 9:tid 140433521927872] [remote 10.0.0.199:37246] 2026-05-11 15:35:37.269 9 WARNING keystone.common.rbac_enforcer.enforcer [None req-dce513a0-d34b-4423-b8a3-72289e4a6f9f 1272e1bf933442f5bdd8cfa002633090 3f93caa8d94e4e70972892224be2210d - - default default] Deprecated policy rules found. Use oslopolicy-policy-generator and oslopolicy-policy-upgrade to detect and resolve deprecated policies in your configuration. 10.0.0.199 - - [11/May/2026:15:35:37 +0000] "GET /v3/users?name=admin-RegionOne HTTP/1.1" 200 422
[Mon May 11 15:35:37.340848 2026] [wsgi:error] [pid 10:tid 140433521927872] [remote 10.0.0.199:37246] 2026-05-11 15:35:37.340 10 WARNING keystone.common.rbac_enforcer.enforcer [None req-deb75f46-eb89-407f-8abe-11196cace3ad 1272e1bf933442f5bdd8cfa002633090 3f93caa8d94e4e70972892224be2210d - - default default] Deprecated policy rules found. Use oslopolicy-policy-generator and oslopolicy-policy-upgrade to detect and resolve deprecated policies in your configuration. 10.0.0.199 - - [11/May/2026:15:35:37 +0000] "GET /v3/domains/default HTTP/1.1" 200 224 10.0.0.199 - - [11/May/2026:15:35:37 +0000] "PUT /v3/domains/default/users/1272e1bf933442f5bdd8cfa002633090/roles/50371dce568540e5bea968c9943f12c6 HTTP/1.1" 204 - 10.0.0.61 - - [11/May/2026:15:35:47 +0000] "GET / HTTP/1.1" 300 281 10.0.0.61 - - [11/May/2026:15:35:48 +0000] "GET /v3 HTTP/1.1" 200 266
[Mon May 11 15:35:48.546648 2026] [wsgi:error] [pid 10:tid 140433521927872] [remote 10.0.0.61:38278] 2026-05-11 15:35:48.546 10 WARNING keystone.common.password_hashing [None req-b14ffda0-2699-44ba-92a5-4d856a033984 - - - - - -] Truncating password to algorithm specific maximum length 72 characters.
[Mon May 11 15:35:48.829291 2026] [wsgi:error] [pid 10:tid 140433521927872] [remote 10.0.0.61:38278] 2026-05-11 15:35:48.829 10 WARNING keystone.common.fernet_utils [None req-b14ffda0-2699-44ba-92a5-4d856a033984 - - - - - -] key_repository is world readable: /etc/keystone/fernet-keys/ 10.0.0.61 - - [11/May/2026:15:35:48 +0000] "POST /v3/auth/tokens HTTP/1.1" 201 1360 10.0.0.61 - - [11/May/2026:15:35:48 +0000] "GET / HTTP/1.1" 300 281 10.0.0.61 - - [11/May/2026:15:35:48 +0000] "GET /v3/domains/atmosphere HTTP/1.1" 404 90 10.0.0.61 - - [11/May/2026:15:35:48 +0000] "GET /v3/domains?name=atmosphere HTTP/1.1" 200 370 10.0.0.61 - - [11/May/2026:15:35:48 +0000] "GET /v3/domains/bef0bb9d24d54dc3bccf0db301a514eb HTTP/1.1" 200 247 10.0.0.61 - - [11/May/2026:15:35:49 +0000] "GET /v3 HTTP/1.1" 200 266
[Mon May 11 15:35:49.796969 2026] [wsgi:error] [pid 11:tid 140433521927872] [remote 10.0.0.61:42620] 2026-05-11 15:35:49.796 11 WARNING keystone.common.password_hashing [None req-cd0c0226-4f35-43b9-b56d-a8c4ff489ffa - - - - - -] Truncating password to algorithm specific maximum length 72 characters.
[Mon May 11 15:35:50.084263 2026] [wsgi:error] [pid 11:tid 140433521927872] [remote 10.0.0.61:42620] 2026-05-11 15:35:50.084 11 WARNING keystone.common.fernet_utils [None req-cd0c0226-4f35-43b9-b56d-a8c4ff489ffa - - - - - -] key_repository is world readable: /etc/keystone/fernet-keys/ 10.0.0.61 - - [11/May/2026:15:35:49 +0000] "POST /v3/auth/tokens HTTP/1.1" 201 1360 10.0.0.61 - - [11/May/2026:15:35:50 +0000] "GET / HTTP/1.1" 300 281 10.0.0.61 - - [11/May/2026:15:35:50 +0000] "GET /v3/OS-FEDERATION/identity_providers/atmosphere HTTP/1.1" 404 101 10.0.0.61 - - [11/May/2026:15:35:50 +0000] "GET /v3/OS-FEDERATION/identity_providers HTTP/1.1" 200 156 10.0.0.61 - - [11/May/2026:15:35:50 +0000] "PUT /v3/OS-FEDERATION/identity_providers/atmosphere HTTP/1.1" 201 342 10.0.0.61 - - [11/May/2026:15:35:51 +0000] "GET /v3 HTTP/1.1" 200 266
[Mon May 11 15:35:51.082391 2026] [wsgi:error] [pid 10:tid 140433521927872] [remote 10.0.0.61:38278] 2026-05-11 15:35:51.082 10 WARNING keystone.common.password_hashing [None req-38c9354f-47d7-423e-8745-1d66e47b3b70 - - - - - -] Truncating password to algorithm specific maximum length 72 characters.
[Mon May 11 15:35:51.361758 2026] [wsgi:error] [pid 10:tid 140433521927872] [remote 10.0.0.61:38278] 2026-05-11 15:35:51.361 10 WARNING keystone.common.fernet_utils [None req-38c9354f-47d7-423e-8745-1d66e47b3b70 - - - - - -] key_repository is world readable: /etc/keystone/fernet-keys/ 10.0.0.61 - - [11/May/2026:15:35:51 +0000] "POST /v3/auth/tokens HTTP/1.1" 201 1360 10.0.0.61 - - [11/May/2026:15:35:51 +0000] "GET / HTTP/1.1" 300 281 10.0.0.61 - - [11/May/2026:15:35:51 +0000] "GET /v3/OS-FEDERATION/mappings/atmosphere-openid HTTP/1.1" 404 98 10.0.0.61 - - [11/May/2026:15:35:51 +0000] "GET /v3/OS-FEDERATION/mappings HTTP/1.1" 200 136 10.0.0.61 - - [11/May/2026:15:35:51 +0000] "PUT /v3/OS-FEDERATION/mappings/atmosphere-openid HTTP/1.1" 201 357 10.0.0.61 - - [11/May/2026:15:35:52 +0000] "GET /v3 HTTP/1.1" 200 266
[Mon May 11 15:35:52.170719 2026] [wsgi:error] [pid 11:tid 140433521927872] [remote 10.0.0.61:38278] 2026-05-11 15:35:52.170 11 WARNING keystone.common.password_hashing [None req-4af68a1c-2512-4e06-a19e-291376150336 - - - - - -] Truncating password to algorithm specific maximum length 72 characters.
[Mon May 11 15:35:52.438115 2026] [wsgi:error] [pid 11:tid 140433521927872] [remote 10.0.0.61:38278] 2026-05-11 15:35:52.437 11 WARNING keystone.common.fernet_utils [None req-4af68a1c-2512-4e06-a19e-291376150336 - - - - - -] key_repository is world readable: /etc/keystone/fernet-keys/ 10.0.0.61 - - [11/May/2026:15:35:52 +0000] "POST /v3/auth/tokens HTTP/1.1" 201 1360 10.0.0.61 - - [11/May/2026:15:35:52 +0000] "GET / HTTP/1.1" 300 281 10.0.0.61 - - [11/May/2026:15:35:52 +0000] "GET /v3/OS-FEDERATION/identity_providers/atmosphere/protocols/openid?idp_id=atmosphere HTTP/1.1" 404 131 10.0.0.61 - - [11/May/2026:15:35:52 +0000] "GET /v3/OS-FEDERATION/identity_providers/atmosphere/protocols HTTP/1.1" 200 168 10.0.0.61 - - [11/May/2026:15:35:52 +0000] "PUT /v3/OS-FEDERATION/identity_providers/atmosphere/protocols/openid HTTP/1.1" 201 224 10.0.0.61 - - [11/May/2026:15:36:06 +0000] "GET /v3/ HTTP/1.1" 200 249 10.0.0.61 - - [11/May/2026:15:36:06 +0000] "GET /v3/ HTTP/1.1" 200 249 10.0.0.61 - - [11/May/2026:15:37:06 +0000] "GET /v3/ HTTP/1.1" 200 249 10.0.0.61 - - [11/May/2026:15:37:06 +0000] "GET /v3/ HTTP/1.1" 200 249 10.0.0.65 - - [11/May/2026:15:37:25 +0000] "GET / HTTP/1.1" 300 295
[Mon May 11 15:37:25.765950 2026] [wsgi:error] [pid 10:tid 140433521927872] [remote 10.0.0.65:54822] 2026-05-11 15:37:25.765 10 WARNING keystone.common.password_hashing [None req-3b5f7373-16ec-4e08-a824-04e3e3fa2039 - - - - - -] Truncating password to algorithm specific maximum length 72 characters.
[Mon May 11 15:37:26.044732 2026] [wsgi:error] [pid 10:tid 140433521927872] [remote 10.0.0.65:54822] 2026-05-11 15:37:26.044 10 WARNING keystone.common.fernet_utils [None req-3b5f7373-16ec-4e08-a824-04e3e3fa2039 - - - - - -] key_repository is world readable: /etc/keystone/fernet-keys/ 10.0.0.65 - - [11/May/2026:15:37:25 +0000] "POST /v3/auth/tokens HTTP/1.1" 201 1360 10.0.0.65 - - [11/May/2026:15:37:26 +0000] "GET /v3/services HTTP/1.1" 200 355 10.0.0.65 - - [11/May/2026:15:37:29 +0000] "GET / HTTP/1.1" 300 295
[Mon May 11 15:37:29.581700 2026] [wsgi:error] [pid 9:tid 140433521927872] [remote 10.0.0.65:50874] 2026-05-11 15:37:29.581 9 WARNING keystone.common.password_hashing [None req-3d554b8e-18b9-4c8a-9261-034757ee633f - - - - - -] Truncating password to algorithm specific maximum length 72 characters.
[Mon May 11 15:37:29.869013 2026] [wsgi:error] [pid 9:tid 140433521927872] [remote 10.0.0.65:50874] 2026-05-11 15:37:29.868 9 WARNING keystone.common.fernet_utils [None req-3d554b8e-18b9-4c8a-9261-034757ee633f - - - - - -] key_repository is world readable: /etc/keystone/fernet-keys/ 10.0.0.65 - - [11/May/2026:15:37:29 +0000] "POST /v3/auth/tokens HTTP/1.1" 201 1360 10.0.0.65 - - [11/May/2026:15:37:29 +0000] "GET /v3/services HTTP/1.1" 200 355 10.0.0.65 - - [11/May/2026:15:37:33 +0000] "GET / HTTP/1.1" 300 295
[Mon May 11 15:37:33.315761 2026] [wsgi:error] [pid 11:tid 140433521927872] [remote 10.0.0.65:50886] 2026-05-11 15:37:33.315 11 WARNING keystone.common.password_hashing [None req-b3aaeac2-bea4-46ca-8121-1c37024d2834 - - - - - -] Truncating password to algorithm specific maximum length 72 characters.
[Mon May 11 15:37:33.593252 2026] [wsgi:error] [pid 11:tid 140433521927872] [remote 10.0.0.65:50886] 2026-05-11 15:37:33.593 11 WARNING keystone.common.fernet_utils [None req-b3aaeac2-bea4-46ca-8121-1c37024d2834 - - - - - -] key_repository is world readable: /etc/keystone/fernet-keys/ 10.0.0.65 - - [11/May/2026:15:37:33 +0000] "POST /v3/auth/tokens HTTP/1.1" 201 1360 10.0.0.65 - - [11/May/2026:15:37:33 +0000] "GET /v3/services HTTP/1.1" 200 355 10.0.0.65 - - [11/May/2026:15:37:37 +0000] "GET / HTTP/1.1" 300 295
[Mon May 11 15:37:37.158956 2026] [wsgi:error] [pid 8:tid 140433521927872] [remote 10.0.0.65:50898] 2026-05-11 15:37:37.158 8 WARNING keystone.common.password_hashing [None req-5fc4080e-1a23-4e9c-8dc5-f141ff8d3c2a - - - - - -] Truncating password to algorithm specific maximum length 72 characters.
[Mon May 11 15:37:37.431270 2026] [wsgi:error] [pid 8:tid 140433521927872] [remote 10.0.0.65:50898] 2026-05-11 15:37:37.431 8 WARNING keystone.common.fernet_utils [None req-5fc4080e-1a23-4e9c-8dc5-f141ff8d3c2a - - - - - -] key_repository is world readable: /etc/keystone/fernet-keys/ 10.0.0.65 - - [11/May/2026:15:37:37 +0000] "POST /v3/auth/tokens HTTP/1.1" 201 1360 10.0.0.65 - - [11/May/2026:15:37:37 +0000] "POST /v3/services HTTP/1.1" 201 296 10.0.0.175 - - [11/May/2026:15:37:46 +0000] "GET / HTTP/1.1" 300 295
[Mon May 11 15:37:46.937228 2026] [wsgi:error] [pid 10:tid 140433521927872] [remote 10.0.0.175:50734] 2026-05-11 15:37:46.937 10 WARNING keystone.common.password_hashing [None req-225087e6-0c85-4828-9dda-a20c0e81d5d8 - - - - - -] Truncating password to algorithm specific maximum length 72 characters. 10.0.0.175 - - [11/May/2026:15:37:47 +0000] "GET / HTTP/1.1" 300 295
[Mon May 11 15:37:47.031606 2026] [wsgi:error] [pid 11:tid 140433521927872] [remote 10.0.0.175:50744] 2026-05-11 15:37:47.031 11 WARNING keystone.common.password_hashing [None req-1fa2667f-e695-4d84-9a2d-c82a8216c20e - - - - - -] Truncating password to algorithm specific maximum length 72 characters. 10.0.0.175 - - [11/May/2026:15:37:47 +0000] "GET / HTTP/1.1" 300 295
[Mon May 11 15:37:47.112082 2026] [wsgi:error] [pid 8:tid 140433521927872] [remote 10.0.0.175:50756] 2026-05-11 15:37:47.111 8 WARNING keystone.common.password_hashing [None req-d9be260b-fb9d-4479-a201-817046647142 - - - - - -] Truncating password to algorithm specific maximum length 72 characters.
[Mon May 11 15:37:47.221944 2026] [wsgi:error] [pid 10:tid 140433521927872] [remote 10.0.0.175:50734] 2026-05-11 15:37:47.221 10 WARNING keystone.common.fernet_utils [None req-225087e6-0c85-4828-9dda-a20c0e81d5d8 - - - - - -] key_repository is world readable: /etc/keystone/fernet-keys/ 10.0.0.175 - - [11/May/2026:15:37:46 +0000] "POST /v3/auth/tokens HTTP/1.1" 201 1464
[Mon May 11 15:37:47.320853 2026] [wsgi:error] [pid 11:tid 140433521927872] [remote 10.0.0.175:50744] 2026-05-11 15:37:47.320 11 WARNING keystone.common.fernet_utils [None req-1fa2667f-e695-4d84-9a2d-c82a8216c20e - - - - - -] key_repository is world readable: /etc/keystone/fernet-keys/ 10.0.0.175 - - [11/May/2026:15:37:47 +0000] "POST /v3/auth/tokens HTTP/1.1" 201 1464 10.0.0.175 - - [11/May/2026:15:37:47 +0000] "GET /v3/services HTTP/1.1" 200 639
[Mon May 11 15:37:47.392377 2026] [wsgi:error] [pid 8:tid 140433521927872] [remote 10.0.0.175:50756] 2026-05-11 15:37:47.392 8 WARNING keystone.common.fernet_utils [None req-d9be260b-fb9d-4479-a201-817046647142 - - - - - -] key_repository is world readable: /etc/keystone/fernet-keys/ 10.0.0.175 - - [11/May/2026:15:37:47 +0000] "POST /v3/auth/tokens HTTP/1.1" 201 1464 10.0.0.175 - - [11/May/2026:15:37:47 +0000] "GET /v3/services HTTP/1.1" 200 639 10.0.0.175 - - [11/May/2026:15:37:47 +0000] "GET /v3/services HTTP/1.1" 200 639 10.0.0.175 - - [11/May/2026:15:37:48 +0000] "GET / HTTP/1.1" 300 295
[Mon May 11 15:37:48.787482 2026] [wsgi:error] [pid 8:tid 140433521927872] [remote 10.0.0.175:43938] 2026-05-11 15:37:48.787 8 WARNING keystone.common.password_hashing [None req-39a90890-b52f-4eeb-b547-e0f9ec29d9a5 - - - - - -] Truncating password to algorithm specific maximum length 72 characters. 10.0.0.175 - - [11/May/2026:15:37:48 +0000] "GET / HTTP/1.1" 300 295
[Mon May 11 15:37:48.862304 2026] [wsgi:error] [pid 11:tid 140433521927872] [remote 10.0.0.175:43952] 2026-05-11 15:37:48.862 11 WARNING keystone.common.password_hashing [None req-8b8c5e8f-bce6-44f7-8d32-d2f1048f4153 - - - - - -] Truncating password to algorithm specific maximum length 72 characters. 10.0.0.175 - - [11/May/2026:15:37:48 +0000] "GET / HTTP/1.1" 300 295
[Mon May 11 15:37:48.981979 2026] [wsgi:error] [pid 10:tid 140433521927872] [remote 10.0.0.175:43954] 2026-05-11 15:37:48.981 10 WARNING keystone.common.password_hashing [None req-12048c31-b379-45ae-a02d-b32fefa51603 - - - - - -] Truncating password to algorithm specific maximum length 72 characters.
[Mon May 11 15:37:49.065588 2026] [wsgi:error] [pid 8:tid 140433521927872] [remote 10.0.0.175:43938] 2026-05-11 15:37:49.065 8 WARNING keystone.common.fernet_utils [None req-39a90890-b52f-4eeb-b547-e0f9ec29d9a5 - - - - - -] key_repository is world readable: /etc/keystone/fernet-keys/ 10.0.0.175 - - [11/May/2026:15:37:48 +0000] "POST /v3/auth/tokens HTTP/1.1" 201 1464
[Mon May 11 15:37:49.140466 2026] [wsgi:error] [pid 11:tid 140433521927872] [remote 10.0.0.175:43952] 2026-05-11 15:37:49.140 11 WARNING keystone.common.fernet_utils [None req-8b8c5e8f-bce6-44f7-8d32-d2f1048f4153 - - - - - -] key_repository is world readable: /etc/keystone/fernet-keys/ 10.0.0.175 - - [11/May/2026:15:37:48 +0000] "POST /v3/auth/tokens HTTP/1.1" 201 1464 10.0.0.175 - - [11/May/2026:15:37:49 +0000] "GET /v3/endpoints HTTP/1.1" 200 1227 10.0.0.175 - - [11/May/2026:15:37:49 +0000] "GET /v3/services/0038308312354b21b484269498f3d9d9 HTTP/1.1" 200 233 10.0.0.175 - - [11/May/2026:15:37:49 +0000] "GET /v3/services/0038308312354b21b484269498f3d9d9 HTTP/1.1" 200 233 10.0.0.175 - - [11/May/2026:15:37:49 +0000] "GET /v3/endpoints HTTP/1.1" 200 1227 10.0.0.175 - - [11/May/2026:15:37:49 +0000] "GET /v3/services/0038308312354b21b484269498f3d9d9 HTTP/1.1" 200 233
[Mon May 11 15:37:49.274791 2026] [wsgi:error] [pid 10:tid 140433521927872] [remote 10.0.0.175:43954] 2026-05-11 15:37:49.274 10 WARNING keystone.common.fernet_utils [None req-12048c31-b379-45ae-a02d-b32fefa51603 - - - - - -] key_repository is world readable: /etc/keystone/fernet-keys/ 10.0.0.175 - - [11/May/2026:15:37:48 +0000] "POST /v3/auth/tokens HTTP/1.1" 201 1464 10.0.0.175 - - [11/May/2026:15:37:49 +0000] "GET /v3/services/0038308312354b21b484269498f3d9d9 HTTP/1.1" 200 233 10.0.0.175 - - [11/May/2026:15:37:49 +0000] "GET /v3/services/0038308312354b21b484269498f3d9d9 HTTP/1.1" 200 233 10.0.0.175 - - [11/May/2026:15:37:49 +0000] "GET /v3/services/0038308312354b21b484269498f3d9d9 HTTP/1.1" 200 233 10.0.0.175 - - [11/May/2026:15:37:49 +0000] "GET /v3/endpoints HTTP/1.1" 200 1227 10.0.0.175 - - [11/May/2026:15:37:49 +0000] "GET /v3/services/0038308312354b21b484269498f3d9d9 HTTP/1.1" 200 233 10.0.0.175 - - [11/May/2026:15:37:49 +0000] "GET /v3/services/0038308312354b21b484269498f3d9d9 HTTP/1.1" 200 233 10.0.0.175 - - [11/May/2026:15:37:49 +0000] "GET /v3/services/0038308312354b21b484269498f3d9d9 HTTP/1.1" 200 233 10.0.0.175 - - [11/May/2026:15:37:50 +0000] "GET / HTTP/1.1" 300 295
[Mon May 11 15:37:50.653115 2026] [wsgi:error] [pid 11:tid 140433521927872] [remote 10.0.0.175:43970] 2026-05-11 15:37:50.652 11 WARNING keystone.common.password_hashing [None req-d7f3271f-8575-4cb6-81c8-9ee832988dd4 - - - - - -] Truncating password to algorithm specific maximum length 72 characters. 10.0.0.175 - - [11/May/2026:15:37:50 +0000] "GET / HTTP/1.1" 300 295
[Mon May 11 15:37:50.680436 2026] [wsgi:error] [pid 8:tid 140433521927872] [remote 10.0.0.175:43982] 2026-05-11 15:37:50.680 8 WARNING keystone.common.password_hashing [None req-163c7192-bc92-46cd-8754-172cb6f5717e - - - - - -] Truncating password to algorithm specific maximum length 72 characters. 10.0.0.175 - - [11/May/2026:15:37:50 +0000] "GET / HTTP/1.1" 300 295
[Mon May 11 15:37:50.800198 2026] [wsgi:error] [pid 9:tid 140433521927872] [remote 10.0.0.175:43990] 2026-05-11 15:37:50.799 9 WARNING keystone.common.password_hashing [None req-fbb43c5d-64a9-4f07-9d5a-a2555aa8c107 - - - - - -] Truncating password to algorithm specific maximum length 72 characters.
[Mon May 11 15:37:50.937155 2026] [wsgi:error] [pid 11:tid 140433521927872] [remote 10.0.0.175:43970] 2026-05-11 15:37:50.936 11 WARNING keystone.common.fernet_utils [None req-d7f3271f-8575-4cb6-81c8-9ee832988dd4 - - - - - -] key_repository is world readable: /etc/keystone/fernet-keys/ 10.0.0.175 - - [11/May/2026:15:37:50 +0000] "POST /v3/auth/tokens HTTP/1.1" 201 1464
[Mon May 11 15:37:50.963305 2026] [wsgi:error] [pid 8:tid 140433521927872] [remote 10.0.0.175:43982] 2026-05-11 15:37:50.963 8 WARNING keystone.common.fernet_utils [None req-163c7192-bc92-46cd-8754-172cb6f5717e - - - - - -] key_repository is world readable: /etc/keystone/fernet-keys/ 10.0.0.175 - - [11/May/2026:15:37:50 +0000] "POST /v3/auth/tokens HTTP/1.1" 201 1464 10.0.0.175 - - [11/May/2026:15:37:51 +0000] "GET /v3/services/b50ce77e8d7b461ba64eef6f839dd438 HTTP/1.1" 200 296
[Mon May 11 15:37:51.077036 2026] [wsgi:error] [pid 9:tid 140433521927872] [remote 10.0.0.175:43990] 2026-05-11 15:37:51.076 9 WARNING keystone.common.fernet_utils [None req-fbb43c5d-64a9-4f07-9d5a-a2555aa8c107 - - - - - -] key_repository is world readable: /etc/keystone/fernet-keys/ 10.0.0.175 - - [11/May/2026:15:37:50 +0000] "POST /v3/auth/tokens HTTP/1.1" 201 1464 10.0.0.175 - - [11/May/2026:15:37:51 +0000] "GET /v3/regions/RegionOne HTTP/1.1" 200 173 10.0.0.175 - - [11/May/2026:15:37:51 +0000] "GET /v3/services/b50ce77e8d7b461ba64eef6f839dd438 HTTP/1.1" 200 296 10.0.0.175 - - [11/May/2026:15:37:51 +0000] "GET /v3/regions/RegionOne HTTP/1.1" 200 173 10.0.0.175 - - [11/May/2026:15:37:51 +0000] "POST /v3/endpoints HTTP/1.1" 201 380 10.0.0.175 - - [11/May/2026:15:37:51 +0000] "GET /v3/services/b50ce77e8d7b461ba64eef6f839dd438 HTTP/1.1" 200 296 10.0.0.175 - - [11/May/2026:15:37:51 +0000] "GET /v3/regions/RegionOne HTTP/1.1" 200 173 10.0.0.175 - - [11/May/2026:15:37:51 +0000] "POST /v3/endpoints HTTP/1.1" 201 383 10.0.0.175 - - [11/May/2026:15:37:51 +0000] "POST /v3/endpoints HTTP/1.1" 201 370 10.0.0.175 - - [11/May/2026:15:37:52 +0000] "GET / HTTP/1.1" 300 295
[Mon May 11 15:37:52.505901 2026] [wsgi:error] [pid 9:tid 140433521927872] [remote 10.0.0.175:43998] 2026-05-11 15:37:52.505 9 WARNING keystone.common.password_hashing [None req-5b27c44f-b38f-4f51-badf-fa915dc74818 - - - - - -] Truncating password to algorithm specific maximum length 72 characters. 10.0.0.175 - - [11/May/2026:15:37:52 +0000] "GET / HTTP/1.1" 300 295
[Mon May 11 15:37:52.652034 2026] [wsgi:error] [pid 8:tid 140433521927872] [remote 10.0.0.175:44006] 2026-05-11 15:37:52.651 8 WARNING keystone.common.password_hashing [None req-575c0f68-ef6b-47c2-94b9-da108e819a93 - - - - - -] Truncating password to algorithm specific maximum length 72 characters. 10.0.0.175 - - [11/May/2026:15:37:52 +0000] "GET / HTTP/1.1" 300 295
[Mon May 11 15:37:52.677801 2026] [wsgi:error] [pid 10:tid 140433521927872] [remote 10.0.0.175:44018] 2026-05-11 15:37:52.677 10 WARNING keystone.common.password_hashing [None req-2ae7de07-b39d-4c31-bf6f-12267fed2c23 - - - - - -] Truncating password to algorithm specific maximum length 72 characters.
[Mon May 11 15:37:52.788547 2026] [wsgi:error] [pid 9:tid 140433521927872] [remote 10.0.0.175:43998] 2026-05-11 15:37:52.788 9 WARNING keystone.common.fernet_utils [None req-5b27c44f-b38f-4f51-badf-fa915dc74818 - - - - - -] key_repository is world readable: /etc/keystone/fernet-keys/ 10.0.0.175 - - [11/May/2026:15:37:52 +0000] "POST /v3/auth/tokens HTTP/1.1" 201 1992
[Mon May 11 15:37:52.926457 2026] [wsgi:error] [pid 8:tid 140433521927872] [remote 10.0.0.175:44006] 2026-05-11 15:37:52.926 8 WARNING keystone.common.fernet_utils [None req-575c0f68-ef6b-47c2-94b9-da108e819a93 - - - - - -] key_repository is world readable: /etc/keystone/fernet-keys/ 10.0.0.175 - - [11/May/2026:15:37:52 +0000] "GET /v3/endpoints/607282a3009c4a79bbe8aac0d6f76e95 HTTP/1.1" 200 380 10.0.0.175 - - [11/May/2026:15:37:52 +0000] "POST /v3/auth/tokens HTTP/1.1" 201 1992 10.0.0.175 - - [11/May/2026:15:37:52 +0000] "GET /v3/services/b50ce77e8d7b461ba64eef6f839dd438 HTTP/1.1" 200 296
[Mon May 11 15:37:52.946061 2026] [wsgi:error] [pid 10:tid 140433521927872] [remote 10.0.0.175:44018] 2026-05-11 15:37:52.945 10 WARNING keystone.common.fernet_utils [None req-2ae7de07-b39d-4c31-bf6f-12267fed2c23 - - - - - -] key_repository is world readable: /etc/keystone/fernet-keys/ 10.0.0.175 - - [11/May/2026:15:37:52 +0000] "POST /v3/auth/tokens HTTP/1.1" 201 1992 10.0.0.175 - - [11/May/2026:15:37:53 +0000] "GET /v3/endpoints/2a1d0e7af71c467392a4b5f00d7791a3 HTTP/1.1" 200 383 10.0.0.175 - - [11/May/2026:15:37:53 +0000] "GET /v3/services/b50ce77e8d7b461ba64eef6f839dd438 HTTP/1.1" 200 296 10.0.0.175 - - [11/May/2026:15:37:53 +0000] "GET /v3/endpoints/4e02a163e3814464ab2e52609ac73ce1 HTTP/1.1" 200 370 10.0.0.175 - - [11/May/2026:15:37:53 +0000] "GET /v3/services/b50ce77e8d7b461ba64eef6f839dd438 HTTP/1.1" 200 296 10.0.0.245 - - [11/May/2026:15:38:05 +0000] "GET / HTTP/1.1" 300 295
[Mon May 11 15:38:05.176645 2026] [wsgi:error] [pid 8:tid 140433521927872] [remote 10.0.0.245:53212] 2026-05-11 15:38:05.176 8 WARNING keystone.common.password_hashing [None req-79d52976-8f83-4afe-af36-e4b71889432b - - - - - -] Truncating password to algorithm specific maximum length 72 characters.
[Mon May 11 15:38:05.466724 2026] [wsgi:error] [pid 8:tid 140433521927872] [remote 10.0.0.245:53212] 2026-05-11 15:38:05.466 8 WARNING keystone.common.fernet_utils [None req-79d52976-8f83-4afe-af36-e4b71889432b - - - - - -] key_repository is world readable: /etc/keystone/fernet-keys/ 10.0.0.245 - - [11/May/2026:15:38:05 +0000] "POST /v3/auth/tokens HTTP/1.1" 201 1992 10.0.0.245 - - [11/May/2026:15:38:05 +0000] "POST /v3/domains HTTP/1.1" 201 284 10.0.0.61 - - [11/May/2026:15:38:06 +0000] "GET /v3/ HTTP/1.1" 200 249 10.0.0.61 - - [11/May/2026:15:38:06 +0000] "GET /v3/ HTTP/1.1" 200 249 10.0.0.245 - - [11/May/2026:15:38:07 +0000] "GET / HTTP/1.1" 300 295
[Mon May 11 15:38:07.071541 2026] [wsgi:error] [pid 9:tid 140433521927872] [remote 10.0.0.245:53218] 2026-05-11 15:38:07.071 9 WARNING keystone.common.password_hashing [None req-9f803860-8ebd-4743-b161-2e17e4ce7b45 - - - - - -] Truncating password to algorithm specific maximum length 72 characters.
[Mon May 11 15:38:07.361117 2026] [wsgi:error] [pid 9:tid 140433521927872] [remote 10.0.0.245:53218] 2026-05-11 15:38:07.360 9 WARNING keystone.common.fernet_utils [None req-9f803860-8ebd-4743-b161-2e17e4ce7b45 - - - - - -] key_repository is world readable: /etc/keystone/fernet-keys/ 10.0.0.245 - - [11/May/2026:15:38:07 +0000] "POST /v3/auth/tokens HTTP/1.1" 201 1992
[Mon May 11 15:38:07.534417 2026] [wsgi:error] [pid 10:tid 140433521927872] [remote 10.0.0.245:53218] 2026-05-11 15:38:07.520 10 ERROR keystone.server.flask.application [None req-8cbf7280-25ab-49a3-b6dd-37c4508ad563 1272e1bf933442f5bdd8cfa002633090 3f93caa8d94e4e70972892224be2210d - - default default] Conflict occurred attempting to store project - it is not permitted to have two projects acting as domains with the same name: service.: keystone.exception.Conflict: Conflict occurred attempting to store project - it is not permitted to have two projects acting as domains with the same name: service.
[Mon May 11 15:38:07.534441 2026] [wsgi:error] [pid 10:tid 140433521927872] [remote 10.0.0.245:53218] 2026-05-11 15:38:07.520 10 ERROR keystone.server.flask.application
Traceback (most recent call last):
[Mon May 11 15:38:07.534443 2026] [wsgi:error] [pid 10:tid 140433521927872] [remote 10.0.0.245:53218] 2026-05-11 15:38:07.520 10 ERROR keystone.server.flask.application
File "/var/lib/openstack/lib/python3.12/site-packages/sqlalchemy/engine/base.py", line 1967, in _exec_single_context
[Mon May 11 15:38:07.534445 2026] [wsgi:error] [pid 10:tid 140433521927872] [remote 10.0.0.245:53218] 2026-05-11 15:38:07.520 10 ERROR keystone.server.flask.application self.dialect.do_execute(
[Mon May 11 15:38:07.534446 2026] [wsgi:error] [pid 10:tid 140433521927872] [remote 10.0.0.245:53218] 2026-05-11 15:38:07.520 10 ERROR keystone.server.flask.application
File "/var/lib/openstack/lib/python3.12/site-packages/sqlalchemy/engine/default.py", line 952, in do_execute
[Mon May 11 15:38:07.534448 2026] [wsgi:error] [pid 10:tid 140433521927872] [remote 10.0.0.245:53218] 2026-05-11 15:38:07.520 10 ERROR keystone.server.flask.application cursor.execute(statement, parameters)
[Mon May 11 15:38:07.534449 2026] [wsgi:error] [pid 10:tid 140433521927872] [remote 10.0.0.245:53218] 2026-05-11 15:38:07.520 10 ERROR keystone.server.flask.application
File "/var/lib/openstack/lib/python3.12/site-packages/pymysql/cursors.py", line 157, in execute
[Mon May 11 15:38:07.534451 2026] [wsgi:error] [pid 10:tid 140433521927872] [remote 10.0.0.245:53218] 2026-05-11 15:38:07.520 10 ERROR keystone.server.flask.application result = self._query(query)
[Mon May 11 15:38:07.534452 2026] [wsgi:error] [pid 10:tid 140433521927872] [remote 10.0.0.245:53218] 2026-05-11 15:38:07.520 10 ERROR keystone.server.flask.application ^^^^^^^^^^^^^^^^^^
[Mon May 11 15:38:07.534453 2026] [wsgi:error] [pid 10:tid 140433521927872] [remote 10.0.0.245:53218] 2026-05-11 15:38:07.520 10 ERROR keystone.server.flask.application
File "/var/lib/openstack/lib/python3.12/site-packages/pymysql/cursors.py", line 328, in _query
[Mon May 11 15:38:07.534455 2026] [wsgi:error] [pid 10:tid 140433521927872] [remote 10.0.0.245:53218] 2026-05-11 15:38:07.520 10 ERROR keystone.server.flask.application conn.query(q)
[Mon May 11 15:38:07.534456 2026] [wsgi:error] [pid 10:tid 140433521927872] [remote 10.0.0.245:53218] 2026-05-11 15:38:07.520 10 ERROR keystone.server.flask.application
File "/var/lib/openstack/lib/python3.12/site-packages/pymysql/connections.py", line 575, in query
[Mon May 11 15:38:07.534458 2026] [wsgi:error] [pid 10:tid 140433521927872] [remote 10.0.0.245:53218] 2026-05-11 15:38:07.520 10 ERROR keystone.server.flask.application self._affected_rows = self._read_query_result(unbuffered=unbuffered)
[Mon May 11 15:38:07.534459 2026] [wsgi:error] [pid 10:tid 140433521927872] [remote 10.0.0.245:53218] 2026-05-11 15:38:07.520 10 ERROR keystone.server.flask.application ^^^^^^^^^^^^^^^^^^^^^^^^^^^^^^^^^^^^^^^^^^^^^^
[Mon May 11 15:38:07.534461 2026] [wsgi:error] [pid 10:tid 140433521927872] [remote 10.0.0.245:53218] 2026-05-11 15:38:07.520 10 ERROR keystone.server.flask.application
File "/var/lib/openstack/lib/python3.12/site-packages/pymysql/connections.py", line 826, in _read_query_result
[Mon May 11 15:38:07.534462 2026] [wsgi:error] [pid 10:tid 140433521927872] [remote 10.0.0.245:53218] 2026-05-11 15:38:07.520 10 ERROR keystone.server.flask.application result.read()
[Mon May 11 15:38:07.534465 2026] [wsgi:error] [pid 10:tid 140433521927872] [remote 10.0.0.245:53218] 2026-05-11 15:38:07.520 10 ERROR keystone.server.flask.application
File "/var/lib/openstack/lib/python3.12/site-packages/pymysql/connections.py", line 1203, in read
[Mon May 11 15:38:07.534467 2026] [wsgi:error] [pid 10:tid 140433521927872] [remote 10.0.0.245:53218] 2026-05-11 15:38:07.520 10 ERROR keystone.server.flask.application first_packet = self.connection._read_packet()
[Mon May 11 15:38:07.534468 2026] [wsgi:error] [pid 10:tid 140433521927872] [remote 10.0.0.245:53218] 2026-05-11 15:38:07.520 10 ERROR keystone.server.flask.application ^^^^^^^^^^^^^^^^^^^^^^^^^^^^^^
[Mon May 11 15:38:07.534469 2026] [wsgi:error] [pid 10:tid 140433521927872] [remote 10.0.0.245:53218] 2026-05-11 15:38:07.520 10 ERROR keystone.server.flask.application
File "/var/lib/openstack/lib/python3.12/site-packages/pymysql/connections.py", line 782, in _read_packet
[Mon May 11 15:38:07.534471 2026] [wsgi:error] [pid 10:tid 140433521927872] [remote 10.0.0.245:53218] 2026-05-11 15:38:07.520 10 ERROR keystone.server.flask.application packet.raise_for_error()
[Mon May 11 15:38:07.534472 2026] [wsgi:error] [pid 10:tid 140433521927872] [remote 10.0.0.245:53218] 2026-05-11 15:38:07.520 10 ERROR keystone.server.flask.application
File "/var/lib/openstack/lib/python3.12/site-packages/pymysql/protocol.py", line 219, in raise_for_error
[Mon May 11 15:38:07.534474 2026] [wsgi:error] [pid 10:tid 140433521927872] [remote 10.0.0.245:53218] 2026-05-11 15:38:07.520 10 ERROR keystone.server.flask.application err.raise_mysql_exception(self._data)
[Mon May 11 15:38:07.534475 2026] [wsgi:error] [pid 10:tid 140433521927872] [remote 10.0.0.245:53218] 2026-05-11 15:38:07.520 10 ERROR keystone.server.flask.application
File "/var/lib/openstack/lib/python3.12/site-packages/pymysql/err.py", line 150, in raise_mysql_exception
[Mon May 11 15:38:07.534476 2026] [wsgi:error] [pid 10:tid 140433521927872] [remote 10.0.0.245:53218] 2026-05-11 15:38:07.520 10 ERROR keystone.server.flask.application raise errorclass(errno, errval)
[Mon May 11 15:38:07.534478 2026] [wsgi:error] [pid 10:tid 140433521927872] [remote 10.0.0.245:53218] 2026-05-11 15:38:07.520 10 ERROR keystone.server.flask.application pymysql.err.IntegrityError: (1062, "Duplicate entry '<>-service' for key 'project.ixu_project_name_domain_id'")
[Mon May 11 15:38:07.534479 2026] [wsgi:error] [pid 10:tid 140433521927872] [remote 10.0.0.245:53218] 2026-05-11 15:38:07.520 10 ERROR keystone.server.flask.application
[Mon May 11 15:38:07.534481 2026] [wsgi:error] [pid 10:tid 140433521927872] [remote 10.0.0.245:53218] 2026-05-11 15:38:07.520 10 ERROR keystone.server.flask.application The above exception was the direct cause of the following exception:
[Mon May 11 15:38:07.534482 2026] [wsgi:error] [pid 10:tid 140433521927872] [remote 10.0.0.245:53218] 2026-05-11 15:38:07.520 10 ERROR keystone.server.flask.application
[Mon May 11 15:38:07.534484 2026] [wsgi:error] [pid 10:tid 140433521927872] [remote 10.0.0.245:53218] 2026-05-11 15:38:07.520 10 ERROR keystone.server.flask.application
Traceback (most recent call last):
[Mon May 11 15:38:07.534485 2026] [wsgi:error] [pid 10:tid 140433521927872] [remote 10.0.0.245:53218] 2026-05-11 15:38:07.520 10 ERROR keystone.server.flask.application
File "/var/lib/openstack/lib/python3.12/site-packages/keystone/common/sql/core.py", line 575, in wrapper
[Mon May 11 15:38:07.534486 2026] [wsgi:error] [pid 10:tid 140433521927872] [remote 10.0.0.245:53218] 2026-05-11 15:38:07.520 10 ERROR keystone.server.flask.application return method(*args, **kwargs)
[Mon May 11 15:38:07.534488 2026] [wsgi:error] [pid 10:tid 140433521927872] [remote 10.0.0.245:53218] 2026-05-11 15:38:07.520 10 ERROR keystone.server.flask.application ^^^^^^^^^^^^^^^^^^^^^^^
[Mon May 11 15:38:07.534490 2026] [wsgi:error] [pid 10:tid 140433521927872] [remote 10.0.0.245:53218] 2026-05-11 15:38:07.520 10 ERROR keystone.server.flask.application
File "/var/lib/openstack/lib/python3.12/site-packages/keystone/resource/backends/sql.py", line 278, in create_project
[Mon May 11 15:38:07.534491 2026] [wsgi:error] [pid 10:tid 140433521927872] [remote 10.0.0.245:53218] 2026-05-11 15:38:07.520 10 ERROR keystone.server.flask.application with sql.session_for_write() as session:
[Mon May 11 15:38:07.534493 2026] [wsgi:error] [pid 10:tid 140433521927872] [remote 10.0.0.245:53218] 2026-05-11 15:38:07.520 10 ERROR keystone.server.flask.application
File "/usr/lib/python3.12/contextlib.py", line 144, in __exit__
[Mon May 11 15:38:07.534494 2026] [wsgi:error] [pid 10:tid 140433521927872] [remote 10.0.0.245:53218] 2026-05-11 15:38:07.520 10 ERROR keystone.server.flask.application next(self.gen)
[Mon May 11 15:38:07.534496 2026] [wsgi:error] [pid 10:tid 140433521927872] [remote 10.0.0.245:53218] 2026-05-11 15:38:07.520 10 ERROR keystone.server.flask.application
File "/var/lib/openstack/lib/python3.12/site-packages/oslo_db/sqlalchemy/enginefacade.py", line 1175, in _transaction_scope
[Mon May 11 15:38:07.534497 2026] [wsgi:error] [pid 10:tid 140433521927872] [remote 10.0.0.245:53218] 2026-05-11 15:38:07.520 10 ERROR keystone.server.flask.application with current._produce_block(
[Mon May 11 15:38:07.534499 2026] [wsgi:error] [pid 10:tid 140433521927872] [remote 10.0.0.245:53218] 2026-05-11 15:38:07.520 10 ERROR keystone.server.flask.application
File "/usr/lib/python3.12/contextlib.py", line 144, in __exit__
[Mon May 11 15:38:07.534500 2026] [wsgi:error] [pid 10:tid 140433521927872] [remote 10.0.0.245:53218] 2026-05-11 15:38:07.520 10 ERROR keystone.server.flask.application next(self.gen)
[Mon May 11 15:38:07.534501 2026] [wsgi:error] [pid 10:tid 140433521927872] [remote 10.0.0.245:53218] 2026-05-11 15:38:07.520 10 ERROR keystone.server.flask.application
File "/var/lib/openstack/lib/python3.12/site-packages/oslo_db/sqlalchemy/enginefacade.py", line 837, in _session
[Mon May 11 15:38:07.534503 2026] [wsgi:error] [pid 10:tid 140433521927872] [remote 10.0.0.245:53218] 2026-05-11 15:38:07.520 10 ERROR keystone.server.flask.application with excutils.save_and_reraise_exception():
[Mon May 11 15:38:07.534504 2026] [wsgi:error] [pid 10:tid 140433521927872] [remote 10.0.0.245:53218] 2026-05-11 15:38:07.520 10 ERROR keystone.server.flask.application
File "/var/lib/openstack/lib/python3.12/site-packages/oslo_utils/excutils.py", line 271, in __exit__
[Mon May 11 15:38:07.534505 2026] [wsgi:error] [pid 10:tid 140433521927872] [remote 10.0.0.245:53218] 2026-05-11 15:38:07.520 10 ERROR keystone.server.flask.application self.force_reraise()
[Mon May 11 15:38:07.534507 2026] [wsgi:error] [pid 10:tid 140433521927872] [remote 10.0.0.245:53218] 2026-05-11 15:38:07.520 10 ERROR keystone.server.flask.application
File "/var/lib/openstack/lib/python3.12/site-packages/oslo_utils/excutils.py", line 233, in force_reraise
[Mon May 11 15:38:07.534508 2026] [wsgi:error] [pid 10:tid 140433521927872] [remote 10.0.0.245:53218] 2026-05-11 15:38:07.520 10 ERROR keystone.server.flask.application raise self.value
[Mon May 11 15:38:07.534509 2026] [wsgi:error] [pid 10:tid 140433521927872] [remote 10.0.0.245:53218] 2026-05-11 15:38:07.520 10 ERROR keystone.server.flask.application
File "/var/lib/openstack/lib/python3.12/site-packages/oslo_db/sqlalchemy/enginefacade.py", line 835, in _session
[Mon May 11 15:38:07.534511 2026] [wsgi:error] [pid 10:tid 140433521927872] [remote 10.0.0.245:53218] 2026-05-11 15:38:07.520 10 ERROR keystone.server.flask.application self._end_session_transaction(self.session)
[Mon May 11 15:38:07.534512 2026] [wsgi:error] [pid 10:tid 140433521927872] [remote 10.0.0.245:53218] 2026-05-11 15:38:07.520 10 ERROR keystone.server.flask.application
File "/var/lib/openstack/lib/python3.12/site-packages/oslo_db/sqlalchemy/enginefacade.py", line 748, in _end_session_transaction
[Mon May 11 15:38:07.534515 2026] [wsgi:error] [pid 10:tid 140433521927872] [remote 10.0.0.245:53218] 2026-05-11 15:38:07.520 10 ERROR keystone.server.flask.application session.commit()
[Mon May 11 15:38:07.534516 2026] [wsgi:error] [pid 10:tid 140433521927872] [remote 10.0.0.245:53218] 2026-05-11 15:38:07.520 10 ERROR keystone.server.flask.application
File "/var/lib/openstack/lib/python3.12/site-packages/sqlalchemy/orm/session.py", line 2030, in commit
[Mon May 11 15:38:07.534517 2026] [wsgi:error] [pid 10:tid 140433521927872] [remote 10.0.0.245:53218] 2026-05-11 15:38:07.520 10 ERROR keystone.server.flask.application trans.commit(_to_root=True)
[Mon May 11 15:38:07.534519 2026] [wsgi:error] [pid 10:tid 140433521927872] [remote 10.0.0.245:53218] 2026-05-11 15:38:07.520 10 ERROR keystone.server.flask.application File "", line 2, in commit
[Mon May 11 15:38:07.534520 2026] [wsgi:error] [pid 10:tid 140433521927872] [remote 10.0.0.245:53218] 2026-05-11 15:38:07.520 10 ERROR keystone.server.flask.application
File "/var/lib/openstack/lib/python3.12/site-packages/sqlalchemy/orm/state_changes.py", line 137, in _go
[Mon May 11 15:38:07.534521 2026] [wsgi:error] [pid 10:tid 140433521927872] [remote 10.0.0.245:53218] 2026-05-11 15:38:07.520 10 ERROR keystone.server.flask.application ret_value = fn(self, *arg, **kw)
[Mon May 11 15:38:07.534523 2026] [wsgi:error] [pid 10:tid 140433521927872] [remote 10.0.0.245:53218] 2026-05-11 15:38:07.520 10 ERROR keystone.server.flask.application ^^^^^^^^^^^^^^^^^^^^
[Mon May 11 15:38:07.534540 2026] [wsgi:error] [pid 10:tid 140433521927872] [remote 10.0.0.245:53218] 2026-05-11 15:38:07.520 10 ERROR keystone.server.flask.application
File "/var/lib/openstack/lib/python3.12/site-packages/sqlalchemy/orm/session.py", line 1311, in commit
[Mon May 11 15:38:07.534542 2026] [wsgi:error] [pid 10:tid 140433521927872] [remote 10.0.0.245:53218] 2026-05-11 15:38:07.520 10 ERROR keystone.server.flask.application self._prepare_impl()
[Mon May 11 15:38:07.534543 2026] [wsgi:error] [pid 10:tid 140433521927872] [remote 10.0.0.245:53218] 2026-05-11 15:38:07.520 10 ERROR keystone.server.flask.application File "", line 2, in _prepare_impl
[Mon May 11 15:38:07.534545 2026] [wsgi:error] [pid 10:tid 140433521927872] [remote 10.0.0.245:53218] 2026-05-11 15:38:07.520 10 ERROR keystone.server.flask.application
File "/var/lib/openstack/lib/python3.12/site-packages/sqlalchemy/orm/state_changes.py", line 137, in _go
[Mon May 11 15:38:07.534546 2026] [wsgi:error] [pid 10:tid 140433521927872] [remote 10.0.0.245:53218] 2026-05-11 15:38:07.520 10 ERROR keystone.server.flask.application ret_value = fn(self, *arg, **kw)
[Mon May 11 15:38:07.534548 2026] [wsgi:error] [pid 10:tid 140433521927872] [remote 10.0.0.245:53218] 2026-05-11 15:38:07.520 10 ERROR keystone.server.flask.application ^^^^^^^^^^^^^^^^^^^^
[Mon May 11 15:38:07.534549 2026] [wsgi:error] [pid 10:tid 140433521927872] [remote 10.0.0.245:53218] 2026-05-11 15:38:07.520 10 ERROR keystone.server.flask.application
File "/var/lib/openstack/lib/python3.12/site-packages/sqlalchemy/orm/session.py", line 1286, in _prepare_impl
[Mon May 11 15:38:07.534551 2026] [wsgi:error] [pid 10:tid 140433521927872] [remote 10.0.0.245:53218] 2026-05-11 15:38:07.520 10 ERROR keystone.server.flask.application self.session.flush()
[Mon May 11 15:38:07.534552 2026] [wsgi:error] [pid 10:tid 140433521927872] [remote 10.0.0.245:53218] 2026-05-11 15:38:07.520 10 ERROR keystone.server.flask.application
File "/var/lib/openstack/lib/python3.12/site-packages/sqlalchemy/orm/session.py", line 4331, in flush
[Mon May 11 15:38:07.534554 2026] [wsgi:error] [pid 10:tid 140433521927872] [remote 10.0.0.245:53218] 2026-05-11 15:38:07.520 10 ERROR keystone.server.flask.application self._flush(objects)
[Mon May 11 15:38:07.534555 2026] [wsgi:error] [pid 10:tid 140433521927872] [remote 10.0.0.245:53218] 2026-05-11 15:38:07.520 10 ERROR keystone.server.flask.application
File "/var/lib/openstack/lib/python3.12/site-packages/sqlalchemy/orm/session.py", line 4466, in _flush
[Mon May 11 15:38:07.534557 2026] [wsgi:error] [pid 10:tid 140433521927872] [remote 10.0.0.245:53218] 2026-05-11 15:38:07.520 10 ERROR keystone.server.flask.application with util.safe_reraise():
[Mon May 11 15:38:07.534558 2026] [wsgi:error] [pid 10:tid 140433521927872] [remote 10.0.0.245:53218] 2026-05-11 15:38:07.520 10 ERROR keystone.server.flask.application
File "/var/lib/openstack/lib/python3.12/site-packages/sqlalchemy/util/langhelpers.py", line 121, in __exit__
[Mon May 11 15:38:07.534560 2026] [wsgi:error] [pid 10:tid 140433521927872] [remote 10.0.0.245:53218] 2026-05-11 15:38:07.520 10 ERROR keystone.server.flask.application raise exc_value.with_traceback(exc_tb)
[Mon May 11 15:38:07.534561 2026] [wsgi:error] [pid 10:tid 140433521927872] [remote 10.0.0.245:53218] 2026-05-11 15:38:07.520 10 ERROR keystone.server.flask.application
File "/var/lib/openstack/lib/python3.12/site-packages/sqlalchemy/orm/session.py", line 4427, in _flush
[Mon May 11 15:38:07.534563 2026] [wsgi:error] [pid 10:tid 140433521927872] [remote 10.0.0.245:53218] 2026-05-11 15:38:07.520 10 ERROR keystone.server.flask.application flush_context.execute()
