Feb 17 16:22:39.279028 np0000156048 devstack@neutron-api.service[103518]: DEBUG neutron_lib.callbacks.manager [None req-aedc47a9-c5e3-4930-861d-5b7e7390cfac None None] Subscribe: > router_interface after_delete 55550000, False {{(pid=103518) subscribe /opt/stack/data/venv/lib/python3.12/site-packages/neutron_lib/callbacks/manager.py:52}}
Feb 17 16:22:39.279028 np0000156048 devstack@neutron-api.service[103518]: DEBUG neutron_lib.callbacks.manager [None req-aedc47a9-c5e3-4930-861d-5b7e7390cfac None None] Subscribe: > router after_create 55550000, False {{(pid=103518) subscribe /opt/stack/data/venv/lib/python3.12/site-packages/neutron_lib/callbacks/manager.py:52}}
Feb 17 16:22:39.279280 np0000156048 devstack@neutron-api.service[103518]: DEBUG neutron_lib.callbacks.manager [None req-aedc47a9-c5e3-4930-861d-5b7e7390cfac None None] Subscribe: > router precommit_create 55550000, False {{(pid=103518) subscribe /opt/stack/data/venv/lib/python3.12/site-packages/neutron_lib/callbacks/manager.py:52}}
Feb 17 16:22:39.279280 np0000156048 devstack@neutron-api.service[103518]: DEBUG neutron_lib.callbacks.manager [None req-aedc47a9-c5e3-4930-861d-5b7e7390cfac None None] Subscribe: > router after_delete 55550000, False {{(pid=103518) subscribe /opt/stack/data/venv/lib/python3.12/site-packages/neutron_lib/callbacks/manager.py:52}}
Feb 17 16:22:39.279482 np0000156048 devstack@neutron-api.service[103518]: DEBUG neutron_lib.callbacks.manager [None req-aedc47a9-c5e3-4930-861d-5b7e7390cfac None None] Subscribe: > router after_update 55550000, False {{(pid=103518) subscribe /opt/stack/data/venv/lib/python3.12/site-packages/neutron_lib/callbacks/manager.py:52}}
Feb 17 16:22:39.279482 np0000156048 devstack@neutron-api.service[103518]: DEBUG neutron.services.service_base [None req-aedc47a9-c5e3-4930-861d-5b7e7390cfac None None] Loaded 'neutron.services.ovn_l3.service_providers.ovn.OvnDriver' provider for service L3_ROUTER_NAT {{(pid=103518) load_drivers /opt/stack/neutron/neutron/services/service_base.py:49}}
Feb 17 16:22:39.279664 np0000156048 devstack@neutron-api.service[103518]: DEBUG neutron_lib.callbacks.manager [None req-aedc47a9-c5e3-4930-861d-5b7e7390cfac None None] Subscribe: > process after_init 55550001, True {{(pid=103518) subscribe /opt/stack/data/venv/lib/python3.12/site-packages/neutron_lib/callbacks/manager.py:52}}
Feb 17 16:22:39.279664 np0000156048 devstack@neutron-api.service[103518]: DEBUG neutron.manager [None req-aedc47a9-c5e3-4930-861d-5b7e7390cfac None None] Successfully loaded L3_ROUTER_NAT plugin. Description: L3 Router Service Plugin for basic L3 forwarding using OVN {{(pid=103518) _create_and_add_service_plugin /opt/stack/neutron/neutron/manager.py:229}}
Feb 17 16:22:39.279897 np0000156048 devstack@neutron-api.service[103518]: INFO neutron.manager [None req-aedc47a9-c5e3-4930-861d-5b7e7390cfac None None] Loading Plugin: auto_allocate
Feb 17 16:22:39.280655 np0000156048 devstack@neutron-api.service[103518]: DEBUG neutron_lib.callbacks.manager [None req-aedc47a9-c5e3-4930-861d-5b7e7390cfac None None] Subscribe: network precommit_update 55550000, False {{(pid=103518) subscribe /opt/stack/data/venv/lib/python3.12/site-packages/neutron_lib/callbacks/manager.py:52}}
Feb 17 16:22:39.280828 np0000156048 devstack@neutron-api.service[103518]: DEBUG neutron_lib.callbacks.manager [None req-aedc47a9-c5e3-4930-861d-5b7e7390cfac None None] Subscribe: network precommit_create 55550000, False {{(pid=103518) subscribe /opt/stack/data/venv/lib/python3.12/site-packages/neutron_lib/callbacks/manager.py:52}}
Feb 17 16:22:39.280958 np0000156048 devstack@neutron-api.service[103518]: DEBUG neutron.manager [None req-aedc47a9-c5e3-4930-861d-5b7e7390cfac None None] Successfully loaded auto-allocated-topology plugin. Description: Auto Allocated Topology - aka get me a network. {{(pid=103518) _create_and_add_service_plugin /opt/stack/neutron/neutron/manager.py:229}}
Feb 17 16:22:39.281056 np0000156048 devstack@neutron-api.service[103518]: INFO neutron.manager [None req-aedc47a9-c5e3-4930-861d-5b7e7390cfac None None] Loading Plugin: tag
Feb 17 16:22:39.283693 np0000156048 devstack@neutron-api.service[103518]: DEBUG neutron.manager [None req-aedc47a9-c5e3-4930-861d-5b7e7390cfac None None] Successfully loaded TAG plugin. Description: Tag support {{(pid=103518) _create_and_add_service_plugin /opt/stack/neutron/neutron/manager.py:229}}
Feb 17 16:22:39.283870 np0000156048 devstack@neutron-api.service[103518]: INFO neutron.manager [None req-aedc47a9-c5e3-4930-861d-5b7e7390cfac None None] Loading Plugin: timestamp
Feb 17 16:22:39.285097 np0000156048 devstack@neutron-api.service[103518]: DEBUG neutron.manager [None req-aedc47a9-c5e3-4930-861d-5b7e7390cfac None None] Successfully loaded timestamp plugin. Description: Adds timestamps to Neutron resources with standard attributes {{(pid=103518) _create_and_add_service_plugin /opt/stack/neutron/neutron/manager.py:229}}
Feb 17 16:22:39.285259 np0000156048 devstack@neutron-api.service[103518]: INFO neutron.manager [None req-aedc47a9-c5e3-4930-861d-5b7e7390cfac None None] Loading Plugin: network_ip_availability
Feb 17 16:22:39.287655 np0000156048 devstack@neutron-api.service[103518]: DEBUG neutron_lib.callbacks.manager [None req-aedc47a9-c5e3-4930-861d-5b7e7390cfac None None] Subscribe: > rbac-policy before_create 55550000, False {{(pid=103518) subscribe /opt/stack/data/venv/lib/python3.12/site-packages/neutron_lib/callbacks/manager.py:52}}
Feb 17 16:22:39.287655 np0000156048 devstack@neutron-api.service[103518]: DEBUG neutron_lib.callbacks.manager [None req-aedc47a9-c5e3-4930-861d-5b7e7390cfac None None] Subscribe: > rbac-policy before_update 55550000, False {{(pid=103518) subscribe /opt/stack/data/venv/lib/python3.12/site-packages/neutron_lib/callbacks/manager.py:52}}
Feb 17 16:22:39.287655 np0000156048 devstack@neutron-api.service[103518]: DEBUG neutron_lib.callbacks.manager [None req-aedc47a9-c5e3-4930-861d-5b7e7390cfac None None] Subscribe: > rbac-policy before_delete 55550000, False {{(pid=103518) subscribe /opt/stack/data/venv/lib/python3.12/site-packages/neutron_lib/callbacks/manager.py:52}}
Feb 17 16:22:39.288080 np0000156048 devstack@neutron-api.service[103518]: DEBUG neutron.manager [None req-aedc47a9-c5e3-4930-861d-5b7e7390cfac None None] Successfully loaded network-ip-availability plugin. Description: Provides IP availability data for each network and subnet. {{(pid=103518) _create_and_add_service_plugin /opt/stack/neutron/neutron/manager.py:229}}
Feb 17 16:22:39.288080 np0000156048 devstack@neutron-api.service[103518]: INFO neutron.manager [None req-aedc47a9-c5e3-4930-861d-5b7e7390cfac None None] Loading Plugin: flavors
Feb 17 16:22:39.288890 np0000156048 devstack@neutron-api.service[103518]: DEBUG neutron.manager [None req-aedc47a9-c5e3-4930-861d-5b7e7390cfac None None] Successfully loaded FLAVORS plugin. Description: Neutron Flavors and Service Profiles manager plugin {{(pid=103518) _create_and_add_service_plugin /opt/stack/neutron/neutron/manager.py:229}}
Feb 17 16:22:39.288890 np0000156048 devstack@neutron-api.service[103518]: INFO neutron.manager [None req-aedc47a9-c5e3-4930-861d-5b7e7390cfac None None] Loading Plugin: revisions
Feb 17 16:22:39.289866 np0000156048 devstack@neutron-api.service[103518]: DEBUG neutron.manager [None req-aedc47a9-c5e3-4930-861d-5b7e7390cfac None None] Successfully loaded revision_plugin plugin. Description: Adds revision numbers to resources. {{(pid=103518) _create_and_add_service_plugin /opt/stack/neutron/neutron/manager.py:229}}
Feb 17 16:22:39.289999 np0000156048 devstack@neutron-api.service[103518]: DEBUG oslo_concurrency.lockutils [None req-aedc47a9-c5e3-4930-861d-5b7e7390cfac None None] Lock "manager" "released" by "neutron.manager.NeutronManager._create_instance" :: held 4.468s {{(pid=103518) inner /opt/stack/data/venv/lib/python3.12/site-packages/oslo_concurrency/lockutils.py:538}}
Feb 17 16:22:39.290240 np0000156048 devstack@neutron-api.service[103518]: DEBUG neutron.api.extensions [None req-aedc47a9-c5e3-4930-861d-5b7e7390cfac None None] get_extension_paths = OrderedDict({'/opt/stack/neutron/neutron/extensions': 1}) {{(pid=103518) get_extensions_path /opt/stack/neutron/neutron/api/extensions.py:640}}
Feb 17 16:22:39.290287 np0000156048 devstack@neutron-api.service[103518]: INFO neutron.api.extensions [None req-aedc47a9-c5e3-4930-861d-5b7e7390cfac None None] Initializing extension manager.
Feb 17 16:22:39.290572 np0000156048 devstack@neutron-api.service[103518]: DEBUG neutron.api.extensions [None req-aedc47a9-c5e3-4930-861d-5b7e7390cfac None None] Loading extension file: __init__.py {{(pid=103518) _load_all_extensions_from_path /opt/stack/neutron/neutron/api/extensions.py:449}}
Feb 17 16:22:39.290618 np0000156048 devstack@neutron-api.service[103518]: DEBUG neutron.api.extensions [None req-aedc47a9-c5e3-4930-861d-5b7e7390cfac None None] Loading extension file: __pycache__ {{(pid=103518) _load_all_extensions_from_path /opt/stack/neutron/neutron/api/extensions.py:449}}
Feb 17 16:22:39.290752 np0000156048 devstack@neutron-api.service[103518]: DEBUG neutron.api.extensions [None req-aedc47a9-c5e3-4930-861d-5b7e7390cfac None None] Loading extension file: address_group.py {{(pid=103518) _load_all_extensions_from_path /opt/stack/neutron/neutron/api/extensions.py:449}}
Feb 17 16:22:39.291046 np0000156048 devstack@neutron-api.service[103518]: DEBUG neutron.api.extensions [None req-aedc47a9-c5e3-4930-861d-5b7e7390cfac None None] Ext name="Address group" alias="address-group" description="Support address group" updated="2020-07-15T10:00:00-00:00" {{(pid=103518) _check_extension /opt/stack/neutron/neutron/api/extensions.py:415}}
Feb 17 16:22:39.291344 np0000156048 devstack@neutron-api.service[103518]: INFO neutron.api.extensions [None req-aedc47a9-c5e3-4930-861d-5b7e7390cfac None None] Loaded extension: address-group
Feb 17 16:22:39.291388 np0000156048 devstack@neutron-api.service[103518]: DEBUG neutron.api.extensions [None req-aedc47a9-c5e3-4930-861d-5b7e7390cfac None None] Loading extension file: address_scope.py {{(pid=103518) _load_all_extensions_from_path /opt/stack/neutron/neutron/api/extensions.py:449}}
Feb 17 16:22:39.291684 np0000156048 devstack@neutron-api.service[103518]: DEBUG neutron.api.extensions [None req-aedc47a9-c5e3-4930-861d-5b7e7390cfac None None] Ext name="Address scope" alias="address-scope" description="Address scopes extension." updated="2015-07-26T10:00:00-00:00" {{(pid=103518) _check_extension /opt/stack/neutron/neutron/api/extensions.py:415}}
Feb 17 16:22:39.291863 np0000156048 devstack@neutron-api.service[103518]: INFO neutron.api.extensions [None req-aedc47a9-c5e3-4930-861d-5b7e7390cfac None None] Loaded extension: address-scope
Feb 17 16:22:39.292023 np0000156048 devstack@neutron-api.service[103518]: DEBUG neutron.api.extensions [None req-aedc47a9-c5e3-4930-861d-5b7e7390cfac None None] Loading extension file: admin_state_down_before_update.py {{(pid=103518) _load_all_extensions_from_path /opt/stack/neutron/neutron/api/extensions.py:449}}
Feb 17 16:22:39.292157 np0000156048 devstack@neutron-api.service[103518]: DEBUG neutron.api.extensions [None req-aedc47a9-c5e3-4930-861d-5b7e7390cfac None None] Ext name="Enforce Router's Admin State Down Before Update Extension" alias="router-admin-state-down-before-update" description="Ensure that the admin state of a router is DOWN (admin_state_up=False) before updating the distributed attribute" updated="2019-07-02T15:56:00" {{(pid=103518) _check_extension /opt/stack/neutron/neutron/api/extensions.py:415}}
Feb 17 16:22:39.292327 np0000156048 devstack@neutron-api.service[103518]: INFO neutron.api.extensions [None req-aedc47a9-c5e3-4930-861d-5b7e7390cfac None None] Extension router-admin-state-down-before-update not supported by any of loaded plugins
Feb 17 16:22:39.292441 np0000156048 devstack@neutron-api.service[103518]: DEBUG neutron.api.extensions [None req-aedc47a9-c5e3-4930-861d-5b7e7390cfac None None] Loading extension file: agent.py {{(pid=103518) _load_all_extensions_from_path /opt/stack/neutron/neutron/api/extensions.py:449}}
Feb 17 16:22:39.292710 np0000156048 devstack@neutron-api.service[103518]: DEBUG neutron.api.extensions [None req-aedc47a9-c5e3-4930-861d-5b7e7390cfac None None] Ext name="agent" alias="agent" description="The agent management extension." updated="2013-02-03T10:00:00-00:00" {{(pid=103518) _check_extension /opt/stack/neutron/neutron/api/extensions.py:415}}
Feb 17 16:22:39.292947 np0000156048 devstack@neutron-api.service[103518]: INFO neutron.api.extensions [None req-aedc47a9-c5e3-4930-861d-5b7e7390cfac None None] Loaded extension: agent
Feb 17 16:22:39.292988 np0000156048 devstack@neutron-api.service[103518]: DEBUG neutron.api.extensions [None req-aedc47a9-c5e3-4930-861d-5b7e7390cfac None None] Loading extension file: agent_resources_synced.py {{(pid=103518) _load_all_extensions_from_path /opt/stack/neutron/neutron/api/extensions.py:449}}
Feb 17 16:22:39.293208 np0000156048 devstack@neutron-api.service[103518]: DEBUG neutron.api.extensions [None req-aedc47a9-c5e3-4930-861d-5b7e7390cfac None None] Ext name="Agent's Resource View Synced to Placement" alias="agent-resources-synced" description="Stores success/failure of last sync to Placement" updated="2018-12-19T00:00:00-00:00" {{(pid=103518) _check_extension /opt/stack/neutron/neutron/api/extensions.py:415}}
Feb 17 16:22:39.293410 np0000156048 devstack@neutron-api.service[103518]: INFO neutron.api.extensions [None req-aedc47a9-c5e3-4930-861d-5b7e7390cfac None None] Extension agent-resources-synced not supported by any of loaded plugins
Feb 17 16:22:39.293453 np0000156048 devstack@neutron-api.service[103518]: DEBUG neutron.api.extensions [None req-aedc47a9-c5e3-4930-861d-5b7e7390cfac None None] Loading extension file: allowedaddresspairs.py {{(pid=103518) _load_all_extensions_from_path /opt/stack/neutron/neutron/api/extensions.py:449}}
Feb 17 16:22:39.294112 np0000156048 devstack@neutron-api.service[103518]: DEBUG neutron.api.extensions [None req-aedc47a9-c5e3-4930-861d-5b7e7390cfac None None] Ext name="Allowed Address Pairs" alias="allowed-address-pairs" description="Provides allowed address pairs" updated="2013-07-23T10:00:00-00:00" {{(pid=103518) _check_extension /opt/stack/neutron/neutron/api/extensions.py:415}}
Feb 17 16:22:39.294338 np0000156048 devstack@neutron-api.service[103518]: INFO neutron.api.extensions [None req-aedc47a9-c5e3-4930-861d-5b7e7390cfac None None] Loaded extension: allowed-address-pairs
Feb 17 16:22:39.294381 np0000156048 devstack@neutron-api.service[103518]: DEBUG neutron.api.extensions [None req-aedc47a9-c5e3-4930-861d-5b7e7390cfac None None] Loading extension file: auto_allocated_topology.py {{(pid=103518) _load_all_extensions_from_path /opt/stack/neutron/neutron/api/extensions.py:449}}
Feb 17 16:22:39.294641 np0000156048 devstack@neutron-api.service[103518]: DEBUG neutron.api.extensions [None req-aedc47a9-c5e3-4930-861d-5b7e7390cfac None None] Ext name="Auto Allocated Topology Services" alias="auto-allocated-topology" description="Auto Allocated Topology Services." updated="2016-01-01T00:00:00-00:00" {{(pid=103518) _check_extension /opt/stack/neutron/neutron/api/extensions.py:415}}
Feb 17 16:22:39.294710 np0000156048 devstack@neutron-api.service[103519]: INFO neutron.plugins.ml2.drivers.type_vlan [None req-8e82ada4-05d6-4c6e-aeee-06f3a037185e None None] VlanTypeDriver initialization complete
Feb 17 16:22:39.295314 np0000156048 devstack@neutron-api.service[103518]: INFO neutron.api.extensions [None req-aedc47a9-c5e3-4930-861d-5b7e7390cfac None None] Loaded extension: auto-allocated-topology
Feb 17 16:22:39.295541 np0000156048 devstack@neutron-api.service[103519]: INFO neutron.plugins.ml2.managers [None req-8e82ada4-05d6-4c6e-aeee-06f3a037185e None None] Initializing extension driver 'port_security'
Feb 17 16:22:39.295717 np0000156048 devstack@neutron-api.service[103518]: DEBUG neutron.api.extensions [None req-aedc47a9-c5e3-4930-861d-5b7e7390cfac None None] Loading extension file: availability_zone.py {{(pid=103518) _load_all_extensions_from_path /opt/stack/neutron/neutron/api/extensions.py:449}}
Feb 17 16:22:39.295882 np0000156048 devstack@neutron-api.service[103519]: INFO neutron.plugins.ml2.extensions.port_security [None req-8e82ada4-05d6-4c6e-aeee-06f3a037185e None None] PortSecurityExtensionDriver initialization complete
Feb 17 16:22:39.295882 np0000156048 devstack@neutron-api.service[103519]: INFO neutron.plugins.ml2.managers [None req-8e82ada4-05d6-4c6e-aeee-06f3a037185e None None] Initializing extension driver 'qos'
Feb 17 16:22:39.296099 np0000156048 devstack@neutron-api.service[103518]: DEBUG neutron.api.extensions [None req-aedc47a9-c5e3-4930-861d-5b7e7390cfac None None] Ext name="Availability Zone" alias="availability_zone" description="The availability zone extension." updated="2015-01-01T10:00:00-00:00" {{(pid=103518) _check_extension /opt/stack/neutron/neutron/api/extensions.py:415}}
Feb 17 16:22:39.296233 np0000156048 devstack@neutron-api.service[103519]: DEBUG neutron.plugins.ml2.extensions.qos [None req-8e82ada4-05d6-4c6e-aeee-06f3a037185e None None] QosExtensionDriver initialization complete {{(pid=103519) initialize /opt/stack/neutron/neutron/plugins/ml2/extensions/qos.py:31}}
Feb 17 16:22:39.296233 np0000156048 devstack@neutron-api.service[103519]: INFO neutron.plugins.ml2.managers [None req-8e82ada4-05d6-4c6e-aeee-06f3a037185e None None] Initializing mechanism driver 'ovn'
Feb 17 16:22:39.296419 np0000156048 devstack@neutron-api.service[103518]: INFO neutron.api.extensions [None req-aedc47a9-c5e3-4930-861d-5b7e7390cfac None None] Loaded extension: availability_zone
Feb 17 16:22:39.296554 np0000156048 devstack@neutron-api.service[103519]: INFO neutron.plugins.ml2.drivers.ovn.mech_driver.mech_driver [None req-8e82ada4-05d6-4c6e-aeee-06f3a037185e None None] Starting OVNMechanismDriver
Feb 17 16:22:39.296714 np0000156048 devstack@neutron-api.service[103518]: DEBUG neutron.api.extensions [None req-aedc47a9-c5e3-4930-861d-5b7e7390cfac None None] Loading extension file: availability_zone_filter.py {{(pid=103518) _load_all_extensions_from_path /opt/stack/neutron/neutron/api/extensions.py:449}}
Feb 17 16:22:39.296714 np0000156048 devstack@neutron-api.service[103518]: DEBUG neutron.api.extensions [None req-aedc47a9-c5e3-4930-861d-5b7e7390cfac None None] Ext name="Availability Zone Filter Extension" alias="availability_zone_filter" description="Add filter parameters to AvailabilityZone resource" updated="2018-06-22T10:00:00-00:00" {{(pid=103518) _check_extension /opt/stack/neutron/neutron/api/extensions.py:415}}
Feb 17 16:22:39.296714 np0000156048 devstack@neutron-api.service[103518]: INFO neutron.api.extensions [None req-aedc47a9-c5e3-4930-861d-5b7e7390cfac None None] Extension availability_zone_filter not supported by any of loaded plugins
Feb 17 16:22:39.296714 np0000156048 devstack@neutron-api.service[103518]: DEBUG neutron.api.extensions [None req-aedc47a9-c5e3-4930-861d-5b7e7390cfac None None] Loading extension file: data_plane_status.py {{(pid=103518) _load_all_extensions_from_path /opt/stack/neutron/neutron/api/extensions.py:449}}
Feb 17 16:22:39.296714 np0000156048 devstack@neutron-api.service[103518]: DEBUG neutron.api.extensions [None req-aedc47a9-c5e3-4930-861d-5b7e7390cfac None None] Ext name="Port data plane status extension" alias="data-plane-status" description="Expose status of underlying data plane" updated="2017-01-24T10:00:00-00:00" {{(pid=103518) _check_extension /opt/stack/neutron/neutron/api/extensions.py:415}}
Feb 17 16:22:39.296714 np0000156048 devstack@neutron-api.service[103518]: INFO neutron.api.extensions [None req-aedc47a9-c5e3-4930-861d-5b7e7390cfac None None] Extension data-plane-status not supported by any of loaded plugins
Feb 17 16:22:39.296714 np0000156048 devstack@neutron-api.service[103518]: DEBUG neutron.api.extensions [None req-aedc47a9-c5e3-4930-861d-5b7e7390cfac None None] Loading extension file: default_subnetpools.py {{(pid=103518) _load_all_extensions_from_path /opt/stack/neutron/neutron/api/extensions.py:449}}
Feb 17 16:22:39.297152 np0000156048 devstack@neutron-api.service[103518]: DEBUG neutron.api.extensions [None req-aedc47a9-c5e3-4930-861d-5b7e7390cfac None None] Ext name="Default Subnetpools" alias="default-subnetpools" description="Provides ability to mark and use a subnetpool as the default." updated="2016-02-18T18:00:00-00:00" {{(pid=103518) _check_extension /opt/stack/neutron/neutron/api/extensions.py:415}}
Feb 17 16:22:39.297152 np0000156048 devstack@neutron-api.service[103518]: INFO neutron.api.extensions [None req-aedc47a9-c5e3-4930-861d-5b7e7390cfac None None] Loaded extension: default-subnetpools
Feb 17 16:22:39.297152 np0000156048 devstack@neutron-api.service[103518]: DEBUG neutron.api.extensions [None req-aedc47a9-c5e3-4930-861d-5b7e7390cfac None None] Loading extension file: dhcpagentscheduler.py {{(pid=103518) _load_all_extensions_from_path /opt/stack/neutron/neutron/api/extensions.py:449}}
Feb 17 16:22:39.297439 np0000156048 devstack@neutron-api.service[103519]: DEBUG neutron_lib.callbacks.manager [None req-8e82ada4-05d6-4c6e-aeee-06f3a037185e None None] Subscribe: > process before_spawn 55550000, False {{(pid=103519) subscribe /opt/stack/data/venv/lib/python3.12/site-packages/neutron_lib/callbacks/manager.py:52}}
Feb 17 16:22:39.297439 np0000156048 devstack@neutron-api.service[103519]: DEBUG neutron_lib.callbacks.manager [None req-8e82ada4-05d6-4c6e-aeee-06f3a037185e None None] Subscribe: > process after_init 55550000, True {{(pid=103519) subscribe /opt/stack/data/venv/lib/python3.12/site-packages/neutron_lib/callbacks/manager.py:52}}
Feb 17 16:22:39.297663 np0000156048 devstack@neutron-api.service[103518]: DEBUG neutron.api.extensions [None req-aedc47a9-c5e3-4930-861d-5b7e7390cfac None None] Ext name="DHCP Agent Scheduler" alias="dhcp_agent_scheduler" description="Schedule networks among dhcp agents" updated="2013-02-07T10:00:00-00:00" {{(pid=103518) _check_extension /opt/stack/neutron/neutron/api/extensions.py:415}}
Feb 17 16:22:39.297852 np0000156048 devstack@neutron-api.service[103519]: DEBUG neutron_lib.callbacks.manager [None req-8e82ada4-05d6-4c6e-aeee-06f3a037185e None None] Subscribe: > segment after_create 55550000, False {{(pid=103519) subscribe /opt/stack/data/venv/lib/python3.12/site-packages/neutron_lib/callbacks/manager.py:52}}
Feb 17 16:22:39.297852 np0000156048 devstack@neutron-api.service[103519]: DEBUG neutron_lib.callbacks.manager [None req-8e82ada4-05d6-4c6e-aeee-06f3a037185e None None] Subscribe: > segment after_create 55550000, False {{(pid=103519) subscribe /opt/stack/data/venv/lib/python3.12/site-packages/neutron_lib/callbacks/manager.py:52}}
Feb 17 16:22:39.298098 np0000156048 devstack@neutron-api.service[103518]: INFO neutron.api.extensions [None req-aedc47a9-c5e3-4930-861d-5b7e7390cfac None None] Loaded extension: dhcp_agent_scheduler
Feb 17 16:22:39.298273 np0000156048 devstack@neutron-api.service[103519]: DEBUG neutron_lib.callbacks.manager [None req-8e82ada4-05d6-4c6e-aeee-06f3a037185e None None] Subscribe: > segment after_delete 55550000, False {{(pid=103519) subscribe /opt/stack/data/venv/lib/python3.12/site-packages/neutron_lib/callbacks/manager.py:52}}
Feb 17 16:22:39.298414 np0000156048 devstack@neutron-api.service[103518]: DEBUG neutron.api.extensions [None req-aedc47a9-c5e3-4930-861d-5b7e7390cfac None None] Loading extension file: dns.py {{(pid=103518) _load_all_extensions_from_path /opt/stack/neutron/neutron/api/extensions.py:449}}
Feb 17 16:22:39.298547 np0000156048 devstack@neutron-api.service[103519]: DEBUG neutron_lib.callbacks.manager [None req-8e82ada4-05d6-4c6e-aeee-06f3a037185e None None] Subscribe: > allowed_address_pair before_create 55550000, False {{(pid=103519) subscribe /opt/stack/data/venv/lib/python3.12/site-packages/neutron_lib/callbacks/manager.py:52}}
Feb 17 16:22:39.298547 np0000156048 devstack@neutron-api.service[103519]: DEBUG neutron_lib.callbacks.manager [None req-8e82ada4-05d6-4c6e-aeee-06f3a037185e None None] Subscribe: > security_group precommit_create 55550000, False {{(pid=103519) subscribe /opt/stack/data/venv/lib/python3.12/site-packages/neutron_lib/callbacks/manager.py:52}}
Feb 17 16:22:39.298731 np0000156048 devstack@neutron-api.service[103518]: DEBUG neutron.api.extensions [None req-aedc47a9-c5e3-4930-861d-5b7e7390cfac None None] Ext name="DNS Integration" alias="dns-integration" description="Provides integration with DNS." updated="2015-08-15T18:00:00-00:00" {{(pid=103518) _check_extension /opt/stack/neutron/neutron/api/extensions.py:415}}
Feb 17 16:22:39.298875 np0000156048 devstack@neutron-api.service[103519]: DEBUG neutron_lib.callbacks.manager [None req-8e82ada4-05d6-4c6e-aeee-06f3a037185e None None] Subscribe: > security_group after_update 55550000, False {{(pid=103519) subscribe /opt/stack/data/venv/lib/python3.12/site-packages/neutron_lib/callbacks/manager.py:52}}
Feb 17 16:22:39.299015 np0000156048 devstack@neutron-api.service[103518]: INFO neutron.api.extensions [None req-aedc47a9-c5e3-4930-861d-5b7e7390cfac None None] Loaded extension: dns-integration
Feb 17 16:22:39.299107 np0000156048 devstack@neutron-api.service[103519]: DEBUG neutron_lib.callbacks.manager [None req-8e82ada4-05d6-4c6e-aeee-06f3a037185e None None] Subscribe: > security_group after_create 55550000, False {{(pid=103519) subscribe /opt/stack/data/venv/lib/python3.12/site-packages/neutron_lib/callbacks/manager.py:52}}
Feb 17 16:22:39.299242 np0000156048 devstack@neutron-api.service[103518]: DEBUG neutron.api.extensions [None req-aedc47a9-c5e3-4930-861d-5b7e7390cfac None None] Loading extension file: dns_domain_ports.py {{(pid=103518) _load_all_extensions_from_path /opt/stack/neutron/neutron/api/extensions.py:449}}
Feb 17 16:22:39.299284 np0000156048 devstack@neutron-api.service[103519]: DEBUG neutron_lib.callbacks.manager [None req-8e82ada4-05d6-4c6e-aeee-06f3a037185e None None] Subscribe: > security_group precommit_delete 55550000, False {{(pid=103519) subscribe /opt/stack/data/venv/lib/python3.12/site-packages/neutron_lib/callbacks/manager.py:52}}
Feb 17 16:22:39.299284 np0000156048 devstack@neutron-api.service[103519]: DEBUG neutron_lib.callbacks.manager [None req-8e82ada4-05d6-4c6e-aeee-06f3a037185e None None] Subscribe: > security_group after_delete 55550000, False {{(pid=103519) subscribe /opt/stack/data/venv/lib/python3.12/site-packages/neutron_lib/callbacks/manager.py:52}}
Feb 17 16:22:39.299471 np0000156048 devstack@neutron-api.service[103518]: DEBUG neutron.api.extensions [None req-aedc47a9-c5e3-4930-861d-5b7e7390cfac None None] Ext name="dns_domain for ports" alias="dns-domain-ports" description="Allows the DNS domain to be specified for a network port." updated="2017-04-24T10:00:00-00:00" {{(pid=103518) _check_extension /opt/stack/neutron/neutron/api/extensions.py:415}}
Feb 17 16:22:39.299601 np0000156048 devstack@neutron-api.service[103519]: DEBUG neutron_lib.callbacks.manager [None req-8e82ada4-05d6-4c6e-aeee-06f3a037185e None None] Subscribe: > security_group_rule precommit_create 55550000, False {{(pid=103519) subscribe /opt/stack/data/venv/lib/python3.12/site-packages/neutron_lib/callbacks/manager.py:52}}
Feb 17 16:22:39.299601 np0000156048 devstack@neutron-api.service[103519]: DEBUG neutron_lib.callbacks.manager [None req-8e82ada4-05d6-4c6e-aeee-06f3a037185e None None] Subscribe: > security_group_rule after_create 55550000, False {{(pid=103519) subscribe /opt/stack/data/venv/lib/python3.12/site-packages/neutron_lib/callbacks/manager.py:52}}
Feb 17 16:22:39.299773 np0000156048 devstack@neutron-api.service[103518]: INFO neutron.api.extensions [None req-aedc47a9-c5e3-4930-861d-5b7e7390cfac None None] Loaded extension: dns-domain-ports
Feb 17 16:22:39.299917 np0000156048 devstack@neutron-api.service[103519]: DEBUG neutron_lib.callbacks.manager [None req-8e82ada4-05d6-4c6e-aeee-06f3a037185e None None] Subscribe: > security_group_rule before_delete 55550000, False {{(pid=103519) subscribe /opt/stack/data/venv/lib/python3.12/site-packages/neutron_lib/callbacks/manager.py:52}}
Feb 17 16:22:39.300018 np0000156048 devstack@neutron-api.service[103518]: DEBUG neutron.api.extensions [None req-aedc47a9-c5e3-4930-861d-5b7e7390cfac None None] Loading extension file: dns_integration_domain_keywords.py {{(pid=103518) _load_all_extensions_from_path /opt/stack/neutron/neutron/api/extensions.py:449}}
Feb 17 16:22:39.300171 np0000156048 devstack@neutron-api.service[103519]: DEBUG neutron_lib.callbacks.manager [None req-8e82ada4-05d6-4c6e-aeee-06f3a037185e None None] Subscribe: > address_group after_create 55550000, False {{(pid=103519) subscribe /opt/stack/data/venv/lib/python3.12/site-packages/neutron_lib/callbacks/manager.py:52}}
Feb 17 16:22:39.300171 np0000156048 devstack@neutron-api.service[103519]: DEBUG neutron_lib.callbacks.manager [None req-8e82ada4-05d6-4c6e-aeee-06f3a037185e None None] Subscribe: > address_group after_update 55550000, False {{(pid=103519) subscribe /opt/stack/data/venv/lib/python3.12/site-packages/neutron_lib/callbacks/manager.py:52}}
Feb 17 16:22:39.300385 np0000156048 devstack@neutron-api.service[103518]: DEBUG neutron.api.extensions [None req-aedc47a9-c5e3-4930-861d-5b7e7390cfac None None] Ext name="DNS domain names with keywords allowed" alias="dns-integration-domain-keywords" description="Allows to use keywords like , , and as DNS domain name" updated="2020-06-15T18:00:00-00:00" {{(pid=103518) _check_extension /opt/stack/neutron/neutron/api/extensions.py:415}}
Feb 17 16:22:39.300519 np0000156048 devstack@neutron-api.service[103519]: DEBUG neutron_lib.callbacks.manager [None req-8e82ada4-05d6-4c6e-aeee-06f3a037185e None None] Subscribe: > address_group after_delete 55550000, False {{(pid=103519) subscribe /opt/stack/data/venv/lib/python3.12/site-packages/neutron_lib/callbacks/manager.py:52}}
Feb 17 16:22:39.300642 np0000156048 devstack@neutron-api.service[103518]: INFO neutron.api.extensions [None req-aedc47a9-c5e3-4930-861d-5b7e7390cfac None None] Loaded extension: dns-integration-domain-keywords
Feb 17 16:22:39.300764 np0000156048 devstack@neutron-api.service[103519]: DEBUG neutron_lib.callbacks.manager [None req-8e82ada4-05d6-4c6e-aeee-06f3a037185e None None] Subscribe: > qos_plugin after_init 55550000, False {{(pid=103519) subscribe /opt/stack/data/venv/lib/python3.12/site-packages/neutron_lib/callbacks/manager.py:52}}
Feb 17 16:22:39.300895 np0000156048 devstack@neutron-api.service[103518]: DEBUG neutron.api.extensions [None req-aedc47a9-c5e3-4930-861d-5b7e7390cfac None None] Loading extension file: dvr.py {{(pid=103518) _load_all_extensions_from_path /opt/stack/neutron/neutron/api/extensions.py:449}}
Feb 17 16:22:39.301022 np0000156048 devstack@neutron-api.service[103519]: DEBUG neutron_lib.callbacks.manager [None req-8e82ada4-05d6-4c6e-aeee-06f3a037185e None None] Subscribe: > trunk_plugin after_init 55550000, False {{(pid=103519) subscribe /opt/stack/data/venv/lib/python3.12/site-packages/neutron_lib/callbacks/manager.py:52}}
Feb 17 16:22:39.301117 np0000156048 devstack@neutron-api.service[103518]: DEBUG neutron.api.extensions [None req-aedc47a9-c5e3-4930-861d-5b7e7390cfac None None] Ext name="Distributed Virtual Router" alias="dvr" description="Enables configuration of Distributed Virtual Routers." updated="2014-06-1T10:00:00-00:00" {{(pid=103518) _check_extension /opt/stack/neutron/neutron/api/extensions.py:415}}
Feb 17 16:22:39.301219 np0000156048 devstack@neutron-api.service[103519]: DEBUG neutron_lib.callbacks.manager [None req-8e82ada4-05d6-4c6e-aeee-06f3a037185e None None] Subscribe: > logging-plugin after_init 55550000, False {{(pid=103519) subscribe /opt/stack/data/venv/lib/python3.12/site-packages/neutron_lib/callbacks/manager.py:52}}
Feb 17 16:22:39.301346 np0000156048 devstack@neutron-api.service[103518]: INFO neutron.api.extensions [None req-aedc47a9-c5e3-4930-861d-5b7e7390cfac None None] Extension dvr not supported by any of loaded plugins
Feb 17 16:22:39.301346 np0000156048 devstack@neutron-api.service[103518]: DEBUG neutron.api.extensions [None req-aedc47a9-c5e3-4930-861d-5b7e7390cfac None None] Loading extension file: ecmp_routes.py {{(pid=103518) _load_all_extensions_from_path /opt/stack/neutron/neutron/api/extensions.py:449}}
Feb 17 16:22:39.301346 np0000156048 devstack@neutron-api.service[103518]: DEBUG neutron.api.extensions [None req-aedc47a9-c5e3-4930-861d-5b7e7390cfac None None] Ext name="Equal Cost Multipath Routing" alias="ecmp_routes" description="Allows traffic to reach thesame destination via multiple different links " updated="2020-11-26T18:00:00-00:00" {{(pid=103518) _check_extension /opt/stack/neutron/neutron/api/extensions.py:415}}
Feb 17 16:22:39.301558 np0000156048 devstack@neutron-api.service[103519]: INFO neutron.services.logapi.drivers.ovn.driver [None req-8e82ada4-05d6-4c6e-aeee-06f3a037185e None None] OVN logging driver registered
Feb 17 16:22:39.301686 np0000156048 devstack@neutron-api.service[103518]: INFO neutron.api.extensions [None req-aedc47a9-c5e3-4930-861d-5b7e7390cfac None None] Extension ecmp_routes not supported by any of loaded plugins
Feb 17 16:22:39.301686 np0000156048 devstack@neutron-api.service[103518]: DEBUG neutron.api.extensions [None req-aedc47a9-c5e3-4930-861d-5b7e7390cfac None None] Loading extension file: empty_string_filtering.py {{(pid=103518) _load_all_extensions_from_path /opt/stack/neutron/neutron/api/extensions.py:449}}
Feb 17 16:22:39.301686 np0000156048 devstack@neutron-api.service[103518]: DEBUG neutron.api.extensions [None req-aedc47a9-c5e3-4930-861d-5b7e7390cfac None None] Ext name="Empty String Filtering Extension" alias="empty-string-filtering" description="Allow filtering by attributes with empty string value" updated="2018-05-01T10:00:00-00:00" {{(pid=103518) _check_extension /opt/stack/neutron/neutron/api/extensions.py:415}}
Feb 17 16:22:39.301686 np0000156048 devstack@neutron-api.service[103518]: INFO neutron.api.extensions [None req-aedc47a9-c5e3-4930-861d-5b7e7390cfac None None] Loaded extension: empty-string-filtering
Feb 17 16:22:39.301686 np0000156048 devstack@neutron-api.service[103518]: DEBUG neutron.api.extensions [None req-aedc47a9-c5e3-4930-861d-5b7e7390cfac None None] Loading extension file: expose_l3_conntrack_helper.py {{(pid=103518) _load_all_extensions_from_path /opt/stack/neutron/neutron/api/extensions.py:449}}
Feb 17 16:22:39.301686 np0000156048 devstack@neutron-api.service[103518]: DEBUG neutron.api.extensions [None req-aedc47a9-c5e3-4930-861d-5b7e7390cfac None None] Ext name="Expose CT target rules for conntrack helper" alias="expose-l3-conntrack-helper" description="Expose allow adding CT target rules for conntrack helper" updated="2019-04-04T10:00:00-00:00" {{(pid=103518) _check_extension /opt/stack/neutron/neutron/api/extensions.py:415}}
Feb 17 16:22:39.301686 np0000156048 devstack@neutron-api.service[103518]: INFO neutron.api.extensions [None req-aedc47a9-c5e3-4930-861d-5b7e7390cfac None None] Extension expose-l3-conntrack-helper not supported by any of loaded plugins
Feb 17 16:22:39.302175 np0000156048 devstack@neutron-api.service[103521]: INFO neutron.plugins.ml2.drivers.type_vlan [None req-6ac4bb41-45ca-4205-a690-98cc3b65d80f None None] VlanTypeDriver initialization complete
Feb 17 16:22:39.302702 np0000156048 devstack@neutron-api.service[103518]: DEBUG neutron.api.extensions [None req-aedc47a9-c5e3-4930-861d-5b7e7390cfac None None] Loading extension file: expose_port_forwarding_in_fip.py {{(pid=103518) _load_all_extensions_from_path /opt/stack/neutron/neutron/api/extensions.py:449}}
Feb 17 16:22:39.302942 np0000156048 devstack@neutron-api.service[103521]: INFO neutron.plugins.ml2.managers [None req-6ac4bb41-45ca-4205-a690-98cc3b65d80f None None] Initializing extension driver 'port_security'
Feb 17 16:22:39.302942 np0000156048 devstack@neutron-api.service[103521]: INFO neutron.plugins.ml2.extensions.port_security [None req-6ac4bb41-45ca-4205-a690-98cc3b65d80f None None] PortSecurityExtensionDriver initialization complete
Feb 17 16:22:39.303153 np0000156048 devstack@neutron-api.service[103518]: DEBUG neutron.api.extensions [None req-aedc47a9-c5e3-4930-861d-5b7e7390cfac None None] Ext name="Expose Floating IP port forwardings" alias="expose-port-forwarding-in-fip" description="Expose port forwarding fields in floating IP response" updated="2018-06-28T16:00:00-00:00" {{(pid=103518) _check_extension /opt/stack/neutron/neutron/api/extensions.py:415}}
Feb 17 16:22:39.303286 np0000156048 devstack@neutron-api.service[103521]: INFO neutron.plugins.ml2.managers [None req-6ac4bb41-45ca-4205-a690-98cc3b65d80f None None] Initializing extension driver 'qos'
Feb 17 16:22:39.303410 np0000156048 devstack@neutron-api.service[103519]: DEBUG neutron.plugins.ml2.plugin [None req-8e82ada4-05d6-4c6e-aeee-06f3a037185e None None] neutron.plugins.ml2.plugin.Ml2Plugin method _start_rpc_notifiers called with arguments () {} {{(pid=103519) wrapper /opt/stack/data/venv/lib/python3.12/site-packages/oslo_log/helpers.py:77}}
Feb 17 16:22:39.303545 np0000156048 devstack@neutron-api.service[103518]: INFO neutron.api.extensions [None req-aedc47a9-c5e3-4930-861d-5b7e7390cfac None None] Extension expose-port-forwarding-in-fip not supported by any of loaded plugins
Feb 17 16:22:39.303666 np0000156048 devstack@neutron-api.service[103521]: DEBUG neutron.plugins.ml2.extensions.qos [None req-6ac4bb41-45ca-4205-a690-98cc3b65d80f None None] QosExtensionDriver initialization complete {{(pid=103521) initialize /opt/stack/neutron/neutron/plugins/ml2/extensions/qos.py:31}}
Feb 17 16:22:39.303711 np0000156048 devstack@neutron-api.service[103518]: DEBUG neutron.api.extensions [None req-aedc47a9-c5e3-4930-861d-5b7e7390cfac None None] Loading extension file: external_net.py {{(pid=103518) _load_all_extensions_from_path /opt/stack/neutron/neutron/api/extensions.py:449}}
Feb 17 16:22:39.303898 np0000156048 devstack@neutron-api.service[103521]: INFO neutron.plugins.ml2.managers [None req-6ac4bb41-45ca-4205-a690-98cc3b65d80f None None] Initializing mechanism driver 'ovn'
Feb 17 16:22:39.303996 np0000156048 devstack@neutron-api.service[103519]: DEBUG neutron_lib.callbacks.manager [None req-8e82ada4-05d6-4c6e-aeee-06f3a037185e None None] Subscribe: > port after_create 55550000, False {{(pid=103519) subscribe /opt/stack/data/venv/lib/python3.12/site-packages/neutron_lib/callbacks/manager.py:52}}
Feb 17 16:22:39.304134 np0000156048 devstack@neutron-api.service[103521]: INFO neutron.plugins.ml2.drivers.ovn.mech_driver.mech_driver [None req-6ac4bb41-45ca-4205-a690-98cc3b65d80f None None] Starting OVNMechanismDriver
Feb 17 16:22:39.304225 np0000156048 devstack@neutron-api.service[103518]: DEBUG neutron.api.extensions [None req-aedc47a9-c5e3-4930-861d-5b7e7390cfac None None] Ext name="Neutron external network" alias="external-net" description="Adds external network attribute to network resource." updated="2013-01-14T10:00:00-00:00" {{(pid=103518) _check_extension /opt/stack/neutron/neutron/api/extensions.py:415}}
Feb 17 16:22:39.304597 np0000156048 devstack@neutron-api.service[103519]: DEBUG neutron_lib.callbacks.manager [None req-8e82ada4-05d6-4c6e-aeee-06f3a037185e None None] Subscribe: > port after_update 55550000, False {{(pid=103519) subscribe /opt/stack/data/venv/lib/python3.12/site-packages/neutron_lib/callbacks/manager.py:52}}
Feb 17 16:22:39.304597 np0000156048 devstack@neutron-api.service[103519]: DEBUG neutron_lib.callbacks.manager [None req-8e82ada4-05d6-4c6e-aeee-06f3a037185e None None] Subscribe: > port after_delete 55550000, False {{(pid=103519) subscribe /opt/stack/data/venv/lib/python3.12/site-packages/neutron_lib/callbacks/manager.py:52}}
Feb 17 16:22:39.304889 np0000156048 devstack@neutron-api.service[103518]: INFO neutron.api.extensions [None req-aedc47a9-c5e3-4930-861d-5b7e7390cfac None None] Loaded extension: external-net
Feb 17 16:22:39.305022 np0000156048 devstack@neutron-api.service[103519]: DEBUG neutron_lib.callbacks.manager [None req-8e82ada4-05d6-4c6e-aeee-06f3a037185e None None] Subscribe: > subnet after_create 55550000, False {{(pid=103519) subscribe /opt/stack/data/venv/lib/python3.12/site-packages/neutron_lib/callbacks/manager.py:52}}
Feb 17 16:22:39.305148 np0000156048 devstack@neutron-api.service[103518]: DEBUG neutron.api.extensions [None req-aedc47a9-c5e3-4930-861d-5b7e7390cfac None None] Loading extension file: extra_dhcp_opt.py {{(pid=103518) _load_all_extensions_from_path /opt/stack/neutron/neutron/api/extensions.py:449}}
Feb 17 16:22:39.305227 np0000156048 devstack@neutron-api.service[103519]: DEBUG neutron_lib.callbacks.manager [None req-8e82ada4-05d6-4c6e-aeee-06f3a037185e None None] Subscribe: > subnet after_update 55550000, False {{(pid=103519) subscribe /opt/stack/data/venv/lib/python3.12/site-packages/neutron_lib/callbacks/manager.py:52}}
Feb 17 16:22:39.305227 np0000156048 devstack@neutron-api.service[103519]: DEBUG neutron_lib.callbacks.manager [None req-8e82ada4-05d6-4c6e-aeee-06f3a037185e None None] Subscribe: > subnet after_delete 55550000, False {{(pid=103519) subscribe /opt/stack/data/venv/lib/python3.12/site-packages/neutron_lib/callbacks/manager.py:52}}
Feb 17 16:22:39.305406 np0000156048 devstack@neutron-api.service[103518]: DEBUG neutron.api.extensions [None req-aedc47a9-c5e3-4930-861d-5b7e7390cfac None None] Ext name="Neutron Extra DHCP options" alias="extra_dhcp_opt" description="Extra options configuration for DHCP. For example PXE boot options to DHCP clients can be specified (e.g. tftp-server, server-ip-address, bootfile-name)" updated="2013-03-17T12:00:00-00:00" {{(pid=103518) _check_extension /opt/stack/neutron/neutron/api/extensions.py:415}}
Feb 17 16:22:39.305531 np0000156048 devstack@neutron-api.service[103519]: DEBUG neutron_lib.callbacks.manager [None req-8e82ada4-05d6-4c6e-aeee-06f3a037185e None None] Subscribe: > network after_create 55550000, False {{(pid=103519) subscribe /opt/stack/data/venv/lib/python3.12/site-packages/neutron_lib/callbacks/manager.py:52}}
Feb 17 16:22:39.305531 np0000156048 devstack@neutron-api.service[103519]: DEBUG neutron_lib.callbacks.manager [None req-8e82ada4-05d6-4c6e-aeee-06f3a037185e None None] Subscribe: > network after_update 55550000, False {{(pid=103519) subscribe /opt/stack/data/venv/lib/python3.12/site-packages/neutron_lib/callbacks/manager.py:52}}
Feb 17 16:22:39.305684 np0000156048 devstack@neutron-api.service[103518]: INFO neutron.api.extensions [None req-aedc47a9-c5e3-4930-861d-5b7e7390cfac None None] Loaded extension: extra_dhcp_opt
Feb 17 16:22:39.305822 np0000156048 devstack@neutron-api.service[103519]: DEBUG neutron_lib.callbacks.manager [None req-8e82ada4-05d6-4c6e-aeee-06f3a037185e None None] Subscribe: > network after_delete 55550000, False {{(pid=103519) subscribe /opt/stack/data/venv/lib/python3.12/site-packages/neutron_lib/callbacks/manager.py:52}}
Feb 17 16:22:39.305902 np0000156048 devstack@neutron-api.service[103518]: DEBUG neutron.api.extensions [None req-aedc47a9-c5e3-4930-861d-5b7e7390cfac None None] Loading extension file: extraroute.py {{(pid=103518) _load_all_extensions_from_path /opt/stack/neutron/neutron/api/extensions.py:449}}
Feb 17 16:22:39.306054 np0000156048 devstack@neutron-api.service[103519]: DEBUG neutron_lib.callbacks.manager [None req-8e82ada4-05d6-4c6e-aeee-06f3a037185e None None] Subscribe: > security_group after_create 55550000, False {{(pid=103519) subscribe /opt/stack/data/venv/lib/python3.12/site-packages/neutron_lib/callbacks/manager.py:52}}
Feb 17 16:22:39.306054 np0000156048 devstack@neutron-api.service[103519]: DEBUG neutron_lib.callbacks.manager [None req-8e82ada4-05d6-4c6e-aeee-06f3a037185e None None] Subscribe: > security_group after_update 55550000, False {{(pid=103519) subscribe /opt/stack/data/venv/lib/python3.12/site-packages/neutron_lib/callbacks/manager.py:52}}
Feb 17 16:22:39.306243 np0000156048 devstack@neutron-api.service[103518]: DEBUG neutron.api.extensions [None req-aedc47a9-c5e3-4930-861d-5b7e7390cfac None None] Ext name="Neutron Extra Route" alias="extraroute" description="Extra routes configuration for L3 router" updated="2013-02-01T10:00:00-00:00" {{(pid=103518) _check_extension /opt/stack/neutron/neutron/api/extensions.py:415}}
Feb 17 16:22:39.306394 np0000156048 devstack@neutron-api.service[103519]: DEBUG neutron_lib.callbacks.manager [None req-8e82ada4-05d6-4c6e-aeee-06f3a037185e None None] Subscribe: > security_group after_delete 55550000, False {{(pid=103519) subscribe /opt/stack/data/venv/lib/python3.12/site-packages/neutron_lib/callbacks/manager.py:52}}
Feb 17 16:22:39.306394 np0000156048 devstack@neutron-api.service[103519]: DEBUG neutron_lib.callbacks.manager [None req-8e82ada4-05d6-4c6e-aeee-06f3a037185e None None] Subscribe: > security_group_rule after_create 55550000, False {{(pid=103519) subscribe /opt/stack/data/venv/lib/python3.12/site-packages/neutron_lib/callbacks/manager.py:52}}
Feb 17 16:22:39.306559 np0000156048 devstack@neutron-api.service[103518]: INFO neutron.api.extensions [None req-aedc47a9-c5e3-4930-861d-5b7e7390cfac None None] Loaded extension: extraroute
Feb 17 16:22:39.306665 np0000156048 devstack@neutron-api.service[103519]: DEBUG neutron_lib.callbacks.manager [None req-8e82ada4-05d6-4c6e-aeee-06f3a037185e None None] Subscribe: > security_group_rule after_update 55550000, False {{(pid=103519) subscribe /opt/stack/data/venv/lib/python3.12/site-packages/neutron_lib/callbacks/manager.py:52}}
Feb 17 16:22:39.306714 np0000156048 devstack@neutron-api.service[103518]: DEBUG neutron.api.extensions [None req-aedc47a9-c5e3-4930-861d-5b7e7390cfac None None] Loading extension file: extraroute_atomic.py {{(pid=103518) _load_all_extensions_from_path /opt/stack/neutron/neutron/api/extensions.py:449}}
Feb 17 16:22:39.306866 np0000156048 devstack@neutron-api.service[103519]: DEBUG neutron_lib.callbacks.manager [None req-8e82ada4-05d6-4c6e-aeee-06f3a037185e None None] Subscribe: > security_group_rule after_delete 55550000, False {{(pid=103519) subscribe /opt/stack/data/venv/lib/python3.12/site-packages/neutron_lib/callbacks/manager.py:52}}
Feb 17 16:22:39.306866 np0000156048 devstack@neutron-api.service[103519]: DEBUG neutron_lib.callbacks.manager [None req-8e82ada4-05d6-4c6e-aeee-06f3a037185e None None] Subscribe: > address_group after_create 55550000, False {{(pid=103519) subscribe /opt/stack/data/venv/lib/python3.12/site-packages/neutron_lib/callbacks/manager.py:52}}
Feb 17 16:22:39.306866 np0000156048 devstack@neutron-api.service[103519]: DEBUG neutron_lib.callbacks.manager [None req-8e82ada4-05d6-4c6e-aeee-06f3a037185e None None] Subscribe: > address_group after_update 55550000, False {{(pid=103519) subscribe /opt/stack/data/venv/lib/python3.12/site-packages/neutron_lib/callbacks/manager.py:52}}
Feb 17 16:22:39.307289 np0000156048 devstack@neutron-api.service[103518]: DEBUG neutron.api.extensions [None req-aedc47a9-c5e3-4930-861d-5b7e7390cfac None None] Ext name="Atomically add/remove extra routes" alias="extraroute-atomic" description="Edit extra routes of a router on server side by atomically adding/removing extra routes" updated="2019-07-10T00:00:00+00:00" {{(pid=103518) _check_extension /opt/stack/neutron/neutron/api/extensions.py:415}}
Feb 17 16:22:39.307716 np0000156048 devstack@neutron-api.service[103519]: DEBUG neutron_lib.callbacks.manager [None req-8e82ada4-05d6-4c6e-aeee-06f3a037185e None None] Subscribe: > address_group after_delete 55550000, False {{(pid=103519) subscribe /opt/stack/data/venv/lib/python3.12/site-packages/neutron_lib/callbacks/manager.py:52}}
Feb 17 16:22:39.307980 np0000156048 devstack@neutron-api.service[103518]: INFO neutron.api.extensions [None req-aedc47a9-c5e3-4930-861d-5b7e7390cfac None None] Loaded extension: extraroute-atomic
Feb 17 16:22:39.308135 np0000156048 devstack@neutron-api.service[103519]: DEBUG neutron.plugins.ml2.ovo_rpc [None req-8e82ada4-05d6-4c6e-aeee-06f3a037185e None None] ML2 OVO RPC backend initialized. {{(pid=103519) __init__ /opt/stack/neutron/neutron/plugins/ml2/ovo_rpc.py:117}}
Feb 17 16:22:39.308266 np0000156048 devstack@neutron-api.service[103518]: DEBUG neutron.api.extensions [None req-aedc47a9-c5e3-4930-861d-5b7e7390cfac None None] Loading extension file: filter_validation.py {{(pid=103518) _load_all_extensions_from_path /opt/stack/neutron/neutron/api/extensions.py:449}}
Feb 17 16:22:39.308266 np0000156048 devstack@neutron-api.service[103518]: DEBUG neutron.api.extensions [None req-aedc47a9-c5e3-4930-861d-5b7e7390cfac None None] Ext name="Filter parameters validation" alias="filter-validation" description="Provides validation on filter parameters." updated="2018-07-04T10:00:00-00:00" {{(pid=103518) _check_extension /opt/stack/neutron/neutron/api/extensions.py:415}}
Feb 17 16:22:39.308266 np0000156048 devstack@neutron-api.service[103518]: INFO neutron.api.extensions [None req-aedc47a9-c5e3-4930-861d-5b7e7390cfac None None] Loaded extension: filter-validation
Feb 17 16:22:39.308266 np0000156048 devstack@neutron-api.service[103518]: DEBUG neutron.api.extensions [None req-aedc47a9-c5e3-4930-861d-5b7e7390cfac None None] Loading extension file: fip_pf_description.py {{(pid=103518) _load_all_extensions_from_path /opt/stack/neutron/neutron/api/extensions.py:449}}
Feb 17 16:22:39.308559 np0000156048 devstack@neutron-api.service[103521]: DEBUG neutron_lib.callbacks.manager [None req-6ac4bb41-45ca-4205-a690-98cc3b65d80f None None] Subscribe: > process before_spawn 55550000, False {{(pid=103521) subscribe /opt/stack/data/venv/lib/python3.12/site-packages/neutron_lib/callbacks/manager.py:52}}
Feb 17 16:22:39.308732 np0000156048 devstack@neutron-api.service[103519]: INFO neutron.quota [None req-8e82ada4-05d6-4c6e-aeee-06f3a037185e None None] Loaded quota_driver: .
