2026-06-24 02:07:54.333 7 INFO placement.requestlog [None req-33b1d588-62ed-41fe-9a29-90c7fc7f3092 cbe80b81e6be471ea87140a8e763e469 917d28bbc8fa4d65a856b28d6a0ac1cf - - c787268359a444139d603b30c4318251 c787268359a444139d603b30c4318251] 10.0.0.239 "DELETE /resource_providers/0690c7ba-14fb-4bed-badb-366191148c45" status: 404 len: 246 microversion: 1.1 [pid: 7|app: 0|req: 471/943] 10.0.0.239 () {34 vars in 815 bytes} [Wed Jun 24 02:07:54 2026] DELETE /resource_providers/0690c7ba-14fb-4bed-badb-366191148c45 => generated 246 bytes in 12 msecs (HTTP/1.1 404) 6 headers in 231 bytes (1 switches on core 0)
2026-06-24 02:07:54.339 8 INFO placement.requestlog [None req-bfd40c74-8f65-4801-beb2-027c36733278 cbe80b81e6be471ea87140a8e763e469 917d28bbc8fa4d65a856b28d6a0ac1cf - - c787268359a444139d603b30c4318251 c787268359a444139d603b30c4318251] 10.0.0.239 "DELETE /resource_providers/0690c7ba-14fb-4bed-badb-366191148c45" status: 404 len: 246 microversion: 1.1 [pid: 8|app: 0|req: 473/944] 10.0.0.239 () {34 vars in 815 bytes} [Wed Jun 24 02:07:54 2026] DELETE /resource_providers/0690c7ba-14fb-4bed-badb-366191148c45 => generated 246 bytes in 16 msecs (HTTP/1.1 404) 6 headers in 231 bytes (1 switches on core 0)
2026-06-24 02:07:55.963 8 INFO placement.requestlog [None req-f915b124-454e-4c3a-850f-9051156b8fe4 cbe80b81e6be471ea87140a8e763e469 917d28bbc8fa4d65a856b28d6a0ac1cf - - c787268359a444139d603b30c4318251 c787268359a444139d603b30c4318251] 10.0.0.239 "GET /resource_providers/6695d023-d58b-4b04-a2f6-52658ab1370f/aggregates" status: 404 len: 235 microversion: 1.1 [pid: 8|app: 0|req: 474/945] 10.0.0.239 () {32 vars in 815 bytes} [Wed Jun 24 02:07:55 2026] GET /resource_providers/6695d023-d58b-4b04-a2f6-52658ab1370f/aggregates => generated 235 bytes in 13 msecs (HTTP/1.1 404) 5 headers in 202 bytes (1 switches on core 0)
2026-06-24 02:07:55.981 8 INFO placement.requestlog [None req-ab790918-433f-47a2-a1df-becf9013ae47 cbe80b81e6be471ea87140a8e763e469 917d28bbc8fa4d65a856b28d6a0ac1cf - - c787268359a444139d603b30c4318251 c787268359a444139d603b30c4318251] 10.0.0.239 "DELETE /resource_providers/6695d023-d58b-4b04-a2f6-52658ab1370f" status: 404 len: 246 microversion: 1.1 [pid: 8|app: 0|req: 475/946] 10.0.0.239 () {34 vars in 815 bytes} [Wed Jun 24 02:07:55 2026] DELETE /resource_providers/6695d023-d58b-4b04-a2f6-52658ab1370f => generated 246 bytes in 11 msecs (HTTP/1.1 404) 6 headers in 231 bytes (1 switches on core 0)
2026-06-24 02:07:56.023 7 INFO placement.requestlog [None req-1170e4d1-a7d4-4225-a405-865be5d9d0f5 cbe80b81e6be471ea87140a8e763e469 917d28bbc8fa4d65a856b28d6a0ac1cf - - c787268359a444139d603b30c4318251 c787268359a444139d603b30c4318251] 10.0.0.239 "GET /resource_providers/6695d023-d58b-4b04-a2f6-52658ab1370f/aggregates" status: 404 len: 235 microversion: 1.1 [pid: 7|app: 0|req: 472/947] 10.0.0.239 () {32 vars in 815 bytes} [Wed Jun 24 02:07:55 2026] GET /resource_providers/6695d023-d58b-4b04-a2f6-52658ab1370f/aggregates => generated 235 bytes in 73 msecs (HTTP/1.1 404) 5 headers in 202 bytes (1 switches on core 0)
2026-06-24 02:07:56.040 8 INFO placement.requestlog [None req-18e94aae-1dea-4017-9e93-d067f73f093f cbe80b81e6be471ea87140a8e763e469 917d28bbc8fa4d65a856b28d6a0ac1cf - - c787268359a444139d603b30c4318251 c787268359a444139d603b30c4318251] 10.0.0.239 "DELETE /resource_providers/6695d023-d58b-4b04-a2f6-52658ab1370f" status: 404 len: 246 microversion: 1.1 [pid: 8|app: 0|req: 476/948] 10.0.0.239 () {34 vars in 815 bytes} [Wed Jun 24 02:07:56 2026] DELETE /resource_providers/6695d023-d58b-4b04-a2f6-52658ab1370f => generated 246 bytes in 10 msecs (HTTP/1.1 404) 6 headers in 231 bytes (1 switches on core 0)
2026-06-24 02:07:56.838 7 INFO placement.requestlog [None req-d8591c84-0e74-4386-ab98-dd2675451b25 cbe80b81e6be471ea87140a8e763e469 917d28bbc8fa4d65a856b28d6a0ac1cf - - c787268359a444139d603b30c4318251 c787268359a444139d603b30c4318251] 10.0.0.239 "GET /resource_providers/cb2880b8-0664-4a9b-b301-9c3469e1e785/aggregates" status: 404 len: 235 microversion: 1.1 [pid: 7|app: 0|req: 473/949] 10.0.0.239 () {32 vars in 815 bytes} [Wed Jun 24 02:07:56 2026] GET /resource_providers/cb2880b8-0664-4a9b-b301-9c3469e1e785/aggregates => generated 235 bytes in 14 msecs (HTTP/1.1 404) 5 headers in 202 bytes (1 switches on core 0)
2026-06-24 02:07:56.839 8 INFO placement.requestlog [None req-cd03ebab-d2d9-47d8-a926-030dbd5748ff cbe80b81e6be471ea87140a8e763e469 917d28bbc8fa4d65a856b28d6a0ac1cf - - c787268359a444139d603b30c4318251 c787268359a444139d603b30c4318251] 10.0.0.239 "GET /resource_providers/cb2880b8-0664-4a9b-b301-9c3469e1e785/aggregates" status: 404 len: 235 microversion: 1.1 [pid: 8|app: 0|req: 477/950] 10.0.0.239 () {32 vars in 815 bytes} [Wed Jun 24 02:07:56 2026] GET /resource_providers/cb2880b8-0664-4a9b-b301-9c3469e1e785/aggregates => generated 235 bytes in 15 msecs (HTTP/1.1 404) 5 headers in 202 bytes (1 switches on core 0)
2026-06-24 02:07:56.883 7 INFO placement.requestlog [None req-e6d66125-ee60-48e3-8117-30e7f88a5e89 cbe80b81e6be471ea87140a8e763e469 917d28bbc8fa4d65a856b28d6a0ac1cf - - c787268359a444139d603b30c4318251 c787268359a444139d603b30c4318251] 10.0.0.239 "DELETE /resource_providers/cb2880b8-0664-4a9b-b301-9c3469e1e785" status: 404 len: 246 microversion: 1.1 [pid: 7|app: 0|req: 474/951] 10.0.0.239 () {34 vars in 815 bytes} [Wed Jun 24 02:07:56 2026] DELETE /resource_providers/cb2880b8-0664-4a9b-b301-9c3469e1e785 => generated 246 bytes in 20 msecs (HTTP/1.1 404) 6 headers in 231 bytes (1 switches on core 0)
2026-06-24 02:07:56.884 8 INFO placement.requestlog [None req-4ab2a7ca-edbb-401e-9ce7-b20c27b67013 cbe80b81e6be471ea87140a8e763e469 917d28bbc8fa4d65a856b28d6a0ac1cf - - c787268359a444139d603b30c4318251 c787268359a444139d603b30c4318251] 10.0.0.239 "DELETE /resource_providers/cb2880b8-0664-4a9b-b301-9c3469e1e785" status: 404 len: 246 microversion: 1.1 [pid: 8|app: 0|req: 478/952] 10.0.0.239 () {34 vars in 815 bytes} [Wed Jun 24 02:07:56 2026] DELETE /resource_providers/cb2880b8-0664-4a9b-b301-9c3469e1e785 => generated 246 bytes in 21 msecs (HTTP/1.1 404) 6 headers in 231 bytes (1 switches on core 0)
2026-06-24 02:07:57.866 8 INFO placement.requestlog [None req-27b71be5-5eff-436e-aa03-f3b2d042cb60 - - - - - -] 10.0.0.178 "GET /" status: 200 len: 136 microversion: 1.0
2026-06-24 02:07:57.866 7 INFO placement.requestlog [None req-acaa1f5d-1c53-49b0-b8be-d55e67dfbb6e - - - - - -] 10.0.0.178 "GET /" status: 200 len: 136 microversion: 1.0
2026-06-24 02:07:58.011 8 INFO placement.requestlog [None req-4bd95fa6-41d2-4af6-9879-d523f9db7b17 cbe80b81e6be471ea87140a8e763e469 917d28bbc8fa4d65a856b28d6a0ac1cf - - c787268359a444139d603b30c4318251 c787268359a444139d603b30c4318251] 10.0.0.239 "GET /resource_providers/955c5a97-e9ff-43b4-afab-479da50a0983/aggregates" status: 404 len: 235 microversion: 1.1 [pid: 8|app: 0|req: 480/955] 10.0.0.239 () {32 vars in 815 bytes} [Wed Jun 24 02:07:57 2026] GET /resource_providers/955c5a97-e9ff-43b4-afab-479da50a0983/aggregates => generated 235 bytes in 12 msecs (HTTP/1.1 404) 5 headers in 202 bytes (1 switches on core 0)
2026-06-24 02:07:58.028 7 INFO placement.requestlog [None req-51baaa3b-58c0-4ef8-9152-4e84ce108ee1 cbe80b81e6be471ea87140a8e763e469 917d28bbc8fa4d65a856b28d6a0ac1cf - - c787268359a444139d603b30c4318251 c787268359a444139d603b30c4318251] 10.0.0.239 "DELETE /resource_providers/955c5a97-e9ff-43b4-afab-479da50a0983" status: 404 len: 246 microversion: 1.1 [pid: 7|app: 0|req: 476/956] 10.0.0.239 () {34 vars in 815 bytes} [Wed Jun 24 02:07:58 2026] DELETE /resource_providers/955c5a97-e9ff-43b4-afab-479da50a0983 => generated 246 bytes in 11 msecs (HTTP/1.1 404) 6 headers in 231 bytes (1 switches on core 0)
2026-06-24 02:07:58.060 8 INFO placement.requestlog [None req-63f22f76-34ae-4309-89aa-ead6aaf3d868 cbe80b81e6be471ea87140a8e763e469 917d28bbc8fa4d65a856b28d6a0ac1cf - - c787268359a444139d603b30c4318251 c787268359a444139d603b30c4318251] 10.0.0.239 "GET /resource_providers/955c5a97-e9ff-43b4-afab-479da50a0983/aggregates" status: 404 len: 235 microversion: 1.1 [pid: 8|app: 0|req: 481/957] 10.0.0.239 () {32 vars in 815 bytes} [Wed Jun 24 02:07:58 2026] GET /resource_providers/955c5a97-e9ff-43b4-afab-479da50a0983/aggregates => generated 235 bytes in 12 msecs (HTTP/1.1 404) 5 headers in 202 bytes (1 switches on core 0)
2026-06-24 02:07:58.092 7 INFO placement.requestlog [None req-33edf691-f9d3-4ff7-bcb1-c3399585f19d cbe80b81e6be471ea87140a8e763e469 917d28bbc8fa4d65a856b28d6a0ac1cf - - c787268359a444139d603b30c4318251 c787268359a444139d603b30c4318251] 10.0.0.239 "DELETE /resource_providers/955c5a97-e9ff-43b4-afab-479da50a0983" status: 404 len: 246 microversion: 1.1 [pid: 7|app: 0|req: 477/958] 10.0.0.239 () {34 vars in 815 bytes} [Wed Jun 24 02:07:58 2026] DELETE /resource_providers/955c5a97-e9ff-43b4-afab-479da50a0983 => generated 246 bytes in 27 msecs (HTTP/1.1 404) 6 headers in 231 bytes (1 switches on core 0)
2026-06-24 02:07:58.906 8 INFO placement.requestlog [None req-19df6475-0e26-4954-b24d-8658e06b05f2 cbe80b81e6be471ea87140a8e763e469 917d28bbc8fa4d65a856b28d6a0ac1cf - - c787268359a444139d603b30c4318251 c787268359a444139d603b30c4318251] 10.0.0.239 "GET /resource_providers/95bbaf6f-46a4-4c8d-b21c-fbc1d5ca6a3d/aggregates" status: 404 len: 235 microversion: 1.1 [pid: 8|app: 0|req: 482/959] 10.0.0.239 () {32 vars in 815 bytes} [Wed Jun 24 02:07:58 2026] GET /resource_providers/95bbaf6f-46a4-4c8d-b21c-fbc1d5ca6a3d/aggregates => generated 235 bytes in 11 msecs (HTTP/1.1 404) 5 headers in 202 bytes (1 switches on core 0)
2026-06-24 02:07:58.922 7 INFO placement.requestlog [None req-2df276c9-668a-4ed1-811f-90569b44909f cbe80b81e6be471ea87140a8e763e469 917d28bbc8fa4d65a856b28d6a0ac1cf - - c787268359a444139d603b30c4318251 c787268359a444139d603b30c4318251] 10.0.0.239 "GET /resource_providers/95bbaf6f-46a4-4c8d-b21c-fbc1d5ca6a3d/aggregates" status: 404 len: 235 microversion: 1.1 [pid: 7|app: 0|req: 478/960] 10.0.0.239 () {32 vars in 815 bytes} [Wed Jun 24 02:07:58 2026] GET /resource_providers/95bbaf6f-46a4-4c8d-b21c-fbc1d5ca6a3d/aggregates => generated 235 bytes in 19 msecs (HTTP/1.1 404) 5 headers in 202 bytes (1 switches on core 0)
2026-06-24 02:07:58.943 7 INFO placement.requestlog [None req-586e1cbd-ebd1-4eca-a051-7c66f815098b cbe80b81e6be471ea87140a8e763e469 917d28bbc8fa4d65a856b28d6a0ac1cf - - c787268359a444139d603b30c4318251 c787268359a444139d603b30c4318251] 10.0.0.239 "DELETE /resource_providers/95bbaf6f-46a4-4c8d-b21c-fbc1d5ca6a3d" status: 404 len: 246 microversion: 1.1
2026-06-24 02:07:58.943 8 INFO placement.requestlog [None req-c15963d8-2f77-4ab5-a4af-1f0478c85242 cbe80b81e6be471ea87140a8e763e469 917d28bbc8fa4d65a856b28d6a0ac1cf - - c787268359a444139d603b30c4318251 c787268359a444139d603b30c4318251] 10.0.0.239 "DELETE /resource_providers/95bbaf6f-46a4-4c8d-b21c-fbc1d5ca6a3d" status: 404 len: 246 microversion: 1.1 [pid: 7|app: 0|req: 479/961] 10.0.0.239 () {34 vars in 815 bytes} [Wed Jun 24 02:07:58 2026] DELETE /resource_providers/95bbaf6f-46a4-4c8d-b21c-fbc1d5ca6a3d => generated 246 bytes in 10 msecs (HTTP/1.1 404) 6 headers in 231 bytes (1 switches on core 0) [pid: 8|app: 0|req: 483/962] 10.0.0.239 () {34 vars in 815 bytes} [Wed Jun 24 02:07:58 2026] DELETE /resource_providers/95bbaf6f-46a4-4c8d-b21c-fbc1d5ca6a3d => generated 246 bytes in 10 msecs (HTTP/1.1 404) 6 headers in 231 bytes (1 switches on core 0)
2026-06-24 02:07:59.183 7 INFO placement.requestlog [req-b5c493bf-1005-4c74-aa2a-47eb8725e632 req-f6cb14d1-2041-4773-b866-f75389b2c65b 0af1f94fbe5d4585b41cdc589b8f9c38 917d28bbc8fa4d65a856b28d6a0ac1cf - - c787268359a444139d603b30c4318251 c787268359a444139d603b30c4318251] 10.0.0.107 "GET /allocation_candidates?limit=1000&resources=DISK_GB%3A1%2CMEMORY_MB%3A512%2CVCPU%3A1&root_required=%21COMPUTE_STATUS_DISABLED" status: 200 len: 2147 microversion: 1.36 [pid: 7|app: 0|req: 480/963] 10.0.0.107 () {34 vars in 1011 bytes} [Wed Jun 24 02:07:59 2026] GET /allocation_candidates?limit=1000&resources=DISK_GB%3A1%2CMEMORY_MB%3A512%2CVCPU%3A1&root_required=%21COMPUTE_STATUS_DISABLED => generated 2147 bytes in 52 msecs (HTTP/1.1 200) 8 headers in 297 bytes (1 switches on core 0)
2026-06-24 02:07:59.236 8 INFO placement.requestlog [req-b5c493bf-1005-4c74-aa2a-47eb8725e632 req-667b33a8-24ce-4920-947b-f87bc97400ba 0af1f94fbe5d4585b41cdc589b8f9c38 917d28bbc8fa4d65a856b28d6a0ac1cf - - c787268359a444139d603b30c4318251 c787268359a444139d603b30c4318251] 10.0.0.107 "GET /allocations/4d4e88ae-57e1-451b-9f94-ca23a6e79141" status: 200 len: 19 microversion: 1.28 [pid: 8|app: 0|req: 484/964] 10.0.0.107 () {34 vars in 860 bytes} [Wed Jun 24 02:07:59 2026] GET /allocations/4d4e88ae-57e1-451b-9f94-ca23a6e79141 => generated 19 bytes in 12 msecs (HTTP/1.1 200) 8 headers in 295 bytes (1 switches on core 0)
2026-06-24 02:07:59.301 7 INFO placement.requestlog [req-b5c493bf-1005-4c74-aa2a-47eb8725e632 req-5c1206b5-a1ea-44f4-b528-77df0956a8f5 0af1f94fbe5d4585b41cdc589b8f9c38 917d28bbc8fa4d65a856b28d6a0ac1cf - - c787268359a444139d603b30c4318251 c787268359a444139d603b30c4318251] 10.0.0.107 "PUT /allocations/4d4e88ae-57e1-451b-9f94-ca23a6e79141" status: 204 len: 0 microversion: 1.36 [pid: 7|app: 0|req: 481/965] 10.0.0.107 () {38 vars in 913 bytes} [Wed Jun 24 02:07:59 2026] PUT /allocations/4d4e88ae-57e1-451b-9f94-ca23a6e79141 => generated 0 bytes in 57 msecs (HTTP/1.1 204) 5 headers in 199 bytes (1 switches on core 0)
2026-06-24 02:07:59.613 8 INFO placement.requestlog [req-b5c493bf-1005-4c74-aa2a-47eb8725e632 req-46c44a6d-5afb-48b1-a5b9-55cb1c4bc797 0af1f94fbe5d4585b41cdc589b8f9c38 917d28bbc8fa4d65a856b28d6a0ac1cf - - c787268359a444139d603b30c4318251 c787268359a444139d603b30c4318251] 199.204.45.177 "GET /allocations/4d4e88ae-57e1-451b-9f94-ca23a6e79141" status: 200 len: 258 microversion: 1.28 [pid: 8|app: 0|req: 485/966] 199.204.45.177 () {34 vars in 862 bytes} [Wed Jun 24 02:07:59 2026] GET /allocations/4d4e88ae-57e1-451b-9f94-ca23a6e79141 => generated 258 bytes in 17 msecs (HTTP/1.1 200) 8 headers in 296 bytes (1 switches on core 0)
2026-06-24 02:07:59.721 7 INFO placement.requestlog [req-b5c493bf-1005-4c74-aa2a-47eb8725e632 req-64ec8f1f-57ad-41b2-b4c1-391f56877341 0af1f94fbe5d4585b41cdc589b8f9c38 917d28bbc8fa4d65a856b28d6a0ac1cf - - c787268359a444139d603b30c4318251 c787268359a444139d603b30c4318251] 199.204.45.177 "GET /resource_providers/53d1cf67-f171-4d26-96fc-06eaef31ac7e/allocations" status: 200 len: 153 microversion: 1.0 [pid: 7|app: 0|req: 482/967] 199.204.45.177 () {32 vars in 856 bytes} [Wed Jun 24 02:07:59 2026] GET /resource_providers/53d1cf67-f171-4d26-96fc-06eaef31ac7e/allocations => generated 153 bytes in 27 msecs (HTTP/1.1 200) 6 headers in 224 bytes (1 switches on core 0)
2026-06-24 02:07:59.743 8 INFO placement.requestlog [req-b5c493bf-1005-4c74-aa2a-47eb8725e632 req-7d9927fd-5f3e-44f7-ae1c-904059035c25 0af1f94fbe5d4585b41cdc589b8f9c38 917d28bbc8fa4d65a856b28d6a0ac1cf - - c787268359a444139d603b30c4318251 c787268359a444139d603b30c4318251] 199.204.45.177 "GET /allocations/4d4e88ae-57e1-451b-9f94-ca23a6e79141" status: 200 len: 258 microversion: 1.28 [pid: 8|app: 0|req: 486/968] 199.204.45.177 () {34 vars in 862 bytes} [Wed Jun 24 02:07:59 2026] GET /allocations/4d4e88ae-57e1-451b-9f94-ca23a6e79141 => generated 258 bytes in 15 msecs (HTTP/1.1 200) 8 headers in 296 bytes (1 switches on core 0)
2026-06-24 02:08:02.812 7 INFO placement.requestlog [None req-606be45e-f499-48dc-b4cf-ab2c591867d5 cbe80b81e6be471ea87140a8e763e469 917d28bbc8fa4d65a856b28d6a0ac1cf - - c787268359a444139d603b30c4318251 c787268359a444139d603b30c4318251] 10.0.0.239 "GET /resource_providers/7dc80d35-433c-48b1-a27c-7090d20c238d/aggregates" status: 404 len: 235 microversion: 1.1 [pid: 7|app: 0|req: 483/969] 10.0.0.239 () {32 vars in 815 bytes} [Wed Jun 24 02:08:02 2026] GET /resource_providers/7dc80d35-433c-48b1-a27c-7090d20c238d/aggregates => generated 235 bytes in 10 msecs (HTTP/1.1 404) 5 headers in 202 bytes (1 switches on core 0)
2026-06-24 02:08:02.815 8 INFO placement.requestlog [None req-47de5cda-874e-4561-bde3-9fa3ab79c806 cbe80b81e6be471ea87140a8e763e469 917d28bbc8fa4d65a856b28d6a0ac1cf - - c787268359a444139d603b30c4318251 c787268359a444139d603b30c4318251] 10.0.0.239 "GET /resource_providers/7dc80d35-433c-48b1-a27c-7090d20c238d/aggregates" status: 404 len: 235 microversion: 1.1 [pid: 8|app: 0|req: 487/970] 10.0.0.239 () {32 vars in 815 bytes} [Wed Jun 24 02:08:02 2026] GET /resource_providers/7dc80d35-433c-48b1-a27c-7090d20c238d/aggregates => generated 235 bytes in 14 msecs (HTTP/1.1 404) 5 headers in 202 bytes (1 switches on core 0)
2026-06-24 02:08:02.834 8 INFO placement.requestlog [None req-0c1d581e-ef6a-4f54-84f3-1171dceb4198 cbe80b81e6be471ea87140a8e763e469 917d28bbc8fa4d65a856b28d6a0ac1cf - - c787268359a444139d603b30c4318251 c787268359a444139d603b30c4318251] 10.0.0.239 "DELETE /resource_providers/7dc80d35-433c-48b1-a27c-7090d20c238d" status: 404 len: 246 microversion: 1.1 [pid: 8|app: 0|req: 488/971] 10.0.0.239 () {34 vars in 815 bytes} [Wed Jun 24 02:08:02 2026] DELETE /resource_providers/7dc80d35-433c-48b1-a27c-7090d20c238d => generated 246 bytes in 10 msecs (HTTP/1.1 404) 6 headers in 231 bytes (1 switches on core 0)
2026-06-24 02:08:02.836 7 INFO placement.requestlog [None req-4a9d48e5-eaaa-46ce-965b-c2672c9aa3e5 cbe80b81e6be471ea87140a8e763e469 917d28bbc8fa4d65a856b28d6a0ac1cf - - c787268359a444139d603b30c4318251 c787268359a444139d603b30c4318251] 10.0.0.239 "DELETE /resource_providers/7dc80d35-433c-48b1-a27c-7090d20c238d" status: 404 len: 246 microversion: 1.1 [pid: 7|app: 0|req: 484/972] 10.0.0.239 () {34 vars in 815 bytes} [Wed Jun 24 02:08:02 2026] DELETE /resource_providers/7dc80d35-433c-48b1-a27c-7090d20c238d => generated 246 bytes in 12 msecs (HTTP/1.1 404) 6 headers in 231 bytes (1 switches on core 0)
2026-06-24 02:08:03.563 8 INFO placement.requestlog [None req-187e1f3d-368a-4b0f-9803-45097cf936ed cbe80b81e6be471ea87140a8e763e469 917d28bbc8fa4d65a856b28d6a0ac1cf - - c787268359a444139d603b30c4318251 c787268359a444139d603b30c4318251] 10.0.0.239 "GET /resource_providers/b471d6c5-7f68-444c-be1c-aa11297c456b/aggregates" status: 404 len: 235 microversion: 1.1 [pid: 8|app: 0|req: 489/973] 10.0.0.239 () {32 vars in 815 bytes} [Wed Jun 24 02:08:03 2026] GET /resource_providers/b471d6c5-7f68-444c-be1c-aa11297c456b/aggregates => generated 235 bytes in 12 msecs (HTTP/1.1 404) 5 headers in 202 bytes (1 switches on core 0)
2026-06-24 02:08:03.568 7 INFO placement.requestlog [None req-0242785a-4b63-47df-b35a-6716408f7b7b cbe80b81e6be471ea87140a8e763e469 917d28bbc8fa4d65a856b28d6a0ac1cf - - c787268359a444139d603b30c4318251 c787268359a444139d603b30c4318251] 10.0.0.239 "GET /resource_providers/b471d6c5-7f68-444c-be1c-aa11297c456b/aggregates" status: 404 len: 235 microversion: 1.1 [pid: 7|app: 0|req: 485/974] 10.0.0.239 () {32 vars in 815 bytes} [Wed Jun 24 02:08:03 2026] GET /resource_providers/b471d6c5-7f68-444c-be1c-aa11297c456b/aggregates => generated 235 bytes in 10 msecs (HTTP/1.1 404) 5 headers in 202 bytes (1 switches on core 0)
2026-06-24 02:08:03.591 8 INFO placement.requestlog [None req-dcd93ff2-f34a-463f-aaff-e7a8fce2ad74 cbe80b81e6be471ea87140a8e763e469 917d28bbc8fa4d65a856b28d6a0ac1cf - - c787268359a444139d603b30c4318251 c787268359a444139d603b30c4318251] 10.0.0.239 "DELETE /resource_providers/b471d6c5-7f68-444c-be1c-aa11297c456b" status: 404 len: 246 microversion: 1.1 [pid: 8|app: 0|req: 490/975] 10.0.0.239 () {34 vars in 815 bytes} [Wed Jun 24 02:08:03 2026] DELETE /resource_providers/b471d6c5-7f68-444c-be1c-aa11297c456b => generated 246 bytes in 10 msecs (HTTP/1.1 404) 6 headers in 231 bytes (1 switches on core 0)
2026-06-24 02:08:03.592 7 INFO placement.requestlog [None req-43ab585a-6917-44c0-bd19-1f3a3cd0e6ee cbe80b81e6be471ea87140a8e763e469 917d28bbc8fa4d65a856b28d6a0ac1cf - - c787268359a444139d603b30c4318251 c787268359a444139d603b30c4318251] 10.0.0.239 "DELETE /resource_providers/b471d6c5-7f68-444c-be1c-aa11297c456b" status: 404 len: 246 microversion: 1.1 [pid: 7|app: 0|req: 486/976] 10.0.0.239 () {34 vars in 815 bytes} [Wed Jun 24 02:08:03 2026] DELETE /resource_providers/b471d6c5-7f68-444c-be1c-aa11297c456b => generated 246 bytes in 9 msecs (HTTP/1.1 404) 6 headers in 231 bytes (1 switches on core 0)
2026-06-24 02:08:06.329 8 INFO placement.requestlog [req-5a38bcf2-09a2-45c5-808b-ea9ca8add9fb req-507482c4-8a37-448f-a1b1-ce96e0e12dd7 0af1f94fbe5d4585b41cdc589b8f9c38 917d28bbc8fa4d65a856b28d6a0ac1cf - - c787268359a444139d603b30c4318251 c787268359a444139d603b30c4318251] 199.204.45.177 "GET /resource_providers/53d1cf67-f171-4d26-96fc-06eaef31ac7e/allocations" status: 200 len: 153 microversion: 1.0 [pid: 8|app: 0|req: 491/977] 199.204.45.177 () {32 vars in 856 bytes} [Wed Jun 24 02:08:06 2026] GET /resource_providers/53d1cf67-f171-4d26-96fc-06eaef31ac7e/allocations => generated 153 bytes in 17 msecs (HTTP/1.1 200) 6 headers in 224 bytes (1 switches on core 0)
2026-06-24 02:08:06.352 7 INFO placement.requestlog [req-5a38bcf2-09a2-45c5-808b-ea9ca8add9fb req-3e0dfe5e-f918-4d1f-bbff-f0b8124adaf4 0af1f94fbe5d4585b41cdc589b8f9c38 917d28bbc8fa4d65a856b28d6a0ac1cf - - c787268359a444139d603b30c4318251 c787268359a444139d603b30c4318251] 199.204.45.177 "GET /allocations/4d4e88ae-57e1-451b-9f94-ca23a6e79141" status: 200 len: 258 microversion: 1.28 [pid: 7|app: 0|req: 487/978] 199.204.45.177 () {34 vars in 862 bytes} [Wed Jun 24 02:08:06 2026] GET /allocations/4d4e88ae-57e1-451b-9f94-ca23a6e79141 => generated 258 bytes in 16 msecs (HTTP/1.1 200) 8 headers in 296 bytes (1 switches on core 0)
2026-06-24 02:08:06.417 8 INFO placement.requestlog [None req-f48a0b8d-d775-4800-afc1-09bf1f1e2d40 cbe80b81e6be471ea87140a8e763e469 917d28bbc8fa4d65a856b28d6a0ac1cf - - c787268359a444139d603b30c4318251 c787268359a444139d603b30c4318251] 10.0.0.239 "GET /resource_providers/e29a1664-1edb-4e48-a04e-797e887b4fda/aggregates" status: 404 len: 235 microversion: 1.1 [pid: 8|app: 0|req: 492/979] 10.0.0.239 () {32 vars in 815 bytes} [Wed Jun 24 02:08:06 2026] GET /resource_providers/e29a1664-1edb-4e48-a04e-797e887b4fda/aggregates => generated 235 bytes in 13 msecs (HTTP/1.1 404) 5 headers in 202 bytes (1 switches on core 0)
2026-06-24 02:08:06.419 7 INFO placement.requestlog [None req-d90327cf-8a32-468e-a2da-c1d23ab04b72 cbe80b81e6be471ea87140a8e763e469 917d28bbc8fa4d65a856b28d6a0ac1cf - - c787268359a444139d603b30c4318251 c787268359a444139d603b30c4318251] 10.0.0.239 "GET /resource_providers/e29a1664-1edb-4e48-a04e-797e887b4fda/aggregates" status: 404 len: 235 microversion: 1.1 [pid: 7|app: 0|req: 488/980] 10.0.0.239 () {32 vars in 815 bytes} [Wed Jun 24 02:08:06 2026] GET /resource_providers/e29a1664-1edb-4e48-a04e-797e887b4fda/aggregates => generated 235 bytes in 14 msecs (HTTP/1.1 404) 5 headers in 202 bytes (1 switches on core 0)
2026-06-24 02:08:06.441 8 INFO placement.requestlog [req-5a38bcf2-09a2-45c5-808b-ea9ca8add9fb req-51a42442-d2d2-40c9-a068-e0b73edc770f 0af1f94fbe5d4585b41cdc589b8f9c38 917d28bbc8fa4d65a856b28d6a0ac1cf - - c787268359a444139d603b30c4318251 c787268359a444139d603b30c4318251] 199.204.45.177 "DELETE /allocations/4d4e88ae-57e1-451b-9f94-ca23a6e79141" status: 204 len: 0 microversion: 1.0 [pid: 8|app: 0|req: 493/981] 199.204.45.177 () {34 vars in 840 bytes} [Wed Jun 24 02:08:06 2026] DELETE /allocations/4d4e88ae-57e1-451b-9f94-ca23a6e79141 => generated 0 bytes in 23 msecs (HTTP/1.1 204) 5 headers in 198 bytes (1 switches on core 0)
2026-06-24 02:08:06.443 7 INFO placement.requestlog [None req-33b30747-fe2f-46e8-ae50-c99628854d64 cbe80b81e6be471ea87140a8e763e469 917d28bbc8fa4d65a856b28d6a0ac1cf - - c787268359a444139d603b30c4318251 c787268359a444139d603b30c4318251] 10.0.0.239 "DELETE /resource_providers/e29a1664-1edb-4e48-a04e-797e887b4fda" status: 404 len: 246 microversion: 1.1 [pid: 7|app: 0|req: 489/982] 10.0.0.239 () {34 vars in 815 bytes} [Wed Jun 24 02:08:06 2026] DELETE /resource_providers/e29a1664-1edb-4e48-a04e-797e887b4fda => generated 246 bytes in 11 msecs (HTTP/1.1 404) 6 headers in 231 bytes (1 switches on core 0)
2026-06-24 02:08:06.448 8 INFO placement.requestlog [None req-175ee865-5ad6-4eae-9324-0b4ddee17f1c cbe80b81e6be471ea87140a8e763e469 917d28bbc8fa4d65a856b28d6a0ac1cf - - c787268359a444139d603b30c4318251 c787268359a444139d603b30c4318251] 10.0.0.239 "DELETE /resource_providers/e29a1664-1edb-4e48-a04e-797e887b4fda" status: 404 len: 246 microversion: 1.1 [pid: 8|app: 0|req: 494/983] 10.0.0.239 () {34 vars in 815 bytes} [Wed Jun 24 02:08:06 2026] DELETE /resource_providers/e29a1664-1edb-4e48-a04e-797e887b4fda => generated 246 bytes in 7 msecs (HTTP/1.1 404) 6 headers in 231 bytes (1 switches on core 0)
2026-06-24 02:08:07.866 7 INFO placement.requestlog [None req-84324815-0573-4590-8e1b-58b506ec1269 - - - - - -] 10.0.0.178 "GET /" status: 200 len: 136 microversion: 1.0
2026-06-24 02:08:07.866 8 INFO placement.requestlog [None req-9e10ac8f-593d-41e3-bfdc-3dc1a26edc91 - - - - - -] 10.0.0.178 "GET /" status: 200 len: 136 microversion: 1.0
2026-06-24 02:08:08.488 7 INFO placement.requestlog [None req-d13e211f-c95e-45db-940f-2c3300ed22ab cbe80b81e6be471ea87140a8e763e469 917d28bbc8fa4d65a856b28d6a0ac1cf - - c787268359a444139d603b30c4318251 c787268359a444139d603b30c4318251] 10.0.0.239 "GET /resource_providers/cbba1e83-aa93-437d-b114-6bd2ca505c89/aggregates" status: 404 len: 235 microversion: 1.1 [pid: 7|app: 0|req: 491/986] 10.0.0.239 () {32 vars in 815 bytes} [Wed Jun 24 02:08:08 2026] GET /resource_providers/cbba1e83-aa93-437d-b114-6bd2ca505c89/aggregates => generated 235 bytes in 22 msecs (HTTP/1.1 404) 5 headers in 202 bytes (1 switches on core 0)
2026-06-24 02:08:08.498 7 INFO placement.requestlog [None req-a58b6b18-1eee-4a7f-b05c-fe1ea0812a0c cbe80b81e6be471ea87140a8e763e469 917d28bbc8fa4d65a856b28d6a0ac1cf - - c787268359a444139d603b30c4318251 c787268359a444139d603b30c4318251] 10.0.0.239 "GET /resource_providers/21a92b4c-cd43-4f08-90ea-a1444cbe8c68/aggregates" status: 404 len: 235 microversion: 1.1 [pid: 7|app: 0|req: 492/987] 10.0.0.239 () {32 vars in 815 bytes} [Wed Jun 24 02:08:08 2026] GET /resource_providers/21a92b4c-cd43-4f08-90ea-a1444cbe8c68/aggregates => generated 235 bytes in 9 msecs (HTTP/1.1 404) 5 headers in 202 bytes (1 switches on core 0)
2026-06-24 02:08:08.505 7 INFO placement.requestlog [None req-f2a8b6d9-7cae-4c65-93f7-c71ded49ccb6 cbe80b81e6be471ea87140a8e763e469 917d28bbc8fa4d65a856b28d6a0ac1cf - - c787268359a444139d603b30c4318251 c787268359a444139d603b30c4318251] 10.0.0.239 "GET /resource_providers/21a92b4c-cd43-4f08-90ea-a1444cbe8c68/aggregates" status: 404 len: 235 microversion: 1.1 [pid: 7|app: 0|req: 493/988] 10.0.0.239 () {32 vars in 815 bytes} [Wed Jun 24 02:08:08 2026] GET /resource_providers/21a92b4c-cd43-4f08-90ea-a1444cbe8c68/aggregates => generated 235 bytes in 7 msecs (HTTP/1.1 404) 5 headers in 202 bytes (1 switches on core 0)
2026-06-24 02:08:08.512 7 INFO placement.requestlog [None req-68518a17-425d-41c9-8e0b-729273affbb9 cbe80b81e6be471ea87140a8e763e469 917d28bbc8fa4d65a856b28d6a0ac1cf - - c787268359a444139d603b30c4318251 c787268359a444139d603b30c4318251] 10.0.0.239 "DELETE /resource_providers/cbba1e83-aa93-437d-b114-6bd2ca505c89" status: 404 len: 246 microversion: 1.1 [pid: 7|app: 0|req: 494/989] 10.0.0.239 () {34 vars in 815 bytes} [Wed Jun 24 02:08:08 2026] DELETE /resource_providers/cbba1e83-aa93-437d-b114-6bd2ca505c89 => generated 246 bytes in 6 msecs (HTTP/1.1 404) 6 headers in 231 bytes (1 switches on core 0)
2026-06-24 02:08:08.532 7 INFO placement.requestlog [None req-d632a669-3e34-43ab-b303-daf2a903ad20 cbe80b81e6be471ea87140a8e763e469 917d28bbc8fa4d65a856b28d6a0ac1cf - - c787268359a444139d603b30c4318251 c787268359a444139d603b30c4318251] 10.0.0.239 "DELETE /resource_providers/21a92b4c-cd43-4f08-90ea-a1444cbe8c68" status: 404 len: 246 microversion: 1.1 [pid: 7|app: 0|req: 495/990] 10.0.0.239 () {34 vars in 815 bytes} [Wed Jun 24 02:08:08 2026] DELETE /resource_providers/21a92b4c-cd43-4f08-90ea-a1444cbe8c68 => generated 246 bytes in 10 msecs (HTTP/1.1 404) 6 headers in 231 bytes (1 switches on core 0)
2026-06-24 02:08:08.541 7 INFO placement.requestlog [None req-6994cdfa-de2a-4154-b4c8-ee56afeac91a cbe80b81e6be471ea87140a8e763e469 917d28bbc8fa4d65a856b28d6a0ac1cf - - c787268359a444139d603b30c4318251 c787268359a444139d603b30c4318251] 10.0.0.239 "GET /resource_providers/2e5a7059-08da-4d96-88c6-471beaf7cedc/aggregates" status: 404 len: 235 microversion: 1.1 [pid: 7|app: 0|req: 496/991] 10.0.0.239 () {32 vars in 815 bytes} [Wed Jun 24 02:08:08 2026] GET /resource_providers/2e5a7059-08da-4d96-88c6-471beaf7cedc/aggregates => generated 235 bytes in 9 msecs (HTTP/1.1 404) 5 headers in 202 bytes (1 switches on core 0)
2026-06-24 02:08:08.542 8 INFO placement.requestlog [None req-3b6c3f9b-4470-432b-894c-defa3176f6e5 cbe80b81e6be471ea87140a8e763e469 917d28bbc8fa4d65a856b28d6a0ac1cf - - c787268359a444139d603b30c4318251 c787268359a444139d603b30c4318251] 10.0.0.239 "GET /resource_providers/cbba1e83-aa93-437d-b114-6bd2ca505c89/aggregates" status: 404 len: 235 microversion: 1.1 [pid: 8|app: 0|req: 496/992] 10.0.0.239 () {32 vars in 815 bytes} [Wed Jun 24 02:08:08 2026] GET /resource_providers/cbba1e83-aa93-437d-b114-6bd2ca505c89/aggregates => generated 235 bytes in 67 msecs (HTTP/1.1 404) 5 headers in 202 bytes (1 switches on core 0)
2026-06-24 02:08:08.549 7 INFO placement.requestlog [None req-d8744913-fa0d-4cfc-8e13-25b678938167 cbe80b81e6be471ea87140a8e763e469 917d28bbc8fa4d65a856b28d6a0ac1cf - - c787268359a444139d603b30c4318251 c787268359a444139d603b30c4318251] 10.0.0.239 "DELETE /resource_providers/21a92b4c-cd43-4f08-90ea-a1444cbe8c68" status: 404 len: 246 microversion: 1.1 [pid: 7|app: 0|req: 497/993] 10.0.0.239 () {34 vars in 815 bytes} [Wed Jun 24 02:08:08 2026] DELETE /resource_providers/21a92b4c-cd43-4f08-90ea-a1444cbe8c68 => generated 246 bytes in 8 msecs (HTTP/1.1 404) 6 headers in 231 bytes (1 switches on core 0)
2026-06-24 02:08:08.569 7 INFO placement.requestlog [None req-a6f6b01f-5afa-4cf3-a99a-51fe440a0140 cbe80b81e6be471ea87140a8e763e469 917d28bbc8fa4d65a856b28d6a0ac1cf - - c787268359a444139d603b30c4318251 c787268359a444139d603b30c4318251] 10.0.0.239 "DELETE /resource_providers/2e5a7059-08da-4d96-88c6-471beaf7cedc" status: 404 len: 246 microversion: 1.1 [pid: 7|app: 0|req: 498/994] 10.0.0.239 () {34 vars in 815 bytes} [Wed Jun 24 02:08:08 2026] DELETE /resource_providers/2e5a7059-08da-4d96-88c6-471beaf7cedc => generated 246 bytes in 9 msecs (HTTP/1.1 404) 6 headers in 231 bytes (1 switches on core 0)
2026-06-24 02:08:08.571 8 INFO placement.requestlog [None req-8d032f0c-5e09-4dc0-8c7d-70e5ea694c47 cbe80b81e6be471ea87140a8e763e469 917d28bbc8fa4d65a856b28d6a0ac1cf - - c787268359a444139d603b30c4318251 c787268359a444139d603b30c4318251] 10.0.0.239 "DELETE /resource_providers/cbba1e83-aa93-437d-b114-6bd2ca505c89" status: 404 len: 246 microversion: 1.1 [pid: 8|app: 0|req: 497/995] 10.0.0.239 () {34 vars in 815 bytes} [Wed Jun 24 02:08:08 2026] DELETE /resource_providers/cbba1e83-aa93-437d-b114-6bd2ca505c89 => generated 246 bytes in 13 msecs (HTTP/1.1 404) 6 headers in 231 bytes (1 switches on core 0)
2026-06-24 02:08:08.585 7 INFO placement.requestlog [None req-619b233e-ddbe-425f-9c82-c51eaf58a3ba cbe80b81e6be471ea87140a8e763e469 917d28bbc8fa4d65a856b28d6a0ac1cf - - c787268359a444139d603b30c4318251 c787268359a444139d603b30c4318251] 10.0.0.239 "GET /resource_providers/c65db2da-4fdc-4592-8a29-420beb6e9db6/aggregates" status: 404 len: 235 microversion: 1.1 [pid: 7|app: 0|req: 499/996] 10.0.0.239 () {32 vars in 815 bytes} [Wed Jun 24 02:08:08 2026] GET /resource_providers/c65db2da-4fdc-4592-8a29-420beb6e9db6/aggregates => generated 235 bytes in 8 msecs (HTTP/1.1 404) 5 headers in 202 bytes (1 switches on core 0)
2026-06-24 02:08:08.598 8 INFO placement.requestlog [None req-d98e8de2-3c9b-45c1-b593-d9c89a230767 cbe80b81e6be471ea87140a8e763e469 917d28bbc8fa4d65a856b28d6a0ac1cf - - c787268359a444139d603b30c4318251 c787268359a444139d603b30c4318251] 10.0.0.239 "GET /resource_providers/2e5a7059-08da-4d96-88c6-471beaf7cedc/aggregates" status: 404 len: 235 microversion: 1.1 [pid: 8|app: 0|req: 498/997] 10.0.0.239 () {32 vars in 815 bytes} [Wed Jun 24 02:08:08 2026] GET /resource_providers/2e5a7059-08da-4d96-88c6-471beaf7cedc/aggregates => generated 235 bytes in 11 msecs (HTTP/1.1 404) 5 headers in 202 bytes (1 switches on core 0)
2026-06-24 02:08:08.614 7 INFO placement.requestlog [None req-13db9a3e-484a-44ec-b135-6909f16024fa cbe80b81e6be471ea87140a8e763e469 917d28bbc8fa4d65a856b28d6a0ac1cf - - c787268359a444139d603b30c4318251 c787268359a444139d603b30c4318251] 10.0.0.239 "DELETE /resource_providers/c65db2da-4fdc-4592-8a29-420beb6e9db6" status: 404 len: 246 microversion: 1.1 [pid: 7|app: 0|req: 500/998] 10.0.0.239 () {34 vars in 815 bytes} [Wed Jun 24 02:08:08 2026] DELETE /resource_providers/c65db2da-4fdc-4592-8a29-420beb6e9db6 => generated 246 bytes in 14 msecs (HTTP/1.1 404) 6 headers in 231 bytes (1 switches on core 0)
2026-06-24 02:08:08.622 8 INFO placement.requestlog [None req-bcdcd4a1-7856-4c26-b4a8-401cdd594a25 cbe80b81e6be471ea87140a8e763e469 917d28bbc8fa4d65a856b28d6a0ac1cf - - c787268359a444139d603b30c4318251 c787268359a444139d603b30c4318251] 10.0.0.239 "DELETE /resource_providers/2e5a7059-08da-4d96-88c6-471beaf7cedc" status: 404 len: 246 microversion: 1.1 [pid: 8|app: 0|req: 499/999] 10.0.0.239 () {34 vars in 815 bytes} [Wed Jun 24 02:08:08 2026] DELETE /resource_providers/2e5a7059-08da-4d96-88c6-471beaf7cedc => generated 246 bytes in 13 msecs (HTTP/1.1 404) 6 headers in 231 bytes (1 switches on core 0)
2026-06-24 02:08:08.642 7 INFO placement.requestlog [None req-56b03acc-2c8f-4915-8db0-871fd0502eef cbe80b81e6be471ea87140a8e763e469 917d28bbc8fa4d65a856b28d6a0ac1cf - - c787268359a444139d603b30c4318251 c787268359a444139d603b30c4318251] 10.0.0.239 "GET /resource_providers/db8ae25c-1600-4eb5-9350-471dd6b7a76f/aggregates" status: 404 len: 235 microversion: 1.1 [pid: 7|app: 0|req: 501/1000] 10.0.0.239 () {32 vars in 815 bytes} [Wed Jun 24 02:08:08 2026] GET /resource_providers/db8ae25c-1600-4eb5-9350-471dd6b7a76f/aggregates => generated 235 bytes in 10 msecs (HTTP/1.1 404) 5 headers in 202 bytes (1 switches on core 0)
2026-06-24 02:08:08.648 8 INFO placement.requestlog [None req-1afcd855-0e21-44ec-b3e9-b3050aee3ba9 cbe80b81e6be471ea87140a8e763e469 917d28bbc8fa4d65a856b28d6a0ac1cf - - c787268359a444139d603b30c4318251 c787268359a444139d603b30c4318251] 10.0.0.239 "GET /resource_providers/c65db2da-4fdc-4592-8a29-420beb6e9db6/aggregates" status: 404 len: 235 microversion: 1.1 [pid: 8|app: 0|req: 500/1001] 10.0.0.239 () {32 vars in 815 bytes} [Wed Jun 24 02:08:08 2026] GET /resource_providers/c65db2da-4fdc-4592-8a29-420beb6e9db6/aggregates => generated 235 bytes in 15 msecs (HTTP/1.1 404) 5 headers in 202 bytes (1 switches on core 0)
2026-06-24 02:08:08.674 8 INFO placement.requestlog [None req-c32a73dd-dafc-4fd9-9c81-11dd25f045a6 cbe80b81e6be471ea87140a8e763e469 917d28bbc8fa4d65a856b28d6a0ac1cf - - c787268359a444139d603b30c4318251 c787268359a444139d603b30c4318251] 10.0.0.239 "DELETE /resource_providers/c65db2da-4fdc-4592-8a29-420beb6e9db6" status: 404 len: 246 microversion: 1.1 [pid: 8|app: 0|req: 501/1002] 10.0.0.239 () {34 vars in 815 bytes} [Wed Jun 24 02:08:08 2026] DELETE /resource_providers/c65db2da-4fdc-4592-8a29-420beb6e9db6 => generated 246 bytes in 14 msecs (HTTP/1.1 404) 6 headers in 231 bytes (1 switches on core 0)
2026-06-24 02:08:08.676 7 INFO placement.requestlog [None req-3f84ff66-4e9a-45a7-b804-0364162c17c0 cbe80b81e6be471ea87140a8e763e469 917d28bbc8fa4d65a856b28d6a0ac1cf - - c787268359a444139d603b30c4318251 c787268359a444139d603b30c4318251] 10.0.0.239 "DELETE /resource_providers/db8ae25c-1600-4eb5-9350-471dd6b7a76f" status: 404 len: 246 microversion: 1.1 [pid: 7|app: 0|req: 502/1003] 10.0.0.239 () {34 vars in 815 bytes} [Wed Jun 24 02:08:08 2026] DELETE /resource_providers/db8ae25c-1600-4eb5-9350-471dd6b7a76f => generated 246 bytes in 17 msecs (HTTP/1.1 404) 6 headers in 231 bytes (1 switches on core 0)
2026-06-24 02:08:08.710 8 INFO placement.requestlog [None req-5d1b0987-e0c3-4f3c-8afd-75c70f12e889 cbe80b81e6be471ea87140a8e763e469 917d28bbc8fa4d65a856b28d6a0ac1cf - - c787268359a444139d603b30c4318251 c787268359a444139d603b30c4318251] 10.0.0.239 "GET /resource_providers/db8ae25c-1600-4eb5-9350-471dd6b7a76f/aggregates" status: 404 len: 235 microversion: 1.1 [pid: 8|app: 0|req: 502/1004] 10.0.0.239 () {32 vars in 815 bytes} [Wed Jun 24 02:08:08 2026] GET /resource_providers/db8ae25c-1600-4eb5-9350-471dd6b7a76f/aggregates => generated 235 bytes in 14 msecs (HTTP/1.1 404) 5 headers in 202 bytes (1 switches on core 0)
2026-06-24 02:08:08.739 7 INFO placement.requestlog [None req-7971baf7-5ece-4e0f-aa49-dfb1dabb393f cbe80b81e6be471ea87140a8e763e469 917d28bbc8fa4d65a856b28d6a0ac1cf - - c787268359a444139d603b30c4318251 c787268359a444139d603b30c4318251] 10.0.0.239 "DELETE /resource_providers/db8ae25c-1600-4eb5-9350-471dd6b7a76f" status: 404 len: 246 microversion: 1.1 [pid: 7|app: 0|req: 503/1005] 10.0.0.239 () {34 vars in 815 bytes} [Wed Jun 24 02:08:08 2026] DELETE /resource_providers/db8ae25c-1600-4eb5-9350-471dd6b7a76f => generated 246 bytes in 15 msecs (HTTP/1.1 404) 6 headers in 231 bytes (1 switches on core 0)
2026-06-24 02:08:11.198 8 INFO placement.requestlog [None req-4477b7b4-2063-472e-8c7d-adbab636e15e cbe80b81e6be471ea87140a8e763e469 917d28bbc8fa4d65a856b28d6a0ac1cf - - c787268359a444139d603b30c4318251 c787268359a444139d603b30c4318251] 10.0.0.239 "GET /resource_providers/fce4dc7a-0681-4078-ba3c-a4ff4d51c58c/aggregates" status: 404 len: 235 microversion: 1.1 [pid: 8|app: 0|req: 503/1006] 10.0.0.239 () {32 vars in 815 bytes} [Wed Jun 24 02:08:11 2026] GET /resource_providers/fce4dc7a-0681-4078-ba3c-a4ff4d51c58c/aggregates => generated 235 bytes in 11 msecs (HTTP/1.1 404) 5 headers in 202 bytes (1 switches on core 0)
2026-06-24 02:08:11.204 7 INFO placement.requestlog [None req-13efab58-04e8-48d0-b35a-d3857b046433 cbe80b81e6be471ea87140a8e763e469 917d28bbc8fa4d65a856b28d6a0ac1cf - - c787268359a444139d603b30c4318251 c787268359a444139d603b30c4318251] 10.0.0.239 "GET /resource_providers/fce4dc7a-0681-4078-ba3c-a4ff4d51c58c/aggregates" status: 404 len: 235 microversion: 1.1 [pid: 7|app: 0|req: 504/1007] 10.0.0.239 () {32 vars in 815 bytes} [Wed Jun 24 02:08:11 2026] GET /resource_providers/fce4dc7a-0681-4078-ba3c-a4ff4d51c58c/aggregates => generated 235 bytes in 14 msecs (HTTP/1.1 404) 5 headers in 202 bytes (1 switches on core 0)
2026-06-24 02:08:11.223 8 INFO placement.requestlog [None req-9e114816-b158-4d0e-94e3-eeb12013d867 cbe80b81e6be471ea87140a8e763e469 917d28bbc8fa4d65a856b28d6a0ac1cf - - c787268359a444139d603b30c4318251 c787268359a444139d603b30c4318251] 10.0.0.239 "DELETE /resource_providers/fce4dc7a-0681-4078-ba3c-a4ff4d51c58c" status: 404 len: 246 microversion: 1.1 [pid: 8|app: 0|req: 504/1008] 10.0.0.239 () {34 vars in 815 bytes} [Wed Jun 24 02:08:11 2026] DELETE /resource_providers/fce4dc7a-0681-4078-ba3c-a4ff4d51c58c => generated 246 bytes in 11 msecs (HTTP/1.1 404) 6 headers in 231 bytes (1 switches on core 0)
2026-06-24 02:08:11.225 7 INFO placement.requestlog [None req-6324cc4f-835b-4681-9800-42cf3d8ac48d cbe80b81e6be471ea87140a8e763e469 917d28bbc8fa4d65a856b28d6a0ac1cf - - c787268359a444139d603b30c4318251 c787268359a444139d603b30c4318251] 10.0.0.239 "DELETE /resource_providers/fce4dc7a-0681-4078-ba3c-a4ff4d51c58c" status: 404 len: 246 microversion: 1.1 [pid: 7|app: 0|req: 505/1009] 10.0.0.239 () {34 vars in 815 bytes} [Wed Jun 24 02:08:11 2026] DELETE /resource_providers/fce4dc7a-0681-4078-ba3c-a4ff4d51c58c => generated 246 bytes in 12 msecs (HTTP/1.1 404) 6 headers in 231 bytes (1 switches on core 0)
2026-06-24 02:08:13.823 7 INFO placement.requestlog [None req-2ff544b2-2760-497e-9525-e071a64d1d21 cbe80b81e6be471ea87140a8e763e469 917d28bbc8fa4d65a856b28d6a0ac1cf - - c787268359a444139d603b30c4318251 c787268359a444139d603b30c4318251] 10.0.0.239 "GET /resource_providers/bb73edb5-8a7a-418b-820b-4dc9956ab468/aggregates" status: 404 len: 235 microversion: 1.1 [pid: 7|app: 0|req: 506/1010] 10.0.0.239 () {32 vars in 815 bytes} [Wed Jun 24 02:08:13 2026] GET /resource_providers/bb73edb5-8a7a-418b-820b-4dc9956ab468/aggregates => generated 235 bytes in 8 msecs (HTTP/1.1 404) 5 headers in 202 bytes (1 switches on core 0)
2026-06-24 02:08:13.828 8 INFO placement.requestlog [None req-2dc7745d-d152-4255-96fe-1398755df88f cbe80b81e6be471ea87140a8e763e469 917d28bbc8fa4d65a856b28d6a0ac1cf - - c787268359a444139d603b30c4318251 c787268359a444139d603b30c4318251] 10.0.0.239 "GET /resource_providers/bb73edb5-8a7a-418b-820b-4dc9956ab468/aggregates" status: 404 len: 235 microversion: 1.1 [pid: 8|app: 0|req: 505/1011] 10.0.0.239 () {32 vars in 815 bytes} [Wed Jun 24 02:08:13 2026] GET /resource_providers/bb73edb5-8a7a-418b-820b-4dc9956ab468/aggregates => generated 235 bytes in 14 msecs (HTTP/1.1 404) 5 headers in 202 bytes (1 switches on core 0)
2026-06-24 02:08:13.846 8 INFO placement.requestlog [None req-732bb4b2-f73e-4a3f-ac24-4e508220ee86 cbe80b81e6be471ea87140a8e763e469 917d28bbc8fa4d65a856b28d6a0ac1cf - - c787268359a444139d603b30c4318251 c787268359a444139d603b30c4318251] 10.0.0.239 "DELETE /resource_providers/bb73edb5-8a7a-418b-820b-4dc9956ab468" status: 404 len: 246 microversion: 1.1 [pid: 8|app: 0|req: 506/1012] 10.0.0.239 () {34 vars in 815 bytes} [Wed Jun 24 02:08:13 2026] DELETE /resource_providers/bb73edb5-8a7a-418b-820b-4dc9956ab468 => generated 246 bytes in 10 msecs (HTTP/1.1 404) 6 headers in 231 bytes (1 switches on core 0)
2026-06-24 02:08:13.847 7 INFO placement.requestlog [None req-1e917bcf-a6fb-44a7-b7ab-b192e789304b cbe80b81e6be471ea87140a8e763e469 917d28bbc8fa4d65a856b28d6a0ac1cf - - c787268359a444139d603b30c4318251 c787268359a444139d603b30c4318251] 10.0.0.239 "DELETE /resource_providers/bb73edb5-8a7a-418b-820b-4dc9956ab468" status: 404 len: 246 microversion: 1.1 [pid: 7|app: 0|req: 507/1013] 10.0.0.239 () {34 vars in 815 bytes} [Wed Jun 24 02:08:13 2026] DELETE /resource_providers/bb73edb5-8a7a-418b-820b-4dc9956ab468 => generated 246 bytes in 11 msecs (HTTP/1.1 404) 6 headers in 231 bytes (1 switches on core 0)
2026-06-24 02:08:16.557 8 INFO placement.requestlog [req-116b46b1-e787-4847-9335-a68689d09866 req-bd189c4d-0554-4786-93fb-64203cb3a0eb 0af1f94fbe5d4585b41cdc589b8f9c38 917d28bbc8fa4d65a856b28d6a0ac1cf - - c787268359a444139d603b30c4318251 c787268359a444139d603b30c4318251] 199.204.45.177 "GET /resource_providers/53d1cf67-f171-4d26-96fc-06eaef31ac7e/allocations" status: 200 len: 55 microversion: 1.0 [pid: 8|app: 0|req: 507/1014] 199.204.45.177 () {32 vars in 856 bytes} [Wed Jun 24 02:08:16 2026] GET /resource_providers/53d1cf67-f171-4d26-96fc-06eaef31ac7e/allocations => generated 55 bytes in 18 msecs (HTTP/1.1 200) 6 headers in 223 bytes (1 switches on core 0)
2026-06-24 02:08:16.582 7 INFO placement.requestlog [req-116b46b1-e787-4847-9335-a68689d09866 req-1ea100a0-18af-4b83-8027-2976d8e79363 0af1f94fbe5d4585b41cdc589b8f9c38 917d28bbc8fa4d65a856b28d6a0ac1cf - - c787268359a444139d603b30c4318251 c787268359a444139d603b30c4318251] 199.204.45.177 "GET /resource_providers/53d1cf67-f171-4d26-96fc-06eaef31ac7e/allocations" status: 200 len: 55 microversion: 1.0 [pid: 7|app: 0|req: 508/1015] 199.204.45.177 () {32 vars in 856 bytes} [Wed Jun 24 02:08:16 2026] GET /resource_providers/53d1cf67-f171-4d26-96fc-06eaef31ac7e/allocations => generated 55 bytes in 15 msecs (HTTP/1.1 200) 6 headers in 223 bytes (1 switches on core 0)
2026-06-24 02:08:17.865 8 INFO placement.requestlog [None req-f3f5d640-ad12-4096-a230-74983e3c1865 - - - - - -] 10.0.0.178 "GET /" status: 200 len: 136 microversion: 1.0
2026-06-24 02:08:17.866 7 INFO placement.requestlog [None req-1ce82c4f-2d19-4bdd-b149-fa532fc84d4f - - - - - -] 10.0.0.178 "GET /" status: 200 len: 136 microversion: 1.0
2026-06-24 02:08:27.865 7 INFO placement.requestlog [None req-be3dee6c-6c68-473b-a2df-f6e757ff2608 - - - - - -] 10.0.0.178 "GET /" status: 200 len: 136 microversion: 1.0
2026-06-24 02:08:27.865 8 INFO placement.requestlog [None req-683badff-2624-44bb-a21a-431c6650c479 - - - - - -] 10.0.0.178 "GET /" status: 200 len: 136 microversion: 1.0
2026-06-24 02:08:28.172 7 INFO placement.requestlog [None req-70874c05-7be2-45b7-bca4-81d96ae63765 cbe80b81e6be471ea87140a8e763e469 917d28bbc8fa4d65a856b28d6a0ac1cf - - c787268359a444139d603b30c4318251 c787268359a444139d603b30c4318251] 10.0.0.239 "GET /resource_providers/a673308a-c8ae-49f0-a8f5-708f27b3bb5a/aggregates" status: 404 len: 235 microversion: 1.1 [pid: 7|app: 0|req: 511/1020] 10.0.0.239 () {32 vars in 815 bytes} [Wed Jun 24 02:08:28 2026] GET /resource_providers/a673308a-c8ae-49f0-a8f5-708f27b3bb5a/aggregates => generated 235 bytes in 13 msecs (HTTP/1.1 404) 5 headers in 202 bytes (1 switches on core 0)
2026-06-24 02:08:28.177 8 INFO placement.requestlog [None req-2aaceb3e-0a8a-44c4-a83f-59284c835974 cbe80b81e6be471ea87140a8e763e469 917d28bbc8fa4d65a856b28d6a0ac1cf - - c787268359a444139d603b30c4318251 c787268359a444139d603b30c4318251] 10.0.0.239 "GET /resource_providers/a673308a-c8ae-49f0-a8f5-708f27b3bb5a/aggregates" status: 404 len: 235 microversion: 1.1 [pid: 8|app: 0|req: 510/1021] 10.0.0.239 () {32 vars in 815 bytes} [Wed Jun 24 02:08:28 2026] GET /resource_providers/a673308a-c8ae-49f0-a8f5-708f27b3bb5a/aggregates => generated 235 bytes in 13 msecs (HTTP/1.1 404) 5 headers in 202 bytes (1 switches on core 0)
2026-06-24 02:08:28.202 7 INFO placement.requestlog [None req-70b6b9ad-2bcf-4da7-a776-ad22af1262bb cbe80b81e6be471ea87140a8e763e469 917d28bbc8fa4d65a856b28d6a0ac1cf - - c787268359a444139d603b30c4318251 c787268359a444139d603b30c4318251] 10.0.0.239 "DELETE /resource_providers/a673308a-c8ae-49f0-a8f5-708f27b3bb5a" status: 404 len: 246 microversion: 1.1 [pid: 7|app: 0|req: 512/1022] 10.0.0.239 () {34 vars in 815 bytes} [Wed Jun 24 02:08:28 2026] DELETE /resource_providers/a673308a-c8ae-49f0-a8f5-708f27b3bb5a => generated 246 bytes in 10 msecs (HTTP/1.1 404) 6 headers in 231 bytes (1 switches on core 0)
2026-06-24 02:08:28.212 8 INFO placement.requestlog [None req-85f153d4-2a5a-4ef5-9ca6-9fc2cb0f0c50 cbe80b81e6be471ea87140a8e763e469 917d28bbc8fa4d65a856b28d6a0ac1cf - - c787268359a444139d603b30c4318251 c787268359a444139d603b30c4318251] 10.0.0.239 "DELETE /resource_providers/a673308a-c8ae-49f0-a8f5-708f27b3bb5a" status: 404 len: 246 microversion: 1.1 [pid: 8|app: 0|req: 511/1023] 10.0.0.239 () {34 vars in 815 bytes} [Wed Jun 24 02:08:28 2026] DELETE /resource_providers/a673308a-c8ae-49f0-a8f5-708f27b3bb5a => generated 246 bytes in 18 msecs (HTTP/1.1 404) 6 headers in 231 bytes (1 switches on core 0)
2026-06-24 02:08:29.997 7 INFO placement.requestlog [None req-0031b162-d08f-44d5-8947-b2c300db077f cbe80b81e6be471ea87140a8e763e469 917d28bbc8fa4d65a856b28d6a0ac1cf - - c787268359a444139d603b30c4318251 c787268359a444139d603b30c4318251] 10.0.0.239 "GET /resource_providers/f8d4f0be-e069-40db-9b9b-ab3db1f470dd/aggregates" status: 404 len: 235 microversion: 1.1 [pid: 7|app: 0|req: 513/1024] 10.0.0.239 () {32 vars in 815 bytes} [Wed Jun 24 02:08:29 2026] GET /resource_providers/f8d4f0be-e069-40db-9b9b-ab3db1f470dd/aggregates => generated 235 bytes in 8 msecs (HTTP/1.1 404) 5 headers in 202 bytes (1 switches on core 0)
2026-06-24 02:08:30.001 8 INFO placement.requestlog [None req-fdcd104f-c7c4-403f-bd4a-31c33d1b4c40 cbe80b81e6be471ea87140a8e763e469 917d28bbc8fa4d65a856b28d6a0ac1cf - - c787268359a444139d603b30c4318251 c787268359a444139d603b30c4318251] 10.0.0.239 "GET /resource_providers/f8d4f0be-e069-40db-9b9b-ab3db1f470dd/aggregates" status: 404 len: 235 microversion: 1.1 [pid: 8|app: 0|req: 512/1025] 10.0.0.239 () {32 vars in 815 bytes} [Wed Jun 24 02:08:29 2026] GET /resource_providers/f8d4f0be-e069-40db-9b9b-ab3db1f470dd/aggregates => generated 235 bytes in 12 msecs (HTTP/1.1 404) 5 headers in 202 bytes (1 switches on core 0)
2026-06-24 02:08:30.022 7 INFO placement.requestlog [None req-abc02702-477e-4eaf-84fa-c08f4236e184 cbe80b81e6be471ea87140a8e763e469 917d28bbc8fa4d65a856b28d6a0ac1cf - - c787268359a444139d603b30c4318251 c787268359a444139d603b30c4318251] 10.0.0.239 "DELETE /resource_providers/f8d4f0be-e069-40db-9b9b-ab3db1f470dd" status: 404 len: 246 microversion: 1.1 [pid: 7|app: 0|req: 514/1026] 10.0.0.239 () {34 vars in 815 bytes} [Wed Jun 24 02:08:30 2026] DELETE /resource_providers/f8d4f0be-e069-40db-9b9b-ab3db1f470dd => generated 246 bytes in 8 msecs (HTTP/1.1 404) 6 headers in 231 bytes (1 switches on core 0)
2026-06-24 02:08:30.025 8 INFO placement.requestlog [None req-c6a29f88-5b1b-452d-9baa-50ab04b679cb cbe80b81e6be471ea87140a8e763e469 917d28bbc8fa4d65a856b28d6a0ac1cf - - c787268359a444139d603b30c4318251 c787268359a444139d603b30c4318251] 10.0.0.239 "DELETE /resource_providers/f8d4f0be-e069-40db-9b9b-ab3db1f470dd" status: 404 len: 246 microversion: 1.1 [pid: 8|app: 0|req: 513/1027] 10.0.0.239 () {34 vars in 815 bytes} [Wed Jun 24 02:08:30 2026] DELETE /resource_providers/f8d4f0be-e069-40db-9b9b-ab3db1f470dd => generated 246 bytes in 10 msecs (HTTP/1.1 404) 6 headers in 231 bytes (1 switches on core 0)
2026-06-24 02:08:30.298 7 INFO placement.requestlog [None req-012f3f06-bd2f-4370-873d-bafc17b82144 cbe80b81e6be471ea87140a8e763e469 917d28bbc8fa4d65a856b28d6a0ac1cf - - c787268359a444139d603b30c4318251 c787268359a444139d603b30c4318251] 10.0.0.239 "GET /resource_providers/83b9342c-ce38-4f07-a8d0-0993993eef34/aggregates" status: 404 len: 235 microversion: 1.1
