2026-06-28 21:07:30.125 8 INFO cinder.api.openstack.wsgi [None req-68688ff8-e929-4a40-9574-1fa21ed1f883 df65b829c94144818f32595cf3ba133a b64cbd2abe694663b863939082c1741f - - default default] http://10.0.0.197:8776/ returned with HTTP 300
2026-06-28 21:07:30.638 8 INFO cinder.api.openstack.wsgi [None req-163bcb60-7487-41c1-8737-bae6217541cb df65b829c94144818f32595cf3ba133a b64cbd2abe694663b863939082c1741f - - default default] GET http://cinder-api.openstack.svc.cluster.local:8776/v3/b64cbd2abe694663b863939082c1741f/snapshots
2026-06-28 21:07:30.651 8 INFO cinder.volume.api [None req-163bcb60-7487-41c1-8737-bae6217541cb df65b829c94144818f32595cf3ba133a b64cbd2abe694663b863939082c1741f - - default default] Get all snapshots completed successfully.
2026-06-28 21:07:30.651 8 INFO cinder.api.openstack.wsgi [None req-163bcb60-7487-41c1-8737-bae6217541cb df65b829c94144818f32595cf3ba133a b64cbd2abe694663b863939082c1741f - - default default] http://cinder-api.openstack.svc.cluster.local:8776/v3/b64cbd2abe694663b863939082c1741f/snapshots returned with HTTP 200 [pid: 8|app: 0|req: 350/703] 10.0.0.31 () {32 vars in 704 bytes} [Sun Jun 28 21:07:30 2026] GET /v3/b64cbd2abe694663b863939082c1741f/snapshots => generated 17 bytes in 22 msecs (HTTP/1.1 200) 7 headers in 284 bytes (1 switches on core 0)
2026-06-28 21:07:30.669 7 INFO cinder.api.openstack.wsgi [None req-f1e92e90-c453-453e-8a9e-21c4153a0b09 df65b829c94144818f32595cf3ba133a b64cbd2abe694663b863939082c1741f - - default default] GET http://cinder-api.openstack.svc.cluster.local:8776/v3/b64cbd2abe694663b863939082c1741f/volumes
2026-06-28 21:07:30.698 7 INFO cinder.volume.api [None req-f1e92e90-c453-453e-8a9e-21c4153a0b09 df65b829c94144818f32595cf3ba133a b64cbd2abe694663b863939082c1741f - - default default] Get all volumes completed successfully.
2026-06-28 21:07:30.698 7 INFO cinder.api.openstack.wsgi [None req-f1e92e90-c453-453e-8a9e-21c4153a0b09 df65b829c94144818f32595cf3ba133a b64cbd2abe694663b863939082c1741f - - default default] http://cinder-api.openstack.svc.cluster.local:8776/v3/b64cbd2abe694663b863939082c1741f/volumes returned with HTTP 200 [pid: 7|app: 0|req: 354/704] 10.0.0.31 () {32 vars in 700 bytes} [Sun Jun 28 21:07:30 2026] GET /v3/b64cbd2abe694663b863939082c1741f/volumes => generated 15 bytes in 37 msecs (HTTP/1.1 200) 7 headers in 284 bytes (1 switches on core 0)
2026-06-28 21:07:40.124 8 INFO cinder.api.openstack.wsgi [None req-163bcb60-7487-41c1-8737-bae6217541cb df65b829c94144818f32595cf3ba133a b64cbd2abe694663b863939082c1741f - - default default] GET http://10.0.0.197:8776/
2026-06-28 21:07:40.124 7 INFO cinder.api.openstack.wsgi [None req-f1e92e90-c453-453e-8a9e-21c4153a0b09 df65b829c94144818f32595cf3ba133a b64cbd2abe694663b863939082c1741f - - default default] GET http://10.0.0.197:8776/
2026-06-28 21:07:40.125 8 INFO cinder.api.openstack.wsgi [None req-163bcb60-7487-41c1-8737-bae6217541cb df65b829c94144818f32595cf3ba133a b64cbd2abe694663b863939082c1741f - - default default] http://10.0.0.197:8776/ returned with HTTP 300
2026-06-28 21:07:40.125 7 INFO cinder.api.openstack.wsgi [None req-f1e92e90-c453-453e-8a9e-21c4153a0b09 df65b829c94144818f32595cf3ba133a b64cbd2abe694663b863939082c1741f - - default default] http://10.0.0.197:8776/ returned with HTTP 300
2026-06-28 21:07:48.062 8 INFO cinder.api.openstack.wsgi [None req-25ba0270-b7ab-4a04-b6c7-10bd63c6044e df65b829c94144818f32595cf3ba133a b64cbd2abe694663b863939082c1741f - - default default] GET http://cinder-api.openstack.svc.cluster.local:8776/v3/b64cbd2abe694663b863939082c1741f/volumes/detail?all_tenants=true
2026-06-28 21:07:48.072 8 INFO cinder.volume.api [None req-25ba0270-b7ab-4a04-b6c7-10bd63c6044e df65b829c94144818f32595cf3ba133a b64cbd2abe694663b863939082c1741f - - default default] Get all volumes completed successfully.
2026-06-28 21:07:48.074 8 INFO cinder.api.openstack.wsgi [None req-25ba0270-b7ab-4a04-b6c7-10bd63c6044e df65b829c94144818f32595cf3ba133a b64cbd2abe694663b863939082c1741f - - default default] http://cinder-api.openstack.svc.cluster.local:8776/v3/b64cbd2abe694663b863939082c1741f/volumes/detail?all_tenants=true returned with HTTP 200 [pid: 8|app: 0|req: 352/707] 10.0.0.80 () {28 vars in 683 bytes} [Sun Jun 28 21:07:47 2026] GET /v3/b64cbd2abe694663b863939082c1741f/volumes/detail?all_tenants=true => generated 15 bytes in 215 msecs (HTTP/1.1 200) 7 headers in 284 bytes (1 switches on core 0)
2026-06-28 21:07:48.088 7 INFO cinder.api.openstack.wsgi [None req-fd90cb84-484b-4962-bc6a-e6279817b43d df65b829c94144818f32595cf3ba133a b64cbd2abe694663b863939082c1741f - - default default] GET http://cinder-api.openstack.svc.cluster.local:8776/v3/b64cbd2abe694663b863939082c1741f/scheduler-stats/get_pools?detail=true
2026-06-28 21:07:48.121 7 INFO cinder.api.openstack.wsgi [None req-fd90cb84-484b-4962-bc6a-e6279817b43d df65b829c94144818f32595cf3ba133a b64cbd2abe694663b863939082c1741f - - default default] http://cinder-api.openstack.svc.cluster.local:8776/v3/b64cbd2abe694663b863939082c1741f/scheduler-stats/get_pools?detail=true returned with HTTP 200 [pid: 7|app: 0|req: 356/708] 10.0.0.80 () {28 vars in 695 bytes} [Sun Jun 28 21:07:48 2026] GET /v3/b64cbd2abe694663b863939082c1741f/scheduler-stats/get_pools?detail=true => generated 670 bytes in 44 msecs (HTTP/1.1 200) 7 headers in 285 bytes (1 switches on core 0)
2026-06-28 21:07:48.142 8 INFO cinder.api.openstack.wsgi [None req-209cfb76-bcae-475a-9d20-6d7fbc440cdf df65b829c94144818f32595cf3ba133a b64cbd2abe694663b863939082c1741f - - default default] GET http://cinder-api.openstack.svc.cluster.local:8776/v3/b64cbd2abe694663b863939082c1741f/snapshots?all_tenants=true
2026-06-28 21:07:48.147 8 INFO cinder.volume.api [None req-209cfb76-bcae-475a-9d20-6d7fbc440cdf df65b829c94144818f32595cf3ba133a b64cbd2abe694663b863939082c1741f - - default default] Get all snapshots completed successfully.
2026-06-28 21:07:48.148 8 INFO cinder.api.openstack.wsgi [None req-209cfb76-bcae-475a-9d20-6d7fbc440cdf df65b829c94144818f32595cf3ba133a b64cbd2abe694663b863939082c1741f - - default default] http://cinder-api.openstack.svc.cluster.local:8776/v3/b64cbd2abe694663b863939082c1741f/snapshots?all_tenants=true returned with HTTP 200 [pid: 8|app: 0|req: 353/709] 10.0.0.80 () {28 vars in 673 bytes} [Sun Jun 28 21:07:48 2026] GET /v3/b64cbd2abe694663b863939082c1741f/snapshots?all_tenants=true => generated 17 bytes in 18 msecs (HTTP/1.1 200) 7 headers in 284 bytes (1 switches on core 0)
2026-06-28 21:07:48.197 7 INFO cinder.api.openstack.wsgi [None req-28d70b4e-dcb1-403b-83df-f653ffd1bd7d df65b829c94144818f32595cf3ba133a b64cbd2abe694663b863939082c1741f - - default default] GET http://cinder-api.openstack.svc.cluster.local:8776/v3/b64cbd2abe694663b863939082c1741f/os-quota-sets/340a8b9ec17840f2b559788587da0481?usage=true
2026-06-28 21:07:48.227 7 INFO cinder.api.openstack.wsgi [None req-28d70b4e-dcb1-403b-83df-f653ffd1bd7d df65b829c94144818f32595cf3ba133a b64cbd2abe694663b863939082c1741f - - default default] http://cinder-api.openstack.svc.cluster.local:8776/v3/b64cbd2abe694663b863939082c1741f/os-quota-sets/340a8b9ec17840f2b559788587da0481?usage=true returned with HTTP 200 [pid: 7|app: 0|req: 357/710] 10.0.0.80 () {28 vars in 735 bytes} [Sun Jun 28 21:07:48 2026] GET /v3/b64cbd2abe694663b863939082c1741f/os-quota-sets/340a8b9ec17840f2b559788587da0481?usage=true => generated 845 bytes in 42 msecs (HTTP/1.1 200) 7 headers in 285 bytes (1 switches on core 0)
2026-06-28 21:07:48.240 8 INFO cinder.api.openstack.wsgi [None req-3d5bde55-1936-4c59-a0fe-c6b1b8a38322 df65b829c94144818f32595cf3ba133a b64cbd2abe694663b863939082c1741f - - default default] GET http://cinder-api.openstack.svc.cluster.local:8776/v3/b64cbd2abe694663b863939082c1741f/os-quota-sets/4fd3e6d8022d44f59913ce9274a4e0e3?usage=true
2026-06-28 21:07:48.272 8 INFO cinder.api.openstack.wsgi [None req-3d5bde55-1936-4c59-a0fe-c6b1b8a38322 df65b829c94144818f32595cf3ba133a b64cbd2abe694663b863939082c1741f - - default default] http://cinder-api.openstack.svc.cluster.local:8776/v3/b64cbd2abe694663b863939082c1741f/os-quota-sets/4fd3e6d8022d44f59913ce9274a4e0e3?usage=true returned with HTTP 200 [pid: 8|app: 0|req: 354/711] 10.0.0.80 () {28 vars in 735 bytes} [Sun Jun 28 21:07:48 2026] GET /v3/b64cbd2abe694663b863939082c1741f/os-quota-sets/4fd3e6d8022d44f59913ce9274a4e0e3?usage=true => generated 847 bytes in 41 msecs (HTTP/1.1 200) 7 headers in 285 bytes (1 switches on core 0)
2026-06-28 21:07:48.285 7 INFO cinder.api.openstack.wsgi [None req-e60b6204-2957-4f6f-9c54-b2391c11672d df65b829c94144818f32595cf3ba133a b64cbd2abe694663b863939082c1741f - - default default] GET http://cinder-api.openstack.svc.cluster.local:8776/v3/b64cbd2abe694663b863939082c1741f/os-quota-sets/5eb3a21c05b44f88be3d7b09af697a00?usage=true
2026-06-28 21:07:48.314 7 INFO cinder.api.openstack.wsgi [None req-e60b6204-2957-4f6f-9c54-b2391c11672d df65b829c94144818f32595cf3ba133a b64cbd2abe694663b863939082c1741f - - default default] http://cinder-api.openstack.svc.cluster.local:8776/v3/b64cbd2abe694663b863939082c1741f/os-quota-sets/5eb3a21c05b44f88be3d7b09af697a00?usage=true returned with HTTP 200 [pid: 7|app: 0|req: 358/712] 10.0.0.80 () {28 vars in 735 bytes} [Sun Jun 28 21:07:48 2026] GET /v3/b64cbd2abe694663b863939082c1741f/os-quota-sets/5eb3a21c05b44f88be3d7b09af697a00?usage=true => generated 847 bytes in 38 msecs (HTTP/1.1 200) 7 headers in 285 bytes (1 switches on core 0)
2026-06-28 21:07:48.331 8 INFO cinder.api.openstack.wsgi [None req-d52fc2d0-c248-4176-9a3b-cb183584f762 df65b829c94144818f32595cf3ba133a b64cbd2abe694663b863939082c1741f - - default default] GET http://cinder-api.openstack.svc.cluster.local:8776/v3/b64cbd2abe694663b863939082c1741f/os-quota-sets/996769f60a2f407d85bc845e6397d0b1?usage=true
2026-06-28 21:07:48.370 8 INFO cinder.api.openstack.wsgi [None req-d52fc2d0-c248-4176-9a3b-cb183584f762 df65b829c94144818f32595cf3ba133a b64cbd2abe694663b863939082c1741f - - default default] http://cinder-api.openstack.svc.cluster.local:8776/v3/b64cbd2abe694663b863939082c1741f/os-quota-sets/996769f60a2f407d85bc845e6397d0b1?usage=true returned with HTTP 200 [pid: 8|app: 0|req: 355/713] 10.0.0.80 () {28 vars in 735 bytes} [Sun Jun 28 21:07:48 2026] GET /v3/b64cbd2abe694663b863939082c1741f/os-quota-sets/996769f60a2f407d85bc845e6397d0b1?usage=true => generated 847 bytes in 47 msecs (HTTP/1.1 200) 7 headers in 285 bytes (1 switches on core 0)
2026-06-28 21:07:48.380 7 INFO cinder.api.openstack.wsgi [None req-ab08f2cf-fa48-474c-86a0-877210c08098 df65b829c94144818f32595cf3ba133a b64cbd2abe694663b863939082c1741f - - default default] GET http://cinder-api.openstack.svc.cluster.local:8776/v3/b64cbd2abe694663b863939082c1741f/os-quota-sets/b30dc48bc2b14ff1a81d67269f3dc992?usage=true
2026-06-28 21:07:48.407 7 INFO cinder.api.openstack.wsgi [None req-ab08f2cf-fa48-474c-86a0-877210c08098 df65b829c94144818f32595cf3ba133a b64cbd2abe694663b863939082c1741f - - default default] http://cinder-api.openstack.svc.cluster.local:8776/v3/b64cbd2abe694663b863939082c1741f/os-quota-sets/b30dc48bc2b14ff1a81d67269f3dc992?usage=true returned with HTTP 200 [pid: 7|app: 0|req: 359/714] 10.0.0.80 () {28 vars in 735 bytes} [Sun Jun 28 21:07:48 2026] GET /v3/b64cbd2abe694663b863939082c1741f/os-quota-sets/b30dc48bc2b14ff1a81d67269f3dc992?usage=true => generated 847 bytes in 34 msecs (HTTP/1.1 200) 7 headers in 285 bytes (1 switches on core 0)
2026-06-28 21:07:48.422 8 INFO cinder.api.openstack.wsgi [None req-79a1f390-66f2-47ea-9cb8-96fc9c5f428e df65b829c94144818f32595cf3ba133a b64cbd2abe694663b863939082c1741f - - default default] GET http://cinder-api.openstack.svc.cluster.local:8776/v3/b64cbd2abe694663b863939082c1741f/os-quota-sets/b64cbd2abe694663b863939082c1741f?usage=true
2026-06-28 21:07:48.451 8 INFO cinder.api.openstack.wsgi [None req-79a1f390-66f2-47ea-9cb8-96fc9c5f428e df65b829c94144818f32595cf3ba133a b64cbd2abe694663b863939082c1741f - - default default] http://cinder-api.openstack.svc.cluster.local:8776/v3/b64cbd2abe694663b863939082c1741f/os-quota-sets/b64cbd2abe694663b863939082c1741f?usage=true returned with HTTP 200 [pid: 8|app: 0|req: 356/715] 10.0.0.80 () {28 vars in 735 bytes} [Sun Jun 28 21:07:48 2026] GET /v3/b64cbd2abe694663b863939082c1741f/os-quota-sets/b64cbd2abe694663b863939082c1741f?usage=true => generated 845 bytes in 39 msecs (HTTP/1.1 200) 7 headers in 285 bytes (1 switches on core 0)
2026-06-28 21:07:48.469 7 INFO cinder.api.openstack.wsgi [None req-dfe8ee8a-41b4-48b3-acc0-ee7663d022a2 df65b829c94144818f32595cf3ba133a b64cbd2abe694663b863939082c1741f - - default default] GET http://cinder-api.openstack.svc.cluster.local:8776/v3/b64cbd2abe694663b863939082c1741f/os-quota-sets/c1bb7fabda454606abc9ad2cc6faab4e?usage=true
2026-06-28 21:07:48.502 7 INFO cinder.api.openstack.wsgi [None req-dfe8ee8a-41b4-48b3-acc0-ee7663d022a2 df65b829c94144818f32595cf3ba133a b64cbd2abe694663b863939082c1741f - - default default] http://cinder-api.openstack.svc.cluster.local:8776/v3/b64cbd2abe694663b863939082c1741f/os-quota-sets/c1bb7fabda454606abc9ad2cc6faab4e?usage=true returned with HTTP 200 [pid: 7|app: 0|req: 360/716] 10.0.0.80 () {28 vars in 735 bytes} [Sun Jun 28 21:07:48 2026] GET /v3/b64cbd2abe694663b863939082c1741f/os-quota-sets/c1bb7fabda454606abc9ad2cc6faab4e?usage=true => generated 847 bytes in 48 msecs (HTTP/1.1 200) 7 headers in 285 bytes (1 switches on core 0)
2026-06-28 21:07:48.514 8 INFO cinder.api.openstack.wsgi [None req-779c2af3-59e4-42f6-bd61-b610d82a8c28 df65b829c94144818f32595cf3ba133a b64cbd2abe694663b863939082c1741f - - default default] GET http://cinder-api.openstack.svc.cluster.local:8776/v3/b64cbd2abe694663b863939082c1741f/os-services
2026-06-28 21:07:48.520 8 INFO cinder.api.openstack.wsgi [None req-779c2af3-59e4-42f6-bd61-b610d82a8c28 df65b829c94144818f32595cf3ba133a b64cbd2abe694663b863939082c1741f - - default default] http://cinder-api.openstack.svc.cluster.local:8776/v3/b64cbd2abe694663b863939082c1741f/os-services returned with HTTP 200 [pid: 8|app: 0|req: 357/717] 10.0.0.80 () {28 vars in 644 bytes} [Sun Jun 28 21:07:48 2026] GET /v3/b64cbd2abe694663b863939082c1741f/os-services => generated 646 bytes in 14 msecs (HTTP/1.1 200) 7 headers in 285 bytes (1 switches on core 0)
2026-06-28 21:07:48.535 7 INFO cinder.api.openstack.wsgi [None req-ea89508c-b370-450b-b12c-299b043979dd df65b829c94144818f32595cf3ba133a b64cbd2abe694663b863939082c1741f - - default default] GET http://cinder-api.openstack.svc.cluster.local:8776/v3/b64cbd2abe694663b863939082c1741f/volumes/detail?all_tenants=true
2026-06-28 21:07:48.557 7 INFO cinder.volume.api [None req-ea89508c-b370-450b-b12c-299b043979dd df65b829c94144818f32595cf3ba133a b64cbd2abe694663b863939082c1741f - - default default] Get all volumes completed successfully.
2026-06-28 21:07:48.560 7 INFO cinder.api.openstack.wsgi [None req-ea89508c-b370-450b-b12c-299b043979dd df65b829c94144818f32595cf3ba133a b64cbd2abe694663b863939082c1741f - - default default] http://cinder-api.openstack.svc.cluster.local:8776/v3/b64cbd2abe694663b863939082c1741f/volumes/detail?all_tenants=true returned with HTTP 200 [pid: 7|app: 0|req: 361/718] 10.0.0.80 () {28 vars in 683 bytes} [Sun Jun 28 21:07:48 2026] GET /v3/b64cbd2abe694663b863939082c1741f/volumes/detail?all_tenants=true => generated 15 bytes in 32 msecs (HTTP/1.1 200) 7 headers in 284 bytes (1 switches on core 0)
2026-06-28 21:07:50.125 7 INFO cinder.api.openstack.wsgi [None req-ea89508c-b370-450b-b12c-299b043979dd df65b829c94144818f32595cf3ba133a b64cbd2abe694663b863939082c1741f - - default default] GET http://10.0.0.197:8776/
2026-06-28 21:07:50.125 8 INFO cinder.api.openstack.wsgi [None req-779c2af3-59e4-42f6-bd61-b610d82a8c28 df65b829c94144818f32595cf3ba133a b64cbd2abe694663b863939082c1741f - - default default] GET http://10.0.0.197:8776/
2026-06-28 21:07:50.127 8 INFO cinder.api.openstack.wsgi [None req-779c2af3-59e4-42f6-bd61-b610d82a8c28 df65b829c94144818f32595cf3ba133a b64cbd2abe694663b863939082c1741f - - default default] http://10.0.0.197:8776/ returned with HTTP 300
2026-06-28 21:07:50.127 7 INFO cinder.api.openstack.wsgi [None req-ea89508c-b370-450b-b12c-299b043979dd df65b829c94144818f32595cf3ba133a b64cbd2abe694663b863939082c1741f - - default default] http://10.0.0.197:8776/ returned with HTTP 300
2026-06-28 21:08:00.125 7 INFO cinder.api.openstack.wsgi [None req-ea89508c-b370-450b-b12c-299b043979dd df65b829c94144818f32595cf3ba133a b64cbd2abe694663b863939082c1741f - - default default] GET http://10.0.0.197:8776/
2026-06-28 21:08:00.126 7 INFO cinder.api.openstack.wsgi [None req-ea89508c-b370-450b-b12c-299b043979dd df65b829c94144818f32595cf3ba133a b64cbd2abe694663b863939082c1741f - - default default] http://10.0.0.197:8776/ returned with HTTP 300
2026-06-28 21:08:00.125 8 INFO cinder.api.openstack.wsgi [None req-779c2af3-59e4-42f6-bd61-b610d82a8c28 df65b829c94144818f32595cf3ba133a b64cbd2abe694663b863939082c1741f - - default default] GET http://10.0.0.197:8776/
2026-06-28 21:08:00.129 8 INFO cinder.api.openstack.wsgi [None req-779c2af3-59e4-42f6-bd61-b610d82a8c28 df65b829c94144818f32595cf3ba133a b64cbd2abe694663b863939082c1741f - - default default] http://10.0.0.197:8776/ returned with HTTP 300
2026-06-28 21:08:10.123 7 INFO cinder.api.openstack.wsgi [None req-ea89508c-b370-450b-b12c-299b043979dd df65b829c94144818f32595cf3ba133a b64cbd2abe694663b863939082c1741f - - default default] GET http://10.0.0.197:8776/
2026-06-28 21:08:10.124 7 INFO cinder.api.openstack.wsgi [None req-ea89508c-b370-450b-b12c-299b043979dd df65b829c94144818f32595cf3ba133a b64cbd2abe694663b863939082c1741f - - default default] http://10.0.0.197:8776/ returned with HTTP 300
2026-06-28 21:08:10.124 8 INFO cinder.api.openstack.wsgi [None req-779c2af3-59e4-42f6-bd61-b610d82a8c28 df65b829c94144818f32595cf3ba133a b64cbd2abe694663b863939082c1741f - - default default] GET http://10.0.0.197:8776/
2026-06-28 21:08:10.126 8 INFO cinder.api.openstack.wsgi [None req-779c2af3-59e4-42f6-bd61-b610d82a8c28 df65b829c94144818f32595cf3ba133a b64cbd2abe694663b863939082c1741f - - default default] http://10.0.0.197:8776/ returned with HTTP 300
2026-06-28 21:08:20.124 7 INFO cinder.api.openstack.wsgi [None req-ea89508c-b370-450b-b12c-299b043979dd df65b829c94144818f32595cf3ba133a b64cbd2abe694663b863939082c1741f - - default default] GET http://10.0.0.197:8776/
2026-06-28 21:08:20.126 7 INFO cinder.api.openstack.wsgi [None req-ea89508c-b370-450b-b12c-299b043979dd df65b829c94144818f32595cf3ba133a b64cbd2abe694663b863939082c1741f - - default default] http://10.0.0.197:8776/ returned with HTTP 300
2026-06-28 21:08:20.126 8 INFO cinder.api.openstack.wsgi [None req-779c2af3-59e4-42f6-bd61-b610d82a8c28 df65b829c94144818f32595cf3ba133a b64cbd2abe694663b863939082c1741f - - default default] GET http://10.0.0.197:8776/
2026-06-28 21:08:20.128 8 INFO cinder.api.openstack.wsgi [None req-779c2af3-59e4-42f6-bd61-b610d82a8c28 df65b829c94144818f32595cf3ba133a b64cbd2abe694663b863939082c1741f - - default default] http://10.0.0.197:8776/ returned with HTTP 300
2026-06-28 21:08:22.588 7 INFO cinder.api.openstack.wsgi [None req-fb9966b1-a3e3-4d48-bb9f-85112d7253db 0f499f90ee8a411898c94bcff27cde0a 3091120c5a544b84b16aef438bffa03a - - default default] POST http://cinder-api.openstack.svc.cluster.local:8776/v3/3091120c5a544b84b16aef438bffa03a/volumes
2026-06-28 21:08:23.421 7 INFO cinder.api.v3.volumes [None req-fb9966b1-a3e3-4d48-bb9f-85112d7253db 0f499f90ee8a411898c94bcff27cde0a 3091120c5a544b84b16aef438bffa03a - - default default] Create volume of 1 GB
2026-06-28 21:08:23.440 7 INFO cinder.volume.api [None req-fb9966b1-a3e3-4d48-bb9f-85112d7253db 0f499f90ee8a411898c94bcff27cde0a 3091120c5a544b84b16aef438bffa03a - - default default] Availability Zones retrieved successfully. /var/lib/openstack/lib/python3.10/site-packages/taskflow/engines/action_engine/process_executor.py:17: DeprecationWarning: The asyncore module is deprecated and will be removed in Python 3.12. The recommended replacement is asyncio import asyncore
2026-06-28 21:08:23.880 7 INFO cinder.volume.api [None req-fb9966b1-a3e3-4d48-bb9f-85112d7253db 0f499f90ee8a411898c94bcff27cde0a 3091120c5a544b84b16aef438bffa03a - - default default] Create volume request issued successfully.
2026-06-28 21:08:23.882 7 INFO cinder.api.openstack.wsgi [None req-fb9966b1-a3e3-4d48-bb9f-85112d7253db 0f499f90ee8a411898c94bcff27cde0a 3091120c5a544b84b16aef438bffa03a - - default default] http://cinder-api.openstack.svc.cluster.local:8776/v3/3091120c5a544b84b16aef438bffa03a/volumes returned with HTTP 202 [pid: 7|app: 0|req: 366/727] 10.0.0.31 () {34 vars in 722 bytes} [Sun Jun 28 21:08:22 2026] POST /v3/3091120c5a544b84b16aef438bffa03a/volumes => generated 865 bytes in 1299 msecs (HTTP/1.1 202) 7 headers in 291 bytes (1 switches on core 0)
2026-06-28 21:08:23.908 8 INFO cinder.api.openstack.wsgi [None req-798df9be-f8bc-48dd-bbff-7a90e8b1c182 0f499f90ee8a411898c94bcff27cde0a 3091120c5a544b84b16aef438bffa03a - - default default] GET http://cinder-api.openstack.svc.cluster.local:8776/v3/3091120c5a544b84b16aef438bffa03a/volumes/87bb78db-0c7e-444e-84a9-d564986c5934 /var/lib/openstack/lib/python3.10/site-packages/pycadf/identifier.py:71: UserWarning: Invalid uuid: cinderv3. To ensure interoperability, identifiers should be a valid uuid. warnings.warn(('Invalid uuid: %s. To ensure interoperability, '
2026-06-28 21:08:23.917 7 INFO cinder.api.openstack.wsgi [req-dfef65d2-15a6-4f6d-b511-242e03ce33fa req-6e0559f4-19bb-4fc6-92bc-9f139294047b cfc600620b704faba93e3814394eb4d3 b30dc48bc2b14ff1a81d67269f3dc992 - - default default] GET http://cinder-api.openstack.svc.cluster.local:8776/v3/b30dc48bc2b14ff1a81d67269f3dc992/attachments?instance_id=5c5766b5-19bc-421b-bf72-28b7bab155f8
2026-06-28 21:08:23.939 7 INFO cinder.api.openstack.wsgi [req-dfef65d2-15a6-4f6d-b511-242e03ce33fa req-6e0559f4-19bb-4fc6-92bc-9f139294047b cfc600620b704faba93e3814394eb4d3 b30dc48bc2b14ff1a81d67269f3dc992 - - default default] http://cinder-api.openstack.svc.cluster.local:8776/v3/b30dc48bc2b14ff1a81d67269f3dc992/attachments?instance_id=5c5766b5-19bc-421b-bf72-28b7bab155f8 returned with HTTP 200 [pid: 7|app: 0|req: 367/728] 199.204.45.72 () {36 vars in 1103 bytes} [Sun Jun 28 21:08:23 2026] GET /v3/b30dc48bc2b14ff1a81d67269f3dc992/attachments?instance_id=5c5766b5-19bc-421b-bf72-28b7bab155f8 => generated 19 bytes in 34 msecs (HTTP/1.1 200) 7 headers in 285 bytes (1 switches on core 0) /var/lib/openstack/lib/python3.10/site-packages/oslo_context/context.py:100: DeprecationWarning: Policy enforcement is depending on the value of is_admin. This key is deprecated. Please update your policy file to use the standard policy values. warnings.warn('Policy enforcement is depending on the value of '
2026-06-28 21:08:23.967 8 INFO cinder.volume.api [None req-798df9be-f8bc-48dd-bbff-7a90e8b1c182 0f499f90ee8a411898c94bcff27cde0a 3091120c5a544b84b16aef438bffa03a - - default default] Volume info retrieved successfully.
2026-06-28 21:08:23.978 8 INFO cinder.api.openstack.wsgi [None req-798df9be-f8bc-48dd-bbff-7a90e8b1c182 0f499f90ee8a411898c94bcff27cde0a 3091120c5a544b84b16aef438bffa03a - - default default] http://cinder-api.openstack.svc.cluster.local:8776/v3/3091120c5a544b84b16aef438bffa03a/volumes/87bb78db-0c7e-444e-84a9-d564986c5934 returned with HTTP 200 [pid: 8|app: 0|req: 362/729] 10.0.0.31 () {32 vars in 774 bytes} [Sun Jun 28 21:08:23 2026] GET /v3/3091120c5a544b84b16aef438bffa03a/volumes/87bb78db-0c7e-444e-84a9-d564986c5934 => generated 933 bytes in 79 msecs (HTTP/1.1 200) 7 headers in 285 bytes (1 switches on core 0)
2026-06-28 21:08:25.000 7 INFO cinder.api.openstack.wsgi [None req-d5d04b84-65c6-4341-b311-3b13020861e8 0f499f90ee8a411898c94bcff27cde0a 3091120c5a544b84b16aef438bffa03a - - default default] GET http://cinder-api.openstack.svc.cluster.local:8776/v3/3091120c5a544b84b16aef438bffa03a/volumes/87bb78db-0c7e-444e-84a9-d564986c5934 /var/lib/openstack/lib/python3.10/site-packages/oslo_context/context.py:100: DeprecationWarning: Policy enforcement is depending on the value of is_admin. This key is deprecated. Please update your policy file to use the standard policy values. warnings.warn('Policy enforcement is depending on the value of '
2026-06-28 21:08:25.030 7 INFO cinder.volume.api [None req-d5d04b84-65c6-4341-b311-3b13020861e8 0f499f90ee8a411898c94bcff27cde0a 3091120c5a544b84b16aef438bffa03a - - default default] Volume info retrieved successfully.
2026-06-28 21:08:25.046 7 INFO cinder.api.openstack.wsgi [None req-d5d04b84-65c6-4341-b311-3b13020861e8 0f499f90ee8a411898c94bcff27cde0a 3091120c5a544b84b16aef438bffa03a - - default default] http://cinder-api.openstack.svc.cluster.local:8776/v3/3091120c5a544b84b16aef438bffa03a/volumes/87bb78db-0c7e-444e-84a9-d564986c5934 returned with HTTP 200 [pid: 7|app: 0|req: 368/730] 10.0.0.31 () {32 vars in 774 bytes} [Sun Jun 28 21:08:24 2026] GET /v3/3091120c5a544b84b16aef438bffa03a/volumes/87bb78db-0c7e-444e-84a9-d564986c5934 => generated 957 bytes in 55 msecs (HTTP/1.1 200) 7 headers in 285 bytes (1 switches on core 0) /var/lib/openstack/lib/python3.10/site-packages/pycadf/identifier.py:71: UserWarning: Invalid uuid: cinderv3. To ensure interoperability, identifiers should be a valid uuid. warnings.warn(('Invalid uuid: %s. To ensure interoperability, '
2026-06-28 21:08:26.073 8 INFO cinder.api.openstack.wsgi [None req-b508a400-106f-439c-93b2-d6981441d0dd 0f499f90ee8a411898c94bcff27cde0a 3091120c5a544b84b16aef438bffa03a - - default default] GET http://cinder-api.openstack.svc.cluster.local:8776/v3/3091120c5a544b84b16aef438bffa03a/volumes/87bb78db-0c7e-444e-84a9-d564986c5934 /var/lib/openstack/lib/python3.10/site-packages/oslo_context/context.py:100: DeprecationWarning: Policy enforcement is depending on the value of is_admin. This key is deprecated. Please update your policy file to use the standard policy values. warnings.warn('Policy enforcement is depending on the value of '
2026-06-28 21:08:26.091 8 INFO cinder.volume.api [None req-b508a400-106f-439c-93b2-d6981441d0dd 0f499f90ee8a411898c94bcff27cde0a 3091120c5a544b84b16aef438bffa03a - - default default] Volume info retrieved successfully.
2026-06-28 21:08:26.098 8 INFO cinder.api.openstack.wsgi [None req-b508a400-106f-439c-93b2-d6981441d0dd 0f499f90ee8a411898c94bcff27cde0a 3091120c5a544b84b16aef438bffa03a - - default default] http://cinder-api.openstack.svc.cluster.local:8776/v3/3091120c5a544b84b16aef438bffa03a/volumes/87bb78db-0c7e-444e-84a9-d564986c5934 returned with HTTP 200 [pid: 8|app: 0|req: 363/731] 10.0.0.31 () {32 vars in 774 bytes} [Sun Jun 28 21:08:26 2026] GET /v3/3091120c5a544b84b16aef438bffa03a/volumes/87bb78db-0c7e-444e-84a9-d564986c5934 => generated 957 bytes in 33 msecs (HTTP/1.1 200) 7 headers in 285 bytes (1 switches on core 0) /var/lib/openstack/lib/python3.10/site-packages/pycadf/identifier.py:71: UserWarning: Invalid uuid: cinderv3. To ensure interoperability, identifiers should be a valid uuid. warnings.warn(('Invalid uuid: %s. To ensure interoperability, '
2026-06-28 21:08:27.124 7 INFO cinder.api.openstack.wsgi [None req-be45f50e-4526-43e0-929b-a3a5e8d923bb 0f499f90ee8a411898c94bcff27cde0a 3091120c5a544b84b16aef438bffa03a - - default default] GET http://cinder-api.openstack.svc.cluster.local:8776/v3/3091120c5a544b84b16aef438bffa03a/volumes/87bb78db-0c7e-444e-84a9-d564986c5934 /var/lib/openstack/lib/python3.10/site-packages/oslo_context/context.py:100: DeprecationWarning: Policy enforcement is depending on the value of is_admin. This key is deprecated. Please update your policy file to use the standard policy values. warnings.warn('Policy enforcement is depending on the value of '
2026-06-28 21:08:27.162 7 INFO cinder.volume.api [None req-be45f50e-4526-43e0-929b-a3a5e8d923bb 0f499f90ee8a411898c94bcff27cde0a 3091120c5a544b84b16aef438bffa03a - - default default] Volume info retrieved successfully.
2026-06-28 21:08:27.177 7 INFO cinder.api.openstack.wsgi [None req-be45f50e-4526-43e0-929b-a3a5e8d923bb 0f499f90ee8a411898c94bcff27cde0a 3091120c5a544b84b16aef438bffa03a - - default default] http://cinder-api.openstack.svc.cluster.local:8776/v3/3091120c5a544b84b16aef438bffa03a/volumes/87bb78db-0c7e-444e-84a9-d564986c5934 returned with HTTP 200 [pid: 7|app: 0|req: 369/732] 10.0.0.31 () {32 vars in 774 bytes} [Sun Jun 28 21:08:27 2026] GET /v3/3091120c5a544b84b16aef438bffa03a/volumes/87bb78db-0c7e-444e-84a9-d564986c5934 => generated 957 bytes in 66 msecs (HTTP/1.1 200) 7 headers in 285 bytes (1 switches on core 0) /var/lib/openstack/lib/python3.10/site-packages/pycadf/identifier.py:71: UserWarning: Invalid uuid: cinderv3. To ensure interoperability, identifiers should be a valid uuid. warnings.warn(('Invalid uuid: %s. To ensure interoperability, '
2026-06-28 21:08:28.197 8 INFO cinder.api.openstack.wsgi [None req-581b5fd1-e3ee-4a3b-a227-88e959aea847 0f499f90ee8a411898c94bcff27cde0a 3091120c5a544b84b16aef438bffa03a - - default default] GET http://cinder-api.openstack.svc.cluster.local:8776/v3/3091120c5a544b84b16aef438bffa03a/volumes/87bb78db-0c7e-444e-84a9-d564986c5934 /var/lib/openstack/lib/python3.10/site-packages/oslo_context/context.py:100: DeprecationWarning: Policy enforcement is depending on the value of is_admin. This key is deprecated. Please update your policy file to use the standard policy values. warnings.warn('Policy enforcement is depending on the value of '
2026-06-28 21:08:28.230 8 INFO cinder.volume.api [None req-581b5fd1-e3ee-4a3b-a227-88e959aea847 0f499f90ee8a411898c94bcff27cde0a 3091120c5a544b84b16aef438bffa03a - - default default] Volume info retrieved successfully.
2026-06-28 21:08:28.237 8 INFO cinder.api.openstack.wsgi [None req-581b5fd1-e3ee-4a3b-a227-88e959aea847 0f499f90ee8a411898c94bcff27cde0a 3091120c5a544b84b16aef438bffa03a - - default default] http://cinder-api.openstack.svc.cluster.local:8776/v3/3091120c5a544b84b16aef438bffa03a/volumes/87bb78db-0c7e-444e-84a9-d564986c5934 returned with HTTP 200 [pid: 8|app: 0|req: 364/733] 10.0.0.31 () {32 vars in 774 bytes} [Sun Jun 28 21:08:28 2026] GET /v3/3091120c5a544b84b16aef438bffa03a/volumes/87bb78db-0c7e-444e-84a9-d564986c5934 => generated 1483 bytes in 47 msecs (HTTP/1.1 200) 7 headers in 286 bytes (1 switches on core 0) /var/lib/openstack/lib/python3.10/site-packages/pycadf/identifier.py:71: UserWarning: Invalid uuid: cinderv3. To ensure interoperability, identifiers should be a valid uuid. warnings.warn(('Invalid uuid: %s. To ensure interoperability, '
2026-06-28 21:08:28.333 7 INFO cinder.api.openstack.wsgi [req-fd38dbdc-ebf3-4ae3-b63f-265e96b6d565 req-6ca5302d-46f2-4423-907e-c12d70053137 0f499f90ee8a411898c94bcff27cde0a 3091120c5a544b84b16aef438bffa03a - - default default] GET http://cinder-api.openstack.svc.cluster.local:8776/v3/3091120c5a544b84b16aef438bffa03a/volumes/87bb78db-0c7e-444e-84a9-d564986c5934 /var/lib/openstack/lib/python3.10/site-packages/oslo_context/context.py:100: DeprecationWarning: Policy enforcement is depending on the value of is_admin. This key is deprecated. Please update your policy file to use the standard policy values. warnings.warn('Policy enforcement is depending on the value of '
2026-06-28 21:08:28.352 7 INFO cinder.volume.api [req-fd38dbdc-ebf3-4ae3-b63f-265e96b6d565 req-6ca5302d-46f2-4423-907e-c12d70053137 0f499f90ee8a411898c94bcff27cde0a 3091120c5a544b84b16aef438bffa03a - - default default] Volume info retrieved successfully.
2026-06-28 21:08:28.362 7 INFO cinder.api.openstack.wsgi [req-fd38dbdc-ebf3-4ae3-b63f-265e96b6d565 req-6ca5302d-46f2-4423-907e-c12d70053137 0f499f90ee8a411898c94bcff27cde0a 3091120c5a544b84b16aef438bffa03a - - default default] http://cinder-api.openstack.svc.cluster.local:8776/v3/3091120c5a544b84b16aef438bffa03a/volumes/87bb78db-0c7e-444e-84a9-d564986c5934 returned with HTTP 200 [pid: 7|app: 0|req: 370/734] 10.0.0.25 () {34 vars in 1027 bytes} [Sun Jun 28 21:08:28 2026] GET /v3/3091120c5a544b84b16aef438bffa03a/volumes/87bb78db-0c7e-444e-84a9-d564986c5934 => generated 1483 bytes in 37 msecs (HTTP/1.1 200) 7 headers in 286 bytes (1 switches on core 0) /var/lib/openstack/lib/python3.10/site-packages/pycadf/identifier.py:71: UserWarning: Invalid uuid: cinderv3. To ensure interoperability, identifiers should be a valid uuid. warnings.warn(('Invalid uuid: %s. To ensure interoperability, '
2026-06-28 21:08:29.128 8 INFO cinder.api.openstack.wsgi [req-fd38dbdc-ebf3-4ae3-b63f-265e96b6d565 req-13750f70-b505-4f6a-9381-02098cfe4250 0f499f90ee8a411898c94bcff27cde0a 3091120c5a544b84b16aef438bffa03a - - default default] GET http://cinder-api.openstack.svc.cluster.local:8776/v3/3091120c5a544b84b16aef438bffa03a/volumes/87bb78db-0c7e-444e-84a9-d564986c5934 /var/lib/openstack/lib/python3.10/site-packages/oslo_context/context.py:100: DeprecationWarning: Policy enforcement is depending on the value of is_admin. This key is deprecated. Please update your policy file to use the standard policy values. warnings.warn('Policy enforcement is depending on the value of '
2026-06-28 21:08:29.154 8 INFO cinder.volume.api [req-fd38dbdc-ebf3-4ae3-b63f-265e96b6d565 req-13750f70-b505-4f6a-9381-02098cfe4250 0f499f90ee8a411898c94bcff27cde0a 3091120c5a544b84b16aef438bffa03a - - default default] Volume info retrieved successfully.
2026-06-28 21:08:29.163 8 INFO cinder.api.openstack.wsgi [req-fd38dbdc-ebf3-4ae3-b63f-265e96b6d565 req-13750f70-b505-4f6a-9381-02098cfe4250 0f499f90ee8a411898c94bcff27cde0a 3091120c5a544b84b16aef438bffa03a - - default default] http://cinder-api.openstack.svc.cluster.local:8776/v3/3091120c5a544b84b16aef438bffa03a/volumes/87bb78db-0c7e-444e-84a9-d564986c5934 returned with HTTP 200 [pid: 8|app: 0|req: 365/735] 10.0.0.25 () {34 vars in 1027 bytes} [Sun Jun 28 21:08:29 2026] GET /v3/3091120c5a544b84b16aef438bffa03a/volumes/87bb78db-0c7e-444e-84a9-d564986c5934 => generated 1483 bytes in 45 msecs (HTTP/1.1 200) 7 headers in 286 bytes (1 switches on core 0)
2026-06-28 21:08:29.177 7 INFO cinder.api.openstack.wsgi [req-fd38dbdc-ebf3-4ae3-b63f-265e96b6d565 req-6ca5302d-46f2-4423-907e-c12d70053137 0f499f90ee8a411898c94bcff27cde0a 3091120c5a544b84b16aef438bffa03a - - default default] GET http://cinder-api.openstack.svc.cluster.local:8776/
2026-06-28 21:08:29.178 7 INFO cinder.api.openstack.wsgi [req-fd38dbdc-ebf3-4ae3-b63f-265e96b6d565 req-6ca5302d-46f2-4423-907e-c12d70053137 0f499f90ee8a411898c94bcff27cde0a 3091120c5a544b84b16aef438bffa03a - - default default] http://cinder-api.openstack.svc.cluster.local:8776/ returned with HTTP 300 [pid: 7|app: 0|req: 371/736] 10.0.0.25 () {32 vars in 828 bytes} [Sun Jun 28 21:08:29 2026] GET / => generated 411 bytes in 2 msecs (HTTP/1.1 300) 5 headers in 169 bytes (1 switches on core 0) /var/lib/openstack/lib/python3.10/site-packages/pycadf/identifier.py:71: UserWarning: Invalid uuid: cinderv3. To ensure interoperability, identifiers should be a valid uuid. warnings.warn(('Invalid uuid: %s. To ensure interoperability, '
2026-06-28 21:08:29.192 8 INFO cinder.api.openstack.wsgi [req-fd38dbdc-ebf3-4ae3-b63f-265e96b6d565 req-2c923d9f-1621-4bb1-b72b-c251a8200694 0f499f90ee8a411898c94bcff27cde0a 3091120c5a544b84b16aef438bffa03a - - default default] POST http://cinder-api.openstack.svc.cluster.local:8776/v3/3091120c5a544b84b16aef438bffa03a/attachments /var/lib/openstack/lib/python3.10/site-packages/oslo_context/context.py:100: DeprecationWarning: Policy enforcement is depending on the value of is_admin. This key is deprecated. Please update your policy file to use the standard policy values. warnings.warn('Policy enforcement is depending on the value of '
2026-06-28 21:08:29.262 8 INFO cinder.api.openstack.wsgi [req-fd38dbdc-ebf3-4ae3-b63f-265e96b6d565 req-2c923d9f-1621-4bb1-b72b-c251a8200694 0f499f90ee8a411898c94bcff27cde0a 3091120c5a544b84b16aef438bffa03a - - default default] http://cinder-api.openstack.svc.cluster.local:8776/v3/3091120c5a544b84b16aef438bffa03a/attachments returned with HTTP 200 [pid: 8|app: 0|req: 366/737] 10.0.0.25 () {40 vars in 1056 bytes} [Sun Jun 28 21:08:29 2026] POST /v3/3091120c5a544b84b16aef438bffa03a/attachments => generated 273 bytes in 79 msecs (HTTP/1.1 200) 7 headers in 286 bytes (1 switches on core 0)
2026-06-28 21:08:30.124 7 INFO cinder.api.openstack.wsgi [req-fd38dbdc-ebf3-4ae3-b63f-265e96b6d565 req-6ca5302d-46f2-4423-907e-c12d70053137 0f499f90ee8a411898c94bcff27cde0a 3091120c5a544b84b16aef438bffa03a - - default default] GET http://10.0.0.197:8776/
2026-06-28 21:08:30.124 8 INFO cinder.api.openstack.wsgi [req-fd38dbdc-ebf3-4ae3-b63f-265e96b6d565 req-2c923d9f-1621-4bb1-b72b-c251a8200694 0f499f90ee8a411898c94bcff27cde0a 3091120c5a544b84b16aef438bffa03a - - default default] GET http://10.0.0.197:8776/
2026-06-28 21:08:30.125 7 INFO cinder.api.openstack.wsgi [req-fd38dbdc-ebf3-4ae3-b63f-265e96b6d565 req-6ca5302d-46f2-4423-907e-c12d70053137 0f499f90ee8a411898c94bcff27cde0a 3091120c5a544b84b16aef438bffa03a - - default default] http://10.0.0.197:8776/ returned with HTTP 300
2026-06-28 21:08:30.126 8 INFO cinder.api.openstack.wsgi [req-fd38dbdc-ebf3-4ae3-b63f-265e96b6d565 req-2c923d9f-1621-4bb1-b72b-c251a8200694 0f499f90ee8a411898c94bcff27cde0a 3091120c5a544b84b16aef438bffa03a - - default default] http://10.0.0.197:8776/ returned with HTTP 300
2026-06-28 21:08:30.484 7 INFO cinder.api.openstack.wsgi [req-fd38dbdc-ebf3-4ae3-b63f-265e96b6d565 req-6ca5302d-46f2-4423-907e-c12d70053137 0f499f90ee8a411898c94bcff27cde0a 3091120c5a544b84b16aef438bffa03a - - default default] GET http://cinder-api.openstack.svc.cluster.local:8776/
2026-06-28 21:08:30.485 7 INFO cinder.api.openstack.wsgi [req-fd38dbdc-ebf3-4ae3-b63f-265e96b6d565 req-6ca5302d-46f2-4423-907e-c12d70053137 0f499f90ee8a411898c94bcff27cde0a 3091120c5a544b84b16aef438bffa03a - - default default] http://cinder-api.openstack.svc.cluster.local:8776/ returned with HTTP 300 [pid: 7|app: 0|req: 373/740] 199.204.45.72 () {32 vars in 839 bytes} [Sun Jun 28 21:08:30 2026] GET / => generated 411 bytes in 3 msecs (HTTP/1.1 300) 5 headers in 169 bytes (1 switches on core 0) /var/lib/openstack/lib/python3.10/site-packages/pycadf/identifier.py:71: UserWarning: Invalid uuid: cinderv3. To ensure interoperability, identifiers should be a valid uuid. warnings.warn(('Invalid uuid: %s. To ensure interoperability, '
2026-06-28 21:08:30.512 8 INFO cinder.api.openstack.wsgi [req-fd38dbdc-ebf3-4ae3-b63f-265e96b6d565 req-f45d653e-710c-4ca0-b48d-25497b66fbe5 0f499f90ee8a411898c94bcff27cde0a 3091120c5a544b84b16aef438bffa03a - - default default] GET http://cinder-api.openstack.svc.cluster.local:8776/v3/3091120c5a544b84b16aef438bffa03a/volumes/87bb78db-0c7e-444e-84a9-d564986c5934 /var/lib/openstack/lib/python3.10/site-packages/oslo_context/context.py:100: DeprecationWarning: Policy enforcement is depending on the value of is_admin. This key is deprecated. Please update your policy file to use the standard policy values. warnings.warn('Policy enforcement is depending on the value of '
2026-06-28 21:08:30.538 8 INFO cinder.volume.api [req-fd38dbdc-ebf3-4ae3-b63f-265e96b6d565 req-f45d653e-710c-4ca0-b48d-25497b66fbe5 0f499f90ee8a411898c94bcff27cde0a 3091120c5a544b84b16aef438bffa03a - - default default] Volume info retrieved successfully.
2026-06-28 21:08:30.546 8 INFO cinder.api.openstack.wsgi [req-fd38dbdc-ebf3-4ae3-b63f-265e96b6d565 req-f45d653e-710c-4ca0-b48d-25497b66fbe5 0f499f90ee8a411898c94bcff27cde0a 3091120c5a544b84b16aef438bffa03a - - default default] http://cinder-api.openstack.svc.cluster.local:8776/v3/3091120c5a544b84b16aef438bffa03a/volumes/87bb78db-0c7e-444e-84a9-d564986c5934 returned with HTTP 200 [pid: 8|app: 0|req: 368/741] 199.204.45.72 () {36 vars in 1072 bytes} [Sun Jun 28 21:08:30 2026] GET /v3/3091120c5a544b84b16aef438bffa03a/volumes/87bb78db-0c7e-444e-84a9-d564986c5934 => generated 1581 bytes in 47 msecs (HTTP/1.1 200) 7 headers in 287 bytes (1 switches on core 0) /var/lib/openstack/lib/python3.10/site-packages/pycadf/identifier.py:71: UserWarning: Invalid uuid: cinderv3. To ensure interoperability, identifiers should be a valid uuid. warnings.warn(('Invalid uuid: %s. To ensure interoperability, '
2026-06-28 21:08:32.188 7 INFO cinder.api.openstack.wsgi [req-fd38dbdc-ebf3-4ae3-b63f-265e96b6d565 req-02f9d430-acb7-4f0c-b75a-2b0e9dfad135 0f499f90ee8a411898c94bcff27cde0a 3091120c5a544b84b16aef438bffa03a - - default default] PUT http://cinder-api.openstack.svc.cluster.local:8776/v3/3091120c5a544b84b16aef438bffa03a/attachments/7ffc1393-84ac-4732-b333-7ca9810b1601 /var/lib/openstack/lib/python3.10/site-packages/oslo_context/context.py:100: DeprecationWarning: Policy enforcement is depending on the value of is_admin. This key is deprecated. Please update your policy file to use the standard policy values. warnings.warn('Policy enforcement is depending on the value of '
2026-06-28 21:08:32.992 7 INFO cinder.api.openstack.wsgi [req-fd38dbdc-ebf3-4ae3-b63f-265e96b6d565 req-02f9d430-acb7-4f0c-b75a-2b0e9dfad135 0f499f90ee8a411898c94bcff27cde0a 3091120c5a544b84b16aef438bffa03a - - default default] http://cinder-api.openstack.svc.cluster.local:8776/v3/3091120c5a544b84b16aef438bffa03a/attachments/7ffc1393-84ac-4732-b333-7ca9810b1601 returned with HTTP 200 [pid: 7|app: 0|req: 374/742] 199.204.45.72 () {40 vars in 1133 bytes} [Sun Jun 28 21:08:32 2026] PUT /v3/3091120c5a544b84b16aef438bffa03a/attachments/7ffc1393-84ac-4732-b333-7ca9810b1601 => generated 775 bytes in 819 msecs (HTTP/1.1 200) 7 headers in 286 bytes (1 switches on core 0) /var/lib/openstack/lib/python3.10/site-packages/pycadf/identifier.py:71: UserWarning: Invalid uuid: cinderv3. To ensure interoperability, identifiers should be a valid uuid. warnings.warn(('Invalid uuid: %s. To ensure interoperability, '
2026-06-28 21:08:33.043 8 INFO cinder.api.openstack.wsgi [req-fd38dbdc-ebf3-4ae3-b63f-265e96b6d565 req-98f8b0be-60aa-4edd-93aa-b623e4ae4896 0f499f90ee8a411898c94bcff27cde0a 3091120c5a544b84b16aef438bffa03a - - default default] POST http://cinder-api.openstack.svc.cluster.local:8776/v3/3091120c5a544b84b16aef438bffa03a/attachments/7ffc1393-84ac-4732-b333-7ca9810b1601/action /var/lib/openstack/lib/python3.10/site-packages/oslo_context/context.py:100: DeprecationWarning: Policy enforcement is depending on the value of is_admin. This key is deprecated. Please update your policy file to use the standard policy values. warnings.warn('Policy enforcement is depending on the value of '
2026-06-28 21:08:33.078 8 INFO cinder.api.openstack.wsgi [req-fd38dbdc-ebf3-4ae3-b63f-265e96b6d565 req-98f8b0be-60aa-4edd-93aa-b623e4ae4896 0f499f90ee8a411898c94bcff27cde0a 3091120c5a544b84b16aef438bffa03a - - default default] http://cinder-api.openstack.svc.cluster.local:8776/v3/3091120c5a544b84b16aef438bffa03a/attachments/7ffc1393-84ac-4732-b333-7ca9810b1601/action returned with HTTP 204 [pid: 8|app: 0|req: 369/743] 199.204.45.72 () {40 vars in 1147 bytes} [Sun Jun 28 21:08:33 2026] POST /v3/3091120c5a544b84b16aef438bffa03a/attachments/7ffc1393-84ac-4732-b333-7ca9810b1601/action => generated 0 bytes in 45 msecs (HTTP/1.1 204) 7 headers in 292 bytes (1 switches on core 0)
2026-06-28 21:08:40.124 7 INFO cinder.api.openstack.wsgi [req-fd38dbdc-ebf3-4ae3-b63f-265e96b6d565 req-02f9d430-acb7-4f0c-b75a-2b0e9dfad135 0f499f90ee8a411898c94bcff27cde0a 3091120c5a544b84b16aef438bffa03a - - default default] GET http://10.0.0.197:8776/
2026-06-28 21:08:40.125 8 INFO cinder.api.openstack.wsgi [req-fd38dbdc-ebf3-4ae3-b63f-265e96b6d565 req-98f8b0be-60aa-4edd-93aa-b623e4ae4896 0f499f90ee8a411898c94bcff27cde0a 3091120c5a544b84b16aef438bffa03a - - default default] GET http://10.0.0.197:8776/
2026-06-28 21:08:40.126 7 INFO cinder.api.openstack.wsgi [req-fd38dbdc-ebf3-4ae3-b63f-265e96b6d565 req-02f9d430-acb7-4f0c-b75a-2b0e9dfad135 0f499f90ee8a411898c94bcff27cde0a 3091120c5a544b84b16aef438bffa03a - - default default] http://10.0.0.197:8776/ returned with HTTP 300
2026-06-28 21:08:40.126 8 INFO cinder.api.openstack.wsgi [req-fd38dbdc-ebf3-4ae3-b63f-265e96b6d565 req-98f8b0be-60aa-4edd-93aa-b623e4ae4896 0f499f90ee8a411898c94bcff27cde0a 3091120c5a544b84b16aef438bffa03a - - default default] http://10.0.0.197:8776/ returned with HTTP 300 /var/lib/openstack/lib/python3.10/site-packages/pycadf/identifier.py:71: UserWarning: Invalid uuid: cinderv3. To ensure interoperability, identifiers should be a valid uuid. warnings.warn(('Invalid uuid: %s. To ensure interoperability, '
2026-06-28 21:08:40.577 7 INFO cinder.api.openstack.wsgi [req-6690f5dc-bd6f-45b4-bb75-33a0396de5ac req-67491c87-240a-47e1-b9c1-780feb624029 0f499f90ee8a411898c94bcff27cde0a 3091120c5a544b84b16aef438bffa03a - - default default] DELETE http://cinder-api.openstack.svc.cluster.local:8776/v3/3091120c5a544b84b16aef438bffa03a/attachments/7ffc1393-84ac-4732-b333-7ca9810b1601 /var/lib/openstack/lib/python3.10/site-packages/oslo_context/context.py:100: DeprecationWarning: Policy enforcement is depending on the value of is_admin. This key is deprecated. Please update your policy file to use the standard policy values. warnings.warn('Policy enforcement is depending on the value of '
2026-06-28 21:08:40.684 7 INFO cinder.api.openstack.wsgi [req-6690f5dc-bd6f-45b4-bb75-33a0396de5ac req-67491c87-240a-47e1-b9c1-780feb624029 0f499f90ee8a411898c94bcff27cde0a 3091120c5a544b84b16aef438bffa03a - - default default] http://cinder-api.openstack.svc.cluster.local:8776/v3/3091120c5a544b84b16aef438bffa03a/attachments/7ffc1393-84ac-4732-b333-7ca9810b1601 returned with HTTP 200 [pid: 7|app: 0|req: 376/746] 199.204.45.72 () {38 vars in 1102 bytes} [Sun Jun 28 21:08:40 2026] DELETE /v3/3091120c5a544b84b16aef438bffa03a/attachments/7ffc1393-84ac-4732-b333-7ca9810b1601 => generated 19 bytes in 116 msecs (HTTP/1.1 200) 7 headers in 285 bytes (1 switches on core 0) /var/lib/openstack/lib/python3.10/site-packages/pycadf/identifier.py:71: UserWarning: Invalid uuid: cinderv3. To ensure interoperability, identifiers should be a valid uuid. warnings.warn(('Invalid uuid: %s. To ensure interoperability, '
2026-06-28 21:08:40.706 8 INFO cinder.api.openstack.wsgi [req-6690f5dc-bd6f-45b4-bb75-33a0396de5ac req-366b9fd6-777a-410f-828b-2bf4c3789bfb 0f499f90ee8a411898c94bcff27cde0a 3091120c5a544b84b16aef438bffa03a - - default default] DELETE http://cinder-api.openstack.svc.cluster.local:8776/v3/3091120c5a544b84b16aef438bffa03a/volumes/87bb78db-0c7e-444e-84a9-d564986c5934
2026-06-28 21:08:40.707 8 INFO cinder.api.v3.volumes [req-6690f5dc-bd6f-45b4-bb75-33a0396de5ac req-366b9fd6-777a-410f-828b-2bf4c3789bfb 0f499f90ee8a411898c94bcff27cde0a 3091120c5a544b84b16aef438bffa03a - - default default] Delete volume with id: 87bb78db-0c7e-444e-84a9-d564986c5934  /var/lib/openstack/lib/python3.10/site-packages/oslo_context/context.py:100: DeprecationWarning: Policy enforcement is depending on the value of is_admin. This key is deprecated. Please update your policy file to use the standard policy values. warnings.warn('Policy enforcement is depending on the value of '
2026-06-28 21:08:40.723 8 INFO cinder.volume.api [req-6690f5dc-bd6f-45b4-bb75-33a0396de5ac req-366b9fd6-777a-410f-828b-2bf4c3789bfb 0f499f90ee8a411898c94bcff27cde0a 3091120c5a544b84b16aef438bffa03a - - default default] Volume info retrieved successfully.
2026-06-28 21:08:40.779 8 INFO cinder.volume.api [req-6690f5dc-bd6f-45b4-bb75-33a0396de5ac req-366b9fd6-777a-410f-828b-2bf4c3789bfb 0f499f90ee8a411898c94bcff27cde0a 3091120c5a544b84b16aef438bffa03a - - default default] Delete volume request issued successfully.
2026-06-28 21:08:40.779 8 INFO cinder.api.openstack.wsgi [req-6690f5dc-bd6f-45b4-bb75-33a0396de5ac req-366b9fd6-777a-410f-828b-2bf4c3789bfb 0f499f90ee8a411898c94bcff27cde0a 3091120c5a544b84b16aef438bffa03a - - default default] http://cinder-api.openstack.svc.cluster.local:8776/v3/3091120c5a544b84b16aef438bffa03a/volumes/87bb78db-0c7e-444e-84a9-d564986c5934 returned with HTTP 202 [pid: 8|app: 0|req: 371/747] 199.204.45.72 () {36 vars in 1053 bytes} [Sun Jun 28 21:08:40 2026] DELETE /v3/3091120c5a544b84b16aef438bffa03a/volumes/87bb78db-0c7e-444e-84a9-d564986c5934 => generated 0 bytes in 87 msecs (HTTP/1.1 202) 6 headers in 233 bytes (1 switches on core 0) /var/lib/openstack/lib/python3.10/site-packages/pycadf/identifier.py:71: UserWarning: Invalid uuid: cinderv3. To ensure interoperability, identifiers should be a valid uuid. warnings.warn(('Invalid uuid: %s. To ensure interoperability, '
2026-06-28 21:08:48.089 7 INFO cinder.api.openstack.wsgi [None req-15261ca6-eb93-4d48-8445-96750b2ce787 df65b829c94144818f32595cf3ba133a b64cbd2abe694663b863939082c1741f - - default default] GET http://cinder-api.openstack.svc.cluster.local:8776/v3/b64cbd2abe694663b863939082c1741f/scheduler-stats/get_pools?detail=true /var/lib/openstack/lib/python3.10/site-packages/oslo_context/context.py:100: DeprecationWarning: Policy enforcement is depending on the value of is_admin. This key is deprecated. Please update your policy file to use the standard policy values. warnings.warn('Policy enforcement is depending on the value of '
2026-06-28 21:08:48.123 7 INFO cinder.api.openstack.wsgi [None req-15261ca6-eb93-4d48-8445-96750b2ce787 df65b829c94144818f32595cf3ba133a b64cbd2abe694663b863939082c1741f - - default default] http://cinder-api.openstack.svc.cluster.local:8776/v3/b64cbd2abe694663b863939082c1741f/scheduler-stats/get_pools?detail=true returned with HTTP 200 [pid: 7|app: 0|req: 377/748] 10.0.0.80 () {28 vars in 695 bytes} [Sun Jun 28 21:08:47 2026] GET /v3/b64cbd2abe694663b863939082c1741f/scheduler-stats/get_pools?detail=true => generated 670 bytes in 251 msecs (HTTP/1.1 200) 7 headers in 285 bytes (1 switches on core 0) /var/lib/openstack/lib/python3.10/site-packages/pycadf/identifier.py:71: UserWarning: Invalid uuid: cinderv3. To ensure interoperability, identifiers should be a valid uuid. warnings.warn(('Invalid uuid: %s. To ensure interoperability, '
2026-06-28 21:08:48.173 8 INFO cinder.api.openstack.wsgi [None req-c858cdfe-5651-44b7-8583-8629eaa739d6 df65b829c94144818f32595cf3ba133a b64cbd2abe694663b863939082c1741f - - default default] GET http://cinder-api.openstack.svc.cluster.local:8776/v3/b64cbd2abe694663b863939082c1741f/os-quota-sets/340a8b9ec17840f2b559788587da0481?usage=true
