2026-02-26 06:16:01.012 9 INFO neutron.plugins.ml2.plugin [None req-bf66270d-c1f6-4a6a-ac8e-2b205b7be79b - - - - - -] Attempt 1 to provision port 0720db0f-9dcd-4600-8c2d-dcc118cb63c0
2026-02-26 06:16:04.131 9 INFO neutron.plugins.ml2.plugin [None req-b9974746-3228-45d4-a832-2430efce5535 - - - - - -] Attempt 1 to provision port 07c969a8-7f78-4619-948c-00593c8e305d
2026-02-26 06:16:07.053 10 INFO neutron.plugins.ml2.plugin [None req-bf66270d-c1f6-4a6a-ac8e-2b205b7be79b - - - - - -] Attempt 1 to provision port 3ce566c3-0aa8-47fa-a0d8-be7c9c6ac31c
2026-02-26 06:16:07.452 10 INFO neutron.plugins.ml2.plugin [None req-bf66270d-c1f6-4a6a-ac8e-2b205b7be79b - - - - - -] Attempt 1 to provision port 2b9e46b2-51fd-40e7-8c15-cc9e736c5df7
2026-02-26 06:16:07.952 9 INFO neutron.plugins.ml2.plugin [None req-f531cf69-0a2c-47e0-a481-5fb248e54e62 - - - - - -] Attempt 1 to provision port 2b9e46b2-51fd-40e7-8c15-cc9e736c5df7
2026-02-26 06:16:09.062 10 INFO neutron.plugins.ml2.plugin [None req-0705bbb9-d3b5-4d99-9af6-0fa628d31f5b - - - - - -] Attempt 1 to provision port 2b9e46b2-51fd-40e7-8c15-cc9e736c5df7
2026-02-26 06:16:09.128 10 INFO neutron.plugins.ml2.plugin [None req-0705bbb9-d3b5-4d99-9af6-0fa628d31f5b - - - - - -] Attempt 1 to provision port 170d3a86-05f5-413e-ba13-0763a0324471
2026-02-26 06:16:09.659 10 INFO neutron.plugins.ml2.plugin [None req-bf66270d-c1f6-4a6a-ac8e-2b205b7be79b - - - - - -] Attempt 1 to provision port 3ce566c3-0aa8-47fa-a0d8-be7c9c6ac31c
2026-02-26 06:16:09.916 10 INFO neutron.plugins.ml2.plugin [None req-bf66270d-c1f6-4a6a-ac8e-2b205b7be79b - - - - - -] Attempt 1 to provision port cc037049-f181-4dc4-9ce2-fa6567a9be49
2026-02-26 06:16:09.964 10 INFO neutron.plugins.ml2.plugin [None req-1210b98c-d73c-474a-8d18-f6f2a6732c49 - - - - - -] Attempt 1 to provision port 170d3a86-05f5-413e-ba13-0763a0324471
2026-02-26 06:16:10.069 10 INFO neutron.notifiers.nova [-] Nova event matching ['req-a5ef329e-0b1c-4508-b2e1-12ed1e4d9ea3'] response: {'server_uuid': 'd3d8a9ee-154a-4bea-9757-4ade53e5c1ce', 'name': 'network-vif-plugged', 'status': 'completed', 'tag': 'cc037049-f181-4dc4-9ce2-fa6567a9be49', 'code': 200}
2026-02-26 06:16:10.430 10 INFO neutron.plugins.ml2.plugin [None req-bf66270d-c1f6-4a6a-ac8e-2b205b7be79b - - - - - -] Attempt 1 to provision port 2b9e46b2-51fd-40e7-8c15-cc9e736c5df7
2026-02-26 06:16:10.677 9 INFO neutron.plugins.ml2.plugin [None req-87c7e4c7-d34b-40e8-8a78-573e2ad6ece7 - - - - - -] Attempt 1 to provision port 170d3a86-05f5-413e-ba13-0763a0324471
2026-02-26 06:16:11.274 10 INFO neutron.plugins.ml2.plugin [None req-bf66270d-c1f6-4a6a-ac8e-2b205b7be79b - - - - - -] Attempt 1 to provision port cc037049-f181-4dc4-9ce2-fa6567a9be49
2026-02-26 06:16:15.214 10 INFO neutron.plugins.ml2.plugin [None req-bf66270d-c1f6-4a6a-ac8e-2b205b7be79b - - - - - -] Attempt 1 to provision port 795b7832-20d0-4d2d-8d05-32d7252a3a2f
2026-02-26 06:16:15.479 10 INFO neutron.plugins.ml2.plugin [None req-bf66270d-c1f6-4a6a-ac8e-2b205b7be79b - - - - - -] Attempt 1 to provision port f1faa238-dc5c-436e-9ab5-724e4e94be69
2026-02-26 06:16:17.843 9 INFO neutron.plugins.ml2.plugin [None req-bf66270d-c1f6-4a6a-ac8e-2b205b7be79b - - - - - -] Attempt 1 to provision port f1faa238-dc5c-436e-9ab5-724e4e94be69
2026-02-26 06:16:18.022 9 INFO neutron.plugins.ml2.plugin [None req-bf66270d-c1f6-4a6a-ac8e-2b205b7be79b - - - - - -] Attempt 1 to provision port 48ed02ec-610e-4757-a906-7ea0b2ce26fd
2026-02-26 06:16:18.308 10 INFO neutron.plugins.ml2.plugin [None req-6c0298a0-abfd-4104-9fea-6bb2960af875 - - - - - -] Attempt 1 to provision port 780d4519-d5bd-4458-aa7e-b2d41ab0795e
2026-02-26 06:16:18.439 9 INFO neutron.plugins.ml2.plugin [None req-bf66270d-c1f6-4a6a-ac8e-2b205b7be79b - - - - - -] Attempt 1 to provision port 7b0f97c9-8a29-46b7-949d-48378c662bf6
2026-02-26 06:16:18.547 9 INFO neutron.notifiers.nova [-] Nova event matching ['req-1a5d74d4-63a0-4a75-9a74-18e6aab154d8'] response: {'server_uuid': '8cd36f87-2c4a-452c-872e-b583eba5c102', 'name': 'network-vif-plugged', 'status': 'completed', 'tag': '7b0f97c9-8a29-46b7-949d-48378c662bf6', 'code': 200}
2026-02-26 06:16:18.802 9 INFO neutron.plugins.ml2.plugin [None req-bf66270d-c1f6-4a6a-ac8e-2b205b7be79b - - - - - -] Attempt 1 to provision port 795b7832-20d0-4d2d-8d05-32d7252a3a2f
2026-02-26 06:16:19.005 10 INFO neutron.plugins.ml2.plugin [None req-9e4a289d-420d-492d-87ec-b00cc451e099 - - - - - -] Attempt 1 to provision port 48ed02ec-610e-4757-a906-7ea0b2ce26fd
2026-02-26 06:16:19.019 9 INFO neutron.plugins.ml2.plugin [None req-bf66270d-c1f6-4a6a-ac8e-2b205b7be79b - - - - - -] Attempt 1 to provision port 780d4519-d5bd-4458-aa7e-b2d41ab0795e
2026-02-26 06:16:19.482 10 INFO neutron.plugins.ml2.plugin [None req-bf66270d-c1f6-4a6a-ac8e-2b205b7be79b - - - - - -] Attempt 1 to provision port 48ed02ec-610e-4757-a906-7ea0b2ce26fd
2026-02-26 06:16:19.709 9 INFO neutron.plugins.ml2.plugin [None req-3cb43264-9ba2-4991-a10e-e7ac2f2c1884 - - - - - -] Attempt 1 to provision port 780d4519-d5bd-4458-aa7e-b2d41ab0795e
2026-02-26 06:16:19.721 10 INFO neutron.plugins.ml2.plugin [None req-bf66270d-c1f6-4a6a-ac8e-2b205b7be79b - - - - - -] Attempt 1 to provision port 780d4519-d5bd-4458-aa7e-b2d41ab0795e
2026-02-26 06:16:19.776 9 INFO neutron.plugins.ml2.plugin [None req-3cb43264-9ba2-4991-a10e-e7ac2f2c1884 - - - - - -] Attempt 1 to provision port fe3d4d9f-c7ef-427c-9e66-cce530646dad
2026-02-26 06:16:19.810 9 INFO neutron.plugins.ml2.plugin [None req-3cb43264-9ba2-4991-a10e-e7ac2f2c1884 - - - - - -] Attempt 1 to provision port 48ed02ec-610e-4757-a906-7ea0b2ce26fd
2026-02-26 06:16:19.953 10 INFO neutron.plugins.ml2.plugin [None req-bf66270d-c1f6-4a6a-ac8e-2b205b7be79b - - - - - -] Attempt 1 to provision port 7b0f97c9-8a29-46b7-949d-48378c662bf6
2026-02-26 06:16:20.411 9 INFO neutron.plugins.ml2.plugin [None req-964f1fa7-0162-4bc2-8b63-e372bad8311b - - - - - -] Attempt 1 to provision port fe3d4d9f-c7ef-427c-9e66-cce530646dad
2026-02-26 06:16:23.449 10 INFO neutron.plugins.ml2.plugin [None req-bf66270d-c1f6-4a6a-ac8e-2b205b7be79b - - - - - -] Attempt 1 to provision port 07c969a8-7f78-4619-948c-00593c8e305d
2026-02-26 06:16:23.708 10 INFO neutron.plugins.ml2.plugin [None req-bf66270d-c1f6-4a6a-ac8e-2b205b7be79b - - - - - -] Attempt 1 to provision port 170d3a86-05f5-413e-ba13-0763a0324471
2026-02-26 06:16:25.548 10 INFO neutron.plugins.ml2.plugin [None req-bf66270d-c1f6-4a6a-ac8e-2b205b7be79b - - - - - -] Attempt 1 to provision port 27ac3aef-1733-4a0f-969a-efbb57c5ad7a
2026-02-26 06:16:25.889 10 INFO neutron.plugins.ml2.plugin [None req-bf66270d-c1f6-4a6a-ac8e-2b205b7be79b - - - - - -] Attempt 1 to provision port 07c969a8-7f78-4619-948c-00593c8e305d
2026-02-26 06:16:26.019 10 INFO neutron.plugins.ml2.plugin [None req-bf66270d-c1f6-4a6a-ac8e-2b205b7be79b - - - - - -] Attempt 1 to provision port 170d3a86-05f5-413e-ba13-0763a0324471
2026-02-26 06:16:26.346 10 INFO neutron.plugins.ml2.plugin [None req-0160a9ee-99a0-49b5-b462-4e2d84b5eb40 - - - - - -] Attempt 1 to provision port 27ac3aef-1733-4a0f-969a-efbb57c5ad7a
2026-02-26 06:16:27.590 9 INFO neutron.plugins.ml2.plugin [None req-bf66270d-c1f6-4a6a-ac8e-2b205b7be79b - - - - - -] Attempt 1 to provision port 27ac3aef-1733-4a0f-969a-efbb57c5ad7a
2026-02-26 06:16:27.757 10 INFO neutron.plugins.ml2.plugin [None req-f5815e63-52bb-4fba-ba39-c466ddda039e - - - - - -] Attempt 1 to provision port 27ac3aef-1733-4a0f-969a-efbb57c5ad7a
2026-02-26 06:16:30.976 10 INFO neutron.plugins.ml2.plugin [None req-0c471c37-80c2-4ca8-a9b7-63aae702ae64 - - - - - -] Attempt 1 to provision port 2184baf6-2cdd-44b8-a341-1da445f62692
2026-02-26 06:16:31.496 9 INFO neutron.plugins.ml2.plugin [None req-bf66270d-c1f6-4a6a-ac8e-2b205b7be79b - - - - - -] Attempt 1 to provision port 2184baf6-2cdd-44b8-a341-1da445f62692
2026-02-26 06:16:32.285 9 INFO neutron.plugins.ml2.plugin [None req-7501f5d9-1174-421a-b241-4cfa765db82e - - - - - -] Attempt 1 to provision port 2184baf6-2cdd-44b8-a341-1da445f62692
2026-02-26 06:16:34.300 9 INFO neutron.plugins.ml2.plugin [None req-46451b75-889a-499f-9e88-eecbd3668fc6 - - - - - -] Attempt 1 to provision port 58a4e45a-d49c-4306-9383-c3e8d0d23bea
2026-02-26 06:16:35.729 10 INFO neutron.notifiers.nova [-] Nova event matching ['req-24290a2a-6fcf-4aa3-acdf-355890256d69'] response: {'server_uuid': 'd3d8a9ee-154a-4bea-9757-4ade53e5c1ce', 'name': 'network-vif-unplugged', 'status': 'completed', 'tag': 'cc037049-f181-4dc4-9ce2-fa6567a9be49', 'code': 200}
2026-02-26 06:16:37.531 10 INFO neutron.plugins.ml2.plugin [None req-bf66270d-c1f6-4a6a-ac8e-2b205b7be79b - - - - - -] Attempt 1 to provision port cc037049-f181-4dc4-9ce2-fa6567a9be49
2026-02-26 06:16:37.767 10 INFO neutron.notifiers.nova [-] Nova event matching ['req-52c9d3f5-dd2e-4422-9edc-272f94645c9b'] response: {'server_uuid': 'd3d8a9ee-154a-4bea-9757-4ade53e5c1ce', 'name': 'network-vif-plugged', 'status': 'completed', 'tag': 'cc037049-f181-4dc4-9ce2-fa6567a9be49', 'code': 200}
2026-02-26 06:16:39.421 9 INFO neutron.plugins.ml2.plugin [None req-bf66270d-c1f6-4a6a-ac8e-2b205b7be79b - - - - - -] Attempt 1 to provision port cc037049-f181-4dc4-9ce2-fa6567a9be49
2026-02-26 06:16:40.624 9 INFO neutron.plugins.ml2.plugin [None req-c3c5d89e-5458-45ca-ad4c-4996007f72bf - - - - - -] Attempt 1 to provision port 454e1ccd-edff-4d55-8376-30db0ea116a3
2026-02-26 06:16:41.440 9 INFO neutron.plugins.ml2.plugin [None req-bf66270d-c1f6-4a6a-ac8e-2b205b7be79b - - - - - -] Attempt 1 to provision port bbbf17d3-50bd-41eb-a5d7-9a80aaed025b
2026-02-26 06:16:41.531 9 INFO neutron.plugins.ml2.plugin [None req-39471790-6bb5-4345-a896-770479526109 - - - - - -] Attempt 1 to provision port bbbf17d3-50bd-41eb-a5d7-9a80aaed025b
2026-02-26 06:16:42.834 10 INFO neutron.plugins.ml2.plugin [None req-c3895f85-a7d3-4a2c-9c06-7a5574a82fe1 - - - - - -] Attempt 1 to provision port bbbf17d3-50bd-41eb-a5d7-9a80aaed025b
2026-02-26 06:16:43.498 10 INFO neutron.plugins.ml2.plugin [None req-bf66270d-c1f6-4a6a-ac8e-2b205b7be79b - - - - - -] Attempt 1 to provision port bbbf17d3-50bd-41eb-a5d7-9a80aaed025b
2026-02-26 06:16:43.540 9 INFO neutron.plugins.ml2.plugin [None req-abb5fa5a-b4e3-4db0-85e5-a640dbdbfffd - - - - - -] Attempt 1 to provision port d1085665-8427-402c-8db2-6b7427e1f917
2026-02-26 06:16:43.758 10 INFO neutron.plugins.ml2.plugin [None req-bf66270d-c1f6-4a6a-ac8e-2b205b7be79b - - - - - -] Attempt 1 to provision port f9ff052f-3c86-4326-a4bd-36311ce2a455
2026-02-26 06:16:44.246 10 INFO neutron.plugins.ml2.plugin [None req-3faed0dc-4b16-4e33-8c56-a164750a7edc - - - - - -] Attempt 1 to provision port d1085665-8427-402c-8db2-6b7427e1f917
2026-02-26 06:16:45.433 9 INFO neutron.plugins.ml2.plugin [None req-bf66270d-c1f6-4a6a-ac8e-2b205b7be79b - - - - - -] Attempt 1 to provision port f9ff052f-3c86-4326-a4bd-36311ce2a455
2026-02-26 06:16:53.971 10 INFO neutron.plugins.ml2.plugin [None req-bf66270d-c1f6-4a6a-ac8e-2b205b7be79b - - - - - -] Attempt 1 to provision port 71f6e4d0-fbad-43da-ad46-41f0f96495f4
2026-02-26 06:16:54.076 10 INFO neutron.notifiers.nova [-] Nova event matching ['req-2528bbd6-fa7d-4cc3-8204-96b856e824ad'] response: {'server_uuid': '386c8561-1cbf-4092-bc80-e383d5c0a0cb', 'name': 'network-vif-plugged', 'status': 'completed', 'tag': '71f6e4d0-fbad-43da-ad46-41f0f96495f4', 'code': 200}
2026-02-26 06:16:55.008 9 INFO neutron.plugins.ml2.plugin [None req-79f8fe26-0633-461d-bc7c-65b7fb245d54 - - - - - -] Attempt 1 to provision port 049f598e-4a4e-441f-9f2c-026fd4053fd7
2026-02-26 06:16:56.318 10 INFO neutron.plugins.ml2.plugin [None req-f5f543dd-602e-4805-b484-0aa19cc74974 - - - - - -] Attempt 1 to provision port 6c81fe49-4f84-4858-9aab-77a76d9472de
2026-02-26 06:16:56.685 9 INFO neutron.plugins.ml2.plugin [None req-bf66270d-c1f6-4a6a-ac8e-2b205b7be79b - - - - - -] Attempt 1 to provision port 71f6e4d0-fbad-43da-ad46-41f0f96495f4
2026-02-26 06:16:56.900 9 INFO neutron.plugins.ml2.plugin [None req-bf66270d-c1f6-4a6a-ac8e-2b205b7be79b - - - - - -] Attempt 1 to provision port 6c81fe49-4f84-4858-9aab-77a76d9472de
2026-02-26 06:16:57.133 9 INFO neutron.plugins.ml2.plugin [None req-bf66270d-c1f6-4a6a-ac8e-2b205b7be79b - - - - - -] Attempt 1 to provision port 65c195db-3371-4602-872f-a2b6f55071ce
2026-02-26 06:16:57.264 9 INFO neutron.notifiers.nova [-] Nova event matching ['req-4cbde32b-5ad7-4d60-b212-c7747759281c'] response: {'server_uuid': '0db13a86-1bc1-49d0-a7ee-447cd63fcf54', 'name': 'network-vif-plugged', 'status': 'completed', 'tag': '65c195db-3371-4602-872f-a2b6f55071ce', 'code': 200}
2026-02-26 06:16:57.620 10 INFO neutron.plugins.ml2.plugin [None req-3389e344-32db-4650-8670-c7d27cff4b83 - - - - - -] Attempt 1 to provision port 6c81fe49-4f84-4858-9aab-77a76d9472de
2026-02-26 06:16:57.670 10 INFO neutron.plugins.ml2.plugin [None req-3389e344-32db-4650-8670-c7d27cff4b83 - - - - - -] Attempt 1 to provision port 991e361c-3c7c-4343-ac32-49a215b243d6
2026-02-26 06:16:57.865 9 INFO neutron.plugins.ml2.plugin [None req-bf66270d-c1f6-4a6a-ac8e-2b205b7be79b - - - - - -] Attempt 1 to provision port d157a850-eec2-4db0-a080-35950285e173
2026-02-26 06:16:58.286 9 INFO neutron.plugins.ml2.plugin [None req-bf66270d-c1f6-4a6a-ac8e-2b205b7be79b - - - - - -] Attempt 1 to provision port 6c81fe49-4f84-4858-9aab-77a76d9472de
2026-02-26 06:16:58.345 10 INFO neutron.plugins.ml2.plugin [None req-31574415-8419-46fb-a8f2-eeb234bf31ba - - - - - -] Attempt 1 to provision port 991e361c-3c7c-4343-ac32-49a215b243d6
2026-02-26 06:16:58.601 9 INFO neutron.plugins.ml2.plugin [None req-bf66270d-c1f6-4a6a-ac8e-2b205b7be79b - - - - - -] Attempt 1 to provision port 65c195db-3371-4602-872f-a2b6f55071ce
2026-02-26 06:16:59.032 9 INFO neutron.plugins.ml2.plugin [None req-d3f4cfcf-eea1-450f-b27d-56c3e63adc5b - - - - - -] Attempt 1 to provision port 991e361c-3c7c-4343-ac32-49a215b243d6
2026-02-26 06:16:59.851 10 INFO neutron.plugins.ml2.plugin [None req-bf66270d-c1f6-4a6a-ac8e-2b205b7be79b - - - - - -] Attempt 1 to provision port d157a850-eec2-4db0-a080-35950285e173
2026-02-26 06:17:00.142 9 INFO neutron.plugins.ml2.plugin [None req-4944944d-3ea2-417b-9b97-b2340157d4e7 - - - - - -] Attempt 1 to provision port 1084867e-e54d-4559-a90d-d24309bf2eaa
2026-02-26 06:17:01.253 9 INFO neutron.plugins.ml2.plugin [None req-f07bb770-195a-49fc-b801-aad0742b485c - - - - - -] Attempt 1 to provision port 55e419c5-064b-46b3-9eb1-33805769b154
2026-02-26 06:17:02.157 10 INFO neutron.plugins.ml2.plugin [None req-bf66270d-c1f6-4a6a-ac8e-2b205b7be79b - - - - - -] Attempt 1 to provision port eb3bc188-32cc-4de2-b116-857be9cf75b6
2026-02-26 06:17:02.543 10 INFO neutron.plugins.ml2.plugin [None req-bf66270d-c1f6-4a6a-ac8e-2b205b7be79b - - - - - -] Attempt 1 to provision port 55e419c5-064b-46b3-9eb1-33805769b154
2026-02-26 06:17:02.555 10 INFO neutron.plugins.ml2.plugin [None req-babcdf4f-3f88-49e3-a3e4-7a21220da47e - - - - - -] Attempt 1 to provision port a8f4b102-a1af-4d2f-9431-0d459928eb1d
2026-02-26 06:17:02.585 10 INFO neutron.plugins.ml2.plugin [None req-babcdf4f-3f88-49e3-a3e4-7a21220da47e - - - - - -] Attempt 1 to provision port 55e419c5-064b-46b3-9eb1-33805769b154
2026-02-26 06:17:03.358 9 INFO neutron.plugins.ml2.plugin [None req-7af8f8e6-3155-47ad-91e8-4b686fb1b34e - - - - - -] Attempt 1 to provision port a8f4b102-a1af-4d2f-9431-0d459928eb1d
2026-02-26 06:17:03.853 10 INFO neutron.plugins.ml2.plugin [None req-bf66270d-c1f6-4a6a-ac8e-2b205b7be79b - - - - - -] Attempt 1 to provision port eb3bc188-32cc-4de2-b116-857be9cf75b6
2026-02-26 06:17:04.175 9 INFO neutron.plugins.ml2.plugin [None req-4a2a445a-265e-4884-93eb-e392e0f26c9e - - - - - -] Attempt 1 to provision port a8f4b102-a1af-4d2f-9431-0d459928eb1d
2026-02-26 06:17:05.828 9 INFO neutron.plugins.ml2.plugin [None req-bf66270d-c1f6-4a6a-ac8e-2b205b7be79b - - - - - -] Attempt 1 to provision port 454e1ccd-edff-4d55-8376-30db0ea116a3
2026-02-26 06:17:06.217 9 INFO neutron.plugins.ml2.plugin [None req-bf66270d-c1f6-4a6a-ac8e-2b205b7be79b - - - - - -] Attempt 1 to provision port d1085665-8427-402c-8db2-6b7427e1f917
2026-02-26 06:17:07.816 9 INFO neutron.plugins.ml2.plugin [None req-bf66270d-c1f6-4a6a-ac8e-2b205b7be79b - - - - - -] Attempt 1 to provision port d1085665-8427-402c-8db2-6b7427e1f917
2026-02-26 06:17:08.042 9 INFO neutron.plugins.ml2.plugin [None req-bf66270d-c1f6-4a6a-ac8e-2b205b7be79b - - - - - -] Attempt 1 to provision port 454e1ccd-edff-4d55-8376-30db0ea116a3
2026-02-26 06:17:14.223 9 INFO neutron.plugins.ml2.plugin [None req-bf2d6235-0979-41f4-9836-8b010ba61314 - - - - - -] Attempt 1 to provision port 3baa93ff-3ed7-4341-84c8-7d78a8d7207f
2026-02-26 06:17:16.900 10 INFO neutron.plugins.ml2.plugin [None req-bf66270d-c1f6-4a6a-ac8e-2b205b7be79b - - - - - -] Attempt 1 to provision port a5008fc1-1c37-45d4-a8b6-b0ea4a7cd8f3
2026-02-26 06:17:17.024 10 INFO neutron.notifiers.nova [-] Nova event matching ['req-5fac84ad-8a3c-44e1-8971-234fae40d382'] response: {'server_uuid': '0cbf9065-643d-4ef6-b02d-f00c823b40aa', 'name': 'network-vif-plugged', 'status': 'completed', 'tag': 'a5008fc1-1c37-45d4-a8b6-b0ea4a7cd8f3', 'code': 200}
2026-02-26 06:17:17.951 9 INFO neutron.plugins.ml2.plugin [None req-bf66270d-c1f6-4a6a-ac8e-2b205b7be79b - - - - - -] Attempt 1 to provision port 049f598e-4a4e-441f-9f2c-026fd4053fd7
2026-02-26 06:17:18.268 9 INFO neutron.plugins.ml2.plugin [None req-bf66270d-c1f6-4a6a-ac8e-2b205b7be79b - - - - - -] Attempt 1 to provision port a5008fc1-1c37-45d4-a8b6-b0ea4a7cd8f3
2026-02-26 06:17:18.459 9 INFO neutron.plugins.ml2.plugin [None req-bf66270d-c1f6-4a6a-ac8e-2b205b7be79b - - - - - -] Attempt 1 to provision port 991e361c-3c7c-4343-ac32-49a215b243d6
2026-02-26 06:17:19.851 9 INFO neutron.plugins.ml2.plugin [None req-bf66270d-c1f6-4a6a-ac8e-2b205b7be79b - - - - - -] Attempt 1 to provision port 049f598e-4a4e-441f-9f2c-026fd4053fd7
2026-02-26 06:17:20.057 9 INFO neutron.plugins.ml2.plugin [None req-bf66270d-c1f6-4a6a-ac8e-2b205b7be79b - - - - - -] Attempt 1 to provision port 991e361c-3c7c-4343-ac32-49a215b243d6
2026-02-26 06:17:21.772 9 INFO neutron.plugins.ml2.plugin [None req-bf66270d-c1f6-4a6a-ac8e-2b205b7be79b - - - - - -] Attempt 1 to provision port 1084867e-e54d-4559-a90d-d24309bf2eaa
2026-02-26 06:17:22.022 9 INFO neutron.plugins.ml2.plugin [None req-bf66270d-c1f6-4a6a-ac8e-2b205b7be79b - - - - - -] Attempt 1 to provision port a8f4b102-a1af-4d2f-9431-0d459928eb1d
2026-02-26 06:17:23.975 9 INFO neutron.plugins.ml2.plugin [None req-bf66270d-c1f6-4a6a-ac8e-2b205b7be79b - - - - - -] Attempt 1 to provision port 1084867e-e54d-4559-a90d-d24309bf2eaa
2026-02-26 06:17:24.144 9 INFO neutron.plugins.ml2.plugin [None req-bf66270d-c1f6-4a6a-ac8e-2b205b7be79b - - - - - -] Attempt 1 to provision port a8f4b102-a1af-4d2f-9431-0d459928eb1d
2026-02-26 06:17:43.928 9 INFO neutron.plugins.ml2.plugin [None req-bf66270d-c1f6-4a6a-ac8e-2b205b7be79b - - - - - -] Attempt 1 to provision port 5c96f0be-64f5-4623-9fff-655929f5dd15
2026-02-26 06:17:45.643 10 INFO neutron.plugins.ml2.plugin [None req-2216c003-1d35-4f46-8bc3-7d475644f168 - - - - - -] Attempt 1 to provision port 5c96f0be-64f5-4623-9fff-655929f5dd15
2026-02-26 06:17:45.872 9 INFO neutron.plugins.ml2.plugin [None req-bf66270d-c1f6-4a6a-ac8e-2b205b7be79b - - - - - -] Attempt 1 to provision port a771edba-6750-414c-9442-40a3e83a37a3
2026-02-26 06:17:46.332 9 INFO neutron.plugins.ml2.plugin [None req-bf66270d-c1f6-4a6a-ac8e-2b205b7be79b - - - - - -] Attempt 1 to provision port 5c96f0be-64f5-4623-9fff-655929f5dd15
2026-02-26 06:17:46.357 10 INFO neutron.plugins.ml2.plugin [None req-7ae3c692-7a8a-4cb2-8d49-5b7d5a48ae56 - - - - - -] Attempt 1 to provision port 5c96f0be-64f5-4623-9fff-655929f5dd15
2026-02-26 06:17:46.409 10 INFO neutron.plugins.ml2.plugin [None req-7ae3c692-7a8a-4cb2-8d49-5b7d5a48ae56 - - - - - -] Attempt 1 to provision port 3fcc2515-8e0c-44f5-b653-76aa88e4b298
2026-02-26 06:17:47.063 10 INFO neutron.plugins.ml2.plugin [None req-64bd249d-b929-4fe0-a7c6-b76ab7932ab5 - - - - - -] Attempt 1 to provision port a771edba-6750-414c-9442-40a3e83a37a3
2026-02-26 06:17:47.130 10 INFO neutron.plugins.ml2.plugin [None req-64bd249d-b929-4fe0-a7c6-b76ab7932ab5 - - - - - -] Attempt 1 to provision port 3fcc2515-8e0c-44f5-b653-76aa88e4b298
2026-02-26 06:17:47.770 10 INFO neutron.plugins.ml2.plugin [None req-e5d00b8a-b33d-4b4b-ae3f-f54150eae42a - - - - - -] Attempt 1 to provision port a771edba-6750-414c-9442-40a3e83a37a3
2026-02-26 06:17:47.780 9 INFO neutron.plugins.ml2.plugin [None req-bf66270d-c1f6-4a6a-ac8e-2b205b7be79b - - - - - -] Attempt 1 to provision port a771edba-6750-414c-9442-40a3e83a37a3
2026-02-26 06:17:51.765 9 INFO neutron.plugins.ml2.plugin [None req-bf66270d-c1f6-4a6a-ac8e-2b205b7be79b - - - - - -] Attempt 1 to provision port 6901f6d3-8fe5-4553-b7b0-d35ca4997a17
2026-02-26 06:17:53.196 9 INFO neutron.plugins.ml2.plugin [None req-497017bd-08bc-4635-89d0-6c0b49bc3c72 - - - - - -] Attempt 1 to provision port 6901f6d3-8fe5-4553-b7b0-d35ca4997a17
2026-02-26 06:17:53.812 10 INFO neutron.plugins.ml2.plugin [None req-bf66270d-c1f6-4a6a-ac8e-2b205b7be79b - - - - - -] Attempt 1 to provision port 6901f6d3-8fe5-4553-b7b0-d35ca4997a17
2026-02-26 06:17:54.096 9 INFO neutron.plugins.ml2.plugin [None req-49c23462-5310-464c-ad61-03c201382f23 - - - - - -] Attempt 1 to provision port 6901f6d3-8fe5-4553-b7b0-d35ca4997a17
2026-02-26 06:17:57.313 10 INFO neutron.plugins.ml2.plugin [None req-122c5679-a1d7-4db4-99c2-ab91d03dee98 - - - - - -] Attempt 1 to provision port da4a54cd-23bf-4365-b25c-2e33d8d19f12
2026-02-26 06:17:57.820 9 INFO neutron.plugins.ml2.plugin [None req-bf66270d-c1f6-4a6a-ac8e-2b205b7be79b - - - - - -] Attempt 1 to provision port da4a54cd-23bf-4365-b25c-2e33d8d19f12
2026-02-26 06:17:58.013 9 INFO neutron.plugins.ml2.plugin [None req-bf66270d-c1f6-4a6a-ac8e-2b205b7be79b - - - - - -] Attempt 1 to provision port 7ea689d5-a6b3-4a86-9505-cab8d34b4b75
2026-02-26 06:17:58.315 9 INFO neutron.plugins.ml2.plugin [None req-bf66270d-c1f6-4a6a-ac8e-2b205b7be79b - - - - - -] Attempt 1 to provision port e5fe2964-bcf1-40f6-b1fb-7f9bf86d61a3
2026-02-26 06:17:58.620 10 INFO neutron.plugins.ml2.plugin [None req-6efd99ed-3981-42cc-b921-447b510ffb3a - - - - - -] Attempt 1 to provision port 7ea689d5-a6b3-4a86-9505-cab8d34b4b75
2026-02-26 06:17:59.327 9 INFO neutron.plugins.ml2.plugin [None req-16760166-76d1-4ce3-8a7a-c9649c4654e5 - - - - - -] Attempt 1 to provision port 1774d636-4785-4dab-b976-0dd2d53f7d77
2026-02-26 06:17:59.875 10 INFO neutron.plugins.ml2.plugin [None req-bf66270d-c1f6-4a6a-ac8e-2b205b7be79b - - - - - -] Attempt 1 to provision port da4a54cd-23bf-4365-b25c-2e33d8d19f12
2026-02-26 06:18:00.028 10 INFO neutron.plugins.ml2.plugin [None req-71c93d9e-db6a-4a94-b3e8-f4b45241d328 - - - - - -] Attempt 1 to provision port da4a54cd-23bf-4365-b25c-2e33d8d19f12
2026-02-26 06:18:00.112 10 INFO neutron.plugins.ml2.plugin [None req-71c93d9e-db6a-4a94-b3e8-f4b45241d328 - - - - - -] Attempt 1 to provision port be50ef37-7167-4d52-b2f2-a5de1400cc7f
2026-02-26 06:18:00.125 10 INFO neutron.plugins.ml2.plugin [None req-bf66270d-c1f6-4a6a-ac8e-2b205b7be79b - - - - - -] Attempt 1 to provision port be50ef37-7167-4d52-b2f2-a5de1400cc7f
2026-02-26 06:18:00.937 9 INFO neutron.plugins.ml2.plugin [None req-4b5ac4de-5af8-451a-9705-d11ac24b7bd3 - - - - - -] Attempt 1 to provision port 7ea689d5-a6b3-4a86-9505-cab8d34b4b75
2026-02-26 06:18:01.009 10 INFO neutron.plugins.ml2.plugin [None req-bf66270d-c1f6-4a6a-ac8e-2b205b7be79b - - - - - -] Attempt 1 to provision port 7ea689d5-a6b3-4a86-9505-cab8d34b4b75
2026-02-26 06:18:01.643 9 INFO neutron.plugins.ml2.plugin [None req-a7ac89b5-c920-46a2-ae44-08f43e4aac39 - - - - - -] Attempt 1 to provision port 55218018-a6b0-408b-85fd-2d3cba2b44b0
2026-02-26 06:18:02.173 10 INFO neutron.plugins.ml2.plugin [None req-bf66270d-c1f6-4a6a-ac8e-2b205b7be79b - - - - - -] Attempt 1 to provision port be50ef37-7167-4d52-b2f2-a5de1400cc7f
2026-02-26 06:18:02.346 10 INFO neutron.plugins.ml2.plugin [None req-29e35b88-2b60-4a8a-b13d-6e5e5c202a19 - - - - - -] Attempt 1 to provision port da4a54cd-23bf-4365-b25c-2e33d8d19f12
2026-02-26 06:18:02.414 10 INFO neutron.plugins.ml2.plugin [None req-29e35b88-2b60-4a8a-b13d-6e5e5c202a19 - - - - - -] Attempt 1 to provision port be50ef37-7167-4d52-b2f2-a5de1400cc7f
2026-02-26 06:18:02.415 10 INFO neutron.plugins.ml2.plugin [None req-bf66270d-c1f6-4a6a-ac8e-2b205b7be79b - - - - - -] Attempt 1 to provision port f9ff7114-6391-4ed6-a8d7-d47b6178b910
2026-02-26 06:18:02.492 10 INFO neutron.plugins.ml2.plugin [None req-29e35b88-2b60-4a8a-b13d-6e5e5c202a19 - - - - - -] Attempt 1 to provision port 9f9d21db-cc85-4a29-a756-e339fc80312a
2026-02-26 06:18:03.273 10 INFO neutron.plugins.ml2.plugin [None req-9e3cfd6d-e63c-4f28-b1d3-371512f9a68b - - - - - -] Attempt 1 to provision port 9f9d21db-cc85-4a29-a756-e339fc80312a
2026-02-26 06:18:03.957 9 INFO neutron.plugins.ml2.plugin [None req-25f8850b-5d2c-44ef-82a2-b6b72b2784ca - - - - - -] Attempt 1 to provision port 02a42cfc-6858-45b6-b1c3-3132ee7a1893
2026-02-26 06:18:03.981 9 INFO neutron.plugins.ml2.plugin [None req-25f8850b-5d2c-44ef-82a2-b6b72b2784ca - - - - - -] Attempt 1 to provision port 7ea689d5-a6b3-4a86-9505-cab8d34b4b75
2026-02-26 06:18:04.197 10 INFO neutron.plugins.ml2.plugin [None req-bf66270d-c1f6-4a6a-ac8e-2b205b7be79b - - - - - -] Attempt 1 to provision port f9ff7114-6391-4ed6-a8d7-d47b6178b910
2026-02-26 06:18:04.656 9 INFO neutron.plugins.ml2.plugin [None req-f2e5dc38-b4c1-4312-9898-cd1b7977e7bc - - - - - -] Attempt 1 to provision port 9f9d21db-cc85-4a29-a756-e339fc80312a
2026-02-26 06:18:04.687 9 INFO neutron.plugins.ml2.plugin [None req-f2e5dc38-b4c1-4312-9898-cd1b7977e7bc - - - - - -] Attempt 1 to provision port fd628b7e-1d88-4896-9464-b03c29e6ba6b
2026-02-26 06:18:04.707 9 INFO neutron.plugins.ml2.plugin [None req-f2e5dc38-b4c1-4312-9898-cd1b7977e7bc - - - - - -] Attempt 1 to provision port be50ef37-7167-4d52-b2f2-a5de1400cc7f
2026-02-26 06:18:04.757 9 INFO neutron.plugins.ml2.plugin [None req-f2e5dc38-b4c1-4312-9898-cd1b7977e7bc - - - - - -] Attempt 1 to provision port 02a42cfc-6858-45b6-b1c3-3132ee7a1893
2026-02-26 06:18:05.572 10 INFO neutron.plugins.ml2.plugin [None req-97173fe3-2b6b-4877-a76d-3632d3b38f8e - - - - - -] Attempt 1 to provision port fd628b7e-1d88-4896-9464-b03c29e6ba6b
2026-02-26 06:18:05.596 10 INFO neutron.plugins.ml2.plugin [None req-97173fe3-2b6b-4877-a76d-3632d3b38f8e - - - - - -] Attempt 1 to provision port 02a42cfc-6858-45b6-b1c3-3132ee7a1893
2026-02-26 06:18:06.470 10 INFO neutron.plugins.ml2.plugin [None req-1cf5492f-6ebe-4676-8186-a1c6a999aef6 - - - - - -] Attempt 1 to provision port fd628b7e-1d88-4896-9464-b03c29e6ba6b
2026-02-26 06:18:16.670 10 INFO neutron.plugins.ml2.plugin [None req-bf66270d-c1f6-4a6a-ac8e-2b205b7be79b - - - - - -] Attempt 1 to provision port b547c7fa-7434-46c7-a565-8ea16cc102f3
2026-02-26 06:18:16.791 10 INFO neutron.notifiers.nova [-] Nova event matching ['req-c35280d1-8a9c-40c1-9a2b-570b141df721'] response: {'server_uuid': '1a408fbf-dd56-445b-8cbb-898bdac3e4f0', 'name': 'network-vif-plugged', 'status': 'completed', 'tag': 'b547c7fa-7434-46c7-a565-8ea16cc102f3', 'code': 200}
2026-02-26 06:18:18.158 9 INFO neutron.plugins.ml2.plugin [None req-bf66270d-c1f6-4a6a-ac8e-2b205b7be79b - - - - - -] Attempt 1 to provision port b547c7fa-7434-46c7-a565-8ea16cc102f3
2026-02-26 06:18:18.397 9 INFO neutron.plugins.ml2.plugin [None req-bf66270d-c1f6-4a6a-ac8e-2b205b7be79b - - - - - -] Attempt 1 to provision port 02a42cfc-6858-45b6-b1c3-3132ee7a1893
2026-02-26 06:18:18.649 9 INFO neutron.plugins.ml2.plugin [None req-bf66270d-c1f6-4a6a-ac8e-2b205b7be79b - - - - - -] Attempt 1 to provision port 1774d636-4785-4dab-b976-0dd2d53f7d77
2026-02-26 06:18:20.175 10 INFO neutron.plugins.ml2.plugin [None req-bf66270d-c1f6-4a6a-ac8e-2b205b7be79b - - - - - -] Attempt 1 to provision port 02a42cfc-6858-45b6-b1c3-3132ee7a1893
2026-02-26 06:18:20.380 10 INFO neutron.plugins.ml2.plugin [None req-bf66270d-c1f6-4a6a-ac8e-2b205b7be79b - - - - - -] Attempt 1 to provision port 1774d636-4785-4dab-b976-0dd2d53f7d77
2026-02-26 06:18:20.527 10 INFO neutron.plugins.ml2.plugin [None req-bf66270d-c1f6-4a6a-ac8e-2b205b7be79b - - - - - -] Attempt 1 to provision port fd628b7e-1d88-4896-9464-b03c29e6ba6b
2026-02-26 06:18:20.867 10 INFO neutron.plugins.ml2.plugin [None req-bf66270d-c1f6-4a6a-ac8e-2b205b7be79b - - - - - -] Attempt 1 to provision port 9f9d21db-cc85-4a29-a756-e339fc80312a
2026-02-26 06:18:22.163 10 INFO neutron.plugins.ml2.plugin [None req-bf66270d-c1f6-4a6a-ac8e-2b205b7be79b - - - - - -] Attempt 1 to provision port fd628b7e-1d88-4896-9464-b03c29e6ba6b
2026-02-26 06:18:22.396 10 INFO neutron.plugins.ml2.plugin [None req-bf66270d-c1f6-4a6a-ac8e-2b205b7be79b - - - - - -] Attempt 1 to provision port 9f9d21db-cc85-4a29-a756-e339fc80312a
2026-02-26 06:18:34.187 9 INFO neutron.plugins.ml2.plugin [None req-bf66270d-c1f6-4a6a-ac8e-2b205b7be79b - - - - - -] Attempt 1 to provision port 23383658-8401-48ab-bcbc-3ac43cc8f0c2
2026-02-26 06:18:34.277 9 INFO neutron.notifiers.nova [-] Nova event matching ['req-1860d588-e662-427d-a247-fd74431dab50'] response: {'server_uuid': '5aae0f06-a10b-43aa-9c3c-0e7199a6ea48', 'name': 'network-vif-plugged', 'status': 'completed', 'tag': '23383658-8401-48ab-bcbc-3ac43cc8f0c2', 'code': 200}
2026-02-26 06:18:36.167 10 INFO neutron.plugins.ml2.plugin [None req-bf66270d-c1f6-4a6a-ac8e-2b205b7be79b - - - - - -] Attempt 1 to provision port 23383658-8401-48ab-bcbc-3ac43cc8f0c2
2026-02-26 06:18:55.063 9 INFO neutron.plugins.ml2.plugin [None req-c98e8ea0-9a23-4941-93ab-a105b0776c46 - - - - - -] Attempt 1 to provision port 1f1f072a-ec36-49d0-86f4-63c9b873dcf0
2026-02-26 06:19:16.703 9 INFO neutron.plugins.ml2.plugin [None req-bf66270d-c1f6-4a6a-ac8e-2b205b7be79b - - - - - -] Attempt 1 to provision port c17c96c3-c6ba-4a8b-8407-3c5869ac3e19
2026-02-26 06:19:16.808 9 INFO neutron.notifiers.nova [-] Nova event matching ['req-af57517e-9223-4a20-a9d7-e693cc6c139d'] response: {'server_uuid': 'cd1b56bb-4236-426d-a3c5-5c3b19cd233f', 'name': 'network-vif-plugged', 'status': 'completed', 'tag': 'c17c96c3-c6ba-4a8b-8407-3c5869ac3e19', 'code': 200}
2026-02-26 06:19:18.154 9 INFO neutron.plugins.ml2.plugin [None req-bf66270d-c1f6-4a6a-ac8e-2b205b7be79b - - - - - -] Attempt 1 to provision port c17c96c3-c6ba-4a8b-8407-3c5869ac3e19
2026-02-26 06:19:56.487 9 INFO neutron.plugins.ml2.plugin [None req-a5cab53e-203c-4420-8f31-bc92d90b8312 - - - - - -] Attempt 1 to provision port 58e62674-d815-41d6-b050-6bbedbce1648
2026-02-26 06:20:03.792 9 INFO neutron.plugins.ml2.plugin [None req-bf66270d-c1f6-4a6a-ac8e-2b205b7be79b - - - - - -] Attempt 1 to provision port 58e62674-d815-41d6-b050-6bbedbce1648
2026-02-26 06:20:03.911 9 INFO neutron.notifiers.nova [-] Nova event matching ['req-22bd7c67-da96-457d-aa6c-98bdb54658aa'] response: {'server_uuid': 'cd1b56bb-4236-426d-a3c5-5c3b19cd233f', 'name': 'network-vif-plugged', 'status': 'completed', 'tag': '58e62674-d815-41d6-b050-6bbedbce1648', 'code': 200}
2026-02-26 06:20:04.938 9 INFO neutron.plugins.ml2.plugin [None req-bf66270d-c1f6-4a6a-ac8e-2b205b7be79b - - - - - -] Attempt 1 to provision port 58e62674-d815-41d6-b050-6bbedbce1648
2026-02-26 06:20:36.432 10 INFO neutron.plugins.ml2.plugin [None req-bf66270d-c1f6-4a6a-ac8e-2b205b7be79b - - - - - -] Attempt 1 to provision port 47b67988-f53c-42dd-b463-9b072b5c9004
2026-02-26 06:20:36.564 10 INFO neutron.notifiers.nova [-] Nova event matching ['req-e88b359c-7901-49b8-8f62-f5cc57d6e005'] response: {'server_uuid': 'cd1b56bb-4236-426d-a3c5-5c3b19cd233f', 'name': 'network-vif-plugged', 'status': 'completed', 'tag': '47b67988-f53c-42dd-b463-9b072b5c9004', 'code': 200}
2026-02-26 06:20:39.070 9 INFO neutron.plugins.ml2.plugin [None req-68493591-9b43-41af-9b4f-5f5442510865 - - - - - -] Attempt 1 to provision port 47b67988-f53c-42dd-b463-9b072b5c9004
2026-02-26 06:20:50.424 10 INFO neutron.plugins.ml2.plugin [None req-bf66270d-c1f6-4a6a-ac8e-2b205b7be79b - - - - - -] Attempt 1 to provision port 09c00ead-7bdf-46d7-904e-5b1e98a6e45c
2026-02-26 06:20:50.526 10 INFO neutron.notifiers.nova [-] Nova event matching ['req-8e451c6d-625d-440b-b90b-7396c230ee83'] response: {'server_uuid': 'cd1b56bb-4236-426d-a3c5-5c3b19cd233f', 'name': 'network-vif-plugged', 'status': 'completed', 'tag': '09c00ead-7bdf-46d7-904e-5b1e98a6e45c', 'code': 200}
2026-02-26 06:20:52.376 9 INFO neutron.plugins.ml2.plugin [None req-bf66270d-c1f6-4a6a-ac8e-2b205b7be79b - - - - - -] Attempt 1 to provision port 09c00ead-7bdf-46d7-904e-5b1e98a6e45c
2026-02-26 06:20:54.941 10 INFO neutron.plugins.ml2.plugin [None req-df502fdf-f066-4571-b0ab-48215b62f21c - - - - - -] Attempt 1 to provision port 09c00ead-7bdf-46d7-904e-5b1e98a6e45c
2026-02-26 06:21:04.463 10 INFO neutron.plugins.ml2.plugin [None req-bf66270d-c1f6-4a6a-ac8e-2b205b7be79b - - - - - -] Attempt 1 to provision port 09c00ead-7bdf-46d7-904e-5b1e98a6e45c
2026-02-26 06:21:05.069 9 INFO neutron.plugins.ml2.plugin [None req-b6764f14-c226-4af6-84d2-8d0ad929d5b2 - - - - - -] Attempt 1 to provision port 09c00ead-7bdf-46d7-904e-5b1e98a6e45c
2026-02-26 06:21:15.424 9 INFO neutron.plugins.ml2.plugin [None req-828fd2a7-ab42-46ce-ab16-40cbbe5ea426 - - - - - -] Attempt 1 to provision port 47b67988-f53c-42dd-b463-9b072b5c9004
2026-02-26 06:21:16.457 10 INFO neutron.plugins.ml2.plugin [None req-bf66270d-c1f6-4a6a-ac8e-2b205b7be79b - - - - - -] Attempt 1 to provision port 47b67988-f53c-42dd-b463-9b072b5c9004
2026-02-26 06:22:32.123 9 INFO neutron.plugins.ml2.plugin [None req-983dc6e7-6c24-42e4-8140-2eecb327d85e - - - - - -] Attempt 1 to provision port 240f042c-c767-4a32-9964-3963275619b8
2026-02-26 06:22:32.628 10 INFO neutron.plugins.ml2.plugin [None req-bf66270d-c1f6-4a6a-ac8e-2b205b7be79b - - - - - -] Attempt 1 to provision port cdf53278-a71c-4adb-bd95-e2f7dc66d3c6 /var/lib/openstack/lib/python3.12/site-packages/oslo_db/sqlalchemy/enginefacade.py:664: SAWarning: DELETE statement on table 'portsecuritybindings' expected to delete 1 row(s); 0 were matched. Please set confirm_deleted_rows=False within the mapper configuration to prevent this warning. self.session.flush() /var/lib/openstack/lib/python3.12/site-packages/oslo_db/sqlalchemy/enginefacade.py:664: SAWarning: DELETE statement on table 'ml2_port_bindings' expected to delete 1 row(s); 0 were matched. Please set confirm_deleted_rows=False within the mapper configuration to prevent this warning. self.session.flush() /var/lib/openstack/lib/python3.12/site-packages/oslo_db/sqlalchemy/enginefacade.py:664: SAWarning: DELETE statement on table 'ml2_port_binding_levels' expected to delete 1 row(s); 0 were matched. Please set confirm_deleted_rows=False within the mapper configuration to prevent this warning. self.session.flush() /var/lib/openstack/lib/python3.12/site-packages/oslo_db/sqlalchemy/enginefacade.py:664: SAWarning: DELETE statement on table 'ports' expected to delete 1 row(s); 0 were matched. Please set confirm_deleted_rows=False within the mapper configuration to prevent this warning. self.session.flush()
2026-02-26 06:22:32.836 9 INFO neutron.plugins.ml2.plugin [None req-0b25e13c-8a76-4aaf-ae79-a01acf084312 - - - - - -] Attempt 1 to provision port 4763183c-714d-492c-88c2-e5da9af8b2c8
2026-02-26 06:22:32.964 10 INFO neutron.plugins.ml2.plugin [None req-bf66270d-c1f6-4a6a-ac8e-2b205b7be79b - - - - - -] Attempt 1 to provision port ba5bb288-a098-4814-a269-c4fae9c23e76
2026-02-26 06:22:33.058 9 INFO neutron.plugins.ml2.plugin [None req-0b25e13c-8a76-4aaf-ae79-a01acf084312 - - - - - -] Attempt 1 to provision port cdf53278-a71c-4adb-bd95-e2f7dc66d3c6
2026-02-26 06:22:33.310 10 INFO neutron.plugins.ml2.plugin [None req-bf66270d-c1f6-4a6a-ac8e-2b205b7be79b - - - - - -] Attempt 1 to provision port 6a5bc5a1-1c86-4b46-b2f4-57bdd902f787
2026-02-26 06:22:33.541 10 INFO neutron.plugins.ml2.plugin [None req-a0d55585-a56c-4509-a264-8b0428e6dfd2 - - - - - -] Attempt 1 to provision port 6a5bc5a1-1c86-4b46-b2f4-57bdd902f787
2026-02-26 06:22:40.252 9 ERROR oslo_messaging.rpc.server [None req-2e1e48ca-0472-4c6e-94b2-68b97f3f5663 - - - - - -] Exception during message handling: neutron_lib.exceptions.PortNotFound: Port 75974ba0-9b1e-4a67-8f30-716c23f53278 could not be found.
2026-02-26 06:22:40.252 9 ERROR oslo_messaging.rpc.server
Traceback (most recent call last):
2026-02-26 06:22:40.252 9 ERROR oslo_messaging.rpc.server
File "/var/lib/openstack/lib/python3.12/site-packages/neutron/db/db_base_plugin_common.py", line 295, in _get_port
2026-02-26 06:22:40.252 9 ERROR oslo_messaging.rpc.server port = model_query.get_by_id(context, models_v2.Port, id,
2026-02-26 06:22:40.252 9 ERROR oslo_messaging.rpc.server ^^^^^^^^^^^^^^^^^^^^^^^^^^^^^^^^^^^^^^^^^^^^^^^^^^
2026-02-26 06:22:40.252 9 ERROR oslo_messaging.rpc.server
File "/var/lib/openstack/lib/python3.12/site-packages/neutron_lib/db/model_query.py", line 211, in get_by_id
2026-02-26 06:22:40.252 9 ERROR oslo_messaging.rpc.server return query.filter(model.id == object_id).one()
2026-02-26 06:22:40.252 9 ERROR oslo_messaging.rpc.server ^^^^^^^^^^^^^^^^^^^^^^^^^^^^^^^^^^^^^^^^^
2026-02-26 06:22:40.252 9 ERROR oslo_messaging.rpc.server
File "/var/lib/openstack/lib/python3.12/site-packages/sqlalchemy/orm/query.py", line 2778, in one
2026-02-26 06:22:40.252 9 ERROR oslo_messaging.rpc.server return self._iter().one() # type: ignore
2026-02-26 06:22:40.252 9 ERROR oslo_messaging.rpc.server ^^^^^^^^^^^^^^^^^^
2026-02-26 06:22:40.252 9 ERROR oslo_messaging.rpc.server
File "/var/lib/openstack/lib/python3.12/site-packages/sqlalchemy/engine/result.py", line 1810, in one
2026-02-26 06:22:40.252 9 ERROR oslo_messaging.rpc.server return self._only_one_row(
2026-02-26 06:22:40.252 9 ERROR oslo_messaging.rpc.server ^^^^^^^^^^^^^^^^^^^
2026-02-26 06:22:40.252 9 ERROR oslo_messaging.rpc.server
File "/var/lib/openstack/lib/python3.12/site-packages/sqlalchemy/engine/result.py", line 752, in _only_one_row
2026-02-26 06:22:40.252 9 ERROR oslo_messaging.rpc.server raise exc.NoResultFound(
2026-02-26 06:22:40.252 9 ERROR oslo_messaging.rpc.server sqlalchemy.exc.NoResultFound: No row was found when one was required
2026-02-26 06:22:40.252 9 ERROR oslo_messaging.rpc.server
2026-02-26 06:22:40.252 9 ERROR oslo_messaging.rpc.server During handling of the above exception, another exception occurred:
2026-02-26 06:22:40.252 9 ERROR oslo_messaging.rpc.server
2026-02-26 06:22:40.252 9 ERROR oslo_messaging.rpc.server
Traceback (most recent call last):
2026-02-26 06:22:40.252 9 ERROR oslo_messaging.rpc.server
File "/var/lib/openstack/lib/python3.12/site-packages/oslo_messaging/rpc/server.py", line 172, in _process_incoming
2026-02-26 06:22:40.252 9 ERROR oslo_messaging.rpc.server res = self.dispatcher.dispatch(message)
2026-02-26 06:22:40.252 9 ERROR oslo_messaging.rpc.server ^^^^^^^^^^^^^^^^^^^^^^^^^^^^^^^^^
2026-02-26 06:22:40.252 9 ERROR oslo_messaging.rpc.server
File "/var/lib/openstack/lib/python3.12/site-packages/oslo_messaging/rpc/dispatcher.py", line 309, in dispatch
2026-02-26 06:22:40.252 9 ERROR oslo_messaging.rpc.server return self._do_dispatch(endpoint, method, ctxt, args)
2026-02-26 06:22:40.252 9 ERROR oslo_messaging.rpc.server ^^^^^^^^^^^^^^^^^^^^^^^^^^^^^^^^^^^^^^^^^^^^^^^
2026-02-26 06:22:40.252 9 ERROR oslo_messaging.rpc.server
File "/var/lib/openstack/lib/python3.12/site-packages/oslo_messaging/rpc/dispatcher.py", line 229, in _do_dispatch
2026-02-26 06:22:40.252 9 ERROR oslo_messaging.rpc.server result = func(ctxt, **new_args)
2026-02-26 06:22:40.252 9 ERROR oslo_messaging.rpc.server ^^^^^^^^^^^^^^^^^^^^^^
2026-02-26 06:22:40.252 9 ERROR oslo_messaging.rpc.server
File "/var/lib/openstack/lib/python3.12/site-packages/neutron_lib/db/api.py", line 137, in wrapped
2026-02-26 06:22:40.252 9 ERROR oslo_messaging.rpc.server with excutils.save_and_reraise_exception():
2026-02-26 06:22:40.252 9 ERROR oslo_messaging.rpc.server
File "/var/lib/openstack/lib/python3.12/site-packages/oslo_utils/excutils.py", line 227, in __exit__
2026-02-26 06:22:40.252 9 ERROR oslo_messaging.rpc.server self.force_reraise()
2026-02-26 06:22:40.252 9 ERROR oslo_messaging.rpc.server
File "/var/lib/openstack/lib/python3.12/site-packages/oslo_utils/excutils.py", line 200, in force_reraise
2026-02-26 06:22:40.252 9 ERROR oslo_messaging.rpc.server raise self.value
2026-02-26 06:22:40.252 9 ERROR oslo_messaging.rpc.server
File "/var/lib/openstack/lib/python3.12/site-packages/neutron_lib/db/api.py", line 135, in wrapped
2026-02-26 06:22:40.252 9 ERROR oslo_messaging.rpc.server return f(*args, **kwargs)
2026-02-26 06:22:40.252 9 ERROR oslo_messaging.rpc.server ^^^^^^^^^^^^^^^^^^
2026-02-26 06:22:40.252 9 ERROR oslo_messaging.rpc.server
File "/var/lib/openstack/lib/python3.12/site-packages/oslo_db/api.py", line 144, in wrapper
2026-02-26 06:22:40.252 9 ERROR oslo_messaging.rpc.server with excutils.save_and_reraise_exception() as ectxt:
2026-02-26 06:22:40.252 9 ERROR oslo_messaging.rpc.server
File "/var/lib/openstack/lib/python3.12/site-packages/oslo_utils/excutils.py", line 227, in __exit__
2026-02-26 06:22:40.252 9 ERROR oslo_messaging.rpc.server self.force_reraise()
2026-02-26 06:22:40.252 9 ERROR oslo_messaging.rpc.server
File "/var/lib/openstack/lib/python3.12/site-packages/oslo_utils/excutils.py", line 200, in force_reraise
2026-02-26 06:22:40.252 9 ERROR oslo_messaging.rpc.server raise self.value
2026-02-26 06:22:40.252 9 ERROR oslo_messaging.rpc.server
File "/var/lib/openstack/lib/python3.12/site-packages/oslo_db/api.py", line 142, in wrapper
2026-02-26 06:22:40.252 9 ERROR oslo_messaging.rpc.server return f(*args, **kwargs)
2026-02-26 06:22:40.252 9 ERROR oslo_messaging.rpc.server ^^^^^^^^^^^^^^^^^^
2026-02-26 06:22:40.252 9 ERROR oslo_messaging.rpc.server
File "/var/lib/openstack/lib/python3.12/site-packages/neutron_lib/db/api.py", line 183, in wrapped
2026-02-26 06:22:40.252 9 ERROR oslo_messaging.rpc.server with excutils.save_and_reraise_exception():
2026-02-26 06:22:40.252 9 ERROR oslo_messaging.rpc.server
File "/var/lib/openstack/lib/python3.12/site-packages/oslo_utils/excutils.py", line 227, in __exit__
2026-02-26 06:22:40.252 9 ERROR oslo_messaging.rpc.server self.force_reraise()
2026-02-26 06:22:40.252 9 ERROR oslo_messaging.rpc.server
File "/var/lib/openstack/lib/python3.12/site-packages/oslo_utils/excutils.py", line 200, in force_reraise
2026-02-26 06:22:40.252 9 ERROR oslo_messaging.rpc.server raise self.value
2026-02-26 06:22:40.252 9 ERROR oslo_messaging.rpc.server
File "/var/lib/openstack/lib/python3.12/site-packages/neutron_lib/db/api.py", line 181, in wrapped
2026-02-26 06:22:40.252 9 ERROR oslo_messaging.rpc.server return f(*dup_args, **dup_kwargs)
2026-02-26 06:22:40.252 9 ERROR oslo_messaging.rpc.server ^^^^^^^^^^^^^^^^^^^^^^^^^^
2026-02-26 06:22:40.252 9 ERROR oslo_messaging.rpc.server
File "/var/lib/openstack/lib/python3.12/site-packages/neutron/api/rpc/handlers/dhcp_rpc.py", line 340, in get_dhcp_port
2026-02-26 06:22:40.252 9 ERROR oslo_messaging.rpc.server return plugin.get_port(context, port_id)
2026-02-26 06:22:40.252 9 ERROR oslo_messaging.rpc.server ^^^^^^^^^^^^^^^^^^^^^^^^^^^^^^^^^
2026-02-26 06:22:40.252 9 ERROR oslo_messaging.rpc.server
File "/var/lib/openstack/lib/python3.12/site-packages/neutron_lib/db/api.py", line 223, in wrapped
2026-02-26 06:22:40.252 9 ERROR oslo_messaging.rpc.server return f_with_retry(*args, **kwargs,
2026-02-26 06:22:40.252 9 ERROR oslo_messaging.rpc.server ^^^^^^^^^^^^^^^^^^^^^^^^^^^^^
2026-02-26 06:22:40.252 9 ERROR oslo_messaging.rpc.server
File "/var/lib/openstack/lib/python3.12/site-packages/neutron_lib/db/api.py", line 137, in wrapped
2026-02-26 06:22:40.252 9 ERROR oslo_messaging.rpc.server with excutils.save_and_reraise_exception():
2026-02-26 06:22:40.252 9 ERROR oslo_messaging.rpc.server
File "/var/lib/openstack/lib/python3.12/site-packages/oslo_utils/excutils.py", line 227, in __exit__
2026-02-26 06:22:40.252 9 ERROR oslo_messaging.rpc.server self.force_reraise()
2026-02-26 06:22:40.252 9 ERROR oslo_messaging.rpc.server
File "/var/lib/openstack/lib/python3.12/site-packages/oslo_utils/excutils.py", line 200, in force_reraise
2026-02-26 06:22:40.252 9 ERROR oslo_messaging.rpc.server raise self.value
2026-02-26 06:22:40.252 9 ERROR oslo_messaging.rpc.server
File "/var/lib/openstack/lib/python3.12/site-packages/neutron_lib/db/api.py", line 135, in wrapped
2026-02-26 06:22:40.252 9 ERROR oslo_messaging.rpc.server return f(*args, **kwargs)
2026-02-26 06:22:40.252 9 ERROR oslo_messaging.rpc.server ^^^^^^^^^^^^^^^^^^
2026-02-26 06:22:40.252 9 ERROR oslo_messaging.rpc.server
File "/var/lib/openstack/lib/python3.12/site-packages/oslo_db/api.py", line 144, in wrapper
2026-02-26 06:22:40.252 9 ERROR oslo_messaging.rpc.server with excutils.save_and_reraise_exception() as ectxt:
2026-02-26 06:22:40.252 9 ERROR oslo_messaging.rpc.server
File "/var/lib/openstack/lib/python3.12/site-packages/oslo_utils/excutils.py", line 227, in __exit__
2026-02-26 06:22:40.252 9 ERROR oslo_messaging.rpc.server self.force_reraise()
2026-02-26 06:22:40.252 9 ERROR oslo_messaging.rpc.server
File "/var/lib/openstack/lib/python3.12/site-packages/oslo_utils/excutils.py", line 200, in force_reraise
2026-02-26 06:22:40.252 9 ERROR oslo_messaging.rpc.server raise self.value
2026-02-26 06:22:40.252 9 ERROR oslo_messaging.rpc.server
File "/var/lib/openstack/lib/python3.12/site-packages/oslo_db/api.py", line 142, in wrapper
2026-02-26 06:22:40.252 9 ERROR oslo_messaging.rpc.server return f(*args, **kwargs)
2026-02-26 06:22:40.252 9 ERROR oslo_messaging.rpc.server ^^^^^^^^^^^^^^^^^^
2026-02-26 06:22:40.252 9 ERROR oslo_messaging.rpc.server
File "/var/lib/openstack/lib/python3.12/site-packages/neutron_lib/db/api.py", line 183, in wrapped
2026-02-26 06:22:40.252 9 ERROR oslo_messaging.rpc.server with excutils.save_and_reraise_exception():
2026-02-26 06:22:40.252 9 ERROR oslo_messaging.rpc.server
File "/var/lib/openstack/lib/python3.12/site-packages/oslo_utils/excutils.py", line 227, in __exit__
2026-02-26 06:22:40.252 9 ERROR oslo_messaging.rpc.server self.force_reraise()
2026-02-26 06:22:40.252 9 ERROR oslo_messaging.rpc.server
File "/var/lib/openstack/lib/python3.12/site-packages/oslo_utils/excutils.py", line 200, in force_reraise
2026-02-26 06:22:40.252 9 ERROR oslo_messaging.rpc.server raise self.value
2026-02-26 06:22:40.252 9 ERROR oslo_messaging.rpc.server
File "/var/lib/openstack/lib/python3.12/site-packages/neutron_lib/db/api.py", line 181, in wrapped
2026-02-26 06:22:40.252 9 ERROR oslo_messaging.rpc.server return f(*dup_args, **dup_kwargs)
2026-02-26 06:22:40.252 9 ERROR oslo_messaging.rpc.server ^^^^^^^^^^^^^^^^^^^^^^^^^^
2026-02-26 06:22:40.252 9 ERROR oslo_messaging.rpc.server
File "/var/lib/openstack/lib/python3.12/site-packages/oslo_db/sqlalchemy/enginefacade.py", line 998, in wrapper
2026-02-26 06:22:40.252 9 ERROR oslo_messaging.rpc.server return fn(*args, **kwargs)
2026-02-26 06:22:40.252 9 ERROR oslo_messaging.rpc.server ^^^^^^^^^^^^^^^^^^^
2026-02-26 06:22:40.252 9 ERROR oslo_messaging.rpc.server
File "/var/lib/openstack/lib/python3.12/site-packages/neutron/db/db_base_plugin_v2.py", line 1665, in get_port
2026-02-26 06:22:40.252 9 ERROR oslo_messaging.rpc.server port = self._get_port(context, id, lazy_fields=lazy_fields)
2026-02-26 06:22:40.252 9 ERROR oslo_messaging.rpc.server ^^^^^^^^^^^^^^^^^^^^^^^^^^^^^^^^^^^^^^^^^^^^^^^^^^^^
2026-02-26 06:22:40.252 9 ERROR oslo_messaging.rpc.server
File "/var/lib/openstack/lib/python3.12/site-packages/oslo_db/sqlalchemy/enginefacade.py", line 998, in wrapper
2026-02-26 06:22:40.252 9 ERROR oslo_messaging.rpc.server return fn(*args, **kwargs)
2026-02-26 06:22:40.252 9 ERROR oslo_messaging.rpc.server ^^^^^^^^^^^^^^^^^^^
2026-02-26 06:22:40.252 9 ERROR oslo_messaging.rpc.server
File "/var/lib/openstack/lib/python3.12/site-packages/neutron/db/db_base_plugin_common.py", line 298, in _get_port
2026-02-26 06:22:40.252 9 ERROR oslo_messaging.rpc.server raise exceptions.PortNotFound(port_id=id)
2026-02-26 06:22:40.252 9 ERROR oslo_messaging.rpc.server neutron_lib.exceptions.PortNotFound: Port 75974ba0-9b1e-4a67-8f30-716c23f53278 could not be found.
2026-02-26 06:22:40.252 9 ERROR oslo_messaging.rpc.server