2026-02-26 06:20:10.027 7 INFO cinder.api.openstack.wsgi [None req-7f5f7b02-7871-48de-8c3f-5e426df040db 77112a1276cc41219a76682c30cdf417 e651f1cfb87f48e691bbca515369e0b4 - - default default] http://cinder-api.openstack.svc.cluster.local:8776/v3/e651f1cfb87f48e691bbca515369e0b4/os-quota-sets/cee16e99ba9144d48624635512fd39e8?usage=true returned with HTTP 200 [pid: 7|app: 0|req: 439/883] 10.0.0.124 () {28 vars in 735 bytes} [Thu Feb 26 06:20:10 2026] GET /v3/e651f1cfb87f48e691bbca515369e0b4/os-quota-sets/cee16e99ba9144d48624635512fd39e8?usage=true => generated 845 bytes in 26 msecs (HTTP/1.1 200) 7 headers in 285 bytes (1 switches on core 0)
2026-02-26 06:20:10.040 8 INFO cinder.api.openstack.wsgi [None req-0528b405-b969-497c-afd0-84c1b14559a3 77112a1276cc41219a76682c30cdf417 e651f1cfb87f48e691bbca515369e0b4 - - default default] GET http://cinder-api.openstack.svc.cluster.local:8776/v3/e651f1cfb87f48e691bbca515369e0b4/os-quota-sets/dbb9e6e36e2841a3b2035d3d15f6dcf8?usage=true
2026-02-26 06:20:10.065 8 INFO cinder.api.openstack.wsgi [None req-0528b405-b969-497c-afd0-84c1b14559a3 77112a1276cc41219a76682c30cdf417 e651f1cfb87f48e691bbca515369e0b4 - - default default] http://cinder-api.openstack.svc.cluster.local:8776/v3/e651f1cfb87f48e691bbca515369e0b4/os-quota-sets/dbb9e6e36e2841a3b2035d3d15f6dcf8?usage=true returned with HTTP 200 [pid: 8|app: 0|req: 445/884] 10.0.0.124 () {28 vars in 735 bytes} [Thu Feb 26 06:20:10 2026] GET /v3/e651f1cfb87f48e691bbca515369e0b4/os-quota-sets/dbb9e6e36e2841a3b2035d3d15f6dcf8?usage=true => generated 847 bytes in 34 msecs (HTTP/1.1 200) 7 headers in 285 bytes (1 switches on core 0)
2026-02-26 06:20:10.080 7 INFO cinder.api.openstack.wsgi [None req-431f1bac-9242-401b-8321-78c2a81c694e 77112a1276cc41219a76682c30cdf417 e651f1cfb87f48e691bbca515369e0b4 - - default default] GET http://cinder-api.openstack.svc.cluster.local:8776/v3/e651f1cfb87f48e691bbca515369e0b4/os-quota-sets/e651f1cfb87f48e691bbca515369e0b4?usage=true
2026-02-26 06:20:10.102 7 INFO cinder.api.openstack.wsgi [None req-431f1bac-9242-401b-8321-78c2a81c694e 77112a1276cc41219a76682c30cdf417 e651f1cfb87f48e691bbca515369e0b4 - - default default] http://cinder-api.openstack.svc.cluster.local:8776/v3/e651f1cfb87f48e691bbca515369e0b4/os-quota-sets/e651f1cfb87f48e691bbca515369e0b4?usage=true returned with HTTP 200 [pid: 7|app: 0|req: 440/885] 10.0.0.124 () {28 vars in 735 bytes} [Thu Feb 26 06:20:10 2026] GET /v3/e651f1cfb87f48e691bbca515369e0b4/os-quota-sets/e651f1cfb87f48e691bbca515369e0b4?usage=true => generated 847 bytes in 32 msecs (HTTP/1.1 200) 7 headers in 285 bytes (1 switches on core 0)
2026-02-26 06:20:10.113 8 INFO cinder.api.openstack.wsgi [None req-6f2fcb20-1c15-44a5-b1ef-5a2122eeb363 77112a1276cc41219a76682c30cdf417 e651f1cfb87f48e691bbca515369e0b4 - - default default] GET http://cinder-api.openstack.svc.cluster.local:8776/v3/e651f1cfb87f48e691bbca515369e0b4/os-quota-sets/f785ecee07d44b8b9eba9245c7d2cf37?usage=true
2026-02-26 06:20:10.137 8 INFO cinder.api.openstack.wsgi [None req-6f2fcb20-1c15-44a5-b1ef-5a2122eeb363 77112a1276cc41219a76682c30cdf417 e651f1cfb87f48e691bbca515369e0b4 - - default default] http://cinder-api.openstack.svc.cluster.local:8776/v3/e651f1cfb87f48e691bbca515369e0b4/os-quota-sets/f785ecee07d44b8b9eba9245c7d2cf37?usage=true returned with HTTP 200 [pid: 8|app: 0|req: 446/886] 10.0.0.124 () {28 vars in 735 bytes} [Thu Feb 26 06:20:10 2026] GET /v3/e651f1cfb87f48e691bbca515369e0b4/os-quota-sets/f785ecee07d44b8b9eba9245c7d2cf37?usage=true => generated 847 bytes in 31 msecs (HTTP/1.1 200) 7 headers in 285 bytes (1 switches on core 0)
2026-02-26 06:20:10.148 7 INFO cinder.api.openstack.wsgi [None req-3f639300-2276-4193-b955-2dfec94c545c 77112a1276cc41219a76682c30cdf417 e651f1cfb87f48e691bbca515369e0b4 - - default default] GET http://cinder-api.openstack.svc.cluster.local:8776/v3/e651f1cfb87f48e691bbca515369e0b4/os-services
2026-02-26 06:20:10.152 7 INFO cinder.api.openstack.wsgi [None req-3f639300-2276-4193-b955-2dfec94c545c 77112a1276cc41219a76682c30cdf417 e651f1cfb87f48e691bbca515369e0b4 - - default default] http://cinder-api.openstack.svc.cluster.local:8776/v3/e651f1cfb87f48e691bbca515369e0b4/os-services returned with HTTP 200 [pid: 7|app: 0|req: 441/887] 10.0.0.124 () {28 vars in 644 bytes} [Thu Feb 26 06:20:10 2026] GET /v3/e651f1cfb87f48e691bbca515369e0b4/os-services => generated 646 bytes in 11 msecs (HTTP/1.1 200) 7 headers in 285 bytes (1 switches on core 0)
2026-02-26 06:20:11.895 7 INFO cinder.api.openstack.wsgi [None req-3f639300-2276-4193-b955-2dfec94c545c 77112a1276cc41219a76682c30cdf417 e651f1cfb87f48e691bbca515369e0b4 - - default default] GET http://10.0.0.173:8776/
2026-02-26 06:20:11.896 8 INFO cinder.api.openstack.wsgi [None req-6f2fcb20-1c15-44a5-b1ef-5a2122eeb363 77112a1276cc41219a76682c30cdf417 e651f1cfb87f48e691bbca515369e0b4 - - default default] GET http://10.0.0.173:8776/
2026-02-26 06:20:11.896 7 INFO cinder.api.openstack.wsgi [None req-3f639300-2276-4193-b955-2dfec94c545c 77112a1276cc41219a76682c30cdf417 e651f1cfb87f48e691bbca515369e0b4 - - default default] http://10.0.0.173:8776/ returned with HTTP 300
2026-02-26 06:20:11.897 8 INFO cinder.api.openstack.wsgi [None req-6f2fcb20-1c15-44a5-b1ef-5a2122eeb363 77112a1276cc41219a76682c30cdf417 e651f1cfb87f48e691bbca515369e0b4 - - default default] http://10.0.0.173:8776/ returned with HTTP 300
2026-02-26 06:20:21.895 7 INFO cinder.api.openstack.wsgi [None req-3f639300-2276-4193-b955-2dfec94c545c 77112a1276cc41219a76682c30cdf417 e651f1cfb87f48e691bbca515369e0b4 - - default default] GET http://10.0.0.173:8776/
2026-02-26 06:20:21.895 8 INFO cinder.api.openstack.wsgi [None req-6f2fcb20-1c15-44a5-b1ef-5a2122eeb363 77112a1276cc41219a76682c30cdf417 e651f1cfb87f48e691bbca515369e0b4 - - default default] GET http://10.0.0.173:8776/
2026-02-26 06:20:21.896 7 INFO cinder.api.openstack.wsgi [None req-3f639300-2276-4193-b955-2dfec94c545c 77112a1276cc41219a76682c30cdf417 e651f1cfb87f48e691bbca515369e0b4 - - default default] http://10.0.0.173:8776/ returned with HTTP 300
2026-02-26 06:20:21.897 8 INFO cinder.api.openstack.wsgi [None req-6f2fcb20-1c15-44a5-b1ef-5a2122eeb363 77112a1276cc41219a76682c30cdf417 e651f1cfb87f48e691bbca515369e0b4 - - default default] http://10.0.0.173:8776/ returned with HTTP 300
2026-02-26 06:20:31.895 7 INFO cinder.api.openstack.wsgi [None req-3f639300-2276-4193-b955-2dfec94c545c 77112a1276cc41219a76682c30cdf417 e651f1cfb87f48e691bbca515369e0b4 - - default default] GET http://10.0.0.173:8776/
2026-02-26 06:20:31.896 8 INFO cinder.api.openstack.wsgi [None req-6f2fcb20-1c15-44a5-b1ef-5a2122eeb363 77112a1276cc41219a76682c30cdf417 e651f1cfb87f48e691bbca515369e0b4 - - default default] GET http://10.0.0.173:8776/
2026-02-26 06:20:31.897 8 INFO cinder.api.openstack.wsgi [None req-6f2fcb20-1c15-44a5-b1ef-5a2122eeb363 77112a1276cc41219a76682c30cdf417 e651f1cfb87f48e691bbca515369e0b4 - - default default] http://10.0.0.173:8776/ returned with HTTP 300
2026-02-26 06:20:31.897 7 INFO cinder.api.openstack.wsgi [None req-3f639300-2276-4193-b955-2dfec94c545c 77112a1276cc41219a76682c30cdf417 e651f1cfb87f48e691bbca515369e0b4 - - default default] http://10.0.0.173:8776/ returned with HTTP 300
2026-02-26 06:20:41.894 8 INFO cinder.api.openstack.wsgi [None req-6f2fcb20-1c15-44a5-b1ef-5a2122eeb363 77112a1276cc41219a76682c30cdf417 e651f1cfb87f48e691bbca515369e0b4 - - default default] GET http://10.0.0.173:8776/
2026-02-26 06:20:41.895 7 INFO cinder.api.openstack.wsgi [None req-3f639300-2276-4193-b955-2dfec94c545c 77112a1276cc41219a76682c30cdf417 e651f1cfb87f48e691bbca515369e0b4 - - default default] GET http://10.0.0.173:8776/
2026-02-26 06:20:41.895 8 INFO cinder.api.openstack.wsgi [None req-6f2fcb20-1c15-44a5-b1ef-5a2122eeb363 77112a1276cc41219a76682c30cdf417 e651f1cfb87f48e691bbca515369e0b4 - - default default] http://10.0.0.173:8776/ returned with HTTP 300
2026-02-26 06:20:41.896 7 INFO cinder.api.openstack.wsgi [None req-3f639300-2276-4193-b955-2dfec94c545c 77112a1276cc41219a76682c30cdf417 e651f1cfb87f48e691bbca515369e0b4 - - default default] http://10.0.0.173:8776/ returned with HTTP 300
2026-02-26 06:20:51.894 7 INFO cinder.api.openstack.wsgi [None req-3f639300-2276-4193-b955-2dfec94c545c 77112a1276cc41219a76682c30cdf417 e651f1cfb87f48e691bbca515369e0b4 - - default default] GET http://10.0.0.173:8776/
2026-02-26 06:20:51.894 8 INFO cinder.api.openstack.wsgi [None req-6f2fcb20-1c15-44a5-b1ef-5a2122eeb363 77112a1276cc41219a76682c30cdf417 e651f1cfb87f48e691bbca515369e0b4 - - default default] GET http://10.0.0.173:8776/
2026-02-26 06:20:51.895 8 INFO cinder.api.openstack.wsgi [None req-6f2fcb20-1c15-44a5-b1ef-5a2122eeb363 77112a1276cc41219a76682c30cdf417 e651f1cfb87f48e691bbca515369e0b4 - - default default] http://10.0.0.173:8776/ returned with HTTP 300
2026-02-26 06:20:51.895 7 INFO cinder.api.openstack.wsgi [None req-3f639300-2276-4193-b955-2dfec94c545c 77112a1276cc41219a76682c30cdf417 e651f1cfb87f48e691bbca515369e0b4 - - default default] http://10.0.0.173:8776/ returned with HTTP 300
2026-02-26 06:21:01.895 8 INFO cinder.api.openstack.wsgi [None req-6f2fcb20-1c15-44a5-b1ef-5a2122eeb363 77112a1276cc41219a76682c30cdf417 e651f1cfb87f48e691bbca515369e0b4 - - default default] GET http://10.0.0.173:8776/
2026-02-26 06:21:01.895 7 INFO cinder.api.openstack.wsgi [None req-3f639300-2276-4193-b955-2dfec94c545c 77112a1276cc41219a76682c30cdf417 e651f1cfb87f48e691bbca515369e0b4 - - default default] GET http://10.0.0.173:8776/
2026-02-26 06:21:01.896 7 INFO cinder.api.openstack.wsgi [None req-3f639300-2276-4193-b955-2dfec94c545c 77112a1276cc41219a76682c30cdf417 e651f1cfb87f48e691bbca515369e0b4 - - default default] http://10.0.0.173:8776/ returned with HTTP 300
2026-02-26 06:21:01.896 8 INFO cinder.api.openstack.wsgi [None req-6f2fcb20-1c15-44a5-b1ef-5a2122eeb363 77112a1276cc41219a76682c30cdf417 e651f1cfb87f48e691bbca515369e0b4 - - default default] http://10.0.0.173:8776/ returned with HTTP 300
2026-02-26 06:21:08.930 8 INFO cinder.api.openstack.wsgi [None req-8faf9743-289d-49e2-93b9-fe829ebeab1d 77112a1276cc41219a76682c30cdf417 e651f1cfb87f48e691bbca515369e0b4 - - default default] GET http://cinder-api.openstack.svc.cluster.local:8776/v3/e651f1cfb87f48e691bbca515369e0b4/scheduler-stats/get_pools?detail=true
2026-02-26 06:21:09.434 8 INFO cinder.api.openstack.wsgi [None req-8faf9743-289d-49e2-93b9-fe829ebeab1d 77112a1276cc41219a76682c30cdf417 e651f1cfb87f48e691bbca515369e0b4 - - default default] http://cinder-api.openstack.svc.cluster.local:8776/v3/e651f1cfb87f48e691bbca515369e0b4/scheduler-stats/get_pools?detail=true returned with HTTP 200 [pid: 8|app: 0|req: 453/900] 10.0.0.124 () {28 vars in 695 bytes} [Thu Feb 26 06:21:08 2026] GET /v3/e651f1cfb87f48e691bbca515369e0b4/scheduler-stats/get_pools?detail=true => generated 671 bytes in 575 msecs (HTTP/1.1 200) 7 headers in 285 bytes (1 switches on core 0)
2026-02-26 06:21:09.457 7 INFO cinder.api.openstack.wsgi [None req-f5e83ffa-7698-46af-bce5-1bc69e255aa2 77112a1276cc41219a76682c30cdf417 e651f1cfb87f48e691bbca515369e0b4 - - default default] GET http://cinder-api.openstack.svc.cluster.local:8776/v3/e651f1cfb87f48e691bbca515369e0b4/volumes/detail?all_tenants=true
2026-02-26 06:21:09.474 7 INFO cinder.volume.api [None req-f5e83ffa-7698-46af-bce5-1bc69e255aa2 77112a1276cc41219a76682c30cdf417 e651f1cfb87f48e691bbca515369e0b4 - - default default] Get all volumes completed successfully. /var/lib/openstack/lib/python3.12/site-packages/oslo_context/context.py:100: DeprecationWarning: Policy enforcement is depending on the value of is_admin. This key is deprecated. Please update your policy file to use the standard policy values. warnings.warn('Policy enforcement is depending on the value of '
2026-02-26 06:21:09.481 7 INFO cinder.api.openstack.wsgi [None req-f5e83ffa-7698-46af-bce5-1bc69e255aa2 77112a1276cc41219a76682c30cdf417 e651f1cfb87f48e691bbca515369e0b4 - - default default] http://cinder-api.openstack.svc.cluster.local:8776/v3/e651f1cfb87f48e691bbca515369e0b4/volumes/detail?all_tenants=true returned with HTTP 200 /var/lib/openstack/lib/python3.12/site-packages/pycadf/timestamp.py:28: DeprecationWarning: datetime.datetime.utcnow() is deprecated and scheduled for removal in a future version. Use timezone-aware objects to represent datetimes in UTC: datetime.datetime.now(datetime.UTC). utc_datetime = pytz.utc.localize(datetime.datetime.utcnow()) [pid: 7|app: 0|req: 448/901] 10.0.0.124 () {28 vars in 683 bytes} [Thu Feb 26 06:21:09 2026] GET /v3/e651f1cfb87f48e691bbca515369e0b4/volumes/detail?all_tenants=true => generated 1790 bytes in 36 msecs (HTTP/1.1 200) 7 headers in 286 bytes (1 switches on core 0)
2026-02-26 06:21:09.520 8 INFO cinder.api.openstack.wsgi [None req-6a9be323-3553-460c-bd7f-f17af9cc3cd2 77112a1276cc41219a76682c30cdf417 e651f1cfb87f48e691bbca515369e0b4 - - default default] GET http://cinder-api.openstack.svc.cluster.local:8776/v3/e651f1cfb87f48e691bbca515369e0b4/os-quota-sets/01493b304f2d463a930e8f7077386f12?usage=true
2026-02-26 06:21:09.590 8 INFO cinder.api.openstack.wsgi [None req-6a9be323-3553-460c-bd7f-f17af9cc3cd2 77112a1276cc41219a76682c30cdf417 e651f1cfb87f48e691bbca515369e0b4 - - default default] http://cinder-api.openstack.svc.cluster.local:8776/v3/e651f1cfb87f48e691bbca515369e0b4/os-quota-sets/01493b304f2d463a930e8f7077386f12?usage=true returned with HTTP 200 [pid: 8|app: 0|req: 454/902] 10.0.0.124 () {28 vars in 735 bytes} [Thu Feb 26 06:21:09 2026] GET /v3/e651f1cfb87f48e691bbca515369e0b4/os-quota-sets/01493b304f2d463a930e8f7077386f12?usage=true => generated 847 bytes in 77 msecs (HTTP/1.1 200) 7 headers in 285 bytes (1 switches on core 0) /var/lib/openstack/lib/python3.12/site-packages/pycadf/identifier.py:71: UserWarning: Invalid uuid: cinderv3. To ensure interoperability, identifiers should be a valid uuid. warnings.warn(('Invalid uuid: %s. To ensure interoperability, '
2026-02-26 06:21:09.600 7 INFO cinder.api.openstack.wsgi [None req-3539658e-cb60-4079-adec-ac8a2850a275 77112a1276cc41219a76682c30cdf417 e651f1cfb87f48e691bbca515369e0b4 - - default default] GET http://cinder-api.openstack.svc.cluster.local:8776/v3/e651f1cfb87f48e691bbca515369e0b4/os-quota-sets/063718e35fbb4249a71d8994c9dd9114?usage=true
2026-02-26 06:21:09.621 7 INFO cinder.api.openstack.wsgi [None req-3539658e-cb60-4079-adec-ac8a2850a275 77112a1276cc41219a76682c30cdf417 e651f1cfb87f48e691bbca515369e0b4 - - default default] http://cinder-api.openstack.svc.cluster.local:8776/v3/e651f1cfb87f48e691bbca515369e0b4/os-quota-sets/063718e35fbb4249a71d8994c9dd9114?usage=true returned with HTTP 200 [pid: 7|app: 0|req: 449/903] 10.0.0.124 () {28 vars in 735 bytes} [Thu Feb 26 06:21:09 2026] GET /v3/e651f1cfb87f48e691bbca515369e0b4/os-quota-sets/063718e35fbb4249a71d8994c9dd9114?usage=true => generated 847 bytes in 27 msecs (HTTP/1.1 200) 7 headers in 285 bytes (1 switches on core 0)
2026-02-26 06:21:09.633 8 INFO cinder.api.openstack.wsgi [None req-4727046f-2e00-460d-a165-979063ed295d 77112a1276cc41219a76682c30cdf417 e651f1cfb87f48e691bbca515369e0b4 - - default default] GET http://cinder-api.openstack.svc.cluster.local:8776/v3/e651f1cfb87f48e691bbca515369e0b4/os-quota-sets/30ae94061d774627849649d672dc8dc8?usage=true
2026-02-26 06:21:09.654 8 INFO cinder.api.openstack.wsgi [None req-4727046f-2e00-460d-a165-979063ed295d 77112a1276cc41219a76682c30cdf417 e651f1cfb87f48e691bbca515369e0b4 - - default default] http://cinder-api.openstack.svc.cluster.local:8776/v3/e651f1cfb87f48e691bbca515369e0b4/os-quota-sets/30ae94061d774627849649d672dc8dc8?usage=true returned with HTTP 200 [pid: 8|app: 0|req: 455/904] 10.0.0.124 () {28 vars in 735 bytes} [Thu Feb 26 06:21:09 2026] GET /v3/e651f1cfb87f48e691bbca515369e0b4/os-quota-sets/30ae94061d774627849649d672dc8dc8?usage=true => generated 847 bytes in 29 msecs (HTTP/1.1 200) 7 headers in 285 bytes (1 switches on core 0)
2026-02-26 06:21:09.666 7 INFO cinder.api.openstack.wsgi [None req-bb9b1463-e99a-4ead-9d91-f36610a4c128 77112a1276cc41219a76682c30cdf417 e651f1cfb87f48e691bbca515369e0b4 - - default default] GET http://cinder-api.openstack.svc.cluster.local:8776/v3/e651f1cfb87f48e691bbca515369e0b4/os-quota-sets/75fe61da96904407a83b79c8829e57fc?usage=true
2026-02-26 06:21:09.685 7 INFO cinder.api.openstack.wsgi [None req-bb9b1463-e99a-4ead-9d91-f36610a4c128 77112a1276cc41219a76682c30cdf417 e651f1cfb87f48e691bbca515369e0b4 - - default default] http://cinder-api.openstack.svc.cluster.local:8776/v3/e651f1cfb87f48e691bbca515369e0b4/os-quota-sets/75fe61da96904407a83b79c8829e57fc?usage=true returned with HTTP 200 [pid: 7|app: 0|req: 450/905] 10.0.0.124 () {28 vars in 735 bytes} [Thu Feb 26 06:21:09 2026] GET /v3/e651f1cfb87f48e691bbca515369e0b4/os-quota-sets/75fe61da96904407a83b79c8829e57fc?usage=true => generated 847 bytes in 25 msecs (HTTP/1.1 200) 7 headers in 285 bytes (1 switches on core 0)
2026-02-26 06:21:09.696 8 INFO cinder.api.openstack.wsgi [None req-9c6bd917-5128-4e5b-83c9-f0c9dc97846f 77112a1276cc41219a76682c30cdf417 e651f1cfb87f48e691bbca515369e0b4 - - default default] GET http://cinder-api.openstack.svc.cluster.local:8776/v3/e651f1cfb87f48e691bbca515369e0b4/os-quota-sets/a10a4ce8a44c4a1bb8982a26804b365b?usage=true
2026-02-26 06:21:09.718 8 INFO cinder.api.openstack.wsgi [None req-9c6bd917-5128-4e5b-83c9-f0c9dc97846f 77112a1276cc41219a76682c30cdf417 e651f1cfb87f48e691bbca515369e0b4 - - default default] http://cinder-api.openstack.svc.cluster.local:8776/v3/e651f1cfb87f48e691bbca515369e0b4/os-quota-sets/a10a4ce8a44c4a1bb8982a26804b365b?usage=true returned with HTTP 200 [pid: 8|app: 0|req: 456/906] 10.0.0.124 () {28 vars in 735 bytes} [Thu Feb 26 06:21:09 2026] GET /v3/e651f1cfb87f48e691bbca515369e0b4/os-quota-sets/a10a4ce8a44c4a1bb8982a26804b365b?usage=true => generated 847 bytes in 29 msecs (HTTP/1.1 200) 7 headers in 285 bytes (1 switches on core 0)
2026-02-26 06:21:09.732 7 INFO cinder.api.openstack.wsgi [None req-50548b36-afe3-4680-b2ee-af8707cef32a 77112a1276cc41219a76682c30cdf417 e651f1cfb87f48e691bbca515369e0b4 - - default default] GET http://cinder-api.openstack.svc.cluster.local:8776/v3/e651f1cfb87f48e691bbca515369e0b4/os-quota-sets/b2de0be89ca942be8d8084f9aefc1a11?usage=true
2026-02-26 06:21:09.750 7 INFO cinder.api.openstack.wsgi [None req-50548b36-afe3-4680-b2ee-af8707cef32a 77112a1276cc41219a76682c30cdf417 e651f1cfb87f48e691bbca515369e0b4 - - default default] http://cinder-api.openstack.svc.cluster.local:8776/v3/e651f1cfb87f48e691bbca515369e0b4/os-quota-sets/b2de0be89ca942be8d8084f9aefc1a11?usage=true returned with HTTP 200 [pid: 7|app: 0|req: 451/907] 10.0.0.124 () {28 vars in 735 bytes} [Thu Feb 26 06:21:09 2026] GET /v3/e651f1cfb87f48e691bbca515369e0b4/os-quota-sets/b2de0be89ca942be8d8084f9aefc1a11?usage=true => generated 847 bytes in 25 msecs (HTTP/1.1 200) 7 headers in 285 bytes (1 switches on core 0)
2026-02-26 06:21:09.763 8 INFO cinder.api.openstack.wsgi [None req-71bd5d4e-249e-42a1-a938-04d0064040d6 77112a1276cc41219a76682c30cdf417 e651f1cfb87f48e691bbca515369e0b4 - - default default] GET http://cinder-api.openstack.svc.cluster.local:8776/v3/e651f1cfb87f48e691bbca515369e0b4/os-quota-sets/c85648584c864efc8d5b8401dfd0372d?usage=true
2026-02-26 06:21:09.778 8 INFO cinder.api.openstack.wsgi [None req-71bd5d4e-249e-42a1-a938-04d0064040d6 77112a1276cc41219a76682c30cdf417 e651f1cfb87f48e691bbca515369e0b4 - - default default] http://cinder-api.openstack.svc.cluster.local:8776/v3/e651f1cfb87f48e691bbca515369e0b4/os-quota-sets/c85648584c864efc8d5b8401dfd0372d?usage=true returned with HTTP 200 [pid: 8|app: 0|req: 457/908] 10.0.0.124 () {28 vars in 735 bytes} [Thu Feb 26 06:21:09 2026] GET /v3/e651f1cfb87f48e691bbca515369e0b4/os-quota-sets/c85648584c864efc8d5b8401dfd0372d?usage=true => generated 847 bytes in 24 msecs (HTTP/1.1 200) 7 headers in 285 bytes (1 switches on core 0)
2026-02-26 06:21:09.788 7 INFO cinder.api.openstack.wsgi [None req-5b6688f3-8e5a-45b7-b513-8c4f7d310792 77112a1276cc41219a76682c30cdf417 e651f1cfb87f48e691bbca515369e0b4 - - default default] GET http://cinder-api.openstack.svc.cluster.local:8776/v3/e651f1cfb87f48e691bbca515369e0b4/os-quota-sets/cee16e99ba9144d48624635512fd39e8?usage=true
2026-02-26 06:21:09.807 7 INFO cinder.api.openstack.wsgi [None req-5b6688f3-8e5a-45b7-b513-8c4f7d310792 77112a1276cc41219a76682c30cdf417 e651f1cfb87f48e691bbca515369e0b4 - - default default] http://cinder-api.openstack.svc.cluster.local:8776/v3/e651f1cfb87f48e691bbca515369e0b4/os-quota-sets/cee16e99ba9144d48624635512fd39e8?usage=true returned with HTTP 200 [pid: 7|app: 0|req: 452/909] 10.0.0.124 () {28 vars in 735 bytes} [Thu Feb 26 06:21:09 2026] GET /v3/e651f1cfb87f48e691bbca515369e0b4/os-quota-sets/cee16e99ba9144d48624635512fd39e8?usage=true => generated 845 bytes in 26 msecs (HTTP/1.1 200) 7 headers in 285 bytes (1 switches on core 0)
2026-02-26 06:21:09.819 8 INFO cinder.api.openstack.wsgi [None req-c1cf4845-8979-4e15-b3a9-13e5f659ef64 77112a1276cc41219a76682c30cdf417 e651f1cfb87f48e691bbca515369e0b4 - - default default] GET http://cinder-api.openstack.svc.cluster.local:8776/v3/e651f1cfb87f48e691bbca515369e0b4/os-quota-sets/dbb9e6e36e2841a3b2035d3d15f6dcf8?usage=true
2026-02-26 06:21:09.840 8 INFO cinder.api.openstack.wsgi [None req-c1cf4845-8979-4e15-b3a9-13e5f659ef64 77112a1276cc41219a76682c30cdf417 e651f1cfb87f48e691bbca515369e0b4 - - default default] http://cinder-api.openstack.svc.cluster.local:8776/v3/e651f1cfb87f48e691bbca515369e0b4/os-quota-sets/dbb9e6e36e2841a3b2035d3d15f6dcf8?usage=true returned with HTTP 200 [pid: 8|app: 0|req: 458/910] 10.0.0.124 () {28 vars in 735 bytes} [Thu Feb 26 06:21:09 2026] GET /v3/e651f1cfb87f48e691bbca515369e0b4/os-quota-sets/dbb9e6e36e2841a3b2035d3d15f6dcf8?usage=true => generated 847 bytes in 29 msecs (HTTP/1.1 200) 7 headers in 285 bytes (1 switches on core 0)
2026-02-26 06:21:09.854 7 INFO cinder.api.openstack.wsgi [None req-4f2fa1bc-ebc9-4770-8025-47392cfa56d4 77112a1276cc41219a76682c30cdf417 e651f1cfb87f48e691bbca515369e0b4 - - default default] GET http://cinder-api.openstack.svc.cluster.local:8776/v3/e651f1cfb87f48e691bbca515369e0b4/os-quota-sets/e651f1cfb87f48e691bbca515369e0b4?usage=true
2026-02-26 06:21:09.875 7 INFO cinder.api.openstack.wsgi [None req-4f2fa1bc-ebc9-4770-8025-47392cfa56d4 77112a1276cc41219a76682c30cdf417 e651f1cfb87f48e691bbca515369e0b4 - - default default] http://cinder-api.openstack.svc.cluster.local:8776/v3/e651f1cfb87f48e691bbca515369e0b4/os-quota-sets/e651f1cfb87f48e691bbca515369e0b4?usage=true returned with HTTP 200 [pid: 7|app: 0|req: 453/911] 10.0.0.124 () {28 vars in 735 bytes} [Thu Feb 26 06:21:09 2026] GET /v3/e651f1cfb87f48e691bbca515369e0b4/os-quota-sets/e651f1cfb87f48e691bbca515369e0b4?usage=true => generated 847 bytes in 31 msecs (HTTP/1.1 200) 7 headers in 285 bytes (1 switches on core 0)
2026-02-26 06:21:09.887 8 INFO cinder.api.openstack.wsgi [None req-94514c3f-3680-487d-bf29-12c72e3879f5 77112a1276cc41219a76682c30cdf417 e651f1cfb87f48e691bbca515369e0b4 - - default default] GET http://cinder-api.openstack.svc.cluster.local:8776/v3/e651f1cfb87f48e691bbca515369e0b4/os-quota-sets/f785ecee07d44b8b9eba9245c7d2cf37?usage=true
2026-02-26 06:21:09.905 8 INFO cinder.api.openstack.wsgi [None req-94514c3f-3680-487d-bf29-12c72e3879f5 77112a1276cc41219a76682c30cdf417 e651f1cfb87f48e691bbca515369e0b4 - - default default] http://cinder-api.openstack.svc.cluster.local:8776/v3/e651f1cfb87f48e691bbca515369e0b4/os-quota-sets/f785ecee07d44b8b9eba9245c7d2cf37?usage=true returned with HTTP 200 [pid: 8|app: 0|req: 459/912] 10.0.0.124 () {28 vars in 735 bytes} [Thu Feb 26 06:21:09 2026] GET /v3/e651f1cfb87f48e691bbca515369e0b4/os-quota-sets/f785ecee07d44b8b9eba9245c7d2cf37?usage=true => generated 847 bytes in 25 msecs (HTTP/1.1 200) 7 headers in 285 bytes (1 switches on core 0)
2026-02-26 06:21:09.916 7 INFO cinder.api.openstack.wsgi [None req-41891ff4-2ae9-4095-9516-84c814af0247 77112a1276cc41219a76682c30cdf417 e651f1cfb87f48e691bbca515369e0b4 - - default default] GET http://cinder-api.openstack.svc.cluster.local:8776/v3/e651f1cfb87f48e691bbca515369e0b4/volumes/detail?all_tenants=true
2026-02-26 06:21:09.928 7 INFO cinder.volume.api [None req-41891ff4-2ae9-4095-9516-84c814af0247 77112a1276cc41219a76682c30cdf417 e651f1cfb87f48e691bbca515369e0b4 - - default default] Get all volumes completed successfully. /var/lib/openstack/lib/python3.12/site-packages/oslo_context/context.py:100: DeprecationWarning: Policy enforcement is depending on the value of is_admin. This key is deprecated. Please update your policy file to use the standard policy values. warnings.warn('Policy enforcement is depending on the value of '
2026-02-26 06:21:09.937 7 INFO cinder.api.openstack.wsgi [None req-41891ff4-2ae9-4095-9516-84c814af0247 77112a1276cc41219a76682c30cdf417 e651f1cfb87f48e691bbca515369e0b4 - - default default] http://cinder-api.openstack.svc.cluster.local:8776/v3/e651f1cfb87f48e691bbca515369e0b4/volumes/detail?all_tenants=true returned with HTTP 200 /var/lib/openstack/lib/python3.12/site-packages/pycadf/timestamp.py:28: DeprecationWarning: datetime.datetime.utcnow() is deprecated and scheduled for removal in a future version. Use timezone-aware objects to represent datetimes in UTC: datetime.datetime.now(datetime.UTC). utc_datetime = pytz.utc.localize(datetime.datetime.utcnow()) [pid: 7|app: 0|req: 454/913] 10.0.0.124 () {28 vars in 683 bytes} [Thu Feb 26 06:21:09 2026] GET /v3/e651f1cfb87f48e691bbca515369e0b4/volumes/detail?all_tenants=true => generated 1790 bytes in 28 msecs (HTTP/1.1 200) 7 headers in 286 bytes (1 switches on core 0)
2026-02-26 06:21:09.948 8 INFO cinder.api.openstack.wsgi [None req-5f21664d-ffba-4ae5-9079-13def1aac1b5 77112a1276cc41219a76682c30cdf417 e651f1cfb87f48e691bbca515369e0b4 - - default default] GET http://cinder-api.openstack.svc.cluster.local:8776/v3/e651f1cfb87f48e691bbca515369e0b4/snapshots?all_tenants=true
2026-02-26 06:21:09.956 8 INFO cinder.volume.api [None req-5f21664d-ffba-4ae5-9079-13def1aac1b5 77112a1276cc41219a76682c30cdf417 e651f1cfb87f48e691bbca515369e0b4 - - default default] Get all snapshots completed successfully.
2026-02-26 06:21:09.956 8 INFO cinder.api.openstack.wsgi [None req-5f21664d-ffba-4ae5-9079-13def1aac1b5 77112a1276cc41219a76682c30cdf417 e651f1cfb87f48e691bbca515369e0b4 - - default default] http://cinder-api.openstack.svc.cluster.local:8776/v3/e651f1cfb87f48e691bbca515369e0b4/snapshots?all_tenants=true returned with HTTP 200 [pid: 8|app: 0|req: 460/914] 10.0.0.124 () {28 vars in 673 bytes} [Thu Feb 26 06:21:09 2026] GET /v3/e651f1cfb87f48e691bbca515369e0b4/snapshots?all_tenants=true => generated 17 bytes in 15 msecs (HTTP/1.1 200) 7 headers in 284 bytes (1 switches on core 0) /var/lib/openstack/lib/python3.12/site-packages/pycadf/identifier.py:71: UserWarning: Invalid uuid: cinderv3. To ensure interoperability, identifiers should be a valid uuid. warnings.warn(('Invalid uuid: %s. To ensure interoperability, '
2026-02-26 06:21:09.969 7 INFO cinder.api.openstack.wsgi [None req-6c43ca7f-ce18-43c2-92dc-8d7ebce7a486 77112a1276cc41219a76682c30cdf417 e651f1cfb87f48e691bbca515369e0b4 - - default default] GET http://cinder-api.openstack.svc.cluster.local:8776/v3/e651f1cfb87f48e691bbca515369e0b4/os-services
2026-02-26 06:21:09.973 7 INFO cinder.api.openstack.wsgi [None req-6c43ca7f-ce18-43c2-92dc-8d7ebce7a486 77112a1276cc41219a76682c30cdf417 e651f1cfb87f48e691bbca515369e0b4 - - default default] http://cinder-api.openstack.svc.cluster.local:8776/v3/e651f1cfb87f48e691bbca515369e0b4/os-services returned with HTTP 200 [pid: 7|app: 0|req: 455/915] 10.0.0.124 () {28 vars in 644 bytes} [Thu Feb 26 06:21:09 2026] GET /v3/e651f1cfb87f48e691bbca515369e0b4/os-services => generated 646 bytes in 13 msecs (HTTP/1.1 200) 7 headers in 285 bytes (1 switches on core 0)
2026-02-26 06:21:11.895 8 INFO cinder.api.openstack.wsgi [None req-5f21664d-ffba-4ae5-9079-13def1aac1b5 77112a1276cc41219a76682c30cdf417 e651f1cfb87f48e691bbca515369e0b4 - - default default] GET http://10.0.0.173:8776/
2026-02-26 06:21:11.895 7 INFO cinder.api.openstack.wsgi [None req-6c43ca7f-ce18-43c2-92dc-8d7ebce7a486 77112a1276cc41219a76682c30cdf417 e651f1cfb87f48e691bbca515369e0b4 - - default default] GET http://10.0.0.173:8776/
2026-02-26 06:21:11.896 8 INFO cinder.api.openstack.wsgi [None req-5f21664d-ffba-4ae5-9079-13def1aac1b5 77112a1276cc41219a76682c30cdf417 e651f1cfb87f48e691bbca515369e0b4 - - default default] http://10.0.0.173:8776/ returned with HTTP 300
2026-02-26 06:21:11.896 7 INFO cinder.api.openstack.wsgi [None req-6c43ca7f-ce18-43c2-92dc-8d7ebce7a486 77112a1276cc41219a76682c30cdf417 e651f1cfb87f48e691bbca515369e0b4 - - default default] http://10.0.0.173:8776/ returned with HTTP 300
2026-02-26 06:21:21.894 8 INFO cinder.api.openstack.wsgi [None req-5f21664d-ffba-4ae5-9079-13def1aac1b5 77112a1276cc41219a76682c30cdf417 e651f1cfb87f48e691bbca515369e0b4 - - default default] GET http://10.0.0.173:8776/
2026-02-26 06:21:21.894 7 INFO cinder.api.openstack.wsgi [None req-6c43ca7f-ce18-43c2-92dc-8d7ebce7a486 77112a1276cc41219a76682c30cdf417 e651f1cfb87f48e691bbca515369e0b4 - - default default] GET http://10.0.0.173:8776/
2026-02-26 06:21:21.896 8 INFO cinder.api.openstack.wsgi [None req-5f21664d-ffba-4ae5-9079-13def1aac1b5 77112a1276cc41219a76682c30cdf417 e651f1cfb87f48e691bbca515369e0b4 - - default default] http://10.0.0.173:8776/ returned with HTTP 300
2026-02-26 06:21:21.896 7 INFO cinder.api.openstack.wsgi [None req-6c43ca7f-ce18-43c2-92dc-8d7ebce7a486 77112a1276cc41219a76682c30cdf417 e651f1cfb87f48e691bbca515369e0b4 - - default default] http://10.0.0.173:8776/ returned with HTTP 300
2026-02-26 06:21:31.895 7 INFO cinder.api.openstack.wsgi [None req-6c43ca7f-ce18-43c2-92dc-8d7ebce7a486 77112a1276cc41219a76682c30cdf417 e651f1cfb87f48e691bbca515369e0b4 - - default default] GET http://10.0.0.173:8776/
2026-02-26 06:21:31.895 8 INFO cinder.api.openstack.wsgi [None req-5f21664d-ffba-4ae5-9079-13def1aac1b5 77112a1276cc41219a76682c30cdf417 e651f1cfb87f48e691bbca515369e0b4 - - default default] GET http://10.0.0.173:8776/
2026-02-26 06:21:31.896 8 INFO cinder.api.openstack.wsgi [None req-5f21664d-ffba-4ae5-9079-13def1aac1b5 77112a1276cc41219a76682c30cdf417 e651f1cfb87f48e691bbca515369e0b4 - - default default] http://10.0.0.173:8776/ returned with HTTP 300
2026-02-26 06:21:31.896 7 INFO cinder.api.openstack.wsgi [None req-6c43ca7f-ce18-43c2-92dc-8d7ebce7a486 77112a1276cc41219a76682c30cdf417 e651f1cfb87f48e691bbca515369e0b4 - - default default] http://10.0.0.173:8776/ returned with HTTP 300
2026-02-26 06:21:41.894 8 INFO cinder.api.openstack.wsgi [None req-5f21664d-ffba-4ae5-9079-13def1aac1b5 77112a1276cc41219a76682c30cdf417 e651f1cfb87f48e691bbca515369e0b4 - - default default] GET http://10.0.0.173:8776/
2026-02-26 06:21:41.895 7 INFO cinder.api.openstack.wsgi [None req-6c43ca7f-ce18-43c2-92dc-8d7ebce7a486 77112a1276cc41219a76682c30cdf417 e651f1cfb87f48e691bbca515369e0b4 - - default default] GET http://10.0.0.173:8776/
2026-02-26 06:21:41.895 8 INFO cinder.api.openstack.wsgi [None req-5f21664d-ffba-4ae5-9079-13def1aac1b5 77112a1276cc41219a76682c30cdf417 e651f1cfb87f48e691bbca515369e0b4 - - default default] http://10.0.0.173:8776/ returned with HTTP 300
2026-02-26 06:21:41.895 7 INFO cinder.api.openstack.wsgi [None req-6c43ca7f-ce18-43c2-92dc-8d7ebce7a486 77112a1276cc41219a76682c30cdf417 e651f1cfb87f48e691bbca515369e0b4 - - default default] http://10.0.0.173:8776/ returned with HTTP 300
2026-02-26 06:21:43.445 7 INFO cinder.api.openstack.wsgi [req-eb576869-8cd2-4392-b1f4-be72c6bdef79 req-19d274b2-b00f-462a-b28f-c9d76ddf9415 77112a1276cc41219a76682c30cdf417 e651f1cfb87f48e691bbca515369e0b4 - - default default] DELETE http://cinder-api.openstack.svc.cluster.local:8776/v3/e651f1cfb87f48e691bbca515369e0b4/attachments/d4e65c20-8f08-4c1b-b561-6b3ae76d8f7a /var/lib/openstack/lib/python3.12/site-packages/oslo_context/context.py:100: DeprecationWarning: Policy enforcement is depending on the value of is_admin. This key is deprecated. Please update your policy file to use the standard policy values. warnings.warn('Policy enforcement is depending on the value of '
2026-02-26 06:21:43.997 7 INFO cinder.api.openstack.wsgi [req-eb576869-8cd2-4392-b1f4-be72c6bdef79 req-19d274b2-b00f-462a-b28f-c9d76ddf9415 77112a1276cc41219a76682c30cdf417 e651f1cfb87f48e691bbca515369e0b4 - - default default] http://cinder-api.openstack.svc.cluster.local:8776/v3/e651f1cfb87f48e691bbca515369e0b4/attachments/d4e65c20-8f08-4c1b-b561-6b3ae76d8f7a returned with HTTP 200 /var/lib/openstack/lib/python3.12/site-packages/pycadf/timestamp.py:28: DeprecationWarning: datetime.datetime.utcnow() is deprecated and scheduled for removal in a future version. Use timezone-aware objects to represent datetimes in UTC: datetime.datetime.now(datetime.UTC). utc_datetime = pytz.utc.localize(datetime.datetime.utcnow()) [pid: 7|app: 0|req: 460/924] 162.253.55.195 () {38 vars in 1102 bytes} [Thu Feb 26 06:21:43 2026] DELETE /v3/e651f1cfb87f48e691bbca515369e0b4/attachments/d4e65c20-8f08-4c1b-b561-6b3ae76d8f7a => generated 19 bytes in 560 msecs (HTTP/1.1 200) 7 headers in 285 bytes (1 switches on core 0)
2026-02-26 06:21:44.016 8 INFO cinder.api.openstack.wsgi [req-eb576869-8cd2-4392-b1f4-be72c6bdef79 req-c681f41f-0741-45a7-bf3d-a14965e3172f 77112a1276cc41219a76682c30cdf417 e651f1cfb87f48e691bbca515369e0b4 - - default default] DELETE http://cinder-api.openstack.svc.cluster.local:8776/v3/e651f1cfb87f48e691bbca515369e0b4/volumes/004bc16a-b686-4806-b0e1-97d1a96703b1
2026-02-26 06:21:44.016 8 INFO cinder.api.v3.volumes [req-eb576869-8cd2-4392-b1f4-be72c6bdef79 req-c681f41f-0741-45a7-bf3d-a14965e3172f 77112a1276cc41219a76682c30cdf417 e651f1cfb87f48e691bbca515369e0b4 - - default default] Delete volume with id: 004bc16a-b686-4806-b0e1-97d1a96703b1 /var/lib/openstack/lib/python3.12/site-packages/oslo_context/context.py:100: DeprecationWarning: Policy enforcement is depending on the value of is_admin. This key is deprecated. Please update your policy file to use the standard policy values. warnings.warn('Policy enforcement is depending on the value of '
2026-02-26 06:21:44.029 8 INFO cinder.volume.api [req-eb576869-8cd2-4392-b1f4-be72c6bdef79 req-c681f41f-0741-45a7-bf3d-a14965e3172f 77112a1276cc41219a76682c30cdf417 e651f1cfb87f48e691bbca515369e0b4 - - default default] Volume info retrieved successfully.
2026-02-26 06:21:44.051 8 INFO cinder.volume.api [req-eb576869-8cd2-4392-b1f4-be72c6bdef79 req-c681f41f-0741-45a7-bf3d-a14965e3172f 77112a1276cc41219a76682c30cdf417 e651f1cfb87f48e691bbca515369e0b4 - - default default] Delete volume request issued successfully.
2026-02-26 06:21:44.052 8 INFO cinder.api.openstack.wsgi [req-eb576869-8cd2-4392-b1f4-be72c6bdef79 req-c681f41f-0741-45a7-bf3d-a14965e3172f 77112a1276cc41219a76682c30cdf417 e651f1cfb87f48e691bbca515369e0b4 - - default default] http://cinder-api.openstack.svc.cluster.local:8776/v3/e651f1cfb87f48e691bbca515369e0b4/volumes/004bc16a-b686-4806-b0e1-97d1a96703b1 returned with HTTP 202 /var/lib/openstack/lib/python3.12/site-packages/pycadf/timestamp.py:28: DeprecationWarning: datetime.datetime.utcnow() is deprecated and scheduled for removal in a future version. Use timezone-aware objects to represent datetimes in UTC: datetime.datetime.now(datetime.UTC). utc_datetime = pytz.utc.localize(datetime.datetime.utcnow()) [pid: 8|app: 0|req: 465/925] 162.253.55.195 () {36 vars in 1053 bytes} [Thu Feb 26 06:21:44 2026] DELETE /v3/e651f1cfb87f48e691bbca515369e0b4/volumes/004bc16a-b686-4806-b0e1-97d1a96703b1 => generated 0 bytes in 46 msecs (HTTP/1.1 202) 6 headers in 233 bytes (1 switches on core 0)
2026-02-26 06:21:51.894 8 INFO cinder.api.openstack.wsgi [req-eb576869-8cd2-4392-b1f4-be72c6bdef79 req-c681f41f-0741-45a7-bf3d-a14965e3172f 77112a1276cc41219a76682c30cdf417 e651f1cfb87f48e691bbca515369e0b4 - - default default] GET http://10.0.0.173:8776/
2026-02-26 06:21:51.894 7 INFO cinder.api.openstack.wsgi [req-eb576869-8cd2-4392-b1f4-be72c6bdef79 req-19d274b2-b00f-462a-b28f-c9d76ddf9415 77112a1276cc41219a76682c30cdf417 e651f1cfb87f48e691bbca515369e0b4 - - default default] GET http://10.0.0.173:8776/
2026-02-26 06:21:51.895 8 INFO cinder.api.openstack.wsgi [req-eb576869-8cd2-4392-b1f4-be72c6bdef79 req-c681f41f-0741-45a7-bf3d-a14965e3172f 77112a1276cc41219a76682c30cdf417 e651f1cfb87f48e691bbca515369e0b4 - - default default] http://10.0.0.173:8776/ returned with HTTP 300
2026-02-26 06:21:51.896 7 INFO cinder.api.openstack.wsgi [req-eb576869-8cd2-4392-b1f4-be72c6bdef79 req-19d274b2-b00f-462a-b28f-c9d76ddf9415 77112a1276cc41219a76682c30cdf417 e651f1cfb87f48e691bbca515369e0b4 - - default default] http://10.0.0.173:8776/ returned with HTTP 300
2026-02-26 06:22:01.895 7 INFO cinder.api.openstack.wsgi [req-eb576869-8cd2-4392-b1f4-be72c6bdef79 req-19d274b2-b00f-462a-b28f-c9d76ddf9415 77112a1276cc41219a76682c30cdf417 e651f1cfb87f48e691bbca515369e0b4 - - default default] GET http://10.0.0.173:8776/
2026-02-26 06:22:01.895 8 INFO cinder.api.openstack.wsgi [req-eb576869-8cd2-4392-b1f4-be72c6bdef79 req-c681f41f-0741-45a7-bf3d-a14965e3172f 77112a1276cc41219a76682c30cdf417 e651f1cfb87f48e691bbca515369e0b4 - - default default] GET http://10.0.0.173:8776/
2026-02-26 06:22:01.896 7 INFO cinder.api.openstack.wsgi [req-eb576869-8cd2-4392-b1f4-be72c6bdef79 req-19d274b2-b00f-462a-b28f-c9d76ddf9415 77112a1276cc41219a76682c30cdf417 e651f1cfb87f48e691bbca515369e0b4 - - default default] http://10.0.0.173:8776/ returned with HTTP 300
2026-02-26 06:22:01.896 8 INFO cinder.api.openstack.wsgi [req-eb576869-8cd2-4392-b1f4-be72c6bdef79 req-c681f41f-0741-45a7-bf3d-a14965e3172f 77112a1276cc41219a76682c30cdf417 e651f1cfb87f48e691bbca515369e0b4 - - default default] http://10.0.0.173:8776/ returned with HTTP 300 /var/lib/openstack/lib/python3.12/site-packages/pycadf/identifier.py:71: UserWarning: Invalid uuid: cinderv3. To ensure interoperability, identifiers should be a valid uuid. warnings.warn(('Invalid uuid: %s. To ensure interoperability, '
2026-02-26 06:22:08.740 7 INFO cinder.api.openstack.wsgi [None req-db6377a3-0df3-41f6-bece-b1e82e720e63 77112a1276cc41219a76682c30cdf417 e651f1cfb87f48e691bbca515369e0b4 - - default default] GET http://cinder-api.openstack.svc.cluster.local:8776/v3/e651f1cfb87f48e691bbca515369e0b4/volumes/detail?all_tenants=true /var/lib/openstack/lib/python3.12/site-packages/oslo_context/context.py:100: DeprecationWarning: Policy enforcement is depending on the value of is_admin. This key is deprecated. Please update your policy file to use the standard policy values. warnings.warn('Policy enforcement is depending on the value of '
2026-02-26 06:22:08.750 7 INFO cinder.volume.api [None req-db6377a3-0df3-41f6-bece-b1e82e720e63 77112a1276cc41219a76682c30cdf417 e651f1cfb87f48e691bbca515369e0b4 - - default default] Get all volumes completed successfully.
2026-02-26 06:22:08.752 7 INFO cinder.api.openstack.wsgi [None req-db6377a3-0df3-41f6-bece-b1e82e720e63 77112a1276cc41219a76682c30cdf417 e651f1cfb87f48e691bbca515369e0b4 - - default default] http://cinder-api.openstack.svc.cluster.local:8776/v3/e651f1cfb87f48e691bbca515369e0b4/volumes/detail?all_tenants=true returned with HTTP 200 [pid: 7|app: 0|req: 463/930] 10.0.0.124 () {28 vars in 683 bytes} [Thu Feb 26 06:22:08 2026] GET /v3/e651f1cfb87f48e691bbca515369e0b4/volumes/detail?all_tenants=true => generated 15 bytes in 58 msecs (HTTP/1.1 200) 7 headers in 284 bytes (1 switches on core 0) /var/lib/openstack/lib/python3.12/site-packages/pycadf/identifier.py:71: UserWarning: Invalid uuid: cinderv3. To ensure interoperability, identifiers should be a valid uuid. warnings.warn(('Invalid uuid: %s. To ensure interoperability, '
2026-02-26 06:22:08.764 8 INFO cinder.api.openstack.wsgi [None req-1155894f-ef42-4d30-a0d9-a7bc4365c12f 77112a1276cc41219a76682c30cdf417 e651f1cfb87f48e691bbca515369e0b4 - - default default] GET http://cinder-api.openstack.svc.cluster.local:8776/v3/e651f1cfb87f48e691bbca515369e0b4/os-services
2026-02-26 06:22:08.777 8 INFO cinder.api.openstack.wsgi [None req-1155894f-ef42-4d30-a0d9-a7bc4365c12f 77112a1276cc41219a76682c30cdf417 e651f1cfb87f48e691bbca515369e0b4 - - default default] http://cinder-api.openstack.svc.cluster.local:8776/v3/e651f1cfb87f48e691bbca515369e0b4/os-services returned with HTTP 200 [pid: 8|app: 0|req: 468/931] 10.0.0.124 () {28 vars in 644 bytes} [Thu Feb 26 06:22:08 2026] GET /v3/e651f1cfb87f48e691bbca515369e0b4/os-services => generated 646 bytes in 22 msecs (HTTP/1.1 200) 7 headers in 285 bytes (1 switches on core 0)
2026-02-26 06:22:08.787 7 INFO cinder.api.openstack.wsgi [None req-0fe6550b-71b4-4c6c-b16d-159bbaa4a699 77112a1276cc41219a76682c30cdf417 e651f1cfb87f48e691bbca515369e0b4 - - default default] GET http://cinder-api.openstack.svc.cluster.local:8776/v3/e651f1cfb87f48e691bbca515369e0b4/volumes/detail?all_tenants=true
2026-02-26 06:22:08.798 7 INFO cinder.volume.api [None req-0fe6550b-71b4-4c6c-b16d-159bbaa4a699 77112a1276cc41219a76682c30cdf417 e651f1cfb87f48e691bbca515369e0b4 - - default default] Get all volumes completed successfully.
2026-02-26 06:22:08.799 7 INFO cinder.api.openstack.wsgi [None req-0fe6550b-71b4-4c6c-b16d-159bbaa4a699 77112a1276cc41219a76682c30cdf417 e651f1cfb87f48e691bbca515369e0b4 - - default default] http://cinder-api.openstack.svc.cluster.local:8776/v3/e651f1cfb87f48e691bbca515369e0b4/volumes/detail?all_tenants=true returned with HTTP 200 [pid: 7|app: 0|req: 464/932] 10.0.0.124 () {28 vars in 683 bytes} [Thu Feb 26 06:22:08 2026] GET /v3/e651f1cfb87f48e691bbca515369e0b4/volumes/detail?all_tenants=true => generated 15 bytes in 17 msecs (HTTP/1.1 200) 7 headers in 284 bytes (1 switches on core 0)
2026-02-26 06:22:08.840 8 INFO cinder.api.openstack.wsgi [None req-8e8558fa-5132-47b4-afee-20e0629f5840 77112a1276cc41219a76682c30cdf417 e651f1cfb87f48e691bbca515369e0b4 - - default default] GET http://cinder-api.openstack.svc.cluster.local:8776/v3/e651f1cfb87f48e691bbca515369e0b4/os-quota-sets/01493b304f2d463a930e8f7077386f12?usage=true
2026-02-26 06:22:08.860 8 INFO cinder.api.openstack.wsgi [None req-8e8558fa-5132-47b4-afee-20e0629f5840 77112a1276cc41219a76682c30cdf417 e651f1cfb87f48e691bbca515369e0b4 - - default default] http://cinder-api.openstack.svc.cluster.local:8776/v3/e651f1cfb87f48e691bbca515369e0b4/os-quota-sets/01493b304f2d463a930e8f7077386f12?usage=true returned with HTTP 200 [pid: 8|app: 0|req: 469/933] 10.0.0.124 () {28 vars in 735 bytes} [Thu Feb 26 06:22:08 2026] GET /v3/e651f1cfb87f48e691bbca515369e0b4/os-quota-sets/01493b304f2d463a930e8f7077386f12?usage=true => generated 847 bytes in 26 msecs (HTTP/1.1 200) 7 headers in 285 bytes (1 switches on core 0)
2026-02-26 06:22:08.876 7 INFO cinder.api.openstack.wsgi [None req-0baf8702-66c3-448a-8b5c-4329b6cfc4d6 77112a1276cc41219a76682c30cdf417 e651f1cfb87f48e691bbca515369e0b4 - - default default] GET http://cinder-api.openstack.svc.cluster.local:8776/v3/e651f1cfb87f48e691bbca515369e0b4/os-quota-sets/063718e35fbb4249a71d8994c9dd9114?usage=true
2026-02-26 06:22:08.922 7 INFO cinder.api.openstack.wsgi [None req-0baf8702-66c3-448a-8b5c-4329b6cfc4d6 77112a1276cc41219a76682c30cdf417 e651f1cfb87f48e691bbca515369e0b4 - - default default] http://cinder-api.openstack.svc.cluster.local:8776/v3/e651f1cfb87f48e691bbca515369e0b4/os-quota-sets/063718e35fbb4249a71d8994c9dd9114?usage=true returned with HTTP 200 [pid: 7|app: 0|req: 465/934] 10.0.0.124 () {28 vars in 735 bytes} [Thu Feb 26 06:22:08 2026] GET /v3/e651f1cfb87f48e691bbca515369e0b4/os-quota-sets/063718e35fbb4249a71d8994c9dd9114?usage=true => generated 847 bytes in 53 msecs (HTTP/1.1 200) 7 headers in 285 bytes (1 switches on core 0)
2026-02-26 06:22:08.935 8 INFO cinder.api.openstack.wsgi [None req-c986010a-90cc-4f47-a140-b589618a3e71 77112a1276cc41219a76682c30cdf417 e651f1cfb87f48e691bbca515369e0b4 - - default default] GET http://cinder-api.openstack.svc.cluster.local:8776/v3/e651f1cfb87f48e691bbca515369e0b4/os-quota-sets/30ae94061d774627849649d672dc8dc8?usage=true
2026-02-26 06:22:08.969 8 INFO cinder.api.openstack.wsgi [None req-c986010a-90cc-4f47-a140-b589618a3e71 77112a1276cc41219a76682c30cdf417 e651f1cfb87f48e691bbca515369e0b4 - - default default] http://cinder-api.openstack.svc.cluster.local:8776/v3/e651f1cfb87f48e691bbca515369e0b4/os-quota-sets/30ae94061d774627849649d672dc8dc8?usage=true returned with HTTP 200 [pid: 8|app: 0|req: 470/935] 10.0.0.124 () {28 vars in 735 bytes} [Thu Feb 26 06:22:08 2026] GET /v3/e651f1cfb87f48e691bbca515369e0b4/os-quota-sets/30ae94061d774627849649d672dc8dc8?usage=true => generated 847 bytes in 43 msecs (HTTP/1.1 200) 7 headers in 285 bytes (1 switches on core 0)
2026-02-26 06:22:08.984 7 INFO cinder.api.openstack.wsgi [None req-d0917af0-cf28-4926-86a7-ca4ccb6a1cd6 77112a1276cc41219a76682c30cdf417 e651f1cfb87f48e691bbca515369e0b4 - - default default] GET http://cinder-api.openstack.svc.cluster.local:8776/v3/e651f1cfb87f48e691bbca515369e0b4/os-quota-sets/75fe61da96904407a83b79c8829e57fc?usage=true
2026-02-26 06:22:09.012 7 INFO cinder.api.openstack.wsgi [None req-d0917af0-cf28-4926-86a7-ca4ccb6a1cd6 77112a1276cc41219a76682c30cdf417 e651f1cfb87f48e691bbca515369e0b4 - - default default] http://cinder-api.openstack.svc.cluster.local:8776/v3/e651f1cfb87f48e691bbca515369e0b4/os-quota-sets/75fe61da96904407a83b79c8829e57fc?usage=true returned with HTTP 200 [pid: 7|app: 0|req: 466/936] 10.0.0.124 () {28 vars in 735 bytes} [Thu Feb 26 06:22:08 2026] GET /v3/e651f1cfb87f48e691bbca515369e0b4/os-quota-sets/75fe61da96904407a83b79c8829e57fc?usage=true => generated 847 bytes in 37 msecs (HTTP/1.1 200) 7 headers in 285 bytes (1 switches on core 0)
2026-02-26 06:22:09.029 8 INFO cinder.api.openstack.wsgi [None req-6c8c9820-3c18-4e38-9da0-f62fe27ab514 77112a1276cc41219a76682c30cdf417 e651f1cfb87f48e691bbca515369e0b4 - - default default] GET http://cinder-api.openstack.svc.cluster.local:8776/v3/e651f1cfb87f48e691bbca515369e0b4/os-quota-sets/a10a4ce8a44c4a1bb8982a26804b365b?usage=true
2026-02-26 06:22:09.072 8 INFO cinder.api.openstack.wsgi [None req-6c8c9820-3c18-4e38-9da0-f62fe27ab514 77112a1276cc41219a76682c30cdf417 e651f1cfb87f48e691bbca515369e0b4 - - default default] http://cinder-api.openstack.svc.cluster.local:8776/v3/e651f1cfb87f48e691bbca515369e0b4/os-quota-sets/a10a4ce8a44c4a1bb8982a26804b365b?usage=true returned with HTTP 200 [pid: 8|app: 0|req: 471/937] 10.0.0.124 () {28 vars in 735 bytes} [Thu Feb 26 06:22:09 2026] GET /v3/e651f1cfb87f48e691bbca515369e0b4/os-quota-sets/a10a4ce8a44c4a1bb8982a26804b365b?usage=true => generated 847 bytes in 55 msecs (HTTP/1.1 200) 7 headers in 285 bytes (1 switches on core 0)
2026-02-26 06:22:09.087 7 INFO cinder.api.openstack.wsgi [None req-02ccc80e-76c8-4feb-b03e-331c5e75fcc1 77112a1276cc41219a76682c30cdf417 e651f1cfb87f48e691bbca515369e0b4 - - default default] GET http://cinder-api.openstack.svc.cluster.local:8776/v3/e651f1cfb87f48e691bbca515369e0b4/os-quota-sets/b2de0be89ca942be8d8084f9aefc1a11?usage=true
2026-02-26 06:22:09.104 7 INFO cinder.api.openstack.wsgi [None req-02ccc80e-76c8-4feb-b03e-331c5e75fcc1 77112a1276cc41219a76682c30cdf417 e651f1cfb87f48e691bbca515369e0b4 - - default default] http://cinder-api.openstack.svc.cluster.local:8776/v3/e651f1cfb87f48e691bbca515369e0b4/os-quota-sets/b2de0be89ca942be8d8084f9aefc1a11?usage=true returned with HTTP 200 [pid: 7|app: 0|req: 467/938] 10.0.0.124 () {28 vars in 735 bytes} [Thu Feb 26 06:22:09 2026] GET /v3/e651f1cfb87f48e691bbca515369e0b4/os-quota-sets/b2de0be89ca942be8d8084f9aefc1a11?usage=true => generated 847 bytes in 25 msecs (HTTP/1.1 200) 7 headers in 285 bytes (1 switches on core 0)
2026-02-26 06:22:09.114 8 INFO cinder.api.openstack.wsgi [None req-c8be1f31-2cf6-409d-b3ed-54d9a5411654 77112a1276cc41219a76682c30cdf417 e651f1cfb87f48e691bbca515369e0b4 - - default default] GET http://cinder-api.openstack.svc.cluster.local:8776/v3/e651f1cfb87f48e691bbca515369e0b4/os-quota-sets/c85648584c864efc8d5b8401dfd0372d?usage=true
2026-02-26 06:22:09.130 8 INFO cinder.api.openstack.wsgi [None req-c8be1f31-2cf6-409d-b3ed-54d9a5411654 77112a1276cc41219a76682c30cdf417 e651f1cfb87f48e691bbca515369e0b4 - - default default] http://cinder-api.openstack.svc.cluster.local:8776/v3/e651f1cfb87f48e691bbca515369e0b4/os-quota-sets/c85648584c864efc8d5b8401dfd0372d?usage=true returned with HTTP 200 [pid: 8|app: 0|req: 472/939] 10.0.0.124 () {28 vars in 735 bytes} [Thu Feb 26 06:22:09 2026] GET /v3/e651f1cfb87f48e691bbca515369e0b4/os-quota-sets/c85648584c864efc8d5b8401dfd0372d?usage=true => generated 847 bytes in 22 msecs (HTTP/1.1 200) 7 headers in 285 bytes (1 switches on core 0)
2026-02-26 06:22:09.139 7 INFO cinder.api.openstack.wsgi [None req-d254a14d-f295-434c-bb48-3c40b082141c 77112a1276cc41219a76682c30cdf417 e651f1cfb87f48e691bbca515369e0b4 - - default default] GET http://cinder-api.openstack.svc.cluster.local:8776/v3/e651f1cfb87f48e691bbca515369e0b4/os-quota-sets/cee16e99ba9144d48624635512fd39e8?usage=true
2026-02-26 06:22:09.155 7 INFO cinder.api.openstack.wsgi [None req-d254a14d-f295-434c-bb48-3c40b082141c 77112a1276cc41219a76682c30cdf417 e651f1cfb87f48e691bbca515369e0b4 - - default default] http://cinder-api.openstack.svc.cluster.local:8776/v3/e651f1cfb87f48e691bbca515369e0b4/os-quota-sets/cee16e99ba9144d48624635512fd39e8?usage=true returned with HTTP 200 [pid: 7|app: 0|req: 468/940] 10.0.0.124 () {28 vars in 735 bytes} [Thu Feb 26 06:22:09 2026] GET /v3/e651f1cfb87f48e691bbca515369e0b4/os-quota-sets/cee16e99ba9144d48624635512fd39e8?usage=true => generated 845 bytes in 21 msecs (HTTP/1.1 200) 7 headers in 285 bytes (1 switches on core 0)
2026-02-26 06:22:09.165 8 INFO cinder.api.openstack.wsgi [None req-3f833a98-6d8a-44c8-aeca-414701b4d10b 77112a1276cc41219a76682c30cdf417 e651f1cfb87f48e691bbca515369e0b4 - - default default] GET http://cinder-api.openstack.svc.cluster.local:8776/v3/e651f1cfb87f48e691bbca515369e0b4/os-quota-sets/dbb9e6e36e2841a3b2035d3d15f6dcf8?usage=true
