2026-07-08 23:04:20.511 8 INFO neutron.pecan_wsgi.hooks.translation [None req-6e3bb041-a71b-4d89-a285-f2306cccf9a7 8183638a4a2340ddb4613d9a0137762e 198e97233e2c44e8b6e5a5312156bb26 - - default default] DELETE failed (client error): The resource could not be found. [pid: 8|app: 0|req: 767/1455] 10.0.0.78 () {32 vars in 724 bytes} [Wed Jul 8 23:04:20 2026] DELETE /v2.0/networks/f0528aad-3645-4ac2-9cbe-ad21ccc4b90e => generated 138 bytes in 16 msecs (HTTP/1.1 404) 4 headers in 164 bytes (1 switches on core 0) [pid: 8|app: 0|req: 768/1456] 10.0.0.78 () {32 vars in 692 bytes} [Wed Jul 8 23:04:20 2026] GET /v2.0/networks?router%3Aexternal=True => generated 689 bytes in 51 msecs (HTTP/1.1 200) 4 headers in 157 bytes (1 switches on core 0) [pid: 8|app: 0|req: 769/1457] 10.0.0.78 () {32 vars in 740 bytes} [Wed Jul 8 23:04:20 2026] GET /v2.0/subnets?network_id=abdd0b7d-73b1-4854-866c-2e517f3aef6c => generated 649 bytes in 43 msecs (HTTP/1.1 200) 4 headers in 157 bytes (1 switches on core 0) [pid: 8|app: 0|req: 770/1458] 10.0.0.78 () {32 vars in 651 bytes} [Wed Jul 8 23:04:20 2026] GET /v2.0/extensions => generated 22668 bytes in 7 msecs (HTTP/1.1 200) 4 headers in 159 bytes (1 switches on core 0) [pid: 9|app: 0|req: 689/1459] 10.0.0.78 () {32 vars in 730 bytes} [Wed Jul 8 23:04:20 2026] DELETE /v2.0/floatingips/e8d9e9b5-1158-4f15-82c4-4488abb7fb96 => generated 0 bytes in 381 msecs (HTTP/1.1 204) 2 headers in 112 bytes (1 switches on core 0) [pid: 8|app: 0|req: 771/1460] 10.0.0.78 () {32 vars in 647 bytes} [Wed Jul 8 23:04:20 2026] GET /v2.0/networks => generated 1389 bytes in 42 msecs (HTTP/1.1 200) 4 headers in 158 bytes (1 switches on core 0) [pid: 8|app: 0|req: 772/1461] 10.0.0.78 () {32 vars in 645 bytes} [Wed Jul 8 23:04:20 2026] GET /v2.0/subnets => generated 1312 bytes in 29 msecs (HTTP/1.1 200) 4 headers in 158 bytes (1 switches on core 0) [pid: 8|app: 0|req: 773/1462] 10.0.0.78 () {32 vars in 721 bytes} [Wed Jul 8 23:04:20 2026] GET /v2.0/networks/e04d241f-ebe4-481b-b7e8-80f011efecf3 => generated 711 bytes in 43 msecs (HTTP/1.1 200) 4 headers in 157 bytes (1 switches on core 0) [pid: 8|app: 0|req: 774/1463] 10.0.0.78 () {32 vars in 719 bytes} [Wed Jul 8 23:04:20 2026] GET /v2.0/subnets/f2ae8815-244f-4b6e-9be2-478158cf2c28 => generated 673 bytes in 27 msecs (HTTP/1.1 200) 4 headers in 157 bytes (1 switches on core 0)
2026-07-08 23:04:20.813 8 INFO neutron.pecan_wsgi.hooks.translation [None req-355ed5fb-c012-4051-a8bd-cabba4aa9c3f 8183638a4a2340ddb4613d9a0137762e 198e97233e2c44e8b6e5a5312156bb26 - - default default] DELETE failed (client error): The resource could not be found. [pid: 8|app: 0|req: 775/1464] 10.0.0.78 () {32 vars in 722 bytes} [Wed Jul 8 23:04:20 2026] DELETE /v2.0/subnets/61f61cd6-e113-4672-a4d6-1fa63015b2fb => generated 136 bytes in 13 msecs (HTTP/1.1 404) 4 headers in 164 bytes (1 switches on core 0)
2026-07-08 23:04:20.830 8 INFO neutron.pecan_wsgi.hooks.translation [None req-4dff1143-12d6-4545-853d-d3922aba8c91 8183638a4a2340ddb4613d9a0137762e 198e97233e2c44e8b6e5a5312156bb26 - - default default] DELETE failed (client error): The resource could not be found. [pid: 8|app: 0|req: 776/1465] 10.0.0.78 () {32 vars in 724 bytes} [Wed Jul 8 23:04:20 2026] DELETE /v2.0/networks/f0528aad-3645-4ac2-9cbe-ad21ccc4b90e => generated 138 bytes in 13 msecs (HTTP/1.1 404) 4 headers in 164 bytes (1 switches on core 0)
2026-07-08 23:04:20.961 9 INFO neutron_taas.services.taas.taas_plugin [None req-b6879dca-4ab0-4348-a62e-92a930230956 f8e45d4120f94729a2dfb6e0b65b6a49 99a1847dc3b64298a577afc74c46ed01 - - default default] TaaS: Handle Delete Port: 5ea3cf87-62a9-4e49-b662-2ca5ca2bf554
2026-07-08 23:04:20.965 9 INFO neutron_taas.services.taas.tap_mirror_plugin [None req-b6879dca-4ab0-4348-a62e-92a930230956 f8e45d4120f94729a2dfb6e0b65b6a49 99a1847dc3b64298a577afc74c46ed01 - - default default] Tap Mirror: Handle Delete Port: 5ea3cf87-62a9-4e49-b662-2ca5ca2bf554 [pid: 8|app: 0|req: 777/1466] 10.0.0.78 () {32 vars in 722 bytes} [Wed Jul 8 23:04:20 2026] DELETE /v2.0/subnets/f2ae8815-244f-4b6e-9be2-478158cf2c28 => generated 0 bytes in 168 msecs (HTTP/1.1 204) 3 headers in 131 bytes (1 switches on core 0)
2026-07-08 23:04:21.150 8 INFO neutron_taas.services.taas.taas_plugin [None req-1c249381-b00c-4bae-96af-0f75efffd3ff 8183638a4a2340ddb4613d9a0137762e 198e97233e2c44e8b6e5a5312156bb26 - - default default] TaaS: Handle Delete Port: 31936b9b-0bec-42d1-8076-01ae45d2187e
2026-07-08 23:04:21.156 8 INFO neutron_taas.services.taas.tap_mirror_plugin [None req-1c249381-b00c-4bae-96af-0f75efffd3ff 8183638a4a2340ddb4613d9a0137762e 198e97233e2c44e8b6e5a5312156bb26 - - default default] Tap Mirror: Handle Delete Port: 31936b9b-0bec-42d1-8076-01ae45d2187e [pid: 8|app: 0|req: 778/1467] 10.0.0.78 () {32 vars in 724 bytes} [Wed Jul 8 23:04:21 2026] DELETE /v2.0/networks/e04d241f-ebe4-481b-b7e8-80f011efecf3 => generated 0 bytes in 555 msecs (HTTP/1.1 204) 3 headers in 131 bytes (1 switches on core 0) [pid: 9|app: 0|req: 690/1468] 10.0.0.78 () {34 vars in 787 bytes} [Wed Jul 8 23:04:20 2026] PUT /v2.0/routers/1423c0e9-7cf9-493e-a0eb-ea3cf9215408/remove_router_interface => generated 310 bytes in 1140 msecs (HTTP/1.1 200) 4 headers in 157 bytes (1 switches on core 0)
2026-07-08 23:04:22.222 8 INFO neutron_taas.services.taas.taas_plugin [None req-42b0f488-1f22-450f-a2c9-b89e32a8d9cb f8e45d4120f94729a2dfb6e0b65b6a49 99a1847dc3b64298a577afc74c46ed01 - - default default] TaaS: Handle Delete Port: eb9fa7ef-687c-457b-9be5-7803b7eebca6
2026-07-08 23:04:22.236 8 INFO neutron_taas.services.taas.tap_mirror_plugin [None req-42b0f488-1f22-450f-a2c9-b89e32a8d9cb f8e45d4120f94729a2dfb6e0b65b6a49 99a1847dc3b64298a577afc74c46ed01 - - default default] Tap Mirror: Handle Delete Port: eb9fa7ef-687c-457b-9be5-7803b7eebca6
2026-07-08 23:04:22.245 8 INFO neutron.services.segments.plugin [-] Segment 262e1ec4-3388-4291-8cb5-4513213ea8f6 resource provider aggregate not found
2026-07-08 23:04:22.254 8 INFO neutron.services.segments.plugin [-] Segment 262e1ec4-3388-4291-8cb5-4513213ea8f6 resource provider aggregate not found
2026-07-08 23:04:22.259 8 INFO neutron.services.segments.plugin [-] Client error retrieving segment 262e1ec4-3388-4291-8cb5-4513213ea8f6 resource provider; error: Placement Client Error (4xx): {"errors": [{"status": 404, "title": "Not Found", "detail": "The resource could not be found.\n\n No resource provider with uuid 262e1ec4-3388-4291-8cb5-4513213ea8f6 found for delete ", "request_id": "req-469590dd-fe54-439d-b22d-cf6e47410ef2"}]}
2026-07-08 23:04:22.283 8 INFO neutron.services.segments.plugin [-] Client error retrieving segment 262e1ec4-3388-4291-8cb5-4513213ea8f6 resource provider; error: Placement Client Error (4xx): {"errors": [{"status": 404, "title": "Not Found", "detail": "The resource could not be found.\n\n No resource provider with uuid 262e1ec4-3388-4291-8cb5-4513213ea8f6 found for delete ", "request_id": "req-feaf4ebd-79a2-400e-8327-ad128453b194"}]} /var/lib/openstack/lib/python3.12/site-packages/pycadf/identifier.py:70: UserWarning: Invalid uuid: neutron. To ensure interoperability, identifiers should be a valid uuid. warnings.warn(('Invalid uuid: %s. To ensure interoperability, '
2026-07-08 23:04:22.355 9 WARNING neutron.db.securitygroups_db [None req-7cc36aa4-c11d-4c0b-b959-184f9ac830bb f8e45d4120f94729a2dfb6e0b65b6a49 99a1847dc3b64298a577afc74c46ed01 - - default default] project_id key not found in filters, using tenant_id instead. This support has been deprecated and will be removed in a future release. [pid: 9|app: 0|req: 691/1469] 10.0.0.78 () {32 vars in 772 bytes} [Wed Jul 8 23:04:22 2026] GET /v2.0/security-groups?tenant_id=198e97233e2c44e8b6e5a5312156bb26&name=default => generated 2925 bytes in 228 msecs (HTTP/1.1 200) 4 headers in 158 bytes (1 switches on core 0) [pid: 9|app: 0|req: 692/1470] 10.0.0.78 () {32 vars in 738 bytes} [Wed Jul 8 23:04:22 2026] DELETE /v2.0/security-groups/f2c6d3d4-f8fc-4219-8a34-a73626eb18a5 => generated 0 bytes in 308 msecs (HTTP/1.1 204) 2 headers in 112 bytes (1 switches on core 0) [pid: 8|app: 0|req: 779/1471] 10.0.0.78 () {32 vars in 722 bytes} [Wed Jul 8 23:04:21 2026] DELETE /v2.0/routers/1423c0e9-7cf9-493e-a0eb-ea3cf9215408 => generated 0 bytes in 999 msecs (HTTP/1.1 204) 2 headers in 112 bytes (1 switches on core 0)
2026-07-08 23:04:23.005 9 INFO neutron.db.ovn_revision_numbers_db [None req-4f9cdc26-2677-4074-b9a1-dc18e88fcc15 7eef169de7a346b99f0d6f555c4142c8 c12d556edd654a849e41496e69dbadc8 - - default default] Successfully bumped revision number for resource 00b5d3b7-3220-4b33-9b66-64198d76ae4e (type: security_groups) to 1
2026-07-08 23:04:23.031 9 INFO neutron.db.ovn_revision_numbers_db [None req-4f9cdc26-2677-4074-b9a1-dc18e88fcc15 7eef169de7a346b99f0d6f555c4142c8 c12d556edd654a849e41496e69dbadc8 - - default default] Successfully bumped revision number for resource 6acaede1-3cdd-4bc1-8fa8-88b27859afa8 (type: security_group_rules) to 0 [pid: 8|app: 0|req: 780/1472] 10.0.0.78 () {32 vars in 722 bytes} [Wed Jul 8 23:04:22 2026] DELETE /v2.0/subnets/6f8b1e50-0b04-4637-b5ae-234c39d82425 => generated 0 bytes in 218 msecs (HTTP/1.1 204) 3 headers in 131 bytes (1 switches on core 0)
2026-07-08 23:04:23.049 9 INFO neutron.db.ovn_revision_numbers_db [None req-4f9cdc26-2677-4074-b9a1-dc18e88fcc15 7eef169de7a346b99f0d6f555c4142c8 c12d556edd654a849e41496e69dbadc8 - - default default] Successfully bumped revision number for resource 86996e92-db1b-4fd0-af07-412f7981895f (type: security_group_rules) to 0
2026-07-08 23:04:23.140 9 INFO neutron.db.ovn_revision_numbers_db [None req-4f9cdc26-2677-4074-b9a1-dc18e88fcc15 7eef169de7a346b99f0d6f555c4142c8 c12d556edd654a849e41496e69dbadc8 - - default default] Successfully bumped revision number for resource 8d395706-898a-40c2-9411-9a9b4320f582 (type: security_group_rules) to 0
2026-07-08 23:04:23.201 8 INFO neutron_taas.services.taas.taas_plugin [None req-4e955659-4022-45ab-88ac-96fa9623c550 f8e45d4120f94729a2dfb6e0b65b6a49 99a1847dc3b64298a577afc74c46ed01 - - default default] TaaS: Handle Delete Port: 8be57ef3-958d-472b-bb0c-1e426ebfff23
2026-07-08 23:04:23.204 8 INFO neutron_taas.services.taas.tap_mirror_plugin [None req-4e955659-4022-45ab-88ac-96fa9623c550 f8e45d4120f94729a2dfb6e0b65b6a49 99a1847dc3b64298a577afc74c46ed01 - - default default] Tap Mirror: Handle Delete Port: 8be57ef3-958d-472b-bb0c-1e426ebfff23
2026-07-08 23:04:23.211 9 INFO neutron.db.ovn_revision_numbers_db [None req-4f9cdc26-2677-4074-b9a1-dc18e88fcc15 7eef169de7a346b99f0d6f555c4142c8 c12d556edd654a849e41496e69dbadc8 - - default default] Successfully bumped revision number for resource b615cce1-9b2f-4026-a9c2-ad82457a6dc4 (type: security_group_rules) to 0
2026-07-08 23:04:23.306 9 INFO neutron.db.segments_db [None req-4f9cdc26-2677-4074-b9a1-dc18e88fcc15 7eef169de7a346b99f0d6f555c4142c8 c12d556edd654a849e41496e69dbadc8 - - default default] Added segment c92a8085-df5c-4c2d-ba21-0b2f82aa7eec of type geneve for network e151c285-4873-4269-84c9-94c7f82cacc4
2026-07-08 23:04:23.410 9 INFO neutron.db.segments_db [None req-4f9cdc26-2677-4074-b9a1-dc18e88fcc15 7eef169de7a346b99f0d6f555c4142c8 c12d556edd654a849e41496e69dbadc8 - - default default] Added segment 5140cd10-0107-45db-8aba-cb824ce57c26 of type geneve for network a06a1c07-24d2-426f-98e6-11ff48f5697f [pid: 8|app: 0|req: 781/1473] 10.0.0.78 () {32 vars in 724 bytes} [Wed Jul 8 23:04:23 2026] DELETE /v2.0/networks/7a21ac2b-1077-4346-aa82-83a44f1e1c29 => generated 0 bytes in 481 msecs (HTTP/1.1 204) 3 headers in 131 bytes (1 switches on core 0)
2026-07-08 23:04:23.585 9 INFO neutron.db.ovn_revision_numbers_db [None req-4f9cdc26-2677-4074-b9a1-dc18e88fcc15 7eef169de7a346b99f0d6f555c4142c8 c12d556edd654a849e41496e69dbadc8 - - default default] Successfully bumped revision number for resource e151c285-4873-4269-84c9-94c7f82cacc4 (type: networks) to 1
2026-07-08 23:04:23.760 8 WARNING neutron.db.securitygroups_db [None req-c9297c92-0904-42fe-9b8a-0bca0b6f1f72 f8e45d4120f94729a2dfb6e0b65b6a49 99a1847dc3b64298a577afc74c46ed01 - - default default] project_id key not found in filters, using tenant_id instead. This support has been deprecated and will be removed in a future release. [pid: 8|app: 0|req: 782/1474] 10.0.0.78 () {32 vars in 772 bytes} [Wed Jul 8 23:04:23 2026] GET /v2.0/security-groups?tenant_id=4b80515fe1f64e3394f500f0c4cf4003&name=default => generated 2925 bytes in 26 msecs (HTTP/1.1 200) 4 headers in 158 bytes (1 switches on core 0)
2026-07-08 23:04:23.787 9 WARNING neutron.scheduler.dhcp_agent_scheduler [None req-4f9cdc26-2677-4074-b9a1-dc18e88fcc15 7eef169de7a346b99f0d6f555c4142c8 c12d556edd654a849e41496e69dbadc8 - - default default] No more DHCP agents
2026-07-08 23:04:23.790 9 WARNING neutron.api.rpc.agentnotifiers.dhcp_rpc_agent_api [None req-4f9cdc26-2677-4074-b9a1-dc18e88fcc15 7eef169de7a346b99f0d6f555c4142c8 c12d556edd654a849e41496e69dbadc8 - - default default] Unable to schedule network e151c285-4873-4269-84c9-94c7f82cacc4: no agents available; will retry on subsequent port and subnet creation events.
2026-07-08 23:04:23.853 9 INFO neutron.plugins.ml2.drivers.ovn.mech_driver.mech_driver [None req-74d13a09-3995-4861-b839-ef8b7c8a096e - - - - - -] OVN reports status down for port: c2c8dc55-d639-4b5c-966e-69240c54fa52
2026-07-08 23:04:23.933 9 INFO neutron.db.ovn_revision_numbers_db [None req-4f9cdc26-2677-4074-b9a1-dc18e88fcc15 7eef169de7a346b99f0d6f555c4142c8 c12d556edd654a849e41496e69dbadc8 - - default default] Successfully bumped revision number for resource c2c8dc55-d639-4b5c-966e-69240c54fa52 (type: ports) to 1
2026-07-08 23:04:24.076 9 INFO neutron.db.ovn_revision_numbers_db [None req-4f9cdc26-2677-4074-b9a1-dc18e88fcc15 7eef169de7a346b99f0d6f555c4142c8 c12d556edd654a849e41496e69dbadc8 - - default default] Successfully bumped revision number for resource a06a1c07-24d2-426f-98e6-11ff48f5697f (type: networks) to 1 [pid: 8|app: 0|req: 783/1475] 10.0.0.78 () {32 vars in 738 bytes} [Wed Jul 8 23:04:23 2026] DELETE /v2.0/security-groups/179586e3-f15d-4ec6-9a3d-a422f3a9a9cc => generated 0 bytes in 293 msecs (HTTP/1.1 204) 2 headers in 112 bytes (1 switches on core 0)
2026-07-08 23:04:24.255 9 WARNING neutron.scheduler.dhcp_agent_scheduler [None req-4f9cdc26-2677-4074-b9a1-dc18e88fcc15 7eef169de7a346b99f0d6f555c4142c8 c12d556edd654a849e41496e69dbadc8 - - default default] No more DHCP agents
2026-07-08 23:04:24.258 9 WARNING neutron.api.rpc.agentnotifiers.dhcp_rpc_agent_api [None req-4f9cdc26-2677-4074-b9a1-dc18e88fcc15 7eef169de7a346b99f0d6f555c4142c8 c12d556edd654a849e41496e69dbadc8 - - default default] Unable to schedule network a06a1c07-24d2-426f-98e6-11ff48f5697f: no agents available; will retry on subsequent port and subnet creation events.
2026-07-08 23:04:24.275 8 INFO neutron.services.segments.plugin [-] Segment 5b46f57c-a183-4879-ae3c-0c1c91456f2c resource provider aggregate not found
2026-07-08 23:04:24.300 8 INFO neutron.services.segments.plugin [-] Client error retrieving segment 5b46f57c-a183-4879-ae3c-0c1c91456f2c resource provider; error: Placement Client Error (4xx): {"errors": [{"status": 404, "title": "Not Found", "detail": "The resource could not be found.\n\n No resource provider with uuid 5b46f57c-a183-4879-ae3c-0c1c91456f2c found for delete ", "request_id": "req-dbeb5c5e-6464-4bcb-a8b2-77b7b4e3f3df"}]}
2026-07-08 23:04:24.309 8 INFO neutron.services.segments.plugin [-] Segment 5b46f57c-a183-4879-ae3c-0c1c91456f2c resource provider aggregate not found
2026-07-08 23:04:24.314 9 INFO neutron.plugins.ml2.drivers.ovn.mech_driver.mech_driver [None req-74d13a09-3995-4861-b839-ef8b7c8a096e - - - - - -] OVN reports status down for port: f7595a66-5d92-4413-8003-86367b39c213
2026-07-08 23:04:24.324 8 INFO neutron.services.segments.plugin [-] Client error retrieving segment 5b46f57c-a183-4879-ae3c-0c1c91456f2c resource provider; error: Placement Client Error (4xx): {"errors": [{"status": 404, "title": "Not Found", "detail": "The resource could not be found.\n\n No resource provider with uuid 5b46f57c-a183-4879-ae3c-0c1c91456f2c found for delete ", "request_id": "req-d88a415c-3f8e-4e18-bbf4-425d6b6ac26e"}]}
2026-07-08 23:04:24.404 9 INFO neutron.db.ovn_revision_numbers_db [None req-4f9cdc26-2677-4074-b9a1-dc18e88fcc15 7eef169de7a346b99f0d6f555c4142c8 c12d556edd654a849e41496e69dbadc8 - - default default] Successfully bumped revision number for resource f7595a66-5d92-4413-8003-86367b39c213 (type: ports) to 1 [pid: 9|app: 0|req: 693/1476] 10.0.0.78 () {34 vars in 668 bytes} [Wed Jul 8 23:04:22 2026] POST /v2.0/networks => generated 1322 bytes in 1790 msecs (HTTP/1.1 201) 4 headers in 163 bytes (1 switches on core 0)
2026-07-08 23:04:24.933 9 INFO neutron.db.ovn_revision_numbers_db [None req-f0887e4e-e68e-4d7a-ad4d-8c39b59b2fbd d501d2e48a7640bdae3e406adc2c7804 2885be7972d04a9fb0653dd8b7a08e47 - - default default] Successfully bumped revision number for resource ba393b40-a025-49ae-bc05-ac972523f16b (type: security_groups) to 1
2026-07-08 23:04:24.947 9 INFO neutron.db.ovn_revision_numbers_db [None req-f0887e4e-e68e-4d7a-ad4d-8c39b59b2fbd d501d2e48a7640bdae3e406adc2c7804 2885be7972d04a9fb0653dd8b7a08e47 - - default default] Successfully bumped revision number for resource 43e36ba0-3e6a-49ec-85fb-9e018712cb9b (type: security_group_rules) to 0
2026-07-08 23:04:24.968 9 INFO neutron.db.ovn_revision_numbers_db [None req-f0887e4e-e68e-4d7a-ad4d-8c39b59b2fbd d501d2e48a7640bdae3e406adc2c7804 2885be7972d04a9fb0653dd8b7a08e47 - - default default] Successfully bumped revision number for resource acf95938-089c-4f2d-87e3-f3be22538f0b (type: security_group_rules) to 0
2026-07-08 23:04:24.993 9 INFO neutron.db.ovn_revision_numbers_db [None req-f0887e4e-e68e-4d7a-ad4d-8c39b59b2fbd d501d2e48a7640bdae3e406adc2c7804 2885be7972d04a9fb0653dd8b7a08e47 - - default default] Successfully bumped revision number for resource b7ac295e-c02c-41fb-8377-9a4e95372500 (type: security_group_rules) to 0 [pid: 8|app: 0|req: 784/1477] 10.0.0.78 () {32 vars in 647 bytes} [Wed Jul 8 23:04:24 2026] GET /v2.0/networks => generated 1971 bytes in 515 msecs (HTTP/1.1 200) 4 headers in 158 bytes (1 switches on core 0)
2026-07-08 23:04:25.023 9 INFO neutron.db.ovn_revision_numbers_db [None req-f0887e4e-e68e-4d7a-ad4d-8c39b59b2fbd d501d2e48a7640bdae3e406adc2c7804 2885be7972d04a9fb0653dd8b7a08e47 - - default default] Successfully bumped revision number for resource f8e4e66f-0468-4fbe-895d-bee23d6f4cb2 (type: security_group_rules) to 0
2026-07-08 23:04:25.115 9 INFO neutron.db.segments_db [None req-f0887e4e-e68e-4d7a-ad4d-8c39b59b2fbd d501d2e48a7640bdae3e406adc2c7804 2885be7972d04a9fb0653dd8b7a08e47 - - default default] Added segment 26225af0-a2c0-4ed3-a3d9-dd2cf4a88249 of type geneve for network d4a1c8e5-d40a-46e2-836f-d0cee8e12251
2026-07-08 23:04:25.172 8 INFO neutron_taas.services.taas.taas_plugin [None req-626f1fb5-baff-4191-8ea8-dc3b704bec4a 7eef169de7a346b99f0d6f555c4142c8 c12d556edd654a849e41496e69dbadc8 - - default default] TaaS: Handle Delete Port: c2c8dc55-d639-4b5c-966e-69240c54fa52
2026-07-08 23:04:25.179 8 INFO neutron_taas.services.taas.tap_mirror_plugin [None req-626f1fb5-baff-4191-8ea8-dc3b704bec4a 7eef169de7a346b99f0d6f555c4142c8 c12d556edd654a849e41496e69dbadc8 - - default default] Tap Mirror: Handle Delete Port: c2c8dc55-d639-4b5c-966e-69240c54fa52
2026-07-08 23:04:25.287 9 INFO neutron.db.ovn_revision_numbers_db [None req-f0887e4e-e68e-4d7a-ad4d-8c39b59b2fbd d501d2e48a7640bdae3e406adc2c7804 2885be7972d04a9fb0653dd8b7a08e47 - - default default] Successfully bumped revision number for resource d4a1c8e5-d40a-46e2-836f-d0cee8e12251 (type: networks) to 1
2026-07-08 23:04:25.473 9 WARNING neutron.scheduler.dhcp_agent_scheduler [None req-f0887e4e-e68e-4d7a-ad4d-8c39b59b2fbd d501d2e48a7640bdae3e406adc2c7804 2885be7972d04a9fb0653dd8b7a08e47 - - default default] No more DHCP agents
2026-07-08 23:04:25.475 9 WARNING neutron.api.rpc.agentnotifiers.dhcp_rpc_agent_api [None req-f0887e4e-e68e-4d7a-ad4d-8c39b59b2fbd d501d2e48a7640bdae3e406adc2c7804 2885be7972d04a9fb0653dd8b7a08e47 - - default default] Unable to schedule network d4a1c8e5-d40a-46e2-836f-d0cee8e12251: no agents available; will retry on subsequent port and subnet creation events. [pid: 8|app: 0|req: 785/1478] 10.0.0.78 () {32 vars in 724 bytes} [Wed Jul 8 23:04:25 2026] DELETE /v2.0/networks/e151c285-4873-4269-84c9-94c7f82cacc4 => generated 0 bytes in 482 msecs (HTTP/1.1 204) 3 headers in 131 bytes (1 switches on core 0)
2026-07-08 23:04:25.533 9 INFO neutron.plugins.ml2.drivers.ovn.mech_driver.mech_driver [None req-74d13a09-3995-4861-b839-ef8b7c8a096e - - - - - -] OVN reports status down for port: 8a5baece-5997-4e94-b98c-e4c65ec2157c
2026-07-08 23:04:25.583 9 INFO neutron.db.ovn_revision_numbers_db [None req-f0887e4e-e68e-4d7a-ad4d-8c39b59b2fbd d501d2e48a7640bdae3e406adc2c7804 2885be7972d04a9fb0653dd8b7a08e47 - - default default] Successfully bumped revision number for resource 8a5baece-5997-4e94-b98c-e4c65ec2157c (type: ports) to 1 [pid: 9|app: 0|req: 694/1479] 10.0.0.78 () {34 vars in 668 bytes} [Wed Jul 8 23:04:24 2026] POST /v2.0/networks => generated 687 bytes in 992 msecs (HTTP/1.1 201) 4 headers in 162 bytes (1 switches on core 0)
2026-07-08 23:04:25.686 8 WARNING neutron.db.securitygroups_db [None req-073c353d-c56d-4397-b122-93b503c3dfd9 f8e45d4120f94729a2dfb6e0b65b6a49 99a1847dc3b64298a577afc74c46ed01 - - default default] project_id key not found in filters, using tenant_id instead. This support has been deprecated and will be removed in a future release.
2026-07-08 23:04:25.777 9 INFO neutron_taas.services.taas.taas_plugin [None req-6df0c8ac-8ddf-4cc5-bcaa-652a80a95187 7eef169de7a346b99f0d6f555c4142c8 c12d556edd654a849e41496e69dbadc8 - - default default] TaaS: Handle Delete Port: f7595a66-5d92-4413-8003-86367b39c213
2026-07-08 23:04:25.780 9 INFO neutron_taas.services.taas.tap_mirror_plugin [None req-6df0c8ac-8ddf-4cc5-bcaa-652a80a95187 7eef169de7a346b99f0d6f555c4142c8 c12d556edd654a849e41496e69dbadc8 - - default default] Tap Mirror: Handle Delete Port: f7595a66-5d92-4413-8003-86367b39c213
2026-07-08 23:04:25.829 8 INFO neutron.db.ovn_revision_numbers_db [None req-073c353d-c56d-4397-b122-93b503c3dfd9 f8e45d4120f94729a2dfb6e0b65b6a49 99a1847dc3b64298a577afc74c46ed01 - - default default] Successfully bumped revision number for resource ad08b141-8723-437f-a562-f1673a1861e2 (type: security_groups) to 1
2026-07-08 23:04:25.846 8 INFO neutron.db.ovn_revision_numbers_db [None req-073c353d-c56d-4397-b122-93b503c3dfd9 f8e45d4120f94729a2dfb6e0b65b6a49 99a1847dc3b64298a577afc74c46ed01 - - default default] Successfully bumped revision number for resource 6d8ff639-d1fc-4f69-bcf7-da15e431404a (type: security_group_rules) to 0
2026-07-08 23:04:25.859 8 INFO neutron.db.ovn_revision_numbers_db [None req-073c353d-c56d-4397-b122-93b503c3dfd9 f8e45d4120f94729a2dfb6e0b65b6a49 99a1847dc3b64298a577afc74c46ed01 - - default default] Successfully bumped revision number for resource 74d04a1f-24b8-480e-aef3-b536e2e41ec3 (type: security_group_rules) to 0
2026-07-08 23:04:25.872 8 INFO neutron.db.ovn_revision_numbers_db [None req-073c353d-c56d-4397-b122-93b503c3dfd9 f8e45d4120f94729a2dfb6e0b65b6a49 99a1847dc3b64298a577afc74c46ed01 - - default default] Successfully bumped revision number for resource 831a9b27-7e7c-41d0-9f15-9f7b60de131b (type: security_group_rules) to 0
2026-07-08 23:04:25.890 8 INFO neutron.db.ovn_revision_numbers_db [None req-073c353d-c56d-4397-b122-93b503c3dfd9 f8e45d4120f94729a2dfb6e0b65b6a49 99a1847dc3b64298a577afc74c46ed01 - - default default] Successfully bumped revision number for resource b57764b6-e907-47c6-933f-b3f4043ed97d (type: security_group_rules) to 0 [pid: 8|app: 0|req: 786/1480] 10.0.0.78 () {32 vars in 772 bytes} [Wed Jul 8 23:04:25 2026] GET /v2.0/security-groups?tenant_id=67e26979cdfd4263b19e938f3c8a1a5f&name=default => generated 2925 bytes in 467 msecs (HTTP/1.1 200) 4 headers in 158 bytes (1 switches on core 0)
2026-07-08 23:04:26.012 9 INFO neutron.services.segments.plugin [-] Segment 5140cd10-0107-45db-8aba-cb824ce57c26 resource provider aggregate not found
2026-07-08 23:04:26.017 9 INFO neutron.services.segments.plugin [-] Segment 5140cd10-0107-45db-8aba-cb824ce57c26 resource provider aggregate not found
2026-07-08 23:04:26.030 9 INFO neutron.services.segments.plugin [-] Client error retrieving segment 5140cd10-0107-45db-8aba-cb824ce57c26 resource provider; error: Placement Client Error (4xx): {"errors": [{"status": 404, "title": "Not Found", "detail": "The resource could not be found.\n\n No resource provider with uuid 5140cd10-0107-45db-8aba-cb824ce57c26 found for delete ", "request_id": "req-67df74f3-6086-4658-a534-9b23af429e0f"}]}
2026-07-08 23:04:26.033 9 INFO neutron.services.segments.plugin [-] Client error retrieving segment 5140cd10-0107-45db-8aba-cb824ce57c26 resource provider; error: Placement Client Error (4xx): {"errors": [{"status": 404, "title": "Not Found", "detail": "The resource could not be found.\n\n No resource provider with uuid 5140cd10-0107-45db-8aba-cb824ce57c26 found for delete ", "request_id": "req-163c6651-a2a6-4f39-8f10-ce9c37f32c5e"}]} [pid: 9|app: 0|req: 695/1481] 10.0.0.78 () {32 vars in 724 bytes} [Wed Jul 8 23:04:25 2026] DELETE /v2.0/networks/a06a1c07-24d2-426f-98e6-11ff48f5697f => generated 0 bytes in 433 msecs (HTTP/1.1 204) 3 headers in 131 bytes (1 switches on core 0)
2026-07-08 23:04:26.290 8 WARNING neutron.scheduler.dhcp_agent_scheduler [None req-9c7e7523-c245-472e-bf5f-9ac265f13ce8 d501d2e48a7640bdae3e406adc2c7804 2885be7972d04a9fb0653dd8b7a08e47 - - default default] No more DHCP agents
2026-07-08 23:04:26.292 8 WARNING neutron.api.rpc.agentnotifiers.dhcp_rpc_agent_api [None req-9c7e7523-c245-472e-bf5f-9ac265f13ce8 d501d2e48a7640bdae3e406adc2c7804 2885be7972d04a9fb0653dd8b7a08e47 - - default default] Unable to schedule network d4a1c8e5-d40a-46e2-836f-d0cee8e12251: no agents available; will retry on subsequent port and subnet creation events.
2026-07-08 23:04:26.323 8 INFO neutron.services.segments.plugin [-] Segment c92a8085-df5c-4c2d-ba21-0b2f82aa7eec resource provider aggregate not found [pid: 9|app: 0|req: 696/1482] 10.0.0.78 () {32 vars in 738 bytes} [Wed Jul 8 23:04:26 2026] DELETE /v2.0/security-groups/ad08b141-8723-437f-a562-f1673a1861e2 => generated 0 bytes in 259 msecs (HTTP/1.1 204) 2 headers in 112 bytes (1 switches on core 0)
2026-07-08 23:04:26.367 8 INFO neutron.services.segments.plugin [-] Client error retrieving segment c92a8085-df5c-4c2d-ba21-0b2f82aa7eec resource provider; error: Placement Client Error (4xx): {"errors": [{"status": 404, "title": "Not Found", "detail": "The resource could not be found.\n\n No resource provider with uuid c92a8085-df5c-4c2d-ba21-0b2f82aa7eec found for delete ", "request_id": "req-1e1863ec-6e82-4615-b54a-3151295b7af6"}]}
2026-07-08 23:04:26.374 8 INFO neutron.services.segments.plugin [-] Segment c92a8085-df5c-4c2d-ba21-0b2f82aa7eec resource provider aggregate not found
2026-07-08 23:04:26.399 9 INFO neutron.plugins.ml2.drivers.ovn.mech_driver.mech_driver [None req-74d13a09-3995-4861-b839-ef8b7c8a096e - - - - - -] OVN reports status down for port: 40ea2129-90a9-4cdb-8aff-9dba090effea
2026-07-08 23:04:26.406 8 INFO neutron.services.segments.plugin [-] Client error retrieving segment c92a8085-df5c-4c2d-ba21-0b2f82aa7eec resource provider; error: Placement Client Error (4xx): {"errors": [{"status": 404, "title": "Not Found", "detail": "The resource could not be found.\n\n No resource provider with uuid c92a8085-df5c-4c2d-ba21-0b2f82aa7eec found for delete ", "request_id": "req-10ef4ffe-2963-4bb4-93b2-a3966801e98f"}]}
2026-07-08 23:04:26.432 8 INFO neutron.db.ovn_revision_numbers_db [None req-9c7e7523-c245-472e-bf5f-9ac265f13ce8 d501d2e48a7640bdae3e406adc2c7804 2885be7972d04a9fb0653dd8b7a08e47 - - default default] Successfully bumped revision number for resource 40ea2129-90a9-4cdb-8aff-9dba090effea (type: ports) to 1 [pid: 9|app: 0|req: 697/1483] 10.0.0.78 () {32 vars in 647 bytes} [Wed Jul 8 23:04:26 2026] GET /v2.0/networks => generated 689 bytes in 115 msecs (HTTP/1.1 200) 4 headers in 157 bytes (1 switches on core 0) [pid: 8|app: 0|req: 787/1484] 10.0.0.78 () {34 vars in 663 bytes} [Wed Jul 8 23:04:25 2026] POST /v2.0/ports => generated 779 bytes in 510 msecs (HTTP/1.1 201) 4 headers in 162 bytes (1 switches on core 0) /var/lib/openstack/lib/python3.12/site-packages/pycadf/identifier.py:70: UserWarning: Invalid uuid: neutron. To ensure interoperability, identifiers should be a valid uuid. warnings.warn(('Invalid uuid: %s. To ensure interoperability, '
2026-07-08 23:04:26.577 8 INFO neutron.db.segments_db [None req-16a8a967-4ffa-406a-9de4-004e5a69b62f d501d2e48a7640bdae3e406adc2c7804 2885be7972d04a9fb0653dd8b7a08e47 - - default default] Added segment 5104c988-09e7-4837-ab8a-0d48e9719e25 of type geneve for network f52f9856-8154-4bed-b8c3-022ca2b839d5
2026-07-08 23:04:26.600 9 INFO neutron.db.segments_db [None req-2b055303-75b3-47a8-9050-eb2d8c343c81 7eef169de7a346b99f0d6f555c4142c8 c12d556edd654a849e41496e69dbadc8 - - default default] Added segment 25070617-876f-45f7-9cdf-9f0bb718c541 of type geneve for network 872925bb-fdb3-4d39-b73e-d86854520748
2026-07-08 23:04:26.723 8 INFO neutron.db.ovn_revision_numbers_db [None req-16a8a967-4ffa-406a-9de4-004e5a69b62f d501d2e48a7640bdae3e406adc2c7804 2885be7972d04a9fb0653dd8b7a08e47 - - default default] Successfully bumped revision number for resource f52f9856-8154-4bed-b8c3-022ca2b839d5 (type: networks) to 1
2026-07-08 23:04:26.724 9 INFO neutron.db.ovn_revision_numbers_db [None req-2b055303-75b3-47a8-9050-eb2d8c343c81 7eef169de7a346b99f0d6f555c4142c8 c12d556edd654a849e41496e69dbadc8 - - default default] Successfully bumped revision number for resource 872925bb-fdb3-4d39-b73e-d86854520748 (type: networks) to 1
2026-07-08 23:04:26.903 8 WARNING neutron.scheduler.dhcp_agent_scheduler [None req-16a8a967-4ffa-406a-9de4-004e5a69b62f d501d2e48a7640bdae3e406adc2c7804 2885be7972d04a9fb0653dd8b7a08e47 - - default default] No more DHCP agents
2026-07-08 23:04:26.904 8 WARNING neutron.api.rpc.agentnotifiers.dhcp_rpc_agent_api [None req-16a8a967-4ffa-406a-9de4-004e5a69b62f d501d2e48a7640bdae3e406adc2c7804 2885be7972d04a9fb0653dd8b7a08e47 - - default default] Unable to schedule network f52f9856-8154-4bed-b8c3-022ca2b839d5: no agents available; will retry on subsequent port and subnet creation events.
2026-07-08 23:04:26.918 9 WARNING neutron.scheduler.dhcp_agent_scheduler [None req-2b055303-75b3-47a8-9050-eb2d8c343c81 7eef169de7a346b99f0d6f555c4142c8 c12d556edd654a849e41496e69dbadc8 - - default default] No more DHCP agents
2026-07-08 23:04:26.920 9 WARNING neutron.api.rpc.agentnotifiers.dhcp_rpc_agent_api [None req-2b055303-75b3-47a8-9050-eb2d8c343c81 7eef169de7a346b99f0d6f555c4142c8 c12d556edd654a849e41496e69dbadc8 - - default default] Unable to schedule network 872925bb-fdb3-4d39-b73e-d86854520748: no agents available; will retry on subsequent port and subnet creation events.
2026-07-08 23:04:26.965 9 INFO neutron.plugins.ml2.drivers.ovn.mech_driver.mech_driver [None req-74d13a09-3995-4861-b839-ef8b7c8a096e - - - - - -] OVN reports status down for port: 315b20b9-ff45-421c-b636-be60c7ff22f2
2026-07-08 23:04:27.014 8 INFO neutron.plugins.ml2.drivers.ovn.mech_driver.mech_driver [None req-fdc2d1c8-cfec-4915-97cb-92f10a198b97 - - - - - -] OVN reports status down for port: 967fe8f6-af27-4aab-9a55-8acd576fb28e
2026-07-08 23:04:27.024 8 INFO neutron.db.ovn_revision_numbers_db [None req-16a8a967-4ffa-406a-9de4-004e5a69b62f d501d2e48a7640bdae3e406adc2c7804 2885be7972d04a9fb0653dd8b7a08e47 - - default default] Successfully bumped revision number for resource 315b20b9-ff45-421c-b636-be60c7ff22f2 (type: ports) to 1
2026-07-08 23:04:27.053 9 INFO neutron.db.ovn_revision_numbers_db [None req-2b055303-75b3-47a8-9050-eb2d8c343c81 7eef169de7a346b99f0d6f555c4142c8 c12d556edd654a849e41496e69dbadc8 - - default default] Successfully bumped revision number for resource 967fe8f6-af27-4aab-9a55-8acd576fb28e (type: ports) to 1 [pid: 8|app: 0|req: 788/1485] 10.0.0.78 () {34 vars in 668 bytes} [Wed Jul 8 23:04:26 2026] POST /v2.0/networks => generated 673 bytes in 578 msecs (HTTP/1.1 201) 4 headers in 162 bytes (1 switches on core 0)
2026-07-08 23:04:27.070 8 WARNING neutron.db.securitygroups_db [None req-ece6de05-6b07-46f0-969b-046b1486e194 f8e45d4120f94729a2dfb6e0b65b6a49 99a1847dc3b64298a577afc74c46ed01 - - default default] project_id key not found in filters, using tenant_id instead. This support has been deprecated and will be removed in a future release.
2026-07-08 23:04:27.218 8 INFO neutron.db.ovn_revision_numbers_db [None req-ece6de05-6b07-46f0-969b-046b1486e194 f8e45d4120f94729a2dfb6e0b65b6a49 99a1847dc3b64298a577afc74c46ed01 - - default default] Successfully bumped revision number for resource ae306d6c-e3b0-45b5-84d9-f30d79d64466 (type: security_groups) to 1
2026-07-08 23:04:27.232 8 INFO neutron.db.ovn_revision_numbers_db [None req-ece6de05-6b07-46f0-969b-046b1486e194 f8e45d4120f94729a2dfb6e0b65b6a49 99a1847dc3b64298a577afc74c46ed01 - - default default] Successfully bumped revision number for resource 39d18166-c94f-4817-99ad-dcaca0991bd8 (type: security_group_rules) to 0
2026-07-08 23:04:27.245 8 INFO neutron.db.ovn_revision_numbers_db [None req-ece6de05-6b07-46f0-969b-046b1486e194 f8e45d4120f94729a2dfb6e0b65b6a49 99a1847dc3b64298a577afc74c46ed01 - - default default] Successfully bumped revision number for resource 5184d370-fabe-41fd-977b-d8325a729503 (type: security_group_rules) to 0
2026-07-08 23:04:27.264 8 INFO neutron.db.ovn_revision_numbers_db [None req-ece6de05-6b07-46f0-969b-046b1486e194 f8e45d4120f94729a2dfb6e0b65b6a49 99a1847dc3b64298a577afc74c46ed01 - - default default] Successfully bumped revision number for resource 5aa76683-bcaf-4464-ad38-eec46820bc5c (type: security_group_rules) to 0
2026-07-08 23:04:27.280 8 INFO neutron.db.ovn_revision_numbers_db [None req-ece6de05-6b07-46f0-969b-046b1486e194 f8e45d4120f94729a2dfb6e0b65b6a49 99a1847dc3b64298a577afc74c46ed01 - - default default] Successfully bumped revision number for resource a8f50869-9249-4779-bde0-bcbb3c5bfe0d (type: security_group_rules) to 0 [pid: 8|app: 0|req: 789/1486] 10.0.0.78 () {32 vars in 772 bytes} [Wed Jul 8 23:04:27 2026] GET /v2.0/security-groups?tenant_id=b1d726b484f542169eb350c4a48d9787&name=default => generated 2925 bytes in 264 msecs (HTTP/1.1 200) 4 headers in 158 bytes (1 switches on core 0)
2026-07-08 23:04:27.487 8 WARNING neutron.scheduler.dhcp_agent_scheduler [None req-f3eb9e5e-ee4f-4633-a84f-c1cb56276ef9 d501d2e48a7640bdae3e406adc2c7804 2885be7972d04a9fb0653dd8b7a08e47 - - default default] No more DHCP agents
2026-07-08 23:04:27.489 8 WARNING neutron.api.rpc.agentnotifiers.dhcp_rpc_agent_api [None req-f3eb9e5e-ee4f-4633-a84f-c1cb56276ef9 d501d2e48a7640bdae3e406adc2c7804 2885be7972d04a9fb0653dd8b7a08e47 - - default default] Unable to schedule network f52f9856-8154-4bed-b8c3-022ca2b839d5: no agents available; will retry on subsequent port and subnet creation events.
2026-07-08 23:04:27.541 8 INFO neutron.db.ovn_revision_numbers_db [None req-f3eb9e5e-ee4f-4633-a84f-c1cb56276ef9 d501d2e48a7640bdae3e406adc2c7804 2885be7972d04a9fb0653dd8b7a08e47 - - default default] Successfully bumped revision number for resource 04145f95-9501-40d2-9ad8-597dcd807ec4 (type: subnets) to 0 [pid: 8|app: 0|req: 790/1487] 10.0.0.78 () {34 vars in 667 bytes} [Wed Jul 8 23:04:27 2026] POST /v2.0/subnets => generated 646 bytes in 241 msecs (HTTP/1.1 201) 4 headers in 162 bytes (1 switches on core 0) [pid: 9|app: 0|req: 698/1488] 10.0.0.78 () {34 vars in 668 bytes} [Wed Jul 8 23:04:26 2026] POST /v2.0/networks => generated 692 bytes in 1160 msecs (HTTP/1.1 201) 4 headers in 162 bytes (1 switches on core 0) [pid: 8|app: 0|req: 791/1489] 10.0.0.78 () {32 vars in 738 bytes} [Wed Jul 8 23:04:27 2026] DELETE /v2.0/security-groups/ae306d6c-e3b0-45b5-84d9-f30d79d64466 => generated 0 bytes in 297 msecs (HTTP/1.1 204) 2 headers in 112 bytes (1 switches on core 0)
2026-07-08 23:04:27.954 8 INFO neutron.db.segments_db [None req-37f7319e-7ca7-4218-a435-54141c3623d8 7eef169de7a346b99f0d6f555c4142c8 c12d556edd654a849e41496e69dbadc8 - - default default] Added segment 6b8fd120-db8f-433e-895f-dbac9ced6bd4 of type geneve for network 48e34448-4587-4e80-b322-390479dab565
2026-07-08 23:04:27.960 9 WARNING neutron.scheduler.dhcp_agent_scheduler [None req-b10992cd-25a0-4f53-b5b6-448e791894a7 d501d2e48a7640bdae3e406adc2c7804 2885be7972d04a9fb0653dd8b7a08e47 - - default default] No more DHCP agents
2026-07-08 23:04:27.964 9 WARNING neutron.api.rpc.agentnotifiers.dhcp_rpc_agent_api [None req-b10992cd-25a0-4f53-b5b6-448e791894a7 d501d2e48a7640bdae3e406adc2c7804 2885be7972d04a9fb0653dd8b7a08e47 - - default default] Unable to schedule network f52f9856-8154-4bed-b8c3-022ca2b839d5: no agents available; will retry on subsequent port and subnet creation events.
2026-07-08 23:04:28.087 8 INFO neutron.plugins.ml2.drivers.ovn.mech_driver.mech_driver [None req-fdc2d1c8-cfec-4915-97cb-92f10a198b97 - - - - - -] OVN reports status down for port: 853737c7-1cdd-4219-bd9f-88a5b3128f4c
2026-07-08 23:04:28.133 9 INFO neutron.db.ovn_revision_numbers_db [None req-b10992cd-25a0-4f53-b5b6-448e791894a7 d501d2e48a7640bdae3e406adc2c7804 2885be7972d04a9fb0653dd8b7a08e47 - - default default] Successfully bumped revision number for resource 853737c7-1cdd-4219-bd9f-88a5b3128f4c (type: ports) to 1
2026-07-08 23:04:28.141 8 INFO neutron.db.ovn_revision_numbers_db [None req-37f7319e-7ca7-4218-a435-54141c3623d8 7eef169de7a346b99f0d6f555c4142c8 c12d556edd654a849e41496e69dbadc8 - - default default] Successfully bumped revision number for resource 48e34448-4587-4e80-b322-390479dab565 (type: networks) to 1 [pid: 9|app: 0|req: 699/1490] 10.0.0.78 () {34 vars in 663 bytes} [Wed Jul 8 23:04:27 2026] POST /v2.0/ports => generated 965 bytes in 560 msecs (HTTP/1.1 201) 4 headers in 162 bytes (1 switches on core 0) /var/lib/openstack/lib/python3.12/site-packages/pycadf/identifier.py:70: UserWarning: Invalid uuid: neutron. To ensure interoperability, identifiers should be a valid uuid. warnings.warn(('Invalid uuid: %s. To ensure interoperability, '
2026-07-08 23:04:28.328 9 INFO neutron_taas.services.taas.taas_plugin [None req-0d7672df-cefc-442f-8a25-6644638b5d3d d501d2e48a7640bdae3e406adc2c7804 2885be7972d04a9fb0653dd8b7a08e47 - - default default] TaaS: Handle Delete Port: 853737c7-1cdd-4219-bd9f-88a5b3128f4c
2026-07-08 23:04:28.333 9 INFO neutron_taas.services.taas.tap_mirror_plugin [None req-0d7672df-cefc-442f-8a25-6644638b5d3d d501d2e48a7640bdae3e406adc2c7804 2885be7972d04a9fb0653dd8b7a08e47 - - default default] Tap Mirror: Handle Delete Port: 853737c7-1cdd-4219-bd9f-88a5b3128f4c
2026-07-08 23:04:28.418 8 WARNING neutron.scheduler.dhcp_agent_scheduler [None req-37f7319e-7ca7-4218-a435-54141c3623d8 7eef169de7a346b99f0d6f555c4142c8 c12d556edd654a849e41496e69dbadc8 - - default default] No more DHCP agents
2026-07-08 23:04:28.419 8 WARNING neutron.api.rpc.agentnotifiers.dhcp_rpc_agent_api [None req-37f7319e-7ca7-4218-a435-54141c3623d8 7eef169de7a346b99f0d6f555c4142c8 c12d556edd654a849e41496e69dbadc8 - - default default] Unable to schedule network 48e34448-4587-4e80-b322-390479dab565: no agents available; will retry on subsequent port and subnet creation events.
2026-07-08 23:04:28.490 9 INFO neutron.plugins.ml2.drivers.ovn.mech_driver.mech_driver [None req-74d13a09-3995-4861-b839-ef8b7c8a096e - - - - - -] OVN reports status down for port: 5483ddf1-b99b-4479-a519-c7c667d59733
2026-07-08 23:04:28.518 8 INFO neutron.db.ovn_revision_numbers_db [None req-37f7319e-7ca7-4218-a435-54141c3623d8 7eef169de7a346b99f0d6f555c4142c8 c12d556edd654a849e41496e69dbadc8 - - default default] Successfully bumped revision number for resource 5483ddf1-b99b-4479-a519-c7c667d59733 (type: ports) to 1 [pid: 9|app: 0|req: 700/1491] 10.0.0.78 () {32 vars in 718 bytes} [Wed Jul 8 23:04:28 2026] DELETE /v2.0/ports/853737c7-1cdd-4219-bd9f-88a5b3128f4c => generated 0 bytes in 339 msecs (HTTP/1.1 204) 3 headers in 131 bytes (1 switches on core 0)
2026-07-08 23:04:28.549 9 INFO neutron.pecan_wsgi.hooks.translation [None req-944035de-3197-4b0c-a33a-e100fba45034 d501d2e48a7640bdae3e406adc2c7804 2885be7972d04a9fb0653dd8b7a08e47 - - default default] DELETE failed (client error): The resource could not be found. [pid: 8|app: 0|req: 792/1492] 10.0.0.78 () {34 vars in 668 bytes} [Wed Jul 8 23:04:27 2026] POST /v2.0/networks => generated 692 bytes in 688 msecs (HTTP/1.1 201) 4 headers in 162 bytes (1 switches on core 0) [pid: 9|app: 0|req: 701/1493] 10.0.0.78 () {32 vars in 718 bytes} [Wed Jul 8 23:04:28 2026] DELETE /v2.0/ports/853737c7-1cdd-4219-bd9f-88a5b3128f4c => generated 132 bytes in 28 msecs (HTTP/1.1 404) 4 headers in 164 bytes (1 switches on core 0)
2026-07-08 23:04:28.586 9 INFO neutron.pecan_wsgi.hooks.translation [None req-3e40c0a3-35c4-4e03-a446-a6c124d123d9 d501d2e48a7640bdae3e406adc2c7804 2885be7972d04a9fb0653dd8b7a08e47 - - default default] GET failed (client error): The resource could not be found. [pid: 9|app: 0|req: 702/1494] 10.0.0.78 () {32 vars in 715 bytes} [Wed Jul 8 23:04:28 2026] GET /v2.0/ports/853737c7-1cdd-4219-bd9f-88a5b3128f4c => generated 132 bytes in 33 msecs (HTTP/1.1 404) 4 headers in 164 bytes (1 switches on core 0) [pid: 9|app: 0|req: 703/1495] 10.0.0.78 () {32 vars in 722 bytes} [Wed Jul 8 23:04:28 2026] DELETE /v2.0/subnets/04145f95-9501-40d2-9ad8-597dcd807ec4 => generated 0 bytes in 160 msecs (HTTP/1.1 204) 3 headers in 131 bytes (1 switches on core 0)
2026-07-08 23:04:28.870 9 INFO neutron_taas.services.taas.taas_plugin [None req-baf8bc86-d896-4cdd-8a7d-8abf4710d0af d501d2e48a7640bdae3e406adc2c7804 2885be7972d04a9fb0653dd8b7a08e47 - - default default] TaaS: Handle Delete Port: 315b20b9-ff45-421c-b636-be60c7ff22f2
2026-07-08 23:04:28.873 9 INFO neutron_taas.services.taas.tap_mirror_plugin [None req-baf8bc86-d896-4cdd-8a7d-8abf4710d0af d501d2e48a7640bdae3e406adc2c7804 2885be7972d04a9fb0653dd8b7a08e47 - - default default] Tap Mirror: Handle Delete Port: 315b20b9-ff45-421c-b636-be60c7ff22f2
2026-07-08 23:04:29.022 8 WARNING neutron.scheduler.dhcp_agent_scheduler [None req-c0092759-eee2-46f9-ba4b-493ff7f9b5f7 7eef169de7a346b99f0d6f555c4142c8 c12d556edd654a849e41496e69dbadc8 - - default default] No more DHCP agents
2026-07-08 23:04:29.023 8 WARNING neutron.api.rpc.agentnotifiers.dhcp_rpc_agent_api [None req-c0092759-eee2-46f9-ba4b-493ff7f9b5f7 7eef169de7a346b99f0d6f555c4142c8 c12d556edd654a849e41496e69dbadc8 - - default default] Unable to schedule network 872925bb-fdb3-4d39-b73e-d86854520748: no agents available; will retry on subsequent port and subnet creation events.
2026-07-08 23:04:29.105 9 INFO neutron.services.segments.plugin [-] Segment 5104c988-09e7-4837-ab8a-0d48e9719e25 resource provider aggregate not found
2026-07-08 23:04:29.113 9 INFO neutron.services.segments.plugin [-] Segment 5104c988-09e7-4837-ab8a-0d48e9719e25 resource provider aggregate not found
2026-07-08 23:04:29.133 8 INFO neutron.db.ovn_revision_numbers_db [None req-c0092759-eee2-46f9-ba4b-493ff7f9b5f7 7eef169de7a346b99f0d6f555c4142c8 c12d556edd654a849e41496e69dbadc8 - - default default] Successfully bumped revision number for resource aaa23c33-bfa8-40b3-b9f1-02aba2b6d4a5 (type: ports) to 1
2026-07-08 23:04:29.134 9 INFO neutron.services.segments.plugin [-] Client error retrieving segment 5104c988-09e7-4837-ab8a-0d48e9719e25 resource provider; error: Placement Client Error (4xx): {"errors": [{"status": 404, "title": "Not Found", "detail": "The resource could not be found.\n\n No resource provider with uuid 5104c988-09e7-4837-ab8a-0d48e9719e25 found for delete ", "request_id": "req-f8e85a14-6a52-482c-a184-7c60f7abdcba"}]}
2026-07-08 23:04:29.138 9 INFO neutron.plugins.ml2.drivers.ovn.mech_driver.mech_driver [None req-74d13a09-3995-4861-b839-ef8b7c8a096e - - - - - -] OVN reports status down for port: aaa23c33-bfa8-40b3-b9f1-02aba2b6d4a5
2026-07-08 23:04:29.138 9 INFO neutron.services.segments.plugin [-] Client error retrieving segment 5104c988-09e7-4837-ab8a-0d48e9719e25 resource provider; error: Placement Client Error (4xx): {"errors": [{"status": 404, "title": "Not Found", "detail": "The resource could not be found.\n\n No resource provider with uuid 5104c988-09e7-4837-ab8a-0d48e9719e25 found for delete ", "request_id": "req-1fa27cd2-b6dd-4c03-b652-b191fb693d17"}]}
2026-07-08 23:04:29.195 8 WARNING neutron.scheduler.dhcp_agent_scheduler [None req-c0092759-eee2-46f9-ba4b-493ff7f9b5f7 7eef169de7a346b99f0d6f555c4142c8 c12d556edd654a849e41496e69dbadc8 - - default default] No more DHCP agents
2026-07-08 23:04:29.196 8 WARNING neutron.api.rpc.agentnotifiers.dhcp_rpc_agent_api [None req-c0092759-eee2-46f9-ba4b-493ff7f9b5f7 7eef169de7a346b99f0d6f555c4142c8 c12d556edd654a849e41496e69dbadc8 - - default default] Unable to schedule network 48e34448-4587-4e80-b322-390479dab565: no agents available; will retry on subsequent port and subnet creation events. [pid: 9|app: 0|req: 704/1496] 10.0.0.78 () {32 vars in 724 bytes} [Wed Jul 8 23:04:28 2026] DELETE /v2.0/networks/f52f9856-8154-4bed-b8c3-022ca2b839d5 => generated 0 bytes in 459 msecs (HTTP/1.1 204) 3 headers in 131 bytes (1 switches on core 0)
2026-07-08 23:04:29.302 8 INFO neutron.db.ovn_revision_numbers_db [None req-c0092759-eee2-46f9-ba4b-493ff7f9b5f7 7eef169de7a346b99f0d6f555c4142c8 c12d556edd654a849e41496e69dbadc8 - - default default] Successfully bumped revision number for resource 92b97d40-090b-4c22-ba7b-dabb5b818d14 (type: ports) to 1
2026-07-08 23:04:29.347 9 INFO neutron.plugins.ml2.drivers.ovn.mech_driver.mech_driver [None req-74d13a09-3995-4861-b839-ef8b7c8a096e - - - - - -] OVN reports status down for port: 92b97d40-090b-4c22-ba7b-dabb5b818d14 [pid: 8|app: 0|req: 793/1499] 10.0.0.78 () {34 vars in 663 bytes} [Wed Jul 8 23:04:28 2026] POST /v2.0/ports => generated 1506 bytes in 792 msecs (HTTP/1.1 201) 4 headers in 163 bytes (1 switches on core 0) /var/lib/openstack/lib/python3.12/site-packages/pycadf/identifier.py:70: UserWarning: Invalid uuid: neutron. To ensure interoperability, identifiers should be a valid uuid. warnings.warn(('Invalid uuid: %s. To ensure interoperability, '
2026-07-08 23:04:29.381 9 INFO neutron.db.segments_db [None req-18b623b5-cfd8-4552-95e2-e7291c3a0277 d501d2e48a7640bdae3e406adc2c7804 2885be7972d04a9fb0653dd8b7a08e47 - - default default] Added segment 22bdc0ba-7c63-4b70-91c1-569b9a29addc of type geneve for network e5059e29-2a83-49d3-84e3-3c39b3be558b [pid: 8|app: 0|req: 794/1500] 10.0.0.78 () {32 vars in 641 bytes} [Wed Jul 8 23:04:29 2026] GET /v2.0/ports => generated 3018 bytes in 39 msecs (HTTP/1.1 200) 4 headers in 158 bytes (1 switches on core 0)
2026-07-08 23:04:29.524 8 INFO neutron_taas.services.taas.taas_plugin [None req-d5974a42-cbd9-47fb-a105-7a782ac1e759 7eef169de7a346b99f0d6f555c4142c8 c12d556edd654a849e41496e69dbadc8 - - default default] TaaS: Handle Delete Port: aaa23c33-bfa8-40b3-b9f1-02aba2b6d4a5
2026-07-08 23:04:29.527 8 INFO neutron_taas.services.taas.tap_mirror_plugin [None req-d5974a42-cbd9-47fb-a105-7a782ac1e759 7eef169de7a346b99f0d6f555c4142c8 c12d556edd654a849e41496e69dbadc8 - - default default] Tap Mirror: Handle Delete Port: aaa23c33-bfa8-40b3-b9f1-02aba2b6d4a5
2026-07-08 23:04:29.571 9 INFO neutron.db.ovn_revision_numbers_db [None req-18b623b5-cfd8-4552-95e2-e7291c3a0277 d501d2e48a7640bdae3e406adc2c7804 2885be7972d04a9fb0653dd8b7a08e47 - - default default] Successfully bumped revision number for resource e5059e29-2a83-49d3-84e3-3c39b3be558b (type: networks) to 1 [pid: 8|app: 0|req: 795/1501] 10.0.0.78 () {32 vars in 718 bytes} [Wed Jul 8 23:04:29 2026] DELETE /v2.0/ports/aaa23c33-bfa8-40b3-b9f1-02aba2b6d4a5 => generated 0 bytes in 251 msecs (HTTP/1.1 204) 3 headers in 131 bytes (1 switches on core 0)
2026-07-08 23:04:29.752 9 WARNING neutron.scheduler.dhcp_agent_scheduler [None req-18b623b5-cfd8-4552-95e2-e7291c3a0277 d501d2e48a7640bdae3e406adc2c7804 2885be7972d04a9fb0653dd8b7a08e47 - - default default] No more DHCP agents
2026-07-08 23:04:29.754 9 WARNING neutron.api.rpc.agentnotifiers.dhcp_rpc_agent_api [None req-18b623b5-cfd8-4552-95e2-e7291c3a0277 d501d2e48a7640bdae3e406adc2c7804 2885be7972d04a9fb0653dd8b7a08e47 - - default default] Unable to schedule network e5059e29-2a83-49d3-84e3-3c39b3be558b: no agents available; will retry on subsequent port and subnet creation events.
2026-07-08 23:04:29.803 8 INFO neutron.plugins.ml2.drivers.ovn.mech_driver.mech_driver [None req-fdc2d1c8-cfec-4915-97cb-92f10a198b97 - - - - - -] OVN reports status down for port: a506581c-5927-4332-946f-65bf326e2c00
2026-07-08 23:04:29.816 8 INFO neutron_taas.services.taas.taas_plugin [None req-68ec04fb-9b90-4a63-812f-10bc3794085b 7eef169de7a346b99f0d6f555c4142c8 c12d556edd654a849e41496e69dbadc8 - - default default] TaaS: Handle Delete Port: 92b97d40-090b-4c22-ba7b-dabb5b818d14
2026-07-08 23:04:29.819 9 INFO neutron.db.ovn_revision_numbers_db [None req-18b623b5-cfd8-4552-95e2-e7291c3a0277 d501d2e48a7640bdae3e406adc2c7804 2885be7972d04a9fb0653dd8b7a08e47 - - default default] Successfully bumped revision number for resource a506581c-5927-4332-946f-65bf326e2c00 (type: ports) to 1
