2026-07-08 23:07:03.411 9 INFO neutron.db.ovn_revision_numbers_db [None req-f2b40c69-b28c-417d-a9a0-bdeeaecc1ee4 83615c9b013343e18c035ab939081a0c 9739768bbf694fff9ecdfe5350397d64 - - default default] Successfully bumped revision number for resource 79b32640-9395-4b61-943c-5e232ea18605 (type: security_group_rules) to 0 [pid: 9|app: 0|req: 1207/2520] 10.0.0.78 () {34 vars in 693 bytes} [Wed Jul 8 23:07:03 2026] POST /v2.0/security-group-rules => generated 597 bytes in 136 msecs (HTTP/1.1 201) 4 headers in 162 bytes (1 switches on core 0)
2026-07-08 23:07:03.468 8 INFO neutron.plugins.ml2.drivers.ovn.mech_driver.mech_driver [None req-0d9931c9-4052-4b0d-ac76-c0acab2a832d - - - - - -] OVN reports status down for port: 6b084286-bfa4-4f1b-91b1-99a30db8283d
2026-07-08 23:07:03.569 8 WARNING neutron.plugins.ml2.drivers.ovn.mech_driver.ovsdb.ovn_client [None req-0d9931c9-4052-4b0d-ac76-c0acab2a832d - - - - - -] Logical_Switch_Port 6b084286-bfa4-4f1b-91b1-99a30db8283d host information not removed, the port state is up
2026-07-08 23:07:03.570 8 INFO neutron.plugins.ml2.drivers.ovn.mech_driver.mech_driver [None req-0d9931c9-4052-4b0d-ac76-c0acab2a832d - - - - - -] OVN reports status up for port: 6b084286-bfa4-4f1b-91b1-99a30db8283d
2026-07-08 23:07:03.597 8 INFO neutron.plugins.ml2.plugin [None req-0d9931c9-4052-4b0d-ac76-c0acab2a832d - - - - - -] Attempt 1 to provision port 6b084286-bfa4-4f1b-91b1-99a30db8283d
2026-07-08 23:07:03.602 8 INFO neutron.services.segments.plugin [-] Segment 5fa4016d-f004-4e5e-8682-80b601d4aacf resource provider aggregate not found
2026-07-08 23:07:03.606 9 INFO neutron.db.ovn_revision_numbers_db [None req-6b7f2ba3-2fc2-4ce6-b800-8a034d237dd7 83615c9b013343e18c035ab939081a0c 9739768bbf694fff9ecdfe5350397d64 - - default default] Successfully bumped revision number for resource f53a0c04-a096-4d2c-aa82-020c6d64fdd0 (type: security_group_rules) to 0
2026-07-08 23:07:03.606 8 INFO neutron.services.segments.plugin [-] Segment 5fa4016d-f004-4e5e-8682-80b601d4aacf resource provider aggregate not found
2026-07-08 23:07:03.623 8 INFO neutron.services.segments.plugin [-] Client error retrieving segment 5fa4016d-f004-4e5e-8682-80b601d4aacf resource provider; error: Placement Client Error (4xx): {"errors": [{"status": 404, "title": "Not Found", "detail": "The resource could not be found.\n\n No resource provider with uuid 5fa4016d-f004-4e5e-8682-80b601d4aacf found for delete ", "request_id": "req-c401ceec-8777-40e1-a195-cf152eba02f9"}]}
2026-07-08 23:07:03.625 8 INFO neutron.services.segments.plugin [-] Client error retrieving segment 5fa4016d-f004-4e5e-8682-80b601d4aacf resource provider; error: Placement Client Error (4xx): {"errors": [{"status": 404, "title": "Not Found", "detail": "The resource could not be found.\n\n No resource provider with uuid 5fa4016d-f004-4e5e-8682-80b601d4aacf found for delete ", "request_id": "req-1fc028dd-1783-4329-9f3d-7c32ce89d61b"}]} [pid: 9|app: 0|req: 1208/2521] 10.0.0.78 () {34 vars in 693 bytes} [Wed Jul 8 23:07:03 2026] POST /v2.0/security-group-rules => generated 599 bytes in 194 msecs (HTTP/1.1 201) 4 headers in 162 bytes (1 switches on core 0) [pid: 8|app: 0|req: 1314/2522] 10.0.0.78 () {32 vars in 724 bytes} [Wed Jul 8 23:07:03 2026] DELETE /v2.0/networks/44f0e367-a0b4-4e61-b114-f881a83db825 => generated 0 bytes in 615 msecs (HTTP/1.1 204) 3 headers in 131 bytes (1 switches on core 0)
2026-07-08 23:07:03.777 9 INFO neutron.db.ovn_revision_numbers_db [None req-732ae0ce-c878-4d6c-b3f7-b67480517019 83615c9b013343e18c035ab939081a0c 9739768bbf694fff9ecdfe5350397d64 - - default default] Successfully bumped revision number for resource 8e2da74d-15a0-4a8e-9fc7-2d94cc5615dd (type: security_group_rules) to 0 [pid: 9|app: 0|req: 1209/2523] 10.0.0.78 () {34 vars in 693 bytes} [Wed Jul 8 23:07:03 2026] POST /v2.0/security-group-rules => generated 601 bytes in 158 msecs (HTTP/1.1 201) 4 headers in 162 bytes (1 switches on core 0)
2026-07-08 23:07:04.037 8 INFO neutron.db.ovn_revision_numbers_db [None req-9d53283c-2088-48a7-ade2-623b076615cd 83615c9b013343e18c035ab939081a0c 9739768bbf694fff9ecdfe5350397d64 - - default default] Successfully bumped revision number for resource b40b1e23-1472-494d-a77e-c3eccc449783 (type: security_group_rules) to 0 [pid: 8|app: 0|req: 1315/2524] 10.0.0.78 () {34 vars in 693 bytes} [Wed Jul 8 23:07:03 2026] POST /v2.0/security-group-rules => generated 601 bytes in 304 msecs (HTTP/1.1 201) 4 headers in 162 bytes (1 switches on core 0)
2026-07-08 23:07:04.184 8 INFO neutron.db.ovn_revision_numbers_db [None req-0d9931c9-4052-4b0d-ac76-c0acab2a832d - - - - - -] Successfully bumped revision number for resource 6b084286-bfa4-4f1b-91b1-99a30db8283d (type: ports) to 2
2026-07-08 23:07:04.258 9 INFO neutron.db.ovn_revision_numbers_db [None req-5c6cb499-59d6-4251-9471-cb1b61f2cf52 83615c9b013343e18c035ab939081a0c 9739768bbf694fff9ecdfe5350397d64 - - default default] Successfully bumped revision number for resource 38b38280-ac62-4d88-8bf1-efe561e866fb (type: security_group_rules) to 0 [pid: 9|app: 0|req: 1210/2525] 10.0.0.78 () {34 vars in 693 bytes} [Wed Jul 8 23:07:04 2026] POST /v2.0/security-group-rules => generated 597 bytes in 173 msecs (HTTP/1.1 201) 4 headers in 162 bytes (1 switches on core 0)
2026-07-08 23:07:04.377 8 WARNING neutron.db.securitygroups_db [None req-a29d8040-d329-4875-8637-5a35bac31237 f8e45d4120f94729a2dfb6e0b65b6a49 99a1847dc3b64298a577afc74c46ed01 - - default default] project_id key not found in filters, using tenant_id instead. This support has been deprecated and will be removed in a future release. [pid: 8|app: 0|req: 1316/2526] 10.0.0.78 () {32 vars in 772 bytes} [Wed Jul 8 23:07:04 2026] GET /v2.0/security-groups?tenant_id=f2635fb189c14dd4acd32d987d6ef563&name=default => generated 2929 bytes in 107 msecs (HTTP/1.1 200) 4 headers in 158 bytes (1 switches on core 0)
2026-07-08 23:07:04.484 9 INFO neutron.db.ovn_revision_numbers_db [None req-eb237d3c-c5c0-47dc-a5a1-1600acebe566 83615c9b013343e18c035ab939081a0c 9739768bbf694fff9ecdfe5350397d64 - - default default] Successfully bumped revision number for resource 74768b7e-f206-4b44-9162-72b9152d4900 (type: security_group_rules) to 0 [pid: 9|app: 0|req: 1211/2527] 10.0.0.78 () {34 vars in 693 bytes} [Wed Jul 8 23:07:04 2026] POST /v2.0/security-group-rules => generated 597 bytes in 235 msecs (HTTP/1.1 201) 4 headers in 162 bytes (1 switches on core 0) [pid: 8|app: 0|req: 1317/2528] 10.0.0.78 () {32 vars in 738 bytes} [Wed Jul 8 23:07:04 2026] DELETE /v2.0/security-groups/e78d64b0-58d6-42b1-807d-32ee28ca0fee => generated 0 bytes in 223 msecs (HTTP/1.1 204) 2 headers in 112 bytes (1 switches on core 0)
2026-07-08 23:07:04.740 9 INFO neutron.db.ovn_revision_numbers_db [None req-4460746b-ad19-4bac-bcb7-1815c4d1df86 83615c9b013343e18c035ab939081a0c 9739768bbf694fff9ecdfe5350397d64 - - default default] Successfully bumped revision number for resource fc5e1d17-a752-47fb-a941-37eb8978dcdd (type: security_group_rules) to 0
2026-07-08 23:07:04.769 8 WARNING neutron.db.securitygroups_db [None req-ff1f55fb-68b5-477f-b22d-306038fb8d6d f8e45d4120f94729a2dfb6e0b65b6a49 99a1847dc3b64298a577afc74c46ed01 - - default default] project_id key not found in filters, using tenant_id instead. This support has been deprecated and will be removed in a future release. [pid: 9|app: 0|req: 1212/2529] 10.0.0.78 () {34 vars in 693 bytes} [Wed Jul 8 23:07:04 2026] POST /v2.0/security-group-rules => generated 597 bytes in 241 msecs (HTTP/1.1 201) 4 headers in 162 bytes (1 switches on core 0)
2026-07-08 23:07:05.002 8 INFO neutron.db.ovn_revision_numbers_db [None req-ff1f55fb-68b5-477f-b22d-306038fb8d6d f8e45d4120f94729a2dfb6e0b65b6a49 99a1847dc3b64298a577afc74c46ed01 - - default default] Successfully bumped revision number for resource 2bff080e-bf1d-4f20-b02f-775793ed388a (type: security_groups) to 1
2026-07-08 23:07:05.027 8 INFO neutron.db.ovn_revision_numbers_db [None req-ff1f55fb-68b5-477f-b22d-306038fb8d6d f8e45d4120f94729a2dfb6e0b65b6a49 99a1847dc3b64298a577afc74c46ed01 - - default default] Successfully bumped revision number for resource 4c9f084b-efa5-48e6-bc4c-84826b61598e (type: security_group_rules) to 0
2026-07-08 23:07:05.030 9 INFO neutron.db.ovn_revision_numbers_db [None req-54abc1a6-7d13-401f-ad6a-b9e6487c68f6 83615c9b013343e18c035ab939081a0c 9739768bbf694fff9ecdfe5350397d64 - - default default] Successfully bumped revision number for resource 67f28324-f8b0-4e52-8028-1f0f0c386d78 (type: security_group_rules) to 0
2026-07-08 23:07:05.051 8 INFO neutron.db.ovn_revision_numbers_db [None req-ff1f55fb-68b5-477f-b22d-306038fb8d6d f8e45d4120f94729a2dfb6e0b65b6a49 99a1847dc3b64298a577afc74c46ed01 - - default default] Successfully bumped revision number for resource bb77b505-6d3b-412d-8b59-959aaa47ec4b (type: security_group_rules) to 0 [pid: 9|app: 0|req: 1213/2530] 10.0.0.78 () {34 vars in 693 bytes} [Wed Jul 8 23:07:04 2026] POST /v2.0/security-group-rules => generated 599 bytes in 283 msecs (HTTP/1.1 201) 4 headers in 162 bytes (1 switches on core 0)
2026-07-08 23:07:05.107 8 INFO neutron.db.ovn_revision_numbers_db [None req-ff1f55fb-68b5-477f-b22d-306038fb8d6d f8e45d4120f94729a2dfb6e0b65b6a49 99a1847dc3b64298a577afc74c46ed01 - - default default] Successfully bumped revision number for resource ecc040c8-a129-4834-be98-e3387f81148a (type: security_group_rules) to 0
2026-07-08 23:07:05.144 8 INFO neutron.db.ovn_revision_numbers_db [None req-ff1f55fb-68b5-477f-b22d-306038fb8d6d f8e45d4120f94729a2dfb6e0b65b6a49 99a1847dc3b64298a577afc74c46ed01 - - default default] Successfully bumped revision number for resource ff5b36a1-e203-4350-b47a-da8babfdc4aa (type: security_group_rules) to 0 [pid: 8|app: 0|req: 1318/2531] 10.0.0.78 () {32 vars in 772 bytes} [Wed Jul 8 23:07:04 2026] GET /v2.0/security-groups?tenant_id=d132265cb62e4dc19b332b7eb0a7d9ac&name=default => generated 2929 bytes in 444 msecs (HTTP/1.1 200) 4 headers in 158 bytes (1 switches on core 0)
2026-07-08 23:07:05.288 9 INFO neutron.db.ovn_revision_numbers_db [None req-31a95dd6-38a4-4b6a-a36a-a1a1a64cf240 83615c9b013343e18c035ab939081a0c 9739768bbf694fff9ecdfe5350397d64 - - default default] Successfully bumped revision number for resource f0716a78-5022-4c0c-8778-d68a2a7ee308 (type: security_group_rules) to 0 [pid: 9|app: 0|req: 1214/2532] 10.0.0.78 () {34 vars in 693 bytes} [Wed Jul 8 23:07:05 2026] POST /v2.0/security-group-rules => generated 601 bytes in 265 msecs (HTTP/1.1 201) 4 headers in 162 bytes (1 switches on core 0) [pid: 8|app: 0|req: 1319/2533] 10.0.0.78 () {32 vars in 738 bytes} [Wed Jul 8 23:07:05 2026] DELETE /v2.0/security-groups/2bff080e-bf1d-4f20-b02f-775793ed388a => generated 0 bytes in 222 msecs (HTTP/1.1 204) 2 headers in 112 bytes (1 switches on core 0)
2026-07-08 23:07:05.512 9 INFO neutron.db.ovn_revision_numbers_db [None req-93d4c0c7-96e2-4836-938a-1073b1603429 83615c9b013343e18c035ab939081a0c 9739768bbf694fff9ecdfe5350397d64 - - default default] Successfully bumped revision number for resource a4306e7a-5fca-45b7-90d4-7fa4c661100d (type: security_group_rules) to 0 [pid: 9|app: 0|req: 1215/2534] 10.0.0.78 () {34 vars in 693 bytes} [Wed Jul 8 23:07:05 2026] POST /v2.0/security-group-rules => generated 597 bytes in 202 msecs (HTTP/1.1 201) 4 headers in 162 bytes (1 switches on core 0)
2026-07-08 23:07:05.910 8 WARNING neutron.db.securitygroups_db [req-e7a625e0-e78c-48b0-bdf2-356799a83d9a req-d50bc2da-d86d-4180-a900-19b5086af4d0 83615c9b013343e18c035ab939081a0c 9739768bbf694fff9ecdfe5350397d64 - - default default] project_id key not found in filters, using tenant_id instead. This support has been deprecated and will be removed in a future release. [pid: 8|app: 0|req: 1320/2535] 10.0.0.155 () {34 vars in 1095 bytes} [Wed Jul 8 23:07:05 2026] GET /v2.0/security-groups?name=tempest-lb_member_SG-2146028791&fields=id&tenant_id=9739768bbf694fff9ecdfe5350397d64 => generated 69 bytes in 34 msecs (HTTP/1.1 200) 4 headers in 156 bytes (1 switches on core 0) [pid: 9|app: 0|req: 1216/2536] 10.0.0.155 () {34 vars in 981 bytes} [Wed Jul 8 23:07:05 2026] GET /v2.0/networks?id=68b8c094-059c-40be-a65a-cf0a2a29a3a6 => generated 742 bytes in 45 msecs (HTTP/1.1 200) 4 headers in 157 bytes (1 switches on core 0) [pid: 8|app: 0|req: 1321/2537] 10.0.0.155 () {34 vars in 964 bytes} [Wed Jul 8 23:07:05 2026] GET /v2.0/quotas/9739768bbf694fff9ecdfe5350397d64 => generated 312 bytes in 9 msecs (HTTP/1.1 200) 4 headers in 157 bytes (1 switches on core 0) [pid: 9|app: 0|req: 1217/2538] 10.0.0.155 () {34 vars in 1001 bytes} [Wed Jul 8 23:07:06 2026] GET /v2.0/ports?tenant_id=9739768bbf694fff9ecdfe5350397d64&fields=id => generated 287 bytes in 166 msecs (HTTP/1.1 200) 4 headers in 157 bytes (1 switches on core 0) [pid: 8|app: 0|req: 1322/2539] 10.0.0.155 () {34 vars in 1007 bytes} [Wed Jul 8 23:07:06 2026] GET /v2.0/networks/68b8c094-059c-40be-a65a-cf0a2a29a3a6?fields=segments => generated 14 bytes in 45 msecs (HTTP/1.1 200) 4 headers in 156 bytes (1 switches on core 0) [pid: 9|app: 0|req: 1218/2540] 10.0.0.155 () {34 vars in 1107 bytes} [Wed Jul 8 23:07:06 2026] GET /v2.0/networks/68b8c094-059c-40be-a65a-cf0a2a29a3a6?fields=provider%3Aphysical_network&fields=provider%3Anetwork_type => generated 79 bytes in 47 msecs (HTTP/1.1 200) 4 headers in 156 bytes (1 switches on core 0) [pid: 8|app: 0|req: 1323/2541] 10.0.0.155 () {34 vars in 1069 bytes} [Wed Jul 8 23:07:06 2026] GET /v2.0/ports?fields=security_groups&fields=device_id&device_id=c00bf7bb-a94a-40fb-87c7-77945f591dca => generated 12 bytes in 24 msecs (HTTP/1.1 200) 4 headers in 156 bytes (1 switches on core 0)
2026-07-08 23:07:06.460 9 WARNING neutron.plugins.ml2.drivers.ovn.mech_driver.ovsdb.ovn_client [None req-759d870e-a043-46d8-9ae3-8a3d894cbc25 - - - - - -] No hosting information found for port 8b27b6e1-3d93-4813-a558-d85d33a43b4a: RuntimeError: No hosting information found for port 8b27b6e1-3d93-4813-a558-d85d33a43b4a
2026-07-08 23:07:06.494 9 INFO neutron.common.ovn.utils [None req-759d870e-a043-46d8-9ae3-8a3d894cbc25 - - - - - -] HA Chassis Group neutron-68b8c094-059c-40be-a65a-cf0a2a29a3a6 synchronized; highest priority chassis 74e0075d-5762-4988-bb9b-aa789db18494
2026-07-08 23:07:06.593 9 INFO neutron.db.ovn_revision_numbers_db [None req-759d870e-a043-46d8-9ae3-8a3d894cbc25 - - - - - -] Successfully bumped revision number for resource 8b27b6e1-3d93-4813-a558-d85d33a43b4a (type: router_ports) to 2
2026-07-08 23:07:06.630 9 INFO neutron.plugins.ml2.drivers.ovn.mech_driver.mech_driver [None req-759d870e-a043-46d8-9ae3-8a3d894cbc25 - - - - - -] OVN reports status down for port: b25af94e-7613-4c0a-9e1a-bbb7462d788e
2026-07-08 23:07:06.669 9 INFO neutron.common.ovn.utils [None req-759d870e-a043-46d8-9ae3-8a3d894cbc25 - - - - - -] HA Chassis Group neutron-ebd89bc2-8fe3-41e1-af75-b14550c45733 synchronized; highest priority chassis 74e0075d-5762-4988-bb9b-aa789db18494
2026-07-08 23:07:09.179 9 INFO neutron.db.ovn_revision_numbers_db [None req-76667e8f-75ef-4cc9-b247-01e5c93c1ff9 0ca333fafc674e4dbdfd9d5cedcb75bc 9ff3480236234ae19a490e9d827d2d32 - - default default] Successfully bumped revision number for resource ea7492fc-9ddd-49c4-b483-3d567cdb328b (type: security_groups) to 1
2026-07-08 23:07:09.217 9 INFO neutron.db.ovn_revision_numbers_db [None req-76667e8f-75ef-4cc9-b247-01e5c93c1ff9 0ca333fafc674e4dbdfd9d5cedcb75bc 9ff3480236234ae19a490e9d827d2d32 - - default default] Successfully bumped revision number for resource 48e9fa4f-420c-4d65-ba94-7b1314fb455e (type: security_group_rules) to 0
2026-07-08 23:07:09.251 9 INFO neutron.db.ovn_revision_numbers_db [None req-76667e8f-75ef-4cc9-b247-01e5c93c1ff9 0ca333fafc674e4dbdfd9d5cedcb75bc 9ff3480236234ae19a490e9d827d2d32 - - default default] Successfully bumped revision number for resource b9ccfef3-4b32-4a3a-857f-03f488dfd27a (type: security_group_rules) to 0
2026-07-08 23:07:09.267 9 INFO neutron.db.ovn_revision_numbers_db [None req-76667e8f-75ef-4cc9-b247-01e5c93c1ff9 0ca333fafc674e4dbdfd9d5cedcb75bc 9ff3480236234ae19a490e9d827d2d32 - - default default] Successfully bumped revision number for resource d006428a-b444-4731-aec6-56219dbfb3cc (type: security_group_rules) to 0
2026-07-08 23:07:09.280 9 INFO neutron.db.ovn_revision_numbers_db [None req-76667e8f-75ef-4cc9-b247-01e5c93c1ff9 0ca333fafc674e4dbdfd9d5cedcb75bc 9ff3480236234ae19a490e9d827d2d32 - - default default] Successfully bumped revision number for resource d44a91ce-5aee-4a00-8923-68c55c7bc562 (type: security_group_rules) to 0
2026-07-08 23:07:09.359 9 INFO neutron.db.segments_db [None req-76667e8f-75ef-4cc9-b247-01e5c93c1ff9 0ca333fafc674e4dbdfd9d5cedcb75bc 9ff3480236234ae19a490e9d827d2d32 - - default default] Added segment cb35699b-5a9e-454d-a898-88c081a58bda of type geneve for network b4eed611-f70f-455b-8082-f39d9a49b662
2026-07-08 23:07:09.370 8 WARNING neutron.plugins.ml2.drivers.ovn.mech_driver.ovsdb.ovn_client [None req-5867196d-7895-4ece-997c-e63836078966 - - - - - -] No hosting information found for port 6b084286-bfa4-4f1b-91b1-99a30db8283d: RuntimeError: No hosting information found for port 6b084286-bfa4-4f1b-91b1-99a30db8283d
2026-07-08 23:07:09.548 8 INFO neutron.db.ovn_revision_numbers_db [None req-5867196d-7895-4ece-997c-e63836078966 - - - - - -] Successfully bumped revision number for resource 6b084286-bfa4-4f1b-91b1-99a30db8283d (type: router_ports) to 2
2026-07-08 23:07:09.713 9 INFO neutron.db.ovn_revision_numbers_db [None req-76667e8f-75ef-4cc9-b247-01e5c93c1ff9 0ca333fafc674e4dbdfd9d5cedcb75bc 9ff3480236234ae19a490e9d827d2d32 - - default default] Successfully bumped revision number for resource b4eed611-f70f-455b-8082-f39d9a49b662 (type: networks) to 1
2026-07-08 23:07:09.918 9 WARNING neutron.scheduler.dhcp_agent_scheduler [None req-76667e8f-75ef-4cc9-b247-01e5c93c1ff9 0ca333fafc674e4dbdfd9d5cedcb75bc 9ff3480236234ae19a490e9d827d2d32 - - default default] No more DHCP agents
2026-07-08 23:07:09.920 9 WARNING neutron.api.rpc.agentnotifiers.dhcp_rpc_agent_api [None req-76667e8f-75ef-4cc9-b247-01e5c93c1ff9 0ca333fafc674e4dbdfd9d5cedcb75bc 9ff3480236234ae19a490e9d827d2d32 - - default default] Unable to schedule network b4eed611-f70f-455b-8082-f39d9a49b662: no agents available; will retry on subsequent port and subnet creation events.
2026-07-08 23:07:10.067 9 INFO neutron.plugins.ml2.drivers.ovn.mech_driver.mech_driver [None req-759d870e-a043-46d8-9ae3-8a3d894cbc25 - - - - - -] OVN reports status down for port: 1d60c5b8-4803-4e16-8a6b-1cf417075b7a
2026-07-08 23:07:10.200 9 INFO neutron.db.ovn_revision_numbers_db [None req-76667e8f-75ef-4cc9-b247-01e5c93c1ff9 0ca333fafc674e4dbdfd9d5cedcb75bc 9ff3480236234ae19a490e9d827d2d32 - - default default] Successfully bumped revision number for resource 1d60c5b8-4803-4e16-8a6b-1cf417075b7a (type: ports) to 1 [pid: 9|app: 0|req: 1219/2542] 10.0.0.78 () {34 vars in 668 bytes} [Wed Jul 8 23:07:08 2026] POST /v2.0/networks => generated 669 bytes in 1653 msecs (HTTP/1.1 201) 4 headers in 162 bytes (1 switches on core 0)
2026-07-08 23:07:10.618 8 WARNING neutron.scheduler.dhcp_agent_scheduler [None req-e5b96166-7852-488b-8383-707d45a58983 0ca333fafc674e4dbdfd9d5cedcb75bc 9ff3480236234ae19a490e9d827d2d32 - - default default] No more DHCP agents
2026-07-08 23:07:10.619 8 WARNING neutron.api.rpc.agentnotifiers.dhcp_rpc_agent_api [None req-e5b96166-7852-488b-8383-707d45a58983 0ca333fafc674e4dbdfd9d5cedcb75bc 9ff3480236234ae19a490e9d827d2d32 - - default default] Unable to schedule network b4eed611-f70f-455b-8082-f39d9a49b662: no agents available; will retry on subsequent port and subnet creation events.
2026-07-08 23:07:10.786 9 INFO neutron.plugins.ml2.drivers.ovn.mech_driver.mech_driver [None req-759d870e-a043-46d8-9ae3-8a3d894cbc25 - - - - - -] OVN reports status down for port: c2dae102-563b-4f3d-8632-6c65bd13a467
2026-07-08 23:07:10.822 8 INFO neutron.db.ovn_revision_numbers_db [None req-e5b96166-7852-488b-8383-707d45a58983 0ca333fafc674e4dbdfd9d5cedcb75bc 9ff3480236234ae19a490e9d827d2d32 - - default default] Successfully bumped revision number for resource c2dae102-563b-4f3d-8632-6c65bd13a467 (type: ports) to 1 [pid: 8|app: 0|req: 1324/2543] 10.0.0.78 () {34 vars in 662 bytes} [Wed Jul 8 23:07:10 2026] POST /v2.0/ports => generated 743 bytes in 616 msecs (HTTP/1.1 201) 4 headers in 162 bytes (1 switches on core 0) [pid: 9|app: 0|req: 1220/2544] 10.0.0.78 () {34 vars in 664 bytes} [Wed Jul 8 23:07:10 2026] POST /v2.0/trunks => generated 409 bytes in 349 msecs (HTTP/1.1 201) 4 headers in 162 bytes (1 switches on core 0) /var/lib/openstack/lib/python3.12/site-packages/pycadf/identifier.py:70: UserWarning: Invalid uuid: neutron. To ensure interoperability, identifiers should be a valid uuid. warnings.warn(('Invalid uuid: %s. To ensure interoperability, '
2026-07-08 23:07:11.234 8 WARNING tagging [None req-7b375de5-6eca-46f0-92c3-eb0730616ba7 0ca333fafc674e4dbdfd9d5cedcb75bc 9ff3480236234ae19a490e9d827d2d32 - - default default] project_id key not found in request, using tenant_id instead. This support has been deprecated and will be removed in a future release. [pid: 8|app: 0|req: 1325/2545] 10.0.0.78 () {34 vars in 747 bytes} [Wed Jul 8 23:07:11 2026] PUT /v2.0/trunks/060c5549-1215-412d-ba39-514a4c092ab4/tags => generated 25 bytes in 123 msecs (HTTP/1.1 200) 4 headers in 156 bytes (1 switches on core 0)
2026-07-08 23:07:11.367 9 WARNING tagging [None req-ad5a5abe-8d45-4baa-839d-49e8a8ebaaa5 0ca333fafc674e4dbdfd9d5cedcb75bc 9ff3480236234ae19a490e9d827d2d32 - - default default] project_id key not found in request, using tenant_id instead. This support has been deprecated and will be removed in a future release. [pid: 9|app: 0|req: 1221/2546] 10.0.0.78 () {32 vars in 727 bytes} [Wed Jul 8 23:07:11 2026] GET /v2.0/trunks/060c5549-1215-412d-ba39-514a4c092ab4/tags => generated 25 bytes in 33 msecs (HTTP/1.1 200) 4 headers in 156 bytes (1 switches on core 0)
2026-07-08 23:07:11.399 8 WARNING tagging [None req-a7d5d5cf-bf33-44cf-8c10-c0f961682c71 0ca333fafc674e4dbdfd9d5cedcb75bc 9ff3480236234ae19a490e9d827d2d32 - - default default] project_id key not found in request, using tenant_id instead. This support has been deprecated and will be removed in a future release. [pid: 9|app: 0|req: 1222/2547] 10.0.0.155 () {34 vars in 1069 bytes} [Wed Jul 8 23:07:11 2026] GET /v2.0/ports?fields=security_groups&fields=device_id&device_id=c00bf7bb-a94a-40fb-87c7-77945f591dca => generated 12 bytes in 19 msecs (HTTP/1.1 200) 4 headers in 156 bytes (1 switches on core 0) [pid: 8|app: 0|req: 1326/2548] 10.0.0.78 () {34 vars in 758 bytes} [Wed Jul 8 23:07:11 2026] PUT /v2.0/trunks/060c5549-1215-412d-ba39-514a4c092ab4/tags/green => generated 4 bytes in 154 msecs (HTTP/1.1 201) 4 headers in 160 bytes (1 switches on core 0)
2026-07-08 23:07:11.552 9 WARNING tagging [None req-e106c093-3b7e-41b0-a710-3e9b4b188050 0ca333fafc674e4dbdfd9d5cedcb75bc 9ff3480236234ae19a490e9d827d2d32 - - default default] project_id key not found in request, using tenant_id instead. This support has been deprecated and will be removed in a future release. [pid: 9|app: 0|req: 1223/2549] 10.0.0.78 () {32 vars in 727 bytes} [Wed Jul 8 23:07:11 2026] GET /v2.0/trunks/060c5549-1215-412d-ba39-514a4c092ab4/tags => generated 34 bytes in 19 msecs (HTTP/1.1 200) 4 headers in 156 bytes (1 switches on core 0)
2026-07-08 23:07:11.576 8 WARNING tagging [None req-112af237-f663-4a8c-9518-875d8d6dee2d 0ca333fafc674e4dbdfd9d5cedcb75bc 9ff3480236234ae19a490e9d827d2d32 - - default default] project_id key not found in request, using tenant_id instead. This support has been deprecated and will be removed in a future release. [pid: 8|app: 0|req: 1327/2550] 10.0.0.78 () {34 vars in 754 bytes} [Wed Jul 8 23:07:11 2026] PUT /v2.0/trunks/060c5549-1215-412d-ba39-514a4c092ab4/tags/red => generated 4 bytes in 31 msecs (HTTP/1.1 201) 4 headers in 160 bytes (1 switches on core 0)
2026-07-08 23:07:11.613 9 WARNING tagging [None req-b32d9601-4b6f-4052-a145-4ef05c374d88 0ca333fafc674e4dbdfd9d5cedcb75bc 9ff3480236234ae19a490e9d827d2d32 - - default default] project_id key not found in request, using tenant_id instead. This support has been deprecated and will be removed in a future release. [pid: 9|app: 0|req: 1224/2551] 10.0.0.78 () {32 vars in 727 bytes} [Wed Jul 8 23:07:11 2026] GET /v2.0/trunks/060c5549-1215-412d-ba39-514a4c092ab4/tags => generated 34 bytes in 21 msecs (HTTP/1.1 200) 4 headers in 156 bytes (1 switches on core 0)
2026-07-08 23:07:11.636 8 WARNING tagging [None req-607e6b55-a27b-4718-bfa4-48722accbb75 0ca333fafc674e4dbdfd9d5cedcb75bc 9ff3480236234ae19a490e9d827d2d32 - - default default] project_id key not found in request, using tenant_id instead. This support has been deprecated and will be removed in a future release. [pid: 8|app: 0|req: 1328/2552] 10.0.0.78 () {34 vars in 776 bytes} [Wed Jul 8 23:07:11 2026] PUT /v2.0/trunks/060c5549-1215-412d-ba39-514a4c092ab4/tags/black.or.white => generated 4 bytes in 74 msecs (HTTP/1.1 201) 4 headers in 160 bytes (1 switches on core 0)
2026-07-08 23:07:11.720 9 WARNING tagging [None req-a437ed0b-8d68-41bb-baaa-6684d8b721c8 0ca333fafc674e4dbdfd9d5cedcb75bc 9ff3480236234ae19a490e9d827d2d32 - - default default] project_id key not found in request, using tenant_id instead. This support has been deprecated and will be removed in a future release. [pid: 9|app: 0|req: 1225/2553] 10.0.0.78 () {32 vars in 727 bytes} [Wed Jul 8 23:07:11 2026] GET /v2.0/trunks/060c5549-1215-412d-ba39-514a4c092ab4/tags => generated 52 bytes in 27 msecs (HTTP/1.1 200) 4 headers in 156 bytes (1 switches on core 0)
2026-07-08 23:07:11.745 9 WARNING tagging [None req-c4bc15f1-f003-4449-960a-9a50dedd6d4b 0ca333fafc674e4dbdfd9d5cedcb75bc 9ff3480236234ae19a490e9d827d2d32 - - default default] project_id key not found in request, using tenant_id instead. This support has been deprecated and will be removed in a future release. [pid: 8|app: 0|req: 1329/2554] 199.204.45.210 () {34 vars in 985 bytes} [Wed Jul 8 23:07:11 2026] GET /v2.0/networks?id=68b8c094-059c-40be-a65a-cf0a2a29a3a6 => generated 742 bytes in 38 msecs (HTTP/1.1 200) 4 headers in 157 bytes (1 switches on core 0) [pid: 9|app: 0|req: 1226/2555] 10.0.0.78 () {34 vars in 747 bytes} [Wed Jul 8 23:07:11 2026] PUT /v2.0/trunks/060c5549-1215-412d-ba39-514a4c092ab4/tags => generated 37 bytes in 37 msecs (HTTP/1.1 200) 4 headers in 156 bytes (1 switches on core 0)
2026-07-08 23:07:11.775 8 WARNING neutron.db.securitygroups_db [req-e7a625e0-e78c-48b0-bdf2-356799a83d9a req-d7d4e04e-2499-4588-9cb1-12e1520cf515 83615c9b013343e18c035ab939081a0c 9739768bbf694fff9ecdfe5350397d64 - - default default] project_id key not found in filters, using tenant_id instead. This support has been deprecated and will be removed in a future release.
2026-07-08 23:07:11.789 9 WARNING tagging [None req-cbd24040-d8a6-472c-8299-5ff1999fe707 0ca333fafc674e4dbdfd9d5cedcb75bc 9ff3480236234ae19a490e9d827d2d32 - - default default] project_id key not found in request, using tenant_id instead. This support has been deprecated and will be removed in a future release. [pid: 9|app: 0|req: 1227/2556] 10.0.0.78 () {32 vars in 727 bytes} [Wed Jul 8 23:07:11 2026] GET /v2.0/trunks/060c5549-1215-412d-ba39-514a4c092ab4/tags => generated 37 bytes in 26 msecs (HTTP/1.1 200) 4 headers in 156 bytes (1 switches on core 0) [pid: 8|app: 0|req: 1330/2557] 199.204.45.210 () {34 vars in 1049 bytes} [Wed Jul 8 23:07:11 2026] GET /v2.0/security-groups?fields=id&fields=name&tenant_id=9739768bbf694fff9ecdfe5350397d64 => generated 179 bytes in 38 msecs (HTTP/1.1 200) 4 headers in 157 bytes (1 switches on core 0)
2026-07-08 23:07:11.824 9 WARNING tagging [None req-f73ebe51-0436-41ea-8842-ef3b6bf44899 0ca333fafc674e4dbdfd9d5cedcb75bc 9ff3480236234ae19a490e9d827d2d32 - - default default] project_id key not found in request, using tenant_id instead. This support has been deprecated and will be removed in a future release. [pid: 9|app: 0|req: 1228/2558] 10.0.0.78 () {32 vars in 735 bytes} [Wed Jul 8 23:07:11 2026] GET /v2.0/trunks/060c5549-1215-412d-ba39-514a4c092ab4/tags/red => generated 0 bytes in 25 msecs (HTTP/1.1 204) 2 headers in 112 bytes (1 switches on core 0)
2026-07-08 23:07:11.852 9 WARNING tagging [None req-8adc744a-2314-4092-ac90-bf86d71f5edc 0ca333fafc674e4dbdfd9d5cedcb75bc 9ff3480236234ae19a490e9d827d2d32 - - default default] project_id key not found in request, using tenant_id instead. This support has been deprecated and will be removed in a future release.
2026-07-08 23:07:11.859 9 INFO neutron.api.v2.resource [None req-8adc744a-2314-4092-ac90-bf86d71f5edc 0ca333fafc674e4dbdfd9d5cedcb75bc 9ff3480236234ae19a490e9d827d2d32 - - default default] show failed (client error): The resource could not be found. [pid: 9|app: 0|req: 1229/2559] 10.0.0.78 () {32 vars in 739 bytes} [Wed Jul 8 23:07:11 2026] GET /v2.0/trunks/060c5549-1215-412d-ba39-514a4c092ab4/tags/green => generated 99 bytes in 21 msecs (HTTP/1.1 404) 4 headers in 163 bytes (1 switches on core 0)
2026-07-08 23:07:11.880 9 WARNING tagging [None req-7b454809-523a-4655-b4a5-77a69c8ba72e 0ca333fafc674e4dbdfd9d5cedcb75bc 9ff3480236234ae19a490e9d827d2d32 - - default default] project_id key not found in request, using tenant_id instead. This support has been deprecated and will be removed in a future release. [pid: 9|app: 0|req: 1230/2560] 10.0.0.78 () {32 vars in 738 bytes} [Wed Jul 8 23:07:11 2026] DELETE /v2.0/trunks/060c5549-1215-412d-ba39-514a4c092ab4/tags/red => generated 0 bytes in 115 msecs (HTTP/1.1 204) 2 headers in 112 bytes (1 switches on core 0)
2026-07-08 23:07:11.997 9 WARNING tagging [None req-cbd122cc-2daa-42f0-ad3d-69bbfbf5db71 0ca333fafc674e4dbdfd9d5cedcb75bc 9ff3480236234ae19a490e9d827d2d32 - - default default] project_id key not found in request, using tenant_id instead. This support has been deprecated and will be removed in a future release. [pid: 9|app: 0|req: 1231/2561] 10.0.0.78 () {32 vars in 727 bytes} [Wed Jul 8 23:07:11 2026] GET /v2.0/trunks/060c5549-1215-412d-ba39-514a4c092ab4/tags => generated 30 bytes in 17 msecs (HTTP/1.1 200) 4 headers in 156 bytes (1 switches on core 0)
2026-07-08 23:07:12.017 9 WARNING tagging [None req-c65b48ca-1e2d-4061-b32b-85966c44fb4c 0ca333fafc674e4dbdfd9d5cedcb75bc 9ff3480236234ae19a490e9d827d2d32 - - default default] project_id key not found in request, using tenant_id instead. This support has been deprecated and will be removed in a future release.
2026-07-08 23:07:12.026 9 INFO neutron.api.v2.resource [None req-c65b48ca-1e2d-4061-b32b-85966c44fb4c 0ca333fafc674e4dbdfd9d5cedcb75bc 9ff3480236234ae19a490e9d827d2d32 - - default default] delete failed (client error): The resource could not be found. [pid: 9|app: 0|req: 1232/2562] 10.0.0.78 () {32 vars in 742 bytes} [Wed Jul 8 23:07:12 2026] DELETE /v2.0/trunks/060c5549-1215-412d-ba39-514a4c092ab4/tags/green => generated 99 bytes in 19 msecs (HTTP/1.1 404) 4 headers in 163 bytes (1 switches on core 0)
2026-07-08 23:07:12.049 9 WARNING tagging [None req-7b67903b-1f34-4a23-9f8f-b2556fffd30c 0ca333fafc674e4dbdfd9d5cedcb75bc 9ff3480236234ae19a490e9d827d2d32 - - default default] project_id key not found in request, using tenant_id instead. This support has been deprecated and will be removed in a future release. [pid: 9|app: 0|req: 1233/2563] 10.0.0.78 () {32 vars in 730 bytes} [Wed Jul 8 23:07:12 2026] DELETE /v2.0/trunks/060c5549-1215-412d-ba39-514a4c092ab4/tags => generated 0 bytes in 62 msecs (HTTP/1.1 204) 2 headers in 112 bytes (1 switches on core 0)
2026-07-08 23:07:12.113 9 WARNING tagging [None req-6d144332-6ee1-4de5-8791-ec0afbfff9f9 0ca333fafc674e4dbdfd9d5cedcb75bc 9ff3480236234ae19a490e9d827d2d32 - - default default] project_id key not found in request, using tenant_id instead. This support has been deprecated and will be removed in a future release. [pid: 9|app: 0|req: 1234/2564] 10.0.0.78 () {32 vars in 727 bytes} [Wed Jul 8 23:07:12 2026] GET /v2.0/trunks/060c5549-1215-412d-ba39-514a4c092ab4/tags => generated 12 bytes in 19 msecs (HTTP/1.1 200) 4 headers in 156 bytes (1 switches on core 0) [pid: 9|app: 0|req: 1235/2565] 10.0.0.78 () {32 vars in 717 bytes} [Wed Jul 8 23:07:12 2026] GET /v2.0/trunks/060c5549-1215-412d-ba39-514a4c092ab4 => generated 409 bytes in 44 msecs (HTTP/1.1 200) 4 headers in 157 bytes (1 switches on core 0) [pid: 9|app: 0|req: 1236/2566] 10.0.0.78 () {32 vars in 715 bytes} [Wed Jul 8 23:07:12 2026] GET /v2.0/ports/c2dae102-563b-4f3d-8632-6c65bd13a467 => generated 826 bytes in 104 msecs (HTTP/1.1 200) 4 headers in 157 bytes (1 switches on core 0)
2026-07-08 23:07:12.399 8 WARNING neutron.scheduler.dhcp_agent_scheduler [req-e7a625e0-e78c-48b0-bdf2-356799a83d9a req-e6e3854c-1d03-44b4-badf-a653a18c7328 83615c9b013343e18c035ab939081a0c 9739768bbf694fff9ecdfe5350397d64 - - default default] No more DHCP agents
2026-07-08 23:07:12.401 8 WARNING neutron.api.rpc.agentnotifiers.dhcp_rpc_agent_api [req-e7a625e0-e78c-48b0-bdf2-356799a83d9a req-e6e3854c-1d03-44b4-badf-a653a18c7328 83615c9b013343e18c035ab939081a0c 9739768bbf694fff9ecdfe5350397d64 - - default default] Unable to schedule network 68b8c094-059c-40be-a65a-cf0a2a29a3a6: no agents available; will retry on subsequent port and subnet creation events. [pid: 9|app: 0|req: 1237/2567] 10.0.0.78 () {32 vars in 720 bytes} [Wed Jul 8 23:07:12 2026] DELETE /v2.0/trunks/060c5549-1215-412d-ba39-514a4c092ab4 => generated 0 bytes in 144 msecs (HTTP/1.1 204) 2 headers in 112 bytes (1 switches on core 0)
2026-07-08 23:07:12.583 9 INFO neutron.plugins.ml2.drivers.ovn.mech_driver.mech_driver [None req-759d870e-a043-46d8-9ae3-8a3d894cbc25 - - - - - -] OVN reports status down for port: ed44d79a-6c9a-4116-a38a-a784904eab2f
2026-07-08 23:07:12.607 9 INFO neutron_taas.services.taas.taas_plugin [None req-d2bc007d-0574-4286-9b75-0455df9ff9e2 0ca333fafc674e4dbdfd9d5cedcb75bc 9ff3480236234ae19a490e9d827d2d32 - - default default] TaaS: Handle Delete Port: c2dae102-563b-4f3d-8632-6c65bd13a467
2026-07-08 23:07:12.609 8 INFO neutron.db.ovn_revision_numbers_db [req-e7a625e0-e78c-48b0-bdf2-356799a83d9a req-e6e3854c-1d03-44b4-badf-a653a18c7328 83615c9b013343e18c035ab939081a0c 9739768bbf694fff9ecdfe5350397d64 - - default default] Successfully bumped revision number for resource ed44d79a-6c9a-4116-a38a-a784904eab2f (type: ports) to 1
2026-07-08 23:07:12.617 9 INFO neutron_taas.services.taas.tap_mirror_plugin [None req-d2bc007d-0574-4286-9b75-0455df9ff9e2 0ca333fafc674e4dbdfd9d5cedcb75bc 9ff3480236234ae19a490e9d827d2d32 - - default default] Tap Mirror: Handle Delete Port: c2dae102-563b-4f3d-8632-6c65bd13a467 [pid: 8|app: 0|req: 1331/2568] 199.204.45.210 () {38 vars in 954 bytes} [Wed Jul 8 23:07:11 2026] POST /v2.0/ports => generated 1179 bytes in 860 msecs (HTTP/1.1 201) 4 headers in 163 bytes (1 switches on core 0) /var/lib/openstack/lib/python3.12/site-packages/pycadf/identifier.py:70: UserWarning: Invalid uuid: neutron. To ensure interoperability, identifiers should be a valid uuid. warnings.warn(('Invalid uuid: %s. To ensure interoperability, ' [pid: 9|app: 0|req: 1238/2569] 10.0.0.78 () {32 vars in 718 bytes} [Wed Jul 8 23:07:12 2026] DELETE /v2.0/ports/c2dae102-563b-4f3d-8632-6c65bd13a467 => generated 0 bytes in 540 msecs (HTTP/1.1 204) 3 headers in 131 bytes (1 switches on core 0)
2026-07-08 23:07:13.137 9 INFO neutron_taas.services.taas.taas_plugin [None req-aed6c13d-54f9-4178-a3be-02789418eebf 0ca333fafc674e4dbdfd9d5cedcb75bc 9ff3480236234ae19a490e9d827d2d32 - - default default] TaaS: Handle Delete Port: 1d60c5b8-4803-4e16-8a6b-1cf417075b7a
2026-07-08 23:07:13.141 9 INFO neutron_taas.services.taas.tap_mirror_plugin [None req-aed6c13d-54f9-4178-a3be-02789418eebf 0ca333fafc674e4dbdfd9d5cedcb75bc 9ff3480236234ae19a490e9d827d2d32 - - default default] Tap Mirror: Handle Delete Port: 1d60c5b8-4803-4e16-8a6b-1cf417075b7a
2026-07-08 23:07:13.399 9 INFO neutron.services.segments.plugin [-] Segment cb35699b-5a9e-454d-a898-88c081a58bda resource provider aggregate not found
2026-07-08 23:07:13.405 9 INFO neutron.services.segments.plugin [-] Segment cb35699b-5a9e-454d-a898-88c081a58bda resource provider aggregate not found
2026-07-08 23:07:13.420 9 INFO neutron.services.segments.plugin [-] Client error retrieving segment cb35699b-5a9e-454d-a898-88c081a58bda resource provider; error: Placement Client Error (4xx): {"errors": [{"status": 404, "title": "Not Found", "detail": "The resource could not be found.\n\n No resource provider with uuid cb35699b-5a9e-454d-a898-88c081a58bda found for delete ", "request_id": "req-f6120d6c-2e86-422f-9b8b-c936ab4ba8f8"}]}
2026-07-08 23:07:13.424 9 INFO neutron.services.segments.plugin [-] Client error retrieving segment cb35699b-5a9e-454d-a898-88c081a58bda resource provider; error: Placement Client Error (4xx): {"errors": [{"status": 404, "title": "Not Found", "detail": "The resource could not be found.\n\n No resource provider with uuid cb35699b-5a9e-454d-a898-88c081a58bda found for delete ", "request_id": "req-93b3f5e7-0a91-44fa-8529-7427eb8e5a57"}]} [pid: 9|app: 0|req: 1239/2570] 10.0.0.78 () {32 vars in 724 bytes} [Wed Jul 8 23:07:13 2026] DELETE /v2.0/networks/b4eed611-f70f-455b-8082-f39d9a49b662 => generated 0 bytes in 685 msecs (HTTP/1.1 204) 3 headers in 131 bytes (1 switches on core 0)
2026-07-08 23:07:14.051 8 INFO neutron.db.ovn_revision_numbers_db [req-e7a625e0-e78c-48b0-bdf2-356799a83d9a req-87228718-1c54-49f6-97a8-f9ff1f54ac8b e0dcf87914b447d3acb88d83514f483f 8c7010edb5bd416986134b2a1150264f - - abbb9367fc6043fab80b162aca5c2c97 abbb9367fc6043fab80b162aca5c2c97] Successfully bumped revision number for resource ed44d79a-6c9a-4116-a38a-a784904eab2f (type: ports) to 2
2026-07-08 23:07:14.306 8 INFO neutron.db.ovn_revision_numbers_db [req-e7a625e0-e78c-48b0-bdf2-356799a83d9a req-87228718-1c54-49f6-97a8-f9ff1f54ac8b e0dcf87914b447d3acb88d83514f483f 8c7010edb5bd416986134b2a1150264f - - abbb9367fc6043fab80b162aca5c2c97 abbb9367fc6043fab80b162aca5c2c97] Successfully bumped revision number for resource ed44d79a-6c9a-4116-a38a-a784904eab2f (type: ports) to 4 [pid: 8|app: 0|req: 1332/2573] 199.204.45.210 () {38 vars in 1027 bytes} [Wed Jul 8 23:07:12 2026] PUT /v2.0/ports/ed44d79a-6c9a-4116-a38a-a784904eab2f => generated 1451 bytes in 1648 msecs (HTTP/1.1 200) 4 headers in 158 bytes (1 switches on core 0)
2026-07-08 23:07:14.362 8 INFO neutron.notifiers.nova [-] Nova event matching ['req-22829de4-500d-4d2b-b680-dfefd73d0946'] response: {'name': 'network-changed', 'server_uuid': 'c00bf7bb-a94a-40fb-87c7-77945f591dca', 'tag': 'ed44d79a-6c9a-4116-a38a-a784904eab2f', 'status': 'completed', 'code': 200}
2026-07-08 23:07:14.689 9 WARNING neutron.db.securitygroups_db [None req-4c054d13-d706-4eda-acbd-37a57a33242e f8e45d4120f94729a2dfb6e0b65b6a49 99a1847dc3b64298a577afc74c46ed01 - - default default] project_id key not found in filters, using tenant_id instead. This support has been deprecated and will be removed in a future release.
2026-07-08 23:07:14.804 9 INFO neutron.db.ovn_revision_numbers_db [None req-4c054d13-d706-4eda-acbd-37a57a33242e f8e45d4120f94729a2dfb6e0b65b6a49 99a1847dc3b64298a577afc74c46ed01 - - default default] Successfully bumped revision number for resource d8efeb66-5753-40b8-8325-40f97acd1059 (type: security_groups) to 1
2026-07-08 23:07:14.815 9 INFO neutron.db.ovn_revision_numbers_db [None req-4c054d13-d706-4eda-acbd-37a57a33242e f8e45d4120f94729a2dfb6e0b65b6a49 99a1847dc3b64298a577afc74c46ed01 - - default default] Successfully bumped revision number for resource 076b2331-2af1-43f8-8029-00fd563743cd (type: security_group_rules) to 0
2026-07-08 23:07:14.827 9 INFO neutron.db.ovn_revision_numbers_db [None req-4c054d13-d706-4eda-acbd-37a57a33242e f8e45d4120f94729a2dfb6e0b65b6a49 99a1847dc3b64298a577afc74c46ed01 - - default default] Successfully bumped revision number for resource 136b3179-6c3e-4602-90d7-2b2550624d11 (type: security_group_rules) to 0
2026-07-08 23:07:14.841 9 INFO neutron.db.ovn_revision_numbers_db [None req-4c054d13-d706-4eda-acbd-37a57a33242e f8e45d4120f94729a2dfb6e0b65b6a49 99a1847dc3b64298a577afc74c46ed01 - - default default] Successfully bumped revision number for resource 5434d031-ed6c-4d55-9540-656ef8937adf (type: security_group_rules) to 0
2026-07-08 23:07:14.855 9 INFO neutron.db.ovn_revision_numbers_db [None req-4c054d13-d706-4eda-acbd-37a57a33242e f8e45d4120f94729a2dfb6e0b65b6a49 99a1847dc3b64298a577afc74c46ed01 - - default default] Successfully bumped revision number for resource 6d4505d2-b74b-4c85-8eb9-777966d2c4ea (type: security_group_rules) to 0 /var/lib/openstack/lib/python3.12/site-packages/pycadf/identifier.py:70: UserWarning: Invalid uuid: neutron. To ensure interoperability, identifiers should be a valid uuid. warnings.warn(('Invalid uuid: %s. To ensure interoperability, ' [pid: 9|app: 0|req: 1242/2574] 10.0.0.78 () {32 vars in 772 bytes} [Wed Jul 8 23:07:14 2026] GET /v2.0/security-groups?tenant_id=59f2d4a43d5042a6ac0a5f4204d70c33&name=default => generated 2929 bytes in 282 msecs (HTTP/1.1 200) 4 headers in 158 bytes (1 switches on core 0) [pid: 8|app: 0|req: 1333/2575] 199.204.45.210 () {34 vars in 1079 bytes} [Wed Jul 8 23:07:14 2026] GET /v2.0/ports?tenant_id=9739768bbf694fff9ecdfe5350397d64&device_id=c00bf7bb-a94a-40fb-87c7-77945f591dca => generated 1454 bytes in 33 msecs (HTTP/1.1 200) 4 headers in 158 bytes (1 switches on core 0) [pid: 8|app: 0|req: 1334/2576] 199.204.45.210 () {34 vars in 1017 bytes} [Wed Jul 8 23:07:14 2026] GET /v2.0/networks?tenant_id=9739768bbf694fff9ecdfe5350397d64&shared=False => generated 2499 bytes in 48 msecs (HTTP/1.1 200) 4 headers in 158 bytes (1 switches on core 0) [pid: 8|app: 0|req: 1335/2577] 199.204.45.210 () {34 vars in 929 bytes} [Wed Jul 8 23:07:14 2026] GET /v2.0/networks?shared=True => generated 791 bytes in 58 msecs (HTTP/1.1 200) 4 headers in 157 bytes (1 switches on core 0) [pid: 9|app: 0|req: 1243/2578] 10.0.0.78 () {32 vars in 738 bytes} [Wed Jul 8 23:07:14 2026] DELETE /v2.0/security-groups/d8efeb66-5753-40b8-8325-40f97acd1059 => generated 0 bytes in 179 msecs (HTTP/1.1 204) 2 headers in 112 bytes (1 switches on core 0)
2026-07-08 23:07:15.201 8 WARNING neutron.db.securitygroups_db [None req-da8af669-df0b-48e2-9dff-5324b6b6d63e f8e45d4120f94729a2dfb6e0b65b6a49 99a1847dc3b64298a577afc74c46ed01 - - default default] project_id key not found in filters, using tenant_id instead. This support has been deprecated and will be removed in a future release. [pid: 8|app: 0|req: 1336/2579] 10.0.0.78 () {32 vars in 772 bytes} [Wed Jul 8 23:07:15 2026] GET /v2.0/security-groups?tenant_id=9ff3480236234ae19a490e9d827d2d32&name=default => generated 2929 bytes in 35 msecs (HTTP/1.1 200) 4 headers in 158 bytes (1 switches on core 0) [pid: 9|app: 0|req: 1244/2580] 10.0.0.78 () {32 vars in 738 bytes} [Wed Jul 8 23:07:15 2026] DELETE /v2.0/security-groups/ea7492fc-9ddd-49c4-b483-3d567cdb328b => generated 0 bytes in 319 msecs (HTTP/1.1 204) 2 headers in 112 bytes (1 switches on core 0) [pid: 8|app: 0|req: 1337/2581] 199.204.45.210 () {34 vars in 1079 bytes} [Wed Jul 8 23:07:16 2026] GET /v2.0/ports?tenant_id=9739768bbf694fff9ecdfe5350397d64&device_id=c00bf7bb-a94a-40fb-87c7-77945f591dca => generated 1454 bytes in 43 msecs (HTTP/1.1 200) 4 headers in 158 bytes (1 switches on core 0) [pid: 9|app: 0|req: 1245/2582] 199.204.45.210 () {34 vars in 1057 bytes} [Wed Jul 8 23:07:16 2026] GET /v2.0/floatingips?fixed_ip_address=10.2.1.145&port_id=ed44d79a-6c9a-4116-a38a-a784904eab2f => generated 19 bytes in 26 msecs (HTTP/1.1 200) 4 headers in 156 bytes (1 switches on core 0) [pid: 8|app: 0|req: 1338/2583] 199.204.45.210 () {34 vars in 1101 bytes} [Wed Jul 8 23:07:16 2026] GET /v2.0/floatingips?fixed_ip_address=fd7b%3Af9f7%3Afff%3A4eca%3A%3Ae3&port_id=ed44d79a-6c9a-4116-a38a-a784904eab2f => generated 19 bytes in 21 msecs (HTTP/1.1 200) 4 headers in 156 bytes (1 switches on core 0) [pid: 9|app: 0|req: 1246/2584] 199.204.45.210 () {34 vars in 1063 bytes} [Wed Jul 8 23:07:16 2026] GET /v2.0/subnets?id=0b983149-c831-4333-b2b8-4c43b5627f74&id=bd7e3e91-73ec-47a3-8428-47619af07893 => generated 1411 bytes in 41 msecs (HTTP/1.1 200) 4 headers in 158 bytes (1 switches on core 0) [pid: 8|app: 0|req: 1339/2585] 199.204.45.210 () {34 vars in 1051 bytes} [Wed Jul 8 23:07:16 2026] GET /v2.0/ports?network_id=68b8c094-059c-40be-a65a-cf0a2a29a3a6&device_owner=network%3Adhcp => generated 12 bytes in 15 msecs (HTTP/1.1 200) 4 headers in 156 bytes (1 switches on core 0) [pid: 9|app: 0|req: 1247/2586] 199.204.45.210 () {34 vars in 1051 bytes} [Wed Jul 8 23:07:16 2026] GET /v2.0/ports?network_id=68b8c094-059c-40be-a65a-cf0a2a29a3a6&device_owner=network%3Adhcp => generated 12 bytes in 21 msecs (HTTP/1.1 200) 4 headers in 156 bytes (1 switches on core 0) [pid: 8|app: 0|req: 1340/2587] 199.204.45.210 () {34 vars in 1011 bytes} [Wed Jul 8 23:07:16 2026] GET /v2.0/networks/68b8c094-059c-40be-a65a-cf0a2a29a3a6?fields=segments => generated 14 bytes in 43 msecs (HTTP/1.1 200) 4 headers in 156 bytes (1 switches on core 0) [pid: 9|app: 0|req: 1248/2588] 199.204.45.210 () {34 vars in 1111 bytes} [Wed Jul 8 23:07:16 2026] GET /v2.0/networks/68b8c094-059c-40be-a65a-cf0a2a29a3a6?fields=provider%3Aphysical_network&fields=provider%3Anetwork_type => generated 79 bytes in 43 msecs (HTTP/1.1 200) 4 headers in 156 bytes (1 switches on core 0) [pid: 8|app: 0|req: 1341/2589] 10.0.0.155 () {34 vars in 1069 bytes} [Wed Jul 8 23:07:16 2026] GET /v2.0/ports?fields=security_groups&fields=device_id&device_id=c00bf7bb-a94a-40fb-87c7-77945f591dca => generated 123 bytes in 34 msecs (HTTP/1.1 200) 4 headers in 157 bytes (1 switches on core 0) [pid: 9|app: 0|req: 1249/2590] 10.0.0.155 () {34 vars in 1039 bytes} [Wed Jul 8 23:07:16 2026] GET /v2.0/security-groups?id=17b303f1-ae12-4a70-b8b9-68cbf42f09c2&fields=id&fields=name => generated 112 bytes in 34 msecs (HTTP/1.1 200) 4 headers in 157 bytes (1 switches on core 0)
2026-07-08 23:07:18.964 8 INFO neutron.db.ovn_revision_numbers_db [None req-9cd65724-605b-4987-b5b0-3c265f310b31 692c781b5b644c81aa3a264eaa1f8eba cb91d28a8e224dc69d07a292206c5634 - - default default] Successfully bumped revision number for resource fd45348e-b328-4983-a4fa-dacec55c5a7b (type: security_groups) to 1
2026-07-08 23:07:18.979 8 INFO neutron.db.ovn_revision_numbers_db [None req-9cd65724-605b-4987-b5b0-3c265f310b31 692c781b5b644c81aa3a264eaa1f8eba cb91d28a8e224dc69d07a292206c5634 - - default default] Successfully bumped revision number for resource 0331fa9a-9017-4334-95c8-725276697f3e (type: security_group_rules) to 0
2026-07-08 23:07:18.994 8 INFO neutron.db.ovn_revision_numbers_db [None req-9cd65724-605b-4987-b5b0-3c265f310b31 692c781b5b644c81aa3a264eaa1f8eba cb91d28a8e224dc69d07a292206c5634 - - default default] Successfully bumped revision number for resource 50bcc8f0-5f7e-4f3b-86eb-bddd49f9ed06 (type: security_group_rules) to 0
2026-07-08 23:07:19.010 8 INFO neutron.db.ovn_revision_numbers_db [None req-9cd65724-605b-4987-b5b0-3c265f310b31 692c781b5b644c81aa3a264eaa1f8eba cb91d28a8e224dc69d07a292206c5634 - - default default] Successfully bumped revision number for resource 78c4c58f-128f-4dbb-9f4b-56276628f2e9 (type: security_group_rules) to 0
2026-07-08 23:07:19.022 8 INFO neutron.db.ovn_revision_numbers_db [None req-9cd65724-605b-4987-b5b0-3c265f310b31 692c781b5b644c81aa3a264eaa1f8eba cb91d28a8e224dc69d07a292206c5634 - - default default] Successfully bumped revision number for resource b1db8a12-3bb0-42d3-b8e4-1625caa2292e (type: security_group_rules) to 0
2026-07-08 23:07:19.105 8 INFO neutron.db.segments_db [None req-9cd65724-605b-4987-b5b0-3c265f310b31 692c781b5b644c81aa3a264eaa1f8eba cb91d28a8e224dc69d07a292206c5634 - - default default] Added segment 0141e05e-cfa9-4b25-a117-a0e2c8af6ea1 of type geneve for network a081de17-729d-4a41-8df6-e8378023bb9f
2026-07-08 23:07:19.231 8 INFO neutron.db.ovn_revision_numbers_db [None req-9cd65724-605b-4987-b5b0-3c265f310b31 692c781b5b644c81aa3a264eaa1f8eba cb91d28a8e224dc69d07a292206c5634 - - default default] Successfully bumped revision number for resource a081de17-729d-4a41-8df6-e8378023bb9f (type: networks) to 1
2026-07-08 23:07:19.406 8 WARNING neutron.scheduler.dhcp_agent_scheduler [None req-9cd65724-605b-4987-b5b0-3c265f310b31 692c781b5b644c81aa3a264eaa1f8eba cb91d28a8e224dc69d07a292206c5634 - - default default] No more DHCP agents
2026-07-08 23:07:19.407 8 WARNING neutron.api.rpc.agentnotifiers.dhcp_rpc_agent_api [None req-9cd65724-605b-4987-b5b0-3c265f310b31 692c781b5b644c81aa3a264eaa1f8eba cb91d28a8e224dc69d07a292206c5634 - - default default] Unable to schedule network a081de17-729d-4a41-8df6-e8378023bb9f: no agents available; will retry on subsequent port and subnet creation events.
2026-07-08 23:07:19.460 9 INFO neutron.plugins.ml2.drivers.ovn.mech_driver.mech_driver [None req-759d870e-a043-46d8-9ae3-8a3d894cbc25 - - - - - -] OVN reports status down for port: 79605b3b-9fda-488d-be17-324179cd9553
2026-07-08 23:07:19.496 8 INFO neutron.db.ovn_revision_numbers_db [None req-9cd65724-605b-4987-b5b0-3c265f310b31 692c781b5b644c81aa3a264eaa1f8eba cb91d28a8e224dc69d07a292206c5634 - - default default] Successfully bumped revision number for resource 79605b3b-9fda-488d-be17-324179cd9553 (type: ports) to 1 [pid: 8|app: 0|req: 1342/2591] 10.0.0.78 () {34 vars in 668 bytes} [Wed Jul 8 23:07:18 2026] POST /v2.0/networks => generated 664 bytes in 832 msecs (HTTP/1.1 201) 4 headers in 162 bytes (1 switches on core 0)
2026-07-08 23:07:19.690 9 WARNING neutron.scheduler.dhcp_agent_scheduler [None req-d73e03bd-5ed9-4879-b501-58c3149f3f8d 692c781b5b644c81aa3a264eaa1f8eba cb91d28a8e224dc69d07a292206c5634 - - default default] No more DHCP agents
2026-07-08 23:07:19.691 9 WARNING neutron.api.rpc.agentnotifiers.dhcp_rpc_agent_api [None req-d73e03bd-5ed9-4879-b501-58c3149f3f8d 692c781b5b644c81aa3a264eaa1f8eba cb91d28a8e224dc69d07a292206c5634 - - default default] Unable to schedule network a081de17-729d-4a41-8df6-e8378023bb9f: no agents available; will retry on subsequent port and subnet creation events.
