2026-07-08 23:03:06.846 8 WARNING neutron.api.rpc.agentnotifiers.dhcp_rpc_agent_api [None req-87399387-eb43-4385-a951-7b32ab418717 de16b2a9ccd2404dbcd6718c1fe7b489 4ebdba981cbe4194a40a4f13e391a05b - - default default] Unable to schedule network abdd0b7d-73b1-4854-866c-2e517f3aef6c: no agents available; will retry on subsequent port and subnet creation events. [pid: 8|app: 0|req: 447/901] 10.0.0.78 () {34 vars in 674 bytes} [Wed Jul 8 23:03:06 2026] POST /v2.0/floatingips => generated 552 bytes in 525 msecs (HTTP/1.1 201) 4 headers in 162 bytes (1 switches on core 0) [pid: 9|app: 0|req: 455/902] 10.0.0.78 () {34 vars in 787 bytes} [Wed Jul 8 23:03:06 2026] PUT /v2.0/routers/6dec7d6d-5ad9-463d-b2fd-221dfac9fa43/remove_router_interface => generated 310 bytes in 771 msecs (HTTP/1.1 200) 4 headers in 157 bytes (1 switches on core 0) /var/lib/openstack/lib/python3.12/site-packages/pycadf/identifier.py:70: UserWarning: Invalid uuid: neutron. To ensure interoperability, identifiers should be a valid uuid. warnings.warn(('Invalid uuid: %s. To ensure interoperability, '
2026-07-08 23:03:07.716 8 INFO neutron_taas.services.taas.taas_plugin [None req-b9bc821d-f1d6-48f2-922e-09c96a3eaa18 49d9350246714546832af874fadab869 bfddd4fb408347668671397146bb20c4 - - default default] TaaS: Handle Delete Port: 86e9b88f-aa3b-41b0-8582-3386dc6bc6e3
2026-07-08 23:03:07.720 8 INFO neutron_taas.services.taas.tap_mirror_plugin [None req-b9bc821d-f1d6-48f2-922e-09c96a3eaa18 49d9350246714546832af874fadab869 bfddd4fb408347668671397146bb20c4 - - default default] Tap Mirror: Handle Delete Port: 86e9b88f-aa3b-41b0-8582-3386dc6bc6e3
2026-07-08 23:03:07.730 9 INFO neutron.db.ovn_revision_numbers_db [None req-94cacaaa-539b-4997-860b-8df28628a67d f8e45d4120f94729a2dfb6e0b65b6a49 99a1847dc3b64298a577afc74c46ed01 - - default default] Successfully bumped revision number for resource 20b13fc5-5f75-4856-a587-d8118af05587 (type: security_groups) to 1
2026-07-08 23:03:07.745 9 INFO neutron.db.ovn_revision_numbers_db [None req-94cacaaa-539b-4997-860b-8df28628a67d f8e45d4120f94729a2dfb6e0b65b6a49 99a1847dc3b64298a577afc74c46ed01 - - default default] Successfully bumped revision number for resource 095b1ce4-9a3b-46e9-b866-a828b957dd60 (type: security_group_rules) to 0
2026-07-08 23:03:07.757 9 INFO neutron.db.ovn_revision_numbers_db [None req-94cacaaa-539b-4997-860b-8df28628a67d f8e45d4120f94729a2dfb6e0b65b6a49 99a1847dc3b64298a577afc74c46ed01 - - default default] Successfully bumped revision number for resource 62dc53aa-9565-4382-a03a-0f6743ceba0c (type: security_group_rules) to 0
2026-07-08 23:03:07.768 9 INFO neutron.db.ovn_revision_numbers_db [None req-94cacaaa-539b-4997-860b-8df28628a67d f8e45d4120f94729a2dfb6e0b65b6a49 99a1847dc3b64298a577afc74c46ed01 - - default default] Successfully bumped revision number for resource 8943e2db-85d2-4a7d-acee-0696fff5ca94 (type: security_group_rules) to 0
2026-07-08 23:03:07.798 9 INFO neutron.db.ovn_revision_numbers_db [None req-94cacaaa-539b-4997-860b-8df28628a67d f8e45d4120f94729a2dfb6e0b65b6a49 99a1847dc3b64298a577afc74c46ed01 - - default default] Successfully bumped revision number for resource 9a196925-316a-4bfd-95f0-69555843a555 (type: security_group_rules) to 0
2026-07-08 23:03:07.883 9 INFO neutron.db.segments_db [None req-94cacaaa-539b-4997-860b-8df28628a67d f8e45d4120f94729a2dfb6e0b65b6a49 99a1847dc3b64298a577afc74c46ed01 - - default default] Added segment 96cd27a5-1dfd-4152-8585-667de0d1e523 of type geneve for network 678f2dc9-bd04-48e8-85d3-47338bbdb22a
2026-07-08 23:03:08.008 9 INFO neutron.db.ovn_revision_numbers_db [None req-94cacaaa-539b-4997-860b-8df28628a67d f8e45d4120f94729a2dfb6e0b65b6a49 99a1847dc3b64298a577afc74c46ed01 - - default default] Successfully bumped revision number for resource 678f2dc9-bd04-48e8-85d3-47338bbdb22a (type: networks) to 1 [pid: 8|app: 0|req: 448/903] 10.0.0.78 () {32 vars in 722 bytes} [Wed Jul 8 23:03:07 2026] DELETE /v2.0/routers/6dec7d6d-5ad9-463d-b2fd-221dfac9fa43 => generated 0 bytes in 847 msecs (HTTP/1.1 204) 2 headers in 112 bytes (1 switches on core 0)
2026-07-08 23:03:08.187 9 WARNING neutron.scheduler.dhcp_agent_scheduler [None req-94cacaaa-539b-4997-860b-8df28628a67d f8e45d4120f94729a2dfb6e0b65b6a49 99a1847dc3b64298a577afc74c46ed01 - - default default] No more DHCP agents
2026-07-08 23:03:08.188 9 WARNING neutron.api.rpc.agentnotifiers.dhcp_rpc_agent_api [None req-94cacaaa-539b-4997-860b-8df28628a67d f8e45d4120f94729a2dfb6e0b65b6a49 99a1847dc3b64298a577afc74c46ed01 - - default default] Unable to schedule network 678f2dc9-bd04-48e8-85d3-47338bbdb22a: no agents available; will retry on subsequent port and subnet creation events.
2026-07-08 23:03:08.264 9 INFO neutron.db.ovn_revision_numbers_db [None req-94cacaaa-539b-4997-860b-8df28628a67d f8e45d4120f94729a2dfb6e0b65b6a49 99a1847dc3b64298a577afc74c46ed01 - - default default] Successfully bumped revision number for resource e8a7a6f7-5188-4c05-b447-5c814d137f8d (type: ports) to 1 [pid: 9|app: 0|req: 456/904] 10.0.0.78 () {34 vars in 669 bytes} [Wed Jul 8 23:03:07 2026] POST /v2.0/networks => generated 778 bytes in 848 msecs (HTTP/1.1 201) 4 headers in 162 bytes (1 switches on core 0) [pid: 8|app: 0|req: 449/905] 10.0.0.78 () {32 vars in 722 bytes} [Wed Jul 8 23:03:08 2026] DELETE /v2.0/subnets/522b3941-f940-4726-8155-8c5284f07cc1 => generated 0 bytes in 180 msecs (HTTP/1.1 204) 3 headers in 131 bytes (1 switches on core 0)
2026-07-08 23:03:08.514 8 WARNING neutron.scheduler.dhcp_agent_scheduler [None req-de7af4cb-2bab-416d-aa18-a2bb20a4ecef f8e45d4120f94729a2dfb6e0b65b6a49 99a1847dc3b64298a577afc74c46ed01 - - default default] No more DHCP agents
2026-07-08 23:03:08.516 8 WARNING neutron.api.rpc.agentnotifiers.dhcp_rpc_agent_api [None req-de7af4cb-2bab-416d-aa18-a2bb20a4ecef f8e45d4120f94729a2dfb6e0b65b6a49 99a1847dc3b64298a577afc74c46ed01 - - default default] Unable to schedule network 678f2dc9-bd04-48e8-85d3-47338bbdb22a: no agents available; will retry on subsequent port and subnet creation events.
2026-07-08 23:03:08.760 9 INFO neutron.db.ovn_revision_numbers_db [None req-a9c85831-cfbf-4bf6-a127-a3ffef1d655b f8e45d4120f94729a2dfb6e0b65b6a49 99a1847dc3b64298a577afc74c46ed01 - - default default] Successfully bumped revision number for resource 1a1e415d-8cfb-42d5-960c-a9f1a8bac3ea (type: security_groups) to 1
2026-07-08 23:03:08.782 9 INFO neutron.db.ovn_revision_numbers_db [None req-a9c85831-cfbf-4bf6-a127-a3ffef1d655b f8e45d4120f94729a2dfb6e0b65b6a49 99a1847dc3b64298a577afc74c46ed01 - - default default] Successfully bumped revision number for resource 33722aa6-efa5-4d18-85fc-f8b13efa72b5 (type: security_group_rules) to 0
2026-07-08 23:03:08.813 9 INFO neutron.db.ovn_revision_numbers_db [None req-a9c85831-cfbf-4bf6-a127-a3ffef1d655b f8e45d4120f94729a2dfb6e0b65b6a49 99a1847dc3b64298a577afc74c46ed01 - - default default] Successfully bumped revision number for resource 3eedc617-7b2e-474f-8b73-3afde8dea95d (type: security_group_rules) to 0
2026-07-08 23:03:08.862 9 INFO neutron.db.ovn_revision_numbers_db [None req-a9c85831-cfbf-4bf6-a127-a3ffef1d655b f8e45d4120f94729a2dfb6e0b65b6a49 99a1847dc3b64298a577afc74c46ed01 - - default default] Successfully bumped revision number for resource 643f08b1-4823-4cf5-98aa-bbdcec3ddfb9 (type: security_group_rules) to 0
2026-07-08 23:03:08.891 9 INFO neutron.db.ovn_revision_numbers_db [None req-a9c85831-cfbf-4bf6-a127-a3ffef1d655b f8e45d4120f94729a2dfb6e0b65b6a49 99a1847dc3b64298a577afc74c46ed01 - - default default] Successfully bumped revision number for resource cad3d6ff-e00c-43c4-8a84-b9cee3237f1c (type: security_group_rules) to 0
2026-07-08 23:03:08.962 9 INFO neutron.db.segments_db [None req-a9c85831-cfbf-4bf6-a127-a3ffef1d655b f8e45d4120f94729a2dfb6e0b65b6a49 99a1847dc3b64298a577afc74c46ed01 - - default default] Added segment 6a24b963-34f0-4f85-8628-287edd1ba266 of type geneve for network 1793b727-751f-40bd-97aa-6750ee112414
2026-07-08 23:03:09.015 8 INFO neutron.db.ovn_revision_numbers_db [None req-de7af4cb-2bab-416d-aa18-a2bb20a4ecef f8e45d4120f94729a2dfb6e0b65b6a49 99a1847dc3b64298a577afc74c46ed01 - - default default] Successfully bumped revision number for resource e8a7a6f7-5188-4c05-b447-5c814d137f8d (type: ports) to 2
2026-07-08 23:03:09.042 8 INFO neutron.db.ovn_revision_numbers_db [None req-de7af4cb-2bab-416d-aa18-a2bb20a4ecef f8e45d4120f94729a2dfb6e0b65b6a49 99a1847dc3b64298a577afc74c46ed01 - - default default] Successfully bumped revision number for resource 9901f092-ae21-4455-937d-7d0f675987e5 (type: subnets) to 0 [pid: 8|app: 0|req: 450/906] 10.0.0.78 () {34 vars in 667 bytes} [Wed Jul 8 23:03:08 2026] POST /v2.0/subnets => generated 684 bytes in 723 msecs (HTTP/1.1 201) 4 headers in 162 bytes (1 switches on core 0)
2026-07-08 23:03:09.099 9 INFO neutron.db.ovn_revision_numbers_db [None req-a9c85831-cfbf-4bf6-a127-a3ffef1d655b f8e45d4120f94729a2dfb6e0b65b6a49 99a1847dc3b64298a577afc74c46ed01 - - default default] Successfully bumped revision number for resource 1793b727-751f-40bd-97aa-6750ee112414 (type: networks) to 1
2026-07-08 23:03:09.195 8 INFO neutron_taas.services.taas.taas_plugin [None req-6882c576-6138-4f6e-886e-deb45928251a 49d9350246714546832af874fadab869 bfddd4fb408347668671397146bb20c4 - - default default] TaaS: Handle Delete Port: 35c38a13-5056-4b5f-9098-2c0fab6c5f21
2026-07-08 23:03:09.197 8 INFO neutron_taas.services.taas.tap_mirror_plugin [None req-6882c576-6138-4f6e-886e-deb45928251a 49d9350246714546832af874fadab869 bfddd4fb408347668671397146bb20c4 - - default default] Tap Mirror: Handle Delete Port: 35c38a13-5056-4b5f-9098-2c0fab6c5f21
2026-07-08 23:03:09.295 9 WARNING neutron.scheduler.dhcp_agent_scheduler [None req-a9c85831-cfbf-4bf6-a127-a3ffef1d655b f8e45d4120f94729a2dfb6e0b65b6a49 99a1847dc3b64298a577afc74c46ed01 - - default default] No more DHCP agents
2026-07-08 23:03:09.296 9 WARNING neutron.api.rpc.agentnotifiers.dhcp_rpc_agent_api [None req-a9c85831-cfbf-4bf6-a127-a3ffef1d655b f8e45d4120f94729a2dfb6e0b65b6a49 99a1847dc3b64298a577afc74c46ed01 - - default default] Unable to schedule network 1793b727-751f-40bd-97aa-6750ee112414: no agents available; will retry on subsequent port and subnet creation events.
2026-07-08 23:03:09.354 9 INFO neutron.plugins.ml2.drivers.ovn.mech_driver.mech_driver [None req-435de592-f7a1-4897-89c4-d35597bd07e7 - - - - - -] OVN reports status down for port: 4e1ef343-d4b6-4927-8cdf-442c44a83ddb
2026-07-08 23:03:09.410 8 INFO neutron.services.segments.plugin [-] Segment 39aff1a2-74e4-4be4-9002-e6f81cd810fd resource provider aggregate not found
2026-07-08 23:03:09.415 8 INFO neutron.services.segments.plugin [-] Segment 39aff1a2-74e4-4be4-9002-e6f81cd810fd resource provider aggregate not found
2026-07-08 23:03:09.430 9 INFO neutron.db.ovn_revision_numbers_db [None req-a9c85831-cfbf-4bf6-a127-a3ffef1d655b f8e45d4120f94729a2dfb6e0b65b6a49 99a1847dc3b64298a577afc74c46ed01 - - default default] Successfully bumped revision number for resource 4e1ef343-d4b6-4927-8cdf-442c44a83ddb (type: ports) to 1
2026-07-08 23:03:09.436 8 INFO neutron.services.segments.plugin [-] Client error retrieving segment 39aff1a2-74e4-4be4-9002-e6f81cd810fd resource provider; error: Placement Client Error (4xx): {"errors": [{"status": 404, "title": "Not Found", "detail": "The resource could not be found.\n\n No resource provider with uuid 39aff1a2-74e4-4be4-9002-e6f81cd810fd found for delete ", "request_id": "req-4e0d2e0d-0da4-47f2-845f-8e93f50ff233"}]}
2026-07-08 23:03:09.446 8 INFO neutron.services.segments.plugin [-] Client error retrieving segment 39aff1a2-74e4-4be4-9002-e6f81cd810fd resource provider; error: Placement Client Error (4xx): {"errors": [{"status": 404, "title": "Not Found", "detail": "The resource could not be found.\n\n No resource provider with uuid 39aff1a2-74e4-4be4-9002-e6f81cd810fd found for delete ", "request_id": "req-edaae6f7-f89a-45fc-9251-6e535c97c5f5"}]} [pid: 9|app: 0|req: 457/907] 10.0.0.78 () {34 vars in 669 bytes} [Wed Jul 8 23:03:08 2026] POST /v2.0/networks => generated 786 bytes in 1189 msecs (HTTP/1.1 201) 4 headers in 162 bytes (1 switches on core 0) [pid: 8|app: 0|req: 451/908] 10.0.0.78 () {32 vars in 724 bytes} [Wed Jul 8 23:03:09 2026] DELETE /v2.0/networks/0bdae65d-684e-46ab-8d6b-87b2b0896b75 => generated 0 bytes in 423 msecs (HTTP/1.1 204) 3 headers in 131 bytes (1 switches on core 0)
2026-07-08 23:03:09.636 8 WARNING neutron.scheduler.dhcp_agent_scheduler [None req-df74ca08-62ff-458c-857d-87ae4a8f01b0 f8e45d4120f94729a2dfb6e0b65b6a49 99a1847dc3b64298a577afc74c46ed01 - - default default] No more DHCP agents
2026-07-08 23:03:09.637 8 WARNING neutron.api.rpc.agentnotifiers.dhcp_rpc_agent_api [None req-df74ca08-62ff-458c-857d-87ae4a8f01b0 f8e45d4120f94729a2dfb6e0b65b6a49 99a1847dc3b64298a577afc74c46ed01 - - default default] Unable to schedule network 1793b727-751f-40bd-97aa-6750ee112414: no agents available; will retry on subsequent port and subnet creation events.
2026-07-08 23:03:09.883 9 WARNING neutron.scheduler.dhcp_agent_scheduler [None req-263dc741-237e-4119-8810-28b9463c82db f8e45d4120f94729a2dfb6e0b65b6a49 99a1847dc3b64298a577afc74c46ed01 - - default default] No more DHCP agents
2026-07-08 23:03:09.885 9 WARNING neutron.api.rpc.agentnotifiers.dhcp_rpc_agent_api [None req-263dc741-237e-4119-8810-28b9463c82db f8e45d4120f94729a2dfb6e0b65b6a49 99a1847dc3b64298a577afc74c46ed01 - - default default] Unable to schedule network abdd0b7d-73b1-4854-866c-2e517f3aef6c: no agents available; will retry on subsequent port and subnet creation events.
2026-07-08 23:03:10.038 9 INFO neutron.db.ovn_revision_numbers_db [None req-263dc741-237e-4119-8810-28b9463c82db f8e45d4120f94729a2dfb6e0b65b6a49 99a1847dc3b64298a577afc74c46ed01 - - default default] Successfully bumped revision number for resource 3ba3b6b0-a301-40c3-a2d6-c48e6313a4c8 (type: ports) to 1
2026-07-08 23:03:10.089 8 INFO neutron.db.ovn_revision_numbers_db [None req-df74ca08-62ff-458c-857d-87ae4a8f01b0 f8e45d4120f94729a2dfb6e0b65b6a49 99a1847dc3b64298a577afc74c46ed01 - - default default] Successfully bumped revision number for resource 4e1ef343-d4b6-4927-8cdf-442c44a83ddb (type: ports) to 2
2026-07-08 23:03:10.140 8 INFO neutron.db.ovn_revision_numbers_db [None req-df74ca08-62ff-458c-857d-87ae4a8f01b0 f8e45d4120f94729a2dfb6e0b65b6a49 99a1847dc3b64298a577afc74c46ed01 - - default default] Successfully bumped revision number for resource 7c5dff74-7ae4-4146-8826-0d9bdf896cbd (type: subnets) to 0
2026-07-08 23:03:10.142 8 WARNING neutron.plugins.ml2.drivers.ovn.mech_driver.ovsdb.ovn_client [None req-3f21f501-edfd-49b5-99fe-a8fa4bb28374 - - - - - -] No hosting information found for port ef230621-d675-4db3-b7a5-29f7cb593238: RuntimeError: No hosting information found for port ef230621-d675-4db3-b7a5-29f7cb593238
2026-07-08 23:03:10.184 8 INFO neutron.common.ovn.utils [None req-3f21f501-edfd-49b5-99fe-a8fa4bb28374 - - - - - -] HA Chassis Group neutron-b2d32b1e-77f1-4ab6-b26e-a6832ff3008d synchronized; highest priority chassis 74e0075d-5762-4988-bb9b-aa789db18494 [pid: 8|app: 0|req: 452/909] 10.0.0.78 () {34 vars in 667 bytes} [Wed Jul 8 23:03:09 2026] POST /v2.0/subnets => generated 692 bytes in 733 msecs (HTTP/1.1 201) 4 headers in 162 bytes (1 switches on core 0)
2026-07-08 23:03:10.292 8 INFO neutron.db.ovn_revision_numbers_db [None req-3f21f501-edfd-49b5-99fe-a8fa4bb28374 - - - - - -] Successfully bumped revision number for resource ef230621-d675-4db3-b7a5-29f7cb593238 (type: router_ports) to 2
2026-07-08 23:03:10.337 8 INFO neutron.plugins.ml2.drivers.ovn.mech_driver.mech_driver [None req-3f21f501-edfd-49b5-99fe-a8fa4bb28374 - - - - - -] OVN reports status down for port: e8a7a6f7-5188-4c05-b447-5c814d137f8d
2026-07-08 23:03:10.340 8 WARNING neutron.db.securitygroups_db [None req-64ac0aa7-1ed6-4f6e-ad71-77930e65d3fe f8e45d4120f94729a2dfb6e0b65b6a49 99a1847dc3b64298a577afc74c46ed01 - - default default] project_id key not found in filters, using tenant_id instead. This support has been deprecated and will be removed in a future release. [pid: 8|app: 0|req: 453/910] 10.0.0.78 () {32 vars in 772 bytes} [Wed Jul 8 23:03:10 2026] GET /v2.0/security-groups?tenant_id=bfddd4fb408347668671397146bb20c4&name=default => generated 2925 bytes in 157 msecs (HTTP/1.1 200) 4 headers in 158 bytes (1 switches on core 0)
2026-07-08 23:03:10.424 8 INFO neutron.plugins.ml2.drivers.ovn.mech_driver.mech_driver [None req-3f21f501-edfd-49b5-99fe-a8fa4bb28374 - - - - - -] OVN reports status down for port: 3ba3b6b0-a301-40c3-a2d6-c48e6313a4c8
2026-07-08 23:03:10.684 9 INFO neutron.plugins.ml2.drivers.ovn.mech_driver.ovsdb.ovsdb_monitor [-] Router 802cf8ea-c1d6-425a-ac0b-7a9084128c36 is bound to host instance
2026-07-08 23:03:10.691 8 INFO neutron.plugins.ml2.drivers.ovn.mech_driver.mech_driver [None req-3f21f501-edfd-49b5-99fe-a8fa4bb28374 - - - - - -] OVN reports status up for port: 3ba3b6b0-a301-40c3-a2d6-c48e6313a4c8
2026-07-08 23:03:10.713 8 INFO neutron.plugins.ml2.plugin [None req-3f21f501-edfd-49b5-99fe-a8fa4bb28374 - - - - - -] Attempt 1 to provision port 3ba3b6b0-a301-40c3-a2d6-c48e6313a4c8
2026-07-08 23:03:10.775 9 INFO neutron.db.ovn_revision_numbers_db [None req-263dc741-237e-4119-8810-28b9463c82db f8e45d4120f94729a2dfb6e0b65b6a49 99a1847dc3b64298a577afc74c46ed01 - - default default] Successfully bumped revision number for resource 3ba3b6b0-a301-40c3-a2d6-c48e6313a4c8 (type: router_ports) to 1
2026-07-08 23:03:10.899 9 INFO neutron.db.ovn_revision_numbers_db [None req-263dc741-237e-4119-8810-28b9463c82db f8e45d4120f94729a2dfb6e0b65b6a49 99a1847dc3b64298a577afc74c46ed01 - - default default] Successfully bumped revision number for resource 802cf8ea-c1d6-425a-ac0b-7a9084128c36 (type: routers) to 2 [pid: 9|app: 0|req: 458/911] 10.0.0.78 () {34 vars in 667 bytes} [Wed Jul 8 23:03:09 2026] POST /v2.0/routers => generated 983 bytes in 1451 msecs (HTTP/1.1 201) 4 headers in 162 bytes (1 switches on core 0)
2026-07-08 23:03:10.938 8 WARNING neutron.scheduler.dhcp_agent_scheduler [None req-4e60a83c-e5eb-4765-8aaa-1913f1318e71 f8e45d4120f94729a2dfb6e0b65b6a49 99a1847dc3b64298a577afc74c46ed01 - - default default] No more DHCP agents
2026-07-08 23:03:10.940 8 WARNING neutron.api.rpc.agentnotifiers.dhcp_rpc_agent_api [None req-4e60a83c-e5eb-4765-8aaa-1913f1318e71 f8e45d4120f94729a2dfb6e0b65b6a49 99a1847dc3b64298a577afc74c46ed01 - - default default] Unable to schedule network abdd0b7d-73b1-4854-866c-2e517f3aef6c: no agents available; will retry on subsequent port and subnet creation events.
2026-07-08 23:03:11.136 8 INFO neutron.db.ovn_revision_numbers_db [None req-4e60a83c-e5eb-4765-8aaa-1913f1318e71 f8e45d4120f94729a2dfb6e0b65b6a49 99a1847dc3b64298a577afc74c46ed01 - - default default] Successfully bumped revision number for resource f48920cb-4d3e-4d63-a43c-bbca1b3d80a1 (type: ports) to 1 [pid: 9|app: 0|req: 459/912] 10.0.0.78 () {32 vars in 738 bytes} [Wed Jul 8 23:03:10 2026] DELETE /v2.0/security-groups/946da25e-d2db-4009-8c9a-d9ef01e65717 => generated 0 bytes in 373 msecs (HTTP/1.1 204) 2 headers in 112 bytes (1 switches on core 0)
2026-07-08 23:03:11.786 8 INFO neutron.db.ovn_revision_numbers_db [None req-4e60a83c-e5eb-4765-8aaa-1913f1318e71 f8e45d4120f94729a2dfb6e0b65b6a49 99a1847dc3b64298a577afc74c46ed01 - - default default] Successfully bumped revision number for resource f48920cb-4d3e-4d63-a43c-bbca1b3d80a1 (type: router_ports) to 1
2026-07-08 23:03:11.851 8 INFO neutron.db.ovn_revision_numbers_db [None req-4e60a83c-e5eb-4765-8aaa-1913f1318e71 f8e45d4120f94729a2dfb6e0b65b6a49 99a1847dc3b64298a577afc74c46ed01 - - default default] Successfully bumped revision number for resource f7d08844-e699-4fd3-b680-6902e69b0c01 (type: routers) to 2 [pid: 8|app: 0|req: 454/913] 10.0.0.78 () {34 vars in 667 bytes} [Wed Jul 8 23:03:10 2026] POST /v2.0/routers => generated 991 bytes in 1491 msecs (HTTP/1.1 201) 4 headers in 162 bytes (1 switches on core 0)
2026-07-08 23:03:12.102 9 WARNING neutron.scheduler.dhcp_agent_scheduler [None req-9d4fd59a-8fff-44b8-8b82-4a5ab0ab6f23 f8e45d4120f94729a2dfb6e0b65b6a49 99a1847dc3b64298a577afc74c46ed01 - - default default] No more DHCP agents
2026-07-08 23:03:12.105 9 WARNING neutron.api.rpc.agentnotifiers.dhcp_rpc_agent_api [None req-9d4fd59a-8fff-44b8-8b82-4a5ab0ab6f23 f8e45d4120f94729a2dfb6e0b65b6a49 99a1847dc3b64298a577afc74c46ed01 - - default default] Unable to schedule network 678f2dc9-bd04-48e8-85d3-47338bbdb22a: no agents available; will retry on subsequent port and subnet creation events.
2026-07-08 23:03:12.187 9 INFO neutron.db.ovn_revision_numbers_db [None req-f05601d9-da53-4e6c-8e6e-c87dfa06859e - - - - - -] Successfully bumped revision number for resource 3ba3b6b0-a301-40c3-a2d6-c48e6313a4c8 (type: ports) to 4
2026-07-08 23:03:12.350 9 INFO neutron.plugins.ml2.drivers.ovn.mech_driver.mech_driver [None req-435de592-f7a1-4897-89c4-d35597bd07e7 - - - - - -] OVN reports status down for port: 89301800-d20b-49e1-98d9-623f7d8e9baa
2026-07-08 23:03:12.376 8 WARNING neutron.scheduler.dhcp_agent_scheduler [None req-ec262ef1-8782-4701-ac55-f87488fbcbd3 f8e45d4120f94729a2dfb6e0b65b6a49 99a1847dc3b64298a577afc74c46ed01 - - default default] No more DHCP agents
2026-07-08 23:03:12.378 8 WARNING neutron.api.rpc.agentnotifiers.dhcp_rpc_agent_api [None req-ec262ef1-8782-4701-ac55-f87488fbcbd3 f8e45d4120f94729a2dfb6e0b65b6a49 99a1847dc3b64298a577afc74c46ed01 - - default default] Unable to schedule network 1793b727-751f-40bd-97aa-6750ee112414: no agents available; will retry on subsequent port and subnet creation events.
2026-07-08 23:03:12.470 9 INFO neutron.db.ovn_revision_numbers_db [None req-9d4fd59a-8fff-44b8-8b82-4a5ab0ab6f23 f8e45d4120f94729a2dfb6e0b65b6a49 99a1847dc3b64298a577afc74c46ed01 - - default default] Successfully bumped revision number for resource 89301800-d20b-49e1-98d9-623f7d8e9baa (type: ports) to 1
2026-07-08 23:03:12.556 8 INFO neutron.db.ovn_revision_numbers_db [None req-ec262ef1-8782-4701-ac55-f87488fbcbd3 f8e45d4120f94729a2dfb6e0b65b6a49 99a1847dc3b64298a577afc74c46ed01 - - default default] Successfully bumped revision number for resource e3cfd47e-fa03-4020-adb9-7129c8b03ed5 (type: ports) to 1
2026-07-08 23:03:13.271 8 INFO neutron.plugins.ml2.drivers.ovn.mech_driver.mech_driver [None req-3f21f501-edfd-49b5-99fe-a8fa4bb28374 - - - - - -] OVN reports status down for port: f48920cb-4d3e-4d63-a43c-bbca1b3d80a1
2026-07-08 23:03:13.292 8 WARNING neutron.scheduler.dhcp_agent_scheduler [None req-ec262ef1-8782-4701-ac55-f87488fbcbd3 f8e45d4120f94729a2dfb6e0b65b6a49 99a1847dc3b64298a577afc74c46ed01 - - default default] No more DHCP agents
2026-07-08 23:03:13.294 8 WARNING neutron.api.rpc.agentnotifiers.dhcp_rpc_agent_api [None req-ec262ef1-8782-4701-ac55-f87488fbcbd3 f8e45d4120f94729a2dfb6e0b65b6a49 99a1847dc3b64298a577afc74c46ed01 - - default default] Unable to schedule network 1793b727-751f-40bd-97aa-6750ee112414: no agents available; will retry on subsequent port and subnet creation events.
2026-07-08 23:03:13.380 9 INFO neutron.db.ovn_revision_numbers_db [None req-f05601d9-da53-4e6c-8e6e-c87dfa06859e - - - - - -] Successfully bumped revision number for resource 3ba3b6b0-a301-40c3-a2d6-c48e6313a4c8 (type: ports) to 5
2026-07-08 23:03:13.401 8 WARNING neutron.plugins.ml2.drivers.ovn.mech_driver.ovsdb.ovn_client [None req-3f21f501-edfd-49b5-99fe-a8fa4bb28374 - - - - - -] Logical_Switch_Port f48920cb-4d3e-4d63-a43c-bbca1b3d80a1 host information not removed, the port state is up
2026-07-08 23:03:13.401 8 INFO neutron.plugins.ml2.drivers.ovn.mech_driver.mech_driver [None req-3f21f501-edfd-49b5-99fe-a8fa4bb28374 - - - - - -] OVN reports status up for port: f48920cb-4d3e-4d63-a43c-bbca1b3d80a1
2026-07-08 23:03:13.422 8 INFO neutron.plugins.ml2.plugin [None req-3f21f501-edfd-49b5-99fe-a8fa4bb28374 - - - - - -] Attempt 1 to provision port f48920cb-4d3e-4d63-a43c-bbca1b3d80a1
2026-07-08 23:03:13.546 9 INFO neutron.plugins.ml2.drivers.ovn.mech_driver.ovsdb.ovsdb_monitor [None req-f05601d9-da53-4e6c-8e6e-c87dfa06859e - - - - - -] Router f7d08844-e699-4fd3-b680-6902e69b0c01 is bound to host instance
2026-07-08 23:03:13.846 8 INFO neutron.db.ovn_revision_numbers_db [None req-ec262ef1-8782-4701-ac55-f87488fbcbd3 f8e45d4120f94729a2dfb6e0b65b6a49 99a1847dc3b64298a577afc74c46ed01 - - default default] Successfully bumped revision number for resource e3cfd47e-fa03-4020-adb9-7129c8b03ed5 (type: router_ports) to 1 [pid: 8|app: 0|req: 455/914] 10.0.0.78 () {34 vars in 781 bytes} [Wed Jul 8 23:03:11 2026] PUT /v2.0/routers/f7d08844-e699-4fd3-b680-6902e69b0c01/add_router_interface => generated 310 bytes in 1976 msecs (HTTP/1.1 200) 4 headers in 157 bytes (1 switches on core 0)
2026-07-08 23:03:13.856 8 WARNING neutron.db.securitygroups_db [req-62918a81-2178-4e09-960a-a8a5f7aeb20c req-f441874d-7e91-4967-9bf7-50773067fc83 de16b2a9ccd2404dbcd6718c1fe7b489 4ebdba981cbe4194a40a4f13e391a05b - - default default] project_id key not found in filters, using tenant_id instead. This support has been deprecated and will be removed in a future release. [pid: 8|app: 0|req: 456/915] 10.0.0.155 () {34 vars in 1097 bytes} [Wed Jul 8 23:03:13 2026] GET /v2.0/security-groups?name=tempest-securitygroup--751737535&fields=id&tenant_id=4ebdba981cbe4194a40a4f13e391a05b => generated 69 bytes in 34 msecs (HTTP/1.1 200) 4 headers in 156 bytes (1 switches on core 0)
2026-07-08 23:03:14.083 9 INFO neutron.plugins.ml2.drivers.ovn.mech_driver.mech_driver [None req-435de592-f7a1-4897-89c4-d35597bd07e7 - - - - - -] OVN reports status up for port: 89301800-d20b-49e1-98d9-623f7d8e9baa
2026-07-08 23:03:14.133 9 INFO neutron.plugins.ml2.plugin [None req-435de592-f7a1-4897-89c4-d35597bd07e7 - - - - - -] Attempt 1 to provision port 89301800-d20b-49e1-98d9-623f7d8e9baa
2026-07-08 23:03:14.202 8 INFO neutron.db.ovn_revision_numbers_db [None req-248b293f-d8f7-4ec0-b511-8fb82e2c6da1 86fd69cab2124c809561d853bb6d3527 218b8ba2f7c1492b8df4e46c316d940c - - default default] Successfully bumped revision number for resource a3f960ed-bb97-4c79-b12f-e3d48d8aca40 (type: security_groups) to 1
2026-07-08 23:03:14.214 8 INFO neutron.db.ovn_revision_numbers_db [None req-248b293f-d8f7-4ec0-b511-8fb82e2c6da1 86fd69cab2124c809561d853bb6d3527 218b8ba2f7c1492b8df4e46c316d940c - - default default] Successfully bumped revision number for resource 50e7f5e8-2711-44e4-a29d-3268c1f2add8 (type: security_group_rules) to 0
2026-07-08 23:03:14.228 8 INFO neutron.db.ovn_revision_numbers_db [None req-248b293f-d8f7-4ec0-b511-8fb82e2c6da1 86fd69cab2124c809561d853bb6d3527 218b8ba2f7c1492b8df4e46c316d940c - - default default] Successfully bumped revision number for resource 8c091cc7-37dd-4588-8760-b0b1f0e62a22 (type: security_group_rules) to 0
2026-07-08 23:03:14.242 8 INFO neutron.db.ovn_revision_numbers_db [None req-248b293f-d8f7-4ec0-b511-8fb82e2c6da1 86fd69cab2124c809561d853bb6d3527 218b8ba2f7c1492b8df4e46c316d940c - - default default] Successfully bumped revision number for resource a0bd5b83-1ea4-4b5a-b479-a65183c4d543 (type: security_group_rules) to 0
2026-07-08 23:03:14.253 8 INFO neutron.db.ovn_revision_numbers_db [None req-248b293f-d8f7-4ec0-b511-8fb82e2c6da1 86fd69cab2124c809561d853bb6d3527 218b8ba2f7c1492b8df4e46c316d940c - - default default] Successfully bumped revision number for resource d04e2585-05d4-4e26-b9f4-e3a29e1d038c (type: security_group_rules) to 0
2026-07-08 23:03:14.329 8 INFO neutron.db.segments_db [None req-248b293f-d8f7-4ec0-b511-8fb82e2c6da1 86fd69cab2124c809561d853bb6d3527 218b8ba2f7c1492b8df4e46c316d940c - - default default] Added segment 4270d780-b19b-407c-a98a-81feb2147b6e of type geneve for network 1724edfe-79cc-4f27-a042-d5c0d7088505
2026-07-08 23:03:14.347 9 WARNING neutron.scheduler.dhcp_agent_scheduler [None req-9d4fd59a-8fff-44b8-8b82-4a5ab0ab6f23 f8e45d4120f94729a2dfb6e0b65b6a49 99a1847dc3b64298a577afc74c46ed01 - - default default] No more DHCP agents
2026-07-08 23:03:14.351 9 WARNING neutron.api.rpc.agentnotifiers.dhcp_rpc_agent_api [None req-9d4fd59a-8fff-44b8-8b82-4a5ab0ab6f23 f8e45d4120f94729a2dfb6e0b65b6a49 99a1847dc3b64298a577afc74c46ed01 - - default default] Unable to schedule network 678f2dc9-bd04-48e8-85d3-47338bbdb22a: no agents available; will retry on subsequent port and subnet creation events.
2026-07-08 23:03:14.444 8 INFO neutron.db.ovn_revision_numbers_db [None req-248b293f-d8f7-4ec0-b511-8fb82e2c6da1 86fd69cab2124c809561d853bb6d3527 218b8ba2f7c1492b8df4e46c316d940c - - default default] Successfully bumped revision number for resource 1724edfe-79cc-4f27-a042-d5c0d7088505 (type: networks) to 1
2026-07-08 23:03:14.699 8 WARNING neutron.scheduler.dhcp_agent_scheduler [None req-248b293f-d8f7-4ec0-b511-8fb82e2c6da1 86fd69cab2124c809561d853bb6d3527 218b8ba2f7c1492b8df4e46c316d940c - - default default] No more DHCP agents
2026-07-08 23:03:14.701 8 WARNING neutron.api.rpc.agentnotifiers.dhcp_rpc_agent_api [None req-248b293f-d8f7-4ec0-b511-8fb82e2c6da1 86fd69cab2124c809561d853bb6d3527 218b8ba2f7c1492b8df4e46c316d940c - - default default] Unable to schedule network 1724edfe-79cc-4f27-a042-d5c0d7088505: no agents available; will retry on subsequent port and subnet creation events.
2026-07-08 23:03:15.216 8 INFO neutron.db.ovn_revision_numbers_db [None req-248b293f-d8f7-4ec0-b511-8fb82e2c6da1 86fd69cab2124c809561d853bb6d3527 218b8ba2f7c1492b8df4e46c316d940c - - default default] Successfully bumped revision number for resource 63aa591c-ce81-489d-ba4f-895727e6c2a0 (type: ports) to 1 [pid: 8|app: 0|req: 457/916] 10.0.0.78 () {34 vars in 668 bytes} [Wed Jul 8 23:03:13 2026] POST /v2.0/networks => generated 681 bytes in 1351 msecs (HTTP/1.1 201) 4 headers in 162 bytes (1 switches on core 0) [pid: 8|app: 0|req: 460/919] 10.0.0.155 () {34 vars in 981 bytes} [Wed Jul 8 23:03:15 2026] GET /v2.0/networks?id=b2d32b1e-77f1-4ab6-b26e-a6832ff3008d => generated 718 bytes in 43 msecs (HTTP/1.1 200) 4 headers in 157 bytes (1 switches on core 0) [pid: 8|app: 0|req: 461/920] 10.0.0.155 () {34 vars in 981 bytes} [Wed Jul 8 23:03:15 2026] GET /v2.0/networks?id=1793b727-751f-40bd-97aa-6750ee112414 => generated 715 bytes in 43 msecs (HTTP/1.1 200) 4 headers in 157 bytes (1 switches on core 0)
2026-07-08 23:03:15.365 9 INFO neutron.db.ovn_revision_numbers_db [None req-435de592-f7a1-4897-89c4-d35597bd07e7 - - - - - -] Successfully bumped revision number for resource 89301800-d20b-49e1-98d9-623f7d8e9baa (type: ports) to 2
2026-07-08 23:03:15.485 8 WARNING neutron.scheduler.dhcp_agent_scheduler [None req-8ffb73a6-c157-422b-a5ff-fc44617f87d1 86fd69cab2124c809561d853bb6d3527 218b8ba2f7c1492b8df4e46c316d940c - - default default] No more DHCP agents
2026-07-08 23:03:15.486 8 WARNING neutron.api.rpc.agentnotifiers.dhcp_rpc_agent_api [None req-8ffb73a6-c157-422b-a5ff-fc44617f87d1 86fd69cab2124c809561d853bb6d3527 218b8ba2f7c1492b8df4e46c316d940c - - default default] Unable to schedule network 1724edfe-79cc-4f27-a042-d5c0d7088505: no agents available; will retry on subsequent port and subnet creation events.
2026-07-08 23:03:15.637 9 INFO neutron.db.ovn_revision_numbers_db [None req-9d4fd59a-8fff-44b8-8b82-4a5ab0ab6f23 f8e45d4120f94729a2dfb6e0b65b6a49 99a1847dc3b64298a577afc74c46ed01 - - default default] Successfully bumped revision number for resource 89301800-d20b-49e1-98d9-623f7d8e9baa (type: router_ports) to 1 [pid: 9|app: 0|req: 460/921] 10.0.0.78 () {34 vars in 781 bytes} [Wed Jul 8 23:03:11 2026] PUT /v2.0/routers/802cf8ea-c1d6-425a-ac0b-7a9084128c36/add_router_interface => generated 310 bytes in 4341 msecs (HTTP/1.1 200) 4 headers in 157 bytes (1 switches on core 0) [pid: 9|app: 0|req: 461/922] 10.0.0.155 () {34 vars in 964 bytes} [Wed Jul 8 23:03:15 2026] GET /v2.0/quotas/4ebdba981cbe4194a40a4f13e391a05b => generated 312 bytes in 20 msecs (HTTP/1.1 200) 4 headers in 157 bytes (1 switches on core 0) [pid: 9|app: 0|req: 462/923] 10.0.0.155 () {34 vars in 964 bytes} [Wed Jul 8 23:03:15 2026] GET /v2.0/quotas/70167a3669f34fa5a385d1bda6cc7c31 => generated 312 bytes in 18 msecs (HTTP/1.1 200) 4 headers in 157 bytes (1 switches on core 0)
2026-07-08 23:03:15.760 9 INFO neutron.db.ovn_revision_numbers_db [None req-2383c0d7-5b6c-4855-acb6-cdc3b6c6bfdb - - - - - -] Successfully bumped revision number for resource f48920cb-4d3e-4d63-a43c-bbca1b3d80a1 (type: ports) to 4 [pid: 9|app: 0|req: 463/924] 10.0.0.155 () {34 vars in 1001 bytes} [Wed Jul 8 23:03:15 2026] GET /v2.0/ports?tenant_id=4ebdba981cbe4194a40a4f13e391a05b&fields=id => generated 103 bytes in 130 msecs (HTTP/1.1 200) 4 headers in 157 bytes (1 switches on core 0)
2026-07-08 23:03:15.860 8 INFO neutron.plugins.ml2.drivers.ovn.mech_driver.mech_driver [None req-3f21f501-edfd-49b5-99fe-a8fa4bb28374 - - - - - -] OVN reports status down for port: e3cfd47e-fa03-4020-adb9-7129c8b03ed5 [pid: 9|app: 0|req: 464/925] 10.0.0.155 () {34 vars in 1001 bytes} [Wed Jul 8 23:03:15 2026] GET /v2.0/ports?tenant_id=70167a3669f34fa5a385d1bda6cc7c31&fields=id => generated 103 bytes in 128 msecs (HTTP/1.1 200) 4 headers in 157 bytes (1 switches on core 0)
2026-07-08 23:03:15.982 8 WARNING neutron.plugins.ml2.drivers.ovn.mech_driver.ovsdb.ovn_client [None req-3f21f501-edfd-49b5-99fe-a8fa4bb28374 - - - - - -] Logical_Switch_Port e3cfd47e-fa03-4020-adb9-7129c8b03ed5 host information not removed, the port state is up
2026-07-08 23:03:15.984 8 INFO neutron.plugins.ml2.drivers.ovn.mech_driver.mech_driver [None req-3f21f501-edfd-49b5-99fe-a8fa4bb28374 - - - - - -] OVN reports status up for port: e3cfd47e-fa03-4020-adb9-7129c8b03ed5
2026-07-08 23:03:16.011 8 INFO neutron.plugins.ml2.plugin [None req-3f21f501-edfd-49b5-99fe-a8fa4bb28374 - - - - - -] Attempt 1 to provision port e3cfd47e-fa03-4020-adb9-7129c8b03ed5
2026-07-08 23:03:16.027 8 INFO neutron.db.ovn_revision_numbers_db [None req-8ffb73a6-c157-422b-a5ff-fc44617f87d1 86fd69cab2124c809561d853bb6d3527 218b8ba2f7c1492b8df4e46c316d940c - - default default] Successfully bumped revision number for resource 63aa591c-ce81-489d-ba4f-895727e6c2a0 (type: ports) to 2 [pid: 9|app: 0|req: 465/926] 10.0.0.155 () {34 vars in 1007 bytes} [Wed Jul 8 23:03:15 2026] GET /v2.0/networks/b2d32b1e-77f1-4ab6-b26e-a6832ff3008d?fields=segments => generated 14 bytes in 96 msecs (HTTP/1.1 200) 4 headers in 156 bytes (1 switches on core 0)
2026-07-08 23:03:16.069 8 INFO neutron.db.ovn_revision_numbers_db [None req-8ffb73a6-c157-422b-a5ff-fc44617f87d1 86fd69cab2124c809561d853bb6d3527 218b8ba2f7c1492b8df4e46c316d940c - - default default] Successfully bumped revision number for resource eaa6305c-fdbc-41d4-94d4-0ba2c805d2da (type: subnets) to 0 [pid: 8|app: 0|req: 462/927] 10.0.0.78 () {34 vars in 667 bytes} [Wed Jul 8 23:03:15 2026] POST /v2.0/subnets => generated 641 bytes in 778 msecs (HTTP/1.1 201) 4 headers in 162 bytes (1 switches on core 0) [pid: 9|app: 0|req: 466/928] 10.0.0.155 () {34 vars in 1107 bytes} [Wed Jul 8 23:03:16 2026] GET /v2.0/networks/b2d32b1e-77f1-4ab6-b26e-a6832ff3008d?fields=provider%3Aphysical_network&fields=provider%3Anetwork_type => generated 79 bytes in 87 msecs (HTTP/1.1 200) 4 headers in 156 bytes (1 switches on core 0)
2026-07-08 23:03:16.266 9 INFO neutron.db.ovn_revision_numbers_db [None req-2383c0d7-5b6c-4855-acb6-cdc3b6c6bfdb - - - - - -] Successfully bumped revision number for resource f48920cb-4d3e-4d63-a43c-bbca1b3d80a1 (type: ports) to 5
2026-07-08 23:03:16.266 8 INFO neutron.db.segments_db [None req-585de73e-4c1f-4238-b691-d5cddd9e4fe8 86fd69cab2124c809561d853bb6d3527 218b8ba2f7c1492b8df4e46c316d940c - - default default] Added segment ad42b434-4f09-4fc5-8d9f-7b1979f64832 of type geneve for network b5e58973-0eb4-4855-9c0a-e19acef255ea [pid: 9|app: 0|req: 467/929] 10.0.0.155 () {34 vars in 906 bytes} [Wed Jul 8 23:03:16 2026] GET /v2.0/extensions => generated 22668 bytes in 69 msecs (HTTP/1.1 200) 4 headers in 159 bytes (1 switches on core 0) [pid: 9|app: 0|req: 468/930] 10.0.0.155 () {34 vars in 1007 bytes} [Wed Jul 8 23:03:16 2026] GET /v2.0/networks/1793b727-751f-40bd-97aa-6750ee112414?fields=segments => generated 14 bytes in 47 msecs (HTTP/1.1 200) 4 headers in 156 bytes (1 switches on core 0)
2026-07-08 23:03:16.460 8 INFO neutron.db.ovn_revision_numbers_db [None req-585de73e-4c1f-4238-b691-d5cddd9e4fe8 86fd69cab2124c809561d853bb6d3527 218b8ba2f7c1492b8df4e46c316d940c - - default default] Successfully bumped revision number for resource b5e58973-0eb4-4855-9c0a-e19acef255ea (type: networks) to 1 [pid: 9|app: 0|req: 469/931] 10.0.0.155 () {34 vars in 1107 bytes} [Wed Jul 8 23:03:16 2026] GET /v2.0/networks/1793b727-751f-40bd-97aa-6750ee112414?fields=provider%3Aphysical_network&fields=provider%3Anetwork_type => generated 79 bytes in 40 msecs (HTTP/1.1 200) 4 headers in 156 bytes (1 switches on core 0)
2026-07-08 23:03:16.619 9 INFO neutron.db.ovn_revision_numbers_db [None req-97d8e20d-540a-4160-9cb1-a9e586f3768c f873878c394d4d118eb14a7043c85237 8997421b1f8f4f9eaf273ceef591142c - - default default] Successfully bumped revision number for resource 6069246c-fe76-4524-bfbc-8ed15df59253 (type: security_groups) to 1
2026-07-08 23:03:16.631 9 INFO neutron.db.ovn_revision_numbers_db [None req-97d8e20d-540a-4160-9cb1-a9e586f3768c f873878c394d4d118eb14a7043c85237 8997421b1f8f4f9eaf273ceef591142c - - default default] Successfully bumped revision number for resource 26de6e97-2928-4da4-8e3a-46b2cdc673c7 (type: security_group_rules) to 0
2026-07-08 23:03:16.642 9 INFO neutron.db.ovn_revision_numbers_db [None req-97d8e20d-540a-4160-9cb1-a9e586f3768c f873878c394d4d118eb14a7043c85237 8997421b1f8f4f9eaf273ceef591142c - - default default] Successfully bumped revision number for resource 2cfe9565-090c-408a-a334-8a34a69516f1 (type: security_group_rules) to 0 [pid: 9|app: 0|req: 470/932] 10.0.0.78 () {34 vars in 683 bytes} [Wed Jul 8 23:03:16 2026] POST /v2.0/security-groups => generated 1659 bytes in 206 msecs (HTTP/1.1 201) 4 headers in 163 bytes (1 switches on core 0)
2026-07-08 23:03:16.682 8 INFO neutron.db.ovn_revision_numbers_db [None req-3f21f501-edfd-49b5-99fe-a8fa4bb28374 - - - - - -] Successfully bumped revision number for resource e3cfd47e-fa03-4020-adb9-7129c8b03ed5 (type: ports) to 2 [pid: 9|app: 0|req: 471/933] 10.0.0.155 () {34 vars in 1069 bytes} [Wed Jul 8 23:03:16 2026] GET /v2.0/ports?fields=security_groups&fields=device_id&device_id=f742e65c-238c-4454-a891-f98ddcf08b9b => generated 12 bytes in 26 msecs (HTTP/1.1 200) 4 headers in 156 bytes (1 switches on core 0) [pid: 9|app: 0|req: 472/934] 10.0.0.155 () {34 vars in 1069 bytes} [Wed Jul 8 23:03:16 2026] GET /v2.0/ports?fields=security_groups&fields=device_id&device_id=4b52f6b7-ea99-4a28-8655-22bfb47dfc23 => generated 12 bytes in 20 msecs (HTTP/1.1 200) 4 headers in 156 bytes (1 switches on core 0)
2026-07-08 23:03:16.773 8 WARNING neutron.scheduler.dhcp_agent_scheduler [None req-585de73e-4c1f-4238-b691-d5cddd9e4fe8 86fd69cab2124c809561d853bb6d3527 218b8ba2f7c1492b8df4e46c316d940c - - default default] No more DHCP agents
2026-07-08 23:03:16.776 8 WARNING neutron.api.rpc.agentnotifiers.dhcp_rpc_agent_api [None req-585de73e-4c1f-4238-b691-d5cddd9e4fe8 86fd69cab2124c809561d853bb6d3527 218b8ba2f7c1492b8df4e46c316d940c - - default default] Unable to schedule network b5e58973-0eb4-4855-9c0a-e19acef255ea: no agents available; will retry on subsequent port and subnet creation events.
2026-07-08 23:03:16.823 9 INFO neutron.db.ovn_revision_numbers_db [None req-39aad354-ffae-4c4f-876f-1249838e2d13 f873878c394d4d118eb14a7043c85237 8997421b1f8f4f9eaf273ceef591142c - - default default] Successfully bumped revision number for resource 35bb0cb5-f18c-433f-b189-f3fae83e75f8 (type: security_group_rules) to 0 [pid: 9|app: 0|req: 473/935] 10.0.0.78 () {34 vars in 693 bytes} [Wed Jul 8 23:03:16 2026] POST /v2.0/security-group-rules => generated 597 bytes in 142 msecs (HTTP/1.1 201) 4 headers in 162 bytes (1 switches on core 0)
2026-07-08 23:03:16.894 8 INFO neutron.db.ovn_revision_numbers_db [None req-585de73e-4c1f-4238-b691-d5cddd9e4fe8 86fd69cab2124c809561d853bb6d3527 218b8ba2f7c1492b8df4e46c316d940c - - default default] Successfully bumped revision number for resource e8498c64-2a66-43c3-ad12-b141b27418f5 (type: ports) to 1 [pid: 8|app: 0|req: 463/936] 10.0.0.78 () {34 vars in 668 bytes} [Wed Jul 8 23:03:16 2026] POST /v2.0/networks => generated 682 bytes in 801 msecs (HTTP/1.1 201) 4 headers in 162 bytes (1 switches on core 0)
2026-07-08 23:03:16.987 9 INFO neutron.db.ovn_revision_numbers_db [None req-08fb20cd-53f8-4614-81db-36b95da8df9c f873878c394d4d118eb14a7043c85237 8997421b1f8f4f9eaf273ceef591142c - - default default] Successfully bumped revision number for resource f9efbbcb-425b-479e-bbdf-9aa93fe42d1c (type: security_group_rules) to 0 [pid: 9|app: 0|req: 474/937] 10.0.0.78 () {34 vars in 693 bytes} [Wed Jul 8 23:03:16 2026] POST /v2.0/security-group-rules => generated 602 bytes in 153 msecs (HTTP/1.1 201) 4 headers in 162 bytes (1 switches on core 0)
2026-07-08 23:03:17.098 8 INFO neutron.db.ovn_revision_numbers_db [None req-13219c55-8b23-4b1e-a323-93b3a7beaf44 86fd69cab2124c809561d853bb6d3527 218b8ba2f7c1492b8df4e46c316d940c - - default default] Successfully bumped revision number for resource b5e58973-0eb4-4855-9c0a-e19acef255ea (type: networks) to 2 [pid: 8|app: 0|req: 464/938] 10.0.0.78 () {34 vars in 741 bytes} [Wed Jul 8 23:03:16 2026] PUT /v2.0/networks/b5e58973-0eb4-4855-9c0a-e19acef255ea => generated 636 bytes in 183 msecs (HTTP/1.1 200) 4 headers in 157 bytes (1 switches on core 0)
2026-07-08 23:03:17.302 8 WARNING neutron.scheduler.dhcp_agent_scheduler [None req-9d6fee09-c418-4c3b-80aa-b43d0b181131 86fd69cab2124c809561d853bb6d3527 218b8ba2f7c1492b8df4e46c316d940c - - default default] No more DHCP agents
2026-07-08 23:03:17.303 8 WARNING neutron.api.rpc.agentnotifiers.dhcp_rpc_agent_api [None req-9d6fee09-c418-4c3b-80aa-b43d0b181131 86fd69cab2124c809561d853bb6d3527 218b8ba2f7c1492b8df4e46c316d940c - - default default] Unable to schedule network b5e58973-0eb4-4855-9c0a-e19acef255ea: no agents available; will retry on subsequent port and subnet creation events.
2026-07-08 23:03:17.330 9 WARNING neutron.scheduler.dhcp_agent_scheduler [None req-a1982608-cd47-44d0-acfe-33f0bfbcbb31 f873878c394d4d118eb14a7043c85237 8997421b1f8f4f9eaf273ceef591142c - - default default] No more DHCP agents
2026-07-08 23:03:17.331 9 WARNING neutron.api.rpc.agentnotifiers.dhcp_rpc_agent_api [None req-a1982608-cd47-44d0-acfe-33f0bfbcbb31 f873878c394d4d118eb14a7043c85237 8997421b1f8f4f9eaf273ceef591142c - - default default] Unable to schedule network abdd0b7d-73b1-4854-866c-2e517f3aef6c: no agents available; will retry on subsequent port and subnet creation events. [pid: 9|app: 0|req: 475/939] 10.0.0.78 () {34 vars in 674 bytes} [Wed Jul 8 23:03:17 2026] POST /v2.0/floatingips => generated 552 bytes in 618 msecs (HTTP/1.1 201) 4 headers in 162 bytes (1 switches on core 0) [pid: 9|app: 0|req: 476/940] 10.0.0.155 () {34 vars in 1069 bytes} [Wed Jul 8 23:03:17 2026] GET /v2.0/ports?fields=security_groups&fields=device_id&device_id=f742e65c-238c-4454-a891-f98ddcf08b9b => generated 12 bytes in 17 msecs (HTTP/1.1 200) 4 headers in 156 bytes (1 switches on core 0) [pid: 9|app: 0|req: 477/941] 10.0.0.155 () {34 vars in 1069 bytes} [Wed Jul 8 23:03:17 2026] GET /v2.0/ports?fields=security_groups&fields=device_id&device_id=4b52f6b7-ea99-4a28-8655-22bfb47dfc23 => generated 12 bytes in 31 msecs (HTTP/1.1 200) 4 headers in 156 bytes (1 switches on core 0)
2026-07-08 23:03:17.853 8 INFO neutron.db.ovn_revision_numbers_db [None req-9d6fee09-c418-4c3b-80aa-b43d0b181131 86fd69cab2124c809561d853bb6d3527 218b8ba2f7c1492b8df4e46c316d940c - - default default] Successfully bumped revision number for resource e8498c64-2a66-43c3-ad12-b141b27418f5 (type: ports) to 2
2026-07-08 23:03:17.880 8 INFO neutron.db.ovn_revision_numbers_db [None req-9d6fee09-c418-4c3b-80aa-b43d0b181131 86fd69cab2124c809561d853bb6d3527 218b8ba2f7c1492b8df4e46c316d940c - - default default] Successfully bumped revision number for resource 767ac4a6-090b-4f93-b6bb-bb2d16e264fa (type: subnets) to 0 [pid: 8|app: 0|req: 465/942] 10.0.0.78 () {34 vars in 667 bytes} [Wed Jul 8 23:03:17 2026] POST /v2.0/subnets => generated 626 bytes in 830 msecs (HTTP/1.1 201) 4 headers in 162 bytes (1 switches on core 0)
2026-07-08 23:03:18.056 8 WARNING neutron.db.securitygroups_db [req-404ed52f-603b-42f6-835d-09eafbd73944 req-9a0c317f-9459-4c87-8699-03bb742b5aec f873878c394d4d118eb14a7043c85237 8997421b1f8f4f9eaf273ceef591142c - - default default] project_id key not found in filters, using tenant_id instead. This support has been deprecated and will be removed in a future release. [pid: 8|app: 0|req: 466/943] 10.0.0.155 () {34 vars in 1097 bytes} [Wed Jul 8 23:03:18 2026] GET /v2.0/security-groups?name=tempest-securitygroup--508456253&fields=id&tenant_id=8997421b1f8f4f9eaf273ceef591142c => generated 69 bytes in 56 msecs (HTTP/1.1 200) 4 headers in 156 bytes (1 switches on core 0) [pid: 8|app: 0|req: 467/944] 10.0.0.155 () {34 vars in 981 bytes} [Wed Jul 8 23:03:18 2026] GET /v2.0/networks?id=678f2dc9-bd04-48e8-85d3-47338bbdb22a => generated 707 bytes in 48 msecs (HTTP/1.1 200) 4 headers in 157 bytes (1 switches on core 0) [pid: 8|app: 0|req: 468/945] 10.0.0.155 () {34 vars in 964 bytes} [Wed Jul 8 23:03:18 2026] GET /v2.0/quotas/8997421b1f8f4f9eaf273ceef591142c => generated 312 bytes in 17 msecs (HTTP/1.1 200) 4 headers in 157 bytes (1 switches on core 0) [pid: 8|app: 0|req: 469/946] 10.0.0.155 () {34 vars in 1001 bytes} [Wed Jul 8 23:03:18 2026] GET /v2.0/ports?tenant_id=8997421b1f8f4f9eaf273ceef591142c&fields=id => generated 103 bytes in 75 msecs (HTTP/1.1 200) 4 headers in 157 bytes (1 switches on core 0)
2026-07-08 23:03:18.319 9 INFO neutron.db.ovn_revision_numbers_db [None req-c839cfe1-2a55-4356-9f76-0ab4db3421c9 86fd69cab2124c809561d853bb6d3527 218b8ba2f7c1492b8df4e46c316d940c - - default default] Successfully bumped revision number for resource 767ac4a6-090b-4f93-b6bb-bb2d16e264fa (type: subnets) to 1 [pid: 9|app: 0|req: 478/947] 10.0.0.78 () {34 vars in 739 bytes} [Wed Jul 8 23:03:17 2026] PUT /v2.0/subnets/767ac4a6-090b-4f93-b6bb-bb2d16e264fa => generated 636 bytes in 374 msecs (HTTP/1.1 200) 4 headers in 157 bytes (1 switches on core 0) [pid: 8|app: 0|req: 470/948] 10.0.0.155 () {34 vars in 1007 bytes} [Wed Jul 8 23:03:18 2026] GET /v2.0/networks/678f2dc9-bd04-48e8-85d3-47338bbdb22a?fields=segments => generated 14 bytes in 47 msecs (HTTP/1.1 200) 4 headers in 156 bytes (1 switches on core 0) [pid: 8|app: 0|req: 471/949] 10.0.0.155 () {34 vars in 1107 bytes} [Wed Jul 8 23:03:18 2026] GET /v2.0/networks/678f2dc9-bd04-48e8-85d3-47338bbdb22a?fields=provider%3Aphysical_network&fields=provider%3Anetwork_type => generated 79 bytes in 48 msecs (HTTP/1.1 200) 4 headers in 156 bytes (1 switches on core 0)
2026-07-08 23:03:18.480 9 INFO neutron_taas.services.taas.taas_plugin [None req-7402be32-abf6-4d42-845e-6549594d1a96 86fd69cab2124c809561d853bb6d3527 218b8ba2f7c1492b8df4e46c316d940c - - default default] TaaS: Handle Delete Port: e8498c64-2a66-43c3-ad12-b141b27418f5
2026-07-08 23:03:18.483 9 INFO neutron_taas.services.taas.tap_mirror_plugin [None req-7402be32-abf6-4d42-845e-6549594d1a96 86fd69cab2124c809561d853bb6d3527 218b8ba2f7c1492b8df4e46c316d940c - - default default] Tap Mirror: Handle Delete Port: e8498c64-2a66-43c3-ad12-b141b27418f5 [pid: 8|app: 0|req: 472/950] 10.0.0.155 () {34 vars in 1069 bytes} [Wed Jul 8 23:03:18 2026] GET /v2.0/ports?fields=security_groups&fields=device_id&device_id=60c5a49d-5194-4c27-bde8-339d2deb31cd => generated 12 bytes in 31 msecs (HTTP/1.1 200) 4 headers in 156 bytes (1 switches on core 0)
2026-07-08 23:03:18.799 9 INFO neutron.services.segments.plugin [-] Segment ad42b434-4f09-4fc5-8d9f-7b1979f64832 resource provider aggregate not found
2026-07-08 23:03:18.803 9 INFO neutron.services.segments.plugin [-] Segment ad42b434-4f09-4fc5-8d9f-7b1979f64832 resource provider aggregate not found
2026-07-08 23:03:18.816 9 INFO neutron.services.segments.plugin [-] Client error retrieving segment ad42b434-4f09-4fc5-8d9f-7b1979f64832 resource provider; error: Placement Client Error (4xx): {"errors": [{"status": 404, "title": "Not Found", "detail": "The resource could not be found.\n\n No resource provider with uuid ad42b434-4f09-4fc5-8d9f-7b1979f64832 found for delete ", "request_id": "req-ab610789-02f7-4113-a778-e5b760989ee3"}]}
2026-07-08 23:03:18.818 9 INFO neutron.services.segments.plugin [-] Client error retrieving segment ad42b434-4f09-4fc5-8d9f-7b1979f64832 resource provider; error: Placement Client Error (4xx): {"errors": [{"status": 404, "title": "Not Found", "detail": "The resource could not be found.\n\n No resource provider with uuid ad42b434-4f09-4fc5-8d9f-7b1979f64832 found for delete ", "request_id": "req-f43219db-ca5b-4597-9bde-e3277c34cf50"}]} [pid: 9|app: 0|req: 479/951] 10.0.0.78 () {32 vars in 724 bytes} [Wed Jul 8 23:03:18 2026] DELETE /v2.0/networks/b5e58973-0eb4-4855-9c0a-e19acef255ea => generated 0 bytes in 521 msecs (HTTP/1.1 204) 3 headers in 131 bytes (1 switches on core 0)
