2026-07-08 23:05:57.966 9 INFO neutron.db.ovn_revision_numbers_db [None req-eed3a7b4-327a-49d3-91da-b9f11a80c038 f8e45d4120f94729a2dfb6e0b65b6a49 99a1847dc3b64298a577afc74c46ed01 - - default default] Successfully bumped revision number for resource 1ca00a6b-9b25-4ca7-b6f2-8b29cb6d8962 (type: security_group_rules) to 0
2026-07-08 23:05:57.992 9 INFO neutron.db.ovn_revision_numbers_db [None req-eed3a7b4-327a-49d3-91da-b9f11a80c038 f8e45d4120f94729a2dfb6e0b65b6a49 99a1847dc3b64298a577afc74c46ed01 - - default default] Successfully bumped revision number for resource 1e876a13-7e72-407e-ab03-b9407c582f52 (type: security_group_rules) to 0
2026-07-08 23:05:58.004 9 INFO neutron.db.ovn_revision_numbers_db [None req-eed3a7b4-327a-49d3-91da-b9f11a80c038 f8e45d4120f94729a2dfb6e0b65b6a49 99a1847dc3b64298a577afc74c46ed01 - - default default] Successfully bumped revision number for resource 3da1e4b6-c2b9-4fa5-b509-d58b6cf13701 (type: security_group_rules) to 0
2026-07-08 23:05:58.016 9 INFO neutron.db.ovn_revision_numbers_db [None req-eed3a7b4-327a-49d3-91da-b9f11a80c038 f8e45d4120f94729a2dfb6e0b65b6a49 99a1847dc3b64298a577afc74c46ed01 - - default default] Successfully bumped revision number for resource 81782c54-7429-4314-909c-b336fc5d915f (type: security_group_rules) to 0 [pid: 9|app: 0|req: 986/2104] 10.0.0.78 () {32 vars in 772 bytes} [Wed Jul 8 23:05:57 2026] GET /v2.0/security-groups?tenant_id=7d8f9e812663400ea624cbab17cbd455&name=default => generated 2925 bytes in 249 msecs (HTTP/1.1 200) 4 headers in 158 bytes (1 switches on core 0)
2026-07-08 23:05:58.432 9 INFO neutron.db.ovn_revision_numbers_db [None req-d0b25f8c-f43a-4397-b7a5-ee821df640b1 2dd678c63b6d44f78757522730eb6d57 b9db19fd15ee4904987231fe305734cc - - default default] Successfully bumped revision number for resource 5b318da6-2550-46bf-8115-1d85ed85f6c4 (type: security_groups) to 1
2026-07-08 23:05:58.443 9 INFO neutron.db.ovn_revision_numbers_db [None req-d0b25f8c-f43a-4397-b7a5-ee821df640b1 2dd678c63b6d44f78757522730eb6d57 b9db19fd15ee4904987231fe305734cc - - default default] Successfully bumped revision number for resource 0bb113fe-2e8a-424d-acbd-f26536f0db9c (type: security_group_rules) to 0
2026-07-08 23:05:58.454 9 INFO neutron.db.ovn_revision_numbers_db [None req-d0b25f8c-f43a-4397-b7a5-ee821df640b1 2dd678c63b6d44f78757522730eb6d57 b9db19fd15ee4904987231fe305734cc - - default default] Successfully bumped revision number for resource 96485e54-4f5b-471a-81ca-8d90e331c763 (type: security_group_rules) to 0
2026-07-08 23:05:58.467 9 INFO neutron.db.ovn_revision_numbers_db [None req-d0b25f8c-f43a-4397-b7a5-ee821df640b1 2dd678c63b6d44f78757522730eb6d57 b9db19fd15ee4904987231fe305734cc - - default default] Successfully bumped revision number for resource bc364f26-487d-431e-836c-82a61e586ce0 (type: security_group_rules) to 0
2026-07-08 23:05:58.478 9 INFO neutron.db.ovn_revision_numbers_db [None req-d0b25f8c-f43a-4397-b7a5-ee821df640b1 2dd678c63b6d44f78757522730eb6d57 b9db19fd15ee4904987231fe305734cc - - default default] Successfully bumped revision number for resource e72d6b12-d950-4301-90aa-8581af934644 (type: security_group_rules) to 0
2026-07-08 23:05:58.545 9 INFO neutron.db.segments_db [None req-d0b25f8c-f43a-4397-b7a5-ee821df640b1 2dd678c63b6d44f78757522730eb6d57 b9db19fd15ee4904987231fe305734cc - - default default] Added segment 51bd3664-311b-4dfd-a190-7314b41d8b81 of type geneve for network 175ebbad-0fc9-4e15-be89-c3712ac9132c
2026-07-08 23:05:58.628 8 INFO neutron.db.ovn_revision_numbers_db [None req-3baab1ab-8c94-4dff-b7f8-05f6df1444e5 71145d4c7c9c47848929e5de21d1e7fe 47784efb29d64130a0b2cf9a978d8155 - - default default] Successfully bumped revision number for resource eefeb76c-a8c8-4b10-a329-9af3f828cbe4 (type: routers) to 2 [pid: 8|app: 0|req: 1119/2105] 10.0.0.78 () {34 vars in 740 bytes} [Wed Jul 8 23:05:57 2026] PUT /v2.0/routers/eefeb76c-a8c8-4b10-a329-9af3f828cbe4 => generated 610 bytes in 785 msecs (HTTP/1.1 200) 4 headers in 157 bytes (1 switches on core 0)
2026-07-08 23:05:58.641 9 INFO neutron.db.ovn_revision_numbers_db [None req-d0b25f8c-f43a-4397-b7a5-ee821df640b1 2dd678c63b6d44f78757522730eb6d57 b9db19fd15ee4904987231fe305734cc - - default default] Successfully bumped revision number for resource 175ebbad-0fc9-4e15-be89-c3712ac9132c (type: networks) to 1 [pid: 8|app: 0|req: 1120/2106] 10.0.0.78 () {32 vars in 738 bytes} [Wed Jul 8 23:05:58 2026] DELETE /v2.0/security-groups/d70f5039-1423-433c-9383-ff11762f8e11 => generated 0 bytes in 164 msecs (HTTP/1.1 204) 2 headers in 112 bytes (1 switches on core 0) [pid: 8|app: 0|req: 1121/2107] 10.0.0.78 () {32 vars in 734 bytes} [Wed Jul 8 23:05:58 2026] GET /v2.0/ports?device_id=eefeb76c-a8c8-4b10-a329-9af3f828cbe4 => generated 12 bytes in 20 msecs (HTTP/1.1 200) 4 headers in 156 bytes (1 switches on core 0)
2026-07-08 23:05:58.831 9 WARNING neutron.scheduler.dhcp_agent_scheduler [None req-d0b25f8c-f43a-4397-b7a5-ee821df640b1 2dd678c63b6d44f78757522730eb6d57 b9db19fd15ee4904987231fe305734cc - - default default] No more DHCP agents
2026-07-08 23:05:58.832 9 WARNING neutron.api.rpc.agentnotifiers.dhcp_rpc_agent_api [None req-d0b25f8c-f43a-4397-b7a5-ee821df640b1 2dd678c63b6d44f78757522730eb6d57 b9db19fd15ee4904987231fe305734cc - - default default] Unable to schedule network 175ebbad-0fc9-4e15-be89-c3712ac9132c: no agents available; will retry on subsequent port and subnet creation events.
2026-07-08 23:05:58.884 9 INFO neutron.plugins.ml2.drivers.ovn.mech_driver.mech_driver [None req-1b9ac2ab-c534-47e1-ba0e-0442ce68c342 - - - - - -] OVN reports status down for port: b16b54bb-193e-447c-8f60-3b6785e2904c
2026-07-08 23:05:58.944 9 INFO neutron.db.ovn_revision_numbers_db [None req-d0b25f8c-f43a-4397-b7a5-ee821df640b1 2dd678c63b6d44f78757522730eb6d57 b9db19fd15ee4904987231fe305734cc - - default default] Successfully bumped revision number for resource b16b54bb-193e-447c-8f60-3b6785e2904c (type: ports) to 1 [pid: 9|app: 0|req: 987/2108] 10.0.0.78 () {34 vars in 668 bytes} [Wed Jul 8 23:05:58 2026] POST /v2.0/networks => generated 670 bytes in 907 msecs (HTTP/1.1 201) 4 headers in 162 bytes (1 switches on core 0) [pid: 8|app: 0|req: 1122/2111] 10.0.0.78 () {32 vars in 722 bytes} [Wed Jul 8 23:05:58 2026] DELETE /v2.0/routers/eefeb76c-a8c8-4b10-a329-9af3f828cbe4 => generated 0 bytes in 230 msecs (HTTP/1.1 204) 2 headers in 112 bytes (1 switches on core 0)
2026-07-08 23:05:59.059 8 WARNING neutron.db.securitygroups_db [None req-43cddfea-e405-45d0-8df2-575444eb7f1b f8e45d4120f94729a2dfb6e0b65b6a49 99a1847dc3b64298a577afc74c46ed01 - - default default] project_id key not found in filters, using tenant_id instead. This support has been deprecated and will be removed in a future release.
2026-07-08 23:05:59.094 9 INFO neutron.db.segments_db [None req-9875e675-30a4-4654-aa6b-8b5afea500e4 2dd678c63b6d44f78757522730eb6d57 b9db19fd15ee4904987231fe305734cc - - default default] Added segment 99251d31-68e9-49fa-99d0-a82ff571b2f1 of type geneve for network 0b00fec9-2eb8-43a9-9c20-bef3be6470d1 [pid: 8|app: 0|req: 1123/2112] 10.0.0.78 () {32 vars in 772 bytes} [Wed Jul 8 23:05:59 2026] GET /v2.0/security-groups?tenant_id=079465d9eedf4de39942bd34640f9e6f&name=default => generated 2925 bytes in 49 msecs (HTTP/1.1 200) 4 headers in 158 bytes (1 switches on core 0) [pid: 8|app: 0|req: 1124/2113] 10.0.0.78 () {32 vars in 719 bytes} [Wed Jul 8 23:05:59 2026] GET /v2.0/routers/78b87219-be59-4519-9f0c-bda648149342 => generated 619 bytes in 41 msecs (HTTP/1.1 200) 4 headers in 157 bytes (1 switches on core 0)
2026-07-08 23:05:59.227 9 INFO neutron.db.ovn_revision_numbers_db [None req-9875e675-30a4-4654-aa6b-8b5afea500e4 2dd678c63b6d44f78757522730eb6d57 b9db19fd15ee4904987231fe305734cc - - default default] Successfully bumped revision number for resource 0b00fec9-2eb8-43a9-9c20-bef3be6470d1 (type: networks) to 1
2026-07-08 23:05:59.403 9 WARNING neutron.scheduler.dhcp_agent_scheduler [None req-9875e675-30a4-4654-aa6b-8b5afea500e4 2dd678c63b6d44f78757522730eb6d57 b9db19fd15ee4904987231fe305734cc - - default default] No more DHCP agents
2026-07-08 23:05:59.405 9 WARNING neutron.api.rpc.agentnotifiers.dhcp_rpc_agent_api [None req-9875e675-30a4-4654-aa6b-8b5afea500e4 2dd678c63b6d44f78757522730eb6d57 b9db19fd15ee4904987231fe305734cc - - default default] Unable to schedule network 0b00fec9-2eb8-43a9-9c20-bef3be6470d1: no agents available; will retry on subsequent port and subnet creation events.
2026-07-08 23:05:59.474 8 INFO neutron.plugins.ml2.drivers.ovn.mech_driver.mech_driver [None req-4d8add39-4e0f-4281-a6fa-bfa3993a55a4 - - - - - -] OVN reports status down for port: a724e6e6-b506-4873-9ff4-2a0a154534d0
2026-07-08 23:05:59.484 9 INFO neutron.db.ovn_revision_numbers_db [None req-9875e675-30a4-4654-aa6b-8b5afea500e4 2dd678c63b6d44f78757522730eb6d57 b9db19fd15ee4904987231fe305734cc - - default default] Successfully bumped revision number for resource a724e6e6-b506-4873-9ff4-2a0a154534d0 (type: ports) to 1 [pid: 9|app: 0|req: 990/2114] 10.0.0.78 () {34 vars in 668 bytes} [Wed Jul 8 23:05:58 2026] POST /v2.0/networks => generated 670 bytes in 513 msecs (HTTP/1.1 201) 4 headers in 162 bytes (1 switches on core 0)
2026-07-08 23:05:59.553 8 INFO neutron.db.ovn_revision_numbers_db [None req-6894d5f5-312b-40ce-b9b9-f20af698c6c4 20b89c47afa740249928fedf1ee5eb1a 15decdecfe7043bbb080556961a542ca - - default default] Successfully bumped revision number for resource b9504263-9755-4443-9421-d67960457b95 (type: security_groups) to 1
2026-07-08 23:05:59.581 8 INFO neutron.db.ovn_revision_numbers_db [None req-6894d5f5-312b-40ce-b9b9-f20af698c6c4 20b89c47afa740249928fedf1ee5eb1a 15decdecfe7043bbb080556961a542ca - - default default] Successfully bumped revision number for resource 267c987d-f17e-48d1-b276-dd5d1e6a0bcb (type: security_group_rules) to 0
2026-07-08 23:05:59.598 8 INFO neutron.db.ovn_revision_numbers_db [None req-6894d5f5-312b-40ce-b9b9-f20af698c6c4 20b89c47afa740249928fedf1ee5eb1a 15decdecfe7043bbb080556961a542ca - - default default] Successfully bumped revision number for resource 2dcf58bf-0720-4f7d-918e-9e40ec61d3cb (type: security_group_rules) to 0
2026-07-08 23:05:59.611 8 INFO neutron.db.ovn_revision_numbers_db [None req-6894d5f5-312b-40ce-b9b9-f20af698c6c4 20b89c47afa740249928fedf1ee5eb1a 15decdecfe7043bbb080556961a542ca - - default default] Successfully bumped revision number for resource 326c9bc2-faf7-434b-8531-cc1aad70c0d5 (type: security_group_rules) to 0
2026-07-08 23:05:59.624 8 INFO neutron.db.ovn_revision_numbers_db [None req-6894d5f5-312b-40ce-b9b9-f20af698c6c4 20b89c47afa740249928fedf1ee5eb1a 15decdecfe7043bbb080556961a542ca - - default default] Successfully bumped revision number for resource 33d5569c-ef8c-47da-851f-ef5e0b13820c (type: security_group_rules) to 0
2026-07-08 23:05:59.711 8 INFO neutron.db.segments_db [None req-6894d5f5-312b-40ce-b9b9-f20af698c6c4 20b89c47afa740249928fedf1ee5eb1a 15decdecfe7043bbb080556961a542ca - - default default] Added segment 7e876740-718a-4da2-9322-8245ed44bfee of type geneve for network 94461500-bcfd-4748-b63f-66e3431fef60 [pid: 9|app: 0|req: 991/2115] 10.0.0.78 () {32 vars in 738 bytes} [Wed Jul 8 23:05:59 2026] DELETE /v2.0/security-groups/e4c1db48-bb25-4747-b7fd-c86d6884228a => generated 0 bytes in 206 msecs (HTTP/1.1 204) 2 headers in 112 bytes (1 switches on core 0)
2026-07-08 23:05:59.820 8 INFO neutron.db.ovn_revision_numbers_db [None req-6894d5f5-312b-40ce-b9b9-f20af698c6c4 20b89c47afa740249928fedf1ee5eb1a 15decdecfe7043bbb080556961a542ca - - default default] Successfully bumped revision number for resource 94461500-bcfd-4748-b63f-66e3431fef60 (type: networks) to 1
2026-07-08 23:05:59.993 9 INFO neutron.db.ovn_revision_numbers_db [None req-aa881887-9eba-4bfb-b867-ddf5462e9c29 71145d4c7c9c47848929e5de21d1e7fe 47784efb29d64130a0b2cf9a978d8155 - - default default] Successfully bumped revision number for resource 78b87219-be59-4519-9f0c-bda648149342 (type: routers) to 2
2026-07-08 23:05:59.998 8 WARNING neutron.scheduler.dhcp_agent_scheduler [None req-6894d5f5-312b-40ce-b9b9-f20af698c6c4 20b89c47afa740249928fedf1ee5eb1a 15decdecfe7043bbb080556961a542ca - - default default] No more DHCP agents [pid: 9|app: 0|req: 992/2116] 10.0.0.78 () {34 vars in 740 bytes} [Wed Jul 8 23:05:59 2026] PUT /v2.0/routers/78b87219-be59-4519-9f0c-bda648149342 => generated 619 bytes in 284 msecs (HTTP/1.1 200) 4 headers in 157 bytes (1 switches on core 0)
2026-07-08 23:06:00.000 8 WARNING neutron.api.rpc.agentnotifiers.dhcp_rpc_agent_api [None req-6894d5f5-312b-40ce-b9b9-f20af698c6c4 20b89c47afa740249928fedf1ee5eb1a 15decdecfe7043bbb080556961a542ca - - default default] Unable to schedule network 94461500-bcfd-4748-b63f-66e3431fef60: no agents available; will retry on subsequent port and subnet creation events.
2026-07-08 23:06:00.069 9 INFO neutron.plugins.ml2.drivers.ovn.mech_driver.mech_driver [None req-1b9ac2ab-c534-47e1-ba0e-0442ce68c342 - - - - - -] OVN reports status down for port: 11ea0b1e-9538-4eb4-b948-e2efbcb70993 [pid: 9|app: 0|req: 993/2117] 10.0.0.78 () {34 vars in 751 bytes} [Wed Jul 8 23:05:59 2026] PUT /v2.0/networks/175ebbad-0fc9-4e15-be89-c3712ac9132c/tags => generated 25 bytes in 95 msecs (HTTP/1.1 200) 4 headers in 156 bytes (1 switches on core 0)
2026-07-08 23:06:00.095 8 INFO neutron.db.ovn_revision_numbers_db [None req-6894d5f5-312b-40ce-b9b9-f20af698c6c4 20b89c47afa740249928fedf1ee5eb1a 15decdecfe7043bbb080556961a542ca - - default default] Successfully bumped revision number for resource 11ea0b1e-9538-4eb4-b948-e2efbcb70993 (type: ports) to 1 [pid: 9|app: 0|req: 994/2118] 10.0.0.78 () {32 vars in 734 bytes} [Wed Jul 8 23:06:00 2026] GET /v2.0/ports?device_id=78b87219-be59-4519-9f0c-bda648149342 => generated 12 bytes in 26 msecs (HTTP/1.1 200) 4 headers in 156 bytes (1 switches on core 0) [pid: 8|app: 0|req: 1125/2119] 10.0.0.78 () {34 vars in 669 bytes} [Wed Jul 8 23:05:59 2026] POST /v2.0/networks => generated 671 bytes in 976 msecs (HTTP/1.1 201) 4 headers in 162 bytes (1 switches on core 0) [pid: 9|app: 0|req: 995/2120] 10.0.0.78 () {32 vars in 731 bytes} [Wed Jul 8 23:06:00 2026] GET /v2.0/networks/175ebbad-0fc9-4e15-be89-c3712ac9132c/tags => generated 25 bytes in 75 msecs (HTTP/1.1 200) 4 headers in 156 bytes (1 switches on core 0) [pid: 9|app: 0|req: 996/2121] 10.0.0.78 () {32 vars in 722 bytes} [Wed Jul 8 23:06:00 2026] DELETE /v2.0/routers/78b87219-be59-4519-9f0c-bda648149342 => generated 0 bytes in 189 msecs (HTTP/1.1 204) 2 headers in 112 bytes (1 switches on core 0) [pid: 9|app: 0|req: 997/2122] 10.0.0.78 () {34 vars in 751 bytes} [Wed Jul 8 23:06:00 2026] PUT /v2.0/networks/0b00fec9-2eb8-43a9-9c20-bef3be6470d1/tags => generated 17 bytes in 58 msecs (HTTP/1.1 200) 4 headers in 156 bytes (1 switches on core 0) [pid: 9|app: 0|req: 998/2123] 10.0.0.78 () {32 vars in 719 bytes} [Wed Jul 8 23:06:00 2026] GET /v2.0/routers/79c0b6a4-2096-4c99-ab9c-41dd2e97a6a9 => generated 604 bytes in 49 msecs (HTTP/1.1 200) 4 headers in 157 bytes (1 switches on core 0)
2026-07-08 23:06:00.538 8 WARNING neutron.scheduler.dhcp_agent_scheduler [None req-ce16e002-682b-42ed-a4b9-db386e29927c 20b89c47afa740249928fedf1ee5eb1a 15decdecfe7043bbb080556961a542ca - - default default] No more DHCP agents
2026-07-08 23:06:00.540 8 WARNING neutron.api.rpc.agentnotifiers.dhcp_rpc_agent_api [None req-ce16e002-682b-42ed-a4b9-db386e29927c 20b89c47afa740249928fedf1ee5eb1a 15decdecfe7043bbb080556961a542ca - - default default] Unable to schedule network abdd0b7d-73b1-4854-866c-2e517f3aef6c: no agents available; will retry on subsequent port and subnet creation events. [pid: 9|app: 0|req: 999/2124] 10.0.0.78 () {32 vars in 731 bytes} [Wed Jul 8 23:06:00 2026] GET /v2.0/networks/0b00fec9-2eb8-43a9-9c20-bef3be6470d1/tags => generated 17 bytes in 48 msecs (HTTP/1.1 200) 4 headers in 156 bytes (1 switches on core 0)
2026-07-08 23:06:00.680 9 INFO neutron.plugins.ml2.drivers.ovn.mech_driver.mech_driver [None req-1b9ac2ab-c534-47e1-ba0e-0442ce68c342 - - - - - -] OVN reports status down for port: eceda9c0-1e45-433a-ab13-d71703de8f65
2026-07-08 23:06:00.692 8 INFO neutron.db.ovn_revision_numbers_db [None req-ce16e002-682b-42ed-a4b9-db386e29927c 20b89c47afa740249928fedf1ee5eb1a 15decdecfe7043bbb080556961a542ca - - default default] Successfully bumped revision number for resource eceda9c0-1e45-433a-ab13-d71703de8f65 (type: ports) to 1
2026-07-08 23:06:00.921 9 INFO neutron.db.ovn_revision_numbers_db [None req-1b4380a3-1370-47ef-a225-cbcb509633c1 71145d4c7c9c47848929e5de21d1e7fe 47784efb29d64130a0b2cf9a978d8155 - - default default] Successfully bumped revision number for resource 79c0b6a4-2096-4c99-ab9c-41dd2e97a6a9 (type: routers) to 2 [pid: 9|app: 0|req: 1000/2125] 10.0.0.78 () {34 vars in 740 bytes} [Wed Jul 8 23:06:00 2026] PUT /v2.0/routers/79c0b6a4-2096-4c99-ab9c-41dd2e97a6a9 => generated 604 bytes in 382 msecs (HTTP/1.1 200) 4 headers in 157 bytes (1 switches on core 0) [pid: 9|app: 0|req: 1001/2126] 10.0.0.78 () {34 vars in 751 bytes} [Wed Jul 8 23:06:00 2026] PUT /v2.0/networks/0b00fec9-2eb8-43a9-9c20-bef3be6470d1/tags => generated 12 bytes in 63 msecs (HTTP/1.1 200) 4 headers in 156 bytes (1 switches on core 0) [pid: 9|app: 0|req: 1002/2127] 10.0.0.78 () {32 vars in 734 bytes} [Wed Jul 8 23:06:00 2026] GET /v2.0/ports?device_id=79c0b6a4-2096-4c99-ab9c-41dd2e97a6a9 => generated 12 bytes in 18 msecs (HTTP/1.1 200) 4 headers in 156 bytes (1 switches on core 0) [pid: 9|app: 0|req: 1003/2128] 10.0.0.78 () {32 vars in 731 bytes} [Wed Jul 8 23:06:01 2026] GET /v2.0/networks/0b00fec9-2eb8-43a9-9c20-bef3be6470d1/tags => generated 12 bytes in 52 msecs (HTTP/1.1 200) 4 headers in 156 bytes (1 switches on core 0) [pid: 9|app: 0|req: 1004/2129] 10.0.0.78 () {32 vars in 722 bytes} [Wed Jul 8 23:06:01 2026] DELETE /v2.0/routers/79c0b6a4-2096-4c99-ab9c-41dd2e97a6a9 => generated 0 bytes in 214 msecs (HTTP/1.1 204) 2 headers in 112 bytes (1 switches on core 0)
2026-07-08 23:06:01.316 8 INFO neutron.plugins.ml2.drivers.ovn.mech_driver.ovsdb.ovsdb_monitor [None req-e7e2605a-843c-4082-b7e2-c54e01661b28 - - - - - -] Router 1a837e36-47fd-4def-9bf1-3807e8540f5c is bound to host instance
2026-07-08 23:06:01.381 8 INFO neutron.db.ovn_revision_numbers_db [None req-ce16e002-682b-42ed-a4b9-db386e29927c 20b89c47afa740249928fedf1ee5eb1a 15decdecfe7043bbb080556961a542ca - - default default] Successfully bumped revision number for resource eceda9c0-1e45-433a-ab13-d71703de8f65 (type: router_ports) to 1 [pid: 9|app: 0|req: 1005/2130] 10.0.0.78 () {32 vars in 731 bytes} [Wed Jul 8 23:06:01 2026] GET /v2.0/networks/175ebbad-0fc9-4e15-be89-c3712ac9132c/tags => generated 25 bytes in 113 msecs (HTTP/1.1 200) 4 headers in 156 bytes (1 switches on core 0)
2026-07-08 23:06:01.413 9 INFO neutron.plugins.ml2.drivers.ovn.mech_driver.mech_driver [None req-1b9ac2ab-c534-47e1-ba0e-0442ce68c342 - - - - - -] OVN reports status up for port: eceda9c0-1e45-433a-ab13-d71703de8f65
2026-07-08 23:06:01.440 9 INFO neutron.plugins.ml2.plugin [None req-1b9ac2ab-c534-47e1-ba0e-0442ce68c342 - - - - - -] Attempt 1 to provision port eceda9c0-1e45-433a-ab13-d71703de8f65 [pid: 9|app: 0|req: 1006/2131] 10.0.0.78 () {32 vars in 719 bytes} [Wed Jul 8 23:06:01 2026] GET /v2.0/routers/54da0a0a-09c9-40d5-aa69-03b85f006167 => generated 597 bytes in 54 msecs (HTTP/1.1 200) 4 headers in 157 bytes (1 switches on core 0)
2026-07-08 23:06:01.512 8 INFO neutron.db.ovn_revision_numbers_db [None req-ce16e002-682b-42ed-a4b9-db386e29927c 20b89c47afa740249928fedf1ee5eb1a 15decdecfe7043bbb080556961a542ca - - default default] Successfully bumped revision number for resource 1a837e36-47fd-4def-9bf1-3807e8540f5c (type: routers) to 2 [pid: 8|app: 0|req: 1126/2132] 10.0.0.78 () {34 vars in 667 bytes} [Wed Jul 8 23:06:00 2026] POST /v2.0/routers => generated 976 bytes in 1420 msecs (HTTP/1.1 201) 4 headers in 162 bytes (1 switches on core 0)
2026-07-08 23:06:01.612 9 INFO neutron_taas.services.taas.taas_plugin [None req-c44d59b6-1d82-45b5-890e-bc464be68ab5 2dd678c63b6d44f78757522730eb6d57 b9db19fd15ee4904987231fe305734cc - - default default] TaaS: Handle Delete Port: b16b54bb-193e-447c-8f60-3b6785e2904c
2026-07-08 23:06:01.615 9 INFO neutron_taas.services.taas.tap_mirror_plugin [None req-c44d59b6-1d82-45b5-890e-bc464be68ab5 2dd678c63b6d44f78757522730eb6d57 b9db19fd15ee4904987231fe305734cc - - default default] Tap Mirror: Handle Delete Port: b16b54bb-193e-447c-8f60-3b6785e2904c
2026-07-08 23:06:01.828 9 INFO neutron.services.segments.plugin [-] Segment 51bd3664-311b-4dfd-a190-7314b41d8b81 resource provider aggregate not found
2026-07-08 23:06:01.831 9 INFO neutron.services.segments.plugin [-] Segment 51bd3664-311b-4dfd-a190-7314b41d8b81 resource provider aggregate not found
2026-07-08 23:06:01.849 9 INFO neutron.services.segments.plugin [-] Client error retrieving segment 51bd3664-311b-4dfd-a190-7314b41d8b81 resource provider; error: Placement Client Error (4xx): {"errors": [{"status": 404, "title": "Not Found", "detail": "The resource could not be found.\n\n No resource provider with uuid 51bd3664-311b-4dfd-a190-7314b41d8b81 found for delete ", "request_id": "req-78c9ff48-688a-40ed-9a33-04b01b95214a"}]}
2026-07-08 23:06:01.856 9 INFO neutron.services.segments.plugin [-] Client error retrieving segment 51bd3664-311b-4dfd-a190-7314b41d8b81 resource provider; error: Placement Client Error (4xx): {"errors": [{"status": 404, "title": "Not Found", "detail": "The resource could not be found.\n\n No resource provider with uuid 51bd3664-311b-4dfd-a190-7314b41d8b81 found for delete ", "request_id": "req-023483be-5b43-4f08-951a-4f3a3587114e"}]} [pid: 9|app: 0|req: 1007/2133] 10.0.0.78 () {32 vars in 724 bytes} [Wed Jul 8 23:06:01 2026] DELETE /v2.0/networks/175ebbad-0fc9-4e15-be89-c3712ac9132c => generated 0 bytes in 443 msecs (HTTP/1.1 204) 3 headers in 131 bytes (1 switches on core 0) [pid: 8|app: 0|req: 1127/2134] 10.0.0.78 () {34 vars in 740 bytes} [Wed Jul 8 23:06:01 2026] PUT /v2.0/routers/54da0a0a-09c9-40d5-aa69-03b85f006167 => generated 597 bytes in 453 msecs (HTTP/1.1 200) 4 headers in 157 bytes (1 switches on core 0) [pid: 9|app: 0|req: 1008/2135] 10.0.0.78 () {32 vars in 774 bytes} [Wed Jul 8 23:06:01 2026] GET /v2.0/subnets?project_id=15decdecfe7043bbb080556961a542ca&cidr=10.100.0.0%2F28 => generated 14 bytes in 228 msecs (HTTP/1.1 200) 4 headers in 156 bytes (1 switches on core 0) [pid: 9|app: 0|req: 1009/2136] 10.0.0.78 () {32 vars in 734 bytes} [Wed Jul 8 23:06:02 2026] GET /v2.0/ports?device_id=54da0a0a-09c9-40d5-aa69-03b85f006167 => generated 12 bytes in 24 msecs (HTTP/1.1 200) 4 headers in 156 bytes (1 switches on core 0) [pid: 9|app: 0|req: 1010/2137] 10.0.0.78 () {32 vars in 692 bytes} [Wed Jul 8 23:06:02 2026] GET /v2.0/networks?router%3Aexternal=True => generated 791 bytes in 57 msecs (HTTP/1.1 200) 4 headers in 157 bytes (1 switches on core 0)
2026-07-08 23:06:02.294 8 INFO neutron_taas.services.taas.taas_plugin [None req-02bdcc56-0e84-4c39-9f09-d96f8e17b0d4 2dd678c63b6d44f78757522730eb6d57 b9db19fd15ee4904987231fe305734cc - - default default] TaaS: Handle Delete Port: a724e6e6-b506-4873-9ff4-2a0a154534d0
2026-07-08 23:06:02.302 8 INFO neutron_taas.services.taas.tap_mirror_plugin [None req-02bdcc56-0e84-4c39-9f09-d96f8e17b0d4 2dd678c63b6d44f78757522730eb6d57 b9db19fd15ee4904987231fe305734cc - - default default] Tap Mirror: Handle Delete Port: a724e6e6-b506-4873-9ff4-2a0a154534d0 [pid: 9|app: 0|req: 1011/2138] 10.0.0.78 () {32 vars in 722 bytes} [Wed Jul 8 23:06:02 2026] DELETE /v2.0/routers/54da0a0a-09c9-40d5-aa69-03b85f006167 => generated 0 bytes in 201 msecs (HTTP/1.1 204) 2 headers in 112 bytes (1 switches on core 0) [pid: 9|app: 0|req: 1012/2139] 10.0.0.78 () {32 vars in 782 bytes} [Wed Jul 8 23:06:02 2026] GET /v2.0/subnets?network_id=abdd0b7d-73b1-4854-866c-2e517f3aef6c&cidr=10.100.0.0%2F28 => generated 14 bytes in 20 msecs (HTTP/1.1 200) 4 headers in 156 bytes (1 switches on core 0)
2026-07-08 23:06:02.600 9 WARNING neutron.scheduler.dhcp_agent_scheduler [None req-a3b8ecfa-a075-4271-94b7-00cb8a94972a 20b89c47afa740249928fedf1ee5eb1a 15decdecfe7043bbb080556961a542ca - - default default] No more DHCP agents
2026-07-08 23:06:02.601 9 WARNING neutron.api.rpc.agentnotifiers.dhcp_rpc_agent_api [None req-a3b8ecfa-a075-4271-94b7-00cb8a94972a 20b89c47afa740249928fedf1ee5eb1a 15decdecfe7043bbb080556961a542ca - - default default] Unable to schedule network 94461500-bcfd-4748-b63f-66e3431fef60: no agents available; will retry on subsequent port and subnet creation events.
2026-07-08 23:06:02.639 8 INFO neutron.services.segments.plugin [-] Segment 99251d31-68e9-49fa-99d0-a82ff571b2f1 resource provider aggregate not found
2026-07-08 23:06:02.645 8 INFO neutron.services.segments.plugin [-] Segment 99251d31-68e9-49fa-99d0-a82ff571b2f1 resource provider aggregate not found
2026-07-08 23:06:02.661 8 INFO neutron.services.segments.plugin [-] Client error retrieving segment 99251d31-68e9-49fa-99d0-a82ff571b2f1 resource provider; error: Placement Client Error (4xx): {"errors": [{"status": 404, "title": "Not Found", "detail": "The resource could not be found.\n\n No resource provider with uuid 99251d31-68e9-49fa-99d0-a82ff571b2f1 found for delete ", "request_id": "req-d9fbe522-279f-4d66-8f73-4080f89746c5"}]}
2026-07-08 23:06:02.666 8 INFO neutron.services.segments.plugin [-] Client error retrieving segment 99251d31-68e9-49fa-99d0-a82ff571b2f1 resource provider; error: Placement Client Error (4xx): {"errors": [{"status": 404, "title": "Not Found", "detail": "The resource could not be found.\n\n No resource provider with uuid 99251d31-68e9-49fa-99d0-a82ff571b2f1 found for delete ", "request_id": "req-43c3f81d-afaf-4643-8442-5c7865b5ed75"}]} [pid: 8|app: 0|req: 1128/2140] 10.0.0.78 () {32 vars in 724 bytes} [Wed Jul 8 23:06:02 2026] DELETE /v2.0/networks/0b00fec9-2eb8-43a9-9c20-bef3be6470d1 => generated 0 bytes in 745 msecs (HTTP/1.1 204) 3 headers in 131 bytes (1 switches on core 0)
2026-07-08 23:06:02.850 8 INFO neutron.db.ovn_revision_numbers_db [None req-f80d9b18-2ee8-488c-9ce5-0d059c3d23eb - - - - - -] Successfully bumped revision number for resource eceda9c0-1e45-433a-ab13-d71703de8f65 (type: ports) to 4
2026-07-08 23:06:03.165 8 INFO neutron.db.ovn_revision_numbers_db [None req-f80d9b18-2ee8-488c-9ce5-0d059c3d23eb - - - - - -] Successfully bumped revision number for resource eceda9c0-1e45-433a-ab13-d71703de8f65 (type: ports) to 5
2026-07-08 23:06:03.176 9 INFO neutron.db.ovn_revision_numbers_db [None req-a3b8ecfa-a075-4271-94b7-00cb8a94972a 20b89c47afa740249928fedf1ee5eb1a 15decdecfe7043bbb080556961a542ca - - default default] Successfully bumped revision number for resource 11ea0b1e-9538-4eb4-b948-e2efbcb70993 (type: ports) to 2
2026-07-08 23:06:03.215 9 INFO neutron.db.ovn_revision_numbers_db [None req-a3b8ecfa-a075-4271-94b7-00cb8a94972a 20b89c47afa740249928fedf1ee5eb1a 15decdecfe7043bbb080556961a542ca - - default default] Successfully bumped revision number for resource 0511d243-c900-4384-af80-3dac9f5fff69 (type: subnets) to 0 [pid: 9|app: 0|req: 1013/2141] 10.0.0.78 () {34 vars in 667 bytes} [Wed Jul 8 23:06:02 2026] POST /v2.0/subnets => generated 656 bytes in 810 msecs (HTTP/1.1 201) 4 headers in 162 bytes (1 switches on core 0)
2026-07-08 23:06:03.439 9 WARNING neutron.db.securitygroups_db [None req-e6dad653-3fef-4d90-8eb0-ae78d91a2b0a f8e45d4120f94729a2dfb6e0b65b6a49 99a1847dc3b64298a577afc74c46ed01 - - default default] project_id key not found in filters, using tenant_id instead. This support has been deprecated and will be removed in a future release.
2026-07-08 23:06:03.548 9 INFO neutron.db.ovn_revision_numbers_db [None req-e6dad653-3fef-4d90-8eb0-ae78d91a2b0a f8e45d4120f94729a2dfb6e0b65b6a49 99a1847dc3b64298a577afc74c46ed01 - - default default] Successfully bumped revision number for resource 7d6ab04a-1983-4327-a1a8-9e5213aef381 (type: security_groups) to 1
2026-07-08 23:06:03.557 9 INFO neutron.db.ovn_revision_numbers_db [None req-e6dad653-3fef-4d90-8eb0-ae78d91a2b0a f8e45d4120f94729a2dfb6e0b65b6a49 99a1847dc3b64298a577afc74c46ed01 - - default default] Successfully bumped revision number for resource 41a92c54-1dbc-43f4-9f38-3ee9c4be45f1 (type: security_group_rules) to 0
2026-07-08 23:06:03.568 9 INFO neutron.db.ovn_revision_numbers_db [None req-e6dad653-3fef-4d90-8eb0-ae78d91a2b0a f8e45d4120f94729a2dfb6e0b65b6a49 99a1847dc3b64298a577afc74c46ed01 - - default default] Successfully bumped revision number for resource 8e07b73e-e4ff-45d6-a871-9a5e84ca2cdc (type: security_group_rules) to 0
2026-07-08 23:06:03.581 9 INFO neutron.db.ovn_revision_numbers_db [None req-e6dad653-3fef-4d90-8eb0-ae78d91a2b0a f8e45d4120f94729a2dfb6e0b65b6a49 99a1847dc3b64298a577afc74c46ed01 - - default default] Successfully bumped revision number for resource adf20d91-5f1a-4e2c-be0c-d11373dc8ba0 (type: security_group_rules) to 0
2026-07-08 23:06:03.592 9 INFO neutron.db.ovn_revision_numbers_db [None req-e6dad653-3fef-4d90-8eb0-ae78d91a2b0a f8e45d4120f94729a2dfb6e0b65b6a49 99a1847dc3b64298a577afc74c46ed01 - - default default] Successfully bumped revision number for resource beaa4fa2-499e-489b-bf14-649cd815d3d9 (type: security_group_rules) to 0 [pid: 9|app: 0|req: 1014/2142] 10.0.0.78 () {32 vars in 772 bytes} [Wed Jul 8 23:06:03 2026] GET /v2.0/security-groups?tenant_id=47784efb29d64130a0b2cf9a978d8155&name=default => generated 2925 bytes in 324 msecs (HTTP/1.1 200) 4 headers in 158 bytes (1 switches on core 0)
2026-07-08 23:06:03.655 9 WARNING neutron.db.securitygroups_db [None req-19c0bd8d-939e-4369-9c69-ea7e150d28fa f8e45d4120f94729a2dfb6e0b65b6a49 99a1847dc3b64298a577afc74c46ed01 - - default default] project_id key not found in filters, using tenant_id instead. This support has been deprecated and will be removed in a future release. [pid: 9|app: 0|req: 1015/2143] 10.0.0.78 () {32 vars in 772 bytes} [Wed Jul 8 23:06:03 2026] GET /v2.0/security-groups?tenant_id=b9db19fd15ee4904987231fe305734cc&name=default => generated 2925 bytes in 52 msecs (HTTP/1.1 200) 4 headers in 158 bytes (1 switches on core 0)
2026-07-08 23:06:03.757 8 WARNING neutron.scheduler.dhcp_agent_scheduler [None req-ce4c9c5a-4b2e-4039-a65c-0924912d1f09 20b89c47afa740249928fedf1ee5eb1a 15decdecfe7043bbb080556961a542ca - - default default] No more DHCP agents
2026-07-08 23:06:03.758 8 WARNING neutron.api.rpc.agentnotifiers.dhcp_rpc_agent_api [None req-ce4c9c5a-4b2e-4039-a65c-0924912d1f09 20b89c47afa740249928fedf1ee5eb1a 15decdecfe7043bbb080556961a542ca - - default default] Unable to schedule network 94461500-bcfd-4748-b63f-66e3431fef60: no agents available; will retry on subsequent port and subnet creation events. [pid: 9|app: 0|req: 1016/2144] 10.0.0.78 () {32 vars in 738 bytes} [Wed Jul 8 23:06:03 2026] DELETE /v2.0/security-groups/7d6ab04a-1983-4327-a1a8-9e5213aef381 => generated 0 bytes in 159 msecs (HTTP/1.1 204) 2 headers in 112 bytes (1 switches on core 0)
2026-07-08 23:06:03.861 8 INFO neutron.plugins.ml2.drivers.ovn.mech_driver.mech_driver [None req-4d8add39-4e0f-4281-a6fa-bfa3993a55a4 - - - - - -] OVN reports status down for port: 0385d264-36f7-4d14-9593-6814fab24dd5
2026-07-08 23:06:03.924 8 INFO neutron.db.ovn_revision_numbers_db [None req-ce4c9c5a-4b2e-4039-a65c-0924912d1f09 20b89c47afa740249928fedf1ee5eb1a 15decdecfe7043bbb080556961a542ca - - default default] Successfully bumped revision number for resource 0385d264-36f7-4d14-9593-6814fab24dd5 (type: ports) to 1 [pid: 9|app: 0|req: 1017/2145] 10.0.0.78 () {32 vars in 738 bytes} [Wed Jul 8 23:06:03 2026] DELETE /v2.0/security-groups/5b318da6-2550-46bf-8115-1d85ed85f6c4 => generated 0 bytes in 176 msecs (HTTP/1.1 204) 2 headers in 112 bytes (1 switches on core 0)
2026-07-08 23:06:04.020 9 WARNING neutron.db.securitygroups_db [None req-d98e608e-b59a-4b2d-8c9c-834d6d916a5e f8e45d4120f94729a2dfb6e0b65b6a49 99a1847dc3b64298a577afc74c46ed01 - - default default] project_id key not found in filters, using tenant_id instead. This support has been deprecated and will be removed in a future release.
2026-07-08 23:06:04.187 9 INFO neutron.db.ovn_revision_numbers_db [None req-d98e608e-b59a-4b2d-8c9c-834d6d916a5e f8e45d4120f94729a2dfb6e0b65b6a49 99a1847dc3b64298a577afc74c46ed01 - - default default] Successfully bumped revision number for resource 73855979-5d93-4a4e-9a70-6600d45f4a48 (type: security_groups) to 1
2026-07-08 23:06:04.206 9 INFO neutron.db.ovn_revision_numbers_db [None req-d98e608e-b59a-4b2d-8c9c-834d6d916a5e f8e45d4120f94729a2dfb6e0b65b6a49 99a1847dc3b64298a577afc74c46ed01 - - default default] Successfully bumped revision number for resource 3c024600-61f2-4751-8a22-9f1318d42340 (type: security_group_rules) to 0
2026-07-08 23:06:04.221 9 INFO neutron.db.ovn_revision_numbers_db [None req-d98e608e-b59a-4b2d-8c9c-834d6d916a5e f8e45d4120f94729a2dfb6e0b65b6a49 99a1847dc3b64298a577afc74c46ed01 - - default default] Successfully bumped revision number for resource 4b8e1c09-c60b-42a2-8603-af3e610d41eb (type: security_group_rules) to 0
2026-07-08 23:06:04.234 9 INFO neutron.db.ovn_revision_numbers_db [None req-d98e608e-b59a-4b2d-8c9c-834d6d916a5e f8e45d4120f94729a2dfb6e0b65b6a49 99a1847dc3b64298a577afc74c46ed01 - - default default] Successfully bumped revision number for resource 6fbc45c6-edc7-4797-9101-38685e847d4a (type: security_group_rules) to 0
2026-07-08 23:06:04.246 9 INFO neutron.db.ovn_revision_numbers_db [None req-d98e608e-b59a-4b2d-8c9c-834d6d916a5e f8e45d4120f94729a2dfb6e0b65b6a49 99a1847dc3b64298a577afc74c46ed01 - - default default] Successfully bumped revision number for resource 9b28d336-83bf-471a-9186-468d08668f73 (type: security_group_rules) to 0 [pid: 9|app: 0|req: 1018/2146] 10.0.0.78 () {32 vars in 772 bytes} [Wed Jul 8 23:06:04 2026] GET /v2.0/security-groups?tenant_id=5ada175f69a244fb926aa3361cebe2e3&name=default => generated 2925 bytes in 270 msecs (HTTP/1.1 200) 4 headers in 158 bytes (1 switches on core 0)
2026-07-08 23:06:04.597 9 INFO neutron.db.ovn_revision_numbers_db [None req-5924f5da-ad6e-4203-9feb-869efb82d730 4a753283a98a4e939f903b541a31763b e2fd18e157694d5cbbad440b0635d8e1 - - default default] Successfully bumped revision number for resource 4c04e0f8-934d-4705-b091-92792d2ed8b9 (type: security_groups) to 1
2026-07-08 23:06:04.608 9 INFO neutron.db.ovn_revision_numbers_db [None req-5924f5da-ad6e-4203-9feb-869efb82d730 4a753283a98a4e939f903b541a31763b e2fd18e157694d5cbbad440b0635d8e1 - - default default] Successfully bumped revision number for resource 0db75e56-c03d-4fdd-8868-7e50f922c177 (type: security_group_rules) to 0
2026-07-08 23:06:04.620 9 INFO neutron.db.ovn_revision_numbers_db [None req-5924f5da-ad6e-4203-9feb-869efb82d730 4a753283a98a4e939f903b541a31763b e2fd18e157694d5cbbad440b0635d8e1 - - default default] Successfully bumped revision number for resource 2fa2fa8d-c96a-4d26-a79a-b4ffbd72b7bc (type: security_group_rules) to 0
2026-07-08 23:06:04.634 9 INFO neutron.db.ovn_revision_numbers_db [None req-5924f5da-ad6e-4203-9feb-869efb82d730 4a753283a98a4e939f903b541a31763b e2fd18e157694d5cbbad440b0635d8e1 - - default default] Successfully bumped revision number for resource 732dcaff-0956-462e-9706-fb414ac98e63 (type: security_group_rules) to 0
2026-07-08 23:06:04.647 9 INFO neutron.db.ovn_revision_numbers_db [None req-5924f5da-ad6e-4203-9feb-869efb82d730 4a753283a98a4e939f903b541a31763b e2fd18e157694d5cbbad440b0635d8e1 - - default default] Successfully bumped revision number for resource bfdacbc2-f289-42b5-bfab-33377336fc20 (type: security_group_rules) to 0
2026-07-08 23:06:04.711 8 INFO neutron.plugins.ml2.drivers.ovn.mech_driver.mech_driver [None req-4d8add39-4e0f-4281-a6fa-bfa3993a55a4 - - - - - -] OVN reports status up for port: 0385d264-36f7-4d14-9593-6814fab24dd5
2026-07-08 23:06:04.726 9 INFO neutron.db.segments_db [None req-5924f5da-ad6e-4203-9feb-869efb82d730 4a753283a98a4e939f903b541a31763b e2fd18e157694d5cbbad440b0635d8e1 - - default default] Added segment 1cb9bb62-58ac-48d3-acc2-5561fdaacbf4 of type geneve for network 10a15b26-8eb7-4062-809c-d8d3893d1c02
2026-07-08 23:06:04.739 8 INFO neutron.plugins.ml2.plugin [None req-4d8add39-4e0f-4281-a6fa-bfa3993a55a4 - - - - - -] Attempt 1 to provision port 0385d264-36f7-4d14-9593-6814fab24dd5
2026-07-08 23:06:04.855 9 INFO neutron.db.ovn_revision_numbers_db [None req-5924f5da-ad6e-4203-9feb-869efb82d730 4a753283a98a4e939f903b541a31763b e2fd18e157694d5cbbad440b0635d8e1 - - default default] Successfully bumped revision number for resource 10a15b26-8eb7-4062-809c-d8d3893d1c02 (type: networks) to 1
2026-07-08 23:06:04.872 8 WARNING neutron.scheduler.dhcp_agent_scheduler [None req-ce4c9c5a-4b2e-4039-a65c-0924912d1f09 20b89c47afa740249928fedf1ee5eb1a 15decdecfe7043bbb080556961a542ca - - default default] No more DHCP agents
2026-07-08 23:06:04.874 8 WARNING neutron.api.rpc.agentnotifiers.dhcp_rpc_agent_api [None req-ce4c9c5a-4b2e-4039-a65c-0924912d1f09 20b89c47afa740249928fedf1ee5eb1a 15decdecfe7043bbb080556961a542ca - - default default] Unable to schedule network 94461500-bcfd-4748-b63f-66e3431fef60: no agents available; will retry on subsequent port and subnet creation events.
2026-07-08 23:06:05.018 9 WARNING neutron.scheduler.dhcp_agent_scheduler [None req-5924f5da-ad6e-4203-9feb-869efb82d730 4a753283a98a4e939f903b541a31763b e2fd18e157694d5cbbad440b0635d8e1 - - default default] No more DHCP agents
2026-07-08 23:06:05.019 9 WARNING neutron.api.rpc.agentnotifiers.dhcp_rpc_agent_api [None req-5924f5da-ad6e-4203-9feb-869efb82d730 4a753283a98a4e939f903b541a31763b e2fd18e157694d5cbbad440b0635d8e1 - - default default] Unable to schedule network 10a15b26-8eb7-4062-809c-d8d3893d1c02: no agents available; will retry on subsequent port and subnet creation events.
2026-07-08 23:06:05.107 9 INFO neutron.db.ovn_revision_numbers_db [None req-5924f5da-ad6e-4203-9feb-869efb82d730 4a753283a98a4e939f903b541a31763b e2fd18e157694d5cbbad440b0635d8e1 - - default default] Successfully bumped revision number for resource 719ddb9d-a590-4343-9d46-f7b2e3132699 (type: ports) to 1 [pid: 9|app: 0|req: 1019/2147] 10.0.0.78 () {34 vars in 668 bytes} [Wed Jul 8 23:06:04 2026] POST /v2.0/networks => generated 669 bytes in 868 msecs (HTTP/1.1 201) 4 headers in 162 bytes (1 switches on core 0)
2026-07-08 23:06:05.158 9 WARNING neutron.db.securitygroups_db [None req-bce1eed9-74bb-4ea2-b5f8-8632d1115cf0 f8e45d4120f94729a2dfb6e0b65b6a49 99a1847dc3b64298a577afc74c46ed01 - - default default] project_id key not found in filters, using tenant_id instead. This support has been deprecated and will be removed in a future release.
2026-07-08 23:06:05.299 9 INFO neutron.db.ovn_revision_numbers_db [None req-bce1eed9-74bb-4ea2-b5f8-8632d1115cf0 f8e45d4120f94729a2dfb6e0b65b6a49 99a1847dc3b64298a577afc74c46ed01 - - default default] Successfully bumped revision number for resource da0472d4-06c0-445a-8d5f-e1f382b3e7c2 (type: security_groups) to 1
2026-07-08 23:06:05.312 9 INFO neutron.db.ovn_revision_numbers_db [None req-bce1eed9-74bb-4ea2-b5f8-8632d1115cf0 f8e45d4120f94729a2dfb6e0b65b6a49 99a1847dc3b64298a577afc74c46ed01 - - default default] Successfully bumped revision number for resource 01f83f63-71a5-4a34-b627-3775f49a479f (type: security_group_rules) to 0
2026-07-08 23:06:05.323 9 INFO neutron.db.ovn_revision_numbers_db [None req-bce1eed9-74bb-4ea2-b5f8-8632d1115cf0 f8e45d4120f94729a2dfb6e0b65b6a49 99a1847dc3b64298a577afc74c46ed01 - - default default] Successfully bumped revision number for resource 2a9d623d-3906-4707-ae27-97d545b8081d (type: security_group_rules) to 0
2026-07-08 23:06:05.335 9 INFO neutron.db.ovn_revision_numbers_db [None req-bce1eed9-74bb-4ea2-b5f8-8632d1115cf0 f8e45d4120f94729a2dfb6e0b65b6a49 99a1847dc3b64298a577afc74c46ed01 - - default default] Successfully bumped revision number for resource 671e4150-f959-49b4-b72f-dbdc8a9e76a9 (type: security_group_rules) to 0
2026-07-08 23:06:05.348 9 INFO neutron.db.ovn_revision_numbers_db [None req-bce1eed9-74bb-4ea2-b5f8-8632d1115cf0 f8e45d4120f94729a2dfb6e0b65b6a49 99a1847dc3b64298a577afc74c46ed01 - - default default] Successfully bumped revision number for resource d78f8a3d-ac62-4908-9f89-b8119d7245ca (type: security_group_rules) to 0 [pid: 9|app: 0|req: 1020/2148] 10.0.0.78 () {32 vars in 772 bytes} [Wed Jul 8 23:06:05 2026] GET /v2.0/security-groups?tenant_id=0125b8a8b20048cdb2239c1081df79ec&name=default => generated 2925 bytes in 248 msecs (HTTP/1.1 200) 4 headers in 158 bytes (1 switches on core 0)
2026-07-08 23:06:05.470 9 INFO neutron.common.ovn.utils [None req-1b9ac2ab-c534-47e1-ba0e-0442ce68c342 - - - - - -] HA Chassis Group neutron-94461500-bcfd-4748-b63f-66e3431fef60 synchronized; highest priority chassis 74e0075d-5762-4988-bb9b-aa789db18494
2026-07-08 23:06:05.578 8 INFO neutron.db.ovn_revision_numbers_db [None req-ce4c9c5a-4b2e-4039-a65c-0924912d1f09 20b89c47afa740249928fedf1ee5eb1a 15decdecfe7043bbb080556961a542ca - - default default] Successfully bumped revision number for resource 0385d264-36f7-4d14-9593-6814fab24dd5 (type: router_ports) to 1 [pid: 8|app: 0|req: 1129/2149] 10.0.0.78 () {34 vars in 781 bytes} [Wed Jul 8 23:06:03 2026] PUT /v2.0/routers/1a837e36-47fd-4def-9bf1-3807e8540f5c/add_router_interface => generated 310 bytes in 2348 msecs (HTTP/1.1 200) 4 headers in 157 bytes (1 switches on core 0) [pid: 9|app: 0|req: 1021/2150] 10.0.0.78 () {32 vars in 738 bytes} [Wed Jul 8 23:06:05 2026] DELETE /v2.0/security-groups/73855979-5d93-4a4e-9a70-6600d45f4a48 => generated 0 bytes in 237 msecs (HTTP/1.1 204) 2 headers in 112 bytes (1 switches on core 0)
2026-07-08 23:06:05.717 8 INFO neutron.db.segments_db [None req-652d1fc4-f3e0-404d-9d36-fe1e209c93d3 4a753283a98a4e939f903b541a31763b e2fd18e157694d5cbbad440b0635d8e1 - - default default] Added segment 0009188d-679c-4034-b9ce-759c16419326 of type geneve for network abeef417-58c6-4fae-977e-bc48608dc1b3
2026-07-08 23:06:05.722 8 INFO neutron.db.ovn_revision_numbers_db [None req-4d8add39-4e0f-4281-a6fa-bfa3993a55a4 - - - - - -] Successfully bumped revision number for resource 0385d264-36f7-4d14-9593-6814fab24dd5 (type: ports) to 2 [pid: 9|app: 0|req: 1022/2151] 10.0.0.78 () {32 vars in 738 bytes} [Wed Jul 8 23:06:05 2026] DELETE /v2.0/security-groups/da0472d4-06c0-445a-8d5f-e1f382b3e7c2 => generated 0 bytes in 184 msecs (HTTP/1.1 204) 2 headers in 112 bytes (1 switches on core 0) [pid: 9|app: 0|req: 1023/2152] 10.0.0.78 () {32 vars in 647 bytes} [Wed Jul 8 23:06:05 2026] GET /v2.0/networks => generated 4553 bytes in 46 msecs (HTTP/1.1 200) 4 headers in 158 bytes (1 switches on core 0)
2026-07-08 23:06:05.873 9 WARNING neutron.db.securitygroups_db [None req-d6302568-1ab3-4059-a762-9243c571d395 f8e45d4120f94729a2dfb6e0b65b6a49 99a1847dc3b64298a577afc74c46ed01 - - default default] project_id key not found in filters, using tenant_id instead. This support has been deprecated and will be removed in a future release.
2026-07-08 23:06:05.912 8 INFO neutron.db.ovn_revision_numbers_db [None req-652d1fc4-f3e0-404d-9d36-fe1e209c93d3 4a753283a98a4e939f903b541a31763b e2fd18e157694d5cbbad440b0635d8e1 - - default default] Successfully bumped revision number for resource abeef417-58c6-4fae-977e-bc48608dc1b3 (type: networks) to 1
2026-07-08 23:06:05.998 9 INFO neutron.db.ovn_revision_numbers_db [None req-d6302568-1ab3-4059-a762-9243c571d395 f8e45d4120f94729a2dfb6e0b65b6a49 99a1847dc3b64298a577afc74c46ed01 - - default default] Successfully bumped revision number for resource e1c7c83e-c9f6-4730-bbe0-b3677dbb3f73 (type: security_groups) to 1
2026-07-08 23:06:06.014 9 INFO neutron.db.ovn_revision_numbers_db [None req-d6302568-1ab3-4059-a762-9243c571d395 f8e45d4120f94729a2dfb6e0b65b6a49 99a1847dc3b64298a577afc74c46ed01 - - default default] Successfully bumped revision number for resource c3f63ccd-a7f0-43ce-a10b-4d52271a1134 (type: security_group_rules) to 0
2026-07-08 23:06:06.026 9 INFO neutron.db.ovn_revision_numbers_db [None req-d6302568-1ab3-4059-a762-9243c571d395 f8e45d4120f94729a2dfb6e0b65b6a49 99a1847dc3b64298a577afc74c46ed01 - - default default] Successfully bumped revision number for resource e2b684fc-7e35-4666-aa9f-2d327ece6d89 (type: security_group_rules) to 0
2026-07-08 23:06:06.038 9 INFO neutron.db.ovn_revision_numbers_db [None req-d6302568-1ab3-4059-a762-9243c571d395 f8e45d4120f94729a2dfb6e0b65b6a49 99a1847dc3b64298a577afc74c46ed01 - - default default] Successfully bumped revision number for resource e94c9dea-cb43-49c9-a809-c1a1d868f871 (type: security_group_rules) to 0
2026-07-08 23:06:06.049 9 INFO neutron.db.ovn_revision_numbers_db [None req-d6302568-1ab3-4059-a762-9243c571d395 f8e45d4120f94729a2dfb6e0b65b6a49 99a1847dc3b64298a577afc74c46ed01 - - default default] Successfully bumped revision number for resource f8a7397e-eedb-434b-81b3-c5943e9bbe9e (type: security_group_rules) to 0 [pid: 9|app: 0|req: 1024/2153] 10.0.0.78 () {32 vars in 772 bytes} [Wed Jul 8 23:06:05 2026] GET /v2.0/security-groups?tenant_id=ab490f3e76ee45dd9b15c6fb9f538972&name=default => generated 2925 bytes in 223 msecs (HTTP/1.1 200) 4 headers in 158 bytes (1 switches on core 0)
2026-07-08 23:06:06.100 8 WARNING neutron.scheduler.dhcp_agent_scheduler [None req-652d1fc4-f3e0-404d-9d36-fe1e209c93d3 4a753283a98a4e939f903b541a31763b e2fd18e157694d5cbbad440b0635d8e1 - - default default] No more DHCP agents
2026-07-08 23:06:06.101 8 WARNING neutron.api.rpc.agentnotifiers.dhcp_rpc_agent_api [None req-652d1fc4-f3e0-404d-9d36-fe1e209c93d3 4a753283a98a4e939f903b541a31763b e2fd18e157694d5cbbad440b0635d8e1 - - default default] Unable to schedule network abeef417-58c6-4fae-977e-bc48608dc1b3: no agents available; will retry on subsequent port and subnet creation events. [pid: 9|app: 0|req: 1025/2154] 10.0.0.78 () {32 vars in 645 bytes} [Wed Jul 8 23:06:06 2026] GET /v2.0/subnets => generated 1972 bytes in 32 msecs (HTTP/1.1 200) 4 headers in 158 bytes (1 switches on core 0)
2026-07-08 23:06:06.207 8 INFO neutron.db.ovn_revision_numbers_db [None req-652d1fc4-f3e0-404d-9d36-fe1e209c93d3 4a753283a98a4e939f903b541a31763b e2fd18e157694d5cbbad440b0635d8e1 - - default default] Successfully bumped revision number for resource 84a8507c-a61e-40ca-b7b5-10ba56ba491d (type: ports) to 1 [pid: 8|app: 0|req: 1130/2155] 10.0.0.78 () {34 vars in 668 bytes} [Wed Jul 8 23:06:05 2026] POST /v2.0/networks => generated 670 bytes in 643 msecs (HTTP/1.1 201) 4 headers in 162 bytes (1 switches on core 0) [pid: 8|app: 0|req: 1131/2156] 10.0.0.78 () {32 vars in 645 bytes} [Wed Jul 8 23:06:06 2026] GET /v2.0/routers => generated 997 bytes in 82 msecs (HTTP/1.1 200) 4 headers in 157 bytes (1 switches on core 0) [pid: 9|app: 0|req: 1026/2157] 10.0.0.78 () {32 vars in 738 bytes} [Wed Jul 8 23:06:06 2026] DELETE /v2.0/security-groups/e1c7c83e-c9f6-4730-bbe0-b3677dbb3f73 => generated 0 bytes in 274 msecs (HTTP/1.1 204) 2 headers in 112 bytes (1 switches on core 0)
2026-07-08 23:06:06.420 8 INFO neutron.db.segments_db [None req-81069304-af0d-4550-b3a0-6b38a60aaac4 4a753283a98a4e939f903b541a31763b e2fd18e157694d5cbbad440b0635d8e1 - - default default] Added segment d433997e-6df5-4b5e-a8dc-c00b21bfb816 of type geneve for network 4a8a1322-021b-4a30-8117-2bb69b28c66e
2026-07-08 23:06:06.532 9 INFO neutron.db.ovn_revision_numbers_db [None req-d141a55d-b08f-40e4-828c-c03df196f23b 20b89c47afa740249928fedf1ee5eb1a 15decdecfe7043bbb080556961a542ca - - default default] Successfully bumped revision number for resource 2404ea56-2a11-40f8-935c-94bcef844621 (type: security_groups) to 1
2026-07-08 23:06:06.544 9 INFO neutron.db.ovn_revision_numbers_db [None req-d141a55d-b08f-40e4-828c-c03df196f23b 20b89c47afa740249928fedf1ee5eb1a 15decdecfe7043bbb080556961a542ca - - default default] Successfully bumped revision number for resource 9b5ffc72-b32e-4bec-bdd2-169ad20b4758 (type: security_group_rules) to 0
2026-07-08 23:06:06.546 8 INFO neutron.db.ovn_revision_numbers_db [None req-81069304-af0d-4550-b3a0-6b38a60aaac4 4a753283a98a4e939f903b541a31763b e2fd18e157694d5cbbad440b0635d8e1 - - default default] Successfully bumped revision number for resource 4a8a1322-021b-4a30-8117-2bb69b28c66e (type: networks) to 1
2026-07-08 23:06:06.555 9 INFO neutron.db.ovn_revision_numbers_db [None req-d141a55d-b08f-40e4-828c-c03df196f23b 20b89c47afa740249928fedf1ee5eb1a 15decdecfe7043bbb080556961a542ca - - default default] Successfully bumped revision number for resource b5d53d93-c54e-418a-b17b-07a0f23a420a (type: security_group_rules) to 0 [pid: 9|app: 0|req: 1027/2158] 10.0.0.78 () {34 vars in 683 bytes} [Wed Jul 8 23:06:06 2026] POST /v2.0/security-groups => generated 1673 bytes in 191 msecs (HTTP/1.1 201) 4 headers in 163 bytes (1 switches on core 0)
2026-07-08 23:06:06.719 8 WARNING neutron.scheduler.dhcp_agent_scheduler [None req-81069304-af0d-4550-b3a0-6b38a60aaac4 4a753283a98a4e939f903b541a31763b e2fd18e157694d5cbbad440b0635d8e1 - - default default] No more DHCP agents
2026-07-08 23:06:06.720 8 WARNING neutron.api.rpc.agentnotifiers.dhcp_rpc_agent_api [None req-81069304-af0d-4550-b3a0-6b38a60aaac4 4a753283a98a4e939f903b541a31763b e2fd18e157694d5cbbad440b0635d8e1 - - default default] Unable to schedule network 4a8a1322-021b-4a30-8117-2bb69b28c66e: no agents available; will retry on subsequent port and subnet creation events.
2026-07-08 23:06:06.727 9 INFO neutron.db.ovn_revision_numbers_db [None req-ec5cd182-8bc8-4834-93fc-2c5210cd7ee5 20b89c47afa740249928fedf1ee5eb1a 15decdecfe7043bbb080556961a542ca - - default default] Successfully bumped revision number for resource 8d4af419-26bb-4b56-9604-755898a4c698 (type: security_group_rules) to 0
2026-07-08 23:06:06.775 9 INFO neutron.plugins.ml2.drivers.ovn.mech_driver.mech_driver [None req-1b9ac2ab-c534-47e1-ba0e-0442ce68c342 - - - - - -] OVN reports status down for port: 85921a03-e4f3-4fb4-b151-3d7d0a920ef1 [pid: 9|app: 0|req: 1028/2159] 10.0.0.78 () {34 vars in 693 bytes} [Wed Jul 8 23:06:06 2026] POST /v2.0/security-group-rules => generated 597 bytes in 200 msecs (HTTP/1.1 201) 4 headers in 162 bytes (1 switches on core 0)
