2026-07-07 00:30:25.204 7 INFO neutron_taas.services.taas.tap_mirror_plugin [None req-734b129b-2db1-47aa-9b49-0de7846cb3bf b1f12a51ba8a447bbf37aaad1d9170b0 fa4cebdd125c46c080de7f23bb8e8a6a - - default default] Tap Mirror: Handle Delete Port: a60c7b7a-e32a-485d-a432-e17bfc1b3e18 [pid: 8|app: 0|req: 1072/2101] 10.0.0.73 () {34 vars in 663 bytes} [Tue Jul 7 00:30:24 2026] POST /v2.0/ports => generated 743 bytes in 406 msecs (HTTP/1.1 201) 4 headers in 162 bytes (1 switches on core 0) /var/lib/openstack/lib/python3.12/site-packages/pycadf/identifier.py:70: UserWarning: Invalid uuid: neutron. To ensure interoperability, identifiers should be a valid uuid. warnings.warn(('Invalid uuid: %s. To ensure interoperability, '
2026-07-07 00:30:25.300 8 INFO neutron.db.segments_db [None req-4313f086-4bd1-4789-a978-c4fe39ba104c ac658792db124f47824cf5c260b1fb68 2c9db726292d43369ff35c2f3b6eeb4f - - default default] Added segment db52f26a-b562-46b6-b1fe-8a023dbc7aa7 of type geneve for network 9433dfbb-e374-44d1-8747-d31cc168ebd5
2026-07-07 00:30:25.426 8 INFO neutron.db.ovn_revision_numbers_db [None req-4313f086-4bd1-4789-a978-c4fe39ba104c ac658792db124f47824cf5c260b1fb68 2c9db726292d43369ff35c2f3b6eeb4f - - default default] Successfully bumped revision number for resource 9433dfbb-e374-44d1-8747-d31cc168ebd5 (type: networks) to 1
2026-07-07 00:30:25.451 7 INFO neutron.services.segments.plugin [-] Segment f43fe967-d85c-48a8-aea1-3653439237f2 resource provider aggregate not found
2026-07-07 00:30:25.457 7 INFO neutron.services.segments.plugin [-] Segment f43fe967-d85c-48a8-aea1-3653439237f2 resource provider aggregate not found
2026-07-07 00:30:25.473 7 INFO neutron.services.segments.plugin [-] Client error retrieving segment f43fe967-d85c-48a8-aea1-3653439237f2 resource provider; error: Placement Client Error (4xx): {"errors": [{"status": 404, "title": "Not Found", "detail": "The resource could not be found.\n\n No resource provider with uuid f43fe967-d85c-48a8-aea1-3653439237f2 found for delete ", "request_id": "req-f92aeb41-6340-424d-b682-3ed16a2eddfa"}]}
2026-07-07 00:30:25.480 7 INFO neutron.services.segments.plugin [-] Client error retrieving segment f43fe967-d85c-48a8-aea1-3653439237f2 resource provider; error: Placement Client Error (4xx): {"errors": [{"status": 404, "title": "Not Found", "detail": "The resource could not be found.\n\n No resource provider with uuid f43fe967-d85c-48a8-aea1-3653439237f2 found for delete ", "request_id": "req-6b3dbe12-e6f6-48b7-aaad-c2ab73fa278d"}]} [pid: 7|app: 0|req: 1030/2102] 10.0.0.73 () {32 vars in 725 bytes} [Tue Jul 7 00:30:25 2026] DELETE /v2.0/networks/88a995ee-4bd7-4fea-864f-36b03a0a266e => generated 0 bytes in 495 msecs (HTTP/1.1 204) 3 headers in 131 bytes (1 switches on core 0)
2026-07-07 00:30:25.586 7 INFO neutron.db.segments_db [None req-e8064c55-ca6c-4cfb-8c02-fd1374ab1f6f c96d78d8a5dd42d9a26417128c5451b2 12782b1f1d24482d8d61183668d9a2bb - - default default] Added segment 60d099c7-b623-4fd7-8ef0-84d606ff775c of type geneve for network 8dd822b6-fcca-4e58-9dfb-70c6ec34f6ca
2026-07-07 00:30:25.597 8 WARNING neutron.scheduler.dhcp_agent_scheduler [None req-4313f086-4bd1-4789-a978-c4fe39ba104c ac658792db124f47824cf5c260b1fb68 2c9db726292d43369ff35c2f3b6eeb4f - - default default] No more DHCP agents
2026-07-07 00:30:25.598 8 WARNING neutron.api.rpc.agentnotifiers.dhcp_rpc_agent_api [None req-4313f086-4bd1-4789-a978-c4fe39ba104c ac658792db124f47824cf5c260b1fb68 2c9db726292d43369ff35c2f3b6eeb4f - - default default] Unable to schedule network 9433dfbb-e374-44d1-8747-d31cc168ebd5: no agents available; will retry on subsequent port and subnet creation events.
2026-07-07 00:30:25.657 7 INFO neutron.plugins.ml2.drivers.ovn.mech_driver.mech_driver [None req-18cc0c8c-03ed-4c86-9a2f-f04a99670add - - - - - -] OVN reports status down for port: 1f819ed0-c7fc-4fde-a0ce-d0e7e4f0a62a
2026-07-07 00:30:25.682 8 INFO neutron.db.ovn_revision_numbers_db [None req-4313f086-4bd1-4789-a978-c4fe39ba104c ac658792db124f47824cf5c260b1fb68 2c9db726292d43369ff35c2f3b6eeb4f - - default default] Successfully bumped revision number for resource 1f819ed0-c7fc-4fde-a0ce-d0e7e4f0a62a (type: ports) to 1 [pid: 8|app: 0|req: 1073/2103] 10.0.0.73 () {34 vars in 669 bytes} [Tue Jul 7 00:30:25 2026] POST /v2.0/networks => generated 669 bytes in 491 msecs (HTTP/1.1 201) 4 headers in 162 bytes (1 switches on core 0)
2026-07-07 00:30:25.785 7 INFO neutron.db.ovn_revision_numbers_db [None req-e8064c55-ca6c-4cfb-8c02-fd1374ab1f6f c96d78d8a5dd42d9a26417128c5451b2 12782b1f1d24482d8d61183668d9a2bb - - default default] Successfully bumped revision number for resource 8dd822b6-fcca-4e58-9dfb-70c6ec34f6ca (type: networks) to 1
2026-07-07 00:30:25.809 8 INFO neutron_taas.services.taas.taas_plugin [None req-cba20a46-805b-42ce-831f-380817a61dd2 b1f12a51ba8a447bbf37aaad1d9170b0 fa4cebdd125c46c080de7f23bb8e8a6a - - default default] TaaS: Handle Delete Port: 1116c624-efbc-46f8-9504-8153d5713d6c
2026-07-07 00:30:25.812 8 INFO neutron_taas.services.taas.tap_mirror_plugin [None req-cba20a46-805b-42ce-831f-380817a61dd2 b1f12a51ba8a447bbf37aaad1d9170b0 fa4cebdd125c46c080de7f23bb8e8a6a - - default default] Tap Mirror: Handle Delete Port: 1116c624-efbc-46f8-9504-8153d5713d6c
2026-07-07 00:30:25.985 7 WARNING neutron.scheduler.dhcp_agent_scheduler [None req-e8064c55-ca6c-4cfb-8c02-fd1374ab1f6f c96d78d8a5dd42d9a26417128c5451b2 12782b1f1d24482d8d61183668d9a2bb - - default default] No more DHCP agents
2026-07-07 00:30:25.986 7 WARNING neutron.api.rpc.agentnotifiers.dhcp_rpc_agent_api [None req-e8064c55-ca6c-4cfb-8c02-fd1374ab1f6f c96d78d8a5dd42d9a26417128c5451b2 12782b1f1d24482d8d61183668d9a2bb - - default default] Unable to schedule network 8dd822b6-fcca-4e58-9dfb-70c6ec34f6ca: no agents available; will retry on subsequent port and subnet creation events.
2026-07-07 00:30:26.018 8 INFO neutron.services.segments.plugin [-] Segment eac46972-50e5-4640-a7dd-192b861b8f51 resource provider aggregate not found
2026-07-07 00:30:26.022 8 INFO neutron.services.segments.plugin [-] Segment eac46972-50e5-4640-a7dd-192b861b8f51 resource provider aggregate not found
2026-07-07 00:30:26.043 8 INFO neutron.services.segments.plugin [-] Client error retrieving segment eac46972-50e5-4640-a7dd-192b861b8f51 resource provider; error: Placement Client Error (4xx): {"errors": [{"status": 404, "title": "Not Found", "detail": "The resource could not be found.\n\n No resource provider with uuid eac46972-50e5-4640-a7dd-192b861b8f51 found for delete ", "request_id": "req-7c447e9a-4054-4bbb-b053-f1322cefacf5"}]}
2026-07-07 00:30:26.051 8 INFO neutron.services.segments.plugin [-] Client error retrieving segment eac46972-50e5-4640-a7dd-192b861b8f51 resource provider; error: Placement Client Error (4xx): {"errors": [{"status": 404, "title": "Not Found", "detail": "The resource could not be found.\n\n No resource provider with uuid eac46972-50e5-4640-a7dd-192b861b8f51 found for delete ", "request_id": "req-6af9c8ac-72b3-47b7-a752-22d7bde13b2a"}]}
2026-07-07 00:30:26.067 7 INFO neutron.plugins.ml2.drivers.ovn.mech_driver.mech_driver [None req-18cc0c8c-03ed-4c86-9a2f-f04a99670add - - - - - -] OVN reports status down for port: 53c4dc16-a0c2-4756-96ef-e562560dbd73 [pid: 8|app: 0|req: 1074/2104] 10.0.0.73 () {32 vars in 725 bytes} [Tue Jul 7 00:30:25 2026] DELETE /v2.0/networks/eaba7cf3-84e5-4694-b75e-7e15992a0f54 => generated 0 bytes in 402 msecs (HTTP/1.1 204) 3 headers in 131 bytes (1 switches on core 0)
2026-07-07 00:30:26.159 7 INFO neutron.db.ovn_revision_numbers_db [None req-e8064c55-ca6c-4cfb-8c02-fd1374ab1f6f c96d78d8a5dd42d9a26417128c5451b2 12782b1f1d24482d8d61183668d9a2bb - - default default] Successfully bumped revision number for resource 53c4dc16-a0c2-4756-96ef-e562560dbd73 (type: ports) to 1 [pid: 7|app: 0|req: 1031/2105] 10.0.0.73 () {34 vars in 669 bytes} [Tue Jul 7 00:30:25 2026] POST /v2.0/networks => generated 669 bytes in 717 msecs (HTTP/1.1 201) 4 headers in 162 bytes (1 switches on core 0) [pid: 7|app: 0|req: 1032/2106] 10.0.0.73 () {32 vars in 648 bytes} [Tue Jul 7 00:30:26 2026] GET /v2.0/networks => generated 689 bytes in 58 msecs (HTTP/1.1 200) 4 headers in 157 bytes (1 switches on core 0)
2026-07-07 00:30:26.402 8 WARNING neutron.scheduler.dhcp_agent_scheduler [None req-7997d8ee-e7ff-48cb-9c2b-18ead917f39f ac658792db124f47824cf5c260b1fb68 2c9db726292d43369ff35c2f3b6eeb4f - - default default] No more DHCP agents
2026-07-07 00:30:26.403 8 WARNING neutron.api.rpc.agentnotifiers.dhcp_rpc_agent_api [None req-7997d8ee-e7ff-48cb-9c2b-18ead917f39f ac658792db124f47824cf5c260b1fb68 2c9db726292d43369ff35c2f3b6eeb4f - - default default] Unable to schedule network 9433dfbb-e374-44d1-8747-d31cc168ebd5: no agents available; will retry on subsequent port and subnet creation events.
2026-07-07 00:30:26.499 7 WARNING neutron.scheduler.dhcp_agent_scheduler [None req-f146cd49-2f29-4eac-ad3e-0bc31165ee3e c96d78d8a5dd42d9a26417128c5451b2 12782b1f1d24482d8d61183668d9a2bb - - default default] No more DHCP agents
2026-07-07 00:30:26.500 7 WARNING neutron.api.rpc.agentnotifiers.dhcp_rpc_agent_api [None req-f146cd49-2f29-4eac-ad3e-0bc31165ee3e c96d78d8a5dd42d9a26417128c5451b2 12782b1f1d24482d8d61183668d9a2bb - - default default] Unable to schedule network 8dd822b6-fcca-4e58-9dfb-70c6ec34f6ca: no agents available; will retry on subsequent port and subnet creation events.
2026-07-07 00:30:26.595 7 INFO neutron.db.ovn_revision_numbers_db [None req-f146cd49-2f29-4eac-ad3e-0bc31165ee3e c96d78d8a5dd42d9a26417128c5451b2 12782b1f1d24482d8d61183668d9a2bb - - default default] Successfully bumped revision number for resource 62b6781a-d164-44e5-a4ad-218f6d2a5cd5 (type: ports) to 1
2026-07-07 00:30:26.601 8 INFO neutron.plugins.ml2.drivers.ovn.mech_driver.mech_driver [None req-d1b05740-cf70-4516-b938-15a5840e65bc - - - - - -] OVN reports status down for port: 62b6781a-d164-44e5-a4ad-218f6d2a5cd5 [pid: 7|app: 0|req: 1033/2107] 10.0.0.73 () {34 vars in 663 bytes} [Tue Jul 7 00:30:26 2026] POST /v2.0/ports => generated 743 bytes in 358 msecs (HTTP/1.1 201) 4 headers in 162 bytes (1 switches on core 0) /var/lib/openstack/lib/python3.12/site-packages/pycadf/identifier.py:70: UserWarning: Invalid uuid: neutron. To ensure interoperability, identifiers should be a valid uuid. warnings.warn(('Invalid uuid: %s. To ensure interoperability, '
2026-07-07 00:30:26.720 7 INFO neutron.db.segments_db [None req-98b1f3c2-4549-49f8-b5f5-4cc7084b4236 b1f12a51ba8a447bbf37aaad1d9170b0 fa4cebdd125c46c080de7f23bb8e8a6a - - default default] Added segment 77f02365-31fe-4660-bf14-e89be970d8b5 of type geneve for network 88d862df-a605-4c23-9a99-0bcc0c2efbfd
2026-07-07 00:30:26.833 7 INFO neutron.db.ovn_revision_numbers_db [None req-98b1f3c2-4549-49f8-b5f5-4cc7084b4236 b1f12a51ba8a447bbf37aaad1d9170b0 fa4cebdd125c46c080de7f23bb8e8a6a - - default default] Successfully bumped revision number for resource 88d862df-a605-4c23-9a99-0bcc0c2efbfd (type: networks) to 1
2026-07-07 00:30:26.957 8 INFO neutron.db.ovn_revision_numbers_db [None req-664976f8-7011-472d-a71c-5657d537e004 - - - - - -] Successfully bumped revision number for resource 1f819ed0-c7fc-4fde-a0ce-d0e7e4f0a62a (type: ports) to 2
2026-07-07 00:30:27.003 8 INFO neutron.db.ovn_revision_numbers_db [None req-664976f8-7011-472d-a71c-5657d537e004 - - - - - -] Successfully bumped revision number for resource d176aaf7-ee2e-4c7d-8b17-72c91e85e6d7 (type: subnets) to 0 [pid: 8|app: 0|req: 1075/2108] 10.0.0.73 () {34 vars in 668 bytes} [Tue Jul 7 00:30:26 2026] POST /v2.0/subnets => generated 629 bytes in 918 msecs (HTTP/1.1 201) 4 headers in 162 bytes (1 switches on core 0)
2026-07-07 00:30:27.034 7 WARNING neutron.scheduler.dhcp_agent_scheduler [None req-98b1f3c2-4549-49f8-b5f5-4cc7084b4236 b1f12a51ba8a447bbf37aaad1d9170b0 fa4cebdd125c46c080de7f23bb8e8a6a - - default default] No more DHCP agents
2026-07-07 00:30:27.035 7 WARNING neutron.api.rpc.agentnotifiers.dhcp_rpc_agent_api [None req-98b1f3c2-4549-49f8-b5f5-4cc7084b4236 b1f12a51ba8a447bbf37aaad1d9170b0 fa4cebdd125c46c080de7f23bb8e8a6a - - default default] Unable to schedule network 88d862df-a605-4c23-9a99-0bcc0c2efbfd: no agents available; will retry on subsequent port and subnet creation events.
2026-07-07 00:30:27.112 7 INFO neutron.db.ovn_revision_numbers_db [None req-98b1f3c2-4549-49f8-b5f5-4cc7084b4236 b1f12a51ba8a447bbf37aaad1d9170b0 fa4cebdd125c46c080de7f23bb8e8a6a - - default default] Successfully bumped revision number for resource 4e49d9c9-1c9e-46ba-abcd-ddd757f91581 (type: ports) to 1
2026-07-07 00:30:27.112 8 INFO neutron.plugins.ml2.drivers.ovn.mech_driver.mech_driver [None req-d1b05740-cf70-4516-b938-15a5840e65bc - - - - - -] OVN reports status down for port: 4e49d9c9-1c9e-46ba-abcd-ddd757f91581 [pid: 7|app: 0|req: 1034/2109] 10.0.0.73 () {34 vars in 669 bytes} [Tue Jul 7 00:30:26 2026] POST /v2.0/networks => generated 692 bytes in 493 msecs (HTTP/1.1 201) 4 headers in 162 bytes (1 switches on core 0)
2026-07-07 00:30:27.165 8 INFO neutron.db.segments_db [None req-9156380e-9462-4529-bd78-002082aed343 c96d78d8a5dd42d9a26417128c5451b2 12782b1f1d24482d8d61183668d9a2bb - - default default] Added segment 995f3fa6-95e4-442e-a954-79f53b9b1e58 of type geneve for network 1e975269-a773-45cd-a3a2-a448e8f6cec4
2026-07-07 00:30:27.215 7 INFO neutron.db.segments_db [None req-7a439512-9cdb-407a-b3a1-b70dfbddbe28 ac658792db124f47824cf5c260b1fb68 2c9db726292d43369ff35c2f3b6eeb4f - - default default] Added segment 7485949e-3262-472d-84bf-05a06ade2048 of type geneve for network 66377e07-2543-4db9-a4bf-378878572fb3
2026-07-07 00:30:27.326 8 INFO neutron.db.ovn_revision_numbers_db [None req-9156380e-9462-4529-bd78-002082aed343 c96d78d8a5dd42d9a26417128c5451b2 12782b1f1d24482d8d61183668d9a2bb - - default default] Successfully bumped revision number for resource 1e975269-a773-45cd-a3a2-a448e8f6cec4 (type: networks) to 1
2026-07-07 00:30:27.326 7 INFO neutron.db.ovn_revision_numbers_db [None req-7a439512-9cdb-407a-b3a1-b70dfbddbe28 ac658792db124f47824cf5c260b1fb68 2c9db726292d43369ff35c2f3b6eeb4f - - default default] Successfully bumped revision number for resource 66377e07-2543-4db9-a4bf-378878572fb3 (type: networks) to 1
2026-07-07 00:30:27.486 8 WARNING neutron.scheduler.dhcp_agent_scheduler [None req-9156380e-9462-4529-bd78-002082aed343 c96d78d8a5dd42d9a26417128c5451b2 12782b1f1d24482d8d61183668d9a2bb - - default default] No more DHCP agents
2026-07-07 00:30:27.487 8 WARNING neutron.api.rpc.agentnotifiers.dhcp_rpc_agent_api [None req-9156380e-9462-4529-bd78-002082aed343 c96d78d8a5dd42d9a26417128c5451b2 12782b1f1d24482d8d61183668d9a2bb - - default default] Unable to schedule network 1e975269-a773-45cd-a3a2-a448e8f6cec4: no agents available; will retry on subsequent port and subnet creation events.
2026-07-07 00:30:27.500 7 WARNING neutron.scheduler.dhcp_agent_scheduler [None req-7a439512-9cdb-407a-b3a1-b70dfbddbe28 ac658792db124f47824cf5c260b1fb68 2c9db726292d43369ff35c2f3b6eeb4f - - default default] No more DHCP agents
2026-07-07 00:30:27.502 7 WARNING neutron.api.rpc.agentnotifiers.dhcp_rpc_agent_api [None req-7a439512-9cdb-407a-b3a1-b70dfbddbe28 ac658792db124f47824cf5c260b1fb68 2c9db726292d43369ff35c2f3b6eeb4f - - default default] Unable to schedule network 66377e07-2543-4db9-a4bf-378878572fb3: no agents available; will retry on subsequent port and subnet creation events.
2026-07-07 00:30:27.540 8 INFO neutron.plugins.ml2.drivers.ovn.mech_driver.mech_driver [None req-d1b05740-cf70-4516-b938-15a5840e65bc - - - - - -] OVN reports status down for port: ff9b6804-246f-4a6b-ad3f-1ea141f51591
2026-07-07 00:30:27.584 7 INFO neutron.plugins.ml2.drivers.ovn.mech_driver.mech_driver [None req-18cc0c8c-03ed-4c86-9a2f-f04a99670add - - - - - -] OVN reports status down for port: e7c4e3ab-f9cc-4ea6-8d17-8d399e66abc8
2026-07-07 00:30:27.617 8 INFO neutron.db.ovn_revision_numbers_db [None req-9156380e-9462-4529-bd78-002082aed343 c96d78d8a5dd42d9a26417128c5451b2 12782b1f1d24482d8d61183668d9a2bb - - default default] Successfully bumped revision number for resource ff9b6804-246f-4a6b-ad3f-1ea141f51591 (type: ports) to 1
2026-07-07 00:30:27.648 7 INFO neutron.db.ovn_revision_numbers_db [None req-7a439512-9cdb-407a-b3a1-b70dfbddbe28 ac658792db124f47824cf5c260b1fb68 2c9db726292d43369ff35c2f3b6eeb4f - - default default] Successfully bumped revision number for resource e7c4e3ab-f9cc-4ea6-8d17-8d399e66abc8 (type: ports) to 1 [pid: 8|app: 0|req: 1076/2110] 10.0.0.73 () {34 vars in 669 bytes} [Tue Jul 7 00:30:27 2026] POST /v2.0/networks => generated 670 bytes in 628 msecs (HTTP/1.1 201) 4 headers in 162 bytes (1 switches on core 0) [pid: 7|app: 0|req: 1035/2111] 10.0.0.73 () {34 vars in 669 bytes} [Tue Jul 7 00:30:27 2026] POST /v2.0/networks => generated 669 bytes in 552 msecs (HTTP/1.1 201) 4 headers in 162 bytes (1 switches on core 0)
2026-07-07 00:30:27.749 8 INFO neutron.db.segments_db [None req-df2e500f-1186-40ed-b982-5b9a787ad54c b1f12a51ba8a447bbf37aaad1d9170b0 fa4cebdd125c46c080de7f23bb8e8a6a - - default default] Added segment 13631441-66e6-410b-8906-5148a6f99969 of type geneve for network 67035f0b-5ac1-4c03-9052-dd00081c5d6f
2026-07-07 00:30:27.872 8 INFO neutron.db.ovn_revision_numbers_db [None req-df2e500f-1186-40ed-b982-5b9a787ad54c b1f12a51ba8a447bbf37aaad1d9170b0 fa4cebdd125c46c080de7f23bb8e8a6a - - default default] Successfully bumped revision number for resource 67035f0b-5ac1-4c03-9052-dd00081c5d6f (type: networks) to 1
2026-07-07 00:30:27.934 7 WARNING neutron.scheduler.dhcp_agent_scheduler [None req-c8e523c7-512a-463c-816c-cc54a42d047e c96d78d8a5dd42d9a26417128c5451b2 12782b1f1d24482d8d61183668d9a2bb - - default default] No more DHCP agents
2026-07-07 00:30:27.935 7 WARNING neutron.api.rpc.agentnotifiers.dhcp_rpc_agent_api [None req-c8e523c7-512a-463c-816c-cc54a42d047e c96d78d8a5dd42d9a26417128c5451b2 12782b1f1d24482d8d61183668d9a2bb - - default default] Unable to schedule network 1e975269-a773-45cd-a3a2-a448e8f6cec4: no agents available; will retry on subsequent port and subnet creation events.
2026-07-07 00:30:28.041 7 INFO neutron.db.ovn_revision_numbers_db [None req-c8e523c7-512a-463c-816c-cc54a42d047e c96d78d8a5dd42d9a26417128c5451b2 12782b1f1d24482d8d61183668d9a2bb - - default default] Successfully bumped revision number for resource 3d198f85-1f94-433c-8133-f4d94e375608 (type: ports) to 1
2026-07-07 00:30:28.041 8 INFO neutron.plugins.ml2.drivers.ovn.mech_driver.mech_driver [None req-d1b05740-cf70-4516-b938-15a5840e65bc - - - - - -] OVN reports status down for port: 3d198f85-1f94-433c-8133-f4d94e375608 [pid: 7|app: 0|req: 1036/2112] 10.0.0.73 () {34 vars in 663 bytes} [Tue Jul 7 00:30:27 2026] POST /v2.0/ports => generated 743 bytes in 407 msecs (HTTP/1.1 201) 4 headers in 162 bytes (1 switches on core 0) /var/lib/openstack/lib/python3.12/site-packages/pycadf/identifier.py:70: UserWarning: Invalid uuid: neutron. To ensure interoperability, identifiers should be a valid uuid. warnings.warn(('Invalid uuid: %s. To ensure interoperability, '
2026-07-07 00:30:28.164 8 WARNING neutron.scheduler.dhcp_agent_scheduler [None req-df2e500f-1186-40ed-b982-5b9a787ad54c b1f12a51ba8a447bbf37aaad1d9170b0 fa4cebdd125c46c080de7f23bb8e8a6a - - default default] No more DHCP agents
2026-07-07 00:30:28.168 8 WARNING neutron.api.rpc.agentnotifiers.dhcp_rpc_agent_api [None req-df2e500f-1186-40ed-b982-5b9a787ad54c b1f12a51ba8a447bbf37aaad1d9170b0 fa4cebdd125c46c080de7f23bb8e8a6a - - default default] Unable to schedule network 67035f0b-5ac1-4c03-9052-dd00081c5d6f: no agents available; will retry on subsequent port and subnet creation events.
2026-07-07 00:30:28.231 8 INFO neutron.plugins.ml2.drivers.ovn.mech_driver.mech_driver [None req-d1b05740-cf70-4516-b938-15a5840e65bc - - - - - -] OVN reports status down for port: 2043e0fd-1707-4fe5-97fc-ae15308826e9
2026-07-07 00:30:28.295 7 WARNING neutron.scheduler.dhcp_agent_scheduler [None req-ce0a1a6a-5a29-4766-9047-7c0a480348f3 ac658792db124f47824cf5c260b1fb68 2c9db726292d43369ff35c2f3b6eeb4f - - default default] No more DHCP agents
2026-07-07 00:30:28.296 7 WARNING neutron.api.rpc.agentnotifiers.dhcp_rpc_agent_api [None req-ce0a1a6a-5a29-4766-9047-7c0a480348f3 ac658792db124f47824cf5c260b1fb68 2c9db726292d43369ff35c2f3b6eeb4f - - default default] Unable to schedule network 66377e07-2543-4db9-a4bf-378878572fb3: no agents available; will retry on subsequent port and subnet creation events.
2026-07-07 00:30:28.299 8 INFO neutron.db.ovn_revision_numbers_db [None req-df2e500f-1186-40ed-b982-5b9a787ad54c b1f12a51ba8a447bbf37aaad1d9170b0 fa4cebdd125c46c080de7f23bb8e8a6a - - default default] Successfully bumped revision number for resource 2043e0fd-1707-4fe5-97fc-ae15308826e9 (type: ports) to 1 [pid: 8|app: 0|req: 1077/2113] 10.0.0.73 () {34 vars in 669 bytes} [Tue Jul 7 00:30:27 2026] POST /v2.0/networks => generated 692 bytes in 705 msecs (HTTP/1.1 201) 4 headers in 162 bytes (1 switches on core 0)
2026-07-07 00:30:28.454 8 INFO neutron.db.segments_db [None req-5b87def2-154b-4d0f-8af9-0a500564d46b c96d78d8a5dd42d9a26417128c5451b2 12782b1f1d24482d8d61183668d9a2bb - - default default] Added segment cbb12987-8cb1-4436-81fe-f730fc9510f2 of type geneve for network 20ac93ee-d988-47b7-83d6-ff9c554c914f
2026-07-07 00:30:28.569 8 INFO neutron.db.ovn_revision_numbers_db [None req-5b87def2-154b-4d0f-8af9-0a500564d46b c96d78d8a5dd42d9a26417128c5451b2 12782b1f1d24482d8d61183668d9a2bb - - default default] Successfully bumped revision number for resource 20ac93ee-d988-47b7-83d6-ff9c554c914f (type: networks) to 1
2026-07-07 00:30:28.740 8 WARNING neutron.scheduler.dhcp_agent_scheduler [None req-5b87def2-154b-4d0f-8af9-0a500564d46b c96d78d8a5dd42d9a26417128c5451b2 12782b1f1d24482d8d61183668d9a2bb - - default default] No more DHCP agents
2026-07-07 00:30:28.742 8 WARNING neutron.api.rpc.agentnotifiers.dhcp_rpc_agent_api [None req-5b87def2-154b-4d0f-8af9-0a500564d46b c96d78d8a5dd42d9a26417128c5451b2 12782b1f1d24482d8d61183668d9a2bb - - default default] Unable to schedule network 20ac93ee-d988-47b7-83d6-ff9c554c914f: no agents available; will retry on subsequent port and subnet creation events.
2026-07-07 00:30:28.750 7 INFO neutron.db.ovn_revision_numbers_db [None req-32529e86-23c0-4131-a245-70756ec945bf - - - - - -] Successfully bumped revision number for resource e7c4e3ab-f9cc-4ea6-8d17-8d399e66abc8 (type: ports) to 2
2026-07-07 00:30:28.793 8 INFO neutron.plugins.ml2.drivers.ovn.mech_driver.mech_driver [None req-d1b05740-cf70-4516-b938-15a5840e65bc - - - - - -] OVN reports status down for port: 03461275-1570-4324-bac4-88990011bf72
2026-07-07 00:30:28.801 7 INFO neutron.db.ovn_revision_numbers_db [None req-32529e86-23c0-4131-a245-70756ec945bf - - - - - -] Successfully bumped revision number for resource bd0b937b-b05e-452a-a440-64cd910682c8 (type: subnets) to 0 [pid: 7|app: 0|req: 1037/2114] 10.0.0.73 () {34 vars in 668 bytes} [Tue Jul 7 00:30:28 2026] POST /v2.0/subnets => generated 629 bytes in 733 msecs (HTTP/1.1 201) 4 headers in 162 bytes (1 switches on core 0)
2026-07-07 00:30:28.859 8 INFO neutron.db.ovn_revision_numbers_db [None req-5b87def2-154b-4d0f-8af9-0a500564d46b c96d78d8a5dd42d9a26417128c5451b2 12782b1f1d24482d8d61183668d9a2bb - - default default] Successfully bumped revision number for resource 03461275-1570-4324-bac4-88990011bf72 (type: ports) to 1 [pid: 8|app: 0|req: 1078/2115] 10.0.0.73 () {34 vars in 669 bytes} [Tue Jul 7 00:30:28 2026] POST /v2.0/networks => generated 670 bytes in 548 msecs (HTTP/1.1 201) 4 headers in 162 bytes (1 switches on core 0) [pid: 8|app: 0|req: 1079/2116] 10.0.0.6 () {34 vars in 988 bytes} [Tue Jul 7 00:30:28 2026] GET /v2.0/ports?device_id=c56d6179-4916-4de7-aea8-f9e987bc0b72 => generated 1209 bytes in 38 msecs (HTTP/1.1 200) 4 headers in 158 bytes (1 switches on core 0)
2026-07-07 00:30:29.044 8 INFO neutron.db.segments_db [None req-1a175240-b16b-42c6-bc53-0821f00b8525 ac658792db124f47824cf5c260b1fb68 2c9db726292d43369ff35c2f3b6eeb4f - - default default] Added segment 04914be3-0dc0-4587-a9ac-e7ba73668eaf of type geneve for network 9691335e-8683-4aab-a7b8-a9d0e8ee2b91
2026-07-07 00:30:29.158 8 INFO neutron.db.ovn_revision_numbers_db [None req-1a175240-b16b-42c6-bc53-0821f00b8525 ac658792db124f47824cf5c260b1fb68 2c9db726292d43369ff35c2f3b6eeb4f - - default default] Successfully bumped revision number for resource 9691335e-8683-4aab-a7b8-a9d0e8ee2b91 (type: networks) to 1
2026-07-07 00:30:29.208 7 WARNING neutron.scheduler.dhcp_agent_scheduler [None req-e64cc50d-e474-4e40-9755-20ee42426081 b1f12a51ba8a447bbf37aaad1d9170b0 fa4cebdd125c46c080de7f23bb8e8a6a - - default default] No more DHCP agents
2026-07-07 00:30:29.210 7 WARNING neutron.api.rpc.agentnotifiers.dhcp_rpc_agent_api [None req-e64cc50d-e474-4e40-9755-20ee42426081 b1f12a51ba8a447bbf37aaad1d9170b0 fa4cebdd125c46c080de7f23bb8e8a6a - - default default] Unable to schedule network 88d862df-a605-4c23-9a99-0bcc0c2efbfd: no agents available; will retry on subsequent port and subnet creation events.
2026-07-07 00:30:29.286 8 INFO neutron.plugins.ml2.drivers.ovn.mech_driver.mech_driver [None req-d1b05740-cf70-4516-b938-15a5840e65bc - - - - - -] OVN reports status down for port: ee6b789f-cd26-4118-910d-3939107baf64
2026-07-07 00:30:29.305 7 INFO neutron.db.ovn_revision_numbers_db [None req-e64cc50d-e474-4e40-9755-20ee42426081 b1f12a51ba8a447bbf37aaad1d9170b0 fa4cebdd125c46c080de7f23bb8e8a6a - - default default] Successfully bumped revision number for resource ee6b789f-cd26-4118-910d-3939107baf64 (type: ports) to 1
2026-07-07 00:30:29.346 7 WARNING neutron.scheduler.dhcp_agent_scheduler [None req-e64cc50d-e474-4e40-9755-20ee42426081 b1f12a51ba8a447bbf37aaad1d9170b0 fa4cebdd125c46c080de7f23bb8e8a6a - - default default] No more DHCP agents
2026-07-07 00:30:29.347 7 WARNING neutron.api.rpc.agentnotifiers.dhcp_rpc_agent_api [None req-e64cc50d-e474-4e40-9755-20ee42426081 b1f12a51ba8a447bbf37aaad1d9170b0 fa4cebdd125c46c080de7f23bb8e8a6a - - default default] Unable to schedule network 67035f0b-5ac1-4c03-9052-dd00081c5d6f: no agents available; will retry on subsequent port and subnet creation events.
2026-07-07 00:30:29.379 8 WARNING neutron.scheduler.dhcp_agent_scheduler [None req-1a175240-b16b-42c6-bc53-0821f00b8525 ac658792db124f47824cf5c260b1fb68 2c9db726292d43369ff35c2f3b6eeb4f - - default default] No more DHCP agents
2026-07-07 00:30:29.398 8 WARNING neutron.api.rpc.agentnotifiers.dhcp_rpc_agent_api [None req-1a175240-b16b-42c6-bc53-0821f00b8525 ac658792db124f47824cf5c260b1fb68 2c9db726292d43369ff35c2f3b6eeb4f - - default default] Unable to schedule network 9691335e-8683-4aab-a7b8-a9d0e8ee2b91: no agents available; will retry on subsequent port and subnet creation events.
2026-07-07 00:30:29.399 7 INFO neutron.plugins.ml2.drivers.ovn.mech_driver.mech_driver [None req-18cc0c8c-03ed-4c86-9a2f-f04a99670add - - - - - -] OVN reports status down for port: 203c2902-770a-4f57-bb65-c63b7a8e8ea5
2026-07-07 00:30:29.505 8 INFO neutron.db.ovn_revision_numbers_db [None req-1a175240-b16b-42c6-bc53-0821f00b8525 ac658792db124f47824cf5c260b1fb68 2c9db726292d43369ff35c2f3b6eeb4f - - default default] Successfully bumped revision number for resource 477269e5-a87c-44f2-913e-42cd976e9473 (type: ports) to 1
2026-07-07 00:30:29.520 7 INFO neutron.db.ovn_revision_numbers_db [None req-e64cc50d-e474-4e40-9755-20ee42426081 b1f12a51ba8a447bbf37aaad1d9170b0 fa4cebdd125c46c080de7f23bb8e8a6a - - default default] Successfully bumped revision number for resource 203c2902-770a-4f57-bb65-c63b7a8e8ea5 (type: ports) to 1 [pid: 8|app: 0|req: 1080/2117] 10.0.0.73 () {34 vars in 669 bytes} [Tue Jul 7 00:30:28 2026] POST /v2.0/networks => generated 669 bytes in 596 msecs (HTTP/1.1 201) 4 headers in 162 bytes (1 switches on core 0)
2026-07-07 00:30:29.579 7 INFO neutron.plugins.ml2.drivers.ovn.mech_driver.mech_driver [None req-18cc0c8c-03ed-4c86-9a2f-f04a99670add - - - - - -] OVN reports status down for port: 477269e5-a87c-44f2-913e-42cd976e9473 [pid: 7|app: 0|req: 1038/2118] 10.0.0.73 () {34 vars in 664 bytes} [Tue Jul 7 00:30:28 2026] POST /v2.0/ports => generated 1505 bytes in 864 msecs (HTTP/1.1 201) 4 headers in 163 bytes (1 switches on core 0) /var/lib/openstack/lib/python3.12/site-packages/pycadf/identifier.py:70: UserWarning: Invalid uuid: neutron. To ensure interoperability, identifiers should be a valid uuid. warnings.warn(('Invalid uuid: %s. To ensure interoperability, ' [pid: 7|app: 0|req: 1039/2119] 10.0.0.6 () {34 vars in 1038 bytes} [Tue Jul 7 00:30:29 2026] GET /v2.0/security-groups?id=41b5301f-99f2-4e00-93b0-23b744097185&fields=id&fields=name => generated 113 bytes in 35 msecs (HTTP/1.1 200) 4 headers in 157 bytes (1 switches on core 0)
2026-07-07 00:30:29.757 8 WARNING neutron.scheduler.dhcp_agent_scheduler [None req-62e99eab-7e1e-4736-a3b0-48a46c67d73f c96d78d8a5dd42d9a26417128c5451b2 12782b1f1d24482d8d61183668d9a2bb - - default default] No more DHCP agents
2026-07-07 00:30:29.758 8 WARNING neutron.api.rpc.agentnotifiers.dhcp_rpc_agent_api [None req-62e99eab-7e1e-4736-a3b0-48a46c67d73f c96d78d8a5dd42d9a26417128c5451b2 12782b1f1d24482d8d61183668d9a2bb - - default default] Unable to schedule network 20ac93ee-d988-47b7-83d6-ff9c554c914f: no agents available; will retry on subsequent port and subnet creation events.
2026-07-07 00:30:29.819 8 INFO neutron.plugins.ml2.drivers.ovn.mech_driver.mech_driver [None req-d1b05740-cf70-4516-b938-15a5840e65bc - - - - - -] OVN reports status down for port: 617967b5-9b6b-4cb3-85fb-bbee1827a38e
2026-07-07 00:30:29.887 8 INFO neutron.db.ovn_revision_numbers_db [None req-62e99eab-7e1e-4736-a3b0-48a46c67d73f c96d78d8a5dd42d9a26417128c5451b2 12782b1f1d24482d8d61183668d9a2bb - - default default] Successfully bumped revision number for resource 617967b5-9b6b-4cb3-85fb-bbee1827a38e (type: ports) to 1
2026-07-07 00:30:29.986 7 WARNING neutron.scheduler.dhcp_agent_scheduler [None req-7f30962e-3895-42f7-a9e0-84e4fdfaf70b ac658792db124f47824cf5c260b1fb68 2c9db726292d43369ff35c2f3b6eeb4f - - default default] No more DHCP agents
2026-07-07 00:30:29.988 7 WARNING neutron.api.rpc.agentnotifiers.dhcp_rpc_agent_api [None req-7f30962e-3895-42f7-a9e0-84e4fdfaf70b ac658792db124f47824cf5c260b1fb68 2c9db726292d43369ff35c2f3b6eeb4f - - default default] Unable to schedule network 9691335e-8683-4aab-a7b8-a9d0e8ee2b91: no agents available; will retry on subsequent port and subnet creation events. [pid: 8|app: 0|req: 1081/2120] 10.0.0.73 () {34 vars in 663 bytes} [Tue Jul 7 00:30:29 2026] POST /v2.0/ports => generated 743 bytes in 442 msecs (HTTP/1.1 201) 4 headers in 162 bytes (1 switches on core 0) /var/lib/openstack/lib/python3.12/site-packages/pycadf/identifier.py:70: UserWarning: Invalid uuid: neutron. To ensure interoperability, identifiers should be a valid uuid. warnings.warn(('Invalid uuid: %s. To ensure interoperability, ' [pid: 8|app: 0|req: 1082/2121] 10.0.0.73 () {32 vars in 642 bytes} [Tue Jul 7 00:30:29 2026] GET /v2.0/ports => generated 3017 bytes in 140 msecs (HTTP/1.1 200) 4 headers in 158 bytes (1 switches on core 0)
2026-07-07 00:30:30.225 8 INFO neutron.db.segments_db [None req-5979907f-e649-4fb5-bace-be9e84b5c13a c96d78d8a5dd42d9a26417128c5451b2 12782b1f1d24482d8d61183668d9a2bb - - default default] Added segment d304580c-5434-4955-a570-02912e9da2d3 of type geneve for network 8f3edf2b-3d8c-48c8-9456-8b75c389110c
2026-07-07 00:30:30.341 8 INFO neutron.db.ovn_revision_numbers_db [None req-5979907f-e649-4fb5-bace-be9e84b5c13a c96d78d8a5dd42d9a26417128c5451b2 12782b1f1d24482d8d61183668d9a2bb - - default default] Successfully bumped revision number for resource 8f3edf2b-3d8c-48c8-9456-8b75c389110c (type: networks) to 1
2026-07-07 00:30:30.499 7 INFO neutron.db.ovn_revision_numbers_db [None req-41b853c7-4b49-48bc-9979-7cab30eb9141 - - - - - -] Successfully bumped revision number for resource 477269e5-a87c-44f2-913e-42cd976e9473 (type: ports) to 2
2026-07-07 00:30:30.531 7 INFO neutron.db.ovn_revision_numbers_db [None req-41b853c7-4b49-48bc-9979-7cab30eb9141 - - - - - -] Successfully bumped revision number for resource 7cd9c82b-9535-4672-89f2-679774ed252e (type: subnets) to 0
2026-07-07 00:30:30.533 8 WARNING neutron.scheduler.dhcp_agent_scheduler [None req-5979907f-e649-4fb5-bace-be9e84b5c13a c96d78d8a5dd42d9a26417128c5451b2 12782b1f1d24482d8d61183668d9a2bb - - default default] No more DHCP agents
2026-07-07 00:30:30.534 8 WARNING neutron.api.rpc.agentnotifiers.dhcp_rpc_agent_api [None req-5979907f-e649-4fb5-bace-be9e84b5c13a c96d78d8a5dd42d9a26417128c5451b2 12782b1f1d24482d8d61183668d9a2bb - - default default] Unable to schedule network 8f3edf2b-3d8c-48c8-9456-8b75c389110c: no agents available; will retry on subsequent port and subnet creation events. [pid: 7|app: 0|req: 1040/2122] 10.0.0.73 () {34 vars in 668 bytes} [Tue Jul 7 00:30:29 2026] POST /v2.0/subnets => generated 629 bytes in 821 msecs (HTTP/1.1 201) 4 headers in 162 bytes (1 switches on core 0)
2026-07-07 00:30:30.599 7 INFO neutron.plugins.ml2.drivers.ovn.mech_driver.mech_driver [None req-18cc0c8c-03ed-4c86-9a2f-f04a99670add - - - - - -] OVN reports status down for port: b8b3bb92-cc01-44fc-926b-7e184968ea47
2026-07-07 00:30:30.616 8 INFO neutron.db.ovn_revision_numbers_db [None req-5979907f-e649-4fb5-bace-be9e84b5c13a c96d78d8a5dd42d9a26417128c5451b2 12782b1f1d24482d8d61183668d9a2bb - - default default] Successfully bumped revision number for resource b8b3bb92-cc01-44fc-926b-7e184968ea47 (type: ports) to 1 [pid: 8|app: 0|req: 1083/2123] 10.0.0.73 () {34 vars in 669 bytes} [Tue Jul 7 00:30:30 2026] POST /v2.0/networks => generated 669 bytes in 506 msecs (HTTP/1.1 201) 4 headers in 162 bytes (1 switches on core 0)
2026-07-07 00:30:30.721 7 INFO neutron_taas.services.taas.taas_plugin [None req-1546272d-8483-48dd-84af-bed969200d09 b1f12a51ba8a447bbf37aaad1d9170b0 fa4cebdd125c46c080de7f23bb8e8a6a - - default default] TaaS: Handle Delete Port: ee6b789f-cd26-4118-910d-3939107baf64
2026-07-07 00:30:30.725 7 INFO neutron_taas.services.taas.tap_mirror_plugin [None req-1546272d-8483-48dd-84af-bed969200d09 b1f12a51ba8a447bbf37aaad1d9170b0 fa4cebdd125c46c080de7f23bb8e8a6a - - default default] Tap Mirror: Handle Delete Port: ee6b789f-cd26-4118-910d-3939107baf64
2026-07-07 00:30:30.731 8 INFO neutron.db.segments_db [None req-7f3ec30c-83c7-4d4a-9bf6-e0d9d5677bfe ac658792db124f47824cf5c260b1fb68 2c9db726292d43369ff35c2f3b6eeb4f - - default default] Added segment 23f2df5e-9db3-43d4-b175-8749b4a5611a of type geneve for network 8faab7e4-9fd8-4b32-8e74-d27ab77a907a [pid: 7|app: 0|req: 1041/2124] 10.0.0.73 () {32 vars in 719 bytes} [Tue Jul 7 00:30:30 2026] DELETE /v2.0/ports/ee6b789f-cd26-4118-910d-3939107baf64 => generated 0 bytes in 309 msecs (HTTP/1.1 204) 3 headers in 131 bytes (1 switches on core 0)
2026-07-07 00:30:30.878 8 INFO neutron.db.ovn_revision_numbers_db [None req-7f3ec30c-83c7-4d4a-9bf6-e0d9d5677bfe ac658792db124f47824cf5c260b1fb68 2c9db726292d43369ff35c2f3b6eeb4f - - default default] Successfully bumped revision number for resource 8faab7e4-9fd8-4b32-8e74-d27ab77a907a (type: networks) to 1
2026-07-07 00:30:31.057 8 WARNING neutron.scheduler.dhcp_agent_scheduler [None req-7f3ec30c-83c7-4d4a-9bf6-e0d9d5677bfe ac658792db124f47824cf5c260b1fb68 2c9db726292d43369ff35c2f3b6eeb4f - - default default] No more DHCP agents
2026-07-07 00:30:31.060 8 WARNING neutron.api.rpc.agentnotifiers.dhcp_rpc_agent_api [None req-7f3ec30c-83c7-4d4a-9bf6-e0d9d5677bfe ac658792db124f47824cf5c260b1fb68 2c9db726292d43369ff35c2f3b6eeb4f - - default default] Unable to schedule network 8faab7e4-9fd8-4b32-8e74-d27ab77a907a: no agents available; will retry on subsequent port and subnet creation events.
2026-07-07 00:30:31.116 8 INFO neutron.plugins.ml2.drivers.ovn.mech_driver.mech_driver [None req-d1b05740-cf70-4516-b938-15a5840e65bc - - - - - -] OVN reports status down for port: 5ae9cf01-e9b6-49b8-9968-f5839cf2afb2
2026-07-07 00:30:31.125 7 WARNING neutron.scheduler.dhcp_agent_scheduler [None req-bd850aa3-959e-4524-8932-fe816d520057 c96d78d8a5dd42d9a26417128c5451b2 12782b1f1d24482d8d61183668d9a2bb - - default default] No more DHCP agents
2026-07-07 00:30:31.126 7 WARNING neutron.api.rpc.agentnotifiers.dhcp_rpc_agent_api [None req-bd850aa3-959e-4524-8932-fe816d520057 c96d78d8a5dd42d9a26417128c5451b2 12782b1f1d24482d8d61183668d9a2bb - - default default] Unable to schedule network 8f3edf2b-3d8c-48c8-9456-8b75c389110c: no agents available; will retry on subsequent port and subnet creation events.
2026-07-07 00:30:31.184 8 INFO neutron.db.ovn_revision_numbers_db [None req-7f3ec30c-83c7-4d4a-9bf6-e0d9d5677bfe ac658792db124f47824cf5c260b1fb68 2c9db726292d43369ff35c2f3b6eeb4f - - default default] Successfully bumped revision number for resource 5ae9cf01-e9b6-49b8-9968-f5839cf2afb2 (type: ports) to 1
2026-07-07 00:30:31.190 7 INFO neutron.plugins.ml2.drivers.ovn.mech_driver.mech_driver [None req-18cc0c8c-03ed-4c86-9a2f-f04a99670add - - - - - -] OVN reports status down for port: f127db28-f86c-402c-ae8f-a4c9fec4b728 [pid: 8|app: 0|req: 1084/2125] 10.0.0.73 () {34 vars in 669 bytes} [Tue Jul 7 00:30:30 2026] POST /v2.0/networks => generated 670 bytes in 592 msecs (HTTP/1.1 201) 4 headers in 162 bytes (1 switches on core 0)
2026-07-07 00:30:31.259 7 INFO neutron.db.ovn_revision_numbers_db [None req-bd850aa3-959e-4524-8932-fe816d520057 c96d78d8a5dd42d9a26417128c5451b2 12782b1f1d24482d8d61183668d9a2bb - - default default] Successfully bumped revision number for resource f127db28-f86c-402c-ae8f-a4c9fec4b728 (type: ports) to 1 [pid: 7|app: 0|req: 1042/2126] 10.0.0.73 () {34 vars in 663 bytes} [Tue Jul 7 00:30:30 2026] POST /v2.0/ports => generated 743 bytes in 483 msecs (HTTP/1.1 201) 4 headers in 162 bytes (1 switches on core 0) /var/lib/openstack/lib/python3.12/site-packages/pycadf/identifier.py:70: UserWarning: Invalid uuid: neutron. To ensure interoperability, identifiers should be a valid uuid. warnings.warn(('Invalid uuid: %s. To ensure interoperability, '
2026-07-07 00:30:31.343 8 INFO neutron_taas.services.taas.taas_plugin [None req-a2f7a5ea-b7b6-472f-a6a6-0c7a7bcd2fb8 b1f12a51ba8a447bbf37aaad1d9170b0 fa4cebdd125c46c080de7f23bb8e8a6a - - default default] TaaS: Handle Delete Port: 203c2902-770a-4f57-bb65-c63b7a8e8ea5
2026-07-07 00:30:31.346 8 INFO neutron_taas.services.taas.tap_mirror_plugin [None req-a2f7a5ea-b7b6-472f-a6a6-0c7a7bcd2fb8 b1f12a51ba8a447bbf37aaad1d9170b0 fa4cebdd125c46c080de7f23bb8e8a6a - - default default] Tap Mirror: Handle Delete Port: 203c2902-770a-4f57-bb65-c63b7a8e8ea5 [pid: 8|app: 0|req: 1085/2127] 10.0.0.73 () {32 vars in 719 bytes} [Tue Jul 7 00:30:31 2026] DELETE /v2.0/ports/203c2902-770a-4f57-bb65-c63b7a8e8ea5 => generated 0 bytes in 213 msecs (HTTP/1.1 204) 3 headers in 131 bytes (1 switches on core 0) [pid: 8|app: 0|req: 1086/2128] 10.0.0.73 () {34 vars in 746 bytes} [Tue Jul 7 00:30:31 2026] PUT /v2.0/ports/c742ffb5-c73e-438c-be07-212254d01377/tags => generated 17 bytes in 60 msecs (HTTP/1.1 200) 4 headers in 156 bytes (1 switches on core 0) /var/lib/openstack/lib/python3.12/site-packages/pycadf/identifier.py:70: UserWarning: Invalid uuid: neutron. To ensure interoperability, identifiers should be a valid uuid. warnings.warn(('Invalid uuid: %s. To ensure interoperability, '
2026-07-07 00:30:31.532 7 WARNING neutron.scheduler.dhcp_agent_scheduler [None req-d3ffce25-0472-4f27-875a-ef433dfb92ba ac658792db124f47824cf5c260b1fb68 2c9db726292d43369ff35c2f3b6eeb4f - - default default] No more DHCP agents
2026-07-07 00:30:31.533 7 WARNING neutron.api.rpc.agentnotifiers.dhcp_rpc_agent_api [None req-d3ffce25-0472-4f27-875a-ef433dfb92ba ac658792db124f47824cf5c260b1fb68 2c9db726292d43369ff35c2f3b6eeb4f - - default default] Unable to schedule network 8faab7e4-9fd8-4b32-8e74-d27ab77a907a: no agents available; will retry on subsequent port and subnet creation events. [pid: 8|app: 0|req: 1087/2129] 10.0.0.73 () {32 vars in 642 bytes} [Tue Jul 7 00:30:31 2026] GET /v2.0/ports => generated 1523 bytes in 40 msecs (HTTP/1.1 200) 4 headers in 158 bytes (1 switches on core 0) [pid: 8|app: 0|req: 1088/2130] 10.0.0.73 () {34 vars in 746 bytes} [Tue Jul 7 00:30:31 2026] PUT /v2.0/ports/62b6781a-d164-44e5-a4ad-218f6d2a5cd5/tags => generated 25 bytes in 65 msecs (HTTP/1.1 200) 4 headers in 156 bytes (1 switches on core 0) /var/lib/openstack/lib/python3.12/site-packages/pycadf/identifier.py:70: UserWarning: Invalid uuid: neutron. To ensure interoperability, identifiers should be a valid uuid. warnings.warn(('Invalid uuid: %s. To ensure interoperability, '
2026-07-07 00:30:31.689 8 INFO neutron.db.segments_db [None req-17278ba5-c41e-477a-84eb-cfebd746df27 b1f12a51ba8a447bbf37aaad1d9170b0 fa4cebdd125c46c080de7f23bb8e8a6a - - default default] Added segment f5c691e2-9b10-4b33-b4e2-35451ff3fc6e of type geneve for network 8ee06e85-eaca-4f70-8899-49154182cea0
2026-07-07 00:30:31.810 8 INFO neutron.db.ovn_revision_numbers_db [None req-17278ba5-c41e-477a-84eb-cfebd746df27 b1f12a51ba8a447bbf37aaad1d9170b0 fa4cebdd125c46c080de7f23bb8e8a6a - - default default] Successfully bumped revision number for resource 8ee06e85-eaca-4f70-8899-49154182cea0 (type: networks) to 1
2026-07-07 00:30:32.005 7 INFO neutron.db.ovn_revision_numbers_db [None req-e2ea7de6-c9c6-4e7a-bcec-e801d7d8b590 - - - - - -] Successfully bumped revision number for resource 5ae9cf01-e9b6-49b8-9968-f5839cf2afb2 (type: ports) to 2
2026-07-07 00:30:32.017 8 WARNING neutron.scheduler.dhcp_agent_scheduler [None req-17278ba5-c41e-477a-84eb-cfebd746df27 b1f12a51ba8a447bbf37aaad1d9170b0 fa4cebdd125c46c080de7f23bb8e8a6a - - default default] No more DHCP agents
2026-07-07 00:30:32.018 8 WARNING neutron.api.rpc.agentnotifiers.dhcp_rpc_agent_api [None req-17278ba5-c41e-477a-84eb-cfebd746df27 b1f12a51ba8a447bbf37aaad1d9170b0 fa4cebdd125c46c080de7f23bb8e8a6a - - default default] Unable to schedule network 8ee06e85-eaca-4f70-8899-49154182cea0: no agents available; will retry on subsequent port and subnet creation events.
2026-07-07 00:30:32.062 7 INFO neutron.db.ovn_revision_numbers_db [None req-e2ea7de6-c9c6-4e7a-bcec-e801d7d8b590 - - - - - -] Successfully bumped revision number for resource e6e4cbd7-242e-4d73-8049-c42db40bd1d5 (type: subnets) to 0
2026-07-07 00:30:32.078 8 INFO neutron.plugins.ml2.drivers.ovn.mech_driver.mech_driver [None req-d1b05740-cf70-4516-b938-15a5840e65bc - - - - - -] OVN reports status down for port: e8191c64-e35f-4798-932d-8de859469835 [pid: 7|app: 0|req: 1043/2131] 10.0.0.73 () {34 vars in 668 bytes} [Tue Jul 7 00:30:31 2026] POST /v2.0/subnets => generated 629 bytes in 744 msecs (HTTP/1.1 201) 4 headers in 162 bytes (1 switches on core 0)
2026-07-07 00:30:32.142 8 INFO neutron.db.ovn_revision_numbers_db [None req-17278ba5-c41e-477a-84eb-cfebd746df27 b1f12a51ba8a447bbf37aaad1d9170b0 fa4cebdd125c46c080de7f23bb8e8a6a - - default default] Successfully bumped revision number for resource e8191c64-e35f-4798-932d-8de859469835 (type: ports) to 1 [pid: 7|app: 0|req: 1044/2132] 10.0.0.73 () {34 vars in 746 bytes} [Tue Jul 7 00:30:32 2026] PUT /v2.0/ports/3d198f85-1f94-433c-8133-f4d94e375608/tags => generated 34 bytes in 63 msecs (HTTP/1.1 200) 4 headers in 156 bytes (1 switches on core 0) /var/lib/openstack/lib/python3.12/site-packages/pycadf/identifier.py:70: UserWarning: Invalid uuid: neutron. To ensure interoperability, identifiers should be a valid uuid. warnings.warn(('Invalid uuid: %s. To ensure interoperability, ' [pid: 8|app: 0|req: 1089/2133] 10.0.0.73 () {34 vars in 669 bytes} [Tue Jul 7 00:30:31 2026] POST /v2.0/networks => generated 692 bytes in 584 msecs (HTTP/1.1 201) 4 headers in 162 bytes (1 switches on core 0) [pid: 7|app: 0|req: 1045/2134] 10.0.0.73 () {34 vars in 750 bytes} [Tue Jul 7 00:30:32 2026] PUT /v2.0/subnets/2fa73c4b-6c04-4f0e-8be8-1b7ab98817c9/tags => generated 17 bytes in 67 msecs (HTTP/1.1 200) 4 headers in 156 bytes (1 switches on core 0) [pid: 8|app: 0|req: 1090/2135] 10.0.0.73 () {34 vars in 746 bytes} [Tue Jul 7 00:30:32 2026] PUT /v2.0/ports/617967b5-9b6b-4cb3-85fb-bbee1827a38e/tags => generated 19 bytes in 64 msecs (HTTP/1.1 200) 4 headers in 156 bytes (1 switches on core 0) /var/lib/openstack/lib/python3.12/site-packages/pycadf/identifier.py:70: UserWarning: Invalid uuid: neutron. To ensure interoperability, identifiers should be a valid uuid. warnings.warn(('Invalid uuid: %s. To ensure interoperability, '
2026-07-07 00:30:32.298 7 INFO neutron.db.segments_db [None req-e2bb6e2c-b00c-4268-9f43-2f0ef3daa508 b1f12a51ba8a447bbf37aaad1d9170b0 fa4cebdd125c46c080de7f23bb8e8a6a - - default default] Added segment 7fe77c9f-1c1b-4b72-98cc-d384b435b907 of type geneve for network ca0b9b21-0187-47fd-a26d-a565e92acd8b [pid: 8|app: 0|req: 1091/2136] 10.0.0.73 () {34 vars in 750 bytes} [Tue Jul 7 00:30:32 2026] PUT /v2.0/subnets/d176aaf7-ee2e-4c7d-8b17-72c91e85e6d7/tags => generated 25 bytes in 65 msecs (HTTP/1.1 200) 4 headers in 156 bytes (1 switches on core 0)
2026-07-07 00:30:32.406 7 INFO neutron.db.ovn_revision_numbers_db [None req-e2bb6e2c-b00c-4268-9f43-2f0ef3daa508 b1f12a51ba8a447bbf37aaad1d9170b0 fa4cebdd125c46c080de7f23bb8e8a6a - - default default] Successfully bumped revision number for resource ca0b9b21-0187-47fd-a26d-a565e92acd8b (type: networks) to 1 [pid: 8|app: 0|req: 1092/2137] 10.0.0.73 () {32 vars in 659 bytes} [Tue Jul 7 00:30:32 2026] GET /v2.0/ports?tags=red => generated 2253 bytes in 166 msecs (HTTP/1.1 200) 4 headers in 158 bytes (1 switches on core 0) [pid: 8|app: 0|req: 1093/2138] 10.0.0.73 () {34 vars in 750 bytes} [Tue Jul 7 00:30:32 2026] PUT /v2.0/subnets/bd0b937b-b05e-452a-a440-64cd910682c8/tags => generated 34 bytes in 48 msecs (HTTP/1.1 200) 4 headers in 156 bytes (1 switches on core 0)
2026-07-07 00:30:32.563 7 WARNING neutron.scheduler.dhcp_agent_scheduler [None req-e2bb6e2c-b00c-4268-9f43-2f0ef3daa508 b1f12a51ba8a447bbf37aaad1d9170b0 fa4cebdd125c46c080de7f23bb8e8a6a - - default default] No more DHCP agents
2026-07-07 00:30:32.564 7 WARNING neutron.api.rpc.agentnotifiers.dhcp_rpc_agent_api [None req-e2bb6e2c-b00c-4268-9f43-2f0ef3daa508 b1f12a51ba8a447bbf37aaad1d9170b0 fa4cebdd125c46c080de7f23bb8e8a6a - - default default] Unable to schedule network ca0b9b21-0187-47fd-a26d-a565e92acd8b: no agents available; will retry on subsequent port and subnet creation events. [pid: 8|app: 0|req: 1094/2139] 10.0.0.73 () {32 vars in 673 bytes} [Tue Jul 7 00:30:32 2026] GET /v2.0/ports?tags=red%2Cblue => generated 1513 bytes in 82 msecs (HTTP/1.1 200) 4 headers in 158 bytes (1 switches on core 0)
2026-07-07 00:30:32.635 7 INFO neutron.plugins.ml2.drivers.ovn.mech_driver.mech_driver [None req-18cc0c8c-03ed-4c86-9a2f-f04a99670add - - - - - -] OVN reports status down for port: e9dd7d81-725a-492a-8ee1-ca5e5ffaf35e [pid: 8|app: 0|req: 1095/2140] 10.0.0.73 () {34 vars in 750 bytes} [Tue Jul 7 00:30:32 2026] PUT /v2.0/subnets/7cd9c82b-9535-4672-89f2-679774ed252e/tags => generated 19 bytes in 39 msecs (HTTP/1.1 200) 4 headers in 156 bytes (1 switches on core 0)
