2026-07-07 00:28:41.447 7 INFO neutron_taas.services.taas.tap_mirror_plugin [None req-287eec33-7435-4e52-9120-d7f48c0acb24 ca0919229cae4338b341909a0a1859f3 8be5ecc1f8fe42c4a03ac1161af88192 - - default default] Tap Mirror: Handle Delete Port: 712f59c2-6089-46a3-a4fb-d9d73a2a7aba [pid: 8|app: 0|req: 710/1427] 10.0.0.73 () {32 vars in 739 bytes} [Tue Jul 7 00:28:41 2026] DELETE /v2.0/security-groups/ca1a02b6-1017-4e0a-8117-0420240fe5d2 => generated 0 bytes in 235 msecs (HTTP/1.1 204) 2 headers in 112 bytes (1 switches on core 0) [pid: 8|app: 0|req: 711/1428] 10.0.0.124 () {34 vars in 990 bytes} [Tue Jul 7 00:28:41 2026] GET /v2.0/ports?device_id=22f12e2e-1f78-4f29-8215-e45c10c9fee3 => generated 973 bytes in 46 msecs (HTTP/1.1 200) 4 headers in 157 bytes (1 switches on core 0) [pid: 8|app: 0|req: 712/1429] 10.0.0.124 () {34 vars in 1040 bytes} [Tue Jul 7 00:28:41 2026] GET /v2.0/security-groups?id=e0dd935e-5af6-4566-b188-b69ebddab058&fields=id&fields=name => generated 113 bytes in 30 msecs (HTTP/1.1 200) 4 headers in 157 bytes (1 switches on core 0) [pid: 7|app: 0|req: 718/1430] 10.0.0.73 () {34 vars in 788 bytes} [Tue Jul 7 00:28:41 2026] PUT /v2.0/routers/fa72c496-afc0-4cc2-aa0c-3f02c49e0c1e/remove_router_interface => generated 309 bytes in 589 msecs (HTTP/1.1 200) 4 headers in 157 bytes (1 switches on core 0) [pid: 8|app: 0|req: 713/1431] 10.0.0.73 () {32 vars in 735 bytes} [Tue Jul 7 00:28:41 2026] GET /v2.0/ports?device_id=fa72c496-afc0-4cc2-aa0c-3f02c49e0c1e => generated 12 bytes in 32 msecs (HTTP/1.1 200) 4 headers in 156 bytes (1 switches on core 0) /var/lib/openstack/lib/python3.12/site-packages/pycadf/identifier.py:70: UserWarning: Invalid uuid: neutron. To ensure interoperability, identifiers should be a valid uuid. warnings.warn(('Invalid uuid: %s. To ensure interoperability, ' [pid: 7|app: 0|req: 719/1432] 10.0.0.73 () {32 vars in 723 bytes} [Tue Jul 7 00:28:41 2026] DELETE /v2.0/routers/fa72c496-afc0-4cc2-aa0c-3f02c49e0c1e => generated 0 bytes in 247 msecs (HTTP/1.1 204) 2 headers in 112 bytes (1 switches on core 0) [pid: 8|app: 0|req: 714/1433] 10.0.0.73 () {32 vars in 723 bytes} [Tue Jul 7 00:28:42 2026] DELETE /v2.0/subnets/9b4d706a-b51d-4a40-94b7-18094033c5cf => generated 0 bytes in 139 msecs (HTTP/1.1 204) 3 headers in 131 bytes (1 switches on core 0)
2026-07-07 00:28:42.314 7 INFO neutron_taas.services.taas.taas_plugin [None req-1d4b6252-cb6d-4194-bf17-cc9ebb2b172a ca0919229cae4338b341909a0a1859f3 8be5ecc1f8fe42c4a03ac1161af88192 - - default default] TaaS: Handle Delete Port: 2a53512a-c7b6-40bf-a870-d44a8f48edbc
2026-07-07 00:28:42.318 7 INFO neutron_taas.services.taas.tap_mirror_plugin [None req-1d4b6252-cb6d-4194-bf17-cc9ebb2b172a ca0919229cae4338b341909a0a1859f3 8be5ecc1f8fe42c4a03ac1161af88192 - - default default] Tap Mirror: Handle Delete Port: 2a53512a-c7b6-40bf-a870-d44a8f48edbc
2026-07-07 00:28:42.538 7 INFO neutron.services.segments.plugin [-] Segment 2766c910-6192-4bd5-8cfc-3bf091dd4915 resource provider aggregate not found
2026-07-07 00:28:42.548 7 INFO neutron.services.segments.plugin [-] Segment 2766c910-6192-4bd5-8cfc-3bf091dd4915 resource provider aggregate not found
2026-07-07 00:28:42.573 7 INFO neutron.services.segments.plugin [-] Client error retrieving segment 2766c910-6192-4bd5-8cfc-3bf091dd4915 resource provider; error: Placement Client Error (4xx): {"errors": [{"status": 404, "title": "Not Found", "detail": "The resource could not be found.\n\n No resource provider with uuid 2766c910-6192-4bd5-8cfc-3bf091dd4915 found for delete ", "request_id": "req-fda04dcb-ae92-443b-8211-46b4ed95b360"}]}
2026-07-07 00:28:42.578 7 INFO neutron.services.segments.plugin [-] Client error retrieving segment 2766c910-6192-4bd5-8cfc-3bf091dd4915 resource provider; error: Placement Client Error (4xx): {"errors": [{"status": 404, "title": "Not Found", "detail": "The resource could not be found.\n\n No resource provider with uuid 2766c910-6192-4bd5-8cfc-3bf091dd4915 found for delete ", "request_id": "req-a939fc54-fdf0-4fa0-b7a0-a467c47c35f7"}]} [pid: 7|app: 0|req: 720/1434] 10.0.0.73 () {32 vars in 725 bytes} [Tue Jul 7 00:28:42 2026] DELETE /v2.0/networks/aa93ecd5-4775-42e0-afda-8732af5dd3e1 => generated 0 bytes in 434 msecs (HTTP/1.1 204) 3 headers in 131 bytes (1 switches on core 0) [pid: 7|app: 0|req: 721/1435] 10.0.0.124 () {34 vars in 990 bytes} [Tue Jul 7 00:28:42 2026] GET /v2.0/ports?device_id=22f12e2e-1f78-4f29-8215-e45c10c9fee3 => generated 973 bytes in 81 msecs (HTTP/1.1 200) 4 headers in 157 bytes (1 switches on core 0) [pid: 7|app: 0|req: 722/1436] 10.0.0.124 () {34 vars in 1040 bytes} [Tue Jul 7 00:28:42 2026] GET /v2.0/security-groups?id=e0dd935e-5af6-4566-b188-b69ebddab058&fields=id&fields=name => generated 113 bytes in 32 msecs (HTTP/1.1 200) 4 headers in 157 bytes (1 switches on core 0)
2026-07-07 00:28:43.071 8 WARNING neutron.scheduler.dhcp_agent_scheduler [None req-9d3199a6-e0a5-4aab-a46d-ffc3709a08bf ca0919229cae4338b341909a0a1859f3 8be5ecc1f8fe42c4a03ac1161af88192 - - default default] No more DHCP agents
2026-07-07 00:28:43.076 8 WARNING neutron.api.rpc.agentnotifiers.dhcp_rpc_agent_api [None req-9d3199a6-e0a5-4aab-a46d-ffc3709a08bf ca0919229cae4338b341909a0a1859f3 8be5ecc1f8fe42c4a03ac1161af88192 - - default default] Unable to schedule network 41c669a0-a9e6-46fa-87db-ff58f520201a: no agents available; will retry on subsequent port and subnet creation events.
2026-07-07 00:28:43.211 8 INFO neutron.db.ovn_revision_numbers_db [None req-9d3199a6-e0a5-4aab-a46d-ffc3709a08bf ca0919229cae4338b341909a0a1859f3 8be5ecc1f8fe42c4a03ac1161af88192 - - default default] Successfully bumped revision number for resource a84358b2-b93e-4ad0-8e56-01143e0d015b (type: ports) to 1
2026-07-07 00:28:43.322 7 INFO neutron.db.ovn_revision_numbers_db [None req-1803f496-475d-49d1-86ea-450800055a62 0c802f163d884f32bb74a3f08c0b61a1 8c2ec5367307411d8e20ccba2f6dbb7d - - default default] Successfully bumped revision number for resource c75ae9cb-035a-46b9-b5af-459b9d880d27 (type: security_groups) to 1
2026-07-07 00:28:43.332 7 INFO neutron.db.ovn_revision_numbers_db [None req-1803f496-475d-49d1-86ea-450800055a62 0c802f163d884f32bb74a3f08c0b61a1 8c2ec5367307411d8e20ccba2f6dbb7d - - default default] Successfully bumped revision number for resource 14f0a1d7-33cc-4c2d-a55f-0bb84d4c2728 (type: security_group_rules) to 0
2026-07-07 00:28:43.344 7 INFO neutron.db.ovn_revision_numbers_db [None req-1803f496-475d-49d1-86ea-450800055a62 0c802f163d884f32bb74a3f08c0b61a1 8c2ec5367307411d8e20ccba2f6dbb7d - - default default] Successfully bumped revision number for resource 22586805-43fb-463d-87b6-124b55c686f1 (type: security_group_rules) to 0
2026-07-07 00:28:43.355 7 INFO neutron.db.ovn_revision_numbers_db [None req-1803f496-475d-49d1-86ea-450800055a62 0c802f163d884f32bb74a3f08c0b61a1 8c2ec5367307411d8e20ccba2f6dbb7d - - default default] Successfully bumped revision number for resource 225d4f8e-48d7-4997-aaf4-864fd06f4d54 (type: security_group_rules) to 0
2026-07-07 00:28:43.367 7 INFO neutron.db.ovn_revision_numbers_db [None req-1803f496-475d-49d1-86ea-450800055a62 0c802f163d884f32bb74a3f08c0b61a1 8c2ec5367307411d8e20ccba2f6dbb7d - - default default] Successfully bumped revision number for resource b99b7137-93ea-49fe-93e9-c60c47ca0633 (type: security_group_rules) to 0 [pid: 7|app: 0|req: 723/1437] 10.0.0.73 () {32 vars in 773 bytes} [Tue Jul 7 00:28:42 2026] GET /v2.0/security-groups?tenant_id=636a7c56a3af419ba537d74f7fb15baa&name=default => generated 2925 bytes in 483 msecs (HTTP/1.1 200) 4 headers in 158 bytes (1 switches on core 0) [pid: 7|app: 0|req: 724/1438] 10.0.0.73 () {32 vars in 739 bytes} [Tue Jul 7 00:28:43 2026] DELETE /v2.0/security-groups/c75ae9cb-035a-46b9-b5af-459b9d880d27 => generated 0 bytes in 270 msecs (HTTP/1.1 204) 2 headers in 112 bytes (1 switches on core 0)
2026-07-07 00:28:44.017 7 INFO neutron.db.ovn_revision_numbers_db [None req-b7bf01c2-4a2f-4fba-8ecc-eaa47e16c15e 0c802f163d884f32bb74a3f08c0b61a1 8c2ec5367307411d8e20ccba2f6dbb7d - - default default] Successfully bumped revision number for resource e48248b7-f281-470a-9cd3-ddf136232421 (type: security_groups) to 1
2026-07-07 00:28:44.021 8 INFO neutron.plugins.ml2.drivers.ovn.mech_driver.ovsdb.commands [None req-146a18c5-fef7-4f12-be9b-0513844b8ffb - - - - - -] Schedule LRP lrp-a84358b2-b93e-4ad0-8e56-01143e0d015b on gateway bceea6ca-4b4c-428f-8e07-83db12470ea2 with priority 1
2026-07-07 00:28:44.050 7 INFO neutron.db.ovn_revision_numbers_db [None req-b7bf01c2-4a2f-4fba-8ecc-eaa47e16c15e 0c802f163d884f32bb74a3f08c0b61a1 8c2ec5367307411d8e20ccba2f6dbb7d - - default default] Successfully bumped revision number for resource 0b4a07a9-a68e-4cd9-9b82-a5d297e04bb4 (type: security_group_rules) to 0
2026-07-07 00:28:44.077 8 INFO neutron.db.ovn_revision_numbers_db [None req-9d3199a6-e0a5-4aab-a46d-ffc3709a08bf ca0919229cae4338b341909a0a1859f3 8be5ecc1f8fe42c4a03ac1161af88192 - - default default] Successfully bumped revision number for resource a84358b2-b93e-4ad0-8e56-01143e0d015b (type: router_ports) to 1
2026-07-07 00:28:44.081 7 INFO neutron.db.ovn_revision_numbers_db [None req-b7bf01c2-4a2f-4fba-8ecc-eaa47e16c15e 0c802f163d884f32bb74a3f08c0b61a1 8c2ec5367307411d8e20ccba2f6dbb7d - - default default] Successfully bumped revision number for resource 35927a43-c309-45d3-9a34-3ddd2523cab5 (type: security_group_rules) to 0
2026-07-07 00:28:44.099 7 INFO neutron.db.ovn_revision_numbers_db [None req-b7bf01c2-4a2f-4fba-8ecc-eaa47e16c15e 0c802f163d884f32bb74a3f08c0b61a1 8c2ec5367307411d8e20ccba2f6dbb7d - - default default] Successfully bumped revision number for resource 5998c8b5-b962-4e21-ab14-4a9307f98675 (type: security_group_rules) to 0
2026-07-07 00:28:44.111 7 INFO neutron.db.ovn_revision_numbers_db [None req-b7bf01c2-4a2f-4fba-8ecc-eaa47e16c15e 0c802f163d884f32bb74a3f08c0b61a1 8c2ec5367307411d8e20ccba2f6dbb7d - - default default] Successfully bumped revision number for resource b1eb3968-fda3-4f72-b3c6-a9737a0834fe (type: security_group_rules) to 0
2026-07-07 00:28:44.147 8 INFO neutron.db.ovn_revision_numbers_db [None req-9d3199a6-e0a5-4aab-a46d-ffc3709a08bf ca0919229cae4338b341909a0a1859f3 8be5ecc1f8fe42c4a03ac1161af88192 - - default default] Successfully bumped revision number for resource 807359a2-78dd-4a6e-baa6-fe284006c7c9 (type: routers) to 2 [pid: 7|app: 0|req: 725/1439] 10.0.0.73 () {32 vars in 773 bytes} [Tue Jul 7 00:28:43 2026] GET /v2.0/security-groups?tenant_id=f96b069494ae43938b2966a884e97905&name=default => generated 2925 bytes in 302 msecs (HTTP/1.1 200) 4 headers in 158 bytes (1 switches on core 0) [pid: 8|app: 0|req: 715/1440] 10.0.0.73 () {34 vars in 668 bytes} [Tue Jul 7 00:28:42 2026] POST /v2.0/routers => generated 952 bytes in 1547 msecs (HTTP/1.1 201) 4 headers in 162 bytes (1 switches on core 0) [pid: 7|app: 0|req: 726/1441] 10.0.0.124 () {34 vars in 990 bytes} [Tue Jul 7 00:28:44 2026] GET /v2.0/ports?device_id=22f12e2e-1f78-4f29-8215-e45c10c9fee3 => generated 973 bytes in 41 msecs (HTTP/1.1 200) 4 headers in 157 bytes (1 switches on core 0)
2026-07-07 00:28:44.408 8 INFO neutron.db.ovn_revision_numbers_db [None req-69c57ff7-1764-4646-9ad0-dd1d6b4fbfd4 0c802f163d884f32bb74a3f08c0b61a1 8c2ec5367307411d8e20ccba2f6dbb7d - - default default] Successfully bumped revision number for resource 128ecdc5-a82a-471a-bde9-b7089bbe8af4 (type: security_groups) to 1
2026-07-07 00:28:44.423 8 INFO neutron.db.ovn_revision_numbers_db [None req-69c57ff7-1764-4646-9ad0-dd1d6b4fbfd4 0c802f163d884f32bb74a3f08c0b61a1 8c2ec5367307411d8e20ccba2f6dbb7d - - default default] Successfully bumped revision number for resource 41fea7cf-5add-43f1-ad6a-4607532ca29e (type: security_group_rules) to 0
2026-07-07 00:28:44.438 8 INFO neutron.db.ovn_revision_numbers_db [None req-69c57ff7-1764-4646-9ad0-dd1d6b4fbfd4 0c802f163d884f32bb74a3f08c0b61a1 8c2ec5367307411d8e20ccba2f6dbb7d - - default default] Successfully bumped revision number for resource 8086bc18-1711-4a5d-a7f9-edc3123f357a (type: security_group_rules) to 0 [pid: 7|app: 0|req: 727/1442] 10.0.0.73 () {32 vars in 739 bytes} [Tue Jul 7 00:28:44 2026] DELETE /v2.0/security-groups/e48248b7-f281-470a-9cd3-ddf136232421 => generated 0 bytes in 258 msecs (HTTP/1.1 204) 2 headers in 112 bytes (1 switches on core 0)
2026-07-07 00:28:44.452 8 INFO neutron.db.ovn_revision_numbers_db [None req-69c57ff7-1764-4646-9ad0-dd1d6b4fbfd4 0c802f163d884f32bb74a3f08c0b61a1 8c2ec5367307411d8e20ccba2f6dbb7d - - default default] Successfully bumped revision number for resource 838d7406-1295-48cd-a279-f393b1b6817c (type: security_group_rules) to 0
2026-07-07 00:28:44.470 8 INFO neutron.db.ovn_revision_numbers_db [None req-69c57ff7-1764-4646-9ad0-dd1d6b4fbfd4 0c802f163d884f32bb74a3f08c0b61a1 8c2ec5367307411d8e20ccba2f6dbb7d - - default default] Successfully bumped revision number for resource 8b60fc8f-782b-4758-b0b7-b6a40ca76076 (type: security_group_rules) to 0 [pid: 7|app: 0|req: 728/1443] 10.0.0.73 () {32 vars in 720 bytes} [Tue Jul 7 00:28:44 2026] GET /v2.0/routers/807359a2-78dd-4a6e-baa6-fe284006c7c9 => generated 958 bytes in 48 msecs (HTTP/1.1 200) 4 headers in 157 bytes (1 switches on core 0) [pid: 8|app: 0|req: 716/1444] 10.0.0.73 () {32 vars in 773 bytes} [Tue Jul 7 00:28:44 2026] GET /v2.0/security-groups?tenant_id=59db7c87b255474faa0d4fc9475842e4&name=default => generated 2925 bytes in 343 msecs (HTTP/1.1 200) 4 headers in 158 bytes (1 switches on core 0) [pid: 7|app: 0|req: 729/1445] 10.0.0.124 () {34 vars in 1040 bytes} [Tue Jul 7 00:28:44 2026] GET /v2.0/security-groups?id=e0dd935e-5af6-4566-b188-b69ebddab058&fields=id&fields=name => generated 113 bytes in 25 msecs (HTTP/1.1 200) 4 headers in 157 bytes (1 switches on core 0) [pid: 8|app: 0|req: 717/1446] 10.0.0.73 () {32 vars in 646 bytes} [Tue Jul 7 00:28:44 2026] GET /v2.0/routers => generated 961 bytes in 97 msecs (HTTP/1.1 200) 4 headers in 157 bytes (1 switches on core 0) [pid: 7|app: 0|req: 730/1447] 10.0.0.73 () {32 vars in 739 bytes} [Tue Jul 7 00:28:44 2026] DELETE /v2.0/security-groups/128ecdc5-a82a-471a-bde9-b7089bbe8af4 => generated 0 bytes in 262 msecs (HTTP/1.1 204) 2 headers in 112 bytes (1 switches on core 0)
2026-07-07 00:28:45.157 8 INFO neutron.db.ovn_revision_numbers_db [None req-a7235bca-0a01-4432-ac56-a86dd64e493d ca0919229cae4338b341909a0a1859f3 8be5ecc1f8fe42c4a03ac1161af88192 - - default default] Successfully bumped revision number for resource 807359a2-78dd-4a6e-baa6-fe284006c7c9 (type: routers) to 3 [pid: 8|app: 0|req: 718/1448] 10.0.0.73 () {34 vars in 740 bytes} [Tue Jul 7 00:28:44 2026] PUT /v2.0/routers/807359a2-78dd-4a6e-baa6-fe284006c7c9 => generated 965 bytes in 550 msecs (HTTP/1.1 200) 4 headers in 157 bytes (1 switches on core 0) [pid: 7|app: 0|req: 731/1449] 10.0.0.73 () {32 vars in 720 bytes} [Tue Jul 7 00:28:45 2026] GET /v2.0/routers/807359a2-78dd-4a6e-baa6-fe284006c7c9 => generated 965 bytes in 52 msecs (HTTP/1.1 200) 4 headers in 157 bytes (1 switches on core 0) [pid: 8|app: 0|req: 719/1450] 10.0.0.73 () {32 vars in 735 bytes} [Tue Jul 7 00:28:45 2026] GET /v2.0/ports?device_id=807359a2-78dd-4a6e-baa6-fe284006c7c9 => generated 12 bytes in 23 msecs (HTTP/1.1 200) 4 headers in 156 bytes (1 switches on core 0)
2026-07-07 00:28:45.986 7 INFO neutron_taas.services.taas.taas_plugin [None req-894646e1-a197-4da5-86f9-9966f7a73b2e ca0919229cae4338b341909a0a1859f3 8be5ecc1f8fe42c4a03ac1161af88192 - - default default] TaaS: Handle Delete Port: a84358b2-b93e-4ad0-8e56-01143e0d015b
2026-07-07 00:28:45.989 7 INFO neutron_taas.services.taas.tap_mirror_plugin [None req-894646e1-a197-4da5-86f9-9966f7a73b2e ca0919229cae4338b341909a0a1859f3 8be5ecc1f8fe42c4a03ac1161af88192 - - default default] Tap Mirror: Handle Delete Port: a84358b2-b93e-4ad0-8e56-01143e0d015b [pid: 7|app: 0|req: 732/1451] 10.0.0.73 () {32 vars in 723 bytes} [Tue Jul 7 00:28:45 2026] DELETE /v2.0/routers/807359a2-78dd-4a6e-baa6-fe284006c7c9 => generated 0 bytes in 1164 msecs (HTTP/1.1 204) 2 headers in 112 bytes (1 switches on core 0) [pid: 7|app: 0|req: 733/1452] 10.0.0.73 () {32 vars in 735 bytes} [Tue Jul 7 00:28:46 2026] GET /v2.0/ports?device_id=807359a2-78dd-4a6e-baa6-fe284006c7c9 => generated 12 bytes in 20 msecs (HTTP/1.1 200) 4 headers in 156 bytes (1 switches on core 0)
2026-07-07 00:28:46.467 7 INFO neutron.api.v2.resource [None req-27362f11-453a-40de-9d31-e084821ca98b ca0919229cae4338b341909a0a1859f3 8be5ecc1f8fe42c4a03ac1161af88192 - - default default] delete failed (client error): The resource could not be found. [pid: 7|app: 0|req: 734/1453] 10.0.0.73 () {32 vars in 723 bytes} [Tue Jul 7 00:28:46 2026] DELETE /v2.0/routers/807359a2-78dd-4a6e-baa6-fe284006c7c9 => generated 135 bytes in 20 msecs (HTTP/1.1 404) 4 headers in 164 bytes (1 switches on core 0) [pid: 7|app: 0|req: 735/1454] 10.0.0.73 () {32 vars in 735 bytes} [Tue Jul 7 00:28:46 2026] GET /v2.0/ports?device_id=fa72c496-afc0-4cc2-aa0c-3f02c49e0c1e => generated 12 bytes in 18 msecs (HTTP/1.1 200) 4 headers in 156 bytes (1 switches on core 0)
2026-07-07 00:28:46.516 7 INFO neutron.api.v2.resource [None req-44e6c7e0-f173-4945-a400-c396e9ab26e0 ca0919229cae4338b341909a0a1859f3 8be5ecc1f8fe42c4a03ac1161af88192 - - default default] delete failed (client error): The resource could not be found. [pid: 7|app: 0|req: 736/1455] 10.0.0.73 () {32 vars in 723 bytes} [Tue Jul 7 00:28:46 2026] DELETE /v2.0/routers/fa72c496-afc0-4cc2-aa0c-3f02c49e0c1e => generated 135 bytes in 21 msecs (HTTP/1.1 404) 4 headers in 164 bytes (1 switches on core 0) [pid: 7|app: 0|req: 737/1456] 10.0.0.204 () {28 vars in 585 bytes} [Tue Jul 7 00:28:46 2026] GET /v2.0/networks => generated 3084 bytes in 92 msecs (HTTP/1.1 200) 4 headers in 158 bytes (1 switches on core 0)
2026-07-07 00:28:46.620 7 INFO neutron.pecan_wsgi.hooks.translation [None req-8dcd2d2f-2aba-4faf-8fbd-272fbc4c6797 ca0919229cae4338b341909a0a1859f3 8be5ecc1f8fe42c4a03ac1161af88192 - - default default] DELETE failed (client error): The resource could not be found. [pid: 7|app: 0|req: 738/1457] 10.0.0.73 () {32 vars in 723 bytes} [Tue Jul 7 00:28:46 2026] DELETE /v2.0/subnets/9b4d706a-b51d-4a40-94b7-18094033c5cf => generated 136 bytes in 11 msecs (HTTP/1.1 404) 4 headers in 164 bytes (1 switches on core 0)
2026-07-07 00:28:46.667 8 INFO neutron.db.ovn_revision_numbers_db [None req-f3e514b3-bff7-4233-8113-580c02f4b22e f2d6cbe95ae542c18d01be6089628468 aefe337f468e4393abc0eda819b228a9 - - default default] Successfully bumped revision number for resource 9d251ecc-e897-41ba-9189-de2605327a6d (type: security_groups) to 1
2026-07-07 00:28:46.684 8 INFO neutron.db.ovn_revision_numbers_db [None req-f3e514b3-bff7-4233-8113-580c02f4b22e f2d6cbe95ae542c18d01be6089628468 aefe337f468e4393abc0eda819b228a9 - - default default] Successfully bumped revision number for resource 276d0848-c171-4c3b-b6ea-45aa1e19c671 (type: security_group_rules) to 0
2026-07-07 00:28:46.697 8 INFO neutron.db.ovn_revision_numbers_db [None req-f3e514b3-bff7-4233-8113-580c02f4b22e f2d6cbe95ae542c18d01be6089628468 aefe337f468e4393abc0eda819b228a9 - - default default] Successfully bumped revision number for resource 28dee957-98b7-4e90-8707-1d71e9dda579 (type: security_group_rules) to 0
2026-07-07 00:28:46.714 8 INFO neutron.db.ovn_revision_numbers_db [None req-f3e514b3-bff7-4233-8113-580c02f4b22e f2d6cbe95ae542c18d01be6089628468 aefe337f468e4393abc0eda819b228a9 - - default default] Successfully bumped revision number for resource a8ba263a-0d0a-48fc-8674-66e76a45e5f4 (type: security_group_rules) to 0
2026-07-07 00:28:46.726 8 INFO neutron.db.ovn_revision_numbers_db [None req-f3e514b3-bff7-4233-8113-580c02f4b22e f2d6cbe95ae542c18d01be6089628468 aefe337f468e4393abc0eda819b228a9 - - default default] Successfully bumped revision number for resource fc24700b-b9dc-4fdd-84f4-9bb43414c858 (type: security_group_rules) to 0
2026-07-07 00:28:46.739 7 WARNING neutron.plugins.ml2.drivers.ovn.mech_driver.ovsdb.ovn_client [None req-ca69cee9-f10f-48c3-8d46-cff9293ba0a4 - - - - - -] No port found with ID 712f59c2-6089-46a3-a4fb-d9d73a2a7aba: RuntimeError: No port found with ID 712f59c2-6089-46a3-a4fb-d9d73a2a7aba
2026-07-07 00:28:46.772 7 INFO neutron.plugins.ml2.drivers.ovn.mech_driver.mech_driver [None req-ca69cee9-f10f-48c3-8d46-cff9293ba0a4 - - - - - -] OVN reports status up for port: 31803a2b-3378-45a6-b252-826661f77b02
2026-07-07 00:28:46.794 7 INFO neutron.plugins.ml2.plugin [None req-ca69cee9-f10f-48c3-8d46-cff9293ba0a4 - - - - - -] Attempt 1 to provision port 31803a2b-3378-45a6-b252-826661f77b02
2026-07-07 00:28:46.809 8 INFO neutron.db.segments_db [None req-f3e514b3-bff7-4233-8113-580c02f4b22e f2d6cbe95ae542c18d01be6089628468 aefe337f468e4393abc0eda819b228a9 - - default default] Added segment bad58dc6-0e6e-4a8f-884c-ff052cc3b400 of type geneve for network 07b83cb4-c00d-485a-9cb4-0a06eed186b0
2026-07-07 00:28:46.861 7 INFO neutron.db.ovn_revision_numbers_db [None req-9ffdd762-7489-4fcd-a84e-d17d65f23314 f31c945af9064dc89a2cd363f1b310ec 01d8a388ac1348a8bb7dfd2b0825edc7 - - default default] Successfully bumped revision number for resource fbf10432-f46e-4b84-b4f6-8af6b9807d44 (type: security_groups) to 1
2026-07-07 00:28:46.885 7 INFO neutron.db.ovn_revision_numbers_db [None req-9ffdd762-7489-4fcd-a84e-d17d65f23314 f31c945af9064dc89a2cd363f1b310ec 01d8a388ac1348a8bb7dfd2b0825edc7 - - default default] Successfully bumped revision number for resource 2c8fbcc9-a4a5-41f9-8940-ce1ed0867a29 (type: security_group_rules) to 0
2026-07-07 00:28:46.922 7 INFO neutron.db.ovn_revision_numbers_db [None req-9ffdd762-7489-4fcd-a84e-d17d65f23314 f31c945af9064dc89a2cd363f1b310ec 01d8a388ac1348a8bb7dfd2b0825edc7 - - default default] Successfully bumped revision number for resource c5a62bd6-2a3f-4724-8fa6-66b0067d0ec1 (type: security_group_rules) to 0
2026-07-07 00:28:46.929 8 INFO neutron.db.ovn_revision_numbers_db [None req-f3e514b3-bff7-4233-8113-580c02f4b22e f2d6cbe95ae542c18d01be6089628468 aefe337f468e4393abc0eda819b228a9 - - default default] Successfully bumped revision number for resource 07b83cb4-c00d-485a-9cb4-0a06eed186b0 (type: networks) to 1
2026-07-07 00:28:46.948 7 INFO neutron.db.ovn_revision_numbers_db [None req-9ffdd762-7489-4fcd-a84e-d17d65f23314 f31c945af9064dc89a2cd363f1b310ec 01d8a388ac1348a8bb7dfd2b0825edc7 - - default default] Successfully bumped revision number for resource cb567c87-d847-4727-9591-84df50dbce84 (type: security_group_rules) to 0
2026-07-07 00:28:46.977 7 INFO neutron.notifiers.nova [-] Nova event matching ['req-c9dbf088-2a49-49c6-a9ce-2e3e723cbdb9'] response: {'server_uuid': '22f12e2e-1f78-4f29-8215-e45c10c9fee3', 'name': 'network-vif-plugged', 'status': 'completed', 'tag': '31803a2b-3378-45a6-b252-826661f77b02', 'code': 200}
2026-07-07 00:28:46.978 7 INFO neutron.db.ovn_revision_numbers_db [None req-9ffdd762-7489-4fcd-a84e-d17d65f23314 f31c945af9064dc89a2cd363f1b310ec 01d8a388ac1348a8bb7dfd2b0825edc7 - - default default] Successfully bumped revision number for resource cf569307-ab2a-4a5d-8648-e1f0c7a95f0d (type: security_group_rules) to 0
2026-07-07 00:28:47.104 7 INFO neutron.db.segments_db [None req-9ffdd762-7489-4fcd-a84e-d17d65f23314 f31c945af9064dc89a2cd363f1b310ec 01d8a388ac1348a8bb7dfd2b0825edc7 - - default default] Added segment 1a000914-2d54-403d-875c-a90fa5ddb564 of type geneve for network e4dfadf1-8b59-4c1e-aa5f-78a3644ccc2e
2026-07-07 00:28:47.124 8 WARNING neutron.scheduler.dhcp_agent_scheduler [None req-f3e514b3-bff7-4233-8113-580c02f4b22e f2d6cbe95ae542c18d01be6089628468 aefe337f468e4393abc0eda819b228a9 - - default default] No more DHCP agents
2026-07-07 00:28:47.126 8 WARNING neutron.api.rpc.agentnotifiers.dhcp_rpc_agent_api [None req-f3e514b3-bff7-4233-8113-580c02f4b22e f2d6cbe95ae542c18d01be6089628468 aefe337f468e4393abc0eda819b228a9 - - default default] Unable to schedule network 07b83cb4-c00d-485a-9cb4-0a06eed186b0: no agents available; will retry on subsequent port and subnet creation events.
2026-07-07 00:28:47.176 8 INFO neutron.plugins.ml2.drivers.ovn.mech_driver.mech_driver [None req-ef63c856-ceae-4754-a4f1-93034dc174f5 - - - - - -] OVN reports status down for port: 0418cc4c-a455-4878-996c-cb01e1882d60
2026-07-07 00:28:47.213 7 INFO neutron.db.ovn_revision_numbers_db [None req-ca69cee9-f10f-48c3-8d46-cff9293ba0a4 - - - - - -] Successfully bumped revision number for resource 31803a2b-3378-45a6-b252-826661f77b02 (type: ports) to 7
2026-07-07 00:28:47.244 8 INFO neutron.db.ovn_revision_numbers_db [None req-f3e514b3-bff7-4233-8113-580c02f4b22e f2d6cbe95ae542c18d01be6089628468 aefe337f468e4393abc0eda819b228a9 - - default default] Successfully bumped revision number for resource 0418cc4c-a455-4878-996c-cb01e1882d60 (type: ports) to 1
2026-07-07 00:28:47.282 7 INFO neutron.db.segments_db [None req-9ffdd762-7489-4fcd-a84e-d17d65f23314 f31c945af9064dc89a2cd363f1b310ec 01d8a388ac1348a8bb7dfd2b0825edc7 - - default default] Added segment 01d095cb-b1d5-4375-930a-372ee97dceee of type geneve for network 7fef48a3-468b-463f-ab9a-190610122e3a [pid: 8|app: 0|req: 720/1458] 10.0.0.73 () {34 vars in 669 bytes} [Tue Jul 7 00:28:46 2026] POST /v2.0/networks => generated 686 bytes in 925 msecs (HTTP/1.1 201) 4 headers in 162 bytes (1 switches on core 0)
2026-07-07 00:28:47.329 7 INFO neutron.plugins.ml2.drivers.ovn.mech_driver.mech_driver [None req-95407325-d47f-4e78-b43b-9bf6565e4f11 - - - - - -] OVN reports status down for port: a84358b2-b93e-4ad0-8e56-01143e0d015b
2026-07-07 00:28:47.348 7 INFO neutron.plugins.ml2.drivers.ovn.mech_driver.mech_driver [None req-95407325-d47f-4e78-b43b-9bf6565e4f11 - - - - - -] OVN reports status up for port: a84358b2-b93e-4ad0-8e56-01143e0d015b [pid: 8|app: 0|req: 721/1459] 10.0.0.204 () {28 vars in 583 bytes} [Tue Jul 7 00:28:47 2026] GET /v2.0/subnets => generated 1988 bytes in 58 msecs (HTTP/1.1 200) 4 headers in 158 bytes (1 switches on core 0) [pid: 8|app: 0|req: 722/1460] 10.0.0.73 () {32 vars in 735 bytes} [Tue Jul 7 00:28:47 2026] GET /v2.0/ports?device_id=334de62e-17b1-4303-ab07-a8707d35a812 => generated 12 bytes in 19 msecs (HTTP/1.1 200) 4 headers in 156 bytes (1 switches on core 0) [pid: 8|app: 0|req: 723/1461] 10.0.0.204 () {28 vars in 591 bytes} [Tue Jul 7 00:28:47 2026] GET /v2.0/subnetpools => generated 19 bytes in 13 msecs (HTTP/1.1 200) 4 headers in 156 bytes (1 switches on core 0)
2026-07-07 00:28:47.417 8 INFO neutron.api.v2.resource [None req-08e52412-3a16-4ced-b33a-1ce71fb6b29d ca0919229cae4338b341909a0a1859f3 8be5ecc1f8fe42c4a03ac1161af88192 - - default default] delete failed (client error): The resource could not be found. [pid: 8|app: 0|req: 724/1462] 10.0.0.73 () {32 vars in 723 bytes} [Tue Jul 7 00:28:47 2026] DELETE /v2.0/routers/334de62e-17b1-4303-ab07-a8707d35a812 => generated 135 bytes in 19 msecs (HTTP/1.1 404) 4 headers in 164 bytes (1 switches on core 0)
2026-07-07 00:28:47.471 7 INFO neutron.db.ovn_revision_numbers_db [None req-9ffdd762-7489-4fcd-a84e-d17d65f23314 f31c945af9064dc89a2cd363f1b310ec 01d8a388ac1348a8bb7dfd2b0825edc7 - - default default] Successfully bumped revision number for resource e4dfadf1-8b59-4c1e-aa5f-78a3644ccc2e (type: networks) to 1 [pid: 8|app: 0|req: 725/1463] 10.0.0.204 () {28 vars in 599 bytes} [Tue Jul 7 00:28:47 2026] GET /v2.0/security-groups => generated 31882 bytes in 69 msecs (HTTP/1.1 200) 4 headers in 159 bytes (1 switches on core 0)
2026-07-07 00:28:47.499 8 INFO neutron.pecan_wsgi.hooks.translation [None req-488051a8-a106-4cf8-898b-29e17c4e5cd9 ca0919229cae4338b341909a0a1859f3 8be5ecc1f8fe42c4a03ac1161af88192 - - default default] DELETE failed (client error): The resource could not be found. [pid: 8|app: 0|req: 726/1464] 10.0.0.73 () {32 vars in 723 bytes} [Tue Jul 7 00:28:47 2026] DELETE /v2.0/subnets/85415240-0398-4deb-aa41-2110f739b114 => generated 136 bytes in 13 msecs (HTTP/1.1 404) 4 headers in 164 bytes (1 switches on core 0) [pid: 8|app: 0|req: 727/1465] 10.0.0.204 () {28 vars in 591 bytes} [Tue Jul 7 00:28:47 2026] GET /v2.0/floatingips => generated 861 bytes in 46 msecs (HTTP/1.1 200) 4 headers in 157 bytes (1 switches on core 0) [pid: 8|app: 0|req: 728/1466] 10.0.0.73 () {32 vars in 735 bytes} [Tue Jul 7 00:28:47 2026] GET /v2.0/ports?device_id=3cde5a8e-484d-47c9-b198-3398336eb01e => generated 12 bytes in 18 msecs (HTTP/1.1 200) 4 headers in 156 bytes (1 switches on core 0) [pid: 8|app: 0|req: 729/1467] 10.0.0.204 () {28 vars in 583 bytes} [Tue Jul 7 00:28:47 2026] GET /v2.0/routers => generated 977 bytes in 65 msecs (HTTP/1.1 200) 4 headers in 157 bytes (1 switches on core 0)
2026-07-07 00:28:47.649 8 INFO neutron.api.v2.resource [None req-30a135c6-fdab-4c6d-b026-df5b397db865 ca0919229cae4338b341909a0a1859f3 8be5ecc1f8fe42c4a03ac1161af88192 - - default default] delete failed (client error): The resource could not be found. [pid: 8|app: 0|req: 730/1468] 10.0.0.73 () {32 vars in 723 bytes} [Tue Jul 7 00:28:47 2026] DELETE /v2.0/routers/3cde5a8e-484d-47c9-b198-3398336eb01e => generated 135 bytes in 14 msecs (HTTP/1.1 404) 4 headers in 164 bytes (1 switches on core 0)
2026-07-07 00:28:47.655 7 WARNING neutron.scheduler.dhcp_agent_scheduler [None req-9ffdd762-7489-4fcd-a84e-d17d65f23314 f31c945af9064dc89a2cd363f1b310ec 01d8a388ac1348a8bb7dfd2b0825edc7 - - default default] No more DHCP agents
2026-07-07 00:28:47.657 7 WARNING neutron.api.rpc.agentnotifiers.dhcp_rpc_agent_api [None req-9ffdd762-7489-4fcd-a84e-d17d65f23314 f31c945af9064dc89a2cd363f1b310ec 01d8a388ac1348a8bb7dfd2b0825edc7 - - default default] Unable to schedule network e4dfadf1-8b59-4c1e-aa5f-78a3644ccc2e: no agents available; will retry on subsequent port and subnet creation events. [pid: 8|app: 0|req: 731/1469] 10.0.0.204 () {28 vars in 624 bytes} [Tue Jul 7 00:28:47 2026] GET /v2.0/agents?binary=ovn-controller => generated 416 bytes in 31 msecs (HTTP/1.1 200) 4 headers in 157 bytes (1 switches on core 0)
2026-07-07 00:28:47.700 8 INFO neutron.pecan_wsgi.hooks.translation [None req-a7ab5dcb-53dc-40cd-b989-4f53867a0cff ca0919229cae4338b341909a0a1859f3 8be5ecc1f8fe42c4a03ac1161af88192 - - default default] DELETE failed (client error): The resource could not be found. [pid: 8|app: 0|req: 732/1470] 10.0.0.73 () {32 vars in 723 bytes} [Tue Jul 7 00:28:47 2026] DELETE /v2.0/subnets/ee70e94c-35eb-4340-afae-193c06ffe9ee => generated 136 bytes in 21 msecs (HTTP/1.1 404) 4 headers in 164 bytes (1 switches on core 0)
2026-07-07 00:28:47.725 8 INFO neutron.plugins.ml2.drivers.ovn.mech_driver.mech_driver [None req-ef63c856-ceae-4754-a4f1-93034dc174f5 - - - - - -] OVN reports status down for port: b7b96160-9837-4ebf-8ab9-ecb3472bb0b6
2026-07-07 00:28:47.745 7 INFO neutron.db.ovn_revision_numbers_db [None req-9ffdd762-7489-4fcd-a84e-d17d65f23314 f31c945af9064dc89a2cd363f1b310ec 01d8a388ac1348a8bb7dfd2b0825edc7 - - default default] Successfully bumped revision number for resource b7b96160-9837-4ebf-8ab9-ecb3472bb0b6 (type: ports) to 1 [pid: 8|app: 0|req: 733/1471] 10.0.0.204 () {28 vars in 583 bytes} [Tue Jul 7 00:28:47 2026] GET /v2.0/subnets => generated 1988 bytes in 91 msecs (HTTP/1.1 200) 4 headers in 158 bytes (1 switches on core 0)
2026-07-07 00:28:47.820 7 INFO neutron.db.ovn_revision_numbers_db [None req-9ffdd762-7489-4fcd-a84e-d17d65f23314 f31c945af9064dc89a2cd363f1b310ec 01d8a388ac1348a8bb7dfd2b0825edc7 - - default default] Successfully bumped revision number for resource 7fef48a3-468b-463f-ab9a-190610122e3a (type: networks) to 1
2026-07-07 00:28:47.832 8 INFO neutron.pecan_wsgi.hooks.translation [None req-b3e8a9ba-7c2b-4e84-a29b-72a857395296 ca0919229cae4338b341909a0a1859f3 8be5ecc1f8fe42c4a03ac1161af88192 - - default default] DELETE failed (client error): The resource could not be found. [pid: 8|app: 0|req: 734/1472] 10.0.0.73 () {32 vars in 723 bytes} [Tue Jul 7 00:28:47 2026] DELETE /v2.0/subnets/9992dccc-c97f-4f40-bf14-6182c2173314 => generated 136 bytes in 40 msecs (HTTP/1.1 404) 4 headers in 164 bytes (1 switches on core 0) [pid: 8|app: 0|req: 735/1473] 10.0.0.204 () {28 vars in 579 bytes} [Tue Jul 7 00:28:47 2026] GET /v2.0/ports => generated 12348 bytes in 107 msecs (HTTP/1.1 200) 4 headers in 159 bytes (1 switches on core 0)
2026-07-07 00:28:47.998 7 WARNING neutron.scheduler.dhcp_agent_scheduler [None req-9ffdd762-7489-4fcd-a84e-d17d65f23314 f31c945af9064dc89a2cd363f1b310ec 01d8a388ac1348a8bb7dfd2b0825edc7 - - default default] No more DHCP agents
2026-07-07 00:28:48.000 7 WARNING neutron.api.rpc.agentnotifiers.dhcp_rpc_agent_api [None req-9ffdd762-7489-4fcd-a84e-d17d65f23314 f31c945af9064dc89a2cd363f1b310ec 01d8a388ac1348a8bb7dfd2b0825edc7 - - default default] Unable to schedule network 7fef48a3-468b-463f-ab9a-190610122e3a: no agents available; will retry on subsequent port and subnet creation events.
2026-07-07 00:28:48.046 7 INFO neutron.plugins.ml2.drivers.ovn.mech_driver.mech_driver [None req-95407325-d47f-4e78-b43b-9bf6565e4f11 - - - - - -] OVN reports status down for port: 92da0d2c-67ec-405f-b535-236dac83f5da
2026-07-07 00:28:48.104 7 INFO neutron.db.ovn_revision_numbers_db [None req-9ffdd762-7489-4fcd-a84e-d17d65f23314 f31c945af9064dc89a2cd363f1b310ec 01d8a388ac1348a8bb7dfd2b0825edc7 - - default default] Successfully bumped revision number for resource 92da0d2c-67ec-405f-b535-236dac83f5da (type: ports) to 1
2026-07-07 00:28:48.146 8 WARNING neutron.scheduler.dhcp_agent_scheduler [None req-f7e30a24-931d-41fe-b168-c1f2fdd4feb8 f2d6cbe95ae542c18d01be6089628468 aefe337f468e4393abc0eda819b228a9 - - default default] No more DHCP agents
2026-07-07 00:28:48.147 8 WARNING neutron.api.rpc.agentnotifiers.dhcp_rpc_agent_api [None req-f7e30a24-931d-41fe-b168-c1f2fdd4feb8 f2d6cbe95ae542c18d01be6089628468 aefe337f468e4393abc0eda819b228a9 - - default default] Unable to schedule network 07b83cb4-c00d-485a-9cb4-0a06eed186b0: no agents available; will retry on subsequent port and subnet creation events. [pid: 7|app: 0|req: 739/1474] 10.0.0.73 () {34 vars in 669 bytes} [Tue Jul 7 00:28:46 2026] POST /v2.0/networks => generated 1321 bytes in 1524 msecs (HTTP/1.1 201) 4 headers in 163 bytes (1 switches on core 0) /var/lib/openstack/lib/python3.12/site-packages/pycadf/identifier.py:70: UserWarning: Invalid uuid: neutron. To ensure interoperability, identifiers should be a valid uuid. warnings.warn(('Invalid uuid: %s. To ensure interoperability, ' [pid: 7|app: 0|req: 740/1475] 10.0.0.204 () {28 vars in 581 bytes} [Tue Jul 7 00:28:48 2026] GET /v2.0/agents => generated 1214 bytes in 17 msecs (HTTP/1.1 200) 4 headers in 158 bytes (1 switches on core 0)
2026-07-07 00:28:48.175 8 INFO neutron.db.ovn_revision_numbers_db [None req-f7e30a24-931d-41fe-b168-c1f2fdd4feb8 f2d6cbe95ae542c18d01be6089628468 aefe337f468e4393abc0eda819b228a9 - - default default] Successfully bumped revision number for resource 8914cc8e-de66-4164-b70c-b3906bd3fb4c (type: subnets) to 0 [pid: 8|app: 0|req: 736/1476] 10.0.0.73 () {34 vars in 668 bytes} [Tue Jul 7 00:28:47 2026] POST /v2.0/subnets => generated 673 bytes in 249 msecs (HTTP/1.1 201) 4 headers in 162 bytes (1 switches on core 0) [pid: 8|app: 0|req: 737/1477] 10.0.0.204 () {28 vars in 619 bytes} [Tue Jul 7 00:28:48 2026] GET /v2.0/network-ip-availabilities => generated 2579 bytes in 13 msecs (HTTP/1.1 200) 4 headers in 158 bytes (1 switches on core 0) [pid: 7|app: 0|req: 741/1478] 10.0.0.73 () {32 vars in 648 bytes} [Tue Jul 7 00:28:48 2026] GET /v2.0/networks => generated 1970 bytes in 55 msecs (HTTP/1.1 200) 4 headers in 158 bytes (1 switches on core 0)
2026-07-07 00:28:48.289 8 INFO neutron.db.segments_db [None req-b0594ea7-f2b0-4b15-b1a4-594d69bae2eb f2d6cbe95ae542c18d01be6089628468 aefe337f468e4393abc0eda819b228a9 - - default default] Added segment a253ef05-83aa-4cb6-ac4b-93d87460c9a5 of type geneve for network 64027350-113e-44b8-b700-f5c1231c01e7
2026-07-07 00:28:48.344 7 INFO neutron_taas.services.taas.taas_plugin [None req-2de35c6b-5c4e-43a6-8207-6727de45d1b9 f31c945af9064dc89a2cd363f1b310ec 01d8a388ac1348a8bb7dfd2b0825edc7 - - default default] TaaS: Handle Delete Port: b7b96160-9837-4ebf-8ab9-ecb3472bb0b6
2026-07-07 00:28:48.347 7 INFO neutron_taas.services.taas.tap_mirror_plugin [None req-2de35c6b-5c4e-43a6-8207-6727de45d1b9 f31c945af9064dc89a2cd363f1b310ec 01d8a388ac1348a8bb7dfd2b0825edc7 - - default default] Tap Mirror: Handle Delete Port: b7b96160-9837-4ebf-8ab9-ecb3472bb0b6
2026-07-07 00:28:48.395 8 INFO neutron.db.ovn_revision_numbers_db [None req-b0594ea7-f2b0-4b15-b1a4-594d69bae2eb f2d6cbe95ae542c18d01be6089628468 aefe337f468e4393abc0eda819b228a9 - - default default] Successfully bumped revision number for resource 64027350-113e-44b8-b700-f5c1231c01e7 (type: networks) to 1
2026-07-07 00:28:48.540 7 INFO neutron.services.segments.plugin [-] Segment 1a000914-2d54-403d-875c-a90fa5ddb564 resource provider aggregate not found
2026-07-07 00:28:48.548 7 INFO neutron.services.segments.plugin [-] Segment 1a000914-2d54-403d-875c-a90fa5ddb564 resource provider aggregate not found
2026-07-07 00:28:48.565 7 INFO neutron.services.segments.plugin [-] Client error retrieving segment 1a000914-2d54-403d-875c-a90fa5ddb564 resource provider; error: Placement Client Error (4xx): {"errors": [{"status": 404, "title": "Not Found", "detail": "The resource could not be found.\n\n No resource provider with uuid 1a000914-2d54-403d-875c-a90fa5ddb564 found for delete ", "request_id": "req-b519bc3a-bc31-4162-9763-4d2e1e91fd7e"}]}
2026-07-07 00:28:48.567 7 INFO neutron.services.segments.plugin [-] Client error retrieving segment 1a000914-2d54-403d-875c-a90fa5ddb564 resource provider; error: Placement Client Error (4xx): {"errors": [{"status": 404, "title": "Not Found", "detail": "The resource could not be found.\n\n No resource provider with uuid 1a000914-2d54-403d-875c-a90fa5ddb564 found for delete ", "request_id": "req-f92ab636-ed21-44a2-ba3f-f7025db894b6"}]}
2026-07-07 00:28:48.582 8 WARNING neutron.scheduler.dhcp_agent_scheduler [None req-b0594ea7-f2b0-4b15-b1a4-594d69bae2eb f2d6cbe95ae542c18d01be6089628468 aefe337f468e4393abc0eda819b228a9 - - default default] No more DHCP agents
2026-07-07 00:28:48.583 8 WARNING neutron.api.rpc.agentnotifiers.dhcp_rpc_agent_api [None req-b0594ea7-f2b0-4b15-b1a4-594d69bae2eb f2d6cbe95ae542c18d01be6089628468 aefe337f468e4393abc0eda819b228a9 - - default default] Unable to schedule network 64027350-113e-44b8-b700-f5c1231c01e7: no agents available; will retry on subsequent port and subnet creation events. [pid: 7|app: 0|req: 742/1479] 10.0.0.73 () {32 vars in 725 bytes} [Tue Jul 7 00:28:48 2026] DELETE /v2.0/networks/e4dfadf1-8b59-4c1e-aa5f-78a3644ccc2e => generated 0 bytes in 361 msecs (HTTP/1.1 204) 3 headers in 131 bytes (1 switches on core 0)
2026-07-07 00:28:48.623 8 INFO neutron.plugins.ml2.drivers.ovn.mech_driver.mech_driver [None req-ef63c856-ceae-4754-a4f1-93034dc174f5 - - - - - -] OVN reports status down for port: f50bbe31-5e55-446d-aed0-58f7200978c0
2026-07-07 00:28:48.680 8 INFO neutron.db.ovn_revision_numbers_db [None req-b0594ea7-f2b0-4b15-b1a4-594d69bae2eb f2d6cbe95ae542c18d01be6089628468 aefe337f468e4393abc0eda819b228a9 - - default default] Successfully bumped revision number for resource f50bbe31-5e55-446d-aed0-58f7200978c0 (type: ports) to 1 [pid: 7|app: 0|req: 743/1480] 10.0.0.73 () {32 vars in 773 bytes} [Tue Jul 7 00:28:48 2026] GET /v2.0/security-groups?tenant_id=8be5ecc1f8fe42c4a03ac1161af88192&name=default => generated 2925 bytes in 134 msecs (HTTP/1.1 200) 4 headers in 158 bytes (1 switches on core 0) [pid: 8|app: 0|req: 738/1481] 10.0.0.73 () {34 vars in 669 bytes} [Tue Jul 7 00:28:48 2026] POST /v2.0/networks => generated 685 bytes in 524 msecs (HTTP/1.1 201) 4 headers in 162 bytes (1 switches on core 0)
2026-07-07 00:28:48.850 7 INFO neutron_taas.services.taas.taas_plugin [None req-68e739e2-640f-4059-8f98-37544abfdbfb f31c945af9064dc89a2cd363f1b310ec 01d8a388ac1348a8bb7dfd2b0825edc7 - - default default] TaaS: Handle Delete Port: 92da0d2c-67ec-405f-b535-236dac83f5da
2026-07-07 00:28:48.853 7 INFO neutron_taas.services.taas.tap_mirror_plugin [None req-68e739e2-640f-4059-8f98-37544abfdbfb f31c945af9064dc89a2cd363f1b310ec 01d8a388ac1348a8bb7dfd2b0825edc7 - - default default] Tap Mirror: Handle Delete Port: 92da0d2c-67ec-405f-b535-236dac83f5da [pid: 8|app: 0|req: 739/1482] 10.0.0.73 () {32 vars in 739 bytes} [Tue Jul 7 00:28:48 2026] DELETE /v2.0/security-groups/1d1f17c8-8f90-435e-8eae-c6264094ae82 => generated 0 bytes in 229 msecs (HTTP/1.1 204) 2 headers in 112 bytes (1 switches on core 0)
2026-07-07 00:28:49.046 7 INFO neutron.notifiers.nova [-] Nova event matching ['req-e8631b58-4079-4687-9e27-ac0d67b9027f'] response: {'server_uuid': '22f12e2e-1f78-4f29-8215-e45c10c9fee3', 'name': 'network-vif-plugged', 'status': 'completed', 'tag': '31803a2b-3378-45a6-b252-826661f77b02', 'code': 200} [pid: 7|app: 0|req: 744/1483] 10.0.0.73 () {32 vars in 725 bytes} [Tue Jul 7 00:28:48 2026] DELETE /v2.0/networks/7fef48a3-468b-463f-ab9a-190610122e3a => generated 0 bytes in 373 msecs (HTTP/1.1 204) 3 headers in 131 bytes (1 switches on core 0)
2026-07-07 00:28:49.116 8 INFO neutron.db.ovn_revision_numbers_db [None req-f24280fe-4961-420f-9409-58a4a3e0d71e f2d6cbe95ae542c18d01be6089628468 aefe337f468e4393abc0eda819b228a9 - - default default] Successfully bumped revision number for resource 64027350-113e-44b8-b700-f5c1231c01e7 (type: networks) to 2 [pid: 8|app: 0|req: 740/1484] 10.0.0.73 () {34 vars in 742 bytes} [Tue Jul 7 00:28:48 2026] PUT /v2.0/networks/64027350-113e-44b8-b700-f5c1231c01e7 => generated 636 bytes in 160 msecs (HTTP/1.1 200) 4 headers in 157 bytes (1 switches on core 0) [pid: 7|app: 0|req: 745/1485] 10.0.0.73 () {32 vars in 648 bytes} [Tue Jul 7 00:28:49 2026] GET /v2.0/networks => generated 689 bytes in 45 msecs (HTTP/1.1 200) 4 headers in 157 bytes (1 switches on core 0)
2026-07-07 00:28:49.243 7 INFO neutron.db.segments_db [None req-5471e9a1-023c-43e3-bfa0-ad7640228bd9 f31c945af9064dc89a2cd363f1b310ec 01d8a388ac1348a8bb7dfd2b0825edc7 - - default default] Added segment b48a577f-997f-41f8-b8f9-51441f813f38 of type geneve for network 7ae05677-2b2a-418d-b7e2-944d1e9ce164
2026-07-07 00:28:49.354 8 WARNING neutron.scheduler.dhcp_agent_scheduler [None req-900df5f1-2319-474a-b880-b288064b77ef f2d6cbe95ae542c18d01be6089628468 aefe337f468e4393abc0eda819b228a9 - - default default] No more DHCP agents
2026-07-07 00:28:49.357 8 WARNING neutron.api.rpc.agentnotifiers.dhcp_rpc_agent_api [None req-900df5f1-2319-474a-b880-b288064b77ef f2d6cbe95ae542c18d01be6089628468 aefe337f468e4393abc0eda819b228a9 - - default default] Unable to schedule network 64027350-113e-44b8-b700-f5c1231c01e7: no agents available; will retry on subsequent port and subnet creation events.
2026-07-07 00:28:49.378 7 INFO neutron.db.ovn_revision_numbers_db [None req-5471e9a1-023c-43e3-bfa0-ad7640228bd9 f31c945af9064dc89a2cd363f1b310ec 01d8a388ac1348a8bb7dfd2b0825edc7 - - default default] Successfully bumped revision number for resource 7ae05677-2b2a-418d-b7e2-944d1e9ce164 (type: networks) to 1
2026-07-07 00:28:49.379 8 INFO neutron.db.ovn_revision_numbers_db [None req-900df5f1-2319-474a-b880-b288064b77ef f2d6cbe95ae542c18d01be6089628468 aefe337f468e4393abc0eda819b228a9 - - default default] Successfully bumped revision number for resource 1a1287b4-f1c5-4517-b12d-b145bb8873ce (type: subnets) to 0 [pid: 8|app: 0|req: 741/1486] 10.0.0.73 () {34 vars in 668 bytes} [Tue Jul 7 00:28:49 2026] POST /v2.0/subnets => generated 646 bytes in 267 msecs (HTTP/1.1 201) 4 headers in 162 bytes (1 switches on core 0)
2026-07-07 00:28:49.559 7 WARNING neutron.scheduler.dhcp_agent_scheduler [None req-5471e9a1-023c-43e3-bfa0-ad7640228bd9 f31c945af9064dc89a2cd363f1b310ec 01d8a388ac1348a8bb7dfd2b0825edc7 - - default default] No more DHCP agents
2026-07-07 00:28:49.561 7 WARNING neutron.api.rpc.agentnotifiers.dhcp_rpc_agent_api [None req-5471e9a1-023c-43e3-bfa0-ad7640228bd9 f31c945af9064dc89a2cd363f1b310ec 01d8a388ac1348a8bb7dfd2b0825edc7 - - default default] Unable to schedule network 7ae05677-2b2a-418d-b7e2-944d1e9ce164: no agents available; will retry on subsequent port and subnet creation events.
2026-07-07 00:28:49.602 7 INFO neutron.plugins.ml2.drivers.ovn.mech_driver.mech_driver [None req-95407325-d47f-4e78-b43b-9bf6565e4f11 - - - - - -] OVN reports status down for port: 7ca652e5-489f-46cc-acec-d499538a8d58
2026-07-07 00:28:49.653 7 INFO neutron.db.ovn_revision_numbers_db [None req-5471e9a1-023c-43e3-bfa0-ad7640228bd9 f31c945af9064dc89a2cd363f1b310ec 01d8a388ac1348a8bb7dfd2b0825edc7 - - default default] Successfully bumped revision number for resource 7ca652e5-489f-46cc-acec-d499538a8d58 (type: ports) to 1 [pid: 7|app: 0|req: 746/1487] 10.0.0.73 () {34 vars in 669 bytes} [Tue Jul 7 00:28:49 2026] POST /v2.0/networks => generated 688 bytes in 537 msecs (HTTP/1.1 201) 4 headers in 162 bytes (1 switches on core 0)
2026-07-07 00:28:49.780 7 INFO neutron.db.segments_db [None req-c86f23e0-4d6c-4cb2-93e4-8eeec302e15d f31c945af9064dc89a2cd363f1b310ec 01d8a388ac1348a8bb7dfd2b0825edc7 - - default default] Added segment 1ae0ac97-8ee7-43d8-83f0-e88785935cd9 of type geneve for network 0a7a8217-7ad5-468d-a151-1317f359f826
2026-07-07 00:28:49.888 7 INFO neutron.db.ovn_revision_numbers_db [None req-c86f23e0-4d6c-4cb2-93e4-8eeec302e15d f31c945af9064dc89a2cd363f1b310ec 01d8a388ac1348a8bb7dfd2b0825edc7 - - default default] Successfully bumped revision number for resource 0a7a8217-7ad5-468d-a151-1317f359f826 (type: networks) to 1
2026-07-07 00:28:50.026 8 INFO neutron.db.ovn_revision_numbers_db [None req-b7b902b6-b3b6-408b-bd89-636b95bb1255 - - - - - -] Successfully bumped revision number for resource f50bbe31-5e55-446d-aed0-58f7200978c0 (type: ports) to 2
2026-07-07 00:28:50.065 7 WARNING neutron.scheduler.dhcp_agent_scheduler [None req-c86f23e0-4d6c-4cb2-93e4-8eeec302e15d f31c945af9064dc89a2cd363f1b310ec 01d8a388ac1348a8bb7dfd2b0825edc7 - - default default] No more DHCP agents
2026-07-07 00:28:50.066 7 WARNING neutron.api.rpc.agentnotifiers.dhcp_rpc_agent_api [None req-c86f23e0-4d6c-4cb2-93e4-8eeec302e15d f31c945af9064dc89a2cd363f1b310ec 01d8a388ac1348a8bb7dfd2b0825edc7 - - default default] Unable to schedule network 0a7a8217-7ad5-468d-a151-1317f359f826: no agents available; will retry on subsequent port and subnet creation events.
2026-07-07 00:28:50.066 8 INFO neutron.db.ovn_revision_numbers_db [None req-b7b902b6-b3b6-408b-bd89-636b95bb1255 - - - - - -] Successfully bumped revision number for resource 1a1287b4-f1c5-4517-b12d-b145bb8873ce (type: subnets) to 1 [pid: 8|app: 0|req: 742/1488] 10.0.0.73 () {34 vars in 740 bytes} [Tue Jul 7 00:28:49 2026] PUT /v2.0/subnets/1a1287b4-f1c5-4517-b12d-b145bb8873ce => generated 656 bytes in 669 msecs (HTTP/1.1 200) 4 headers in 157 bytes (1 switches on core 0)
2026-07-07 00:28:50.106 7 INFO neutron.plugins.ml2.drivers.ovn.mech_driver.mech_driver [None req-95407325-d47f-4e78-b43b-9bf6565e4f11 - - - - - -] OVN reports status down for port: 81e36cc1-7d6d-4d50-b0c5-6297a7da1846
2026-07-07 00:28:50.155 7 INFO neutron.db.ovn_revision_numbers_db [None req-c86f23e0-4d6c-4cb2-93e4-8eeec302e15d f31c945af9064dc89a2cd363f1b310ec 01d8a388ac1348a8bb7dfd2b0825edc7 - - default default] Successfully bumped revision number for resource 81e36cc1-7d6d-4d50-b0c5-6297a7da1846 (type: ports) to 1 [pid: 7|app: 0|req: 747/1489] 10.0.0.73 () {34 vars in 669 bytes} [Tue Jul 7 00:28:49 2026] POST /v2.0/networks => generated 686 bytes in 511 msecs (HTTP/1.1 201) 4 headers in 162 bytes (1 switches on core 0)
2026-07-07 00:28:50.220 8 INFO neutron_taas.services.taas.taas_plugin [None req-85dda34d-6287-4189-a520-273213f8436f f2d6cbe95ae542c18d01be6089628468 aefe337f468e4393abc0eda819b228a9 - - default default] TaaS: Handle Delete Port: f50bbe31-5e55-446d-aed0-58f7200978c0
2026-07-07 00:28:50.223 8 INFO neutron_taas.services.taas.tap_mirror_plugin [None req-85dda34d-6287-4189-a520-273213f8436f f2d6cbe95ae542c18d01be6089628468 aefe337f468e4393abc0eda819b228a9 - - default default] Tap Mirror: Handle Delete Port: f50bbe31-5e55-446d-aed0-58f7200978c0
2026-07-07 00:28:50.475 8 INFO neutron.services.segments.plugin [-] Segment a253ef05-83aa-4cb6-ac4b-93d87460c9a5 resource provider aggregate not found
2026-07-07 00:28:50.483 8 INFO neutron.services.segments.plugin [-] Segment a253ef05-83aa-4cb6-ac4b-93d87460c9a5 resource provider aggregate not found
2026-07-07 00:28:50.502 8 INFO neutron.services.segments.plugin [-] Client error retrieving segment a253ef05-83aa-4cb6-ac4b-93d87460c9a5 resource provider; error: Placement Client Error (4xx): {"errors": [{"status": 404, "title": "Not Found", "detail": "The resource could not be found.\n\n No resource provider with uuid a253ef05-83aa-4cb6-ac4b-93d87460c9a5 found for delete ", "request_id": "req-0cf22b03-1e0b-4444-a2ca-d95cb7308efc"}]}
2026-07-07 00:28:50.504 8 INFO neutron.services.segments.plugin [-] Client error retrieving segment a253ef05-83aa-4cb6-ac4b-93d87460c9a5 resource provider; error: Placement Client Error (4xx): {"errors": [{"status": 404, "title": "Not Found", "detail": "The resource could not be found.\n\n No resource provider with uuid a253ef05-83aa-4cb6-ac4b-93d87460c9a5 found for delete ", "request_id": "req-cbfcd505-1bd7-4659-8a93-1ccd94c06dda"}]} [pid: 8|app: 0|req: 743/1490] 10.0.0.73 () {32 vars in 725 bytes} [Tue Jul 7 00:28:50 2026] DELETE /v2.0/networks/64027350-113e-44b8-b700-f5c1231c01e7 => generated 0 bytes in 444 msecs (HTTP/1.1 204) 3 headers in 131 bytes (1 switches on core 0)
