Mar 23 17:15:54.418599 np0000160378 devstack@neutron-api.service[102001]: DEBUG ovsdbapp.backend.ovs_idl [None req-1659c3c0-ba08-4e25-a7a1-81e9f644d9f3 None None] Created lookup_table index Port_Binding.logical_port {{(pid=102001) autocreate_indices /opt/stack/data/venv/lib/python3.12/site-packages/ovsdbapp/backend/ovs_idl/__init__.py:87}}
Mar 23 17:15:54.418723 np0000160378 devstack@neutron-api.service[102001]: DEBUG ovsdbapp.backend.ovs_idl [None req-1659c3c0-ba08-4e25-a7a1-81e9f644d9f3 None None] Created schema index Chassis_Private.name {{(pid=102001) autocreate_indices /opt/stack/data/venv/lib/python3.12/site-packages/ovsdbapp/backend/ovs_idl/__init__.py:106}}
Mar 23 17:15:54.418781 np0000160378 devstack@neutron-api.service[102001]: DEBUG ovsdbapp.backend.ovs_idl [None req-1659c3c0-ba08-4e25-a7a1-81e9f644d9f3 None None] Created schema index Datapath_Binding.tunnel_key {{(pid=102001) autocreate_indices /opt/stack/data/venv/lib/python3.12/site-packages/ovsdbapp/backend/ovs_idl/__init__.py:106}}
Mar 23 17:15:54.419607 np0000160378 devstack@neutron-api.service[101998]: WSGI app 0 (mountpoint='') ready in 7 seconds on interpreter 0x7e02a82a3668 pid: 101998 (default app)
Mar 23 17:15:54.420659 np0000160378 devstack@neutron-api.service[102001]: INFO ovsdbapp.backend.ovs_idl.vlog [None req-1659c3c0-ba08-4e25-a7a1-81e9f644d9f3 None None] ssl:162.253.55.43:6642: connecting...
Mar 23 17:15:54.425638 np0000160378 devstack@neutron-api.service[102001]: INFO ovsdbapp.backend.ovs_idl.vlog [None req-1659c3c0-ba08-4e25-a7a1-81e9f644d9f3 None None] ssl:162.253.55.43:6642: connected
Mar 23 17:15:54.443411 np0000160378 devstack@neutron-api.service[102000]: DEBUG neutron.common.ovn.hash_ring_manager [None req-8b32ebcc-d6c4-4469-b536-12fc628bdef1 None None] Allow caching, nodes 4>=4 {{(pid=102000) _wait_startup_before_caching /opt/stack/neutron/neutron/common/ovn/hash_ring_manager.py:65}}
Mar 23 17:15:54.451369 np0000160378 devstack@neutron-api.service[102000]: DEBUG neutron.common.ovn.hash_ring_manager [None req-8b32ebcc-d6c4-4469-b536-12fc628bdef1 None None] Hash Ring loaded. 4 active nodes. 0 offline nodes {{(pid=102000) _load_hash_ring /opt/stack/neutron/neutron/common/ovn/hash_ring_manager.py:102}}
Mar 23 17:15:54.451668 np0000160378 devstack@neutron-api.service[102000]: DEBUG neutron.plugins.ml2.drivers.ovn.mech_driver.ovsdb.ovsdb_monitor [None req-8b32ebcc-d6c4-4469-b536-12fc628bdef1 None None] Hash Ring: Node 90edf87f58385e25b2211d414d50b60b (host: np0000160378) handling event "create" for row e2ca8318-e4ee-4556-bdc5-73d80022f390 (table: ACL) {{(pid=102000) notify /opt/stack/neutron/neutron/plugins/ml2/drivers/ovn/mech_driver/ovsdb/ovsdb_monitor.py:906}}
Mar 23 17:15:54.453013 np0000160378 devstack@neutron-api.service[102000]: INFO neutron.plugins.ml2.drivers.ovn.mech_driver.ovsdb.impl_idl_ovn [None req-8b32ebcc-d6c4-4469-b536-12fc628bdef1 None None] Getting OvsdbSbOvnIdl for WorkerService with retry
Mar 23 17:15:54.455972 np0000160378 devstack@neutron-api.service[102001]: DEBUG neutron.common.ovn.hash_ring_manager [None req-1659c3c0-ba08-4e25-a7a1-81e9f644d9f3 None None] Allow caching, nodes 4>=4 {{(pid=102001) _wait_startup_before_caching /opt/stack/neutron/neutron/common/ovn/hash_ring_manager.py:65}}
Mar 23 17:15:54.460510 np0000160378 devstack@neutron-api.service[102001]: DEBUG neutron.common.ovn.hash_ring_manager [None req-1659c3c0-ba08-4e25-a7a1-81e9f644d9f3 None None] Hash Ring loaded. 4 active nodes. 0 offline nodes {{(pid=102001) _load_hash_ring /opt/stack/neutron/neutron/common/ovn/hash_ring_manager.py:102}}
Mar 23 17:15:54.460709 np0000160378 devstack@neutron-api.service[102001]: DEBUG neutron.plugins.ml2.drivers.ovn.mech_driver.ovsdb.ovsdb_monitor [None req-1659c3c0-ba08-4e25-a7a1-81e9f644d9f3 None None] ChassisAgentWriteEvent : Matched Chassis_Private, create, None None {{(pid=102001) matches /opt/stack/neutron/neutron/plugins/ml2/drivers/ovn/mech_driver/ovsdb/ovsdb_monitor.py:64}}
Mar 23 17:15:54.460908 np0000160378 devstack@neutron-api.service[102001]: DEBUG neutron.plugins.ml2.drivers.ovn.mech_driver.ovsdb.ovsdb_monitor [None req-1659c3c0-ba08-4e25-a7a1-81e9f644d9f3 None None] ChassisOVNAgentWriteEvent : Matched Chassis_Private, create, None None {{(pid=102001) matches /opt/stack/neutron/neutron/plugins/ml2/drivers/ovn/mech_driver/ovsdb/ovsdb_monitor.py:64}}
Mar 23 17:15:54.461339 np0000160378 devstack@neutron-api.service[102001]: DEBUG neutron.plugins.ml2.drivers.ovn.mech_driver.ovsdb.ovsdb_monitor [None req-1659c3c0-ba08-4e25-a7a1-81e9f644d9f3 None None] Hash Ring: Node 9ddb8c15ab0c577cb7d9101808a40d87 (host: np0000160378) handling event "create" for row da7d3efc-a00b-49c9-bd8b-25e259333df4 (table: Chassis_Private) {{(pid=102001) notify /opt/stack/neutron/neutron/plugins/ml2/drivers/ovn/mech_driver/ovsdb/ovsdb_monitor.py:906}}
Mar 23 17:15:54.463791 np0000160378 devstack@neutron-api.service[102001]: INFO neutron.plugins.ml2.drivers.ovn.mech_driver.mech_driver [None req-1659c3c0-ba08-4e25-a7a1-81e9f644d9f3 None None] WorkerService process has finished the post initialization
Mar 23 17:15:54.465382 np0000160378 devstack@neutron-api.service[102001]: WSGI app 0 (mountpoint='') ready in 7 seconds on interpreter 0x7e02a82a3668 pid: 102001 (default app)
Mar 23 17:15:54.493855 np0000160378 devstack@neutron-api.service[102000]: DEBUG ovsdbapp.backend.ovs_idl [None req-8b32ebcc-d6c4-4469-b536-12fc628bdef1 None None] Created lookup_table index Chassis.name {{(pid=102000) autocreate_indices /opt/stack/data/venv/lib/python3.12/site-packages/ovsdbapp/backend/ovs_idl/__init__.py:87}}
Mar 23 17:15:54.494043 np0000160378 devstack@neutron-api.service[102000]: DEBUG ovsdbapp.backend.ovs_idl [None req-8b32ebcc-d6c4-4469-b536-12fc628bdef1 None None] Created lookup_table index Port_Binding.logical_port {{(pid=102000) autocreate_indices /opt/stack/data/venv/lib/python3.12/site-packages/ovsdbapp/backend/ovs_idl/__init__.py:87}}
Mar 23 17:15:54.494206 np0000160378 devstack@neutron-api.service[102000]: DEBUG ovsdbapp.backend.ovs_idl [None req-8b32ebcc-d6c4-4469-b536-12fc628bdef1 None None] Created schema index Chassis_Private.name {{(pid=102000) autocreate_indices /opt/stack/data/venv/lib/python3.12/site-packages/ovsdbapp/backend/ovs_idl/__init__.py:106}}
Mar 23 17:15:54.494367 np0000160378 devstack@neutron-api.service[102000]: DEBUG ovsdbapp.backend.ovs_idl [None req-8b32ebcc-d6c4-4469-b536-12fc628bdef1 None None] Created schema index Datapath_Binding.tunnel_key {{(pid=102000) autocreate_indices /opt/stack/data/venv/lib/python3.12/site-packages/ovsdbapp/backend/ovs_idl/__init__.py:106}}
Mar 23 17:15:54.497637 np0000160378 devstack@neutron-api.service[102000]: INFO ovsdbapp.backend.ovs_idl.vlog [None req-8b32ebcc-d6c4-4469-b536-12fc628bdef1 None None] ssl:162.253.55.43:6642: connecting...
Mar 23 17:15:54.504378 np0000160378 devstack@neutron-api.service[102000]: INFO ovsdbapp.backend.ovs_idl.vlog [None req-8b32ebcc-d6c4-4469-b536-12fc628bdef1 None None] ssl:162.253.55.43:6642: connected
Mar 23 17:15:54.544656 np0000160378 devstack@neutron-api.service[102000]: DEBUG neutron.common.ovn.hash_ring_manager [None req-8b32ebcc-d6c4-4469-b536-12fc628bdef1 None None] Allow caching, nodes 4>=4 {{(pid=102000) _wait_startup_before_caching /opt/stack/neutron/neutron/common/ovn/hash_ring_manager.py:65}}
Mar 23 17:15:54.549593 np0000160378 devstack@neutron-api.service[102000]: DEBUG neutron.common.ovn.hash_ring_manager [None req-8b32ebcc-d6c4-4469-b536-12fc628bdef1 None None] Hash Ring loaded. 4 active nodes. 0 offline nodes {{(pid=102000) _load_hash_ring /opt/stack/neutron/neutron/common/ovn/hash_ring_manager.py:102}}
Mar 23 17:15:54.549873 np0000160378 devstack@neutron-api.service[102000]: DEBUG neutron.plugins.ml2.drivers.ovn.mech_driver.ovsdb.ovsdb_monitor [None req-8b32ebcc-d6c4-4469-b536-12fc628bdef1 None None] ChassisOVNAgentWriteEvent : Matched Chassis_Private, create, None None {{(pid=102000) matches /opt/stack/neutron/neutron/plugins/ml2/drivers/ovn/mech_driver/ovsdb/ovsdb_monitor.py:64}}
Mar 23 17:15:54.550046 np0000160378 devstack@neutron-api.service[102000]: DEBUG neutron.plugins.ml2.drivers.ovn.mech_driver.ovsdb.ovsdb_monitor [None req-8b32ebcc-d6c4-4469-b536-12fc628bdef1 None None] ChassisAgentWriteEvent : Matched Chassis_Private, create, None None {{(pid=102000) matches /opt/stack/neutron/neutron/plugins/ml2/drivers/ovn/mech_driver/ovsdb/ovsdb_monitor.py:64}}
Mar 23 17:15:54.553455 np0000160378 devstack@neutron-api.service[102000]: INFO neutron.plugins.ml2.drivers.ovn.mech_driver.mech_driver [None req-8b32ebcc-d6c4-4469-b536-12fc628bdef1 None None] WorkerService process has finished the post initialization
Mar 23 17:15:54.555128 np0000160378 devstack@neutron-api.service[102000]: WSGI app 0 (mountpoint='') ready in 7 seconds on interpreter 0x7e02a82a3668 pid: 102000 (default app)
Mar 23 17:15:56.110905 np0000160378 devstack@neutron-api.service[101999]: DEBUG neutron.common.ovn.hash_ring_manager [-] Allow caching, nodes 4>=4 {{(pid=101999) _wait_startup_before_caching /opt/stack/neutron/neutron/common/ovn/hash_ring_manager.py:65}}
Mar 23 17:15:56.111379 np0000160378 devstack@neutron-api.service[101999]: DEBUG neutron.plugins.ml2.drivers.ovn.mech_driver.ovsdb.ovsdb_monitor [-] Hash Ring: Node 34e3491f4bae5dd986a3efca37612e02 (host: np0000160378) handling event "update" for row 4bcbfd16-6446-4144-9af6-f1390378f6e8 (table: Connection) {{(pid=101999) notify /opt/stack/neutron/neutron/plugins/ml2/drivers/ovn/mech_driver/ovsdb/ovsdb_monitor.py:906}}
Mar 23 17:15:58.609114 np0000160378 devstack@neutron-api.service[101999]: DEBUG neutron.plugins.ml2.drivers.ovn.mech_driver.ovsdb.ovsdb_monitor [-] Hash Ring: Node 34e3491f4bae5dd986a3efca37612e02 (host: np0000160378) handling event "update" for row 4bcbfd16-6446-4144-9af6-f1390378f6e8 (table: Connection) {{(pid=101999) notify /opt/stack/neutron/neutron/plugins/ml2/drivers/ovn/mech_driver/ovsdb/ovsdb_monitor.py:906}}
Mar 23 17:15:59.724308 np0000160378 devstack@neutron-api.service[101999]: DEBUG neutron.api.wsgi [None req-a003c679-1034-429c-a111-010a5b1c0fe3 admin admin] Missing Content-Type {{(pid=101999) get_content_type /opt/stack/neutron/neutron/api/wsgi.py:85}}
Mar 23 17:15:59.725292 np0000160378 devstack@neutron-api.service[101999]: DEBUG neutron.api.wsgi [None req-a003c679-1034-429c-a111-010a5b1c0fe3 admin admin] https://162.253.55.43/networking/v2.0/extensions returned with HTTP 200 {{(pid=101999) __call__ /opt/stack/neutron/neutron/api/wsgi.py:545}}
Mar 23 17:15:59.725292 np0000160378 devstack@neutron-api.service[101999]: [pid: 101999|app: 0|req: 2/2] 162.253.55.43 () {64 vars in 1316 bytes} [Mon Mar 23 17:15:59 2026] GET /networking/v2.0/extensions => generated 15208 bytes in 242 msecs (HTTP/1.1 200) 4 headers in 159 bytes (1 switches on core 0)
Mar 23 17:16:00.147469 np0000160378 devstack@neutron-api.service[101998]: DEBUG neutron.api.v2.base [None req-c45aca09-462d-47bc-9a0f-d6e0b9f28688 admin admin] Request body: {'subnetpool': {'name': 'shared-default-subnetpool-v4', 'default_prefixlen': 26, 'prefixes': ['10.1.0.0/20'], 'shared': True, 'is_default': True}} {{(pid=101998) prepare_request_body /opt/stack/neutron/neutron/api/v2/base.py:729}}
Mar 23 17:16:00.357334 np0000160378 devstack@neutron-api.service[101998]: DEBUG neutron.policy [None req-c45aca09-462d-47bc-9a0f-d6e0b9f28688 admin admin] Loaded default policies from ['neutron'] under neutron.policies entry points {{(pid=101998) register_rules /opt/stack/neutron/neutron/policy.py:65}}
Mar 23 17:16:00.504101 np0000160378 devstack@neutron-api.service[101998]: DEBUG neutron_lib.callbacks.manager [None req-c45aca09-462d-47bc-9a0f-d6e0b9f28688 admin admin] Publish callbacks ['neutron.objects.securitygroup.RbacNeutronDbObjectMixin.validate_rbac_policy_change-1830567823248', 'neutron.objects.address_group.RbacNeutronDbObjectMixin.validate_rbac_policy_change-1830567812401', 'neutron.objects.network.RbacNeutronDbObjectMixin.validate_rbac_policy_change-1830567859305', 'neutron.objects.qos.policy.RbacNeutronDbObjectMixin.validate_rbac_policy_change-1830567860365', 'neutron.objects.subnetpool.RbacNeutronDbObjectMixin.validate_rbac_policy_change-1830567841909', 'neutron.objects.address_scope.RbacNeutronDbObjectMixin.validate_rbac_policy_change-1830567892814', 'neutron.plugins.ml2.plugin.External_net_db_mixin._process_ext_policy_create-4075183', 'neutron.plugins.ml2.plugin.NeutronDbPluginV2.validate_network_rbac_policy_change-3206859'] for rbac-policy (None), before_create {{(pid=101998) _notify_loop /opt/stack/data/venv/lib/python3.12/site-packages/neutron_lib/callbacks/manager.py:184}}
Mar 23 17:16:00.551855 np0000160378 devstack@neutron-api.service[101998]: DEBUG neutron_lib.callbacks.manager [None req-c45aca09-462d-47bc-9a0f-d6e0b9f28688 admin admin] Publish callbacks [] for subnetpool (None), before_response {{(pid=101998) _notify_loop /opt/stack/data/venv/lib/python3.12/site-packages/neutron_lib/callbacks/manager.py:184}}
Mar 23 17:16:00.552650 np0000160378 devstack@neutron-api.service[101998]: [pid: 101998|app: 0|req: 1/3] 162.253.55.43 () {68 vars in 1360 bytes} [Mon Mar 23 17:16:00 2026] POST /networking/v2.0/subnetpools => generated 533 bytes in 510 msecs (HTTP/1.1 201) 4 headers in 162 bytes (1 switches on core 0)
Mar 23 17:16:00.871070 np0000160378 devstack@neutron-api.service[102001]: DEBUG neutron.api.v2.base [None req-0ca079e5-c89f-4bef-91f7-2b05d9f5ad19 admin admin] Request body: {'subnetpool': {'name': 'shared-default-subnetpool-v6', 'default_prefixlen': 64, 'prefixes': ['fdb9:7a4b:674b::/56'], 'shared': True, 'is_default': True}} {{(pid=102001) prepare_request_body /opt/stack/neutron/neutron/api/v2/base.py:729}}
Mar 23 17:16:01.061140 np0000160378 devstack@neutron-api.service[102001]: DEBUG neutron.policy [None req-0ca079e5-c89f-4bef-91f7-2b05d9f5ad19 admin admin] Loaded default policies from ['neutron'] under neutron.policies entry points {{(pid=102001) register_rules /opt/stack/neutron/neutron/policy.py:65}}
Mar 23 17:16:01.218908 np0000160378 devstack@neutron-api.service[102001]: DEBUG neutron_lib.callbacks.manager [None req-0ca079e5-c89f-4bef-91f7-2b05d9f5ad19 admin admin] Publish callbacks ['neutron.objects.securitygroup.RbacNeutronDbObjectMixin.validate_rbac_policy_change-1830567863382', 'neutron.objects.address_group.RbacNeutronDbObjectMixin.validate_rbac_policy_change-1830567959537', 'neutron.objects.network.RbacNeutronDbObjectMixin.validate_rbac_policy_change-1830567832488', 'neutron.objects.qos.policy.RbacNeutronDbObjectMixin.validate_rbac_policy_change-1830567831137', 'neutron.objects.subnetpool.RbacNeutronDbObjectMixin.validate_rbac_policy_change-1830567928065', 'neutron.objects.address_scope.RbacNeutronDbObjectMixin.validate_rbac_policy_change-1830567915081', 'neutron.plugins.ml2.plugin.External_net_db_mixin._process_ext_policy_create-3248535', 'neutron.plugins.ml2.plugin.NeutronDbPluginV2.validate_network_rbac_policy_change-3257347'] for rbac-policy (None), before_create {{(pid=102001) _notify_loop /opt/stack/data/venv/lib/python3.12/site-packages/neutron_lib/callbacks/manager.py:184}}
Mar 23 17:16:01.262847 np0000160378 devstack@neutron-api.service[102001]: DEBUG neutron_lib.callbacks.manager [None req-0ca079e5-c89f-4bef-91f7-2b05d9f5ad19 admin admin] Publish callbacks [] for subnetpool (None), before_response {{(pid=102001) _notify_loop /opt/stack/data/venv/lib/python3.12/site-packages/neutron_lib/callbacks/manager.py:184}}
Mar 23 17:16:01.263463 np0000160378 devstack@neutron-api.service[102001]: [pid: 102001|app: 0|req: 1/4] 162.253.55.43 () {68 vars in 1360 bytes} [Mon Mar 23 17:16:00 2026] POST /networking/v2.0/subnetpools => generated 543 bytes in 508 msecs (HTTP/1.1 201) 4 headers in 162 bytes (1 switches on core 0)
Mar 23 17:16:01.660168 np0000160378 devstack@neutron-api.service[102000]: DEBUG neutron.api.v2.base [None req-c1f61cca-8a97-408b-8e7f-980ced33f79f admin admin] Request body: {'network': {'admin_state_up': True, 'name': 'private'}} {{(pid=102000) prepare_request_body /opt/stack/neutron/neutron/api/v2/base.py:729}}
Mar 23 17:16:01.682754 np0000160378 devstack@neutron-api.service[102000]: DEBUG neutron.pecan_wsgi.hooks.quota_enforcement [None req-c1f61cca-8a97-408b-8e7f-980ced33f79f admin admin] Made reservation on behalf of 15693f144c874211a1bfcf208f33135b for: {'network': 1} {{(pid=102000) before /opt/stack/neutron/neutron/pecan_wsgi/hooks/quota_enforcement.py:66}}
Mar 23 17:16:01.859117 np0000160378 devstack@neutron-api.service[102000]: DEBUG neutron.policy [None req-c1f61cca-8a97-408b-8e7f-980ced33f79f admin admin] Loaded default policies from ['neutron'] under neutron.policies entry points {{(pid=102000) register_rules /opt/stack/neutron/neutron/policy.py:65}}
Mar 23 17:16:02.041749 np0000160378 devstack@neutron-api.service[102000]: DEBUG neutron_lib.callbacks.manager [None req-c1f61cca-8a97-408b-8e7f-980ced33f79f admin admin] Publish callbacks ['neutron.plugins.ml2.plugin.SecurityGroupDbMixin._ensure_default_security_group_handler-3206460'] for network (None), before_create {{(pid=102000) _notify_loop /opt/stack/data/venv/lib/python3.12/site-packages/neutron_lib/callbacks/manager.py:184}}
Mar 23 17:16:02.069811 np0000160378 devstack@neutron-api.service[102000]: DEBUG neutron_lib.callbacks.manager [None req-c1f61cca-8a97-408b-8e7f-980ced33f79f admin admin] Publish callbacks [] for security_group (None), before_create {{(pid=102000) _notify_loop /opt/stack/data/venv/lib/python3.12/site-packages/neutron_lib/callbacks/manager.py:184}}
Mar 23 17:16:02.159616 np0000160378 devstack@neutron-api.service[102000]: DEBUG neutron_lib.callbacks.manager [None req-c1f61cca-8a97-408b-8e7f-980ced33f79f admin admin] Publish callbacks ['neutron.plugins.ml2.drivers.ovn.mech_driver.mech_driver.OVNMechanismDriver._create_security_group_precommit-355004'] for security_group (912a368a-1cf0-45e8-8efc-35a4e94bcc7d), precommit_create {{(pid=102000) _notify_loop /opt/stack/data/venv/lib/python3.12/site-packages/neutron_lib/callbacks/manager.py:184}}
Mar 23 17:16:02.159755 np0000160378 devstack@neutron-api.service[102000]: DEBUG neutron.db.ovn_revision_numbers_db [None req-c1f61cca-8a97-408b-8e7f-980ced33f79f admin admin] create_initial_revision uuid=912a368a-1cf0-45e8-8efc-35a4e94bcc7d, type=security_groups, rev=-1 {{(pid=102000) create_initial_revision /opt/stack/neutron/neutron/db/ovn_revision_numbers_db.py:98}}
Mar 23 17:16:02.161734 np0000160378 devstack@neutron-api.service[102000]: DEBUG neutron.db.ovn_revision_numbers_db [None req-c1f61cca-8a97-408b-8e7f-980ced33f79f admin admin] create_initial_revision uuid=10b3c873-ebf0-4a38-9e76-2cfcc6f42624, type=security_group_rules, rev=-1 {{(pid=102000) create_initial_revision /opt/stack/neutron/neutron/db/ovn_revision_numbers_db.py:98}}
Mar 23 17:16:02.162567 np0000160378 devstack@neutron-api.service[102000]: DEBUG neutron.db.ovn_revision_numbers_db [None req-c1f61cca-8a97-408b-8e7f-980ced33f79f admin admin] create_initial_revision uuid=1c0e1609-4dd6-42c4-a000-9b7b94acb2b0, type=security_group_rules, rev=-1 {{(pid=102000) create_initial_revision /opt/stack/neutron/neutron/db/ovn_revision_numbers_db.py:98}}
Mar 23 17:16:02.163365 np0000160378 devstack@neutron-api.service[102000]: DEBUG neutron.db.ovn_revision_numbers_db [None req-c1f61cca-8a97-408b-8e7f-980ced33f79f admin admin] create_initial_revision uuid=31b823be-78ce-468f-8383-b87f5e5550c1, type=security_group_rules, rev=-1 {{(pid=102000) create_initial_revision /opt/stack/neutron/neutron/db/ovn_revision_numbers_db.py:98}}
Mar 23 17:16:02.164316 np0000160378 devstack@neutron-api.service[102000]: DEBUG neutron.db.ovn_revision_numbers_db [None req-c1f61cca-8a97-408b-8e7f-980ced33f79f admin admin] create_initial_revision uuid=e24bc4b6-3a66-485c-add7-46fecba7b366, type=security_group_rules, rev=-1 {{(pid=102000) create_initial_revision /opt/stack/neutron/neutron/db/ovn_revision_numbers_db.py:98}}
Mar 23 17:16:02.203350 np0000160378 devstack@neutron-api.service[102000]: DEBUG neutron_lib.callbacks.manager [None req-c1f61cca-8a97-408b-8e7f-980ced33f79f admin admin] Publish callbacks ['neutron.plugins.ml2.drivers.ovn.mech_driver.mech_driver.OVNMechanismDriver._create_security_group-355010', 'neutron.plugins.ml2.ovo_rpc._ObjectChangeHandler.handle_event-65672392'] for security_group (912a368a-1cf0-45e8-8efc-35a4e94bcc7d), after_create {{(pid=102000) _notify_loop /opt/stack/data/venv/lib/python3.12/site-packages/neutron_lib/callbacks/manager.py:184}}
Mar 23 17:16:02.203668 np0000160378 devstack@neutron-api.service[102000]: INFO neutron.plugins.ml2.drivers.ovn.mech_driver.ovsdb.extensions.qos [None req-c1f61cca-8a97-408b-8e7f-980ced33f79f admin admin] Starting OVNClientQosExtension
Mar 23 17:16:02.203995 np0000160378 devstack@neutron-api.service[102000]: INFO neutron.plugins.ml2.drivers.ovn.mech_driver.ovsdb.extensions.placement [None req-c1f61cca-8a97-408b-8e7f-980ced33f79f admin admin] Starting OVNClientPlacementExtension
Mar 23 17:16:02.205527 np0000160378 devstack@neutron-api.service[102000]: DEBUG ovsdbapp.backend.ovs_idl.transaction [-] Running txn n=1 command(idx=0): PgAddCommand(_result=None, name=pg_912a368a_1cf0_45e8_8efc_35a4e94bcc7d, may_exist=False, columns={'acls': [], 'external_ids': {'neutron:security_group_id': '912a368a-1cf0-45e8-8efc-35a4e94bcc7d'}}) {{(pid=102000) do_commit /opt/stack/data/venv/lib/python3.12/site-packages/ovsdbapp/backend/ovs_idl/transaction.py:89}}
Mar 23 17:16:02.208334 np0000160378 devstack@neutron-api.service[102000]: DEBUG ovsdbapp.backend.ovs_idl.transaction [-] Running txn n=1 command(idx=1): PgAclAddCommand(_result=None, entity=pg_912a368a_1cf0_45e8_8efc_35a4e94bcc7d, direction=to-lport, priority=1002, match=outport == @pg_912a368a_1cf0_45e8_8efc_35a4e94bcc7d && ip6 && ip6.src == $pg_912a368a_1cf0_45e8_8efc_35a4e94bcc7d_ip6, action=allow-related, log=False, may_exist=True, severity=[], name=[], meter=[], external_ids={'neutron:security_group_rule_id': '10b3c873-ebf0-4a38-9e76-2cfcc6f42624'}) {{(pid=102000) do_commit /opt/stack/data/venv/lib/python3.12/site-packages/ovsdbapp/backend/ovs_idl/transaction.py:89}}
Mar 23 17:16:02.208852 np0000160378 devstack@neutron-api.service[102000]: DEBUG ovsdbapp.backend.ovs_idl.transaction [-] Running txn n=1 command(idx=2): PgAclAddCommand(_result=None, entity=pg_912a368a_1cf0_45e8_8efc_35a4e94bcc7d, direction=to-lport, priority=1002, match=outport == @pg_912a368a_1cf0_45e8_8efc_35a4e94bcc7d && ip4 && ip4.src == $pg_912a368a_1cf0_45e8_8efc_35a4e94bcc7d_ip4, action=allow-related, log=False, may_exist=True, severity=[], name=[], meter=[], external_ids={'neutron:security_group_rule_id': '1c0e1609-4dd6-42c4-a000-9b7b94acb2b0'}) {{(pid=102000) do_commit /opt/stack/data/venv/lib/python3.12/site-packages/ovsdbapp/backend/ovs_idl/transaction.py:89}}
Mar 23 17:16:02.209285 np0000160378 devstack@neutron-api.service[102000]: DEBUG ovsdbapp.backend.ovs_idl.transaction [-] Running txn n=1 command(idx=3): PgAclAddCommand(_result=None, entity=pg_912a368a_1cf0_45e8_8efc_35a4e94bcc7d, direction=from-lport, priority=1002, match=inport == @pg_912a368a_1cf0_45e8_8efc_35a4e94bcc7d && ip4, action=allow-related, log=False, may_exist=True, severity=[], name=[], meter=[], external_ids={'neutron:security_group_rule_id': '31b823be-78ce-468f-8383-b87f5e5550c1'}) {{(pid=102000) do_commit /opt/stack/data/venv/lib/python3.12/site-packages/ovsdbapp/backend/ovs_idl/transaction.py:89}}
Mar 23 17:16:02.209662 np0000160378 devstack@neutron-api.service[102000]: DEBUG ovsdbapp.backend.ovs_idl.transaction [-] Running txn n=1 command(idx=4): PgAclAddCommand(_result=None, entity=pg_912a368a_1cf0_45e8_8efc_35a4e94bcc7d, direction=from-lport, priority=1002, match=inport == @pg_912a368a_1cf0_45e8_8efc_35a4e94bcc7d && ip6, action=allow-related, log=False, may_exist=True, severity=[], name=[], meter=[], external_ids={'neutron:security_group_rule_id': 'e24bc4b6-3a66-485c-add7-46fecba7b366'}) {{(pid=102000) do_commit /opt/stack/data/venv/lib/python3.12/site-packages/ovsdbapp/backend/ovs_idl/transaction.py:89}}
Mar 23 17:16:02.254176 np0000160378 devstack@neutron-api.service[101999]: DEBUG neutron.plugins.ml2.drivers.ovn.mech_driver.ovsdb.ovsdb_monitor [-] Hash Ring: Node 34e3491f4bae5dd986a3efca37612e02 (host: np0000160378) handling event "create" for row 1aaac51d-152e-413b-83b9-33cc26bd1f4c (table: ACL) {{(pid=101999) notify /opt/stack/neutron/neutron/plugins/ml2/drivers/ovn/mech_driver/ovsdb/ovsdb_monitor.py:906}}
Mar 23 17:16:02.254460 np0000160378 devstack@neutron-api.service[101999]: DEBUG neutron.plugins.ml2.drivers.ovn.mech_driver.ovsdb.ovsdb_monitor [-] Hash Ring: Node 34e3491f4bae5dd986a3efca37612e02 (host: np0000160378) handling event "create" for row 6b301b94-d2f2-43c0-92ba-3ba895764e45 (table: ACL) {{(pid=101999) notify /opt/stack/neutron/neutron/plugins/ml2/drivers/ovn/mech_driver/ovsdb/ovsdb_monitor.py:906}}
Mar 23 17:16:02.254512 np0000160378 devstack@neutron-api.service[101999]: DEBUG neutron.plugins.ml2.drivers.ovn.mech_driver.ovsdb.ovsdb_monitor [-] Hash Ring: Node 34e3491f4bae5dd986a3efca37612e02 (host: np0000160378) handling event "create" for row 8cbbf217-120b-4e84-8e37-ed5969318e86 (table: ACL) {{(pid=101999) notify /opt/stack/neutron/neutron/plugins/ml2/drivers/ovn/mech_driver/ovsdb/ovsdb_monitor.py:906}}
Mar 23 17:16:02.254675 np0000160378 devstack@neutron-api.service[102000]: DEBUG neutron.plugins.ml2.drivers.ovn.mech_driver.ovsdb.ovsdb_monitor [-] Hash Ring: Node 90edf87f58385e25b2211d414d50b60b (host: np0000160378) handling event "create" for row 8cbbf217-120b-4e84-8e37-ed5969318e86 (table: ACL) {{(pid=102000) notify /opt/stack/neutron/neutron/plugins/ml2/drivers/ovn/mech_driver/ovsdb/ovsdb_monitor.py:906}}
Mar 23 17:16:02.254729 np0000160378 devstack@neutron-api.service[101999]: DEBUG neutron.plugins.ml2.drivers.ovn.mech_driver.ovsdb.ovsdb_monitor [-] Hash Ring: Node 34e3491f4bae5dd986a3efca37612e02 (host: np0000160378) handling event "create" for row acf29f30-a52f-477a-8aa0-9c2cf59f0895 (table: ACL) {{(pid=101999) notify /opt/stack/neutron/neutron/plugins/ml2/drivers/ovn/mech_driver/ovsdb/ovsdb_monitor.py:906}}
Mar 23 17:16:02.254969 np0000160378 devstack@neutron-api.service[101999]: DEBUG neutron.plugins.ml2.drivers.ovn.mech_driver.ovsdb.ovsdb_monitor [-] Hash Ring: Node 34e3491f4bae5dd986a3efca37612e02 (host: np0000160378) handling event "create" for row b51ee02b-43fa-4b55-9b2a-840d3727151e (table: Port_Group) {{(pid=101999) notify /opt/stack/neutron/neutron/plugins/ml2/drivers/ovn/mech_driver/ovsdb/ovsdb_monitor.py:906}}
Mar 23 17:16:02.256078 np0000160378 devstack@neutron-api.service[102001]: DEBUG neutron.plugins.ml2.drivers.ovn.mech_driver.ovsdb.ovsdb_monitor [-] Hash Ring: Node 9ddb8c15ab0c577cb7d9101808a40d87 (host: np0000160378) handling event "create" for row 1aaac51d-152e-413b-83b9-33cc26bd1f4c (table: ACL) {{(pid=102001) notify /opt/stack/neutron/neutron/plugins/ml2/drivers/ovn/mech_driver/ovsdb/ovsdb_monitor.py:906}}
Mar 23 17:16:02.256722 np0000160378 devstack@neutron-api.service[101998]: DEBUG neutron.plugins.ml2.drivers.ovn.mech_driver.ovsdb.ovsdb_monitor [-] Hash Ring: Node c1cfd4044498537c8b119d4b108aa148 (host: np0000160378) handling event "create" for row 6b301b94-d2f2-43c0-92ba-3ba895764e45 (table: ACL) {{(pid=101998) notify /opt/stack/neutron/neutron/plugins/ml2/drivers/ovn/mech_driver/ovsdb/ovsdb_monitor.py:906}}
Mar 23 17:16:02.287799 np0000160378 devstack@neutron-api.service[102000]: INFO neutron.db.ovn_revision_numbers_db [None req-c1f61cca-8a97-408b-8e7f-980ced33f79f admin admin] Successfully bumped revision number for resource 912a368a-1cf0-45e8-8efc-35a4e94bcc7d (type: security_groups) to 1
Mar 23 17:16:02.305325 np0000160378 devstack@neutron-api.service[102000]: INFO neutron.db.ovn_revision_numbers_db [None req-c1f61cca-8a97-408b-8e7f-980ced33f79f admin admin] Successfully bumped revision number for resource 10b3c873-ebf0-4a38-9e76-2cfcc6f42624 (type: security_group_rules) to 0
Mar 23 17:16:02.319137 np0000160378 devstack@neutron-api.service[102000]: INFO neutron.db.ovn_revision_numbers_db [None req-c1f61cca-8a97-408b-8e7f-980ced33f79f admin admin] Successfully bumped revision number for resource 1c0e1609-4dd6-42c4-a000-9b7b94acb2b0 (type: security_group_rules) to 0
Mar 23 17:16:02.332119 np0000160378 devstack@neutron-api.service[102000]: INFO neutron.db.ovn_revision_numbers_db [None req-c1f61cca-8a97-408b-8e7f-980ced33f79f admin admin] Successfully bumped revision number for resource 31b823be-78ce-468f-8383-b87f5e5550c1 (type: security_group_rules) to 0
Mar 23 17:16:02.344286 np0000160378 devstack@neutron-api.service[102000]: INFO neutron.db.ovn_revision_numbers_db [None req-c1f61cca-8a97-408b-8e7f-980ced33f79f admin admin] Successfully bumped revision number for resource e24bc4b6-3a66-485c-add7-46fecba7b366 (type: security_group_rules) to 0
Mar 23 17:16:02.368592 np0000160378 devstack@neutron-api.service[102000]: DEBUG neutron.api.rpc.handlers.resources_rpc [None req-c1f61cca-8a97-408b-8e7f-980ced33f79f admin admin] Pushing event updated for resources: {'SecurityGroup': ['ID=912a368a-1cf0-45e8-8efc-35a4e94bcc7d,revision_number=1']} {{(pid=102000) push /opt/stack/neutron/neutron/api/rpc/handlers/resources_rpc.py:237}}
Mar 23 17:16:02.376548 np0000160378 devstack@neutron-api.service[102000]: DEBUG ovsdbapp.backend.ovs_idl.transaction [-] Running txn n=1 command(idx=0): CheckLivenessCommand(_result=None) {{(pid=102000) do_commit /opt/stack/data/venv/lib/python3.12/site-packages/ovsdbapp/backend/ovs_idl/transaction.py:89}}
Mar 23 17:16:02.380590 np0000160378 devstack@neutron-api.service[101999]: DEBUG neutron.plugins.ml2.drivers.ovn.mech_driver.ovsdb.ovsdb_monitor [-] Hash Ring: Node 34e3491f4bae5dd986a3efca37612e02 (host: np0000160378) handling event "update" for row 5557b294-5e16-4137-be64-08ea8e8963d3 (table: NB_Global) {{(pid=101999) notify /opt/stack/neutron/neutron/plugins/ml2/drivers/ovn/mech_driver/ovsdb/ovsdb_monitor.py:906}}
Mar 23 17:16:02.383233 np0000160378 devstack@neutron-api.service[101999]: DEBUG neutron.plugins.ml2.drivers.ovn.mech_driver.ovsdb.ovsdb_monitor [-] Hash Ring: Node 34e3491f4bae5dd986a3efca37612e02 (host: np0000160378) handling event "update" for row 5557b294-5e16-4137-be64-08ea8e8963d3 (table: NB_Global) {{(pid=101999) notify /opt/stack/neutron/neutron/plugins/ml2/drivers/ovn/mech_driver/ovsdb/ovsdb_monitor.py:906}}
Mar 23 17:16:02.384624 np0000160378 devstack@neutron-api.service[102001]: DEBUG neutron.plugins.ml2.drivers.ovn.mech_driver.ovsdb.ovsdb_monitor [-] ChassisAgentWriteEvent : Matched Chassis_Private, update, None None {{(pid=102001) matches /opt/stack/neutron/neutron/plugins/ml2/drivers/ovn/mech_driver/ovsdb/ovsdb_monitor.py:64}}
Mar 23 17:16:02.385089 np0000160378 devstack@neutron-api.service[101999]: DEBUG neutron.plugins.ml2.drivers.ovn.mech_driver.ovsdb.ovsdb_monitor [-] ChassisAgentWriteEvent : Matched Chassis_Private, update, None None {{(pid=101999) matches /opt/stack/neutron/neutron/plugins/ml2/drivers/ovn/mech_driver/ovsdb/ovsdb_monitor.py:64}}
Mar 23 17:16:02.385521 np0000160378 devstack@neutron-api.service[102001]: DEBUG neutron.plugins.ml2.drivers.ovn.mech_driver.ovsdb.ovsdb_monitor [-] Hash Ring: Node 9ddb8c15ab0c577cb7d9101808a40d87 (host: np0000160378) handling event "update" for row da7d3efc-a00b-49c9-bd8b-25e259333df4 (table: Chassis_Private) {{(pid=102001) notify /opt/stack/neutron/neutron/plugins/ml2/drivers/ovn/mech_driver/ovsdb/ovsdb_monitor.py:906}}
Mar 23 17:16:02.385661 np0000160378 devstack@neutron-api.service[101998]: DEBUG neutron.plugins.ml2.drivers.ovn.mech_driver.ovsdb.ovsdb_monitor [-] ChassisAgentWriteEvent : Matched Chassis_Private, update, None None {{(pid=101998) matches /opt/stack/neutron/neutron/plugins/ml2/drivers/ovn/mech_driver/ovsdb/ovsdb_monitor.py:64}}
Mar 23 17:16:02.386393 np0000160378 devstack@neutron-api.service[102000]: DEBUG neutron.api.rpc.callbacks.version_manager [None req-c1f61cca-8a97-408b-8e7f-980ced33f79f admin admin] Tracked resource versions report:
Mar 23 17:16:02.386393 np0000160378 devstack@neutron-api.service[102000]: pushed versions:
Mar 23 17:16:02.386393 np0000160378 devstack@neutron-api.service[102000]: { 'AddressGroup': {'1.2'},
Mar 23 17:16:02.386393 np0000160378 devstack@neutron-api.service[102000]: 'Agent': {'1.1'},
Mar 23 17:16:02.386393 np0000160378 devstack@neutron-api.service[102000]: 'ConntrackHelper': {'1.0'},
Mar 23 17:16:02.386393 np0000160378 devstack@neutron-api.service[102000]: 'LocalIPAssociation': {'1.0'},
Mar 23 17:16:02.386393 np0000160378 devstack@neutron-api.service[102000]: 'Log': {'1.0'},
Mar 23 17:16:02.386393 np0000160378 devstack@neutron-api.service[102000]: 'NDPProxy': {'1.0'},
Mar 23 17:16:02.386393 np0000160378 devstack@neutron-api.service[102000]: 'Network': {'1.2'},
Mar 23 17:16:02.386393 np0000160378 devstack@neutron-api.service[102000]: 'Port': {'1.10'},
Mar 23 17:16:02.386393 np0000160378 devstack@neutron-api.service[102000]: 'PortForwarding': {'1.3'},
Mar 23 17:16:02.386393 np0000160378 devstack@neutron-api.service[102000]: 'QosPolicy': {'1.10'},
Mar 23 17:16:02.386393 np0000160378 devstack@neutron-api.service[102000]: 'SecurityGroup': {'1.6'},
Mar 23 17:16:02.386393 np0000160378 devstack@neutron-api.service[102000]: 'SecurityGroupRule': {'1.3'},
Mar 23 17:16:02.386393 np0000160378 devstack@neutron-api.service[102000]: 'SubPort': {'1.0'},
Mar 23 17:16:02.386393 np0000160378 devstack@neutron-api.service[102000]: 'Subnet': {'1.2'},
Mar 23 17:16:02.386393 np0000160378 devstack@neutron-api.service[102000]: 'Trunk': {'1.1'}}
Mar 23 17:16:02.386393 np0000160378 devstack@neutron-api.service[102000]: consumer versions:
Mar 23 17:16:02.386393 np0000160378 devstack@neutron-api.service[102000]: {}
Mar 23 17:16:02.386393 np0000160378 devstack@neutron-api.service[102000]: {{(pid=102000) report /opt/stack/neutron/neutron/api/rpc/callbacks/version_manager.py:183}}
Mar 23 17:16:02.388091 np0000160378 devstack@neutron-api.service[101999]: DEBUG neutron.plugins.ml2.drivers.ovn.mech_driver.ovsdb.ovsdb_monitor [-] Hash Ring: Node 34e3491f4bae5dd986a3efca37612e02 (host: np0000160378) handling event "update" for row 5557b294-5e16-4137-be64-08ea8e8963d3 (table: NB_Global) {{(pid=101999) notify /opt/stack/neutron/neutron/plugins/ml2/drivers/ovn/mech_driver/ovsdb/ovsdb_monitor.py:906}}
Mar 23 17:16:02.389641 np0000160378 devstack@neutron-api.service[101999]: DEBUG neutron.plugins.ml2.drivers.ovn.mech_driver.ovsdb.ovsdb_monitor [-] Hash Ring: Node 34e3491f4bae5dd986a3efca37612e02 (host: np0000160378) handling event "update" for row 5557b294-5e16-4137-be64-08ea8e8963d3 (table: NB_Global) {{(pid=101999) notify /opt/stack/neutron/neutron/plugins/ml2/drivers/ovn/mech_driver/ovsdb/ovsdb_monitor.py:906}}
Mar 23 17:16:02.390027 np0000160378 devstack@neutron-api.service[102001]: DEBUG neutron.plugins.ml2.drivers.ovn.mech_driver.ovsdb.ovsdb_monitor [-] ChassisOVNAgentWriteEvent : Matched Chassis_Private, update, None None {{(pid=102001) matches /opt/stack/neutron/neutron/plugins/ml2/drivers/ovn/mech_driver/ovsdb/ovsdb_monitor.py:64}}
Mar 23 17:16:02.390280 np0000160378 devstack@neutron-api.service[102001]: DEBUG neutron.plugins.ml2.drivers.ovn.mech_driver.ovsdb.ovsdb_monitor [-] Hash Ring: Node 9ddb8c15ab0c577cb7d9101808a40d87 (host: np0000160378) handling event "update" for row da7d3efc-a00b-49c9-bd8b-25e259333df4 (table: Chassis_Private) {{(pid=102001) notify /opt/stack/neutron/neutron/plugins/ml2/drivers/ovn/mech_driver/ovsdb/ovsdb_monitor.py:906}}
Mar 23 17:16:02.391287 np0000160378 devstack@neutron-api.service[101998]: DEBUG neutron.plugins.ml2.drivers.ovn.mech_driver.ovsdb.ovsdb_monitor [-] ChassisOVNAgentWriteEvent : Matched Chassis_Private, update, None None {{(pid=101998) matches /opt/stack/neutron/neutron/plugins/ml2/drivers/ovn/mech_driver/ovsdb/ovsdb_monitor.py:64}}
Mar 23 17:16:02.392120 np0000160378 devstack@neutron-api.service[101999]: DEBUG neutron.common.ovn.hash_ring_manager [-] Allow caching, nodes 4>=4 {{(pid=101999) _wait_startup_before_caching /opt/stack/neutron/neutron/common/ovn/hash_ring_manager.py:65}}
Mar 23 17:16:02.392354 np0000160378 devstack@neutron-api.service[101999]: DEBUG neutron.plugins.ml2.drivers.ovn.mech_driver.ovsdb.ovsdb_monitor [-] Hash Ring: Node 34e3491f4bae5dd986a3efca37612e02 (host: np0000160378) handling event "update" for row da7d3efc-a00b-49c9-bd8b-25e259333df4 (table: Chassis_Private) {{(pid=101999) notify /opt/stack/neutron/neutron/plugins/ml2/drivers/ovn/mech_driver/ovsdb/ovsdb_monitor.py:906}}
Mar 23 17:16:02.392441 np0000160378 devstack@neutron-api.service[102000]: DEBUG neutron.plugins.ml2.drivers.ovn.mech_driver.ovsdb.ovsdb_monitor [-] ChassisAgentWriteEvent : Matched Chassis_Private, update, None None {{(pid=102000) matches /opt/stack/neutron/neutron/plugins/ml2/drivers/ovn/mech_driver/ovsdb/ovsdb_monitor.py:64}}
Mar 23 17:16:02.393666 np0000160378 devstack@neutron-api.service[101999]: DEBUG neutron.plugins.ml2.drivers.ovn.mech_driver.ovsdb.ovsdb_monitor [-] ChassisOVNAgentWriteEvent : Matched Chassis_Private, update, None None {{(pid=101999) matches /opt/stack/neutron/neutron/plugins/ml2/drivers/ovn/mech_driver/ovsdb/ovsdb_monitor.py:64}}
Mar 23 17:16:02.394175 np0000160378 devstack@neutron-api.service[101999]: DEBUG neutron.plugins.ml2.drivers.ovn.mech_driver.ovsdb.ovsdb_monitor [-] Hash Ring: Node 34e3491f4bae5dd986a3efca37612e02 (host: np0000160378) handling event "update" for row da7d3efc-a00b-49c9-bd8b-25e259333df4 (table: Chassis_Private) {{(pid=101999) notify /opt/stack/neutron/neutron/plugins/ml2/drivers/ovn/mech_driver/ovsdb/ovsdb_monitor.py:906}}
Mar 23 17:16:02.395459 np0000160378 devstack@neutron-api.service[102000]: DEBUG neutron.plugins.ml2.drivers.ovn.mech_driver.ovsdb.ovsdb_monitor [-] ChassisOVNAgentWriteEvent : Matched Chassis_Private, update, None None {{(pid=102000) matches /opt/stack/neutron/neutron/plugins/ml2/drivers/ovn/mech_driver/ovsdb/ovsdb_monitor.py:64}}
Mar 23 17:16:02.450266 np0000160378 devstack@neutron-api.service[102000]: DEBUG neutron.plugins.ml2.drivers.helpers [None req-c1f61cca-8a97-408b-8e7f-980ced33f79f admin admin] geneve segment allocate from pool success with {'geneve_vni': 29131} {{(pid=102000) allocate_partially_specified_segment /opt/stack/neutron/neutron/plugins/ml2/drivers/helpers.py:142}}
Mar 23 17:16:02.463462 np0000160378 devstack@neutron-api.service[102000]: DEBUG neutron_lib.callbacks.manager [None req-c1f61cca-8a97-408b-8e7f-980ced33f79f admin admin] Publish callbacks ['neutron.services.segments.db._add_segment_host_mapping_for_segment-8659360307874', 'neutron.plugins.ml2.plugin.Ml2Plugin._handle_segment_change-3991164'] for segment (af04a401-0d7c-40bd-be81-59e25bc52a3f), precommit_create {{(pid=102000) _notify_loop /opt/stack/data/venv/lib/python3.12/site-packages/neutron_lib/callbacks/manager.py:184}}
Mar 23 17:16:02.463675 np0000160378 devstack@neutron-api.service[102000]: INFO neutron.db.segments_db [None req-c1f61cca-8a97-408b-8e7f-980ced33f79f admin admin] Added segment af04a401-0d7c-40bd-be81-59e25bc52a3f of type geneve for network 28b25153-60a8-44a0-8436-687056a9f4fa
Mar 23 17:16:02.506525 np0000160378 devstack@neutron-api.service[102000]: DEBUG neutron_lib.callbacks.manager [None req-c1f61cca-8a97-408b-8e7f-980ced33f79f admin admin] Publish callbacks ['neutron.services.auto_allocate.db._ensure_external_network_default_value_callback-8659358552788'] for network (28b25153-60a8-44a0-8436-687056a9f4fa), precommit_create {{(pid=102000) _notify_loop /opt/stack/data/venv/lib/python3.12/site-packages/neutron_lib/callbacks/manager.py:184}}
Mar 23 17:16:02.521552 np0000160378 devstack@neutron-api.service[102000]: DEBUG neutron.plugins.ml2.drivers.ovn.mech_driver.mech_driver [None req-c1f61cca-8a97-408b-8e7f-980ced33f79f admin admin] Validating network segment with type geneve, segmentation ID 29131, physical network None {{(pid=102000) _validate_network_segments /opt/stack/neutron/neutron/plugins/ml2/drivers/ovn/mech_driver/mech_driver.py:630}}
Mar 23 17:16:02.521689 np0000160378 devstack@neutron-api.service[102000]: DEBUG neutron.db.ovn_revision_numbers_db [None req-c1f61cca-8a97-408b-8e7f-980ced33f79f admin admin] create_initial_revision uuid=28b25153-60a8-44a0-8436-687056a9f4fa, type=networks, rev=-1 {{(pid=102000) create_initial_revision /opt/stack/neutron/neutron/db/ovn_revision_numbers_db.py:98}}
Mar 23 17:16:02.537122 np0000160378 devstack@neutron-api.service[102000]: DEBUG neutron_lib.callbacks.manager [None req-c1f61cca-8a97-408b-8e7f-980ced33f79f admin admin] Publish callbacks ['neutron.plugins.ml2.ovo_rpc._ObjectChangeHandler.handle_event-65672498'] for network (28b25153-60a8-44a0-8436-687056a9f4fa), after_create {{(pid=102000) _notify_loop /opt/stack/data/venv/lib/python3.12/site-packages/neutron_lib/callbacks/manager.py:184}}
Mar 23 17:16:02.584586 np0000160378 devstack@neutron-api.service[102000]: DEBUG neutron.api.rpc.handlers.resources_rpc [None req-c1f61cca-8a97-408b-8e7f-980ced33f79f admin admin] Pushing event updated for resources: {'Network': ['ID=28b25153-60a8-44a0-8436-687056a9f4fa,revision_number=1']} {{(pid=102000) push /opt/stack/neutron/neutron/api/rpc/handlers/resources_rpc.py:237}}
Mar 23 17:16:02.593959 np0000160378 devstack@neutron-api.service[102000]: DEBUG ovsdbapp.backend.ovs_idl.transaction [-] Running txn n=1 command(idx=0): AddNetworkCommand(_result=None, network_uuid=28b25153-60a8-44a0-8436-687056a9f4fa, may_exist=True, columns={'external_ids': {'neutron:network_name': 'private', 'neutron:mtu': '1372', 'neutron:revision_number': '1', 'neutron:availability_zone_hints': '', 'neutron:provnet-network-type': 'geneve'}, 'other_config': {'mcast_snoop': 'false', 'mcast_flood_unregistered': 'false', 'vlan-passthru': 'false'}}) {{(pid=102000) do_commit /opt/stack/data/venv/lib/python3.12/site-packages/ovsdbapp/backend/ovs_idl/transaction.py:89}}
Mar 23 17:16:02.594772 np0000160378 devstack@neutron-api.service[102000]: DEBUG neutron.common.ovn.utils [-] OVS persist_uuid supported=True {{(pid=102000) ovs_persist_uuid_supported /opt/stack/neutron/neutron/common/ovn/utils.py:1511}}
Mar 23 17:16:02.600274 np0000160378 devstack@neutron-api.service[101999]: DEBUG neutron.plugins.ml2.drivers.ovn.mech_driver.ovsdb.ovsdb_monitor [-] Hash Ring: Node 34e3491f4bae5dd986a3efca37612e02 (host: np0000160378) handling event "create" for row 28b25153-60a8-44a0-8436-687056a9f4fa (table: Logical_Switch) {{(pid=101999) notify /opt/stack/neutron/neutron/plugins/ml2/drivers/ovn/mech_driver/ovsdb/ovsdb_monitor.py:906}}
Mar 23 17:16:02.601075 np0000160378 devstack@neutron-api.service[101998]: DEBUG neutron.plugins.ml2.drivers.ovn.mech_driver.ovsdb.ovsdb_monitor [-] Hash Ring: Node c1cfd4044498537c8b119d4b108aa148 (host: np0000160378) handling event "create" for row 28b25153-60a8-44a0-8436-687056a9f4fa (table: Logical_Switch) {{(pid=101998) notify /opt/stack/neutron/neutron/plugins/ml2/drivers/ovn/mech_driver/ovsdb/ovsdb_monitor.py:906}}
Mar 23 17:16:02.607589 np0000160378 devstack@neutron-api.service[101999]: DEBUG neutron.plugins.ml2.drivers.ovn.mech_driver.ovsdb.ovsdb_monitor [-] Hash Ring: Node 34e3491f4bae5dd986a3efca37612e02 (host: np0000160378) handling event "create" for row a3570d78-3c6c-4d5d-903d-c644f40a4bc6 (table: Datapath_Binding) {{(pid=101999) notify /opt/stack/neutron/neutron/plugins/ml2/drivers/ovn/mech_driver/ovsdb/ovsdb_monitor.py:906}}
Mar 23 17:16:02.609064 np0000160378 devstack@neutron-api.service[101998]: DEBUG neutron.plugins.ml2.drivers.ovn.mech_driver.ovsdb.ovsdb_monitor [-] Hash Ring: Node c1cfd4044498537c8b119d4b108aa148 (host: np0000160378) handling event "create" for row a3570d78-3c6c-4d5d-903d-c644f40a4bc6 (table: Datapath_Binding) {{(pid=101998) notify /opt/stack/neutron/neutron/plugins/ml2/drivers/ovn/mech_driver/ovsdb/ovsdb_monitor.py:906}}
Mar 23 17:16:02.627698 np0000160378 devstack@neutron-api.service[102000]: INFO neutron.db.ovn_revision_numbers_db [None req-c1f61cca-8a97-408b-8e7f-980ced33f79f admin admin] Successfully bumped revision number for resource 28b25153-60a8-44a0-8436-687056a9f4fa (type: networks) to 1
Mar 23 17:16:02.688446 np0000160378 devstack@neutron-api.service[102000]: DEBUG neutron_lib.callbacks.manager [None req-c1f61cca-8a97-408b-8e7f-980ced33f79f admin admin] Publish callbacks ['neutron.plugins.ml2.plugin.SecurityGroupDbMixin._ensure_default_security_group_handler-3206460'] for port (None), before_create {{(pid=102000) _notify_loop /opt/stack/data/venv/lib/python3.12/site-packages/neutron_lib/callbacks/manager.py:184}}
Mar 23 17:16:02.774416 np0000160378 devstack@neutron-api.service[102000]: DEBUG neutron_lib.callbacks.manager [None req-c1f61cca-8a97-408b-8e7f-980ced33f79f admin admin] Publish callbacks ['neutron.plugins.ml2.drivers.ovn.mech_driver.mech_driver.OVNMechanismDriver._validate_allowed_address_pairs-354868'] for allowed_address_pair (05f13b88-65df-45dc-a21a-f9ed64e4b2ad), before_create {{(pid=102000) _notify_loop /opt/stack/data/venv/lib/python3.12/site-packages/neutron_lib/callbacks/manager.py:184}}
Mar 23 17:16:02.774880 np0000160378 devstack@neutron-api.service[102000]: DEBUG neutron_lib.callbacks.manager [None req-c1f61cca-8a97-408b-8e7f-980ced33f79f admin admin] Publish callbacks [] for port (05f13b88-65df-45dc-a21a-f9ed64e4b2ad), precommit_create {{(pid=102000) _notify_loop /opt/stack/data/venv/lib/python3.12/site-packages/neutron_lib/callbacks/manager.py:184}}
Mar 23 17:16:02.775088 np0000160378 devstack@neutron-api.service[102000]: DEBUG neutron.plugins.ml2.drivers.ovn.mech_driver.mech_driver [None req-c1f61cca-8a97-408b-8e7f-980ced33f79f admin admin] No provisioning block for port 05f13b88-65df-45dc-a21a-f9ed64e4b2ad since it does not have a host {{(pid=102000) _is_port_provisioning_required /opt/stack/neutron/neutron/plugins/ml2/drivers/ovn/mech_driver/mech_driver.py:883}}
Mar 23 17:16:02.775179 np0000160378 devstack@neutron-api.service[102000]: DEBUG neutron.db.ovn_revision_numbers_db [None req-c1f61cca-8a97-408b-8e7f-980ced33f79f admin admin] create_initial_revision uuid=05f13b88-65df-45dc-a21a-f9ed64e4b2ad, type=ports, rev=-1 {{(pid=102000) create_initial_revision /opt/stack/neutron/neutron/db/ovn_revision_numbers_db.py:98}}
Mar 23 17:16:02.993267 np0000160378 devstack@neutron-api.service[102000]: DEBUG neutron_lib.callbacks.manager [None req-c1f61cca-8a97-408b-8e7f-980ced33f79f admin admin] Publish callbacks ['neutron.plugins.ml2.ovo_rpc._ObjectChangeHandler.handle_event-65672490'] for port (05f13b88-65df-45dc-a21a-f9ed64e4b2ad), after_create {{(pid=102000) _notify_loop /opt/stack/data/venv/lib/python3.12/site-packages/neutron_lib/callbacks/manager.py:184}}
Mar 23 17:16:03.060687 np0000160378 devstack@neutron-api.service[102000]: DEBUG neutron.api.rpc.handlers.resources_rpc [None req-c1f61cca-8a97-408b-8e7f-980ced33f79f admin admin] Pushing event updated for resources: {'Port': ['ID=05f13b88-65df-45dc-a21a-f9ed64e4b2ad,revision_number=1']} {{(pid=102000) push /opt/stack/neutron/neutron/api/rpc/handlers/resources_rpc.py:237}}
Mar 23 17:16:03.109351 np0000160378 devstack@neutron-api.service[102000]: DEBUG ovsdbapp.backend.ovs_idl.transaction [-] Running txn n=1 command(idx=0): AddLSwitchPortCommand(_result=None, lport=05f13b88-65df-45dc-a21a-f9ed64e4b2ad, lswitch=neutron-28b25153-60a8-44a0-8436-687056a9f4fa, may_exist=True, network_uuid=28b25153-60a8-44a0-8436-687056a9f4fa, columns={'addresses': ['fa:16:3e:3f:49:8f'], 'external_ids': {'neutron:port_name': '', 'neutron:device_id': 'ovnmeta-28b25153-60a8-44a0-8436-687056a9f4fa', 'neutron:project_id': '15693f144c874211a1bfcf208f33135b', 'neutron:cidrs': '', 'neutron:device_owner': 'network:distributed', 'neutron:subnet_pool_addr_scope4': '', 'neutron:subnet_pool_addr_scope6': '', 'neutron:network_name': 'neutron-28b25153-60a8-44a0-8436-687056a9f4fa', 'neutron:security_group_ids': '', 'neutron:revision_number': '1', 'neutron:vnic_type': 'normal', 'neutron:port_capabilities': '', 'neutron:mtu': ''}, 'parent_name': [], 'tag': [], 'enabled': True, 'options': {}, 'type': 'localport', 'port_security': [], 'dhcpv4_options': [], 'dhcpv6_options': []}) {{(pid=102000) do_commit /opt/stack/data/venv/lib/python3.12/site-packages/ovsdbapp/backend/ovs_idl/transaction.py:89}}
Mar 23 17:16:03.110416 np0000160378 devstack@neutron-api.service[102000]: DEBUG ovsdbapp.backend.ovs_idl.transaction [-] Running txn n=1 command(idx=1): QoSDelCommand(_result=None, switch=neutron-28b25153-60a8-44a0-8436-687056a9f4fa, conditions=[('direction', '=', 'to-lport'), ('priority', '=', 2002), ('match', '=', 'outport == "05f13b88-65df-45dc-a21a-f9ed64e4b2ad"')], if_exists=True) {{(pid=102000) do_commit /opt/stack/data/venv/lib/python3.12/site-packages/ovsdbapp/backend/ovs_idl/transaction.py:89}}
Mar 23 17:16:03.110818 np0000160378 devstack@neutron-api.service[102000]: DEBUG ovsdbapp.backend.ovs_idl.transaction [-] Running txn n=1 command(idx=2): QoSDelCommand(_result=None, switch=neutron-28b25153-60a8-44a0-8436-687056a9f4fa, conditions=[('direction', '=', 'from-lport'), ('priority', '=', 2002), ('match', '=', 'inport == "05f13b88-65df-45dc-a21a-f9ed64e4b2ad"')], if_exists=True) {{(pid=102000) do_commit /opt/stack/data/venv/lib/python3.12/site-packages/ovsdbapp/backend/ovs_idl/transaction.py:89}}
Mar 23 17:16:03.117341 np0000160378 devstack@neutron-api.service[101998]: DEBUG neutron.plugins.ml2.drivers.ovn.mech_driver.ovsdb.ovsdb_monitor [-] Hash Ring: Node c1cfd4044498537c8b119d4b108aa148 (host: np0000160378) handling event "update" for row 28b25153-60a8-44a0-8436-687056a9f4fa (table: Logical_Switch) {{(pid=101998) notify /opt/stack/neutron/neutron/plugins/ml2/drivers/ovn/mech_driver/ovsdb/ovsdb_monitor.py:906}}
Mar 23 17:16:03.117735 np0000160378 devstack@neutron-api.service[101998]: DEBUG neutron.plugins.ml2.drivers.ovn.mech_driver.ovsdb.ovsdb_monitor [-] Hash Ring: Node c1cfd4044498537c8b119d4b108aa148 (host: np0000160378) handling event "create" for row 675bc0b5-d2bf-4996-83d2-07f0284eeff1 (table: Logical_Switch_Port) {{(pid=101998) notify /opt/stack/neutron/neutron/plugins/ml2/drivers/ovn/mech_driver/ovsdb/ovsdb_monitor.py:906}}
