Mar 23 17:16:25.034513 np0000160378 systemd[1]: Starting devstack@n-api-meta.service - Devstack devstack@n-api-meta.service...
Mar 23 17:16:25.043965 np0000160378 devstack@n-api-meta.service[107086]: [uWSGI] getting INI configuration from /etc/nova/nova-metadata-uwsgi.ini
Mar 23 17:16:25.044347 np0000160378 devstack@n-api-meta.service[107086]: open("./http_plugin.so"): No such file or directory [core/utils.c line 3709]
Mar 23 17:16:25.044347 np0000160378 devstack@n-api-meta.service[107086]: !!! UNABLE to load uWSGI plugin: ./http_plugin.so: cannot open shared object file: No such file or directory !!!
Mar 23 17:16:25.044347 np0000160378 devstack@n-api-meta.service[107086]: open("./python3_plugin.so"): No such file or directory [core/utils.c line 3709]
Mar 23 17:16:25.044347 np0000160378 devstack@n-api-meta.service[107086]: !!! UNABLE to load uWSGI plugin: ./python3_plugin.so: cannot open shared object file: No such file or directory !!!
Mar 23 17:16:25.044347 np0000160378 devstack@n-api-meta.service[107086]: *** Starting uWSGI 2.0.31 (64bit) on [Mon Mar 23 17:16:25 2026] ***
Mar 23 17:16:25.044347 np0000160378 devstack@n-api-meta.service[107086]: compiled with version: 13.3.0 on 23 March 2026 17:06:30
Mar 23 17:16:25.044347 np0000160378 devstack@n-api-meta.service[107086]: os: Linux-6.8.0-106-generic #106-Ubuntu SMP PREEMPT_DYNAMIC Fri Mar 6 07:58:08 UTC 2026
Mar 23 17:16:25.044347 np0000160378 devstack@n-api-meta.service[107086]: nodename: np0000160378
Mar 23 17:16:25.044347 np0000160378 devstack@n-api-meta.service[107086]: machine: x86_64
Mar 23 17:16:25.044347 np0000160378 devstack@n-api-meta.service[107086]: clock source: unix
Mar 23 17:16:25.044347 np0000160378 devstack@n-api-meta.service[107086]: pcre jit disabled
Mar 23 17:16:25.044347 np0000160378 devstack@n-api-meta.service[107086]: detected number of CPU cores: 16
Mar 23 17:16:25.044347 np0000160378 devstack@n-api-meta.service[107086]: current working directory: /
Mar 23 17:16:25.044347 np0000160378 devstack@n-api-meta.service[107086]: detected binary path: /opt/stack/data/venv/bin/uwsgi
Mar 23 17:16:25.044347 np0000160378 devstack@n-api-meta.service[107086]: your processes number limit is 256917
Mar 23 17:16:25.044347 np0000160378 devstack@n-api-meta.service[107086]: your memory page size is 4096 bytes
Mar 23 17:16:25.044347 np0000160378 devstack@n-api-meta.service[107086]: detected max file descriptor number: 2048
Mar 23 17:16:25.044347 np0000160378 devstack@n-api-meta.service[107086]: lock engine: pthread robust mutexes
Mar 23 17:16:25.045007 np0000160378 devstack@n-api-meta.service[107086]: thunder lock: enabled
Mar 23 17:16:25.045007 np0000160378 devstack@n-api-meta.service[107086]: uWSGI http bound on 0.0.0.0:8775 fd 5
Mar 23 17:16:25.045007 np0000160378 devstack@n-api-meta.service[107086]: uwsgi socket 0 bound to TCP address 127.0.0.1:44313 (port auto-assigned) fd 4
Mar 23 17:16:25.045007 np0000160378 devstack@n-api-meta.service[107086]: Python version: 3.12.3 (main, Mar 3 2026, 12:15:18) [GCC 13.3.0]
Mar 23 17:16:25.045007 np0000160378 devstack@n-api-meta.service[107086]: PEP 405 virtualenv detected: /opt/stack/data/venv
Mar 23 17:16:25.045007 np0000160378 devstack@n-api-meta.service[107086]: Set PythonHome to /opt/stack/data/venv
Mar 23 17:16:25.085697 np0000160378 devstack@n-api-meta.service[107086]: Python main interpreter initialized at 0x765e832a3668
Mar 23 17:16:25.085697 np0000160378 devstack@n-api-meta.service[107086]: python threads support enabled
Mar 23 17:16:25.085697 np0000160378 devstack@n-api-meta.service[107086]: your server socket listen backlog is limited to 100 connections
Mar 23 17:16:25.085697 np0000160378 devstack@n-api-meta.service[107086]: your mercy for graceful operations on workers is 80 seconds
Mar 23 17:16:25.086207 np0000160378 devstack@n-api-meta.service[107086]: mapped 671795 bytes (656 KB) for 4 cores
Mar 23 17:16:25.086365 np0000160378 devstack@n-api-meta.service[107086]: *** Operational MODE: preforking ***
Mar 23 17:16:25.086587 np0000160378 devstack@n-api-meta.service[107086]: *** uWSGI is running in multiple interpreter mode ***
Mar 23 17:16:25.086587 np0000160378 devstack@n-api-meta.service[107086]: spawned uWSGI master process (pid: 107086)
Mar 23 17:16:25.086817 np0000160378 systemd[1]: Started devstack@n-api-meta.service - Devstack devstack@n-api-meta.service.
Mar 23 17:16:25.087274 np0000160378 devstack@n-api-meta.service[107086]: spawned uWSGI worker 1 (pid: 107087, cores: 1)
Mar 23 17:16:25.087719 np0000160378 devstack@n-api-meta.service[107086]: spawned uWSGI worker 2 (pid: 107088, cores: 1)
Mar 23 17:16:25.088172 np0000160378 devstack@n-api-meta.service[107086]: spawned uWSGI worker 3 (pid: 107089, cores: 1)
Mar 23 17:16:25.088610 np0000160378 devstack@n-api-meta.service[107086]: spawned uWSGI worker 4 (pid: 107090, cores: 1)
Mar 23 17:16:25.089321 np0000160378 devstack@n-api-meta.service[107086]: spawned uWSGI http 1 (pid: 107091)
Mar 23 17:16:25.089321 np0000160378 devstack@n-api-meta.service[107086]: running "unix_signal:15 gracefully_kill_them_all" (master-start)...
Mar 23 17:16:25.438483 np0000160378 devstack@n-api-meta.service[107088]: Service is starting with native threading. This is currently experimental. Do not use it in production without first testing it in pre-production.
Mar 23 17:16:25.450548 np0000160378 devstack@n-api-meta.service[107087]: Service is starting with native threading. This is currently experimental. Do not use it in production without first testing it in pre-production.
Mar 23 17:16:25.453723 np0000160378 devstack@n-api-meta.service[107090]: Service is starting with native threading. This is currently experimental. Do not use it in production without first testing it in pre-production.
Mar 23 17:16:25.459158 np0000160378 devstack@n-api-meta.service[107089]: Service is starting with native threading. This is currently experimental. Do not use it in production without first testing it in pre-production.
Mar 23 17:16:26.849354 np0000160378 devstack@n-api-meta.service[107088]: INFO dbcounter [None req-1aa2e270-448a-4520-94e8-ecfb9608e4bd None None] Registered counter for database nova_api
Mar 23 17:16:26.867748 np0000160378 devstack@n-api-meta.service[107088]: DEBUG oslo_db.sqlalchemy.engines [None req-1aa2e270-448a-4520-94e8-ecfb9608e4bd None None] MySQL server mode set to STRICT_TRANS_TABLES,STRICT_ALL_TABLES,NO_ZERO_IN_DATE,NO_ZERO_DATE,ERROR_FOR_DIVISION_BY_ZERO,TRADITIONAL,NO_ENGINE_SUBSTITUTION {{(pid=107088) _check_effective_sql_mode /opt/stack/data/venv/lib/python3.12/site-packages/oslo_db/sqlalchemy/engines.py:325}}
Mar 23 17:16:26.893910 np0000160378 devstack@n-api-meta.service[107089]: INFO dbcounter [None req-c70eddf5-557c-48a8-8ee0-4ee13f00e7b3 None None] Registered counter for database nova_api
Mar 23 17:16:26.906602 np0000160378 devstack@n-api-meta.service[107088]: DEBUG dbcounter [-] [107088] Writer thread running {{(pid=107088) stat_writer /opt/stack/data/venv/lib/python3.12/site-packages/dbcounter.py:102}}
Mar 23 17:16:26.908623 np0000160378 devstack@n-api-meta.service[107089]: DEBUG oslo_db.sqlalchemy.engines [None req-c70eddf5-557c-48a8-8ee0-4ee13f00e7b3 None None] MySQL server mode set to STRICT_TRANS_TABLES,STRICT_ALL_TABLES,NO_ZERO_IN_DATE,NO_ZERO_DATE,ERROR_FOR_DIVISION_BY_ZERO,TRADITIONAL,NO_ENGINE_SUBSTITUTION {{(pid=107089) _check_effective_sql_mode /opt/stack/data/venv/lib/python3.12/site-packages/oslo_db/sqlalchemy/engines.py:325}}
Mar 23 17:16:26.909697 np0000160378 devstack@n-api-meta.service[107088]: DEBUG nova.context [None req-1aa2e270-448a-4520-94e8-ecfb9608e4bd None None] Found 2 cells: 00000000-0000-0000-0000-000000000000(cell0),6207188a-0d6d-4127-baa0-4739b8368983(cell1) {{(pid=107088) load_cells /opt/stack/nova/nova/context.py:509}}
Mar 23 17:16:26.910045 np0000160378 devstack@n-api-meta.service[107088]: INFO nova.utils [None req-1aa2e270-448a-4520-94e8-ecfb9608e4bd None None] The cell worker thread pool MainProcess.cell_worker is initialized
Mar 23 17:16:26.912511 np0000160378 devstack@n-api-meta.service[107088]: DEBUG oslo_concurrency.lockutils [None req-1aa2e270-448a-4520-94e8-ecfb9608e4bd None None] Acquiring lock "00000000-0000-0000-0000-000000000000" by "nova.context.set_target_cell..get_or_set_cached_cell_and_set_connections" {{(pid=107088) inner /opt/stack/data/venv/lib/python3.12/site-packages/oslo_concurrency/lockutils.py:506}}
Mar 23 17:16:26.912738 np0000160378 devstack@n-api-meta.service[107088]: DEBUG oslo_concurrency.lockutils [None req-1aa2e270-448a-4520-94e8-ecfb9608e4bd None None] Lock "00000000-0000-0000-0000-000000000000" acquired by "nova.context.set_target_cell..get_or_set_cached_cell_and_set_connections" :: waited 0.000s {{(pid=107088) inner /opt/stack/data/venv/lib/python3.12/site-packages/oslo_concurrency/lockutils.py:519}}
Mar 23 17:16:26.913278 np0000160378 devstack@n-api-meta.service[107088]: DEBUG oslo_concurrency.lockutils [None req-1aa2e270-448a-4520-94e8-ecfb9608e4bd None None] Lock "00000000-0000-0000-0000-000000000000" "released" by "nova.context.set_target_cell..get_or_set_cached_cell_and_set_connections" :: held 0.001s {{(pid=107088) inner /opt/stack/data/venv/lib/python3.12/site-packages/oslo_concurrency/lockutils.py:538}}
Mar 23 17:16:26.914075 np0000160378 devstack@n-api-meta.service[107088]: DEBUG oslo_concurrency.lockutils [None req-1aa2e270-448a-4520-94e8-ecfb9608e4bd None None] Acquiring lock "6207188a-0d6d-4127-baa0-4739b8368983" by "nova.context.set_target_cell..get_or_set_cached_cell_and_set_connections" {{(pid=107088) inner /opt/stack/data/venv/lib/python3.12/site-packages/oslo_concurrency/lockutils.py:506}}
Mar 23 17:16:26.914280 np0000160378 devstack@n-api-meta.service[107088]: DEBUG oslo_concurrency.lockutils [None req-1aa2e270-448a-4520-94e8-ecfb9608e4bd None None] Lock "6207188a-0d6d-4127-baa0-4739b8368983" acquired by "nova.context.set_target_cell..get_or_set_cached_cell_and_set_connections" :: waited 0.000s {{(pid=107088) inner /opt/stack/data/venv/lib/python3.12/site-packages/oslo_concurrency/lockutils.py:519}}
Mar 23 17:16:26.915432 np0000160378 devstack@n-api-meta.service[107088]: DEBUG oslo_concurrency.lockutils [None req-1aa2e270-448a-4520-94e8-ecfb9608e4bd None None] Lock "6207188a-0d6d-4127-baa0-4739b8368983" "released" by "nova.context.set_target_cell..get_or_set_cached_cell_and_set_connections" :: held 0.001s {{(pid=107088) inner /opt/stack/data/venv/lib/python3.12/site-packages/oslo_concurrency/lockutils.py:538}}
Mar 23 17:16:26.917394 np0000160378 devstack@n-api-meta.service[107088]: INFO dbcounter [None req-1aa2e270-448a-4520-94e8-ecfb9608e4bd None None] Registered counter for database nova_cell0
Mar 23 17:16:26.920678 np0000160378 devstack@n-api-meta.service[107088]: INFO dbcounter [None req-1aa2e270-448a-4520-94e8-ecfb9608e4bd None None] Registered counter for database nova_cell1
Mar 23 17:16:26.927332 np0000160378 devstack@n-api-meta.service[107088]: DEBUG oslo_db.sqlalchemy.engines [None req-1aa2e270-448a-4520-94e8-ecfb9608e4bd None None] MySQL server mode set to STRICT_TRANS_TABLES,STRICT_ALL_TABLES,NO_ZERO_IN_DATE,NO_ZERO_DATE,ERROR_FOR_DIVISION_BY_ZERO,TRADITIONAL,NO_ENGINE_SUBSTITUTION {{(pid=107088) _check_effective_sql_mode /opt/stack/data/venv/lib/python3.12/site-packages/oslo_db/sqlalchemy/engines.py:325}}
Mar 23 17:16:26.932011 np0000160378 devstack@n-api-meta.service[107090]: INFO dbcounter [None req-5010bb4d-b0f4-42ea-93fd-da1a96332cb6 None None] Registered counter for database nova_api
Mar 23 17:16:26.934518 np0000160378 devstack@n-api-meta.service[107088]: DEBUG oslo_db.sqlalchemy.engines [None req-1aa2e270-448a-4520-94e8-ecfb9608e4bd None None] MySQL server mode set to STRICT_TRANS_TABLES,STRICT_ALL_TABLES,NO_ZERO_IN_DATE,NO_ZERO_DATE,ERROR_FOR_DIVISION_BY_ZERO,TRADITIONAL,NO_ENGINE_SUBSTITUTION {{(pid=107088) _check_effective_sql_mode /opt/stack/data/venv/lib/python3.12/site-packages/oslo_db/sqlalchemy/engines.py:325}}
Mar 23 17:16:26.946013 np0000160378 devstack@n-api-meta.service[107090]: DEBUG oslo_db.sqlalchemy.engines [None req-5010bb4d-b0f4-42ea-93fd-da1a96332cb6 None None] MySQL server mode set to STRICT_TRANS_TABLES,STRICT_ALL_TABLES,NO_ZERO_IN_DATE,NO_ZERO_DATE,ERROR_FOR_DIVISION_BY_ZERO,TRADITIONAL,NO_ENGINE_SUBSTITUTION {{(pid=107090) _check_effective_sql_mode /opt/stack/data/venv/lib/python3.12/site-packages/oslo_db/sqlalchemy/engines.py:325}}
Mar 23 17:16:26.946365 np0000160378 devstack@n-api-meta.service[107089]: DEBUG dbcounter [-] [107089] Writer thread running {{(pid=107089) stat_writer /opt/stack/data/venv/lib/python3.12/site-packages/dbcounter.py:102}}
Mar 23 17:16:26.948727 np0000160378 devstack@n-api-meta.service[107089]: DEBUG nova.context [None req-c70eddf5-557c-48a8-8ee0-4ee13f00e7b3 None None] Found 2 cells: 00000000-0000-0000-0000-000000000000(cell0),6207188a-0d6d-4127-baa0-4739b8368983(cell1) {{(pid=107089) load_cells /opt/stack/nova/nova/context.py:509}}
Mar 23 17:16:26.949038 np0000160378 devstack@n-api-meta.service[107089]: INFO nova.utils [None req-c70eddf5-557c-48a8-8ee0-4ee13f00e7b3 None None] The cell worker thread pool MainProcess.cell_worker is initialized
Mar 23 17:16:26.950845 np0000160378 devstack@n-api-meta.service[107089]: DEBUG oslo_concurrency.lockutils [None req-c70eddf5-557c-48a8-8ee0-4ee13f00e7b3 None None] Acquiring lock "00000000-0000-0000-0000-000000000000" by "nova.context.set_target_cell..get_or_set_cached_cell_and_set_connections" {{(pid=107089) inner /opt/stack/data/venv/lib/python3.12/site-packages/oslo_concurrency/lockutils.py:506}}
Mar 23 17:16:26.951018 np0000160378 devstack@n-api-meta.service[107089]: DEBUG oslo_concurrency.lockutils [None req-c70eddf5-557c-48a8-8ee0-4ee13f00e7b3 None None] Lock "00000000-0000-0000-0000-000000000000" acquired by "nova.context.set_target_cell..get_or_set_cached_cell_and_set_connections" :: waited 0.000s {{(pid=107089) inner /opt/stack/data/venv/lib/python3.12/site-packages/oslo_concurrency/lockutils.py:519}}
Mar 23 17:16:26.951379 np0000160378 devstack@n-api-meta.service[107089]: DEBUG oslo_concurrency.lockutils [None req-c70eddf5-557c-48a8-8ee0-4ee13f00e7b3 None None] Lock "00000000-0000-0000-0000-000000000000" "released" by "nova.context.set_target_cell..get_or_set_cached_cell_and_set_connections" :: held 0.000s {{(pid=107089) inner /opt/stack/data/venv/lib/python3.12/site-packages/oslo_concurrency/lockutils.py:538}}
Mar 23 17:16:26.952104 np0000160378 devstack@n-api-meta.service[107089]: DEBUG oslo_concurrency.lockutils [None req-c70eddf5-557c-48a8-8ee0-4ee13f00e7b3 None None] Acquiring lock "6207188a-0d6d-4127-baa0-4739b8368983" by "nova.context.set_target_cell..get_or_set_cached_cell_and_set_connections" {{(pid=107089) inner /opt/stack/data/venv/lib/python3.12/site-packages/oslo_concurrency/lockutils.py:506}}
Mar 23 17:16:26.952242 np0000160378 devstack@n-api-meta.service[107089]: DEBUG oslo_concurrency.lockutils [None req-c70eddf5-557c-48a8-8ee0-4ee13f00e7b3 None None] Lock "6207188a-0d6d-4127-baa0-4739b8368983" acquired by "nova.context.set_target_cell..get_or_set_cached_cell_and_set_connections" :: waited 0.000s {{(pid=107089) inner /opt/stack/data/venv/lib/python3.12/site-packages/oslo_concurrency/lockutils.py:519}}
Mar 23 17:16:26.953066 np0000160378 devstack@n-api-meta.service[107089]: DEBUG oslo_concurrency.lockutils [None req-c70eddf5-557c-48a8-8ee0-4ee13f00e7b3 None None] Lock "6207188a-0d6d-4127-baa0-4739b8368983" "released" by "nova.context.set_target_cell..get_or_set_cached_cell_and_set_connections" :: held 0.001s {{(pid=107089) inner /opt/stack/data/venv/lib/python3.12/site-packages/oslo_concurrency/lockutils.py:538}}
Mar 23 17:16:26.955485 np0000160378 devstack@n-api-meta.service[107089]: INFO dbcounter [None req-c70eddf5-557c-48a8-8ee0-4ee13f00e7b3 None None] Registered counter for database nova_cell0
Mar 23 17:16:26.960817 np0000160378 devstack@n-api-meta.service[107089]: INFO dbcounter [None req-c70eddf5-557c-48a8-8ee0-4ee13f00e7b3 None None] Registered counter for database nova_cell1
Mar 23 17:16:26.972359 np0000160378 devstack@n-api-meta.service[107089]: DEBUG oslo_db.sqlalchemy.engines [None req-c70eddf5-557c-48a8-8ee0-4ee13f00e7b3 None None] MySQL server mode set to STRICT_TRANS_TABLES,STRICT_ALL_TABLES,NO_ZERO_IN_DATE,NO_ZERO_DATE,ERROR_FOR_DIVISION_BY_ZERO,TRADITIONAL,NO_ENGINE_SUBSTITUTION {{(pid=107089) _check_effective_sql_mode /opt/stack/data/venv/lib/python3.12/site-packages/oslo_db/sqlalchemy/engines.py:325}}
Mar 23 17:16:26.976099 np0000160378 devstack@n-api-meta.service[107089]: DEBUG oslo_db.sqlalchemy.engines [None req-c70eddf5-557c-48a8-8ee0-4ee13f00e7b3 None None] MySQL server mode set to STRICT_TRANS_TABLES,STRICT_ALL_TABLES,NO_ZERO_IN_DATE,NO_ZERO_DATE,ERROR_FOR_DIVISION_BY_ZERO,TRADITIONAL,NO_ENGINE_SUBSTITUTION {{(pid=107089) _check_effective_sql_mode /opt/stack/data/venv/lib/python3.12/site-packages/oslo_db/sqlalchemy/engines.py:325}}
Mar 23 17:16:26.981612 np0000160378 devstack@n-api-meta.service[107090]: DEBUG dbcounter [-] [107090] Writer thread running {{(pid=107090) stat_writer /opt/stack/data/venv/lib/python3.12/site-packages/dbcounter.py:102}}
Mar 23 17:16:26.983981 np0000160378 devstack@n-api-meta.service[107090]: DEBUG nova.context [None req-5010bb4d-b0f4-42ea-93fd-da1a96332cb6 None None] Found 2 cells: 00000000-0000-0000-0000-000000000000(cell0),6207188a-0d6d-4127-baa0-4739b8368983(cell1) {{(pid=107090) load_cells /opt/stack/nova/nova/context.py:509}}
Mar 23 17:16:26.984427 np0000160378 devstack@n-api-meta.service[107090]: INFO nova.utils [None req-5010bb4d-b0f4-42ea-93fd-da1a96332cb6 None None] The cell worker thread pool MainProcess.cell_worker is initialized
Mar 23 17:16:26.986504 np0000160378 devstack@n-api-meta.service[107090]: DEBUG oslo_concurrency.lockutils [None req-5010bb4d-b0f4-42ea-93fd-da1a96332cb6 None None] Acquiring lock "00000000-0000-0000-0000-000000000000" by "nova.context.set_target_cell..get_or_set_cached_cell_and_set_connections" {{(pid=107090) inner /opt/stack/data/venv/lib/python3.12/site-packages/oslo_concurrency/lockutils.py:506}}
Mar 23 17:16:26.986663 np0000160378 devstack@n-api-meta.service[107090]: DEBUG oslo_concurrency.lockutils [None req-5010bb4d-b0f4-42ea-93fd-da1a96332cb6 None None] Lock "00000000-0000-0000-0000-000000000000" acquired by "nova.context.set_target_cell..get_or_set_cached_cell_and_set_connections" :: waited 0.000s {{(pid=107090) inner /opt/stack/data/venv/lib/python3.12/site-packages/oslo_concurrency/lockutils.py:519}}
Mar 23 17:16:26.987043 np0000160378 devstack@n-api-meta.service[107090]: DEBUG oslo_concurrency.lockutils [None req-5010bb4d-b0f4-42ea-93fd-da1a96332cb6 None None] Lock "00000000-0000-0000-0000-000000000000" "released" by "nova.context.set_target_cell..get_or_set_cached_cell_and_set_connections" :: held 0.000s {{(pid=107090) inner /opt/stack/data/venv/lib/python3.12/site-packages/oslo_concurrency/lockutils.py:538}}
Mar 23 17:16:26.987853 np0000160378 devstack@n-api-meta.service[107090]: DEBUG oslo_concurrency.lockutils [None req-5010bb4d-b0f4-42ea-93fd-da1a96332cb6 None None] Acquiring lock "6207188a-0d6d-4127-baa0-4739b8368983" by "nova.context.set_target_cell..get_or_set_cached_cell_and_set_connections" {{(pid=107090) inner /opt/stack/data/venv/lib/python3.12/site-packages/oslo_concurrency/lockutils.py:506}}
Mar 23 17:16:26.988012 np0000160378 devstack@n-api-meta.service[107090]: DEBUG oslo_concurrency.lockutils [None req-5010bb4d-b0f4-42ea-93fd-da1a96332cb6 None None] Lock "6207188a-0d6d-4127-baa0-4739b8368983" acquired by "nova.context.set_target_cell..get_or_set_cached_cell_and_set_connections" :: waited 0.000s {{(pid=107090) inner /opt/stack/data/venv/lib/python3.12/site-packages/oslo_concurrency/lockutils.py:519}}
Mar 23 17:16:26.988861 np0000160378 devstack@n-api-meta.service[107090]: DEBUG oslo_concurrency.lockutils [None req-5010bb4d-b0f4-42ea-93fd-da1a96332cb6 None None] Lock "6207188a-0d6d-4127-baa0-4739b8368983" "released" by "nova.context.set_target_cell..get_or_set_cached_cell_and_set_connections" :: held 0.001s {{(pid=107090) inner /opt/stack/data/venv/lib/python3.12/site-packages/oslo_concurrency/lockutils.py:538}}
Mar 23 17:16:26.992188 np0000160378 devstack@n-api-meta.service[107090]: INFO dbcounter [None req-5010bb4d-b0f4-42ea-93fd-da1a96332cb6 None None] Registered counter for database nova_cell0
Mar 23 17:16:26.997234 np0000160378 devstack@n-api-meta.service[107090]: INFO dbcounter [None req-5010bb4d-b0f4-42ea-93fd-da1a96332cb6 None None] Registered counter for database nova_cell1
Mar 23 17:16:27.005513 np0000160378 devstack@n-api-meta.service[107090]: DEBUG oslo_db.sqlalchemy.engines [None req-5010bb4d-b0f4-42ea-93fd-da1a96332cb6 None None] MySQL server mode set to STRICT_TRANS_TABLES,STRICT_ALL_TABLES,NO_ZERO_IN_DATE,NO_ZERO_DATE,ERROR_FOR_DIVISION_BY_ZERO,TRADITIONAL,NO_ENGINE_SUBSTITUTION {{(pid=107090) _check_effective_sql_mode /opt/stack/data/venv/lib/python3.12/site-packages/oslo_db/sqlalchemy/engines.py:325}}
Mar 23 17:16:27.016511 np0000160378 devstack@n-api-meta.service[107090]: DEBUG oslo_db.sqlalchemy.engines [None req-5010bb4d-b0f4-42ea-93fd-da1a96332cb6 None None] MySQL server mode set to STRICT_TRANS_TABLES,STRICT_ALL_TABLES,NO_ZERO_IN_DATE,NO_ZERO_DATE,ERROR_FOR_DIVISION_BY_ZERO,TRADITIONAL,NO_ENGINE_SUBSTITUTION {{(pid=107090) _check_effective_sql_mode /opt/stack/data/venv/lib/python3.12/site-packages/oslo_db/sqlalchemy/engines.py:325}}
Mar 23 17:16:27.028717 np0000160378 devstack@n-api-meta.service[107088]: DEBUG dbcounter [-] [107088] Writer thread running {{(pid=107088) stat_writer /opt/stack/data/venv/lib/python3.12/site-packages/dbcounter.py:102}}
Mar 23 17:16:27.031582 np0000160378 devstack@n-api-meta.service[107087]: INFO dbcounter [None req-08ec38c6-7f5a-4226-bf32-52ca9c5d33d9 None None] Registered counter for database nova_api
Mar 23 17:16:27.032987 np0000160378 devstack@n-api-meta.service[107088]: DEBUG dbcounter [-] [107088] Writer thread running {{(pid=107088) stat_writer /opt/stack/data/venv/lib/python3.12/site-packages/dbcounter.py:102}}
Mar 23 17:16:27.037509 np0000160378 devstack@n-api-meta.service[107088]: INFO dbcounter [None req-1aa2e270-448a-4520-94e8-ecfb9608e4bd None None] Registered counter for database nova_cell0
Mar 23 17:16:27.048900 np0000160378 devstack@n-api-meta.service[107087]: DEBUG oslo_db.sqlalchemy.engines [None req-08ec38c6-7f5a-4226-bf32-52ca9c5d33d9 None None] MySQL server mode set to STRICT_TRANS_TABLES,STRICT_ALL_TABLES,NO_ZERO_IN_DATE,NO_ZERO_DATE,ERROR_FOR_DIVISION_BY_ZERO,TRADITIONAL,NO_ENGINE_SUBSTITUTION {{(pid=107087) _check_effective_sql_mode /opt/stack/data/venv/lib/python3.12/site-packages/oslo_db/sqlalchemy/engines.py:325}}
Mar 23 17:16:27.056555 np0000160378 devstack@n-api-meta.service[107088]: DEBUG oslo_db.sqlalchemy.engines [None req-1aa2e270-448a-4520-94e8-ecfb9608e4bd None None] MySQL server mode set to STRICT_TRANS_TABLES,STRICT_ALL_TABLES,NO_ZERO_IN_DATE,NO_ZERO_DATE,ERROR_FOR_DIVISION_BY_ZERO,TRADITIONAL,NO_ENGINE_SUBSTITUTION {{(pid=107088) _check_effective_sql_mode /opt/stack/data/venv/lib/python3.12/site-packages/oslo_db/sqlalchemy/engines.py:325}}
Mar 23 17:16:27.065606 np0000160378 devstack@n-api-meta.service[107088]: DEBUG dbcounter [-] [107088] Writer thread running {{(pid=107088) stat_writer /opt/stack/data/venv/lib/python3.12/site-packages/dbcounter.py:102}}
Mar 23 17:16:27.082302 np0000160378 devstack@n-api-meta.service[107089]: DEBUG dbcounter [-] [107089] Writer thread running {{(pid=107089) stat_writer /opt/stack/data/venv/lib/python3.12/site-packages/dbcounter.py:102}}
Mar 23 17:16:27.082795 np0000160378 devstack@n-api-meta.service[107089]: DEBUG dbcounter [-] [107089] Writer thread running {{(pid=107089) stat_writer /opt/stack/data/venv/lib/python3.12/site-packages/dbcounter.py:102}}
Mar 23 17:16:27.087640 np0000160378 devstack@n-api-meta.service[107087]: DEBUG dbcounter [-] [107087] Writer thread running {{(pid=107087) stat_writer /opt/stack/data/venv/lib/python3.12/site-packages/dbcounter.py:102}}
Mar 23 17:16:27.088199 np0000160378 devstack@n-api-meta.service[107089]: INFO dbcounter [None req-c70eddf5-557c-48a8-8ee0-4ee13f00e7b3 None None] Registered counter for database nova_cell0
Mar 23 17:16:27.090528 np0000160378 devstack@n-api-meta.service[107087]: DEBUG nova.context [None req-08ec38c6-7f5a-4226-bf32-52ca9c5d33d9 None None] Found 2 cells: 00000000-0000-0000-0000-000000000000(cell0),6207188a-0d6d-4127-baa0-4739b8368983(cell1) {{(pid=107087) load_cells /opt/stack/nova/nova/context.py:509}}
Mar 23 17:16:27.090920 np0000160378 devstack@n-api-meta.service[107087]: INFO nova.utils [None req-08ec38c6-7f5a-4226-bf32-52ca9c5d33d9 None None] The cell worker thread pool MainProcess.cell_worker is initialized
Mar 23 17:16:27.092617 np0000160378 devstack@n-api-meta.service[107087]: DEBUG oslo_concurrency.lockutils [None req-08ec38c6-7f5a-4226-bf32-52ca9c5d33d9 None None] Acquiring lock "00000000-0000-0000-0000-000000000000" by "nova.context.set_target_cell..get_or_set_cached_cell_and_set_connections" {{(pid=107087) inner /opt/stack/data/venv/lib/python3.12/site-packages/oslo_concurrency/lockutils.py:506}}
Mar 23 17:16:27.092798 np0000160378 devstack@n-api-meta.service[107087]: DEBUG oslo_concurrency.lockutils [None req-08ec38c6-7f5a-4226-bf32-52ca9c5d33d9 None None] Lock "00000000-0000-0000-0000-000000000000" acquired by "nova.context.set_target_cell..get_or_set_cached_cell_and_set_connections" :: waited 0.000s {{(pid=107087) inner /opt/stack/data/venv/lib/python3.12/site-packages/oslo_concurrency/lockutils.py:519}}
Mar 23 17:16:27.093233 np0000160378 devstack@n-api-meta.service[107087]: DEBUG oslo_concurrency.lockutils [None req-08ec38c6-7f5a-4226-bf32-52ca9c5d33d9 None None] Lock "00000000-0000-0000-0000-000000000000" "released" by "nova.context.set_target_cell..get_or_set_cached_cell_and_set_connections" :: held 0.000s {{(pid=107087) inner /opt/stack/data/venv/lib/python3.12/site-packages/oslo_concurrency/lockutils.py:538}}
Mar 23 17:16:27.094055 np0000160378 devstack@n-api-meta.service[107087]: DEBUG oslo_concurrency.lockutils [None req-08ec38c6-7f5a-4226-bf32-52ca9c5d33d9 None None] Acquiring lock "6207188a-0d6d-4127-baa0-4739b8368983" by "nova.context.set_target_cell..get_or_set_cached_cell_and_set_connections" {{(pid=107087) inner /opt/stack/data/venv/lib/python3.12/site-packages/oslo_concurrency/lockutils.py:506}}
Mar 23 17:16:27.094195 np0000160378 devstack@n-api-meta.service[107087]: DEBUG oslo_concurrency.lockutils [None req-08ec38c6-7f5a-4226-bf32-52ca9c5d33d9 None None] Lock "6207188a-0d6d-4127-baa0-4739b8368983" acquired by "nova.context.set_target_cell..get_or_set_cached_cell_and_set_connections" :: waited 0.000s {{(pid=107087) inner /opt/stack/data/venv/lib/python3.12/site-packages/oslo_concurrency/lockutils.py:519}}
Mar 23 17:16:27.095104 np0000160378 devstack@n-api-meta.service[107087]: DEBUG oslo_concurrency.lockutils [None req-08ec38c6-7f5a-4226-bf32-52ca9c5d33d9 None None] Lock "6207188a-0d6d-4127-baa0-4739b8368983" "released" by "nova.context.set_target_cell..get_or_set_cached_cell_and_set_connections" :: held 0.001s {{(pid=107087) inner /opt/stack/data/venv/lib/python3.12/site-packages/oslo_concurrency/lockutils.py:538}}
Mar 23 17:16:27.098369 np0000160378 devstack@n-api-meta.service[107087]: INFO dbcounter [None req-08ec38c6-7f5a-4226-bf32-52ca9c5d33d9 None None] Registered counter for database nova_cell0
Mar 23 17:16:27.100510 np0000160378 devstack@n-api-meta.service[107089]: DEBUG oslo_db.sqlalchemy.engines [None req-c70eddf5-557c-48a8-8ee0-4ee13f00e7b3 None None] MySQL server mode set to STRICT_TRANS_TABLES,STRICT_ALL_TABLES,NO_ZERO_IN_DATE,NO_ZERO_DATE,ERROR_FOR_DIVISION_BY_ZERO,TRADITIONAL,NO_ENGINE_SUBSTITUTION {{(pid=107089) _check_effective_sql_mode /opt/stack/data/venv/lib/python3.12/site-packages/oslo_db/sqlalchemy/engines.py:325}}
Mar 23 17:16:27.104345 np0000160378 devstack@n-api-meta.service[107087]: INFO dbcounter [None req-08ec38c6-7f5a-4226-bf32-52ca9c5d33d9 None None] Registered counter for database nova_cell1
Mar 23 17:16:27.111205 np0000160378 devstack@n-api-meta.service[107089]: DEBUG dbcounter [-] [107089] Writer thread running {{(pid=107089) stat_writer /opt/stack/data/venv/lib/python3.12/site-packages/dbcounter.py:102}}
Mar 23 17:16:27.116969 np0000160378 devstack@n-api-meta.service[107088]: WARNING nova.api.metadata.handler [None req-1aa2e270-448a-4520-94e8-ecfb9608e4bd None None] metadata_proxy_shared_secret is not configured, the metadata information returned by the proxy cannot be trusted
Mar 23 17:16:27.117262 np0000160378 devstack@n-api-meta.service[107087]: DEBUG oslo_db.sqlalchemy.engines [None req-08ec38c6-7f5a-4226-bf32-52ca9c5d33d9 None None] MySQL server mode set to STRICT_TRANS_TABLES,STRICT_ALL_TABLES,NO_ZERO_IN_DATE,NO_ZERO_DATE,ERROR_FOR_DIVISION_BY_ZERO,TRADITIONAL,NO_ENGINE_SUBSTITUTION {{(pid=107087) _check_effective_sql_mode /opt/stack/data/venv/lib/python3.12/site-packages/oslo_db/sqlalchemy/engines.py:325}}
Mar 23 17:16:27.117359 np0000160378 devstack@n-api-meta.service[107088]: DEBUG nova.api.openstack.wsgi_app [None req-1aa2e270-448a-4520-94e8-ecfb9608e4bd None None] ******************************************************************************** {{(pid=107088) log_opt_values /opt/stack/data/venv/lib/python3.12/site-packages/oslo_config/cfg.py:2979}}
Mar 23 17:16:27.117359 np0000160378 devstack@n-api-meta.service[107088]: DEBUG nova.api.openstack.wsgi_app [None req-1aa2e270-448a-4520-94e8-ecfb9608e4bd None None] Configuration options gathered from: {{(pid=107088) log_opt_values /opt/stack/data/venv/lib/python3.12/site-packages/oslo_config/cfg.py:2980}}
Mar 23 17:16:27.117359 np0000160378 devstack@n-api-meta.service[107088]: DEBUG nova.api.openstack.wsgi_app [None req-1aa2e270-448a-4520-94e8-ecfb9608e4bd None None] command line args: [] {{(pid=107088) log_opt_values /opt/stack/data/venv/lib/python3.12/site-packages/oslo_config/cfg.py:2981}}
Mar 23 17:16:27.117359 np0000160378 devstack@n-api-meta.service[107088]: DEBUG nova.api.openstack.wsgi_app [None req-1aa2e270-448a-4520-94e8-ecfb9608e4bd None None] config files: ['/etc/nova/api-paste.ini', '/etc/nova/nova.conf'] {{(pid=107088) log_opt_values /opt/stack/data/venv/lib/python3.12/site-packages/oslo_config/cfg.py:2982}}
Mar 23 17:16:27.117359 np0000160378 devstack@n-api-meta.service[107088]: DEBUG nova.api.openstack.wsgi_app [None req-1aa2e270-448a-4520-94e8-ecfb9608e4bd None None] ================================================================================ {{(pid=107088) log_opt_values /opt/stack/data/venv/lib/python3.12/site-packages/oslo_config/cfg.py:2987}}
Mar 23 17:16:27.117359 np0000160378 devstack@n-api-meta.service[107088]: DEBUG nova.api.openstack.wsgi_app [None req-1aa2e270-448a-4520-94e8-ecfb9608e4bd None None] allow_resize_to_same_host = True {{(pid=107088) log_opt_values /opt/stack/data/venv/lib/python3.12/site-packages/oslo_config/cfg.py:2995}}
Mar 23 17:16:27.117359 np0000160378 devstack@n-api-meta.service[107088]: DEBUG nova.api.openstack.wsgi_app [None req-1aa2e270-448a-4520-94e8-ecfb9608e4bd None None] arq_binding_timeout = 300 {{(pid=107088) log_opt_values /opt/stack/data/venv/lib/python3.12/site-packages/oslo_config/cfg.py:2995}}
Mar 23 17:16:27.117898 np0000160378 devstack@n-api-meta.service[107088]: DEBUG nova.api.openstack.wsgi_app [None req-1aa2e270-448a-4520-94e8-ecfb9608e4bd None None] block_device_allocate_retries = 60 {{(pid=107088) log_opt_values /opt/stack/data/venv/lib/python3.12/site-packages/oslo_config/cfg.py:2995}}
Mar 23 17:16:27.117898 np0000160378 devstack@n-api-meta.service[107088]: DEBUG nova.api.openstack.wsgi_app [None req-1aa2e270-448a-4520-94e8-ecfb9608e4bd None None] block_device_allocate_retries_interval = 3 {{(pid=107088) log_opt_values /opt/stack/data/venv/lib/python3.12/site-packages/oslo_config/cfg.py:2995}}
Mar 23 17:16:27.117898 np0000160378 devstack@n-api-meta.service[107088]: DEBUG nova.api.openstack.wsgi_app [None req-1aa2e270-448a-4520-94e8-ecfb9608e4bd None None] cell_worker_thread_pool_size = 5 {{(pid=107088) log_opt_values /opt/stack/data/venv/lib/python3.12/site-packages/oslo_config/cfg.py:2995}}
Mar 23 17:16:27.117898 np0000160378 devstack@n-api-meta.service[107088]: DEBUG nova.api.openstack.wsgi_app [None req-1aa2e270-448a-4520-94e8-ecfb9608e4bd None None] cert = self.pem {{(pid=107088) log_opt_values /opt/stack/data/venv/lib/python3.12/site-packages/oslo_config/cfg.py:2995}}
Mar 23 17:16:27.117898 np0000160378 devstack@n-api-meta.service[107088]: DEBUG nova.api.openstack.wsgi_app [None req-1aa2e270-448a-4520-94e8-ecfb9608e4bd None None] compute_driver = libvirt.LibvirtDriver {{(pid=107088) log_opt_values /opt/stack/data/venv/lib/python3.12/site-packages/oslo_config/cfg.py:2995}}
Mar 23 17:16:27.117898 np0000160378 devstack@n-api-meta.service[107088]: DEBUG nova.api.openstack.wsgi_app [None req-1aa2e270-448a-4520-94e8-ecfb9608e4bd None None] compute_monitors = [] {{(pid=107088) log_opt_values /opt/stack/data/venv/lib/python3.12/site-packages/oslo_config/cfg.py:2995}}
Mar 23 17:16:27.118418 np0000160378 devstack@n-api-meta.service[107088]: DEBUG nova.api.openstack.wsgi_app [None req-1aa2e270-448a-4520-94e8-ecfb9608e4bd None None] config_dir = [] {{(pid=107088) log_opt_values /opt/stack/data/venv/lib/python3.12/site-packages/oslo_config/cfg.py:2995}}
Mar 23 17:16:27.118418 np0000160378 devstack@n-api-meta.service[107088]: DEBUG nova.api.openstack.wsgi_app [None req-1aa2e270-448a-4520-94e8-ecfb9608e4bd None None] config_drive_format = iso9660 {{(pid=107088) log_opt_values /opt/stack/data/venv/lib/python3.12/site-packages/oslo_config/cfg.py:2995}}
Mar 23 17:16:27.118418 np0000160378 devstack@n-api-meta.service[107088]: DEBUG nova.api.openstack.wsgi_app [None req-1aa2e270-448a-4520-94e8-ecfb9608e4bd None None] config_file = ['/etc/nova/api-paste.ini', '/etc/nova/nova.conf'] {{(pid=107088) log_opt_values /opt/stack/data/venv/lib/python3.12/site-packages/oslo_config/cfg.py:2995}}
Mar 23 17:16:27.118418 np0000160378 devstack@n-api-meta.service[107088]: DEBUG nova.api.openstack.wsgi_app [None req-1aa2e270-448a-4520-94e8-ecfb9608e4bd None None] config_source = [] {{(pid=107088) log_opt_values /opt/stack/data/venv/lib/python3.12/site-packages/oslo_config/cfg.py:2995}}
Mar 23 17:16:27.118689 np0000160378 devstack@n-api-meta.service[107088]: DEBUG nova.api.openstack.wsgi_app [None req-1aa2e270-448a-4520-94e8-ecfb9608e4bd None None] console_host = np0000160378 {{(pid=107088) log_opt_values /opt/stack/data/venv/lib/python3.12/site-packages/oslo_config/cfg.py:2995}}
Mar 23 17:16:27.118689 np0000160378 devstack@n-api-meta.service[107088]: DEBUG nova.api.openstack.wsgi_app [None req-1aa2e270-448a-4520-94e8-ecfb9608e4bd None None] control_exchange = nova {{(pid=107088) log_opt_values /opt/stack/data/venv/lib/python3.12/site-packages/oslo_config/cfg.py:2995}}
Mar 23 17:16:27.118869 np0000160378 devstack@n-api-meta.service[107088]: DEBUG nova.api.openstack.wsgi_app [None req-1aa2e270-448a-4520-94e8-ecfb9608e4bd None None] cpu_allocation_ratio = None {{(pid=107088) log_opt_values /opt/stack/data/venv/lib/python3.12/site-packages/oslo_config/cfg.py:2995}}
Mar 23 17:16:27.118869 np0000160378 devstack@n-api-meta.service[107088]: DEBUG nova.api.openstack.wsgi_app [None req-1aa2e270-448a-4520-94e8-ecfb9608e4bd None None] daemon = False {{(pid=107088) log_opt_values /opt/stack/data/venv/lib/python3.12/site-packages/oslo_config/cfg.py:2995}}
Mar 23 17:16:27.119082 np0000160378 devstack@n-api-meta.service[107088]: DEBUG nova.api.openstack.wsgi_app [None req-1aa2e270-448a-4520-94e8-ecfb9608e4bd None None] debug = True {{(pid=107088) log_opt_values /opt/stack/data/venv/lib/python3.12/site-packages/oslo_config/cfg.py:2995}}
Mar 23 17:16:27.119138 np0000160378 devstack@n-api-meta.service[107088]: DEBUG nova.api.openstack.wsgi_app [None req-1aa2e270-448a-4520-94e8-ecfb9608e4bd None None] default_access_ip_network_name = None {{(pid=107088) log_opt_values /opt/stack/data/venv/lib/python3.12/site-packages/oslo_config/cfg.py:2995}}
Mar 23 17:16:27.119279 np0000160378 devstack@n-api-meta.service[107088]: DEBUG nova.api.openstack.wsgi_app [None req-1aa2e270-448a-4520-94e8-ecfb9608e4bd None None] default_availability_zone = nova {{(pid=107088) log_opt_values /opt/stack/data/venv/lib/python3.12/site-packages/oslo_config/cfg.py:2995}}
Mar 23 17:16:27.119411 np0000160378 devstack@n-api-meta.service[107088]: DEBUG nova.api.openstack.wsgi_app [None req-1aa2e270-448a-4520-94e8-ecfb9608e4bd None None] default_ephemeral_format = ext4 {{(pid=107088) log_opt_values /opt/stack/data/venv/lib/python3.12/site-packages/oslo_config/cfg.py:2995}}
Mar 23 17:16:27.119536 np0000160378 devstack@n-api-meta.service[107088]: DEBUG nova.api.openstack.wsgi_app [None req-1aa2e270-448a-4520-94e8-ecfb9608e4bd None None] default_green_pool_size = 1000 {{(pid=107088) log_opt_values /opt/stack/data/venv/lib/python3.12/site-packages/oslo_config/cfg.py:2995}}
Mar 23 17:16:27.120017 np0000160378 devstack@n-api-meta.service[107088]: DEBUG nova.api.openstack.wsgi_app [None req-1aa2e270-448a-4520-94e8-ecfb9608e4bd None None] default_log_levels = ['amqp=WARN', 'boto=WARN', 'sqlalchemy=WARN', 'suds=INFO', 'oslo.messaging=INFO', 'oslo_messaging=INFO', 'iso8601=WARN', 'requests.packages.urllib3.connectionpool=WARN', 'urllib3.connectionpool=WARN', 'websocket=WARN', 'requests.packages.urllib3.util.retry=WARN', 'urllib3.util.retry=WARN', 'keystonemiddleware=WARN', 'routes.middleware=WARN', 'stevedore=WARN', 'taskflow=WARN', 'keystoneauth=WARN', 'oslo.cache=INFO', 'oslo_policy=INFO', 'dogpile.core.dogpile=INFO', 'glanceclient=WARN', 'oslo.privsep.daemon=INFO'] {{(pid=107088) log_opt_values /opt/stack/data/venv/lib/python3.12/site-packages/oslo_config/cfg.py:2995}}
Mar 23 17:16:27.120017 np0000160378 devstack@n-api-meta.service[107088]: DEBUG nova.api.openstack.wsgi_app [None req-1aa2e270-448a-4520-94e8-ecfb9608e4bd None None] default_schedule_zone = None {{(pid=107088) log_opt_values /opt/stack/data/venv/lib/python3.12/site-packages/oslo_config/cfg.py:2995}}
Mar 23 17:16:27.120206 np0000160378 devstack@n-api-meta.service[107088]: DEBUG nova.api.openstack.wsgi_app [None req-1aa2e270-448a-4520-94e8-ecfb9608e4bd None None] default_thread_pool_size = 10 {{(pid=107088) log_opt_values /opt/stack/data/venv/lib/python3.12/site-packages/oslo_config/cfg.py:2995}}
Mar 23 17:16:27.120206 np0000160378 devstack@n-api-meta.service[107088]: DEBUG nova.api.openstack.wsgi_app [None req-1aa2e270-448a-4520-94e8-ecfb9608e4bd None None] disk_allocation_ratio = None {{(pid=107088) log_opt_values /opt/stack/data/venv/lib/python3.12/site-packages/oslo_config/cfg.py:2995}}
Mar 23 17:16:27.120307 np0000160378 devstack@n-api-meta.service[107088]: DEBUG nova.api.openstack.wsgi_app [None req-1aa2e270-448a-4520-94e8-ecfb9608e4bd None None] enable_new_services = True {{(pid=107088) log_opt_values /opt/stack/data/venv/lib/python3.12/site-packages/oslo_config/cfg.py:2995}}
Mar 23 17:16:27.120422 np0000160378 devstack@n-api-meta.service[107088]: DEBUG nova.api.openstack.wsgi_app [None req-1aa2e270-448a-4520-94e8-ecfb9608e4bd None None] flat_injected = False {{(pid=107088) log_opt_values /opt/stack/data/venv/lib/python3.12/site-packages/oslo_config/cfg.py:2995}}
Mar 23 17:16:27.120548 np0000160378 devstack@n-api-meta.service[107088]: DEBUG nova.api.openstack.wsgi_app [None req-1aa2e270-448a-4520-94e8-ecfb9608e4bd None None] force_config_drive = False {{(pid=107088) log_opt_values /opt/stack/data/venv/lib/python3.12/site-packages/oslo_config/cfg.py:2995}}
Mar 23 17:16:27.120673 np0000160378 devstack@n-api-meta.service[107088]: DEBUG nova.api.openstack.wsgi_app [None req-1aa2e270-448a-4520-94e8-ecfb9608e4bd None None] force_raw_images = True {{(pid=107088) log_opt_values /opt/stack/data/venv/lib/python3.12/site-packages/oslo_config/cfg.py:2995}}
Mar 23 17:16:27.120806 np0000160378 devstack@n-api-meta.service[107088]: DEBUG nova.api.openstack.wsgi_app [None req-1aa2e270-448a-4520-94e8-ecfb9608e4bd None None] graceful_shutdown_timeout = 5 {{(pid=107088) log_opt_values /opt/stack/data/venv/lib/python3.12/site-packages/oslo_config/cfg.py:2995}}
Mar 23 17:16:27.120949 np0000160378 devstack@n-api-meta.service[107088]: DEBUG nova.api.openstack.wsgi_app [None req-1aa2e270-448a-4520-94e8-ecfb9608e4bd None None] heal_instance_info_cache_interval = -1 {{(pid=107088) log_opt_values /opt/stack/data/venv/lib/python3.12/site-packages/oslo_config/cfg.py:2995}}
Mar 23 17:16:27.121122 np0000160378 devstack@n-api-meta.service[107088]: DEBUG nova.api.openstack.wsgi_app [None req-1aa2e270-448a-4520-94e8-ecfb9608e4bd None None] host = np0000160378 {{(pid=107088) log_opt_values /opt/stack/data/venv/lib/python3.12/site-packages/oslo_config/cfg.py:2995}}
Mar 23 17:16:27.121262 np0000160378 devstack@n-api-meta.service[107088]: DEBUG nova.api.openstack.wsgi_app [None req-1aa2e270-448a-4520-94e8-ecfb9608e4bd None None] initial_cpu_allocation_ratio = 4.0 {{(pid=107088) log_opt_values /opt/stack/data/venv/lib/python3.12/site-packages/oslo_config/cfg.py:2995}}
Mar 23 17:16:27.121391 np0000160378 devstack@n-api-meta.service[107088]: DEBUG nova.api.openstack.wsgi_app [None req-1aa2e270-448a-4520-94e8-ecfb9608e4bd None None] initial_disk_allocation_ratio = 1.0 {{(pid=107088) log_opt_values /opt/stack/data/venv/lib/python3.12/site-packages/oslo_config/cfg.py:2995}}
Mar 23 17:16:27.121515 np0000160378 devstack@n-api-meta.service[107088]: DEBUG nova.api.openstack.wsgi_app [None req-1aa2e270-448a-4520-94e8-ecfb9608e4bd None None] initial_ram_allocation_ratio = 1.0 {{(pid=107088) log_opt_values /opt/stack/data/venv/lib/python3.12/site-packages/oslo_config/cfg.py:2995}}
Mar 23 17:16:27.121685 np0000160378 devstack@n-api-meta.service[107088]: DEBUG nova.api.openstack.wsgi_app [None req-1aa2e270-448a-4520-94e8-ecfb9608e4bd None None] injected_network_template = /opt/stack/nova/nova/virt/interfaces.template {{(pid=107088) log_opt_values /opt/stack/data/venv/lib/python3.12/site-packages/oslo_config/cfg.py:2995}}
Mar 23 17:16:27.121809 np0000160378 devstack@n-api-meta.service[107088]: DEBUG nova.api.openstack.wsgi_app [None req-1aa2e270-448a-4520-94e8-ecfb9608e4bd None None] instance_build_timeout = 0 {{(pid=107088) log_opt_values /opt/stack/data/venv/lib/python3.12/site-packages/oslo_config/cfg.py:2995}}
Mar 23 17:16:27.121953 np0000160378 devstack@n-api-meta.service[107088]: DEBUG nova.api.openstack.wsgi_app [None req-1aa2e270-448a-4520-94e8-ecfb9608e4bd None None] instance_delete_interval = 300 {{(pid=107088) log_opt_values /opt/stack/data/venv/lib/python3.12/site-packages/oslo_config/cfg.py:2995}}
Mar 23 17:16:27.122034 np0000160378 devstack@n-api-meta.service[107090]: DEBUG dbcounter [-] [107090] Writer thread running {{(pid=107090) stat_writer /opt/stack/data/venv/lib/python3.12/site-packages/dbcounter.py:102}}
Mar 23 17:16:27.122094 np0000160378 devstack@n-api-meta.service[107088]: DEBUG nova.api.openstack.wsgi_app [None req-1aa2e270-448a-4520-94e8-ecfb9608e4bd None None] instance_format = [instance: %(uuid)s] {{(pid=107088) log_opt_values /opt/stack/data/venv/lib/python3.12/site-packages/oslo_config/cfg.py:2995}}
Mar 23 17:16:27.122236 np0000160378 devstack@n-api-meta.service[107088]: DEBUG nova.api.openstack.wsgi_app [None req-1aa2e270-448a-4520-94e8-ecfb9608e4bd None None] instance_name_template = instance-%08x {{(pid=107088) log_opt_values /opt/stack/data/venv/lib/python3.12/site-packages/oslo_config/cfg.py:2995}}
Mar 23 17:16:27.122360 np0000160378 devstack@n-api-meta.service[107088]: DEBUG nova.api.openstack.wsgi_app [None req-1aa2e270-448a-4520-94e8-ecfb9608e4bd None None] instance_usage_audit = False {{(pid=107088) log_opt_values /opt/stack/data/venv/lib/python3.12/site-packages/oslo_config/cfg.py:2995}}
Mar 23 17:16:27.122493 np0000160378 devstack@n-api-meta.service[107088]: DEBUG nova.api.openstack.wsgi_app [None req-1aa2e270-448a-4520-94e8-ecfb9608e4bd None None] instance_usage_audit_period = month {{(pid=107088) log_opt_values /opt/stack/data/venv/lib/python3.12/site-packages/oslo_config/cfg.py:2995}}
Mar 23 17:16:27.122622 np0000160378 devstack@n-api-meta.service[107088]: DEBUG nova.api.openstack.wsgi_app [None req-1aa2e270-448a-4520-94e8-ecfb9608e4bd None None] instance_uuid_format = [instance: %(uuid)s] {{(pid=107088) log_opt_values /opt/stack/data/venv/lib/python3.12/site-packages/oslo_config/cfg.py:2995}}
Mar 23 17:16:27.122683 np0000160378 devstack@n-api-meta.service[107090]: DEBUG dbcounter [-] [107090] Writer thread running {{(pid=107090) stat_writer /opt/stack/data/venv/lib/python3.12/site-packages/dbcounter.py:102}}
Mar 23 17:16:27.122736 np0000160378 devstack@n-api-meta.service[107088]: DEBUG nova.api.openstack.wsgi_app [None req-1aa2e270-448a-4520-94e8-ecfb9608e4bd None None] instances_path = /opt/stack/data/nova/instances {{(pid=107088) log_opt_values /opt/stack/data/venv/lib/python3.12/site-packages/oslo_config/cfg.py:2995}}
Mar 23 17:16:27.122880 np0000160378 devstack@n-api-meta.service[107088]: DEBUG nova.api.openstack.wsgi_app [None req-1aa2e270-448a-4520-94e8-ecfb9608e4bd None None] internal_service_availability_zone = internal {{(pid=107088) log_opt_values /opt/stack/data/venv/lib/python3.12/site-packages/oslo_config/cfg.py:2995}}
Mar 23 17:16:27.123551 np0000160378 devstack@n-api-meta.service[107088]: DEBUG nova.api.openstack.wsgi_app [None req-1aa2e270-448a-4520-94e8-ecfb9608e4bd None None] key = None {{(pid=107088) log_opt_values /opt/stack/data/venv/lib/python3.12/site-packages/oslo_config/cfg.py:2995}}
Mar 23 17:16:27.123691 np0000160378 devstack@n-api-meta.service[107088]: DEBUG nova.api.openstack.wsgi_app [None req-1aa2e270-448a-4520-94e8-ecfb9608e4bd None None] live_migration_retry_count = 30 {{(pid=107088) log_opt_values /opt/stack/data/venv/lib/python3.12/site-packages/oslo_config/cfg.py:2995}}
Mar 23 17:16:27.123837 np0000160378 devstack@n-api-meta.service[107088]: DEBUG nova.api.openstack.wsgi_app [None req-1aa2e270-448a-4520-94e8-ecfb9608e4bd None None] log_color = False {{(pid=107088) log_opt_values /opt/stack/data/venv/lib/python3.12/site-packages/oslo_config/cfg.py:2995}}
Mar 23 17:16:27.123982 np0000160378 devstack@n-api-meta.service[107088]: DEBUG nova.api.openstack.wsgi_app [None req-1aa2e270-448a-4520-94e8-ecfb9608e4bd None None] log_config_append = None {{(pid=107088) log_opt_values /opt/stack/data/venv/lib/python3.12/site-packages/oslo_config/cfg.py:2995}}
Mar 23 17:16:27.124114 np0000160378 devstack@n-api-meta.service[107088]: DEBUG nova.api.openstack.wsgi_app [None req-1aa2e270-448a-4520-94e8-ecfb9608e4bd None None] log_date_format = %Y-%m-%d %H:%M:%S {{(pid=107088) log_opt_values /opt/stack/data/venv/lib/python3.12/site-packages/oslo_config/cfg.py:2995}}
Mar 23 17:16:27.124348 np0000160378 devstack@n-api-meta.service[107088]: DEBUG nova.api.openstack.wsgi_app [None req-1aa2e270-448a-4520-94e8-ecfb9608e4bd None None] log_dir = None {{(pid=107088) log_opt_values /opt/stack/data/venv/lib/python3.12/site-packages/oslo_config/cfg.py:2995}}
Mar 23 17:16:27.124486 np0000160378 devstack@n-api-meta.service[107088]: DEBUG nova.api.openstack.wsgi_app [None req-1aa2e270-448a-4520-94e8-ecfb9608e4bd None None] log_file = None {{(pid=107088) log_opt_values /opt/stack/data/venv/lib/python3.12/site-packages/oslo_config/cfg.py:2995}}
Mar 23 17:16:27.124671 np0000160378 devstack@n-api-meta.service[107088]: DEBUG nova.api.openstack.wsgi_app [None req-1aa2e270-448a-4520-94e8-ecfb9608e4bd None None] log_options = True {{(pid=107088) log_opt_values /opt/stack/data/venv/lib/python3.12/site-packages/oslo_config/cfg.py:2995}}
Mar 23 17:16:27.124812 np0000160378 devstack@n-api-meta.service[107088]: DEBUG nova.api.openstack.wsgi_app [None req-1aa2e270-448a-4520-94e8-ecfb9608e4bd None None] log_rotate_interval = 1 {{(pid=107088) log_opt_values /opt/stack/data/venv/lib/python3.12/site-packages/oslo_config/cfg.py:2995}}
Mar 23 17:16:27.124961 np0000160378 devstack@n-api-meta.service[107088]: DEBUG nova.api.openstack.wsgi_app [None req-1aa2e270-448a-4520-94e8-ecfb9608e4bd None None] log_rotate_interval_type = days {{(pid=107088) log_opt_values /opt/stack/data/venv/lib/python3.12/site-packages/oslo_config/cfg.py:2995}}
Mar 23 17:16:27.125099 np0000160378 devstack@n-api-meta.service[107088]: DEBUG nova.api.openstack.wsgi_app [None req-1aa2e270-448a-4520-94e8-ecfb9608e4bd None None] log_rotation_type = none {{(pid=107088) log_opt_values /opt/stack/data/venv/lib/python3.12/site-packages/oslo_config/cfg.py:2995}}
Mar 23 17:16:27.125207 np0000160378 devstack@n-api-meta.service[107088]: DEBUG nova.api.openstack.wsgi_app [None req-1aa2e270-448a-4520-94e8-ecfb9608e4bd None None] logging_context_format_string = %(color)s%(levelname)s %(name)s [%(global_request_id)s %(request_id)s %(project_name)s %(user_name)s%(color)s] %(instance)s%(color)s%(message)s {{(pid=107088) log_opt_values /opt/stack/data/venv/lib/python3.12/site-packages/oslo_config/cfg.py:2995}}
Mar 23 17:16:27.125308 np0000160378 devstack@n-api-meta.service[107088]: DEBUG nova.api.openstack.wsgi_app [None req-1aa2e270-448a-4520-94e8-ecfb9608e4bd None None] logging_debug_format_suffix = {{(pid=%(process)d) %(funcName)s %(pathname)s:%(lineno)d}} {{(pid=107088) log_opt_values /opt/stack/data/venv/lib/python3.12/site-packages/oslo_config/cfg.py:2995}}
Mar 23 17:16:27.125440 np0000160378 devstack@n-api-meta.service[107088]: DEBUG nova.api.openstack.wsgi_app [None req-1aa2e270-448a-4520-94e8-ecfb9608e4bd None None] logging_default_format_string = %(color)s%(levelname)s %(name)s [-%(color)s] %(instance)s%(color)s%(message)s {{(pid=107088) log_opt_values /opt/stack/data/venv/lib/python3.12/site-packages/oslo_config/cfg.py:2995}}
Mar 23 17:16:27.125572 np0000160378 devstack@n-api-meta.service[107088]: DEBUG nova.api.openstack.wsgi_app [None req-1aa2e270-448a-4520-94e8-ecfb9608e4bd None None] logging_exception_prefix = ERROR %(name)s %(instance)s {{(pid=107088) log_opt_values /opt/stack/data/venv/lib/python3.12/site-packages/oslo_config/cfg.py:2995}}
