2026-07-08 07:37:54.275 7 INFO placement.requestlog [None req-80243f13-dbd2-4cb1-b9ef-f878d6cf4f0a 34378816f9d6461d8bd1cb65686960c7 a15a8cba429844a68713e46788a11c68 - - 9e0ebadd40594bf7beb74aa9c3a7baf7 9e0ebadd40594bf7beb74aa9c3a7baf7] 10.0.0.200 "DELETE /resource_providers/d150f9be-ce33-4e1e-9e62-ab760436d838" status: 404 len: 246 microversion: 1.1 [pid: 7|app: 0|req: 556/1123] 10.0.0.200 () {34 vars in 816 bytes} [Wed Jul 8 07:37:54 2026] DELETE /resource_providers/d150f9be-ce33-4e1e-9e62-ab760436d838 => generated 246 bytes in 5 msecs (HTTP/1.1 404) 6 headers in 231 bytes (1 switches on core 0)
2026-07-08 07:37:55.547 8 INFO placement.requestlog [None req-7c5140b2-14db-449d-8e22-d6dcaeae4763 - - - - - -] 10.0.0.212 "GET /" status: 200 len: 136 microversion: 1.0
2026-07-08 07:37:55.548 7 INFO placement.requestlog [None req-6b9bb824-f7d5-491e-91eb-f24524e78693 - - - - - -] 10.0.0.212 "GET /" status: 200 len: 136 microversion: 1.0
2026-07-08 07:38:01.883 7 INFO placement.requestlog [None req-0143b8fe-c72b-4930-bb04-d04bd9afac6b 34378816f9d6461d8bd1cb65686960c7 a15a8cba429844a68713e46788a11c68 - - 9e0ebadd40594bf7beb74aa9c3a7baf7 9e0ebadd40594bf7beb74aa9c3a7baf7] 10.0.0.200 "GET /resource_providers/8bb9b3de-6580-4d7f-b477-ceb03f71ddf7/aggregates" status: 404 len: 235 microversion: 1.1 [pid: 7|app: 0|req: 558/1126] 10.0.0.200 () {32 vars in 816 bytes} [Wed Jul 8 07:38:01 2026] GET /resource_providers/8bb9b3de-6580-4d7f-b477-ceb03f71ddf7/aggregates => generated 235 bytes in 12 msecs (HTTP/1.1 404) 5 headers in 202 bytes (1 switches on core 0)
2026-07-08 07:38:01.884 8 INFO placement.requestlog [None req-fa7fde50-3573-4476-bb75-5ff36fcb7476 34378816f9d6461d8bd1cb65686960c7 a15a8cba429844a68713e46788a11c68 - - 9e0ebadd40594bf7beb74aa9c3a7baf7 9e0ebadd40594bf7beb74aa9c3a7baf7] 10.0.0.200 "GET /resource_providers/8bb9b3de-6580-4d7f-b477-ceb03f71ddf7/aggregates" status: 404 len: 235 microversion: 1.1 [pid: 8|app: 0|req: 569/1127] 10.0.0.200 () {32 vars in 816 bytes} [Wed Jul 8 07:38:01 2026] GET /resource_providers/8bb9b3de-6580-4d7f-b477-ceb03f71ddf7/aggregates => generated 235 bytes in 13 msecs (HTTP/1.1 404) 5 headers in 202 bytes (1 switches on core 0)
2026-07-08 07:38:01.907 8 INFO placement.requestlog [None req-2dd7a085-fb25-4614-8f6c-66a458ef4cff 34378816f9d6461d8bd1cb65686960c7 a15a8cba429844a68713e46788a11c68 - - 9e0ebadd40594bf7beb74aa9c3a7baf7 9e0ebadd40594bf7beb74aa9c3a7baf7] 10.0.0.200 "DELETE /resource_providers/8bb9b3de-6580-4d7f-b477-ceb03f71ddf7" status: 404 len: 246 microversion: 1.1 [pid: 8|app: 0|req: 570/1128] 10.0.0.200 () {34 vars in 816 bytes} [Wed Jul 8 07:38:01 2026] DELETE /resource_providers/8bb9b3de-6580-4d7f-b477-ceb03f71ddf7 => generated 246 bytes in 9 msecs (HTTP/1.1 404) 6 headers in 231 bytes (1 switches on core 0)
2026-07-08 07:38:01.908 7 INFO placement.requestlog [None req-e1078a0a-62e4-4eb6-8b8a-935c5e1e90cf 34378816f9d6461d8bd1cb65686960c7 a15a8cba429844a68713e46788a11c68 - - 9e0ebadd40594bf7beb74aa9c3a7baf7 9e0ebadd40594bf7beb74aa9c3a7baf7] 10.0.0.200 "DELETE /resource_providers/8bb9b3de-6580-4d7f-b477-ceb03f71ddf7" status: 404 len: 246 microversion: 1.1 [pid: 7|app: 0|req: 559/1129] 10.0.0.200 () {34 vars in 816 bytes} [Wed Jul 8 07:38:01 2026] DELETE /resource_providers/8bb9b3de-6580-4d7f-b477-ceb03f71ddf7 => generated 246 bytes in 13 msecs (HTTP/1.1 404) 6 headers in 231 bytes (1 switches on core 0)
2026-07-08 07:38:05.547 8 INFO placement.requestlog [None req-72888f77-5c12-49af-89df-53cda9efa833 - - - - - -] 10.0.0.212 "GET /" status: 200 len: 136 microversion: 1.0
2026-07-08 07:38:05.548 7 INFO placement.requestlog [None req-cd0248db-0b2d-458d-83dc-90a866baf5a5 - - - - - -] 10.0.0.212 "GET /" status: 200 len: 136 microversion: 1.0
2026-07-08 07:38:15.547 8 INFO placement.requestlog [None req-ac496dee-965b-4294-9eec-033417b4628b - - - - - -] 10.0.0.212 "GET /" status: 200 len: 136 microversion: 1.0
2026-07-08 07:38:15.547 7 INFO placement.requestlog [None req-c42f97ac-5ae5-4c43-ad12-ed7598e49bdc - - - - - -] 10.0.0.212 "GET /" status: 200 len: 136 microversion: 1.0
2026-07-08 07:38:25.548 8 INFO placement.requestlog [None req-2ca3aacd-b86e-442d-8879-ff6866091163 - - - - - -] 10.0.0.212 "GET /" status: 200 len: 136 microversion: 1.0
2026-07-08 07:38:25.548 7 INFO placement.requestlog [None req-4e5dcd79-5aba-422c-b8b0-db27f1fa2474 - - - - - -] 10.0.0.212 "GET /" status: 200 len: 136 microversion: 1.0
2026-07-08 07:38:29.711 8 INFO placement.requestlog [req-ee72fc6b-0ab1-4ed7-b1d4-61293caa17fd req-6f6bc791-fa58-44b8-bdc8-0ab2016000cf 76fd988bfa724eb5aadad1997defdce0 a15a8cba429844a68713e46788a11c68 - - 9e0ebadd40594bf7beb74aa9c3a7baf7 9e0ebadd40594bf7beb74aa9c3a7baf7] 10.0.0.176 "GET /allocation_candidates?limit=1000&resources=DISK_GB%3A1%2CMEMORY_MB%3A512%2CVCPU%3A1&root_required=%21COMPUTE_STATUS_DISABLED" status: 200 len: 2640 microversion: 1.36 [pid: 8|app: 0|req: 574/1136] 10.0.0.176 () {34 vars in 1012 bytes} [Wed Jul 8 07:38:29 2026] GET /allocation_candidates?limit=1000&resources=DISK_GB%3A1%2CMEMORY_MB%3A512%2CVCPU%3A1&root_required=%21COMPUTE_STATUS_DISABLED => generated 2640 bytes in 141 msecs (HTTP/1.1 200) 8 headers in 297 bytes (1 switches on core 0)
2026-07-08 07:38:29.739 7 INFO placement.requestlog [req-ee72fc6b-0ab1-4ed7-b1d4-61293caa17fd req-576ea8e1-fe4b-4a65-9fc2-a2695b1c415d 76fd988bfa724eb5aadad1997defdce0 a15a8cba429844a68713e46788a11c68 - - 9e0ebadd40594bf7beb74aa9c3a7baf7 9e0ebadd40594bf7beb74aa9c3a7baf7] 10.0.0.176 "GET /allocations/070878a6-f645-436b-9d7b-cdb2a3221e95" status: 200 len: 19 microversion: 1.28 [pid: 7|app: 0|req: 563/1137] 10.0.0.176 () {34 vars in 861 bytes} [Wed Jul 8 07:38:29 2026] GET /allocations/070878a6-f645-436b-9d7b-cdb2a3221e95 => generated 19 bytes in 12 msecs (HTTP/1.1 200) 8 headers in 295 bytes (1 switches on core 0)
2026-07-08 07:38:29.809 8 INFO placement.requestlog [req-ee72fc6b-0ab1-4ed7-b1d4-61293caa17fd req-fd29e382-4597-4f5b-9b04-c8de892175ff 76fd988bfa724eb5aadad1997defdce0 a15a8cba429844a68713e46788a11c68 - - 9e0ebadd40594bf7beb74aa9c3a7baf7 9e0ebadd40594bf7beb74aa9c3a7baf7] 10.0.0.176 "PUT /allocations/070878a6-f645-436b-9d7b-cdb2a3221e95" status: 204 len: 0 microversion: 1.36 [pid: 8|app: 0|req: 575/1138] 10.0.0.176 () {38 vars in 914 bytes} [Wed Jul 8 07:38:29 2026] PUT /allocations/070878a6-f645-436b-9d7b-cdb2a3221e95 => generated 0 bytes in 64 msecs (HTTP/1.1 204) 5 headers in 199 bytes (1 switches on core 0)
2026-07-08 07:38:31.201 7 INFO placement.requestlog [req-ee72fc6b-0ab1-4ed7-b1d4-61293caa17fd req-19d42aa4-62bb-452b-84a6-b1349a393e19 76fd988bfa724eb5aadad1997defdce0 a15a8cba429844a68713e46788a11c68 - - 9e0ebadd40594bf7beb74aa9c3a7baf7 9e0ebadd40594bf7beb74aa9c3a7baf7] 199.19.213.194 "GET /allocations/070878a6-f645-436b-9d7b-cdb2a3221e95" status: 200 len: 258 microversion: 1.28 [pid: 7|app: 0|req: 564/1139] 199.19.213.194 () {34 vars in 863 bytes} [Wed Jul 8 07:38:31 2026] GET /allocations/070878a6-f645-436b-9d7b-cdb2a3221e95 => generated 258 bytes in 13 msecs (HTTP/1.1 200) 8 headers in 296 bytes (1 switches on core 0)
2026-07-08 07:38:32.240 8 INFO placement.requestlog [req-ee72fc6b-0ab1-4ed7-b1d4-61293caa17fd req-3d0dbe53-5de4-47d3-bee6-afbdd399e391 76fd988bfa724eb5aadad1997defdce0 a15a8cba429844a68713e46788a11c68 - - 9e0ebadd40594bf7beb74aa9c3a7baf7 9e0ebadd40594bf7beb74aa9c3a7baf7] 199.19.213.194 "GET /resource_providers/a8e7014f-7859-49ed-9177-e20faa5b8868/allocations" status: 200 len: 153 microversion: 1.0 [pid: 8|app: 0|req: 576/1140] 199.19.213.194 () {32 vars in 857 bytes} [Wed Jul 8 07:38:32 2026] GET /resource_providers/a8e7014f-7859-49ed-9177-e20faa5b8868/allocations => generated 153 bytes in 17 msecs (HTTP/1.1 200) 6 headers in 224 bytes (1 switches on core 0)
2026-07-08 07:38:32.259 7 INFO placement.requestlog [req-ee72fc6b-0ab1-4ed7-b1d4-61293caa17fd req-da4cdb8c-826f-4128-95e2-9edc6a0a8a52 76fd988bfa724eb5aadad1997defdce0 a15a8cba429844a68713e46788a11c68 - - 9e0ebadd40594bf7beb74aa9c3a7baf7 9e0ebadd40594bf7beb74aa9c3a7baf7] 199.19.213.194 "GET /allocations/070878a6-f645-436b-9d7b-cdb2a3221e95" status: 200 len: 258 microversion: 1.28 [pid: 7|app: 0|req: 565/1141] 199.19.213.194 () {34 vars in 863 bytes} [Wed Jul 8 07:38:32 2026] GET /allocations/070878a6-f645-436b-9d7b-cdb2a3221e95 => generated 258 bytes in 12 msecs (HTTP/1.1 200) 8 headers in 296 bytes (1 switches on core 0)
2026-07-08 07:38:35.076 8 INFO placement.requestlog [req-09894559-ac55-4b0f-b816-a892efe44876 req-12934389-e644-4bbc-952a-0c79151e94ec 76fd988bfa724eb5aadad1997defdce0 a15a8cba429844a68713e46788a11c68 - - 9e0ebadd40594bf7beb74aa9c3a7baf7 9e0ebadd40594bf7beb74aa9c3a7baf7] 199.19.213.194 "GET /resource_providers/a8e7014f-7859-49ed-9177-e20faa5b8868/allocations" status: 200 len: 153 microversion: 1.0 [pid: 8|app: 0|req: 577/1142] 199.19.213.194 () {32 vars in 857 bytes} [Wed Jul 8 07:38:35 2026] GET /resource_providers/a8e7014f-7859-49ed-9177-e20faa5b8868/allocations => generated 153 bytes in 17 msecs (HTTP/1.1 200) 6 headers in 224 bytes (1 switches on core 0)
2026-07-08 07:38:35.098 7 INFO placement.requestlog [req-09894559-ac55-4b0f-b816-a892efe44876 req-d4121dff-a1b9-491a-a486-6b392dba817d 76fd988bfa724eb5aadad1997defdce0 a15a8cba429844a68713e46788a11c68 - - 9e0ebadd40594bf7beb74aa9c3a7baf7 9e0ebadd40594bf7beb74aa9c3a7baf7] 199.19.213.194 "GET /resource_providers/a8e7014f-7859-49ed-9177-e20faa5b8868/allocations" status: 200 len: 153 microversion: 1.0 [pid: 7|app: 0|req: 566/1143] 199.19.213.194 () {32 vars in 857 bytes} [Wed Jul 8 07:38:35 2026] GET /resource_providers/a8e7014f-7859-49ed-9177-e20faa5b8868/allocations => generated 153 bytes in 15 msecs (HTTP/1.1 200) 6 headers in 224 bytes (1 switches on core 0)
2026-07-08 07:38:35.117 8 INFO placement.requestlog [req-09894559-ac55-4b0f-b816-a892efe44876 req-70d8ceba-5f05-40df-9a28-5d7d40f33970 76fd988bfa724eb5aadad1997defdce0 a15a8cba429844a68713e46788a11c68 - - 9e0ebadd40594bf7beb74aa9c3a7baf7 9e0ebadd40594bf7beb74aa9c3a7baf7] 199.19.213.194 "GET /allocations/070878a6-f645-436b-9d7b-cdb2a3221e95" status: 200 len: 258 microversion: 1.28 [pid: 8|app: 0|req: 578/1144] 199.19.213.194 () {34 vars in 863 bytes} [Wed Jul 8 07:38:35 2026] GET /allocations/070878a6-f645-436b-9d7b-cdb2a3221e95 => generated 258 bytes in 12 msecs (HTTP/1.1 200) 8 headers in 296 bytes (1 switches on core 0)
2026-07-08 07:38:35.547 8 INFO placement.requestlog [None req-a90f827a-deed-4dde-9411-f787324c8f2a - - - - - -] 10.0.0.212 "GET /" status: 200 len: 136 microversion: 1.0
2026-07-08 07:38:35.547 7 INFO placement.requestlog [None req-46e1d66b-27ca-4342-90fc-6c56aa4ac0a9 - - - - - -] 10.0.0.212 "GET /" status: 200 len: 136 microversion: 1.0
2026-07-08 07:38:45.547 7 INFO placement.requestlog [None req-57b85e31-e35a-4bd7-bfa9-3d6b50e9cdbd - - - - - -] 10.0.0.212 "GET /" status: 200 len: 136 microversion: 1.0
2026-07-08 07:38:45.547 8 INFO placement.requestlog [None req-16767921-a0a6-4a69-ae91-cbdfc76f9017 - - - - - -] 10.0.0.212 "GET /" status: 200 len: 136 microversion: 1.0
2026-07-08 07:38:47.233 7 INFO placement.requestlog [req-493ffd15-7f93-4c0e-907d-739a0fcc59b0 req-8146e7a3-85d4-4605-bd7a-f65aaac87c72 76fd988bfa724eb5aadad1997defdce0 a15a8cba429844a68713e46788a11c68 - - 9e0ebadd40594bf7beb74aa9c3a7baf7 9e0ebadd40594bf7beb74aa9c3a7baf7] 10.0.0.176 "GET /allocation_candidates?limit=1000&resources=DISK_GB%3A1%2CMEMORY_MB%3A512%2CVCPU%3A1&root_required=%21COMPUTE_STATUS_DISABLED" status: 200 len: 2642 microversion: 1.36 [pid: 7|app: 0|req: 569/1149] 10.0.0.176 () {34 vars in 1012 bytes} [Wed Jul 8 07:38:47 2026] GET /allocation_candidates?limit=1000&resources=DISK_GB%3A1%2CMEMORY_MB%3A512%2CVCPU%3A1&root_required=%21COMPUTE_STATUS_DISABLED => generated 2642 bytes in 47 msecs (HTTP/1.1 200) 8 headers in 297 bytes (1 switches on core 0)
2026-07-08 07:38:47.260 8 INFO placement.requestlog [req-493ffd15-7f93-4c0e-907d-739a0fcc59b0 req-9e0bb75f-cf3b-46ef-89d0-2c7ff046045a 76fd988bfa724eb5aadad1997defdce0 a15a8cba429844a68713e46788a11c68 - - 9e0ebadd40594bf7beb74aa9c3a7baf7 9e0ebadd40594bf7beb74aa9c3a7baf7] 10.0.0.176 "GET /allocations/d8e226d8-0eb7-423c-b87b-77b510cccd11" status: 200 len: 19 microversion: 1.28 [pid: 8|app: 0|req: 581/1150] 10.0.0.176 () {34 vars in 861 bytes} [Wed Jul 8 07:38:47 2026] GET /allocations/d8e226d8-0eb7-423c-b87b-77b510cccd11 => generated 19 bytes in 10 msecs (HTTP/1.1 200) 8 headers in 295 bytes (1 switches on core 0)
2026-07-08 07:38:47.313 7 INFO placement.requestlog [req-493ffd15-7f93-4c0e-907d-739a0fcc59b0 req-7d4ec514-2b67-4ce3-bc0e-e0a2906c0cff 76fd988bfa724eb5aadad1997defdce0 a15a8cba429844a68713e46788a11c68 - - 9e0ebadd40594bf7beb74aa9c3a7baf7 9e0ebadd40594bf7beb74aa9c3a7baf7] 10.0.0.176 "PUT /allocations/d8e226d8-0eb7-423c-b87b-77b510cccd11" status: 204 len: 0 microversion: 1.36 [pid: 7|app: 0|req: 570/1151] 10.0.0.176 () {38 vars in 914 bytes} [Wed Jul 8 07:38:47 2026] PUT /allocations/d8e226d8-0eb7-423c-b87b-77b510cccd11 => generated 0 bytes in 49 msecs (HTTP/1.1 204) 5 headers in 199 bytes (1 switches on core 0)
2026-07-08 07:38:48.837 8 INFO placement.requestlog [req-493ffd15-7f93-4c0e-907d-739a0fcc59b0 req-c2ad2ec7-aae6-41e2-8de8-c0eda570d868 76fd988bfa724eb5aadad1997defdce0 a15a8cba429844a68713e46788a11c68 - - 9e0ebadd40594bf7beb74aa9c3a7baf7 9e0ebadd40594bf7beb74aa9c3a7baf7] 199.19.213.194 "GET /allocations/d8e226d8-0eb7-423c-b87b-77b510cccd11" status: 200 len: 258 microversion: 1.28 [pid: 8|app: 0|req: 582/1152] 199.19.213.194 () {34 vars in 863 bytes} [Wed Jul 8 07:38:48 2026] GET /allocations/d8e226d8-0eb7-423c-b87b-77b510cccd11 => generated 258 bytes in 17 msecs (HTTP/1.1 200) 8 headers in 296 bytes (1 switches on core 0)
2026-07-08 07:38:49.891 7 INFO placement.requestlog [req-493ffd15-7f93-4c0e-907d-739a0fcc59b0 req-85f16a27-3dd7-4cc3-8318-d01eaea313c4 76fd988bfa724eb5aadad1997defdce0 a15a8cba429844a68713e46788a11c68 - - 9e0ebadd40594bf7beb74aa9c3a7baf7 9e0ebadd40594bf7beb74aa9c3a7baf7] 199.19.213.194 "GET /resource_providers/a8e7014f-7859-49ed-9177-e20faa5b8868/allocations" status: 200 len: 253 microversion: 1.0 [pid: 7|app: 0|req: 571/1153] 199.19.213.194 () {32 vars in 857 bytes} [Wed Jul 8 07:38:49 2026] GET /resource_providers/a8e7014f-7859-49ed-9177-e20faa5b8868/allocations => generated 253 bytes in 28 msecs (HTTP/1.1 200) 6 headers in 224 bytes (1 switches on core 0)
2026-07-08 07:38:49.907 8 INFO placement.requestlog [req-493ffd15-7f93-4c0e-907d-739a0fcc59b0 req-82f4792e-58b8-4ac1-99f5-5fea9f6b8b8b 76fd988bfa724eb5aadad1997defdce0 a15a8cba429844a68713e46788a11c68 - - 9e0ebadd40594bf7beb74aa9c3a7baf7 9e0ebadd40594bf7beb74aa9c3a7baf7] 199.19.213.194 "GET /allocations/070878a6-f645-436b-9d7b-cdb2a3221e95" status: 200 len: 258 microversion: 1.28 [pid: 8|app: 0|req: 583/1154] 199.19.213.194 () {34 vars in 863 bytes} [Wed Jul 8 07:38:49 2026] GET /allocations/070878a6-f645-436b-9d7b-cdb2a3221e95 => generated 258 bytes in 11 msecs (HTTP/1.1 200) 8 headers in 296 bytes (1 switches on core 0)
2026-07-08 07:38:49.926 7 INFO placement.requestlog [req-493ffd15-7f93-4c0e-907d-739a0fcc59b0 req-cc2df328-e400-4704-b833-d0c0e7919500 76fd988bfa724eb5aadad1997defdce0 a15a8cba429844a68713e46788a11c68 - - 9e0ebadd40594bf7beb74aa9c3a7baf7 9e0ebadd40594bf7beb74aa9c3a7baf7] 199.19.213.194 "GET /allocations/d8e226d8-0eb7-423c-b87b-77b510cccd11" status: 200 len: 258 microversion: 1.28 [pid: 7|app: 0|req: 572/1155] 199.19.213.194 () {34 vars in 863 bytes} [Wed Jul 8 07:38:49 2026] GET /allocations/d8e226d8-0eb7-423c-b87b-77b510cccd11 => generated 258 bytes in 11 msecs (HTTP/1.1 200) 8 headers in 296 bytes (1 switches on core 0)
2026-07-08 07:38:55.547 7 INFO placement.requestlog [None req-18bdda9b-00c0-4060-8ae2-79a4b0f36564 - - - - - -] 10.0.0.212 "GET /" status: 200 len: 136 microversion: 1.0
2026-07-08 07:38:55.547 8 INFO placement.requestlog [None req-b9e267ab-c1ba-48bf-a56b-19f52d81c0b2 - - - - - -] 10.0.0.212 "GET /" status: 200 len: 136 microversion: 1.0
2026-07-08 07:39:05.548 8 INFO placement.requestlog [None req-9b6ab3ed-faba-4f0f-b815-17d54c6b2576 - - - - - -] 10.0.0.212 "GET /" status: 200 len: 136 microversion: 1.0
2026-07-08 07:39:05.548 7 INFO placement.requestlog [None req-349f813d-aacf-4934-ad4b-6b16c9aa0dbe - - - - - -] 10.0.0.212 "GET /" status: 200 len: 136 microversion: 1.0
2026-07-08 07:39:15.547 7 INFO placement.requestlog [None req-95308630-78fc-4850-9c6f-191c2498bc3b - - - - - -] 10.0.0.212 "GET /" status: 200 len: 136 microversion: 1.0
2026-07-08 07:39:15.547 8 INFO placement.requestlog [None req-26b0dcc4-59de-41f7-90fe-bd97941ade7a - - - - - -] 10.0.0.212 "GET /" status: 200 len: 136 microversion: 1.0
2026-07-08 07:39:25.548 7 INFO placement.requestlog [None req-d451d5f0-610a-44bc-bb7c-f0560dfbdef9 - - - - - -] 10.0.0.212 "GET /" status: 200 len: 136 microversion: 1.0
2026-07-08 07:39:25.548 8 INFO placement.requestlog [None req-cddfac5b-74a6-4172-9e50-13e92e66678c - - - - - -] 10.0.0.212 "GET /" status: 200 len: 136 microversion: 1.0
2026-07-08 07:39:27.091 7 INFO placement.requestlog [req-50eb69dd-3db7-4464-9c0b-4d08f6f5d1f3 req-b389ec1a-b5fe-45fa-bdac-a2912aebda12 76fd988bfa724eb5aadad1997defdce0 a15a8cba429844a68713e46788a11c68 - - 9e0ebadd40594bf7beb74aa9c3a7baf7 9e0ebadd40594bf7beb74aa9c3a7baf7] 10.0.0.176 "GET /allocation_candidates?limit=1000&resources=MEMORY_MB%3A2048%2CVCPU%3A2&root_required=%21COMPUTE_STATUS_DISABLED" status: 200 len: 2630 microversion: 1.36 [pid: 7|app: 0|req: 577/1164] 10.0.0.176 () {34 vars in 986 bytes} [Wed Jul 8 07:39:27 2026] GET /allocation_candidates?limit=1000&resources=MEMORY_MB%3A2048%2CVCPU%3A2&root_required=%21COMPUTE_STATUS_DISABLED => generated 2630 bytes in 47 msecs (HTTP/1.1 200) 8 headers in 297 bytes (1 switches on core 0)
2026-07-08 07:39:27.121 8 INFO placement.requestlog [req-50eb69dd-3db7-4464-9c0b-4d08f6f5d1f3 req-4866da4a-1572-4f33-995b-86afd3b21761 76fd988bfa724eb5aadad1997defdce0 a15a8cba429844a68713e46788a11c68 - - 9e0ebadd40594bf7beb74aa9c3a7baf7 9e0ebadd40594bf7beb74aa9c3a7baf7] 10.0.0.176 "GET /allocations/c883dbe3-871f-47d2-9a2e-16f1bea5a3c3" status: 200 len: 19 microversion: 1.28 [pid: 8|app: 0|req: 588/1165] 10.0.0.176 () {34 vars in 861 bytes} [Wed Jul 8 07:39:27 2026] GET /allocations/c883dbe3-871f-47d2-9a2e-16f1bea5a3c3 => generated 19 bytes in 12 msecs (HTTP/1.1 200) 8 headers in 295 bytes (1 switches on core 0)
2026-07-08 07:39:27.186 7 INFO placement.requestlog [req-50eb69dd-3db7-4464-9c0b-4d08f6f5d1f3 req-a8762180-498e-4adc-895d-a717e7732367 76fd988bfa724eb5aadad1997defdce0 a15a8cba429844a68713e46788a11c68 - - 9e0ebadd40594bf7beb74aa9c3a7baf7 9e0ebadd40594bf7beb74aa9c3a7baf7] 10.0.0.176 "PUT /allocations/c883dbe3-871f-47d2-9a2e-16f1bea5a3c3" status: 204 len: 0 microversion: 1.36 [pid: 7|app: 0|req: 578/1166] 10.0.0.176 () {38 vars in 914 bytes} [Wed Jul 8 07:39:27 2026] PUT /allocations/c883dbe3-871f-47d2-9a2e-16f1bea5a3c3 => generated 0 bytes in 59 msecs (HTTP/1.1 204) 5 headers in 199 bytes (1 switches on core 0)
2026-07-08 07:39:28.683 8 INFO placement.requestlog [req-50eb69dd-3db7-4464-9c0b-4d08f6f5d1f3 req-2c6e1956-3869-4bd2-be90-48c956c3fa66 76fd988bfa724eb5aadad1997defdce0 a15a8cba429844a68713e46788a11c68 - - 9e0ebadd40594bf7beb74aa9c3a7baf7 9e0ebadd40594bf7beb74aa9c3a7baf7] 199.19.213.194 "GET /allocations/c883dbe3-871f-47d2-9a2e-16f1bea5a3c3" status: 200 len: 245 microversion: 1.28 [pid: 8|app: 0|req: 589/1167] 199.19.213.194 () {34 vars in 863 bytes} [Wed Jul 8 07:39:28 2026] GET /allocations/c883dbe3-871f-47d2-9a2e-16f1bea5a3c3 => generated 245 bytes in 18 msecs (HTTP/1.1 200) 8 headers in 296 bytes (1 switches on core 0)
2026-07-08 07:39:29.736 7 INFO placement.requestlog [req-50eb69dd-3db7-4464-9c0b-4d08f6f5d1f3 req-72c428fa-8df1-496d-b810-9a1756939c69 76fd988bfa724eb5aadad1997defdce0 a15a8cba429844a68713e46788a11c68 - - 9e0ebadd40594bf7beb74aa9c3a7baf7 9e0ebadd40594bf7beb74aa9c3a7baf7] 199.19.213.194 "GET /resource_providers/a8e7014f-7859-49ed-9177-e20faa5b8868/allocations" status: 200 len: 340 microversion: 1.0 [pid: 7|app: 0|req: 579/1168] 199.19.213.194 () {32 vars in 857 bytes} [Wed Jul 8 07:39:29 2026] GET /resource_providers/a8e7014f-7859-49ed-9177-e20faa5b8868/allocations => generated 340 bytes in 15 msecs (HTTP/1.1 200) 6 headers in 224 bytes (1 switches on core 0)
2026-07-08 07:39:29.752 8 INFO placement.requestlog [req-50eb69dd-3db7-4464-9c0b-4d08f6f5d1f3 req-f8a71414-adb5-4f80-b8b9-d7b8d41042d9 76fd988bfa724eb5aadad1997defdce0 a15a8cba429844a68713e46788a11c68 - - 9e0ebadd40594bf7beb74aa9c3a7baf7 9e0ebadd40594bf7beb74aa9c3a7baf7] 199.19.213.194 "GET /allocations/c883dbe3-871f-47d2-9a2e-16f1bea5a3c3" status: 200 len: 245 microversion: 1.28 [pid: 8|app: 0|req: 590/1169] 199.19.213.194 () {34 vars in 863 bytes} [Wed Jul 8 07:39:29 2026] GET /allocations/c883dbe3-871f-47d2-9a2e-16f1bea5a3c3 => generated 245 bytes in 12 msecs (HTTP/1.1 200) 8 headers in 296 bytes (1 switches on core 0)
2026-07-08 07:39:29.771 7 INFO placement.requestlog [req-50eb69dd-3db7-4464-9c0b-4d08f6f5d1f3 req-b6f21439-6638-48f3-90a3-44cfd72879cb 76fd988bfa724eb5aadad1997defdce0 a15a8cba429844a68713e46788a11c68 - - 9e0ebadd40594bf7beb74aa9c3a7baf7 9e0ebadd40594bf7beb74aa9c3a7baf7] 199.19.213.194 "GET /allocations/070878a6-f645-436b-9d7b-cdb2a3221e95" status: 200 len: 258 microversion: 1.28 [pid: 7|app: 0|req: 580/1170] 199.19.213.194 () {34 vars in 863 bytes} [Wed Jul 8 07:39:29 2026] GET /allocations/070878a6-f645-436b-9d7b-cdb2a3221e95 => generated 258 bytes in 12 msecs (HTTP/1.1 200) 8 headers in 296 bytes (1 switches on core 0)
2026-07-08 07:39:29.794 8 INFO placement.requestlog [req-50eb69dd-3db7-4464-9c0b-4d08f6f5d1f3 req-c636a681-69c7-4aaf-85a0-2e36429390b4 76fd988bfa724eb5aadad1997defdce0 a15a8cba429844a68713e46788a11c68 - - 9e0ebadd40594bf7beb74aa9c3a7baf7 9e0ebadd40594bf7beb74aa9c3a7baf7] 199.19.213.194 "GET /allocations/d8e226d8-0eb7-423c-b87b-77b510cccd11" status: 200 len: 258 microversion: 1.28 [pid: 8|app: 0|req: 591/1171] 199.19.213.194 () {34 vars in 863 bytes} [Wed Jul 8 07:39:29 2026] GET /allocations/d8e226d8-0eb7-423c-b87b-77b510cccd11 => generated 258 bytes in 14 msecs (HTTP/1.1 200) 8 headers in 296 bytes (1 switches on core 0)
2026-07-08 07:39:35.547 8 INFO placement.requestlog [None req-a2c14281-0f29-4d0a-b70c-2942b2c73c0d - - - - - -] 10.0.0.212 "GET /" status: 200 len: 136 microversion: 1.0
2026-07-08 07:39:35.549 7 INFO placement.requestlog [None req-4ed7baec-dbef-4ed5-a1c3-d5ccf691d403 - - - - - -] 10.0.0.212 "GET /" status: 200 len: 136 microversion: 1.0
2026-07-08 07:39:37.884 8 INFO placement.requestlog [req-eeb3bb60-ccd8-4a26-acac-fa7dbdc24065 req-d60536cc-08ae-4044-8b68-2772b3fc881a 76fd988bfa724eb5aadad1997defdce0 a15a8cba429844a68713e46788a11c68 - - 9e0ebadd40594bf7beb74aa9c3a7baf7 9e0ebadd40594bf7beb74aa9c3a7baf7] 199.19.213.194 "GET /resource_providers/a8e7014f-7859-49ed-9177-e20faa5b8868/allocations" status: 200 len: 340 microversion: 1.0 [pid: 8|app: 0|req: 593/1174] 199.19.213.194 () {32 vars in 857 bytes} [Wed Jul 8 07:39:37 2026] GET /resource_providers/a8e7014f-7859-49ed-9177-e20faa5b8868/allocations => generated 340 bytes in 22 msecs (HTTP/1.1 200) 6 headers in 224 bytes (1 switches on core 0)
2026-07-08 07:39:37.911 7 INFO placement.requestlog [req-eeb3bb60-ccd8-4a26-acac-fa7dbdc24065 req-7ea1999f-88a8-4897-8cfb-2d5a477ba830 76fd988bfa724eb5aadad1997defdce0 a15a8cba429844a68713e46788a11c68 - - 9e0ebadd40594bf7beb74aa9c3a7baf7 9e0ebadd40594bf7beb74aa9c3a7baf7] 199.19.213.194 "GET /resource_providers/a8e7014f-7859-49ed-9177-e20faa5b8868/allocations" status: 200 len: 340 microversion: 1.0 [pid: 7|app: 0|req: 582/1175] 199.19.213.194 () {32 vars in 857 bytes} [Wed Jul 8 07:39:37 2026] GET /resource_providers/a8e7014f-7859-49ed-9177-e20faa5b8868/allocations => generated 340 bytes in 20 msecs (HTTP/1.1 200) 6 headers in 224 bytes (1 switches on core 0)
2026-07-08 07:39:37.930 8 INFO placement.requestlog [req-eeb3bb60-ccd8-4a26-acac-fa7dbdc24065 req-3f023737-8f61-4c87-864b-c54869da6777 76fd988bfa724eb5aadad1997defdce0 a15a8cba429844a68713e46788a11c68 - - 9e0ebadd40594bf7beb74aa9c3a7baf7 9e0ebadd40594bf7beb74aa9c3a7baf7] 199.19.213.194 "GET /allocations/c883dbe3-871f-47d2-9a2e-16f1bea5a3c3" status: 200 len: 245 microversion: 1.28 [pid: 8|app: 0|req: 594/1176] 199.19.213.194 () {34 vars in 863 bytes} [Wed Jul 8 07:39:37 2026] GET /allocations/c883dbe3-871f-47d2-9a2e-16f1bea5a3c3 => generated 245 bytes in 12 msecs (HTTP/1.1 200) 8 headers in 296 bytes (1 switches on core 0)
2026-07-08 07:39:37.951 7 INFO placement.requestlog [req-eeb3bb60-ccd8-4a26-acac-fa7dbdc24065 req-35b7fb4e-abe7-4cae-9873-3ab2a300f0be 76fd988bfa724eb5aadad1997defdce0 a15a8cba429844a68713e46788a11c68 - - 9e0ebadd40594bf7beb74aa9c3a7baf7 9e0ebadd40594bf7beb74aa9c3a7baf7] 199.19.213.194 "GET /allocations/070878a6-f645-436b-9d7b-cdb2a3221e95" status: 200 len: 258 microversion: 1.28 [pid: 7|app: 0|req: 583/1177] 199.19.213.194 () {34 vars in 863 bytes} [Wed Jul 8 07:39:37 2026] GET /allocations/070878a6-f645-436b-9d7b-cdb2a3221e95 => generated 258 bytes in 14 msecs (HTTP/1.1 200) 8 headers in 296 bytes (1 switches on core 0)
2026-07-08 07:39:37.972 8 INFO placement.requestlog [req-eeb3bb60-ccd8-4a26-acac-fa7dbdc24065 req-8e46f6bd-a2a5-43dc-ac61-42733989218c 76fd988bfa724eb5aadad1997defdce0 a15a8cba429844a68713e46788a11c68 - - 9e0ebadd40594bf7beb74aa9c3a7baf7 9e0ebadd40594bf7beb74aa9c3a7baf7] 199.19.213.194 "GET /allocations/d8e226d8-0eb7-423c-b87b-77b510cccd11" status: 200 len: 258 microversion: 1.28 [pid: 8|app: 0|req: 595/1178] 199.19.213.194 () {34 vars in 863 bytes} [Wed Jul 8 07:39:37 2026] GET /allocations/d8e226d8-0eb7-423c-b87b-77b510cccd11 => generated 258 bytes in 13 msecs (HTTP/1.1 200) 8 headers in 296 bytes (1 switches on core 0)
2026-07-08 07:39:45.547 7 INFO placement.requestlog [None req-8a298eb0-7c22-45e4-88ab-a5ee99853886 - - - - - -] 10.0.0.212 "GET /" status: 200 len: 136 microversion: 1.0
2026-07-08 07:39:45.547 8 INFO placement.requestlog [None req-d791bdc4-3fed-46c4-ba5f-1b7cace33aa9 - - - - - -] 10.0.0.212 "GET /" status: 200 len: 136 microversion: 1.0
2026-07-08 07:39:55.548 8 INFO placement.requestlog [None req-b758de65-10e9-4960-9eac-698f4ae255b9 - - - - - -] 10.0.0.212 "GET /" status: 200 len: 136 microversion: 1.0
2026-07-08 07:39:55.549 7 INFO placement.requestlog [None req-872eb7f7-e548-45b8-affa-41508a07d0d7 - - - - - -] 10.0.0.212 "GET /" status: 200 len: 136 microversion: 1.0
2026-07-08 07:40:05.548 8 INFO placement.requestlog [None req-84a0629d-4180-4b27-a5e4-5d04168ad091 - - - - - -] 10.0.0.212 "GET /" status: 200 len: 136 microversion: 1.0
2026-07-08 07:40:05.548 7 INFO placement.requestlog [None req-49fba492-7381-496f-b352-ee7fdb3384e2 - - - - - -] 10.0.0.212 "GET /" status: 200 len: 136 microversion: 1.0
2026-07-08 07:40:15.547 8 INFO placement.requestlog [None req-fa5c31f9-5d73-4c57-8ada-81cca3f7a3a5 - - - - - -] 10.0.0.212 "GET /" status: 200 len: 136 microversion: 1.0
2026-07-08 07:40:15.547 7 INFO placement.requestlog [None req-d1c8f204-4c42-46e0-8d46-347120d1a302 - - - - - -] 10.0.0.212 "GET /" status: 200 len: 136 microversion: 1.0
2026-07-08 07:40:25.547 8 INFO placement.requestlog [None req-b4236f84-bfdd-4129-82f9-fb4b47264b28 - - - - - -] 10.0.0.212 "GET /" status: 200 len: 136 microversion: 1.0
2026-07-08 07:40:25.548 7 INFO placement.requestlog [None req-2965d1d1-a4fd-494b-979f-721b6f3e93bb - - - - - -] 10.0.0.212 "GET /" status: 200 len: 136 microversion: 1.0
2026-07-08 07:40:35.547 7 INFO placement.requestlog [None req-bed402ae-0720-4031-bf07-5ffb56ea29a9 - - - - - -] 10.0.0.212 "GET /" status: 200 len: 136 microversion: 1.0
2026-07-08 07:40:35.548 8 INFO placement.requestlog [None req-2bc3994b-b3eb-4fff-850e-b3729f54ed03 - - - - - -] 10.0.0.212 "GET /" status: 200 len: 136 microversion: 1.0
2026-07-08 07:40:38.894 7 INFO placement.requestlog [req-c29d3696-5952-4699-a2bc-c81f4106afba req-b75aa8b1-4bcc-403e-8c6a-787ff1a6d6fd 76fd988bfa724eb5aadad1997defdce0 a15a8cba429844a68713e46788a11c68 - - 9e0ebadd40594bf7beb74aa9c3a7baf7 9e0ebadd40594bf7beb74aa9c3a7baf7] 199.19.213.194 "GET /resource_providers/a8e7014f-7859-49ed-9177-e20faa5b8868/allocations" status: 200 len: 340 microversion: 1.0 [pid: 7|app: 0|req: 590/1191] 199.19.213.194 () {32 vars in 857 bytes} [Wed Jul 8 07:40:38 2026] GET /resource_providers/a8e7014f-7859-49ed-9177-e20faa5b8868/allocations => generated 340 bytes in 137 msecs (HTTP/1.1 200) 6 headers in 224 bytes (1 switches on core 0)
2026-07-08 07:40:38.920 8 INFO placement.requestlog [req-c29d3696-5952-4699-a2bc-c81f4106afba req-7ae1f3b9-f659-4b6c-b1b0-87ec15b2a0ff 76fd988bfa724eb5aadad1997defdce0 a15a8cba429844a68713e46788a11c68 - - 9e0ebadd40594bf7beb74aa9c3a7baf7 9e0ebadd40594bf7beb74aa9c3a7baf7] 199.19.213.194 "GET /resource_providers?in_tree=a8e7014f-7859-49ed-9177-e20faa5b8868" status: 200 len: 798 microversion: 1.14 [pid: 8|app: 0|req: 602/1192] 199.19.213.194 () {34 vars in 892 bytes} [Wed Jul 8 07:40:38 2026] GET /resource_providers?in_tree=a8e7014f-7859-49ed-9177-e20faa5b8868 => generated 798 bytes in 21 msecs (HTTP/1.1 200) 6 headers in 225 bytes (1 switches on core 0)
2026-07-08 07:40:38.945 7 INFO placement.requestlog [req-c29d3696-5952-4699-a2bc-c81f4106afba req-4a9b54a7-b90f-4ae6-a3d6-6cf625356e46 76fd988bfa724eb5aadad1997defdce0 a15a8cba429844a68713e46788a11c68 - - 9e0ebadd40594bf7beb74aa9c3a7baf7 9e0ebadd40594bf7beb74aa9c3a7baf7] 199.19.213.194 "GET /resource_providers/a8e7014f-7859-49ed-9177-e20faa5b8868/inventories" status: 200 len: 401 microversion: 1.0 [pid: 7|app: 0|req: 591/1193] 199.19.213.194 () {32 vars in 857 bytes} [Wed Jul 8 07:40:38 2026] GET /resource_providers/a8e7014f-7859-49ed-9177-e20faa5b8868/inventories => generated 401 bytes in 16 msecs (HTTP/1.1 200) 6 headers in 224 bytes (1 switches on core 0)
2026-07-08 07:40:38.971 8 INFO placement.requestlog [req-c29d3696-5952-4699-a2bc-c81f4106afba req-0427226f-b3f0-4dd8-890d-f0d44463b3b1 76fd988bfa724eb5aadad1997defdce0 a15a8cba429844a68713e46788a11c68 - - 9e0ebadd40594bf7beb74aa9c3a7baf7 9e0ebadd40594bf7beb74aa9c3a7baf7] 199.19.213.194 "GET /resource_providers/a8e7014f-7859-49ed-9177-e20faa5b8868/aggregates" status: 200 len: 54 microversion: 1.19 [pid: 8|app: 0|req: 603/1194] 199.19.213.194 () {34 vars in 899 bytes} [Wed Jul 8 07:40:38 2026] GET /resource_providers/a8e7014f-7859-49ed-9177-e20faa5b8868/aggregates => generated 54 bytes in 17 msecs (HTTP/1.1 200) 8 headers in 295 bytes (1 switches on core 0)
2026-07-08 07:40:39.000 7 INFO placement.requestlog [req-c29d3696-5952-4699-a2bc-c81f4106afba req-3a66bf1e-a020-4b58-9c03-5d22c0c7898a 76fd988bfa724eb5aadad1997defdce0 a15a8cba429844a68713e46788a11c68 - - 9e0ebadd40594bf7beb74aa9c3a7baf7 9e0ebadd40594bf7beb74aa9c3a7baf7] 199.19.213.194 "GET /resource_providers/a8e7014f-7859-49ed-9177-e20faa5b8868/traits" status: 200 len: 2176 microversion: 1.6 [pid: 7|app: 0|req: 592/1195] 199.19.213.194 () {34 vars in 890 bytes} [Wed Jul 8 07:40:38 2026] GET /resource_providers/a8e7014f-7859-49ed-9177-e20faa5b8868/traits => generated 2176 bytes in 22 msecs (HTTP/1.1 200) 6 headers in 225 bytes (1 switches on core 0)
2026-07-08 07:40:39.028 8 INFO placement.requestlog [req-c29d3696-5952-4699-a2bc-c81f4106afba req-36a3169a-e649-492a-a3e2-c06d661bf802 76fd988bfa724eb5aadad1997defdce0 a15a8cba429844a68713e46788a11c68 - - 9e0ebadd40594bf7beb74aa9c3a7baf7 9e0ebadd40594bf7beb74aa9c3a7baf7] 199.19.213.194 "GET /resource_providers/a8e7014f-7859-49ed-9177-e20faa5b8868/allocations" status: 200 len: 340 microversion: 1.0 [pid: 8|app: 0|req: 604/1196] 199.19.213.194 () {32 vars in 857 bytes} [Wed Jul 8 07:40:39 2026] GET /resource_providers/a8e7014f-7859-49ed-9177-e20faa5b8868/allocations => generated 340 bytes in 21 msecs (HTTP/1.1 200) 6 headers in 224 bytes (1 switches on core 0)
2026-07-08 07:40:39.047 7 INFO placement.requestlog [req-c29d3696-5952-4699-a2bc-c81f4106afba req-15acd89e-47c6-45e4-884f-6bcd59237818 76fd988bfa724eb5aadad1997defdce0 a15a8cba429844a68713e46788a11c68 - - 9e0ebadd40594bf7beb74aa9c3a7baf7 9e0ebadd40594bf7beb74aa9c3a7baf7] 199.19.213.194 "GET /allocations/c883dbe3-871f-47d2-9a2e-16f1bea5a3c3" status: 200 len: 245 microversion: 1.28 [pid: 7|app: 0|req: 593/1197] 199.19.213.194 () {34 vars in 863 bytes} [Wed Jul 8 07:40:39 2026] GET /allocations/c883dbe3-871f-47d2-9a2e-16f1bea5a3c3 => generated 245 bytes in 13 msecs (HTTP/1.1 200) 8 headers in 296 bytes (1 switches on core 0)
2026-07-08 07:40:39.064 8 INFO placement.requestlog [req-c29d3696-5952-4699-a2bc-c81f4106afba req-bdfad2b8-0baa-488c-a1ad-72034430cc88 76fd988bfa724eb5aadad1997defdce0 a15a8cba429844a68713e46788a11c68 - - 9e0ebadd40594bf7beb74aa9c3a7baf7 9e0ebadd40594bf7beb74aa9c3a7baf7] 199.19.213.194 "GET /allocations/070878a6-f645-436b-9d7b-cdb2a3221e95" status: 200 len: 258 microversion: 1.28 [pid: 8|app: 0|req: 605/1198] 199.19.213.194 () {34 vars in 863 bytes} [Wed Jul 8 07:40:39 2026] GET /allocations/070878a6-f645-436b-9d7b-cdb2a3221e95 => generated 258 bytes in 13 msecs (HTTP/1.1 200) 8 headers in 296 bytes (1 switches on core 0)
2026-07-08 07:40:39.082 7 INFO placement.requestlog [req-c29d3696-5952-4699-a2bc-c81f4106afba req-6cb94e12-77ac-42a1-b4be-10505e72f0c9 76fd988bfa724eb5aadad1997defdce0 a15a8cba429844a68713e46788a11c68 - - 9e0ebadd40594bf7beb74aa9c3a7baf7 9e0ebadd40594bf7beb74aa9c3a7baf7] 199.19.213.194 "GET /allocations/d8e226d8-0eb7-423c-b87b-77b510cccd11" status: 200 len: 258 microversion: 1.28 [pid: 7|app: 0|req: 594/1199] 199.19.213.194 () {34 vars in 863 bytes} [Wed Jul 8 07:40:39 2026] GET /allocations/d8e226d8-0eb7-423c-b87b-77b510cccd11 => generated 258 bytes in 12 msecs (HTTP/1.1 200) 8 headers in 296 bytes (1 switches on core 0)
2026-07-08 07:40:45.548 8 INFO placement.requestlog [None req-50bbe7a2-a8b4-4a19-81c2-519a2d929a31 - - - - - -] 10.0.0.212 "GET /" status: 200 len: 136 microversion: 1.0
2026-07-08 07:40:45.549 7 INFO placement.requestlog [None req-d76cfee0-2a8c-42fb-8d66-35b2490b75ad - - - - - -] 10.0.0.212 "GET /" status: 200 len: 136 microversion: 1.0
2026-07-08 07:40:55.547 8 INFO placement.requestlog [None req-35ff4db2-a631-42ab-b9fc-ae144e607435 - - - - - -] 10.0.0.212 "GET /" status: 200 len: 136 microversion: 1.0
2026-07-08 07:40:55.548 7 INFO placement.requestlog [None req-73b297bf-94d3-4fd8-98fe-73da3f93a9df - - - - - -] 10.0.0.212 "GET /" status: 200 len: 136 microversion: 1.0
2026-07-08 07:41:05.547 8 INFO placement.requestlog [None req-6cd3685f-e371-4719-af2b-312f7982af8b - - - - - -] 10.0.0.212 "GET /" status: 200 len: 136 microversion: 1.0
2026-07-08 07:41:05.547 7 INFO placement.requestlog [None req-f5ea4c1f-a48a-479d-a24a-8218abe719bc - - - - - -] 10.0.0.212 "GET /" status: 200 len: 136 microversion: 1.0
2026-07-08 07:41:15.547 8 INFO placement.requestlog [None req-e66cf6fd-b5e4-4708-b9b4-abbb203565a8 - - - - - -] 10.0.0.212 "GET /" status: 200 len: 136 microversion: 1.0
2026-07-08 07:41:15.548 7 INFO placement.requestlog [None req-35208a8e-ce96-4da6-8942-1a73a8a90b54 - - - - - -] 10.0.0.212 "GET /" status: 200 len: 136 microversion: 1.0
2026-07-08 07:41:25.548 8 INFO placement.requestlog [None req-84f62721-9b62-44d3-b4b1-5680e200a767 - - - - - -] 10.0.0.212 "GET /" status: 200 len: 136 microversion: 1.0
2026-07-08 07:41:25.548 7 INFO placement.requestlog [None req-522fb483-23c9-4de7-9e4a-dc70f29212b9 - - - - - -] 10.0.0.212 "GET /" status: 200 len: 136 microversion: 1.0
2026-07-08 07:41:35.547 8 INFO placement.requestlog [None req-67c88b7a-e4d0-4a97-803f-b13aae763631 - - - - - -] 10.0.0.212 "GET /" status: 200 len: 136 microversion: 1.0
2026-07-08 07:41:35.549 7 INFO placement.requestlog [None req-5875ded0-9eb1-4ff8-8c74-2621b7ad3f38 - - - - - -] 10.0.0.212 "GET /" status: 200 len: 136 microversion: 1.0
2026-07-08 07:41:40.480 8 INFO placement.requestlog [req-c77cc5a9-aa7b-443e-af70-2165bb932fa3 req-11f67440-c900-4186-9bce-c95b7f22a16e 76fd988bfa724eb5aadad1997defdce0 a15a8cba429844a68713e46788a11c68 - - 9e0ebadd40594bf7beb74aa9c3a7baf7 9e0ebadd40594bf7beb74aa9c3a7baf7] 199.19.213.194 "GET /resource_providers/a8e7014f-7859-49ed-9177-e20faa5b8868/allocations" status: 200 len: 340 microversion: 1.0 [pid: 8|app: 0|req: 612/1212] 199.19.213.194 () {32 vars in 857 bytes} [Wed Jul 8 07:41:40 2026] GET /resource_providers/a8e7014f-7859-49ed-9177-e20faa5b8868/allocations => generated 340 bytes in 22 msecs (HTTP/1.1 200) 6 headers in 224 bytes (1 switches on core 0)
2026-07-08 07:41:40.507 7 INFO placement.requestlog [req-c77cc5a9-aa7b-443e-af70-2165bb932fa3 req-03f70704-4d7e-4afa-afd4-4cd5258cb973 76fd988bfa724eb5aadad1997defdce0 a15a8cba429844a68713e46788a11c68 - - 9e0ebadd40594bf7beb74aa9c3a7baf7 9e0ebadd40594bf7beb74aa9c3a7baf7] 199.19.213.194 "GET /resource_providers/a8e7014f-7859-49ed-9177-e20faa5b8868/allocations" status: 200 len: 340 microversion: 1.0 [pid: 7|app: 0|req: 601/1213] 199.19.213.194 () {32 vars in 857 bytes} [Wed Jul 8 07:41:40 2026] GET /resource_providers/a8e7014f-7859-49ed-9177-e20faa5b8868/allocations => generated 340 bytes in 19 msecs (HTTP/1.1 200) 6 headers in 224 bytes (1 switches on core 0)
2026-07-08 07:41:40.528 8 INFO placement.requestlog [req-c77cc5a9-aa7b-443e-af70-2165bb932fa3 req-2749aee1-78fd-44ad-a5f2-c0c60448c922 76fd988bfa724eb5aadad1997defdce0 a15a8cba429844a68713e46788a11c68 - - 9e0ebadd40594bf7beb74aa9c3a7baf7 9e0ebadd40594bf7beb74aa9c3a7baf7] 199.19.213.194 "GET /allocations/c883dbe3-871f-47d2-9a2e-16f1bea5a3c3" status: 200 len: 245 microversion: 1.28 [pid: 8|app: 0|req: 613/1214] 199.19.213.194 () {34 vars in 863 bytes} [Wed Jul 8 07:41:40 2026] GET /allocations/c883dbe3-871f-47d2-9a2e-16f1bea5a3c3 => generated 245 bytes in 15 msecs (HTTP/1.1 200) 8 headers in 296 bytes (1 switches on core 0)
2026-07-08 07:41:40.546 7 INFO placement.requestlog [req-c77cc5a9-aa7b-443e-af70-2165bb932fa3 req-f5de7367-8ca3-4c4e-8ab4-64018bbc7b37 76fd988bfa724eb5aadad1997defdce0 a15a8cba429844a68713e46788a11c68 - - 9e0ebadd40594bf7beb74aa9c3a7baf7 9e0ebadd40594bf7beb74aa9c3a7baf7] 199.19.213.194 "GET /allocations/070878a6-f645-436b-9d7b-cdb2a3221e95" status: 200 len: 258 microversion: 1.28 [pid: 7|app: 0|req: 602/1215] 199.19.213.194 () {34 vars in 863 bytes} [Wed Jul 8 07:41:40 2026] GET /allocations/070878a6-f645-436b-9d7b-cdb2a3221e95 => generated 258 bytes in 13 msecs (HTTP/1.1 200) 8 headers in 296 bytes (1 switches on core 0)
2026-07-08 07:41:40.565 8 INFO placement.requestlog [req-c77cc5a9-aa7b-443e-af70-2165bb932fa3 req-ac8b0153-5737-462d-b2f7-f481d7c3b5c7 76fd988bfa724eb5aadad1997defdce0 a15a8cba429844a68713e46788a11c68 - - 9e0ebadd40594bf7beb74aa9c3a7baf7 9e0ebadd40594bf7beb74aa9c3a7baf7] 199.19.213.194 "GET /allocations/d8e226d8-0eb7-423c-b87b-77b510cccd11" status: 200 len: 258 microversion: 1.28 [pid: 8|app: 0|req: 614/1216] 199.19.213.194 () {34 vars in 863 bytes} [Wed Jul 8 07:41:40 2026] GET /allocations/d8e226d8-0eb7-423c-b87b-77b510cccd11 => generated 258 bytes in 11 msecs (HTTP/1.1 200) 8 headers in 296 bytes (1 switches on core 0)
2026-07-08 07:41:45.548 8 INFO placement.requestlog [None req-d08a6f4f-4a69-47b1-b1e4-d57cf3bf3130 - - - - - -] 10.0.0.212 "GET /" status: 200 len: 136 microversion: 1.0
2026-07-08 07:41:45.548 7 INFO placement.requestlog [None req-f60b66d5-2a99-4601-b3e2-8b0750c046d7 - - - - - -] 10.0.0.212 "GET /" status: 200 len: 136 microversion: 1.0
2026-07-08 07:41:55.547 8 INFO placement.requestlog [None req-f8587028-5915-4ba4-a736-352c6992d841 - - - - - -] 10.0.0.212 "GET /" status: 200 len: 136 microversion: 1.0
2026-07-08 07:41:55.548 7 INFO placement.requestlog [None req-f30b8c8a-f424-461c-a134-204b7b430182 - - - - - -] 10.0.0.212 "GET /" status: 200 len: 136 microversion: 1.0
2026-07-08 07:42:05.548 7 INFO placement.requestlog [None req-8cc27925-1fe9-4d11-ab5b-8dfc21f287b7 - - - - - -] 10.0.0.212 "GET /" status: 200 len: 136 microversion: 1.0
2026-07-08 07:42:05.548 8 INFO placement.requestlog [None req-fad6bce7-3711-4025-82a5-2ce9b7462188 - - - - - -] 10.0.0.212 "GET /" status: 200 len: 136 microversion: 1.0
2026-07-08 07:42:15.548 8 INFO placement.requestlog [None req-271d8a6c-948a-429b-9a5b-6f4376909e7c - - - - - -] 10.0.0.212 "GET /" status: 200 len: 136 microversion: 1.0
2026-07-08 07:42:15.549 7 INFO placement.requestlog [None req-7d182bc9-bdb3-4211-8093-8f9d983a7f0e - - - - - -] 10.0.0.212 "GET /" status: 200 len: 136 microversion: 1.0
2026-07-08 07:42:17.831 8 INFO placement.requestlog [req-cab3890f-0c79-4542-ac9b-4c0c64865ef8 req-66e0ae1b-ad4b-4bf1-98d6-846c388f50bd 76fd988bfa724eb5aadad1997defdce0 a15a8cba429844a68713e46788a11c68 - - 9e0ebadd40594bf7beb74aa9c3a7baf7 9e0ebadd40594bf7beb74aa9c3a7baf7] 199.19.213.194 "GET /resource_providers/a8e7014f-7859-49ed-9177-e20faa5b8868/allocations" status: 200 len: 340 microversion: 1.0 [pid: 8|app: 0|req: 619/1225] 199.19.213.194 () {32 vars in 857 bytes} [Wed Jul 8 07:42:17 2026] GET /resource_providers/a8e7014f-7859-49ed-9177-e20faa5b8868/allocations => generated 340 bytes in 19 msecs (HTTP/1.1 200) 6 headers in 224 bytes (1 switches on core 0)
2026-07-08 07:42:17.857 7 INFO placement.requestlog [req-cab3890f-0c79-4542-ac9b-4c0c64865ef8 req-29763194-c6fb-4d49-ace5-60b1608566c6 76fd988bfa724eb5aadad1997defdce0 a15a8cba429844a68713e46788a11c68 - - 9e0ebadd40594bf7beb74aa9c3a7baf7 9e0ebadd40594bf7beb74aa9c3a7baf7] 199.19.213.194 "GET /allocations/c883dbe3-871f-47d2-9a2e-16f1bea5a3c3" status: 200 len: 245 microversion: 1.28 [pid: 7|app: 0|req: 607/1226] 199.19.213.194 () {34 vars in 863 bytes} [Wed Jul 8 07:42:17 2026] GET /allocations/c883dbe3-871f-47d2-9a2e-16f1bea5a3c3 => generated 245 bytes in 16 msecs (HTTP/1.1 200) 8 headers in 296 bytes (1 switches on core 0)
2026-07-08 07:42:17.877 8 INFO placement.requestlog [req-cab3890f-0c79-4542-ac9b-4c0c64865ef8 req-71b788ce-99d1-4ba4-94ad-84c11d36658f 76fd988bfa724eb5aadad1997defdce0 a15a8cba429844a68713e46788a11c68 - - 9e0ebadd40594bf7beb74aa9c3a7baf7 9e0ebadd40594bf7beb74aa9c3a7baf7] 199.19.213.194 "GET /allocations/070878a6-f645-436b-9d7b-cdb2a3221e95" status: 200 len: 258 microversion: 1.28 [pid: 8|app: 0|req: 620/1227] 199.19.213.194 () {34 vars in 863 bytes} [Wed Jul 8 07:42:17 2026] GET /allocations/070878a6-f645-436b-9d7b-cdb2a3221e95 => generated 258 bytes in 15 msecs (HTTP/1.1 200) 8 headers in 296 bytes (1 switches on core 0)
2026-07-08 07:42:17.907 7 INFO placement.requestlog [req-cab3890f-0c79-4542-ac9b-4c0c64865ef8 req-5b46b65e-571a-45b6-9051-e7e5a8052bee 76fd988bfa724eb5aadad1997defdce0 a15a8cba429844a68713e46788a11c68 - - 9e0ebadd40594bf7beb74aa9c3a7baf7 9e0ebadd40594bf7beb74aa9c3a7baf7] 199.19.213.194 "GET /allocations/d8e226d8-0eb7-423c-b87b-77b510cccd11" status: 200 len: 258 microversion: 1.28 [pid: 7|app: 0|req: 608/1228] 199.19.213.194 () {34 vars in 863 bytes} [Wed Jul 8 07:42:17 2026] GET /allocations/d8e226d8-0eb7-423c-b87b-77b510cccd11 => generated 258 bytes in 25 msecs (HTTP/1.1 200) 8 headers in 296 bytes (1 switches on core 0)
2026-07-08 07:42:18.955 8 INFO placement.requestlog [req-cab3890f-0c79-4542-ac9b-4c0c64865ef8 req-2afb5851-8c8a-4c46-b5c7-b08c130f5a5c 76fd988bfa724eb5aadad1997defdce0 a15a8cba429844a68713e46788a11c68 - - 9e0ebadd40594bf7beb74aa9c3a7baf7 9e0ebadd40594bf7beb74aa9c3a7baf7] 199.19.213.194 "DELETE /allocations/c883dbe3-871f-47d2-9a2e-16f1bea5a3c3" status: 204 len: 0 microversion: 1.0 [pid: 8|app: 0|req: 621/1229] 199.19.213.194 () {34 vars in 841 bytes} [Wed Jul 8 07:42:18 2026] DELETE /allocations/c883dbe3-871f-47d2-9a2e-16f1bea5a3c3 => generated 0 bytes in 25 msecs (HTTP/1.1 204) 5 headers in 198 bytes (1 switches on core 0)
2026-07-08 07:42:21.244 7 INFO placement.requestlog [req-aa901829-7b65-4886-a9c6-77a09773bb1f req-3eac51fc-6211-4d3d-9a43-2360244a1dcc 76fd988bfa724eb5aadad1997defdce0 a15a8cba429844a68713e46788a11c68 - - 9e0ebadd40594bf7beb74aa9c3a7baf7 9e0ebadd40594bf7beb74aa9c3a7baf7] 199.19.213.194 "GET /resource_providers/a8e7014f-7859-49ed-9177-e20faa5b8868/allocations" status: 200 len: 253 microversion: 1.0 [pid: 7|app: 0|req: 609/1230] 199.19.213.194 () {32 vars in 857 bytes} [Wed Jul 8 07:42:21 2026] GET /resource_providers/a8e7014f-7859-49ed-9177-e20faa5b8868/allocations => generated 253 bytes in 13 msecs (HTTP/1.1 200) 6 headers in 224 bytes (1 switches on core 0)
2026-07-08 07:42:21.265 8 INFO placement.requestlog [req-aa901829-7b65-4886-a9c6-77a09773bb1f req-bb7e0eb4-8d25-490c-9945-f01dfe0946ca 76fd988bfa724eb5aadad1997defdce0 a15a8cba429844a68713e46788a11c68 - - 9e0ebadd40594bf7beb74aa9c3a7baf7 9e0ebadd40594bf7beb74aa9c3a7baf7] 199.19.213.194 "GET /allocations/070878a6-f645-436b-9d7b-cdb2a3221e95" status: 200 len: 258 microversion: 1.28 [pid: 8|app: 0|req: 622/1231] 199.19.213.194 () {34 vars in 863 bytes} [Wed Jul 8 07:42:21 2026] GET /allocations/070878a6-f645-436b-9d7b-cdb2a3221e95 => generated 258 bytes in 14 msecs (HTTP/1.1 200) 8 headers in 296 bytes (1 switches on core 0)
2026-07-08 07:42:21.283 7 INFO placement.requestlog [req-aa901829-7b65-4886-a9c6-77a09773bb1f req-7ee65d5e-20af-4581-b883-d0885358a828 76fd988bfa724eb5aadad1997defdce0 a15a8cba429844a68713e46788a11c68 - - 9e0ebadd40594bf7beb74aa9c3a7baf7 9e0ebadd40594bf7beb74aa9c3a7baf7] 199.19.213.194 "GET /allocations/d8e226d8-0eb7-423c-b87b-77b510cccd11" status: 200 len: 258 microversion: 1.28 [pid: 7|app: 0|req: 610/1232] 199.19.213.194 () {34 vars in 863 bytes} [Wed Jul 8 07:42:21 2026] GET /allocations/d8e226d8-0eb7-423c-b87b-77b510cccd11 => generated 258 bytes in 12 msecs (HTTP/1.1 200) 8 headers in 296 bytes (1 switches on core 0)
2026-07-08 07:42:22.337 8 INFO placement.requestlog [req-aa901829-7b65-4886-a9c6-77a09773bb1f req-0099671e-e8eb-45a4-8a53-33995320c21a 76fd988bfa724eb5aadad1997defdce0 a15a8cba429844a68713e46788a11c68 - - 9e0ebadd40594bf7beb74aa9c3a7baf7 9e0ebadd40594bf7beb74aa9c3a7baf7] 199.19.213.194 "DELETE /allocations/d8e226d8-0eb7-423c-b87b-77b510cccd11" status: 204 len: 0 microversion: 1.0 [pid: 8|app: 0|req: 623/1233] 199.19.213.194 () {34 vars in 841 bytes} [Wed Jul 8 07:42:22 2026] DELETE /allocations/d8e226d8-0eb7-423c-b87b-77b510cccd11 => generated 0 bytes in 30 msecs (HTTP/1.1 204) 5 headers in 198 bytes (1 switches on core 0)
2026-07-08 07:42:25.547 8 INFO placement.requestlog [None req-c852534e-217f-48ff-a680-1f841aeb8669 - - - - - -] 10.0.0.212 "GET /" status: 200 len: 136 microversion: 1.0
2026-07-08 07:42:25.547 7 INFO placement.requestlog [None req-91ac6d7c-281f-430d-926f-0d94eb0a513c - - - - - -] 10.0.0.212 "GET /" status: 200 len: 136 microversion: 1.0
2026-07-08 07:42:32.176 8 INFO placement.requestlog [req-2ea275ce-bcf8-4220-ad27-8da8ad85b24e req-741b4ba5-9c89-45a1-9fd8-efc7597442a0 76fd988bfa724eb5aadad1997defdce0 a15a8cba429844a68713e46788a11c68 - - 9e0ebadd40594bf7beb74aa9c3a7baf7 9e0ebadd40594bf7beb74aa9c3a7baf7] 199.19.213.194 "GET /resource_providers/a8e7014f-7859-49ed-9177-e20faa5b8868/allocations" status: 200 len: 153 microversion: 1.0 [pid: 8|app: 0|req: 625/1236] 199.19.213.194 () {32 vars in 857 bytes} [Wed Jul 8 07:42:32 2026] GET /resource_providers/a8e7014f-7859-49ed-9177-e20faa5b8868/allocations => generated 153 bytes in 18 msecs (HTTP/1.1 200) 6 headers in 224 bytes (1 switches on core 0)
2026-07-08 07:42:32.196 7 INFO placement.requestlog [req-2ea275ce-bcf8-4220-ad27-8da8ad85b24e req-e3ff5425-0f85-45a4-bf60-ae4195765796 76fd988bfa724eb5aadad1997defdce0 a15a8cba429844a68713e46788a11c68 - - 9e0ebadd40594bf7beb74aa9c3a7baf7 9e0ebadd40594bf7beb74aa9c3a7baf7] 199.19.213.194 "GET /allocations/070878a6-f645-436b-9d7b-cdb2a3221e95" status: 200 len: 258 microversion: 1.28 [pid: 7|app: 0|req: 612/1237] 199.19.213.194 () {34 vars in 863 bytes} [Wed Jul 8 07:42:32 2026] GET /allocations/070878a6-f645-436b-9d7b-cdb2a3221e95 => generated 258 bytes in 12 msecs (HTTP/1.1 200) 8 headers in 296 bytes (1 switches on core 0)
2026-07-08 07:42:33.242 8 INFO placement.requestlog [req-2ea275ce-bcf8-4220-ad27-8da8ad85b24e req-5eb3eaf4-9609-4334-b1a4-e01bcc8380d0 76fd988bfa724eb5aadad1997defdce0 a15a8cba429844a68713e46788a11c68 - - 9e0ebadd40594bf7beb74aa9c3a7baf7 9e0ebadd40594bf7beb74aa9c3a7baf7] 199.19.213.194 "DELETE /allocations/070878a6-f645-436b-9d7b-cdb2a3221e95" status: 204 len: 0 microversion: 1.0 [pid: 8|app: 0|req: 626/1238] 199.19.213.194 () {34 vars in 841 bytes} [Wed Jul 8 07:42:33 2026] DELETE /allocations/070878a6-f645-436b-9d7b-cdb2a3221e95 => generated 0 bytes in 24 msecs (HTTP/1.1 204) 5 headers in 198 bytes (1 switches on core 0)
2026-07-08 07:42:35.547 7 INFO placement.requestlog [None req-1f54ecd4-0aa1-4ce8-96ea-5425cae8f11b - - - - - -] 10.0.0.212 "GET /" status: 200 len: 136 microversion: 1.0
2026-07-08 07:42:35.547 8 INFO placement.requestlog [None req-c1584c7f-0948-456c-864a-8b0e53021e40 - - - - - -] 10.0.0.212 "GET /" status: 200 len: 136 microversion: 1.0
2026-07-08 07:42:40.525 7 INFO placement.requestlog [req-80b9ea5f-8395-47c3-b9e8-ec57b7ab9f34 req-aa05dd6c-b8e3-48fb-ba7f-8b4663bea87f 76fd988bfa724eb5aadad1997defdce0 a15a8cba429844a68713e46788a11c68 - - 9e0ebadd40594bf7beb74aa9c3a7baf7 9e0ebadd40594bf7beb74aa9c3a7baf7] 199.19.213.194 "GET /resource_providers/a8e7014f-7859-49ed-9177-e20faa5b8868/allocations" status: 200 len: 55 microversion: 1.0 [pid: 7|app: 0|req: 614/1241] 199.19.213.194 () {32 vars in 857 bytes} [Wed Jul 8 07:42:40 2026] GET /resource_providers/a8e7014f-7859-49ed-9177-e20faa5b8868/allocations => generated 55 bytes in 15 msecs (HTTP/1.1 200) 6 headers in 223 bytes (1 switches on core 0)
2026-07-08 07:42:40.549 8 INFO placement.requestlog [req-80b9ea5f-8395-47c3-b9e8-ec57b7ab9f34 req-8dc9ebec-3708-4c6f-b400-af6bd402d790 76fd988bfa724eb5aadad1997defdce0 a15a8cba429844a68713e46788a11c68 - - 9e0ebadd40594bf7beb74aa9c3a7baf7 9e0ebadd40594bf7beb74aa9c3a7baf7] 199.19.213.194 "GET /resource_providers/a8e7014f-7859-49ed-9177-e20faa5b8868/allocations" status: 200 len: 55 microversion: 1.0 [pid: 8|app: 0|req: 628/1242] 199.19.213.194 () {32 vars in 857 bytes} [Wed Jul 8 07:42:40 2026] GET /resource_providers/a8e7014f-7859-49ed-9177-e20faa5b8868/allocations => generated 55 bytes in 17 msecs (HTTP/1.1 200) 6 headers in 223 bytes (1 switches on core 0)
