2026-07-08 07:37:23.910 6 INFO neutron.db.ovn_revision_numbers_db [None req-292e4b0c-a19d-4f56-a4a2-73713c04b934 - - - - - -] Successfully bumped revision number for resource 695fb70d-0891-42a4-bdde-532fc3db9636 (type: ports) to 2
2026-07-08 07:37:23.929 7 INFO neutron.db.ovn_revision_numbers_db [None req-bf063717-3a17-4cad-857e-6e13b78ebaf4 4365393797cb4d1cbaa3642a43599a4a 48bbaf30f1b74b89a7b5482ebc3403e9 - - default default] Successfully bumped revision number for resource f054a941-16e0-4758-9d10-cb1da5392fc1 (type: routers) to 8
2026-07-08 07:37:23.933 7 INFO neutron.db.ovn_revision_numbers_db [None req-185e2cc4-6fb6-4f5a-809c-85377830badd - - - - - -] Successfully bumped revision number for resource 34390be9-95aa-4cf2-a560-dda28ca3ad6f (type: router_ports) to 2
2026-07-08 07:37:23.934 7 INFO neutron.plugins.ml2.drivers.ovn.mech_driver.mech_driver [None req-185e2cc4-6fb6-4f5a-809c-85377830badd - - - - - -] OVN reports status down for port: fe9731ac-a4d1-413f-afc3-8ea3e69a501e
2026-07-08 07:37:23.945 7 INFO neutron.plugins.ml2.drivers.ovn.mech_driver.mech_driver [None req-185e2cc4-6fb6-4f5a-809c-85377830badd - - - - - -] OVN reports status up for port: fe9731ac-a4d1-413f-afc3-8ea3e69a501e
2026-07-08 07:37:23.949 6 INFO neutron.db.ovn_revision_numbers_db [None req-292e4b0c-a19d-4f56-a4a2-73713c04b934 - - - - - -] Successfully bumped revision number for resource fed57fdc-62e0-4b15-a60d-868f7efde5c1 (type: subnets) to 0 [pid: 6|app: 0|req: 1394/2757] 10.0.0.28 () {34 vars in 668 bytes} [Wed Jul 8 07:37:23 2026] POST /v2.0/subnets => generated 647 bytes in 675 msecs (HTTP/1.1 201) 4 headers in 162 bytes (1 switches on core 0)
2026-07-08 07:37:23.973 7 INFO neutron.plugins.ml2.drivers.ovn.mech_driver.mech_driver [None req-185e2cc4-6fb6-4f5a-809c-85377830badd - - - - - -] OVN reports status down for port: 141d1324-df61-486b-ac83-9d44ae4fe0c5 [pid: 7|app: 0|req: 1364/2758] 10.0.0.28 () {34 vars in 706 bytes} [Wed Jul 8 07:37:23 2026] POST /v2.0/vpn/ipsec-site-connections => generated 804 bytes in 817 msecs (HTTP/1.1 201) 4 headers in 162 bytes (1 switches on core 0)
2026-07-08 07:37:24.039 7 INFO neutron.plugins.ml2.drivers.ovn.mech_driver.mech_driver [None req-185e2cc4-6fb6-4f5a-809c-85377830badd - - - - - -] OVN reports status down for port: b0160820-9172-4266-9cde-c896ee420655 [pid: 6|app: 0|req: 1395/2759] 10.0.0.28 () {34 vars in 680 bytes} [Wed Jul 8 07:37:23 2026] POST /v2.0/rbac-policies => generated 324 bytes in 303 msecs (HTTP/1.1 201) 4 headers in 162 bytes (1 switches on core 0)
2026-07-08 07:37:24.576 7 INFO neutron.db.ovn_revision_numbers_db [None req-45f591c1-97fb-4171-804e-0e4e00f14e16 4365393797cb4d1cbaa3642a43599a4a 48bbaf30f1b74b89a7b5482ebc3403e9 - - default default] Successfully bumped revision number for resource f054a941-16e0-4758-9d10-cb1da5392fc1 (type: routers) to 9 [pid: 7|app: 0|req: 1365/2760] 10.0.0.28 () {32 vars in 761 bytes} [Wed Jul 8 07:37:23 2026] DELETE /v2.0/vpn/ipsec-site-connections/2ff23218-218f-45f8-9a87-4ba37674beeb => generated 0 bytes in 605 msecs (HTTP/1.1 204) 2 headers in 112 bytes (1 switches on core 0) [pid: 6|app: 0|req: 1396/2761] 10.0.0.28 () {32 vars in 684 bytes} [Wed Jul 8 07:37:24 2026] GET /v2.0/vpn/ipsec-site-connections => generated 805 bytes in 19 msecs (HTTP/1.1 200) 4 headers in 157 bytes (1 switches on core 0)
2026-07-08 07:37:24.641 6 INFO neutron.api.v2.resource [None req-571123f9-5501-41b6-9d44-d776697e586b 4365393797cb4d1cbaa3642a43599a4a 48bbaf30f1b74b89a7b5482ebc3403e9 - - default default] delete failed (client error): The resource could not be found. [pid: 6|app: 0|req: 1397/2762] 10.0.0.28 () {32 vars in 761 bytes} [Wed Jul 8 07:37:24 2026] DELETE /v2.0/vpn/ipsec-site-connections/2ff23218-218f-45f8-9a87-4ba37674beeb => generated 154 bytes in 13 msecs (HTTP/1.1 404) 4 headers in 164 bytes (1 switches on core 0) [pid: 6|app: 0|req: 1398/2763] 10.0.0.28 () {34 vars in 692 bytes} [Wed Jul 8 07:37:24 2026] POST /v2.0/vpn/endpoint-groups => generated 290 bytes in 40 msecs (HTTP/1.1 201) 4 headers in 162 bytes (1 switches on core 0) [pid: 7|app: 0|req: 1366/2764] 10.0.0.28 () {32 vars in 722 bytes} [Wed Jul 8 07:37:24 2026] GET /v2.0/networks/f44ecd5c-bfc6-4159-bd7e-18ba26c6a227 => generated 693 bytes in 75 msecs (HTTP/1.1 200) 4 headers in 157 bytes (1 switches on core 0) [pid: 6|app: 0|req: 1399/2765] 10.0.0.28 () {30 vars in 701 bytes} [Wed Jul 8 07:37:24 2026] PUT /v2.0/vpn/endpoint-groups/aadfd003-ad9f-4770-ad6e-1928a6982e78 => generated 290 bytes in 21 msecs (HTTP/1.1 200) 4 headers in 157 bytes (1 switches on core 0) [pid: 7|app: 0|req: 1367/2766] 10.0.0.28 () {32 vars in 744 bytes} [Wed Jul 8 07:37:24 2026] GET /v2.0/vpn/endpoint-groups/aadfd003-ad9f-4770-ad6e-1928a6982e78 => generated 290 bytes in 12 msecs (HTTP/1.1 200) 4 headers in 157 bytes (1 switches on core 0) [pid: 6|app: 0|req: 1400/2767] 10.0.0.28 () {32 vars in 747 bytes} [Wed Jul 8 07:37:24 2026] DELETE /v2.0/vpn/endpoint-groups/aadfd003-ad9f-4770-ad6e-1928a6982e78 => generated 0 bytes in 34 msecs (HTTP/1.1 204) 2 headers in 112 bytes (1 switches on core 0) [pid: 7|app: 0|req: 1368/2768] 10.0.0.28 () {32 vars in 670 bytes} [Wed Jul 8 07:37:24 2026] GET /v2.0/vpn/endpoint-groups => generated 633 bytes in 15 msecs (HTTP/1.1 200) 4 headers in 157 bytes (1 switches on core 0) [pid: 6|app: 0|req: 1401/2769] 10.0.0.28 () {32 vars in 670 bytes} [Wed Jul 8 07:37:24 2026] GET /v2.0/vpn/endpoint-groups => generated 633 bytes in 14 msecs (HTTP/1.1 200) 4 headers in 157 bytes (1 switches on core 0) [pid: 7|app: 0|req: 1369/2770] 10.0.0.28 () {34 vars in 684 bytes} [Wed Jul 8 07:37:24 2026] POST /v2.0/vpn/ikepolicies => generated 402 bytes in 62 msecs (HTTP/1.1 201) 4 headers in 162 bytes (1 switches on core 0) [pid: 6|app: 0|req: 1402/2771] 10.0.0.28 () {30 vars in 694 bytes} [Wed Jul 8 07:37:24 2026] PUT /v2.0/vpn/ikepolicies/7a111a75-aa6c-4d11-9363-e3dbefcc85dc => generated 419 bytes in 25 msecs (HTTP/1.1 200) 4 headers in 157 bytes (1 switches on core 0) [pid: 7|app: 0|req: 1370/2772] 10.0.0.28 () {32 vars in 736 bytes} [Wed Jul 8 07:37:24 2026] GET /v2.0/vpn/ikepolicies/7a111a75-aa6c-4d11-9363-e3dbefcc85dc => generated 419 bytes in 13 msecs (HTTP/1.1 200) 4 headers in 157 bytes (1 switches on core 0) [pid: 6|app: 0|req: 1403/2773] 10.0.0.28 () {32 vars in 739 bytes} [Wed Jul 8 07:37:24 2026] DELETE /v2.0/vpn/ikepolicies/7a111a75-aa6c-4d11-9363-e3dbefcc85dc => generated 0 bytes in 25 msecs (HTTP/1.1 204) 2 headers in 112 bytes (1 switches on core 0) [pid: 7|app: 0|req: 1371/2774] 10.0.0.28 () {32 vars in 662 bytes} [Wed Jul 8 07:37:24 2026] GET /v2.0/vpn/ikepolicies => generated 408 bytes in 13 msecs (HTTP/1.1 200) 4 headers in 157 bytes (1 switches on core 0) [pid: 6|app: 0|req: 1404/2775] 10.0.0.28 () {32 vars in 662 bytes} [Wed Jul 8 07:37:24 2026] GET /v2.0/vpn/ikepolicies => generated 408 bytes in 10 msecs (HTTP/1.1 200) 4 headers in 157 bytes (1 switches on core 0) [pid: 7|app: 0|req: 1372/2776] 10.0.0.28 () {34 vars in 688 bytes} [Wed Jul 8 07:37:24 2026] POST /v2.0/vpn/ipsecpolicies => generated 412 bytes in 41 msecs (HTTP/1.1 201) 4 headers in 162 bytes (1 switches on core 0) [pid: 6|app: 0|req: 1405/2777] 10.0.0.28 () {30 vars in 698 bytes} [Wed Jul 8 07:37:25 2026] PUT /v2.0/vpn/ipsecpolicies/56f56ab6-ca54-46c9-8f67-aae1c5219fd4 => generated 431 bytes in 35 msecs (HTTP/1.1 200) 4 headers in 157 bytes (1 switches on core 0)
2026-07-08 07:37:25.075 7 INFO neutron.pecan_wsgi.hooks.translation [None req-507a87a5-4369-476c-a8d7-5d2f9658b314 c21a323da25d4236a35eab79f6cf91a1 c5c6481df1bb4f1e8407942fd5cec3a1 - - default default] GET failed (client error): The resource could not be found. [pid: 7|app: 0|req: 1373/2778] 10.0.0.28 () {32 vars in 722 bytes} [Wed Jul 8 07:37:25 2026] GET /v2.0/networks/f44ecd5c-bfc6-4159-bd7e-18ba26c6a227 => generated 138 bytes in 42 msecs (HTTP/1.1 404) 4 headers in 164 bytes (1 switches on core 0) [pid: 6|app: 0|req: 1406/2779] 10.0.0.28 () {32 vars in 743 bytes} [Wed Jul 8 07:37:25 2026] DELETE /v2.0/vpn/ipsecpolicies/56f56ab6-ca54-46c9-8f67-aae1c5219fd4 => generated 0 bytes in 31 msecs (HTTP/1.1 204) 2 headers in 112 bytes (1 switches on core 0)
2026-07-08 07:37:25.116 6 INFO neutron.api.v2.resource [None req-9b573246-bdba-4351-a69f-b29006a49fa0 4365393797cb4d1cbaa3642a43599a4a 48bbaf30f1b74b89a7b5482ebc3403e9 - - default default] delete failed (client error): The resource could not be found. [pid: 6|app: 0|req: 1407/2780] 10.0.0.28 () {32 vars in 743 bytes} [Wed Jul 8 07:37:25 2026] DELETE /v2.0/vpn/ipsecpolicies/56f56ab6-ca54-46c9-8f67-aae1c5219fd4 => generated 145 bytes in 9 msecs (HTTP/1.1 404) 4 headers in 164 bytes (1 switches on core 0)
2026-07-08 07:37:25.129 6 INFO neutron.api.v2.resource [None req-f4993e99-53fc-4bc5-bd16-60106e584c59 4365393797cb4d1cbaa3642a43599a4a 48bbaf30f1b74b89a7b5482ebc3403e9 - - default default] delete failed (client error): The resource could not be found. [pid: 6|app: 0|req: 1408/2781] 10.0.0.28 () {32 vars in 743 bytes} [Wed Jul 8 07:37:25 2026] DELETE /v2.0/vpn/ipsecpolicies/56f56ab6-ca54-46c9-8f67-aae1c5219fd4 => generated 145 bytes in 8 msecs (HTTP/1.1 404) 4 headers in 164 bytes (1 switches on core 0)
2026-07-08 07:37:25.214 6 INFO neutron.db.segments_db [None req-5ae87849-5281-4552-9fa9-d88ad2428380 4365393797cb4d1cbaa3642a43599a4a 48bbaf30f1b74b89a7b5482ebc3403e9 - - default default] Added segment 8b4d7e0d-13df-468a-b42c-0f9d6bfa1def of type geneve for network 48ab7ce9-ae47-4121-b7c2-ed9c42049950
2026-07-08 07:37:25.215 7 INFO neutron_taas.services.taas.taas_plugin [None req-d52c5a74-dc42-432b-b079-6bd83ba53950 0d9a5a35f1314cf180ee2c8d757a774b 5e6f17fe676341eb8e4c39c340a154d4 - - default default] TaaS: Handle Delete Port: 695fb70d-0891-42a4-bdde-532fc3db9636
2026-07-08 07:37:25.218 7 INFO neutron_taas.services.taas.tap_mirror_plugin [None req-d52c5a74-dc42-432b-b079-6bd83ba53950 0d9a5a35f1314cf180ee2c8d757a774b 5e6f17fe676341eb8e4c39c340a154d4 - - default default] Tap Mirror: Handle Delete Port: 695fb70d-0891-42a4-bdde-532fc3db9636
2026-07-08 07:37:25.324 6 INFO neutron.db.ovn_revision_numbers_db [None req-5ae87849-5281-4552-9fa9-d88ad2428380 4365393797cb4d1cbaa3642a43599a4a 48bbaf30f1b74b89a7b5482ebc3403e9 - - default default] Successfully bumped revision number for resource 48ab7ce9-ae47-4121-b7c2-ed9c42049950 (type: networks) to 1
2026-07-08 07:37:25.517 7 INFO neutron.services.segments.plugin [-] Segment ba044f2e-8dd7-4ed5-af1e-8ddcea3325d1 resource provider aggregate not found
2026-07-08 07:37:25.519 6 WARNING neutron.scheduler.dhcp_agent_scheduler [None req-5ae87849-5281-4552-9fa9-d88ad2428380 4365393797cb4d1cbaa3642a43599a4a 48bbaf30f1b74b89a7b5482ebc3403e9 - - default default] No more DHCP agents
2026-07-08 07:37:25.520 6 WARNING neutron.api.rpc.agentnotifiers.dhcp_rpc_agent_api [None req-5ae87849-5281-4552-9fa9-d88ad2428380 4365393797cb4d1cbaa3642a43599a4a 48bbaf30f1b74b89a7b5482ebc3403e9 - - default default] Unable to schedule network 48ab7ce9-ae47-4121-b7c2-ed9c42049950: no agents available; will retry on subsequent port and subnet creation events.
2026-07-08 07:37:25.519 7 INFO neutron.services.segments.plugin [-] Segment ba044f2e-8dd7-4ed5-af1e-8ddcea3325d1 resource provider aggregate not found
2026-07-08 07:37:25.539 7 INFO neutron.services.segments.plugin [-] Client error retrieving segment ba044f2e-8dd7-4ed5-af1e-8ddcea3325d1 resource provider; error: Placement Client Error (4xx): {"errors": [{"status": 404, "title": "Not Found", "detail": "The resource could not be found.\n\n No resource provider with uuid ba044f2e-8dd7-4ed5-af1e-8ddcea3325d1 found for delete ", "request_id": "req-7861f342-78e5-4f2e-a09d-82af4a8de9c8"}]}
2026-07-08 07:37:25.545 7 INFO neutron.services.segments.plugin [-] Client error retrieving segment ba044f2e-8dd7-4ed5-af1e-8ddcea3325d1 resource provider; error: Placement Client Error (4xx): {"errors": [{"status": 404, "title": "Not Found", "detail": "The resource could not be found.\n\n No resource provider with uuid ba044f2e-8dd7-4ed5-af1e-8ddcea3325d1 found for delete ", "request_id": "req-173cc55a-4e68-49ba-9448-9236af4ea63a"}]} [pid: 7|app: 0|req: 1374/2782] 10.0.0.28 () {32 vars in 725 bytes} [Wed Jul 8 07:37:25 2026] DELETE /v2.0/networks/f44ecd5c-bfc6-4159-bd7e-18ba26c6a227 => generated 0 bytes in 503 msecs (HTTP/1.1 204) 3 headers in 131 bytes (1 switches on core 0)
2026-07-08 07:37:25.593 6 INFO neutron.plugins.ml2.drivers.ovn.mech_driver.mech_driver [None req-cb96959c-cb9f-4890-8031-1bb38cd56c4f - - - - - -] OVN reports status down for port: da2ba5bf-0751-4f27-945d-600cd634940b
2026-07-08 07:37:25.611 7 INFO neutron.pecan_wsgi.hooks.translation [None req-8d604f55-c7d8-4014-8367-777f3ff7fcef 0d9a5a35f1314cf180ee2c8d757a774b 5e6f17fe676341eb8e4c39c340a154d4 - - default default] DELETE failed (client error): The resource could not be found. [pid: 7|app: 0|req: 1375/2783] 10.0.0.28 () {32 vars in 723 bytes} [Wed Jul 8 07:37:25 2026] DELETE /v2.0/subnets/e9231821-dc6f-4394-a2a4-71f93861528a => generated 136 bytes in 28 msecs (HTTP/1.1 404) 4 headers in 164 bytes (1 switches on core 0)
2026-07-08 07:37:25.632 7 INFO neutron.pecan_wsgi.hooks.translation [None req-cf858850-865b-4f56-995c-3470a2ad0be4 0d9a5a35f1314cf180ee2c8d757a774b 5e6f17fe676341eb8e4c39c340a154d4 - - default default] DELETE failed (client error): The resource could not be found. [pid: 7|app: 0|req: 1376/2784] 10.0.0.28 () {32 vars in 723 bytes} [Wed Jul 8 07:37:25 2026] DELETE /v2.0/subnets/c277f90a-c0cd-4151-a164-7f7378f2d7ea => generated 136 bytes in 14 msecs (HTTP/1.1 404) 4 headers in 164 bytes (1 switches on core 0)
2026-07-08 07:37:25.650 6 INFO neutron.db.ovn_revision_numbers_db [None req-5ae87849-5281-4552-9fa9-d88ad2428380 4365393797cb4d1cbaa3642a43599a4a 48bbaf30f1b74b89a7b5482ebc3403e9 - - default default] Successfully bumped revision number for resource da2ba5bf-0751-4f27-945d-600cd634940b (type: ports) to 1
2026-07-08 07:37:25.653 7 INFO neutron.pecan_wsgi.hooks.translation [None req-4d34035b-6883-4f8a-8b1c-dab10750cc25 0d9a5a35f1314cf180ee2c8d757a774b 5e6f17fe676341eb8e4c39c340a154d4 - - default default] DELETE failed (client error): The resource could not be found. [pid: 7|app: 0|req: 1377/2785] 10.0.0.28 () {32 vars in 723 bytes} [Wed Jul 8 07:37:25 2026] DELETE /v2.0/subnets/fed57fdc-62e0-4b15-a60d-868f7efde5c1 => generated 136 bytes in 15 msecs (HTTP/1.1 404) 4 headers in 164 bytes (1 switches on core 0) [pid: 6|app: 0|req: 1409/2786] 10.0.0.28 () {34 vars in 669 bytes} [Wed Jul 8 07:37:25 2026] POST /v2.0/networks => generated 669 bytes in 556 msecs (HTTP/1.1 201) 4 headers in 162 bytes (1 switches on core 0)
2026-07-08 07:37:25.913 7 WARNING neutron.scheduler.dhcp_agent_scheduler [None req-9f270d2c-7248-4c3d-89fd-803c881f1f5e 4365393797cb4d1cbaa3642a43599a4a 48bbaf30f1b74b89a7b5482ebc3403e9 - - default default] No more DHCP agents
2026-07-08 07:37:25.915 7 WARNING neutron.api.rpc.agentnotifiers.dhcp_rpc_agent_api [None req-9f270d2c-7248-4c3d-89fd-803c881f1f5e 4365393797cb4d1cbaa3642a43599a4a 48bbaf30f1b74b89a7b5482ebc3403e9 - - default default] Unable to schedule network 48ab7ce9-ae47-4121-b7c2-ed9c42049950: no agents available; will retry on subsequent port and subnet creation events.
2026-07-08 07:37:26.389 7 INFO neutron.db.ovn_revision_numbers_db [None req-1d6da830-9132-45d3-baec-2e171021595d - - - - - -] Successfully bumped revision number for resource da2ba5bf-0751-4f27-945d-600cd634940b (type: ports) to 2
2026-07-08 07:37:26.422 7 INFO neutron.db.ovn_revision_numbers_db [None req-1d6da830-9132-45d3-baec-2e171021595d - - - - - -] Successfully bumped revision number for resource 2dfe5ffb-4b9b-429b-9d33-388c0e53ccfc (type: subnets) to 0 [pid: 7|app: 0|req: 1378/2789] 10.0.0.28 () {34 vars in 668 bytes} [Wed Jul 8 07:37:25 2026] POST /v2.0/subnets => generated 629 bytes in 745 msecs (HTTP/1.1 201) 4 headers in 162 bytes (1 switches on core 0) [pid: 7|app: 0|req: 1379/2790] 10.0.0.28 () {32 vars in 773 bytes} [Wed Jul 8 07:37:26 2026] GET /v2.0/security-groups?tenant_id=5e6f17fe676341eb8e4c39c340a154d4&name=default => generated 2929 bytes in 163 msecs (HTTP/1.1 200) 4 headers in 158 bytes (1 switches on core 0) [pid: 7|app: 0|req: 1380/2791] 10.0.0.28 () {32 vars in 739 bytes} [Wed Jul 8 07:37:26 2026] DELETE /v2.0/security-groups/2fd741c6-6a37-448a-bc2f-1103b9dc898a => generated 0 bytes in 236 msecs (HTTP/1.1 204) 2 headers in 112 bytes (1 switches on core 0)
2026-07-08 07:37:26.998 6 WARNING neutron.scheduler.dhcp_agent_scheduler [None req-7b191bb7-c9f4-4636-aecb-c30787519ccf 4365393797cb4d1cbaa3642a43599a4a 48bbaf30f1b74b89a7b5482ebc3403e9 - - default default] No more DHCP agents
2026-07-08 07:37:26.999 6 WARNING neutron.api.rpc.agentnotifiers.dhcp_rpc_agent_api [None req-7b191bb7-c9f4-4636-aecb-c30787519ccf 4365393797cb4d1cbaa3642a43599a4a 48bbaf30f1b74b89a7b5482ebc3403e9 - - default default] Unable to schedule network 37623b1f-7359-489e-98d5-af5f42f35d38: no agents available; will retry on subsequent port and subnet creation events.
2026-07-08 07:37:27.101 6 INFO neutron.plugins.ml2.drivers.ovn.mech_driver.mech_driver [None req-cb96959c-cb9f-4890-8031-1bb38cd56c4f - - - - - -] OVN reports status down for port: 99fc5211-5fb0-4894-b086-1463f9e27ff5
2026-07-08 07:37:27.133 7 INFO neutron.db.ovn_revision_numbers_db [None req-e1d52e8b-aa50-421a-aa4a-d4decb0f9273 c56b17a9a28f4c22a69735ceb395b977 8d718eba4caf46129dca3f9df837b30a - - default default] Successfully bumped revision number for resource 5bf29a1e-7f4c-4967-ab47-4b7a08f520e8 (type: security_groups) to 1
2026-07-08 07:37:27.144 7 INFO neutron.db.ovn_revision_numbers_db [None req-e1d52e8b-aa50-421a-aa4a-d4decb0f9273 c56b17a9a28f4c22a69735ceb395b977 8d718eba4caf46129dca3f9df837b30a - - default default] Successfully bumped revision number for resource 530b2b08-801a-468e-a47f-3639ded1bee4 (type: security_group_rules) to 0
2026-07-08 07:37:27.156 7 INFO neutron.db.ovn_revision_numbers_db [None req-e1d52e8b-aa50-421a-aa4a-d4decb0f9273 c56b17a9a28f4c22a69735ceb395b977 8d718eba4caf46129dca3f9df837b30a - - default default] Successfully bumped revision number for resource db600323-1122-4419-961e-d69dcc653d12 (type: security_group_rules) to 0
2026-07-08 07:37:27.166 7 INFO neutron.db.ovn_revision_numbers_db [None req-e1d52e8b-aa50-421a-aa4a-d4decb0f9273 c56b17a9a28f4c22a69735ceb395b977 8d718eba4caf46129dca3f9df837b30a - - default default] Successfully bumped revision number for resource db74b28f-28c2-46f8-94e3-4092664984b8 (type: security_group_rules) to 0
2026-07-08 07:37:27.166 6 INFO neutron.db.ovn_revision_numbers_db [None req-7b191bb7-c9f4-4636-aecb-c30787519ccf 4365393797cb4d1cbaa3642a43599a4a 48bbaf30f1b74b89a7b5482ebc3403e9 - - default default] Successfully bumped revision number for resource 99fc5211-5fb0-4894-b086-1463f9e27ff5 (type: ports) to 1
2026-07-08 07:37:27.178 7 INFO neutron.db.ovn_revision_numbers_db [None req-e1d52e8b-aa50-421a-aa4a-d4decb0f9273 c56b17a9a28f4c22a69735ceb395b977 8d718eba4caf46129dca3f9df837b30a - - default default] Successfully bumped revision number for resource e73cde82-c0e8-4b6d-a1e4-513066143b5f (type: security_group_rules) to 0 [pid: 7|app: 0|req: 1381/2792] 10.0.0.28 () {32 vars in 773 bytes} [Wed Jul 8 07:37:27 2026] GET /v2.0/security-groups?tenant_id=c5c6481df1bb4f1e8407942fd5cec3a1&name=default => generated 2929 bytes in 210 msecs (HTTP/1.1 200) 4 headers in 158 bytes (1 switches on core 0) [pid: 7|app: 0|req: 1382/2793] 10.0.0.28 () {32 vars in 739 bytes} [Wed Jul 8 07:37:27 2026] DELETE /v2.0/security-groups/5bf29a1e-7f4c-4967-ab47-4b7a08f520e8 => generated 0 bytes in 235 msecs (HTTP/1.1 204) 2 headers in 112 bytes (1 switches on core 0)
2026-07-08 07:37:27.766 7 INFO neutron.db.ovn_revision_numbers_db [None req-905b6246-c201-4869-991c-1d3fe887eb29 c56b17a9a28f4c22a69735ceb395b977 8d718eba4caf46129dca3f9df837b30a - - default default] Successfully bumped revision number for resource a9f80f4e-96e5-4865-ac6e-0ab98cab8d08 (type: security_groups) to 1
2026-07-08 07:37:27.782 6 INFO neutron.plugins.ml2.drivers.ovn.mech_driver.ovsdb.commands [None req-6862a7b6-c98c-4657-a1fa-39c3412dd8b1 - - - - - -] Schedule LRP lrp-99fc5211-5fb0-4894-b086-1463f9e27ff5 on gateway 1e0bba73-81d1-41f1-8c0f-65ff6ac7d8cc with priority 1
2026-07-08 07:37:27.785 7 INFO neutron.db.ovn_revision_numbers_db [None req-905b6246-c201-4869-991c-1d3fe887eb29 c56b17a9a28f4c22a69735ceb395b977 8d718eba4caf46129dca3f9df837b30a - - default default] Successfully bumped revision number for resource 19ce1bcb-7952-42ee-8b56-8afa9a8f2805 (type: security_group_rules) to 0
2026-07-08 07:37:27.820 7 INFO neutron.db.ovn_revision_numbers_db [None req-905b6246-c201-4869-991c-1d3fe887eb29 c56b17a9a28f4c22a69735ceb395b977 8d718eba4caf46129dca3f9df837b30a - - default default] Successfully bumped revision number for resource 35dcddc3-974b-49dc-880d-ee117e53e038 (type: security_group_rules) to 0
2026-07-08 07:37:27.834 7 INFO neutron.db.ovn_revision_numbers_db [None req-905b6246-c201-4869-991c-1d3fe887eb29 c56b17a9a28f4c22a69735ceb395b977 8d718eba4caf46129dca3f9df837b30a - - default default] Successfully bumped revision number for resource 6d5594fd-b03a-4faa-82de-11bea38bdfe0 (type: security_group_rules) to 0
2026-07-08 07:37:27.835 6 INFO neutron.plugins.ml2.drivers.ovn.mech_driver.mech_driver [None req-cb96959c-cb9f-4890-8031-1bb38cd56c4f - - - - - -] OVN reports status up for port: 99fc5211-5fb0-4894-b086-1463f9e27ff5
2026-07-08 07:37:27.850 7 INFO neutron.db.ovn_revision_numbers_db [None req-905b6246-c201-4869-991c-1d3fe887eb29 c56b17a9a28f4c22a69735ceb395b977 8d718eba4caf46129dca3f9df837b30a - - default default] Successfully bumped revision number for resource ee5c5bfc-f7ce-4726-ab7d-33acb60cd60b (type: security_group_rules) to 0
2026-07-08 07:37:27.863 6 INFO neutron.plugins.ml2.plugin [None req-cb96959c-cb9f-4890-8031-1bb38cd56c4f - - - - - -] Attempt 1 to provision port 99fc5211-5fb0-4894-b086-1463f9e27ff5
2026-07-08 07:37:27.899 6 INFO neutron.db.ovn_revision_numbers_db [None req-7b191bb7-c9f4-4636-aecb-c30787519ccf 4365393797cb4d1cbaa3642a43599a4a 48bbaf30f1b74b89a7b5482ebc3403e9 - - default default] Successfully bumped revision number for resource 99fc5211-5fb0-4894-b086-1463f9e27ff5 (type: router_ports) to 1 [pid: 7|app: 0|req: 1383/2794] 10.0.0.28 () {32 vars in 773 bytes} [Wed Jul 8 07:37:27 2026] GET /v2.0/security-groups?tenant_id=a15845d886964f34801dffd16381c538&name=default => generated 2929 bytes in 289 msecs (HTTP/1.1 200) 4 headers in 158 bytes (1 switches on core 0)
2026-07-08 07:37:28.027 6 INFO neutron.db.ovn_revision_numbers_db [None req-7b191bb7-c9f4-4636-aecb-c30787519ccf 4365393797cb4d1cbaa3642a43599a4a 48bbaf30f1b74b89a7b5482ebc3403e9 - - default default] Successfully bumped revision number for resource beb4774f-3e74-442a-ada3-eab92ab42566 (type: routers) to 2 [pid: 6|app: 0|req: 1412/2795] 10.0.0.28 () {34 vars in 668 bytes} [Wed Jul 8 07:37:26 2026] POST /v2.0/routers => generated 937 bytes in 1602 msecs (HTTP/1.1 201) 4 headers in 162 bytes (1 switches on core 0) [pid: 7|app: 0|req: 1384/2796] 10.0.0.28 () {32 vars in 739 bytes} [Wed Jul 8 07:37:27 2026] DELETE /v2.0/security-groups/a9f80f4e-96e5-4865-ac6e-0ab98cab8d08 => generated 0 bytes in 251 msecs (HTTP/1.1 204) 2 headers in 112 bytes (1 switches on core 0)
2026-07-08 07:37:28.568 6 WARNING neutron.scheduler.dhcp_agent_scheduler [None req-99082dd6-5d24-4aa5-8e7d-9bd791f01b13 4365393797cb4d1cbaa3642a43599a4a 48bbaf30f1b74b89a7b5482ebc3403e9 - - default default] No more DHCP agents
2026-07-08 07:37:28.569 6 WARNING neutron.api.rpc.agentnotifiers.dhcp_rpc_agent_api [None req-99082dd6-5d24-4aa5-8e7d-9bd791f01b13 4365393797cb4d1cbaa3642a43599a4a 48bbaf30f1b74b89a7b5482ebc3403e9 - - default default] Unable to schedule network 48ab7ce9-ae47-4121-b7c2-ed9c42049950: no agents available; will retry on subsequent port and subnet creation events.
2026-07-08 07:37:28.709 6 INFO neutron.db.ovn_revision_numbers_db [None req-99082dd6-5d24-4aa5-8e7d-9bd791f01b13 4365393797cb4d1cbaa3642a43599a4a 48bbaf30f1b74b89a7b5482ebc3403e9 - - default default] Successfully bumped revision number for resource 7d3f39f9-ce58-4f7d-8fc3-a7dc473081cf (type: ports) to 1
2026-07-08 07:37:29.420 6 WARNING neutron.scheduler.dhcp_agent_scheduler [None req-99082dd6-5d24-4aa5-8e7d-9bd791f01b13 4365393797cb4d1cbaa3642a43599a4a 48bbaf30f1b74b89a7b5482ebc3403e9 - - default default] No more DHCP agents
2026-07-08 07:37:29.421 6 WARNING neutron.api.rpc.agentnotifiers.dhcp_rpc_agent_api [None req-99082dd6-5d24-4aa5-8e7d-9bd791f01b13 4365393797cb4d1cbaa3642a43599a4a 48bbaf30f1b74b89a7b5482ebc3403e9 - - default default] Unable to schedule network 48ab7ce9-ae47-4121-b7c2-ed9c42049950: no agents available; will retry on subsequent port and subnet creation events.
2026-07-08 07:37:29.806 6 INFO neutron.db.ovn_revision_numbers_db [None req-99082dd6-5d24-4aa5-8e7d-9bd791f01b13 4365393797cb4d1cbaa3642a43599a4a 48bbaf30f1b74b89a7b5482ebc3403e9 - - default default] Successfully bumped revision number for resource 7d3f39f9-ce58-4f7d-8fc3-a7dc473081cf (type: router_ports) to 1 [pid: 6|app: 0|req: 1413/2797] 10.0.0.28 () {34 vars in 782 bytes} [Wed Jul 8 07:37:28 2026] PUT /v2.0/routers/beb4774f-3e74-442a-ada3-eab92ab42566/add_router_interface => generated 309 bytes in 1760 msecs (HTTP/1.1 200) 4 headers in 157 bytes (1 switches on core 0)
2026-07-08 07:37:30.268 7 WARNING neutron.scheduler.dhcp_agent_scheduler [None req-09ff4626-da3d-4c7a-a044-a03054ac2a87 - - - - - -] No more DHCP agents
2026-07-08 07:37:30.270 7 WARNING neutron.api.rpc.agentnotifiers.dhcp_rpc_agent_api [None req-09ff4626-da3d-4c7a-a044-a03054ac2a87 - - - - - -] Unable to schedule network 37623b1f-7359-489e-98d5-af5f42f35d38: no agents available; will retry on subsequent port and subnet creation events.
2026-07-08 07:37:30.410 7 INFO neutron.db.ovn_revision_numbers_db [None req-09ff4626-da3d-4c7a-a044-a03054ac2a87 - - - - - -] Successfully bumped revision number for resource 85024d8c-f7e2-4526-9715-bf200289ff69 (type: ports) to 1
2026-07-08 07:37:30.650 7 INFO neutron.db.ovn_revision_numbers_db [None req-09ff4626-da3d-4c7a-a044-a03054ac2a87 - - - - - -] Successfully bumped revision number for resource 85024d8c-f7e2-4526-9715-bf200289ff69 (type: ports) to 3
2026-07-08 07:37:30.711 7 INFO neutron.db.segments_db [None req-09ff4626-da3d-4c7a-a044-a03054ac2a87 - - - - - -] Added segment 1f9f7d6d-439a-4992-b860-15fb7a197555 of type geneve for network ce870ca8-d164-409d-a843-fa9963431590
2026-07-08 07:37:30.842 7 INFO neutron.db.ovn_revision_numbers_db [None req-76512570-cf86-4bd9-867d-22062cdaa4d0 - - - - - -] Successfully bumped revision number for resource ce870ca8-d164-409d-a843-fa9963431590 (type: networks) to 1
2026-07-08 07:37:31.026 7 WARNING neutron.scheduler.dhcp_agent_scheduler [None req-76512570-cf86-4bd9-867d-22062cdaa4d0 - - - - - -] No more DHCP agents
2026-07-08 07:37:31.028 7 WARNING neutron.api.rpc.agentnotifiers.dhcp_rpc_agent_api [None req-76512570-cf86-4bd9-867d-22062cdaa4d0 - - - - - -] Unable to schedule network ce870ca8-d164-409d-a843-fa9963431590: no agents available; will retry on subsequent port and subnet creation events.
2026-07-08 07:37:31.120 7 INFO neutron.db.ovn_revision_numbers_db [None req-76512570-cf86-4bd9-867d-22062cdaa4d0 - - - - - -] Successfully bumped revision number for resource 5b7f2b5c-bcfc-477b-958d-469361c1f948 (type: ports) to 1
2026-07-08 07:37:31.243 7 WARNING neutron.scheduler.dhcp_agent_scheduler [None req-76512570-cf86-4bd9-867d-22062cdaa4d0 - - - - - -] No more DHCP agents
2026-07-08 07:37:31.245 7 WARNING neutron.api.rpc.agentnotifiers.dhcp_rpc_agent_api [None req-76512570-cf86-4bd9-867d-22062cdaa4d0 - - - - - -] Unable to schedule network ce870ca8-d164-409d-a843-fa9963431590: no agents available; will retry on subsequent port and subnet creation events.
2026-07-08 07:37:31.269 7 INFO neutron.db.ovn_revision_numbers_db [None req-76512570-cf86-4bd9-867d-22062cdaa4d0 - - - - - -] Successfully bumped revision number for resource 62d9fb0f-2715-49cd-8559-f1ffa2d728e8 (type: subnets) to 0
2026-07-08 07:37:31.654 7 WARNING neutron.scheduler.dhcp_agent_scheduler [None req-76512570-cf86-4bd9-867d-22062cdaa4d0 - - - - - -] No more DHCP agents
2026-07-08 07:37:31.657 7 WARNING neutron.api.rpc.agentnotifiers.dhcp_rpc_agent_api [None req-76512570-cf86-4bd9-867d-22062cdaa4d0 - - - - - -] Unable to schedule network ce870ca8-d164-409d-a843-fa9963431590: no agents available; will retry on subsequent port and subnet creation events.
2026-07-08 07:37:31.796 7 INFO neutron.db.ovn_revision_numbers_db [None req-76512570-cf86-4bd9-867d-22062cdaa4d0 - - - - - -] Successfully bumped revision number for resource 51cf3ac4-238a-456c-b990-0b5ae06a1f19 (type: ports) to 1
2026-07-08 07:37:32.446 7 WARNING neutron.scheduler.dhcp_agent_scheduler [None req-76512570-cf86-4bd9-867d-22062cdaa4d0 - - - - - -] No more DHCP agents
2026-07-08 07:37:32.447 7 WARNING neutron.api.rpc.agentnotifiers.dhcp_rpc_agent_api [None req-76512570-cf86-4bd9-867d-22062cdaa4d0 - - - - - -] Unable to schedule network ce870ca8-d164-409d-a843-fa9963431590: no agents available; will retry on subsequent port and subnet creation events.
2026-07-08 07:37:32.528 6 INFO neutron.db.ovn_revision_numbers_db [None req-e6a71546-6701-4872-9e62-339e72827e2e 1e2eb84a2ca145a097f252003bb9dd71 f123ac33cba2479a8ecd07a345bf632d - - default default] Successfully bumped revision number for resource 24a6e3e2-0f31-49d3-aaa4-1f11e5acc0ff (type: security_groups) to 1
2026-07-08 07:37:32.542 6 INFO neutron.db.ovn_revision_numbers_db [None req-e6a71546-6701-4872-9e62-339e72827e2e 1e2eb84a2ca145a097f252003bb9dd71 f123ac33cba2479a8ecd07a345bf632d - - default default] Successfully bumped revision number for resource 107f8307-9bf2-4fe3-a9bb-152f0e70bbb4 (type: security_group_rules) to 0
2026-07-08 07:37:32.557 6 INFO neutron.db.ovn_revision_numbers_db [None req-e6a71546-6701-4872-9e62-339e72827e2e 1e2eb84a2ca145a097f252003bb9dd71 f123ac33cba2479a8ecd07a345bf632d - - default default] Successfully bumped revision number for resource 1f642277-15ef-4e5b-88db-c15edfc68956 (type: security_group_rules) to 0
2026-07-08 07:37:32.568 6 INFO neutron.db.ovn_revision_numbers_db [None req-e6a71546-6701-4872-9e62-339e72827e2e 1e2eb84a2ca145a097f252003bb9dd71 f123ac33cba2479a8ecd07a345bf632d - - default default] Successfully bumped revision number for resource c49a4927-722d-49f3-a7fe-188e3817009c (type: security_group_rules) to 0
2026-07-08 07:37:32.580 6 INFO neutron.db.ovn_revision_numbers_db [None req-e6a71546-6701-4872-9e62-339e72827e2e 1e2eb84a2ca145a097f252003bb9dd71 f123ac33cba2479a8ecd07a345bf632d - - default default] Successfully bumped revision number for resource d2eafda1-f57b-42d5-bc5e-501605e7a437 (type: security_group_rules) to 0
2026-07-08 07:37:32.704 6 INFO neutron.db.ovn_revision_numbers_db [None req-e6a71546-6701-4872-9e62-339e72827e2e 1e2eb84a2ca145a097f252003bb9dd71 f123ac33cba2479a8ecd07a345bf632d - - default default] Successfully bumped revision number for resource 074568b8-9b49-44f9-a7c0-9f9c8a65cf80 (type: security_groups) to 1
2026-07-08 07:37:32.719 6 INFO neutron.db.ovn_revision_numbers_db [None req-e6a71546-6701-4872-9e62-339e72827e2e 1e2eb84a2ca145a097f252003bb9dd71 f123ac33cba2479a8ecd07a345bf632d - - default default] Successfully bumped revision number for resource 6fc82c1f-f381-4379-923c-25289cfe5886 (type: security_group_rules) to 0
2026-07-08 07:37:32.730 6 INFO neutron.db.ovn_revision_numbers_db [None req-e6a71546-6701-4872-9e62-339e72827e2e 1e2eb84a2ca145a097f252003bb9dd71 f123ac33cba2479a8ecd07a345bf632d - - default default] Successfully bumped revision number for resource 80ff5ab6-22ab-4ddd-97e0-6c43c12f4312 (type: security_group_rules) to 0 [pid: 6|app: 0|req: 1414/2798] 10.0.0.28 () {34 vars in 683 bytes} [Wed Jul 8 07:37:32 2026] POST /v2.0/security-groups => generated 1603 bytes in 571 msecs (HTTP/1.1 201) 4 headers in 163 bytes (1 switches on core 0)
2026-07-08 07:37:32.932 6 INFO neutron.db.ovn_revision_numbers_db [None req-859b0480-89b2-4321-8d67-47763b0c82e8 1e2eb84a2ca145a097f252003bb9dd71 f123ac33cba2479a8ecd07a345bf632d - - default default] Successfully bumped revision number for resource f958ad8e-b9a4-4282-bd47-b29e925d562b (type: security_groups) to 1
2026-07-08 07:37:32.958 7 INFO neutron.db.ovn_revision_numbers_db [None req-76512570-cf86-4bd9-867d-22062cdaa4d0 - - - - - -] Successfully bumped revision number for resource 51cf3ac4-238a-456c-b990-0b5ae06a1f19 (type: router_ports) to 1
2026-07-08 07:37:32.964 6 INFO neutron.db.ovn_revision_numbers_db [None req-859b0480-89b2-4321-8d67-47763b0c82e8 1e2eb84a2ca145a097f252003bb9dd71 f123ac33cba2479a8ecd07a345bf632d - - default default] Successfully bumped revision number for resource 20e04cdb-5fab-4b54-bb08-fc0453827b47 (type: security_group_rules) to 0
2026-07-08 07:37:32.999 6 INFO neutron.db.ovn_revision_numbers_db [None req-859b0480-89b2-4321-8d67-47763b0c82e8 1e2eb84a2ca145a097f252003bb9dd71 f123ac33cba2479a8ecd07a345bf632d - - default default] Successfully bumped revision number for resource e006e4b2-63f5-45b0-84e1-ba04ada76060 (type: security_group_rules) to 0 [pid: 6|app: 0|req: 1415/2799] 10.0.0.28 () {34 vars in 683 bytes} [Wed Jul 8 07:37:32 2026] POST /v2.0/security-groups => generated 1603 bytes in 292 msecs (HTTP/1.1 201) 4 headers in 163 bytes (1 switches on core 0)
2026-07-08 07:37:33.189 6 INFO neutron.db.ovn_revision_numbers_db [None req-147796cb-b8f1-4adb-b016-a179426a4041 1e2eb84a2ca145a097f252003bb9dd71 f123ac33cba2479a8ecd07a345bf632d - - default default] Successfully bumped revision number for resource d6caeb11-6e32-4879-ba98-a033cbf69503 (type: security_groups) to 1
2026-07-08 07:37:33.200 7 WARNING neutron.scheduler.dhcp_agent_scheduler [None req-76512570-cf86-4bd9-867d-22062cdaa4d0 - - - - - -] No more DHCP agents
2026-07-08 07:37:33.200 6 INFO neutron.db.ovn_revision_numbers_db [None req-147796cb-b8f1-4adb-b016-a179426a4041 1e2eb84a2ca145a097f252003bb9dd71 f123ac33cba2479a8ecd07a345bf632d - - default default] Successfully bumped revision number for resource 1d659598-f3ab-46ab-8683-db73358fea74 (type: security_group_rules) to 0
2026-07-08 07:37:33.201 7 WARNING neutron.api.rpc.agentnotifiers.dhcp_rpc_agent_api [None req-76512570-cf86-4bd9-867d-22062cdaa4d0 - - - - - -] Unable to schedule network ce870ca8-d164-409d-a843-fa9963431590: no agents available; will retry on subsequent port and subnet creation events.
2026-07-08 07:37:33.211 6 INFO neutron.db.ovn_revision_numbers_db [None req-147796cb-b8f1-4adb-b016-a179426a4041 1e2eb84a2ca145a097f252003bb9dd71 f123ac33cba2479a8ecd07a345bf632d - - default default] Successfully bumped revision number for resource 24ebef5f-34ca-4dad-bbd3-4409191b1eff (type: security_group_rules) to 0 [pid: 6|app: 0|req: 1416/2800] 10.0.0.28 () {34 vars in 683 bytes} [Wed Jul 8 07:37:33 2026] POST /v2.0/security-groups => generated 1603 bytes in 184 msecs (HTTP/1.1 201) 4 headers in 163 bytes (1 switches on core 0)
2026-07-08 07:37:33.305 7 INFO neutron.plugins.ml2.drivers.ovn.mech_driver.mech_driver [None req-185e2cc4-6fb6-4f5a-809c-85377830badd - - - - - -] OVN reports status down for port: fb549b43-04d1-4cee-aa21-76034de74203
2026-07-08 07:37:33.375 7 INFO neutron.db.ovn_revision_numbers_db [None req-76512570-cf86-4bd9-867d-22062cdaa4d0 - - - - - -] Successfully bumped revision number for resource fb549b43-04d1-4cee-aa21-76034de74203 (type: ports) to 1
2026-07-08 07:37:33.396 6 INFO neutron.db.ovn_revision_numbers_db [None req-a1dcd370-3ebd-430e-8646-28cb74b7af3e 1e2eb84a2ca145a097f252003bb9dd71 f123ac33cba2479a8ecd07a345bf632d - - default default] Successfully bumped revision number for resource 2558eee1-8a9c-418e-8001-5cf744e80b43 (type: security_groups) to 1
2026-07-08 07:37:33.412 6 INFO neutron.db.ovn_revision_numbers_db [None req-a1dcd370-3ebd-430e-8646-28cb74b7af3e 1e2eb84a2ca145a097f252003bb9dd71 f123ac33cba2479a8ecd07a345bf632d - - default default] Successfully bumped revision number for resource 42fa6d5c-f2b7-4b1f-936c-75811c91c69c (type: security_group_rules) to 0
2026-07-08 07:37:33.426 6 INFO neutron.db.ovn_revision_numbers_db [None req-a1dcd370-3ebd-430e-8646-28cb74b7af3e 1e2eb84a2ca145a097f252003bb9dd71 f123ac33cba2479a8ecd07a345bf632d - - default default] Successfully bumped revision number for resource 46f147bc-0f22-4c15-a9cb-cd5e6b6f3bae (type: security_group_rules) to 0 [pid: 6|app: 0|req: 1417/2801] 10.0.0.28 () {34 vars in 683 bytes} [Wed Jul 8 07:37:33 2026] POST /v2.0/security-groups => generated 1603 bytes in 209 msecs (HTTP/1.1 201) 4 headers in 163 bytes (1 switches on core 0)
2026-07-08 07:37:33.576 6 INFO neutron.db.ovn_revision_numbers_db [None req-695036a7-6434-475b-b2a1-54652db6181f 1e2eb84a2ca145a097f252003bb9dd71 f123ac33cba2479a8ecd07a345bf632d - - default default] Successfully bumped revision number for resource f7a7aeda-dd09-4a1c-8bc0-2f8217c6955e (type: security_groups) to 1
2026-07-08 07:37:33.586 6 INFO neutron.db.ovn_revision_numbers_db [None req-695036a7-6434-475b-b2a1-54652db6181f 1e2eb84a2ca145a097f252003bb9dd71 f123ac33cba2479a8ecd07a345bf632d - - default default] Successfully bumped revision number for resource 01936b70-2616-4756-83bc-19b91e4c5f43 (type: security_group_rules) to 0
2026-07-08 07:37:33.597 6 INFO neutron.db.ovn_revision_numbers_db [None req-695036a7-6434-475b-b2a1-54652db6181f 1e2eb84a2ca145a097f252003bb9dd71 f123ac33cba2479a8ecd07a345bf632d - - default default] Successfully bumped revision number for resource 0e1b7f8e-2f74-4e14-af68-459a98f20d17 (type: security_group_rules) to 0
2026-07-08 07:37:33.637 7 INFO neutron.db.ovn_revision_numbers_db [None req-76512570-cf86-4bd9-867d-22062cdaa4d0 - - - - - -] Successfully bumped revision number for resource fb549b43-04d1-4cee-aa21-76034de74203 (type: ports) to 3 [pid: 6|app: 0|req: 1418/2802] 10.0.0.28 () {34 vars in 683 bytes} [Wed Jul 8 07:37:33 2026] POST /v2.0/security-groups => generated 1603 bytes in 175 msecs (HTTP/1.1 201) 4 headers in 163 bytes (1 switches on core 0) [pid: 6|app: 0|req: 1419/2803] 10.0.0.28 () {34 vars in 766 bytes} [Wed Jul 8 07:37:33 2026] PUT /v2.0/security-groups/074568b8-9b49-44f9-a7c0-9f9c8a65cf80/tags => generated 17 bytes in 59 msecs (HTTP/1.1 200) 4 headers in 156 bytes (1 switches on core 0) [pid: 6|app: 0|req: 1420/2804] 10.0.0.28 () {34 vars in 766 bytes} [Wed Jul 8 07:37:33 2026] PUT /v2.0/security-groups/f958ad8e-b9a4-4282-bd47-b29e925d562b/tags => generated 25 bytes in 55 msecs (HTTP/1.1 200) 4 headers in 156 bytes (1 switches on core 0) [pid: 7|app: 0|req: 1385/2805] 10.0.0.28 () {34 vars in 684 bytes} [Wed Jul 8 07:37:29 2026] POST /v2.0/vpn/vpnservices => generated 458 bytes in 3983 msecs (HTTP/1.1 201) 4 headers in 162 bytes (1 switches on core 0) [pid: 7|app: 0|req: 1386/2806] 10.0.0.28 () {32 vars in 662 bytes} [Wed Jul 8 07:37:33 2026] GET /v2.0/vpn/vpnservices => generated 1313 bytes in 13 msecs (HTTP/1.1 200) 4 headers in 158 bytes (1 switches on core 0) [pid: 6|app: 0|req: 1421/2807] 10.0.0.28 () {34 vars in 766 bytes} [Wed Jul 8 07:37:33 2026] PUT /v2.0/security-groups/d6caeb11-6e32-4879-ba98-a033cbf69503/tags => generated 34 bytes in 78 msecs (HTTP/1.1 200) 4 headers in 156 bytes (1 switches on core 0)
2026-07-08 07:37:33.875 6 WARNING neutron.plugins.ml2.drivers.ovn.mech_driver.ovsdb.ovn_client [None req-cb96959c-cb9f-4890-8031-1bb38cd56c4f - - - - - -] No hosting information found for port 99fc5211-5fb0-4894-b086-1463f9e27ff5: RuntimeError: No hosting information found for port 99fc5211-5fb0-4894-b086-1463f9e27ff5
2026-07-08 07:37:33.875 6 INFO neutron.plugins.ml2.drivers.ovn.mech_driver.mech_driver [None req-cb96959c-cb9f-4890-8031-1bb38cd56c4f - - - - - -] OVN reports status down for port: 7d3f39f9-ce58-4f7d-8fc3-a7dc473081cf [pid: 6|app: 0|req: 1422/2808] 10.0.0.28 () {34 vars in 766 bytes} [Wed Jul 8 07:37:33 2026] PUT /v2.0/security-groups/2558eee1-8a9c-418e-8001-5cf744e80b43/tags => generated 19 bytes in 107 msecs (HTTP/1.1 200) 4 headers in 156 bytes (1 switches on core 0)
2026-07-08 07:37:33.974 6 WARNING neutron.plugins.ml2.drivers.ovn.mech_driver.ovsdb.ovn_client [None req-cb96959c-cb9f-4890-8031-1bb38cd56c4f - - - - - -] Logical_Switch_Port 7d3f39f9-ce58-4f7d-8fc3-a7dc473081cf host information not removed, the port state is up
2026-07-08 07:37:33.975 6 INFO neutron.plugins.ml2.drivers.ovn.mech_driver.mech_driver [None req-cb96959c-cb9f-4890-8031-1bb38cd56c4f - - - - - -] OVN reports status up for port: 7d3f39f9-ce58-4f7d-8fc3-a7dc473081cf
2026-07-08 07:37:34.004 6 INFO neutron.plugins.ml2.plugin [None req-cb96959c-cb9f-4890-8031-1bb38cd56c4f - - - - - -] Attempt 1 to provision port 7d3f39f9-ce58-4f7d-8fc3-a7dc473081cf [pid: 6|app: 0|req: 1423/2809] 10.0.0.28 () {32 vars in 679 bytes} [Wed Jul 8 07:37:33 2026] GET /v2.0/security-groups?tags=red => generated 4810 bytes in 81 msecs (HTTP/1.1 200) 4 headers in 158 bytes (1 switches on core 0)
2026-07-08 07:37:34.042 7 INFO neutron_taas.services.taas.taas_plugin [None req-be636137-6f28-4907-90ea-3e5e06396ce4 4365393797cb4d1cbaa3642a43599a4a 48bbaf30f1b74b89a7b5482ebc3403e9 - - default default] TaaS: Handle Delete Port: 85024d8c-f7e2-4526-9715-bf200289ff69
2026-07-08 07:37:34.044 7 INFO neutron_taas.services.taas.tap_mirror_plugin [None req-be636137-6f28-4907-90ea-3e5e06396ce4 4365393797cb4d1cbaa3642a43599a4a 48bbaf30f1b74b89a7b5482ebc3403e9 - - default default] Tap Mirror: Handle Delete Port: 85024d8c-f7e2-4526-9715-bf200289ff69 [pid: 6|app: 0|req: 1424/2810] 10.0.0.28 () {32 vars in 693 bytes} [Wed Jul 8 07:37:34 2026] GET /v2.0/security-groups?tags=red%2Cblue => generated 3222 bytes in 67 msecs (HTTP/1.1 200) 4 headers in 158 bytes (1 switches on core 0) [pid: 6|app: 0|req: 1425/2811] 10.0.0.28 () {32 vars in 689 bytes} [Wed Jul 8 07:37:34 2026] GET /v2.0/security-groups?tags-any=blue => generated 3222 bytes in 76 msecs (HTTP/1.1 200) 4 headers in 158 bytes (1 switches on core 0)
2026-07-08 07:37:34.289 7 INFO neutron_taas.services.taas.taas_plugin [None req-db52ae1c-f60b-4d95-8a54-37b322b4578a - - - - - -] TaaS: Handle Delete Port: fb549b43-04d1-4cee-aa21-76034de74203
2026-07-08 07:37:34.292 7 INFO neutron_taas.services.taas.tap_mirror_plugin [None req-db52ae1c-f60b-4d95-8a54-37b322b4578a - - - - - -] Tap Mirror: Handle Delete Port: fb549b43-04d1-4cee-aa21-76034de74203
2026-07-08 07:37:34.625 7 INFO neutron_taas.services.taas.taas_plugin [None req-ae2cb063-fbf0-43d3-bc55-4f147589594c - - - - - -] TaaS: Handle Delete Port: 51cf3ac4-238a-456c-b990-0b5ae06a1f19
2026-07-08 07:37:34.627 7 INFO neutron_taas.services.taas.tap_mirror_plugin [None req-ae2cb063-fbf0-43d3-bc55-4f147589594c - - - - - -] Tap Mirror: Handle Delete Port: 51cf3ac4-238a-456c-b990-0b5ae06a1f19 [pid: 6|app: 0|req: 1426/2812] 10.0.0.28 () {32 vars in 701 bytes} [Wed Jul 8 07:37:34 2026] GET /v2.0/security-groups?tags-any=red%2Cblue => generated 4810 bytes in 786 msecs (HTTP/1.1 200) 4 headers in 158 bytes (1 switches on core 0) [pid: 6|app: 0|req: 1427/2813] 10.0.0.28 () {32 vars in 687 bytes} [Wed Jul 8 07:37:34 2026] GET /v2.0/security-groups?not-tags=red => generated 6102 bytes in 85 msecs (HTTP/1.1 200) 4 headers in 158 bytes (1 switches on core 0) [pid: 6|app: 0|req: 1428/2814] 10.0.0.28 () {32 vars in 701 bytes} [Wed Jul 8 07:37:35 2026] GET /v2.0/security-groups?not-tags=red%2Cblue => generated 7690 bytes in 74 msecs (HTTP/1.1 200) 4 headers in 158 bytes (1 switches on core 0) [pid: 6|app: 0|req: 1429/2815] 10.0.0.28 () {32 vars in 697 bytes} [Wed Jul 8 07:37:35 2026] GET /v2.0/security-groups?not-tags-any=blue => generated 7690 bytes in 93 msecs (HTTP/1.1 200) 4 headers in 158 bytes (1 switches on core 0) [pid: 6|app: 0|req: 1430/2816] 10.0.0.28 () {32 vars in 709 bytes} [Wed Jul 8 07:37:35 2026] GET /v2.0/security-groups?not-tags-any=red%2Cblue => generated 6102 bytes in 60 msecs (HTTP/1.1 200) 4 headers in 158 bytes (1 switches on core 0)
2026-07-08 07:37:35.439 7 INFO neutron_taas.services.taas.taas_plugin [None req-ae2cb063-fbf0-43d3-bc55-4f147589594c - - - - - -] TaaS: Handle Delete Port: 5b7f2b5c-bcfc-477b-958d-469361c1f948
2026-07-08 07:37:35.443 7 INFO neutron_taas.services.taas.tap_mirror_plugin [None req-ae2cb063-fbf0-43d3-bc55-4f147589594c - - - - - -] Tap Mirror: Handle Delete Port: 5b7f2b5c-bcfc-477b-958d-469361c1f948
2026-07-08 07:37:35.497 6 INFO neutron.db.ovn_revision_numbers_db [None req-cb96959c-cb9f-4890-8031-1bb38cd56c4f - - - - - -] Successfully bumped revision number for resource 7d3f39f9-ce58-4f7d-8fc3-a7dc473081cf (type: ports) to 2 [pid: 6|app: 0|req: 1431/2817] 10.0.0.28 () {32 vars in 739 bytes} [Wed Jul 8 07:37:35 2026] DELETE /v2.0/security-groups/074568b8-9b49-44f9-a7c0-9f9c8a65cf80 => generated 0 bytes in 263 msecs (HTTP/1.1 204) 2 headers in 112 bytes (1 switches on core 0) [pid: 7|app: 0|req: 1387/2818] 10.0.0.28 () {32 vars in 739 bytes} [Wed Jul 8 07:37:33 2026] DELETE /v2.0/vpn/vpnservices/4299697b-e1df-4912-9db3-089820edb810 => generated 0 bytes in 1830 msecs (HTTP/1.1 204) 2 headers in 112 bytes (1 switches on core 0) /var/lib/openstack/lib/python3.12/site-packages/pycadf/identifier.py:70: UserWarning: Invalid uuid: neutron. To ensure interoperability, identifiers should be a valid uuid. warnings.warn(('Invalid uuid: %s. To ensure interoperability, ' [pid: 7|app: 0|req: 1388/2819] 10.0.0.28 () {32 vars in 662 bytes} [Wed Jul 8 07:37:35 2026] GET /v2.0/vpn/vpnservices => generated 869 bytes in 11 msecs (HTTP/1.1 200) 4 headers in 157 bytes (1 switches on core 0)
2026-07-08 07:37:35.717 7 INFO neutron.services.segments.plugin [-] Segment 1f9f7d6d-439a-4992-b860-15fb7a197555 resource provider aggregate not found
2026-07-08 07:37:35.733 7 INFO neutron.services.segments.plugin [-] Segment 1f9f7d6d-439a-4992-b860-15fb7a197555 resource provider aggregate not found
2026-07-08 07:37:35.741 7 INFO neutron.services.segments.plugin [-] Client error retrieving segment 1f9f7d6d-439a-4992-b860-15fb7a197555 resource provider; error: Placement Client Error (4xx): {"errors": [{"status": 404, "title": "Not Found", "detail": "The resource could not be found.\n\n No resource provider with uuid 1f9f7d6d-439a-4992-b860-15fb7a197555 found for delete ", "request_id": "req-7c2bdcb2-65ad-4661-9dbc-9a48e960b99e"}]}
2026-07-08 07:37:35.751 7 INFO neutron.services.segments.plugin [-] Client error retrieving segment 1f9f7d6d-439a-4992-b860-15fb7a197555 resource provider; error: Placement Client Error (4xx): {"errors": [{"status": 404, "title": "Not Found", "detail": "The resource could not be found.\n\n No resource provider with uuid 1f9f7d6d-439a-4992-b860-15fb7a197555 found for delete ", "request_id": "req-508a2966-54e6-4bac-8020-cfd6438eb731"}]}
2026-07-08 07:37:35.753 7 INFO neutron.api.v2.resource [None req-95398a77-adfa-408f-bf0c-dc06a86ecea2 4365393797cb4d1cbaa3642a43599a4a 48bbaf30f1b74b89a7b5482ebc3403e9 - - default default] create failed (client error): The server could not comply with the request since it is either malformed or otherwise incorrect. [pid: 7|app: 0|req: 1389/2820] 10.0.0.28 () {34 vars in 706 bytes} [Wed Jul 8 07:37:35 2026] POST /v2.0/vpn/ipsec-site-connections => generated 127 bytes in 74 msecs (HTTP/1.1 400) 4 headers in 166 bytes (1 switches on core 0) [pid: 6|app: 0|req: 1432/2821] 10.0.0.28 () {32 vars in 739 bytes} [Wed Jul 8 07:37:35 2026] DELETE /v2.0/security-groups/f958ad8e-b9a4-4282-bd47-b29e925d562b => generated 0 bytes in 202 msecs (HTTP/1.1 204) 2 headers in 112 bytes (1 switches on core 0)
2026-07-08 07:37:35.829 7 INFO neutron.api.v2.resource [None req-005570aa-626a-4c49-971a-0fb336e70cdb 4365393797cb4d1cbaa3642a43599a4a 48bbaf30f1b74b89a7b5482ebc3403e9 - - default default] create failed (client error): The server could not comply with the request since it is either malformed or otherwise incorrect. [pid: 7|app: 0|req: 1390/2822] 10.0.0.28 () {34 vars in 706 bytes} [Wed Jul 8 07:37:35 2026] POST /v2.0/vpn/ipsec-site-connections => generated 136 bytes in 69 msecs (HTTP/1.1 400) 4 headers in 166 bytes (1 switches on core 0)
2026-07-08 07:37:35.842 7 WARNING neutron.api.v2.base [None req-8800f713-0387-4a70-95bf-4b98bd78da2b 4365393797cb4d1cbaa3642a43599a4a 48bbaf30f1b74b89a7b5482ebc3403e9 - - default default] An exception happened while processing the request body. The exception message is [Invalid input for dpd. Reason: '59' is not a dictionary.].: webob.exc.HTTPBadRequest: Invalid input for dpd. Reason: '59' is not a dictionary.
2026-07-08 07:37:35.843 7 INFO neutron.api.v2.resource [None req-8800f713-0387-4a70-95bf-4b98bd78da2b 4365393797cb4d1cbaa3642a43599a4a 48bbaf30f1b74b89a7b5482ebc3403e9 - - default default] create failed (client error): Invalid input for dpd. Reason: '59' is not a dictionary. [pid: 7|app: 0|req: 1391/2823] 10.0.0.28 () {34 vars in 706 bytes} [Wed Jul 8 07:37:35 2026] POST /v2.0/vpn/ipsec-site-connections => generated 129 bytes in 10 msecs (HTTP/1.1 400) 4 headers in 166 bytes (1 switches on core 0) [pid: 7|app: 0|req: 1392/2824] 10.0.0.28 () {34 vars in 692 bytes} [Wed Jul 8 07:37:35 2026] POST /v2.0/vpn/endpoint-groups => generated 293 bytes in 49 msecs (HTTP/1.1 201) 4 headers in 162 bytes (1 switches on core 0) [pid: 6|app: 0|req: 1433/2825] 10.0.0.28 () {32 vars in 739 bytes} [Wed Jul 8 07:37:35 2026] DELETE /v2.0/security-groups/d6caeb11-6e32-4879-ba98-a033cbf69503 => generated 0 bytes in 146 msecs (HTTP/1.1 204) 2 headers in 112 bytes (1 switches on core 0)
