2026-07-08 07:34:12.340 7 INFO neutron_taas.services.taas.taas_plugin [None req-ef943d50-3bc0-4e59-b538-4f6bed72d9a1 c56b17a9a28f4c22a69735ceb395b977 8d718eba4caf46129dca3f9df837b30a - - default default] TaaS: Handle Delete Port: c384c4fd-793b-487e-8059-e67b707655b2
2026-07-08 07:34:12.343 7 INFO neutron_taas.services.taas.tap_mirror_plugin [None req-ef943d50-3bc0-4e59-b538-4f6bed72d9a1 c56b17a9a28f4c22a69735ceb395b977 8d718eba4caf46129dca3f9df837b30a - - default default] Tap Mirror: Handle Delete Port: c384c4fd-793b-487e-8059-e67b707655b2 [pid: 7|app: 0|req: 710/1419] 10.0.0.28 () {34 vars in 788 bytes} [Wed Jul 8 07:34:11 2026] PUT /v2.0/routers/733b1e77-7c3e-415f-91bf-79a14be60c23/remove_router_interface => generated 309 bytes in 1126 msecs (HTTP/1.1 200) 4 headers in 157 bytes (1 switches on core 0) /var/lib/openstack/lib/python3.12/site-packages/pycadf/identifier.py:70: UserWarning: Invalid uuid: neutron. To ensure interoperability, identifiers should be a valid uuid. warnings.warn(('Invalid uuid: %s. To ensure interoperability, '
2026-07-08 07:34:13.221 6 INFO neutron_taas.services.taas.taas_plugin [None req-9b8a9a6a-73cf-431c-b77c-332b0a0d9352 c56b17a9a28f4c22a69735ceb395b977 8d718eba4caf46129dca3f9df837b30a - - default default] TaaS: Handle Delete Port: 428e37dc-af47-4cff-9aa3-851760a3dfbd
2026-07-08 07:34:13.225 6 INFO neutron_taas.services.taas.tap_mirror_plugin [None req-9b8a9a6a-73cf-431c-b77c-332b0a0d9352 c56b17a9a28f4c22a69735ceb395b977 8d718eba4caf46129dca3f9df837b30a - - default default] Tap Mirror: Handle Delete Port: 428e37dc-af47-4cff-9aa3-851760a3dfbd
2026-07-08 07:34:13.469 7 INFO neutron_taas.services.taas.taas_plugin [None req-401a4bed-321d-4c06-9f55-f6a3e7ed9f94 c56b17a9a28f4c22a69735ceb395b977 8d718eba4caf46129dca3f9df837b30a - - default default] TaaS: Handle Delete Port: 52a45318-15b5-46b4-9f70-bb2bb281e658
2026-07-08 07:34:13.473 7 INFO neutron_taas.services.taas.tap_mirror_plugin [None req-401a4bed-321d-4c06-9f55-f6a3e7ed9f94 c56b17a9a28f4c22a69735ceb395b977 8d718eba4caf46129dca3f9df837b30a - - default default] Tap Mirror: Handle Delete Port: 52a45318-15b5-46b4-9f70-bb2bb281e658 [pid: 7|app: 0|req: 711/1420] 10.0.0.28 () {32 vars in 723 bytes} [Wed Jul 8 07:34:13 2026] DELETE /v2.0/routers/733b1e77-7c3e-415f-91bf-79a14be60c23 => generated 0 bytes in 819 msecs (HTTP/1.1 204) 2 headers in 112 bytes (1 switches on core 0) [pid: 6|app: 0|req: 710/1421] 10.0.0.28 () {34 vars in 788 bytes} [Wed Jul 8 07:34:12 2026] PUT /v2.0/routers/5f0ce011-6ca4-4abf-be7a-501ef975cb70/remove_router_interface => generated 309 bytes in 1076 msecs (HTTP/1.1 200) 4 headers in 157 bytes (1 switches on core 0) /var/lib/openstack/lib/python3.12/site-packages/pycadf/identifier.py:70: UserWarning: Invalid uuid: neutron. To ensure interoperability, identifiers should be a valid uuid. warnings.warn(('Invalid uuid: %s. To ensure interoperability, ' [pid: 6|app: 0|req: 711/1422] 10.0.0.28 () {32 vars in 723 bytes} [Wed Jul 8 07:34:13 2026] DELETE /v2.0/subnets/80c1b687-689a-46a9-8cc2-3b7122337df9 => generated 0 bytes in 162 msecs (HTTP/1.1 204) 3 headers in 131 bytes (1 switches on core 0)
2026-07-08 07:34:14.297 6 INFO neutron.db.ovn_revision_numbers_db [None req-71a59ecd-9290-4c54-aca2-02cd61a6b561 c56b17a9a28f4c22a69735ceb395b977 8d718eba4caf46129dca3f9df837b30a - - default default] Successfully bumped revision number for resource 8641b3d7-083a-4506-af3c-aaf4165c2d88 (type: security_groups) to 1
2026-07-08 07:34:14.310 6 INFO neutron.db.ovn_revision_numbers_db [None req-71a59ecd-9290-4c54-aca2-02cd61a6b561 c56b17a9a28f4c22a69735ceb395b977 8d718eba4caf46129dca3f9df837b30a - - default default] Successfully bumped revision number for resource 0ad28284-9c98-4fc6-bd49-db6bf38ef897 (type: security_group_rules) to 0
2026-07-08 07:34:14.320 7 INFO neutron.db.ovn_revision_numbers_db [None req-8a9df716-9cff-43b2-8c9f-d0820381741d d469961909414b04a43f47521dc0e0d9 b7b7091955f64d698f91a364b5c62af7 - - default default] Successfully bumped revision number for resource 7357d045-26cf-4643-b0e7-d8371340d1d6 (type: security_groups) to 1
2026-07-08 07:34:14.324 6 INFO neutron.db.ovn_revision_numbers_db [None req-71a59ecd-9290-4c54-aca2-02cd61a6b561 c56b17a9a28f4c22a69735ceb395b977 8d718eba4caf46129dca3f9df837b30a - - default default] Successfully bumped revision number for resource 403cb8df-0a34-4cec-afb1-c4cf591ee1a6 (type: security_group_rules) to 0
2026-07-08 07:34:14.331 7 INFO neutron.db.ovn_revision_numbers_db [None req-8a9df716-9cff-43b2-8c9f-d0820381741d d469961909414b04a43f47521dc0e0d9 b7b7091955f64d698f91a364b5c62af7 - - default default] Successfully bumped revision number for resource 10b4af0e-fbae-4caa-847c-4b1140c07f6b (type: security_group_rules) to 0
2026-07-08 07:34:14.335 6 INFO neutron.db.ovn_revision_numbers_db [None req-71a59ecd-9290-4c54-aca2-02cd61a6b561 c56b17a9a28f4c22a69735ceb395b977 8d718eba4caf46129dca3f9df837b30a - - default default] Successfully bumped revision number for resource 865d29c7-b57c-4c02-8881-56f65c8ac4b1 (type: security_group_rules) to 0
2026-07-08 07:34:14.344 7 INFO neutron.db.ovn_revision_numbers_db [None req-8a9df716-9cff-43b2-8c9f-d0820381741d d469961909414b04a43f47521dc0e0d9 b7b7091955f64d698f91a364b5c62af7 - - default default] Successfully bumped revision number for resource 36b2a710-edd9-482f-a345-6dc88ba588e5 (type: security_group_rules) to 0
2026-07-08 07:34:14.347 6 INFO neutron.db.ovn_revision_numbers_db [None req-71a59ecd-9290-4c54-aca2-02cd61a6b561 c56b17a9a28f4c22a69735ceb395b977 8d718eba4caf46129dca3f9df837b30a - - default default] Successfully bumped revision number for resource edc745e5-3338-4199-9c43-dd47a6402f7e (type: security_group_rules) to 0
2026-07-08 07:34:14.357 7 INFO neutron.db.ovn_revision_numbers_db [None req-8a9df716-9cff-43b2-8c9f-d0820381741d d469961909414b04a43f47521dc0e0d9 b7b7091955f64d698f91a364b5c62af7 - - default default] Successfully bumped revision number for resource 7c349d45-e6ac-46fb-b3bd-52f232b3aec6 (type: security_group_rules) to 0
2026-07-08 07:34:14.368 7 INFO neutron.db.ovn_revision_numbers_db [None req-8a9df716-9cff-43b2-8c9f-d0820381741d d469961909414b04a43f47521dc0e0d9 b7b7091955f64d698f91a364b5c62af7 - - default default] Successfully bumped revision number for resource 98e8aaf3-b060-450e-8ad4-d1135318428f (type: security_group_rules) to 0 [pid: 6|app: 0|req: 712/1423] 10.0.0.28 () {32 vars in 773 bytes} [Wed Jul 8 07:34:14 2026] GET /v2.0/security-groups?tenant_id=eb2d262241004710a568817551545f44&name=default => generated 2925 bytes in 270 msecs (HTTP/1.1 200) 4 headers in 158 bytes (1 switches on core 0)
2026-07-08 07:34:14.448 7 INFO neutron.db.segments_db [None req-8a9df716-9cff-43b2-8c9f-d0820381741d d469961909414b04a43f47521dc0e0d9 b7b7091955f64d698f91a364b5c62af7 - - default default] Added segment f9a524c6-ba31-4a48-8573-49089bfe1e52 of type geneve for network 805647d7-99cb-4182-b637-b6318630f1dc
2026-07-08 07:34:14.574 7 INFO neutron.db.ovn_revision_numbers_db [None req-8a9df716-9cff-43b2-8c9f-d0820381741d d469961909414b04a43f47521dc0e0d9 b7b7091955f64d698f91a364b5c62af7 - - default default] Successfully bumped revision number for resource 805647d7-99cb-4182-b637-b6318630f1dc (type: networks) to 1
2026-07-08 07:34:14.720 6 INFO neutron_taas.services.taas.taas_plugin [None req-2d775e5a-fbc5-4bfe-8d81-9444149cb464 c56b17a9a28f4c22a69735ceb395b977 8d718eba4caf46129dca3f9df837b30a - - default default] TaaS: Handle Delete Port: dc98841f-564d-41e0-bb90-3d7c64ad41e1
2026-07-08 07:34:14.723 6 INFO neutron_taas.services.taas.tap_mirror_plugin [None req-2d775e5a-fbc5-4bfe-8d81-9444149cb464 c56b17a9a28f4c22a69735ceb395b977 8d718eba4caf46129dca3f9df837b30a - - default default] Tap Mirror: Handle Delete Port: dc98841f-564d-41e0-bb90-3d7c64ad41e1
2026-07-08 07:34:14.762 7 WARNING neutron.scheduler.dhcp_agent_scheduler [None req-8a9df716-9cff-43b2-8c9f-d0820381741d d469961909414b04a43f47521dc0e0d9 b7b7091955f64d698f91a364b5c62af7 - - default default] No more DHCP agents
2026-07-08 07:34:14.764 7 WARNING neutron.api.rpc.agentnotifiers.dhcp_rpc_agent_api [None req-8a9df716-9cff-43b2-8c9f-d0820381741d d469961909414b04a43f47521dc0e0d9 b7b7091955f64d698f91a364b5c62af7 - - default default] Unable to schedule network 805647d7-99cb-4182-b637-b6318630f1dc: no agents available; will retry on subsequent port and subnet creation events.
2026-07-08 07:34:14.827 7 INFO neutron.plugins.ml2.drivers.ovn.mech_driver.mech_driver [None req-b21ad6ba-1c20-4e16-8db9-5042c00ff960 - - - - - -] OVN reports status down for port: b4ee2015-5818-43ee-b6cd-c1893630f21c
2026-07-08 07:34:14.895 7 INFO neutron.db.ovn_revision_numbers_db [None req-8a9df716-9cff-43b2-8c9f-d0820381741d d469961909414b04a43f47521dc0e0d9 b7b7091955f64d698f91a364b5c62af7 - - default default] Successfully bumped revision number for resource b4ee2015-5818-43ee-b6cd-c1893630f21c (type: ports) to 1 [pid: 7|app: 0|req: 712/1424] 10.0.0.28 () {34 vars in 669 bytes} [Wed Jul 8 07:34:13 2026] POST /v2.0/networks => generated 687 bytes in 1017 msecs (HTTP/1.1 201) 4 headers in 162 bytes (1 switches on core 0)
2026-07-08 07:34:15.082 7 INFO neutron_taas.services.taas.taas_plugin [None req-994dde4b-469f-44da-b279-89700eee3300 c56b17a9a28f4c22a69735ceb395b977 8d718eba4caf46129dca3f9df837b30a - - default default] TaaS: Handle Delete Port: d6c41f0e-4e67-4d9e-897d-1ea30cbc75ec
2026-07-08 07:34:15.085 7 INFO neutron_taas.services.taas.tap_mirror_plugin [None req-994dde4b-469f-44da-b279-89700eee3300 c56b17a9a28f4c22a69735ceb395b977 8d718eba4caf46129dca3f9df837b30a - - default default] Tap Mirror: Handle Delete Port: d6c41f0e-4e67-4d9e-897d-1ea30cbc75ec [pid: 6|app: 0|req: 713/1425] 10.0.0.28 () {32 vars in 723 bytes} [Wed Jul 8 07:34:14 2026] DELETE /v2.0/routers/5f0ce011-6ca4-4abf-be7a-501ef975cb70 => generated 0 bytes in 793 msecs (HTTP/1.1 204) 2 headers in 112 bytes (1 switches on core 0)
2026-07-08 07:34:15.265 7 INFO neutron.services.segments.plugin [-] Segment d7d3d3ed-a181-4507-9c63-96214a4c1f3c resource provider aggregate not found
2026-07-08 07:34:15.268 7 INFO neutron.services.segments.plugin [-] Segment d7d3d3ed-a181-4507-9c63-96214a4c1f3c resource provider aggregate not found
2026-07-08 07:34:15.285 7 INFO neutron.services.segments.plugin [-] Client error retrieving segment d7d3d3ed-a181-4507-9c63-96214a4c1f3c resource provider; error: Placement Client Error (4xx): {"errors": [{"status": 404, "title": "Not Found", "detail": "The resource could not be found.\n\n No resource provider with uuid d7d3d3ed-a181-4507-9c63-96214a4c1f3c found for delete ", "request_id": "req-f04f5b0c-c090-48b6-b209-5218bb923f53"}]}
2026-07-08 07:34:15.290 7 INFO neutron.services.segments.plugin [-] Client error retrieving segment d7d3d3ed-a181-4507-9c63-96214a4c1f3c resource provider; error: Placement Client Error (4xx): {"errors": [{"status": 404, "title": "Not Found", "detail": "The resource could not be found.\n\n No resource provider with uuid d7d3d3ed-a181-4507-9c63-96214a4c1f3c found for delete ", "request_id": "req-48960053-20c0-47ba-809e-a5e597810a81"}]} [pid: 7|app: 0|req: 713/1426] 10.0.0.28 () {32 vars in 725 bytes} [Wed Jul 8 07:34:14 2026] DELETE /v2.0/networks/f9bdffa9-2ee1-4bb3-a5ff-8fe02d377ee1 => generated 0 bytes in 377 msecs (HTTP/1.1 204) 3 headers in 131 bytes (1 switches on core 0) [pid: 6|app: 0|req: 714/1427] 10.0.0.28 () {32 vars in 739 bytes} [Wed Jul 8 07:34:15 2026] DELETE /v2.0/security-groups/8641b3d7-083a-4506-af3c-aaf4165c2d88 => generated 0 bytes in 244 msecs (HTTP/1.1 204) 2 headers in 112 bytes (1 switches on core 0)
2026-07-08 07:34:15.526 7 WARNING neutron.scheduler.dhcp_agent_scheduler [None req-4474c9f1-f01e-48b0-a438-a7feb4391877 d469961909414b04a43f47521dc0e0d9 b7b7091955f64d698f91a364b5c62af7 - - default default] No more DHCP agents
2026-07-08 07:34:15.528 7 WARNING neutron.api.rpc.agentnotifiers.dhcp_rpc_agent_api [None req-4474c9f1-f01e-48b0-a438-a7feb4391877 d469961909414b04a43f47521dc0e0d9 b7b7091955f64d698f91a364b5c62af7 - - default default] Unable to schedule network 805647d7-99cb-4182-b637-b6318630f1dc: no agents available; will retry on subsequent port and subnet creation events.
2026-07-08 07:34:15.550 7 INFO neutron.db.ovn_revision_numbers_db [None req-4474c9f1-f01e-48b0-a438-a7feb4391877 d469961909414b04a43f47521dc0e0d9 b7b7091955f64d698f91a364b5c62af7 - - default default] Successfully bumped revision number for resource 0d6a9f10-6a76-4e26-acb2-5d58816ea66b (type: subnets) to 0 [pid: 7|app: 0|req: 714/1428] 10.0.0.28 () {34 vars in 668 bytes} [Wed Jul 8 07:34:15 2026] POST /v2.0/subnets => generated 627 bytes in 249 msecs (HTTP/1.1 201) 4 headers in 162 bytes (1 switches on core 0) [pid: 6|app: 0|req: 715/1429] 10.0.0.28 () {32 vars in 723 bytes} [Wed Jul 8 07:34:15 2026] DELETE /v2.0/subnets/9d9423b2-92f3-4216-948e-e3d800907031 => generated 0 bytes in 153 msecs (HTTP/1.1 204) 3 headers in 131 bytes (1 switches on core 0) [pid: 7|app: 0|req: 715/1430] 10.0.0.28 () {32 vars in 773 bytes} [Wed Jul 8 07:34:15 2026] GET /v2.0/security-groups?tenant_id=8dd0fa42a92b489e863905eefb45df7b&name=default => generated 2925 bytes in 27 msecs (HTTP/1.1 200) 4 headers in 158 bytes (1 switches on core 0)
2026-07-08 07:34:15.706 7 INFO neutron_taas.services.taas.taas_plugin [None req-445c8d90-92e9-48b6-8e14-debd3fcf721b c56b17a9a28f4c22a69735ceb395b977 8d718eba4caf46129dca3f9df837b30a - - default default] TaaS: Handle Delete Port: 1f5c1dae-dd02-43e1-8538-5ec20dd78679
2026-07-08 07:34:15.709 7 INFO neutron_taas.services.taas.tap_mirror_plugin [None req-445c8d90-92e9-48b6-8e14-debd3fcf721b c56b17a9a28f4c22a69735ceb395b977 8d718eba4caf46129dca3f9df837b30a - - default default] Tap Mirror: Handle Delete Port: 1f5c1dae-dd02-43e1-8538-5ec20dd78679 [pid: 7|app: 0|req: 716/1431] 10.0.0.28 () {32 vars in 725 bytes} [Wed Jul 8 07:34:15 2026] DELETE /v2.0/networks/b9b84ae5-60ea-4e29-bc94-0e52dda12a0a => generated 0 bytes in 344 msecs (HTTP/1.1 204) 3 headers in 131 bytes (1 switches on core 0)
2026-07-08 07:34:16.028 6 WARNING neutron.scheduler.dhcp_agent_scheduler [None req-20cf630f-e561-461a-abba-82ed5008d5b3 d469961909414b04a43f47521dc0e0d9 b7b7091955f64d698f91a364b5c62af7 - - default default] No more DHCP agents
2026-07-08 07:34:16.029 6 WARNING neutron.api.rpc.agentnotifiers.dhcp_rpc_agent_api [None req-20cf630f-e561-461a-abba-82ed5008d5b3 d469961909414b04a43f47521dc0e0d9 b7b7091955f64d698f91a364b5c62af7 - - default default] Unable to schedule network 37623b1f-7359-489e-98d5-af5f42f35d38: no agents available; will retry on subsequent port and subnet creation events.
2026-07-08 07:34:16.152 6 INFO neutron.plugins.ml2.drivers.ovn.mech_driver.mech_driver [None req-8aabb6b7-bc2d-42ea-a24f-9118476a193f - - - - - -] OVN reports status down for port: 45136342-24e4-4ae1-90ed-961993f51a43 [pid: 7|app: 0|req: 717/1432] 10.0.0.28 () {32 vars in 739 bytes} [Wed Jul 8 07:34:15 2026] DELETE /v2.0/security-groups/c08c2702-a97f-41c7-bc62-e56cc2ac8fcd => generated 0 bytes in 247 msecs (HTTP/1.1 204) 2 headers in 112 bytes (1 switches on core 0) [pid: 7|app: 0|req: 718/1433] 10.0.0.28 () {32 vars in 773 bytes} [Wed Jul 8 07:34:16 2026] GET /v2.0/security-groups?tenant_id=c4f134a3b9df4f49a10b580e8a0feb65&name=default => generated 2925 bytes in 29 msecs (HTTP/1.1 200) 4 headers in 158 bytes (1 switches on core 0)
2026-07-08 07:34:16.216 6 INFO neutron.db.ovn_revision_numbers_db [None req-20cf630f-e561-461a-abba-82ed5008d5b3 d469961909414b04a43f47521dc0e0d9 b7b7091955f64d698f91a364b5c62af7 - - default default] Successfully bumped revision number for resource 45136342-24e4-4ae1-90ed-961993f51a43 (type: ports) to 1 [pid: 7|app: 0|req: 719/1434] 10.0.0.28 () {32 vars in 739 bytes} [Wed Jul 8 07:34:16 2026] DELETE /v2.0/security-groups/5e4dbf70-134b-4f3f-a210-932de2f37362 => generated 0 bytes in 230 msecs (HTTP/1.1 204) 2 headers in 112 bytes (1 switches on core 0)
2026-07-08 07:34:16.959 6 INFO neutron.plugins.ml2.drivers.ovn.mech_driver.ovsdb.commands [None req-6862a7b6-c98c-4657-a1fa-39c3412dd8b1 - - - - - -] Schedule LRP lrp-45136342-24e4-4ae1-90ed-961993f51a43 on gateway 1e0bba73-81d1-41f1-8c0f-65ff6ac7d8cc with priority 1
2026-07-08 07:34:16.990 6 INFO neutron.plugins.ml2.drivers.ovn.mech_driver.mech_driver [None req-8aabb6b7-bc2d-42ea-a24f-9118476a193f - - - - - -] OVN reports status up for port: 45136342-24e4-4ae1-90ed-961993f51a43
2026-07-08 07:34:17.021 6 INFO neutron.plugins.ml2.plugin [None req-8aabb6b7-bc2d-42ea-a24f-9118476a193f - - - - - -] Attempt 1 to provision port 45136342-24e4-4ae1-90ed-961993f51a43
2026-07-08 07:34:17.043 6 INFO neutron.db.ovn_revision_numbers_db [None req-20cf630f-e561-461a-abba-82ed5008d5b3 d469961909414b04a43f47521dc0e0d9 b7b7091955f64d698f91a364b5c62af7 - - default default] Successfully bumped revision number for resource 45136342-24e4-4ae1-90ed-961993f51a43 (type: router_ports) to 1
2026-07-08 07:34:17.194 6 INFO neutron.db.ovn_revision_numbers_db [None req-20cf630f-e561-461a-abba-82ed5008d5b3 d469961909414b04a43f47521dc0e0d9 b7b7091955f64d698f91a364b5c62af7 - - default default] Successfully bumped revision number for resource a4806b16-b85e-40c3-b5d2-6a88149691bc (type: routers) to 2 [pid: 6|app: 0|req: 716/1435] 10.0.0.28 () {34 vars in 668 bytes} [Wed Jul 8 07:34:15 2026] POST /v2.0/routers => generated 954 bytes in 1669 msecs (HTTP/1.1 201) 4 headers in 162 bytes (1 switches on core 0)
2026-07-08 07:34:17.311 7 INFO neutron.services.segments.plugin [-] Segment 6ad44935-833e-403b-8e65-96ce44927645 resource provider aggregate not found
2026-07-08 07:34:17.325 7 INFO neutron.services.segments.plugin [-] Client error retrieving segment 6ad44935-833e-403b-8e65-96ce44927645 resource provider; error: Placement Client Error (4xx): {"errors": [{"status": 404, "title": "Not Found", "detail": "The resource could not be found.\n\n No resource provider with uuid 6ad44935-833e-403b-8e65-96ce44927645 found for delete ", "request_id": "req-57dd49c7-7f30-4fa9-a18f-d002eabe7e23"}]}
2026-07-08 07:34:17.327 7 INFO neutron.services.segments.plugin [-] Segment 6ad44935-833e-403b-8e65-96ce44927645 resource provider aggregate not found
2026-07-08 07:34:17.346 7 INFO neutron.services.segments.plugin [-] Client error retrieving segment 6ad44935-833e-403b-8e65-96ce44927645 resource provider; error: Placement Client Error (4xx): {"errors": [{"status": 404, "title": "Not Found", "detail": "The resource could not be found.\n\n No resource provider with uuid 6ad44935-833e-403b-8e65-96ce44927645 found for delete ", "request_id": "req-19d52eef-66c1-4d40-a16d-8304a6e1c288"}]}
2026-07-08 07:34:17.877 7 WARNING neutron.scheduler.dhcp_agent_scheduler [None req-060692cb-3cfe-4b43-aec5-e89c32c42bd1 d469961909414b04a43f47521dc0e0d9 b7b7091955f64d698f91a364b5c62af7 - - default default] No more DHCP agents
2026-07-08 07:34:17.879 7 WARNING neutron.api.rpc.agentnotifiers.dhcp_rpc_agent_api [None req-060692cb-3cfe-4b43-aec5-e89c32c42bd1 d469961909414b04a43f47521dc0e0d9 b7b7091955f64d698f91a364b5c62af7 - - default default] Unable to schedule network 805647d7-99cb-4182-b637-b6318630f1dc: no agents available; will retry on subsequent port and subnet creation events.
2026-07-08 07:34:18.005 7 INFO neutron.plugins.ml2.drivers.ovn.mech_driver.mech_driver [None req-b21ad6ba-1c20-4e16-8db9-5042c00ff960 - - - - - -] OVN reports status down for port: 0b6d0590-a446-4a80-a56e-4ab95d4882ff
2026-07-08 07:34:18.071 7 INFO neutron.db.ovn_revision_numbers_db [None req-060692cb-3cfe-4b43-aec5-e89c32c42bd1 d469961909414b04a43f47521dc0e0d9 b7b7091955f64d698f91a364b5c62af7 - - default default] Successfully bumped revision number for resource 0b6d0590-a446-4a80-a56e-4ab95d4882ff (type: ports) to 1
2026-07-08 07:34:18.264 6 INFO neutron.db.ovn_revision_numbers_db [None req-bf64e8dc-daba-42df-ae7c-0da5bd68fe74 c56b17a9a28f4c22a69735ceb395b977 8d718eba4caf46129dca3f9df837b30a - - default default] Successfully bumped revision number for resource 1f40a2cb-e340-4bd7-9650-c0c4f502df00 (type: security_groups) to 1
2026-07-08 07:34:18.277 6 INFO neutron.db.ovn_revision_numbers_db [None req-bf64e8dc-daba-42df-ae7c-0da5bd68fe74 c56b17a9a28f4c22a69735ceb395b977 8d718eba4caf46129dca3f9df837b30a - - default default] Successfully bumped revision number for resource 40d5e676-fb9d-459a-a344-7c96f7ce0d1a (type: security_group_rules) to 0
2026-07-08 07:34:18.289 6 INFO neutron.db.ovn_revision_numbers_db [None req-bf64e8dc-daba-42df-ae7c-0da5bd68fe74 c56b17a9a28f4c22a69735ceb395b977 8d718eba4caf46129dca3f9df837b30a - - default default] Successfully bumped revision number for resource b82831a3-3e1b-4653-8ff7-2dbcd696354f (type: security_group_rules) to 0
2026-07-08 07:34:18.301 6 INFO neutron.db.ovn_revision_numbers_db [None req-bf64e8dc-daba-42df-ae7c-0da5bd68fe74 c56b17a9a28f4c22a69735ceb395b977 8d718eba4caf46129dca3f9df837b30a - - default default] Successfully bumped revision number for resource bc007d76-4745-4fd3-99ec-8c9d6923d413 (type: security_group_rules) to 0
2026-07-08 07:34:18.311 6 INFO neutron.db.ovn_revision_numbers_db [None req-bf64e8dc-daba-42df-ae7c-0da5bd68fe74 c56b17a9a28f4c22a69735ceb395b977 8d718eba4caf46129dca3f9df837b30a - - default default] Successfully bumped revision number for resource c3dd5e06-395b-42dd-a486-24afda9c7cdf (type: security_group_rules) to 0
2026-07-08 07:34:18.390 6 INFO neutron.db.segments_db [None req-bf64e8dc-daba-42df-ae7c-0da5bd68fe74 c56b17a9a28f4c22a69735ceb395b977 8d718eba4caf46129dca3f9df837b30a - - default default] Added segment d0f72bba-e447-4317-9d1e-8f6f3e546f1e of type geneve for network 3cb166fc-2901-463f-b921-c74738d0c382
2026-07-08 07:34:18.505 6 INFO neutron.db.ovn_revision_numbers_db [None req-bf64e8dc-daba-42df-ae7c-0da5bd68fe74 c56b17a9a28f4c22a69735ceb395b977 8d718eba4caf46129dca3f9df837b30a - - default default] Successfully bumped revision number for resource 3cb166fc-2901-463f-b921-c74738d0c382 (type: networks) to 1
2026-07-08 07:34:18.650 6 WARNING neutron.scheduler.dhcp_agent_scheduler [None req-bf64e8dc-daba-42df-ae7c-0da5bd68fe74 c56b17a9a28f4c22a69735ceb395b977 8d718eba4caf46129dca3f9df837b30a - - default default] No more DHCP agents
2026-07-08 07:34:18.651 6 WARNING neutron.api.rpc.agentnotifiers.dhcp_rpc_agent_api [None req-bf64e8dc-daba-42df-ae7c-0da5bd68fe74 c56b17a9a28f4c22a69735ceb395b977 8d718eba4caf46129dca3f9df837b30a - - default default] Unable to schedule network 3cb166fc-2901-463f-b921-c74738d0c382: no agents available; will retry on subsequent port and subnet creation events.
2026-07-08 07:34:18.760 6 INFO neutron.db.ovn_revision_numbers_db [None req-bf64e8dc-daba-42df-ae7c-0da5bd68fe74 c56b17a9a28f4c22a69735ceb395b977 8d718eba4caf46129dca3f9df837b30a - - default default] Successfully bumped revision number for resource 598df055-05d8-4884-ad14-79cb62d75c02 (type: ports) to 1 [pid: 6|app: 0|req: 717/1436] 10.0.0.28 () {34 vars in 670 bytes} [Wed Jul 8 07:34:17 2026] POST /v2.0/networks => generated 779 bytes in 917 msecs (HTTP/1.1 201) 4 headers in 162 bytes (1 switches on core 0)
2026-07-08 07:34:18.816 7 INFO neutron.plugins.ml2.drivers.ovn.mech_driver.mech_driver [None req-b21ad6ba-1c20-4e16-8db9-5042c00ff960 - - - - - -] OVN reports status up for port: 0b6d0590-a446-4a80-a56e-4ab95d4882ff
2026-07-08 07:34:18.844 7 INFO neutron.plugins.ml2.plugin [None req-b21ad6ba-1c20-4e16-8db9-5042c00ff960 - - - - - -] Attempt 1 to provision port 0b6d0590-a446-4a80-a56e-4ab95d4882ff
2026-07-08 07:34:18.985 7 WARNING neutron.scheduler.dhcp_agent_scheduler [None req-060692cb-3cfe-4b43-aec5-e89c32c42bd1 d469961909414b04a43f47521dc0e0d9 b7b7091955f64d698f91a364b5c62af7 - - default default] No more DHCP agents
2026-07-08 07:34:18.991 7 WARNING neutron.api.rpc.agentnotifiers.dhcp_rpc_agent_api [None req-060692cb-3cfe-4b43-aec5-e89c32c42bd1 d469961909414b04a43f47521dc0e0d9 b7b7091955f64d698f91a364b5c62af7 - - default default] Unable to schedule network 805647d7-99cb-4182-b637-b6318630f1dc: no agents available; will retry on subsequent port and subnet creation events.
2026-07-08 07:34:19.140 6 INFO neutron.db.ovn_revision_numbers_db [None req-162688a0-ff00-415e-aef5-06f4fc7d34bf c56b17a9a28f4c22a69735ceb395b977 8d718eba4caf46129dca3f9df837b30a - - default default] Successfully bumped revision number for resource feefde3e-16b5-404e-85bb-85fef84a6ac5 (type: security_groups) to 1
2026-07-08 07:34:19.151 6 INFO neutron.db.ovn_revision_numbers_db [None req-162688a0-ff00-415e-aef5-06f4fc7d34bf c56b17a9a28f4c22a69735ceb395b977 8d718eba4caf46129dca3f9df837b30a - - default default] Successfully bumped revision number for resource 0d7a59dc-55da-4ca6-963d-1b0dabf837a0 (type: security_group_rules) to 0
2026-07-08 07:34:19.164 6 INFO neutron.db.ovn_revision_numbers_db [None req-162688a0-ff00-415e-aef5-06f4fc7d34bf c56b17a9a28f4c22a69735ceb395b977 8d718eba4caf46129dca3f9df837b30a - - default default] Successfully bumped revision number for resource 1ec9175a-f4e3-499c-bd11-a6e25a15b339 (type: security_group_rules) to 0
2026-07-08 07:34:19.176 6 INFO neutron.db.ovn_revision_numbers_db [None req-162688a0-ff00-415e-aef5-06f4fc7d34bf c56b17a9a28f4c22a69735ceb395b977 8d718eba4caf46129dca3f9df837b30a - - default default] Successfully bumped revision number for resource 72f1b090-b7b2-41d6-b2c7-28ac04d29ad3 (type: security_group_rules) to 0
2026-07-08 07:34:19.187 6 INFO neutron.db.ovn_revision_numbers_db [None req-162688a0-ff00-415e-aef5-06f4fc7d34bf c56b17a9a28f4c22a69735ceb395b977 8d718eba4caf46129dca3f9df837b30a - - default default] Successfully bumped revision number for resource 9b601608-242b-4aa4-b450-b810233d52ab (type: security_group_rules) to 0 [pid: 6|app: 0|req: 718/1437] 10.0.0.28 () {32 vars in 773 bytes} [Wed Jul 8 07:34:18 2026] GET /v2.0/security-groups?tenant_id=aa8a3cac26b74597b2efc6a454b323fa&name=default => generated 2925 bytes in 440 msecs (HTTP/1.1 200) 4 headers in 158 bytes (1 switches on core 0)
2026-07-08 07:34:19.345 6 WARNING neutron.scheduler.dhcp_agent_scheduler [None req-d46294cb-562c-4b22-a7ef-9f740e522b54 c56b17a9a28f4c22a69735ceb395b977 8d718eba4caf46129dca3f9df837b30a - - default default] No more DHCP agents
2026-07-08 07:34:19.346 6 WARNING neutron.api.rpc.agentnotifiers.dhcp_rpc_agent_api [None req-d46294cb-562c-4b22-a7ef-9f740e522b54 c56b17a9a28f4c22a69735ceb395b977 8d718eba4caf46129dca3f9df837b30a - - default default] Unable to schedule network 3cb166fc-2901-463f-b921-c74738d0c382: no agents available; will retry on subsequent port and subnet creation events.
2026-07-08 07:34:19.800 6 INFO neutron.db.ovn_revision_numbers_db [None req-459d56ca-5344-4dd0-a3a4-80eb50aeeeeb - - - - - -] Successfully bumped revision number for resource 598df055-05d8-4884-ad14-79cb62d75c02 (type: ports) to 2
2026-07-08 07:34:19.828 6 INFO neutron.db.ovn_revision_numbers_db [None req-459d56ca-5344-4dd0-a3a4-80eb50aeeeeb - - - - - -] Successfully bumped revision number for resource 9f3a8f74-3a52-4373-af69-48e0d6bc8c98 (type: subnets) to 0 [pid: 6|app: 0|req: 719/1438] 10.0.0.28 () {34 vars in 668 bytes} [Wed Jul 8 07:34:19 2026] POST /v2.0/subnets => generated 685 bytes in 626 msecs (HTTP/1.1 201) 4 headers in 162 bytes (1 switches on core 0)
2026-07-08 07:34:19.951 7 INFO neutron.db.ovn_revision_numbers_db [None req-b21ad6ba-1c20-4e16-8db9-5042c00ff960 - - - - - -] Successfully bumped revision number for resource 0b6d0590-a446-4a80-a56e-4ab95d4882ff (type: ports) to 2 [pid: 6|app: 0|req: 720/1439] 10.0.0.28 () {32 vars in 739 bytes} [Wed Jul 8 07:34:19 2026] DELETE /v2.0/security-groups/feefde3e-16b5-404e-85bb-85fef84a6ac5 => generated 0 bytes in 271 msecs (HTTP/1.1 204) 2 headers in 112 bytes (1 switches on core 0)
2026-07-08 07:34:20.186 7 INFO neutron.db.ovn_revision_numbers_db [None req-060692cb-3cfe-4b43-aec5-e89c32c42bd1 d469961909414b04a43f47521dc0e0d9 b7b7091955f64d698f91a364b5c62af7 - - default default] Successfully bumped revision number for resource 0b6d0590-a446-4a80-a56e-4ab95d4882ff (type: router_ports) to 1 [pid: 7|app: 0|req: 720/1440] 10.0.0.28 () {34 vars in 782 bytes} [Wed Jul 8 07:34:17 2026] PUT /v2.0/routers/a4806b16-b85e-40c3-b5d2-6a88149691bc/add_router_interface => generated 309 bytes in 2942 msecs (HTTP/1.1 200) 4 headers in 157 bytes (1 switches on core 0)
2026-07-08 07:34:20.496 7 WARNING neutron.scheduler.dhcp_agent_scheduler [None req-35c342b7-b049-443f-81f6-cea455a1b1e9 d469961909414b04a43f47521dc0e0d9 b7b7091955f64d698f91a364b5c62af7 - - default default] No more DHCP agents
2026-07-08 07:34:20.498 7 WARNING neutron.api.rpc.agentnotifiers.dhcp_rpc_agent_api [None req-35c342b7-b049-443f-81f6-cea455a1b1e9 d469961909414b04a43f47521dc0e0d9 b7b7091955f64d698f91a364b5c62af7 - - default default] Unable to schedule network 805647d7-99cb-4182-b637-b6318630f1dc: no agents available; will retry on subsequent port and subnet creation events.
2026-07-08 07:34:20.585 6 WARNING neutron.scheduler.dhcp_agent_scheduler [None req-36f14915-ae10-4e84-9fb0-17a1cde07b02 c56b17a9a28f4c22a69735ceb395b977 8d718eba4caf46129dca3f9df837b30a - - default default] No more DHCP agents
2026-07-08 07:34:20.586 6 WARNING neutron.api.rpc.agentnotifiers.dhcp_rpc_agent_api [None req-36f14915-ae10-4e84-9fb0-17a1cde07b02 c56b17a9a28f4c22a69735ceb395b977 8d718eba4caf46129dca3f9df837b30a - - default default] Unable to schedule network 37623b1f-7359-489e-98d5-af5f42f35d38: no agents available; will retry on subsequent port and subnet creation events.
2026-07-08 07:34:20.650 7 INFO neutron.db.ovn_revision_numbers_db [None req-35c342b7-b049-443f-81f6-cea455a1b1e9 d469961909414b04a43f47521dc0e0d9 b7b7091955f64d698f91a364b5c62af7 - - default default] Successfully bumped revision number for resource 572fab9f-44d7-4674-bfd6-9cbb7425d946 (type: ports) to 1 [pid: 7|app: 0|req: 721/1441] 10.0.0.28 () {34 vars in 664 bytes} [Wed Jul 8 07:34:20 2026] POST /v2.0/ports => generated 955 bytes in 564 msecs (HTTP/1.1 201) 4 headers in 162 bytes (1 switches on core 0)
2026-07-08 07:34:20.770 6 INFO neutron.db.ovn_revision_numbers_db [None req-36f14915-ae10-4e84-9fb0-17a1cde07b02 c56b17a9a28f4c22a69735ceb395b977 8d718eba4caf46129dca3f9df837b30a - - default default] Successfully bumped revision number for resource 48b79070-bf4b-4f13-8724-44a75f14c550 (type: ports) to 1 /var/lib/openstack/lib/python3.12/site-packages/pycadf/identifier.py:70: UserWarning: Invalid uuid: neutron. To ensure interoperability, identifiers should be a valid uuid. warnings.warn(('Invalid uuid: %s. To ensure interoperability, '
2026-07-08 07:34:21.103 7 WARNING neutron.scheduler.dhcp_agent_scheduler [None req-47da56e3-f540-4523-b6b4-2617313c9ace e0cf324aa97e4d6d8fda4634a484ccf0 b5205ed391a04b21bf13c971f01a92d4 - - default default] No more DHCP agents
2026-07-08 07:34:21.105 7 WARNING neutron.api.rpc.agentnotifiers.dhcp_rpc_agent_api [None req-47da56e3-f540-4523-b6b4-2617313c9ace e0cf324aa97e4d6d8fda4634a484ccf0 b5205ed391a04b21bf13c971f01a92d4 - - default default] Unable to schedule network 37623b1f-7359-489e-98d5-af5f42f35d38: no agents available; will retry on subsequent port and subnet creation events. [pid: 7|app: 0|req: 722/1442] 10.0.0.28 () {34 vars in 675 bytes} [Wed Jul 8 07:34:20 2026] POST /v2.0/floatingips => generated 552 bytes in 623 msecs (HTTP/1.1 201) 4 headers in 162 bytes (1 switches on core 0)
2026-07-08 07:34:21.423 6 INFO neutron.plugins.ml2.drivers.ovn.mech_driver.ovsdb.commands [None req-6862a7b6-c98c-4657-a1fa-39c3412dd8b1 - - - - - -] Schedule LRP lrp-48b79070-bf4b-4f13-8724-44a75f14c550 on gateway 1e0bba73-81d1-41f1-8c0f-65ff6ac7d8cc with priority 1
2026-07-08 07:34:21.508 7 INFO neutron.plugins.ml2.drivers.ovn.mech_driver.ovsdb.ovsdb_monitor [None req-1df05559-8414-4ad3-ac58-b99e35a7a452 - - - - - -] Router 9f43d627-a84d-4317-a681-79aace3ed386 is bound to host instance
2026-07-08 07:34:21.510 6 INFO neutron.db.ovn_revision_numbers_db [None req-36f14915-ae10-4e84-9fb0-17a1cde07b02 c56b17a9a28f4c22a69735ceb395b977 8d718eba4caf46129dca3f9df837b30a - - default default] Successfully bumped revision number for resource 48b79070-bf4b-4f13-8724-44a75f14c550 (type: router_ports) to 1
2026-07-08 07:34:21.594 6 INFO neutron.db.ovn_revision_numbers_db [None req-36f14915-ae10-4e84-9fb0-17a1cde07b02 c56b17a9a28f4c22a69735ceb395b977 8d718eba4caf46129dca3f9df837b30a - - default default] Successfully bumped revision number for resource 9f43d627-a84d-4317-a681-79aace3ed386 (type: routers) to 2 [pid: 6|app: 0|req: 721/1443] 10.0.0.28 () {34 vars in 668 bytes} [Wed Jul 8 07:34:20 2026] POST /v2.0/routers => generated 963 bytes in 1490 msecs (HTTP/1.1 201) 4 headers in 162 bytes (1 switches on core 0)
2026-07-08 07:34:21.911 6 WARNING neutron.scheduler.dhcp_agent_scheduler [None req-92505528-829b-4896-9594-6a1a6e193454 e0cf324aa97e4d6d8fda4634a484ccf0 b5205ed391a04b21bf13c971f01a92d4 - - default default] No more DHCP agents
2026-07-08 07:34:21.914 6 WARNING neutron.api.rpc.agentnotifiers.dhcp_rpc_agent_api [None req-92505528-829b-4896-9594-6a1a6e193454 e0cf324aa97e4d6d8fda4634a484ccf0 b5205ed391a04b21bf13c971f01a92d4 - - default default] Unable to schedule network 37623b1f-7359-489e-98d5-af5f42f35d38: no agents available; will retry on subsequent port and subnet creation events.
2026-07-08 07:34:21.933 7 WARNING neutron.scheduler.dhcp_agent_scheduler [None req-53cb9c4a-c21f-46e8-a3ac-4f2520f78953 d469961909414b04a43f47521dc0e0d9 b7b7091955f64d698f91a364b5c62af7 - - default default] No more DHCP agents
2026-07-08 07:34:21.937 7 WARNING neutron.api.rpc.agentnotifiers.dhcp_rpc_agent_api [None req-53cb9c4a-c21f-46e8-a3ac-4f2520f78953 d469961909414b04a43f47521dc0e0d9 b7b7091955f64d698f91a364b5c62af7 - - default default] Unable to schedule network 805647d7-99cb-4182-b637-b6318630f1dc: no agents available; will retry on subsequent port and subnet creation events.
2026-07-08 07:34:22.244 7 INFO neutron.db.ovn_revision_numbers_db [None req-53cb9c4a-c21f-46e8-a3ac-4f2520f78953 d469961909414b04a43f47521dc0e0d9 b7b7091955f64d698f91a364b5c62af7 - - default default] Successfully bumped revision number for resource 3aa7571d-9759-4271-9a6c-84ddaebcca0c (type: ports) to 1 [pid: 7|app: 0|req: 723/1444] 10.0.0.28 () {34 vars in 664 bytes} [Wed Jul 8 07:34:21 2026] POST /v2.0/ports => generated 954 bytes in 913 msecs (HTTP/1.1 201) 4 headers in 162 bytes (1 switches on core 0) /var/lib/openstack/lib/python3.12/site-packages/pycadf/identifier.py:70: UserWarning: Invalid uuid: neutron. To ensure interoperability, identifiers should be a valid uuid. warnings.warn(('Invalid uuid: %s. To ensure interoperability, ' [pid: 6|app: 0|req: 722/1445] 10.0.0.28 () {34 vars in 675 bytes} [Wed Jul 8 07:34:21 2026] POST /v2.0/floatingips => generated 552 bytes in 719 msecs (HTTP/1.1 201) 4 headers in 162 bytes (1 switches on core 0)
2026-07-08 07:34:22.579 6 WARNING neutron.scheduler.dhcp_agent_scheduler [None req-3d4cadc3-9196-4611-9d2a-646dbab0dfce d469961909414b04a43f47521dc0e0d9 b7b7091955f64d698f91a364b5c62af7 - - default default] No more DHCP agents
2026-07-08 07:34:22.580 6 WARNING neutron.api.rpc.agentnotifiers.dhcp_rpc_agent_api [None req-3d4cadc3-9196-4611-9d2a-646dbab0dfce d469961909414b04a43f47521dc0e0d9 b7b7091955f64d698f91a364b5c62af7 - - default default] Unable to schedule network 37623b1f-7359-489e-98d5-af5f42f35d38: no agents available; will retry on subsequent port and subnet creation events.
2026-07-08 07:34:22.623 6 WARNING neutron.plugins.ml2.drivers.ovn.mech_driver.ovsdb.ovn_client [None req-8aabb6b7-bc2d-42ea-a24f-9118476a193f - - - - - -] No hosting information found for port 45136342-24e4-4ae1-90ed-961993f51a43: RuntimeError: No hosting information found for port 45136342-24e4-4ae1-90ed-961993f51a43
2026-07-08 07:34:22.624 6 INFO neutron.plugins.ml2.drivers.ovn.mech_driver.mech_driver [None req-8aabb6b7-bc2d-42ea-a24f-9118476a193f - - - - - -] OVN reports status down for port: 598df055-05d8-4884-ad14-79cb62d75c02
2026-07-08 07:34:22.750 6 INFO neutron.plugins.ml2.drivers.ovn.mech_driver.mech_driver [None req-8aabb6b7-bc2d-42ea-a24f-9118476a193f - - - - - -] OVN reports status down for port: 572fab9f-44d7-4674-bfd6-9cbb7425d946
2026-07-08 07:34:23.046 7 INFO neutron.db.ovn_revision_numbers_db [None req-af75b056-61fc-4d08-97d0-9b5888d5f9f6 - - - - - -] Successfully bumped revision number for resource 48b79070-bf4b-4f13-8724-44a75f14c550 (type: ports) to 4
2026-07-08 07:34:23.147 7 WARNING neutron.scheduler.dhcp_agent_scheduler [None req-41225f97-57fb-4caa-a49c-b6c6af6d05ba c56b17a9a28f4c22a69735ceb395b977 8d718eba4caf46129dca3f9df837b30a - - default default] No more DHCP agents
2026-07-08 07:34:23.153 7 WARNING neutron.api.rpc.agentnotifiers.dhcp_rpc_agent_api [None req-41225f97-57fb-4caa-a49c-b6c6af6d05ba c56b17a9a28f4c22a69735ceb395b977 8d718eba4caf46129dca3f9df837b30a - - default default] Unable to schedule network 3cb166fc-2901-463f-b921-c74738d0c382: no agents available; will retry on subsequent port and subnet creation events.
2026-07-08 07:34:23.370 6 INFO neutron.plugins.ml2.drivers.ovn.mech_driver.mech_driver [None req-8aabb6b7-bc2d-42ea-a24f-9118476a193f - - - - - -] OVN reports status down for port: ba3d2ede-eec9-44c8-95a2-f6a8237f9e54
2026-07-08 07:34:23.423 7 INFO neutron.db.ovn_revision_numbers_db [None req-41225f97-57fb-4caa-a49c-b6c6af6d05ba c56b17a9a28f4c22a69735ceb395b977 8d718eba4caf46129dca3f9df837b30a - - default default] Successfully bumped revision number for resource ba3d2ede-eec9-44c8-95a2-f6a8237f9e54 (type: ports) to 1
2026-07-08 07:34:23.539 6 INFO neutron.db.ovn_revision_numbers_db [None req-3d4cadc3-9196-4611-9d2a-646dbab0dfce d469961909414b04a43f47521dc0e0d9 b7b7091955f64d698f91a364b5c62af7 - - default default] Successfully bumped revision number for resource a60b4b67-0d69-49ec-a308-5775737222d1 (type: floatingips) to 1
2026-07-08 07:34:23.539 6 INFO neutron.db.l3_db [None req-3d4cadc3-9196-4611-9d2a-646dbab0dfce d469961909414b04a43f47521dc0e0d9 b7b7091955f64d698f91a364b5c62af7 - - default default] Floating IP a60b4b67-0d69-49ec-a308-5775737222d1 associated. External IP: 10.96.250.202, port: 3aa7571d-9759-4271-9a6c-84ddaebcca0c. [pid: 6|app: 0|req: 723/1446] 10.0.0.28 () {34 vars in 676 bytes} [Wed Jul 8 07:34:22 2026] POST /v2.0/floatingips => generated 841 bytes in 1255 msecs (HTTP/1.1 201) 4 headers in 162 bytes (1 switches on core 0)
2026-07-08 07:34:23.659 7 INFO neutron.db.ovn_revision_numbers_db [None req-af75b056-61fc-4d08-97d0-9b5888d5f9f6 - - - - - -] Successfully bumped revision number for resource 48b79070-bf4b-4f13-8724-44a75f14c550 (type: ports) to 5
2026-07-08 07:34:23.824 6 WARNING neutron.scheduler.dhcp_agent_scheduler [None req-ff4c7c6d-57b8-457d-9890-a7730bb85279 e0cf324aa97e4d6d8fda4634a484ccf0 b5205ed391a04b21bf13c971f01a92d4 - - default default] No more DHCP agents
2026-07-08 07:34:23.826 6 WARNING neutron.api.rpc.agentnotifiers.dhcp_rpc_agent_api [None req-ff4c7c6d-57b8-457d-9890-a7730bb85279 e0cf324aa97e4d6d8fda4634a484ccf0 b5205ed391a04b21bf13c971f01a92d4 - - default default] Unable to schedule network 37623b1f-7359-489e-98d5-af5f42f35d38: no agents available; will retry on subsequent port and subnet creation events. [pid: 6|app: 0|req: 724/1447] 10.0.0.28 () {34 vars in 675 bytes} [Wed Jul 8 07:34:23 2026] POST /v2.0/floatingips => generated 552 bytes in 534 msecs (HTTP/1.1 201) 4 headers in 162 bytes (1 switches on core 0)
2026-07-08 07:34:24.203 6 INFO neutron.plugins.ml2.drivers.ovn.mech_driver.mech_driver [None req-8aabb6b7-bc2d-42ea-a24f-9118476a193f - - - - - -] OVN reports status up for port: ba3d2ede-eec9-44c8-95a2-f6a8237f9e54
2026-07-08 07:34:24.217 6 INFO neutron.plugins.ml2.plugin [None req-8aabb6b7-bc2d-42ea-a24f-9118476a193f - - - - - -] Attempt 1 to provision port ba3d2ede-eec9-44c8-95a2-f6a8237f9e54 [pid: 6|app: 0|req: 725/1448] 10.0.0.233 () {32 vars in 801 bytes} [Wed Jul 8 07:34:24 2026] GET /v2.0/extensions => generated 20756 bytes in 122 msecs (HTTP/1.1 200) 4 headers in 159 bytes (1 switches on core 0)
2026-07-08 07:34:24.281 7 WARNING neutron.scheduler.dhcp_agent_scheduler [None req-41225f97-57fb-4caa-a49c-b6c6af6d05ba c56b17a9a28f4c22a69735ceb395b977 8d718eba4caf46129dca3f9df837b30a - - default default] No more DHCP agents
2026-07-08 07:34:24.283 7 WARNING neutron.api.rpc.agentnotifiers.dhcp_rpc_agent_api [None req-41225f97-57fb-4caa-a49c-b6c6af6d05ba c56b17a9a28f4c22a69735ceb395b977 8d718eba4caf46129dca3f9df837b30a - - default default] Unable to schedule network 3cb166fc-2901-463f-b921-c74738d0c382: no agents available; will retry on subsequent port and subnet creation events.
2026-07-08 07:34:24.524 6 INFO neutron.db.ovn_revision_numbers_db [None req-4d3858d9-e6cd-4aac-8937-5131c92f0d62 d469961909414b04a43f47521dc0e0d9 b7b7091955f64d698f91a364b5c62af7 - - default default] Successfully bumped revision number for resource a60b4b67-0d69-49ec-a308-5775737222d1 (type: floatingips) to 2
2026-07-08 07:34:24.600 6 INFO neutron.db.l3_db [None req-4d3858d9-e6cd-4aac-8937-5131c92f0d62 d469961909414b04a43f47521dc0e0d9 b7b7091955f64d698f91a364b5c62af7 - - default default] Floating IP a60b4b67-0d69-49ec-a308-5775737222d1 disassociated. External IP: 10.96.250.202, port: 3aa7571d-9759-4271-9a6c-84ddaebcca0c. [pid: 6|app: 0|req: 726/1449] 10.0.0.28 () {34 vars in 748 bytes} [Wed Jul 8 07:34:24 2026] PUT /v2.0/floatingips/a60b4b67-0d69-49ec-a308-5775737222d1 => generated 554 bytes in 407 msecs (HTTP/1.1 200) 4 headers in 157 bytes (1 switches on core 0)
2026-07-08 07:34:24.818 7 INFO neutron.db.ovn_revision_numbers_db [None req-41225f97-57fb-4caa-a49c-b6c6af6d05ba c56b17a9a28f4c22a69735ceb395b977 8d718eba4caf46129dca3f9df837b30a - - default default] Successfully bumped revision number for resource ba3d2ede-eec9-44c8-95a2-f6a8237f9e54 (type: router_ports) to 1 [pid: 7|app: 0|req: 724/1450] 10.0.0.28 () {34 vars in 782 bytes} [Wed Jul 8 07:34:22 2026] PUT /v2.0/routers/9f43d627-a84d-4317-a681-79aace3ed386/add_router_interface => generated 309 bytes in 2523 msecs (HTTP/1.1 200) 4 headers in 157 bytes (1 switches on core 0) [pid: 7|app: 0|req: 725/1451] 10.0.0.233 () {30 vars in 724 bytes} [Wed Jul 8 07:34:24 2026] GET /v2.0/quotas/9b321d875dd440f9b88171a8fd8c3860/details => generated 1025 bytes in 249 msecs (HTTP/1.1 200) 4 headers in 158 bytes (1 switches on core 0)
2026-07-08 07:34:25.115 6 WARNING neutron.scheduler.dhcp_agent_scheduler [None req-d6ab6751-d154-4f74-a474-deba68cb5368 e0cf324aa97e4d6d8fda4634a484ccf0 b5205ed391a04b21bf13c971f01a92d4 - - default default] No more DHCP agents
2026-07-08 07:34:25.119 6 WARNING neutron.api.rpc.agentnotifiers.dhcp_rpc_agent_api [None req-d6ab6751-d154-4f74-a474-deba68cb5368 e0cf324aa97e4d6d8fda4634a484ccf0 b5205ed391a04b21bf13c971f01a92d4 - - default default] Unable to schedule network 37623b1f-7359-489e-98d5-af5f42f35d38: no agents available; will retry on subsequent port and subnet creation events.
2026-07-08 07:34:25.140 6 INFO neutron.db.ovn_revision_numbers_db [None req-8aabb6b7-bc2d-42ea-a24f-9118476a193f - - - - - -] Successfully bumped revision number for resource ba3d2ede-eec9-44c8-95a2-f6a8237f9e54 (type: ports) to 2
2026-07-08 07:34:25.186 7 INFO neutron_taas.services.taas.taas_plugin [None req-5eb1369d-db08-4c32-ac52-7a6bccbc428e d469961909414b04a43f47521dc0e0d9 b7b7091955f64d698f91a364b5c62af7 - - default default] TaaS: Handle Delete Port: dd71046c-801a-402f-9e1b-a5ba4f098066
2026-07-08 07:34:25.190 7 INFO neutron_taas.services.taas.tap_mirror_plugin [None req-5eb1369d-db08-4c32-ac52-7a6bccbc428e d469961909414b04a43f47521dc0e0d9 b7b7091955f64d698f91a364b5c62af7 - - default default] Tap Mirror: Handle Delete Port: dd71046c-801a-402f-9e1b-a5ba4f098066 [pid: 7|app: 0|req: 726/1452] 10.0.0.28 () {32 vars in 731 bytes} [Wed Jul 8 07:34:25 2026] DELETE /v2.0/floatingips/a60b4b67-0d69-49ec-a308-5775737222d1 => generated 0 bytes in 269 msecs (HTTP/1.1 204) 2 headers in 112 bytes (1 switches on core 0)
2026-07-08 07:34:25.471 7 INFO neutron.db.ovn_revision_numbers_db [None req-92026b75-f591-4ce5-9c6c-bc2a03b7f5ad 890ad25d29b544df804c003e8db17020 524900559b1849b385e9d677692981c8 - - default default] Successfully bumped revision number for resource 6241043b-2d61-4514-8605-9c945643d163 (type: security_groups) to 1
2026-07-08 07:34:25.484 7 INFO neutron.db.ovn_revision_numbers_db [None req-92026b75-f591-4ce5-9c6c-bc2a03b7f5ad 890ad25d29b544df804c003e8db17020 524900559b1849b385e9d677692981c8 - - default default] Successfully bumped revision number for resource d308289d-34d8-4427-83c3-b3563dda91b0 (type: security_group_rules) to 0
2026-07-08 07:34:25.495 7 INFO neutron.db.ovn_revision_numbers_db [None req-92026b75-f591-4ce5-9c6c-bc2a03b7f5ad 890ad25d29b544df804c003e8db17020 524900559b1849b385e9d677692981c8 - - default default] Successfully bumped revision number for resource dd8c1fa0-ddb3-4d8b-8c04-9e3611b64570 (type: security_group_rules) to 0 [pid: 6|app: 0|req: 727/1453] 10.0.0.28 () {34 vars in 675 bytes} [Wed Jul 8 07:34:24 2026] POST /v2.0/floatingips => generated 552 bytes in 846 msecs (HTTP/1.1 201) 4 headers in 162 bytes (1 switches on core 0) [pid: 7|app: 0|req: 727/1454] 10.0.0.28 () {34 vars in 684 bytes} [Wed Jul 8 07:34:25 2026] POST /v2.0/security-groups => generated 1661 bytes in 186 msecs (HTTP/1.1 201) 4 headers in 163 bytes (1 switches on core 0)
2026-07-08 07:34:25.732 6 WARNING neutron.scheduler.dhcp_agent_scheduler [None req-839c1465-6f38-42cb-bf8f-a93d70a34d8e d469961909414b04a43f47521dc0e0d9 b7b7091955f64d698f91a364b5c62af7 - - default default] No more DHCP agents
2026-07-08 07:34:25.733 6 WARNING neutron.api.rpc.agentnotifiers.dhcp_rpc_agent_api [None req-839c1465-6f38-42cb-bf8f-a93d70a34d8e d469961909414b04a43f47521dc0e0d9 b7b7091955f64d698f91a364b5c62af7 - - default default] Unable to schedule network 37623b1f-7359-489e-98d5-af5f42f35d38: no agents available; will retry on subsequent port and subnet creation events.
2026-07-08 07:34:25.749 7 WARNING neutron.scheduler.dhcp_agent_scheduler [None req-2ffe21ad-f507-431f-bb17-dbc1b3dd680c e0cf324aa97e4d6d8fda4634a484ccf0 b5205ed391a04b21bf13c971f01a92d4 - - default default] No more DHCP agents
2026-07-08 07:34:25.750 7 WARNING neutron.api.rpc.agentnotifiers.dhcp_rpc_agent_api [None req-2ffe21ad-f507-431f-bb17-dbc1b3dd680c e0cf324aa97e4d6d8fda4634a484ccf0 b5205ed391a04b21bf13c971f01a92d4 - - default default] Unable to schedule network 37623b1f-7359-489e-98d5-af5f42f35d38: no agents available; will retry on subsequent port and subnet creation events.
2026-07-08 07:34:26.045 7 WARNING neutron.plugins.ml2.drivers.ovn.mech_driver.ovsdb.ovn_client [None req-26877e30-a633-45f7-b4af-62527f2e530e - - - - - -] No hosting information found for port 0b6d0590-a446-4a80-a56e-4ab95d4882ff: RuntimeError: No hosting information found for port 0b6d0590-a446-4a80-a56e-4ab95d4882ff [pid: 7|app: 0|req: 728/1455] 10.0.0.28 () {34 vars in 675 bytes} [Wed Jul 8 07:34:25 2026] POST /v2.0/floatingips => generated 552 bytes in 645 msecs (HTTP/1.1 201) 4 headers in 162 bytes (1 switches on core 0)
2026-07-08 07:34:26.181 7 INFO neutron.db.ovn_revision_numbers_db [None req-26877e30-a633-45f7-b4af-62527f2e530e - - - - - -] Successfully bumped revision number for resource 0b6d0590-a446-4a80-a56e-4ab95d4882ff (type: router_ports) to 2
2026-07-08 07:34:26.182 7 INFO neutron.plugins.ml2.drivers.ovn.mech_driver.mech_driver [None req-26877e30-a633-45f7-b4af-62527f2e530e - - - - - -] OVN reports status down for port: 48b79070-bf4b-4f13-8724-44a75f14c550
2026-07-08 07:34:26.442 7 INFO neutron.db.ovn_revision_numbers_db [None req-8020347d-8bbe-46f0-8466-3346198f46fe 890ad25d29b544df804c003e8db17020 524900559b1849b385e9d677692981c8 - - default default] Successfully bumped revision number for resource c4bf53e9-755b-442e-84f0-3898a8d081f5 (type: security_group_rules) to 0 [pid: 7|app: 0|req: 729/1456] 10.0.0.28 () {34 vars in 694 bytes} [Wed Jul 8 07:34:26 2026] POST /v2.0/security-group-rules => generated 597 bytes in 306 msecs (HTTP/1.1 201) 4 headers in 162 bytes (1 switches on core 0) [pid: 7|app: 0|req: 730/1457] 10.0.0.28 () {34 vars in 758 bytes} [Wed Jul 8 07:34:26 2026] PUT /v2.0/floatingips/6cbd973e-aa56-4dad-a90d-fe79770f6db0/tags => generated 17 bytes in 125 msecs (HTTP/1.1 200) 4 headers in 156 bytes (1 switches on core 0)
2026-07-08 07:34:26.877 7 INFO neutron.db.ovn_revision_numbers_db [None req-26877e30-a633-45f7-b4af-62527f2e530e - - - - - -] Successfully bumped revision number for resource 48b79070-bf4b-4f13-8724-44a75f14c550 (type: ports) to 6
2026-07-08 07:34:26.925 7 INFO neutron.db.ovn_revision_numbers_db [None req-4ff8476b-61a3-4351-9642-9224d0b9b745 890ad25d29b544df804c003e8db17020 524900559b1849b385e9d677692981c8 - - default default] Successfully bumped revision number for resource 505fc897-f9b0-4235-b242-3a3c6b782091 (type: security_group_rules) to 0 [pid: 7|app: 0|req: 733/1460] 10.0.0.28 () {34 vars in 694 bytes} [Wed Jul 8 07:34:26 2026] POST /v2.0/security-group-rules => generated 602 bytes in 365 msecs (HTTP/1.1 201) 4 headers in 162 bytes (1 switches on core 0)
2026-07-08 07:34:27.014 7 WARNING neutron.plugins.ml2.drivers.ovn.mech_driver.ovsdb.ovn_client [None req-20593c36-6604-4cdb-a8a5-f42b9d8d75ca - - - - - -] Logical_Switch_Port 48b79070-bf4b-4f13-8724-44a75f14c550 host information not removed, the port state is up
2026-07-08 07:34:27.015 7 INFO neutron.plugins.ml2.drivers.ovn.mech_driver.mech_driver [None req-20593c36-6604-4cdb-a8a5-f42b9d8d75ca - - - - - -] OVN reports status up for port: 48b79070-bf4b-4f13-8724-44a75f14c550
2026-07-08 07:34:27.044 7 INFO neutron.plugins.ml2.plugin [None req-20593c36-6604-4cdb-a8a5-f42b9d8d75ca - - - - - -] Attempt 1 to provision port 48b79070-bf4b-4f13-8724-44a75f14c550
