2026-07-08 07:33:47.463 7 INFO cinder.api.openstack.wsgi [None req-d3d07e67-9a6e-4b1d-9167-aa37719683f4 c80d0e61b47f456b9d8ef652d241c5aa c4f134a3b9df4f49a10b580e8a0feb65 - - default default] http://cinder-api.openstack.svc.cluster.local:8776/ returned with HTTP 300 [pid: 7|app: 0|req: 371/742] 199.19.213.194 () {32 vars in 840 bytes} [Wed Jul 8 07:33:47 2026] GET / => generated 411 bytes in 3 msecs (HTTP/1.1 300) 5 headers in 169 bytes (1 switches on core 0) /var/lib/openstack/lib/python3.12/site-packages/pycadf/identifier.py:70: UserWarning: Invalid uuid: cinderv3. To ensure interoperability, identifiers should be a valid uuid. warnings.warn(('Invalid uuid: %s. To ensure interoperability, '
2026-07-08 07:33:47.474 8 INFO cinder.api.openstack.wsgi [req-94492ab3-0837-4eae-95d0-ef056b189543 req-3ae14685-7c5e-4271-beba-fe99dd099e47 36e8d768c7d2414b8c60d6ef8881f686 8dd0fa42a92b489e863905eefb45df7b - - default default] GET http://cinder-api.openstack.svc.cluster.local:8776/v3/8dd0fa42a92b489e863905eefb45df7b/volumes/558e7666-5089-45fb-b005-76f5b308a88b /var/lib/openstack/lib/python3.12/site-packages/oslo_context/context.py:101: DeprecationWarning: Policy enforcement is depending on the value of is_admin. This key is deprecated. Please update your policy file to use the standard policy values. warnings.warn(
2026-07-08 07:33:47.491 8 INFO cinder.volume.api [req-94492ab3-0837-4eae-95d0-ef056b189543 req-3ae14685-7c5e-4271-beba-fe99dd099e47 36e8d768c7d2414b8c60d6ef8881f686 8dd0fa42a92b489e863905eefb45df7b - - default default] Volume info retrieved successfully.
2026-07-08 07:33:47.496 8 INFO cinder.api.openstack.wsgi [req-94492ab3-0837-4eae-95d0-ef056b189543 req-3ae14685-7c5e-4271-beba-fe99dd099e47 36e8d768c7d2414b8c60d6ef8881f686 8dd0fa42a92b489e863905eefb45df7b - - default default] http://cinder-api.openstack.svc.cluster.local:8776/v3/8dd0fa42a92b489e863905eefb45df7b/volumes/558e7666-5089-45fb-b005-76f5b308a88b returned with HTTP 200 [pid: 8|app: 0|req: 372/743] 199.19.213.194 () {36 vars in 1073 bytes} [Wed Jul 8 07:33:47 2026] GET /v3/8dd0fa42a92b489e863905eefb45df7b/volumes/558e7666-5089-45fb-b005-76f5b308a88b => generated 1663 bytes in 29 msecs (HTTP/1.1 200) 7 headers in 287 bytes (1 switches on core 0) /var/lib/openstack/lib/python3.12/site-packages/pycadf/identifier.py:70: UserWarning: Invalid uuid: cinderv3. To ensure interoperability, identifiers should be a valid uuid. warnings.warn(('Invalid uuid: %s. To ensure interoperability, '
2026-07-08 07:33:48.104 7 INFO cinder.api.openstack.wsgi [None req-a91d7be7-7149-48d6-8cd1-28fcd01a1a5e c80d0e61b47f456b9d8ef652d241c5aa c4f134a3b9df4f49a10b580e8a0feb65 - - default default] GET http://cinder-api.openstack.svc.cluster.local:8776/v3/c4f134a3b9df4f49a10b580e8a0feb65/volumes/b8f29316-df72-480a-ad3d-ed17704f3bd1 /var/lib/openstack/lib/python3.12/site-packages/oslo_context/context.py:101: DeprecationWarning: Policy enforcement is depending on the value of is_admin. This key is deprecated. Please update your policy file to use the standard policy values. warnings.warn(
2026-07-08 07:33:48.128 7 INFO cinder.volume.api [None req-a91d7be7-7149-48d6-8cd1-28fcd01a1a5e c80d0e61b47f456b9d8ef652d241c5aa c4f134a3b9df4f49a10b580e8a0feb65 - - default default] Volume info retrieved successfully.
2026-07-08 07:33:48.135 7 INFO cinder.api.openstack.wsgi [None req-a91d7be7-7149-48d6-8cd1-28fcd01a1a5e c80d0e61b47f456b9d8ef652d241c5aa c4f134a3b9df4f49a10b580e8a0feb65 - - default default] http://cinder-api.openstack.svc.cluster.local:8776/v3/c4f134a3b9df4f49a10b580e8a0feb65/volumes/b8f29316-df72-480a-ad3d-ed17704f3bd1 returned with HTTP 200 [pid: 7|app: 0|req: 372/744] 10.0.0.28 () {32 vars in 774 bytes} [Wed Jul 8 07:33:48 2026] GET /v3/c4f134a3b9df4f49a10b580e8a0feb65/volumes/b8f29316-df72-480a-ad3d-ed17704f3bd1 => generated 954 bytes in 38 msecs (HTTP/1.1 200) 7 headers in 285 bytes (1 switches on core 0) /var/lib/openstack/lib/python3.12/site-packages/pycadf/identifier.py:70: UserWarning: Invalid uuid: cinderv3. To ensure interoperability, identifiers should be a valid uuid. warnings.warn(('Invalid uuid: %s. To ensure interoperability, '
2026-07-08 07:33:49.446 8 INFO cinder.api.openstack.wsgi [req-94492ab3-0837-4eae-95d0-ef056b189543 req-68b58cfa-0ed2-4447-90e3-2db4efd413a9 36e8d768c7d2414b8c60d6ef8881f686 8dd0fa42a92b489e863905eefb45df7b - - default default] PUT http://cinder-api.openstack.svc.cluster.local:8776/v3/8dd0fa42a92b489e863905eefb45df7b/attachments/8e463a1f-5d08-4aff-b7ce-7feb9ec8ef48 /var/lib/openstack/lib/python3.12/site-packages/oslo_context/context.py:101: DeprecationWarning: Policy enforcement is depending on the value of is_admin. This key is deprecated. Please update your policy file to use the standard policy values. warnings.warn(
2026-07-08 07:33:50.480 8 INFO cinder.api.openstack.wsgi [req-94492ab3-0837-4eae-95d0-ef056b189543 req-68b58cfa-0ed2-4447-90e3-2db4efd413a9 36e8d768c7d2414b8c60d6ef8881f686 8dd0fa42a92b489e863905eefb45df7b - - default default] http://cinder-api.openstack.svc.cluster.local:8776/v3/8dd0fa42a92b489e863905eefb45df7b/attachments/8e463a1f-5d08-4aff-b7ce-7feb9ec8ef48 returned with HTTP 200 [pid: 8|app: 0|req: 373/745] 199.19.213.194 () {40 vars in 1135 bytes} [Wed Jul 8 07:33:49 2026] PUT /v3/8dd0fa42a92b489e863905eefb45df7b/attachments/8e463a1f-5d08-4aff-b7ce-7feb9ec8ef48 => generated 802 bytes in 1042 msecs (HTTP/1.1 200) 7 headers in 286 bytes (1 switches on core 0) /var/lib/openstack/lib/python3.12/site-packages/pycadf/identifier.py:70: UserWarning: Invalid uuid: cinderv3. To ensure interoperability, identifiers should be a valid uuid. warnings.warn(('Invalid uuid: %s. To ensure interoperability, '
2026-07-08 07:33:51.000 7 INFO cinder.api.openstack.wsgi [req-94492ab3-0837-4eae-95d0-ef056b189543 req-c0912a09-10ba-44de-9d8d-f62691dbb58d 36e8d768c7d2414b8c60d6ef8881f686 8dd0fa42a92b489e863905eefb45df7b - - default default] POST http://cinder-api.openstack.svc.cluster.local:8776/v3/8dd0fa42a92b489e863905eefb45df7b/attachments/8e463a1f-5d08-4aff-b7ce-7feb9ec8ef48/action /var/lib/openstack/lib/python3.12/site-packages/oslo_context/context.py:101: DeprecationWarning: Policy enforcement is depending on the value of is_admin. This key is deprecated. Please update your policy file to use the standard policy values. warnings.warn(
2026-07-08 07:33:51.057 7 INFO cinder.api.openstack.wsgi [req-94492ab3-0837-4eae-95d0-ef056b189543 req-c0912a09-10ba-44de-9d8d-f62691dbb58d 36e8d768c7d2414b8c60d6ef8881f686 8dd0fa42a92b489e863905eefb45df7b - - default default] http://cinder-api.openstack.svc.cluster.local:8776/v3/8dd0fa42a92b489e863905eefb45df7b/attachments/8e463a1f-5d08-4aff-b7ce-7feb9ec8ef48/action returned with HTTP 204 [pid: 7|app: 0|req: 373/746] 199.19.213.194 () {40 vars in 1148 bytes} [Wed Jul 8 07:33:50 2026] POST /v3/8dd0fa42a92b489e863905eefb45df7b/attachments/8e463a1f-5d08-4aff-b7ce-7feb9ec8ef48/action => generated 0 bytes in 67 msecs (HTTP/1.1 204) 7 headers in 292 bytes (1 switches on core 0)
2026-07-08 07:33:56.793 7 INFO cinder.api.openstack.wsgi [req-94492ab3-0837-4eae-95d0-ef056b189543 req-c0912a09-10ba-44de-9d8d-f62691dbb58d 36e8d768c7d2414b8c60d6ef8881f686 8dd0fa42a92b489e863905eefb45df7b - - default default] GET http://10.0.0.187:8776/
2026-07-08 07:33:56.795 7 INFO cinder.api.openstack.wsgi [req-94492ab3-0837-4eae-95d0-ef056b189543 req-c0912a09-10ba-44de-9d8d-f62691dbb58d 36e8d768c7d2414b8c60d6ef8881f686 8dd0fa42a92b489e863905eefb45df7b - - default default] http://10.0.0.187:8776/ returned with HTTP 300
2026-07-08 07:33:56.794 8 INFO cinder.api.openstack.wsgi [req-94492ab3-0837-4eae-95d0-ef056b189543 req-68b58cfa-0ed2-4447-90e3-2db4efd413a9 36e8d768c7d2414b8c60d6ef8881f686 8dd0fa42a92b489e863905eefb45df7b - - default default] GET http://10.0.0.187:8776/
2026-07-08 07:33:56.796 8 INFO cinder.api.openstack.wsgi [req-94492ab3-0837-4eae-95d0-ef056b189543 req-68b58cfa-0ed2-4447-90e3-2db4efd413a9 36e8d768c7d2414b8c60d6ef8881f686 8dd0fa42a92b489e863905eefb45df7b - - default default] http://10.0.0.187:8776/ returned with HTTP 300 /var/lib/openstack/lib/python3.12/site-packages/pycadf/identifier.py:70: UserWarning: Invalid uuid: cinderv3. To ensure interoperability, identifiers should be a valid uuid. warnings.warn(('Invalid uuid: %s. To ensure interoperability, '
2026-07-08 07:34:04.441 7 INFO cinder.api.openstack.wsgi [None req-d97f191d-9c42-46de-8a2a-a8ee26068403 c80d0e61b47f456b9d8ef652d241c5aa c4f134a3b9df4f49a10b580e8a0feb65 - - default default] POST http://cinder-api.openstack.svc.cluster.local:8776/v3/c4f134a3b9df4f49a10b580e8a0feb65/volumes/b8f29316-df72-480a-ad3d-ed17704f3bd1/action /var/lib/openstack/lib/python3.12/site-packages/oslo_context/context.py:101: DeprecationWarning: Policy enforcement is depending on the value of is_admin. This key is deprecated. Please update your policy file to use the standard policy values. warnings.warn(
2026-07-08 07:34:04.455 7 INFO cinder.volume.api [None req-d97f191d-9c42-46de-8a2a-a8ee26068403 c80d0e61b47f456b9d8ef652d241c5aa c4f134a3b9df4f49a10b580e8a0feb65 - - default default] Volume info retrieved successfully.
2026-07-08 07:34:04.466 7 INFO cinder.volume.api [None req-d97f191d-9c42-46de-8a2a-a8ee26068403 c80d0e61b47f456b9d8ef652d241c5aa c4f134a3b9df4f49a10b580e8a0feb65 - - default default] Update volume admin metadata completed successfully.
2026-07-08 07:34:04.970 7 INFO cinder.volume.api [None req-d97f191d-9c42-46de-8a2a-a8ee26068403 c80d0e61b47f456b9d8ef652d241c5aa c4f134a3b9df4f49a10b580e8a0feb65 - - default default] Attach volume completed successfully.
2026-07-08 07:34:04.971 7 INFO cinder.api.openstack.wsgi [None req-d97f191d-9c42-46de-8a2a-a8ee26068403 c80d0e61b47f456b9d8ef652d241c5aa c4f134a3b9df4f49a10b580e8a0feb65 - - default default] http://cinder-api.openstack.svc.cluster.local:8776/v3/c4f134a3b9df4f49a10b580e8a0feb65/volumes/b8f29316-df72-480a-ad3d-ed17704f3bd1/action returned with HTTP 202 [pid: 7|app: 0|req: 375/749] 10.0.0.28 () {34 vars in 809 bytes} [Wed Jul 8 07:34:04 2026] POST /v3/c4f134a3b9df4f49a10b580e8a0feb65/volumes/b8f29316-df72-480a-ad3d-ed17704f3bd1/action => generated 0 bytes in 544 msecs (HTTP/1.1 202) 7 headers in 289 bytes (1 switches on core 0) /var/lib/openstack/lib/python3.12/site-packages/pycadf/identifier.py:70: UserWarning: Invalid uuid: cinderv3. To ensure interoperability, identifiers should be a valid uuid. warnings.warn(('Invalid uuid: %s. To ensure interoperability, '
2026-07-08 07:34:04.989 8 INFO cinder.api.openstack.wsgi [None req-9f1718c9-4273-4405-ae44-8c79adf6ce3c c80d0e61b47f456b9d8ef652d241c5aa c4f134a3b9df4f49a10b580e8a0feb65 - - default default] GET http://cinder-api.openstack.svc.cluster.local:8776/v3/c4f134a3b9df4f49a10b580e8a0feb65/volumes/b8f29316-df72-480a-ad3d-ed17704f3bd1 /var/lib/openstack/lib/python3.12/site-packages/oslo_context/context.py:101: DeprecationWarning: Policy enforcement is depending on the value of is_admin. This key is deprecated. Please update your policy file to use the standard policy values. warnings.warn(
2026-07-08 07:34:05.009 8 INFO cinder.volume.api [None req-9f1718c9-4273-4405-ae44-8c79adf6ce3c c80d0e61b47f456b9d8ef652d241c5aa c4f134a3b9df4f49a10b580e8a0feb65 - - default default] Volume info retrieved successfully.
2026-07-08 07:34:05.015 8 INFO cinder.api.openstack.wsgi [None req-9f1718c9-4273-4405-ae44-8c79adf6ce3c c80d0e61b47f456b9d8ef652d241c5aa c4f134a3b9df4f49a10b580e8a0feb65 - - default default] http://cinder-api.openstack.svc.cluster.local:8776/v3/c4f134a3b9df4f49a10b580e8a0feb65/volumes/b8f29316-df72-480a-ad3d-ed17704f3bd1 returned with HTTP 200 [pid: 8|app: 0|req: 375/750] 10.0.0.28 () {32 vars in 774 bytes} [Wed Jul 8 07:34:04 2026] GET /v3/c4f134a3b9df4f49a10b580e8a0feb65/volumes/b8f29316-df72-480a-ad3d-ed17704f3bd1 => generated 1288 bytes in 39 msecs (HTTP/1.1 200) 7 headers in 286 bytes (1 switches on core 0) /var/lib/openstack/lib/python3.12/site-packages/pycadf/identifier.py:70: UserWarning: Invalid uuid: cinderv3. To ensure interoperability, identifiers should be a valid uuid. warnings.warn(('Invalid uuid: %s. To ensure interoperability, '
2026-07-08 07:34:05.039 7 INFO cinder.api.openstack.wsgi [None req-f63ffac0-1780-458d-95ab-111fd8557bd8 c80d0e61b47f456b9d8ef652d241c5aa c4f134a3b9df4f49a10b580e8a0feb65 - - default default] POST http://cinder-api.openstack.svc.cluster.local:8776/v3/c4f134a3b9df4f49a10b580e8a0feb65/volumes/b8f29316-df72-480a-ad3d-ed17704f3bd1/action /var/lib/openstack/lib/python3.12/site-packages/oslo_context/context.py:101: DeprecationWarning: Policy enforcement is depending on the value of is_admin. This key is deprecated. Please update your policy file to use the standard policy values. warnings.warn(
2026-07-08 07:34:05.059 7 INFO cinder.volume.api [None req-f63ffac0-1780-458d-95ab-111fd8557bd8 c80d0e61b47f456b9d8ef652d241c5aa c4f134a3b9df4f49a10b580e8a0feb65 - - default default] Volume info retrieved successfully.
2026-07-08 07:34:05.564 7 INFO cinder.volume.api [None req-f63ffac0-1780-458d-95ab-111fd8557bd8 c80d0e61b47f456b9d8ef652d241c5aa c4f134a3b9df4f49a10b580e8a0feb65 - - default default] Detach volume completed successfully.
2026-07-08 07:34:05.565 7 INFO cinder.api.openstack.wsgi [None req-f63ffac0-1780-458d-95ab-111fd8557bd8 c80d0e61b47f456b9d8ef652d241c5aa c4f134a3b9df4f49a10b580e8a0feb65 - - default default] http://cinder-api.openstack.svc.cluster.local:8776/v3/c4f134a3b9df4f49a10b580e8a0feb65/volumes/b8f29316-df72-480a-ad3d-ed17704f3bd1/action returned with HTTP 202 [pid: 7|app: 0|req: 376/751] 10.0.0.28 () {34 vars in 809 bytes} [Wed Jul 8 07:34:05 2026] POST /v3/c4f134a3b9df4f49a10b580e8a0feb65/volumes/b8f29316-df72-480a-ad3d-ed17704f3bd1/action => generated 0 bytes in 532 msecs (HTTP/1.1 202) 7 headers in 289 bytes (1 switches on core 0) /var/lib/openstack/lib/python3.12/site-packages/pycadf/identifier.py:70: UserWarning: Invalid uuid: cinderv3. To ensure interoperability, identifiers should be a valid uuid. warnings.warn(('Invalid uuid: %s. To ensure interoperability, '
2026-07-08 07:34:05.576 8 INFO cinder.api.openstack.wsgi [None req-c3dbd10b-a6a5-40af-9652-036b02abdec1 c80d0e61b47f456b9d8ef652d241c5aa c4f134a3b9df4f49a10b580e8a0feb65 - - default default] GET http://cinder-api.openstack.svc.cluster.local:8776/v3/c4f134a3b9df4f49a10b580e8a0feb65/volumes/b8f29316-df72-480a-ad3d-ed17704f3bd1 /var/lib/openstack/lib/python3.12/site-packages/oslo_context/context.py:101: DeprecationWarning: Policy enforcement is depending on the value of is_admin. This key is deprecated. Please update your policy file to use the standard policy values. warnings.warn(
2026-07-08 07:34:05.595 8 INFO cinder.volume.api [None req-c3dbd10b-a6a5-40af-9652-036b02abdec1 c80d0e61b47f456b9d8ef652d241c5aa c4f134a3b9df4f49a10b580e8a0feb65 - - default default] Volume info retrieved successfully.
2026-07-08 07:34:05.605 8 INFO cinder.api.openstack.wsgi [None req-c3dbd10b-a6a5-40af-9652-036b02abdec1 c80d0e61b47f456b9d8ef652d241c5aa c4f134a3b9df4f49a10b580e8a0feb65 - - default default] http://cinder-api.openstack.svc.cluster.local:8776/v3/c4f134a3b9df4f49a10b580e8a0feb65/volumes/b8f29316-df72-480a-ad3d-ed17704f3bd1 returned with HTTP 200 [pid: 8|app: 0|req: 376/752] 10.0.0.28 () {32 vars in 774 bytes} [Wed Jul 8 07:34:05 2026] GET /v3/c4f134a3b9df4f49a10b580e8a0feb65/volumes/b8f29316-df72-480a-ad3d-ed17704f3bd1 => generated 973 bytes in 36 msecs (HTTP/1.1 200) 7 headers in 285 bytes (1 switches on core 0)
2026-07-08 07:34:06.793 8 INFO cinder.api.openstack.wsgi [None req-c3dbd10b-a6a5-40af-9652-036b02abdec1 c80d0e61b47f456b9d8ef652d241c5aa c4f134a3b9df4f49a10b580e8a0feb65 - - default default] GET http://10.0.0.187:8776/
2026-07-08 07:34:06.793 7 INFO cinder.api.openstack.wsgi [None req-f63ffac0-1780-458d-95ab-111fd8557bd8 c80d0e61b47f456b9d8ef652d241c5aa c4f134a3b9df4f49a10b580e8a0feb65 - - default default] GET http://10.0.0.187:8776/
2026-07-08 07:34:06.794 7 INFO cinder.api.openstack.wsgi [None req-f63ffac0-1780-458d-95ab-111fd8557bd8 c80d0e61b47f456b9d8ef652d241c5aa c4f134a3b9df4f49a10b580e8a0feb65 - - default default] http://10.0.0.187:8776/ returned with HTTP 300
2026-07-08 07:34:06.795 8 INFO cinder.api.openstack.wsgi [None req-c3dbd10b-a6a5-40af-9652-036b02abdec1 c80d0e61b47f456b9d8ef652d241c5aa c4f134a3b9df4f49a10b580e8a0feb65 - - default default] http://10.0.0.187:8776/ returned with HTTP 300 /var/lib/openstack/lib/python3.12/site-packages/pycadf/identifier.py:70: UserWarning: Invalid uuid: cinderv3. To ensure interoperability, identifiers should be a valid uuid. warnings.warn(('Invalid uuid: %s. To ensure interoperability, '
2026-07-08 07:34:07.520 7 INFO cinder.api.openstack.wsgi [req-bce2a205-e128-4a1d-bfa7-28633387a9d2 req-def02e60-3f3b-4337-9ea2-fc5ea34c9f6f 36e8d768c7d2414b8c60d6ef8881f686 8dd0fa42a92b489e863905eefb45df7b - - default default] DELETE http://cinder-api.openstack.svc.cluster.local:8776/v3/8dd0fa42a92b489e863905eefb45df7b/attachments/8e463a1f-5d08-4aff-b7ce-7feb9ec8ef48 /var/lib/openstack/lib/python3.12/site-packages/oslo_context/context.py:101: DeprecationWarning: Policy enforcement is depending on the value of is_admin. This key is deprecated. Please update your policy file to use the standard policy values. warnings.warn(
2026-07-08 07:34:08.083 7 INFO cinder.api.openstack.wsgi [req-bce2a205-e128-4a1d-bfa7-28633387a9d2 req-def02e60-3f3b-4337-9ea2-fc5ea34c9f6f 36e8d768c7d2414b8c60d6ef8881f686 8dd0fa42a92b489e863905eefb45df7b - - default default] http://cinder-api.openstack.svc.cluster.local:8776/v3/8dd0fa42a92b489e863905eefb45df7b/attachments/8e463a1f-5d08-4aff-b7ce-7feb9ec8ef48 returned with HTTP 200 [pid: 7|app: 0|req: 378/755] 199.19.213.194 () {38 vars in 1103 bytes} [Wed Jul 8 07:34:07 2026] DELETE /v3/8dd0fa42a92b489e863905eefb45df7b/attachments/8e463a1f-5d08-4aff-b7ce-7feb9ec8ef48 => generated 19 bytes in 572 msecs (HTTP/1.1 200) 7 headers in 285 bytes (1 switches on core 0) /var/lib/openstack/lib/python3.12/site-packages/pycadf/identifier.py:70: UserWarning: Invalid uuid: cinderv3. To ensure interoperability, identifiers should be a valid uuid. warnings.warn(('Invalid uuid: %s. To ensure interoperability, '
2026-07-08 07:34:08.101 8 INFO cinder.api.openstack.wsgi [req-bce2a205-e128-4a1d-bfa7-28633387a9d2 req-07ceb2b4-f764-49a1-bd5f-72e279f0ed13 36e8d768c7d2414b8c60d6ef8881f686 8dd0fa42a92b489e863905eefb45df7b - - default default] DELETE http://cinder-api.openstack.svc.cluster.local:8776/v3/8dd0fa42a92b489e863905eefb45df7b/volumes/558e7666-5089-45fb-b005-76f5b308a88b
2026-07-08 07:34:08.102 8 INFO cinder.api.v3.volumes [req-bce2a205-e128-4a1d-bfa7-28633387a9d2 req-07ceb2b4-f764-49a1-bd5f-72e279f0ed13 36e8d768c7d2414b8c60d6ef8881f686 8dd0fa42a92b489e863905eefb45df7b - - default default] Delete volume with id: 558e7666-5089-45fb-b005-76f5b308a88b /var/lib/openstack/lib/python3.12/site-packages/oslo_context/context.py:101: DeprecationWarning: Policy enforcement is depending on the value of is_admin. This key is deprecated. Please update your policy file to use the standard policy values. warnings.warn(
2026-07-08 07:34:08.112 8 INFO cinder.volume.api [req-bce2a205-e128-4a1d-bfa7-28633387a9d2 req-07ceb2b4-f764-49a1-bd5f-72e279f0ed13 36e8d768c7d2414b8c60d6ef8881f686 8dd0fa42a92b489e863905eefb45df7b - - default default] Volume info retrieved successfully.
2026-07-08 07:34:08.141 8 INFO cinder.volume.api [req-bce2a205-e128-4a1d-bfa7-28633387a9d2 req-07ceb2b4-f764-49a1-bd5f-72e279f0ed13 36e8d768c7d2414b8c60d6ef8881f686 8dd0fa42a92b489e863905eefb45df7b - - default default] Delete volume request issued successfully.
2026-07-08 07:34:08.141 8 INFO cinder.api.openstack.wsgi [req-bce2a205-e128-4a1d-bfa7-28633387a9d2 req-07ceb2b4-f764-49a1-bd5f-72e279f0ed13 36e8d768c7d2414b8c60d6ef8881f686 8dd0fa42a92b489e863905eefb45df7b - - default default] http://cinder-api.openstack.svc.cluster.local:8776/v3/8dd0fa42a92b489e863905eefb45df7b/volumes/558e7666-5089-45fb-b005-76f5b308a88b returned with HTTP 202 [pid: 8|app: 0|req: 378/756] 199.19.213.194 () {36 vars in 1054 bytes} [Wed Jul 8 07:34:08 2026] DELETE /v3/8dd0fa42a92b489e863905eefb45df7b/volumes/558e7666-5089-45fb-b005-76f5b308a88b => generated 0 bytes in 49 msecs (HTTP/1.1 202) 6 headers in 233 bytes (1 switches on core 0) /var/lib/openstack/lib/python3.12/site-packages/pycadf/identifier.py:70: UserWarning: Invalid uuid: cinderv3. To ensure interoperability, identifiers should be a valid uuid. warnings.warn(('Invalid uuid: %s. To ensure interoperability, '
2026-07-08 07:34:11.692 7 INFO cinder.api.openstack.wsgi [None req-5ff8d469-870b-427c-a1d2-1f66344e5b47 c80d0e61b47f456b9d8ef652d241c5aa c4f134a3b9df4f49a10b580e8a0feb65 - - default default] GET http://cinder-api.openstack.svc.cluster.local:8776/v3/c4f134a3b9df4f49a10b580e8a0feb65/volumes/b8f29316-df72-480a-ad3d-ed17704f3bd1 /var/lib/openstack/lib/python3.12/site-packages/oslo_context/context.py:101: DeprecationWarning: Policy enforcement is depending on the value of is_admin. This key is deprecated. Please update your policy file to use the standard policy values. warnings.warn(
2026-07-08 07:34:11.709 7 INFO cinder.volume.api [None req-5ff8d469-870b-427c-a1d2-1f66344e5b47 c80d0e61b47f456b9d8ef652d241c5aa c4f134a3b9df4f49a10b580e8a0feb65 - - default default] Volume info retrieved successfully.
2026-07-08 07:34:11.717 7 INFO cinder.api.openstack.wsgi [None req-5ff8d469-870b-427c-a1d2-1f66344e5b47 c80d0e61b47f456b9d8ef652d241c5aa c4f134a3b9df4f49a10b580e8a0feb65 - - default default] http://cinder-api.openstack.svc.cluster.local:8776/v3/c4f134a3b9df4f49a10b580e8a0feb65/volumes/b8f29316-df72-480a-ad3d-ed17704f3bd1 returned with HTTP 200 [pid: 7|app: 0|req: 379/757] 10.0.0.28 () {32 vars in 774 bytes} [Wed Jul 8 07:34:11 2026] GET /v3/c4f134a3b9df4f49a10b580e8a0feb65/volumes/b8f29316-df72-480a-ad3d-ed17704f3bd1 => generated 973 bytes in 35 msecs (HTTP/1.1 200) 7 headers in 285 bytes (1 switches on core 0) /var/lib/openstack/lib/python3.12/site-packages/pycadf/identifier.py:70: UserWarning: Invalid uuid: cinderv3. To ensure interoperability, identifiers should be a valid uuid. warnings.warn(('Invalid uuid: %s. To ensure interoperability, '
2026-07-08 07:34:11.747 8 INFO cinder.api.openstack.wsgi [None req-152947c8-3283-4c38-bad9-6bc15dcc4ccc c80d0e61b47f456b9d8ef652d241c5aa c4f134a3b9df4f49a10b580e8a0feb65 - - default default] DELETE http://cinder-api.openstack.svc.cluster.local:8776/v3/c4f134a3b9df4f49a10b580e8a0feb65/volumes/b8f29316-df72-480a-ad3d-ed17704f3bd1
2026-07-08 07:34:11.748 8 INFO cinder.api.v3.volumes [None req-152947c8-3283-4c38-bad9-6bc15dcc4ccc c80d0e61b47f456b9d8ef652d241c5aa c4f134a3b9df4f49a10b580e8a0feb65 - - default default] Delete volume with id: b8f29316-df72-480a-ad3d-ed17704f3bd1 /var/lib/openstack/lib/python3.12/site-packages/oslo_context/context.py:101: DeprecationWarning: Policy enforcement is depending on the value of is_admin. This key is deprecated. Please update your policy file to use the standard policy values. warnings.warn(
2026-07-08 07:34:11.760 8 INFO cinder.volume.api [None req-152947c8-3283-4c38-bad9-6bc15dcc4ccc c80d0e61b47f456b9d8ef652d241c5aa c4f134a3b9df4f49a10b580e8a0feb65 - - default default] Volume info retrieved successfully.
2026-07-08 07:34:11.785 8 INFO cinder.volume.api [None req-152947c8-3283-4c38-bad9-6bc15dcc4ccc c80d0e61b47f456b9d8ef652d241c5aa c4f134a3b9df4f49a10b580e8a0feb65 - - default default] Delete volume request issued successfully.
2026-07-08 07:34:11.785 8 INFO cinder.api.openstack.wsgi [None req-152947c8-3283-4c38-bad9-6bc15dcc4ccc c80d0e61b47f456b9d8ef652d241c5aa c4f134a3b9df4f49a10b580e8a0feb65 - - default default] http://cinder-api.openstack.svc.cluster.local:8776/v3/c4f134a3b9df4f49a10b580e8a0feb65/volumes/b8f29316-df72-480a-ad3d-ed17704f3bd1 returned with HTTP 202 [pid: 8|app: 0|req: 379/758] 10.0.0.28 () {32 vars in 777 bytes} [Wed Jul 8 07:34:11 2026] DELETE /v3/c4f134a3b9df4f49a10b580e8a0feb65/volumes/b8f29316-df72-480a-ad3d-ed17704f3bd1 => generated 0 bytes in 46 msecs (HTTP/1.1 202) 6 headers in 233 bytes (1 switches on core 0) /var/lib/openstack/lib/python3.12/site-packages/pycadf/identifier.py:70: UserWarning: Invalid uuid: cinderv3. To ensure interoperability, identifiers should be a valid uuid. warnings.warn(('Invalid uuid: %s. To ensure interoperability, '
2026-07-08 07:34:11.808 7 INFO cinder.api.openstack.wsgi [None req-587e015b-7cd1-4ed8-aaee-b4173116e139 c80d0e61b47f456b9d8ef652d241c5aa c4f134a3b9df4f49a10b580e8a0feb65 - - default default] GET http://cinder-api.openstack.svc.cluster.local:8776/v3/c4f134a3b9df4f49a10b580e8a0feb65/volumes/b8f29316-df72-480a-ad3d-ed17704f3bd1 /var/lib/openstack/lib/python3.12/site-packages/oslo_context/context.py:101: DeprecationWarning: Policy enforcement is depending on the value of is_admin. This key is deprecated. Please update your policy file to use the standard policy values. warnings.warn(
2026-07-08 07:34:11.832 7 INFO cinder.volume.api [None req-587e015b-7cd1-4ed8-aaee-b4173116e139 c80d0e61b47f456b9d8ef652d241c5aa c4f134a3b9df4f49a10b580e8a0feb65 - - default default] Volume info retrieved successfully.
2026-07-08 07:34:11.836 7 INFO cinder.api.openstack.wsgi [None req-587e015b-7cd1-4ed8-aaee-b4173116e139 c80d0e61b47f456b9d8ef652d241c5aa c4f134a3b9df4f49a10b580e8a0feb65 - - default default] http://cinder-api.openstack.svc.cluster.local:8776/v3/c4f134a3b9df4f49a10b580e8a0feb65/volumes/b8f29316-df72-480a-ad3d-ed17704f3bd1 returned with HTTP 200 [pid: 7|app: 0|req: 380/759] 10.0.0.28 () {32 vars in 774 bytes} [Wed Jul 8 07:34:11 2026] GET /v3/c4f134a3b9df4f49a10b580e8a0feb65/volumes/b8f29316-df72-480a-ad3d-ed17704f3bd1 => generated 972 bytes in 35 msecs (HTTP/1.1 200) 7 headers in 285 bytes (1 switches on core 0) /var/lib/openstack/lib/python3.12/site-packages/pycadf/identifier.py:70: UserWarning: Invalid uuid: cinderv3. To ensure interoperability, identifiers should be a valid uuid. warnings.warn(('Invalid uuid: %s. To ensure interoperability, '
2026-07-08 07:34:12.861 8 INFO cinder.api.openstack.wsgi [None req-dd1a4f9d-29f0-48a3-8625-b6035299d2bc c80d0e61b47f456b9d8ef652d241c5aa c4f134a3b9df4f49a10b580e8a0feb65 - - default default] GET http://cinder-api.openstack.svc.cluster.local:8776/v3/c4f134a3b9df4f49a10b580e8a0feb65/volumes/b8f29316-df72-480a-ad3d-ed17704f3bd1
2026-07-08 07:34:12.869 8 INFO cinder.api.openstack.wsgi [None req-dd1a4f9d-29f0-48a3-8625-b6035299d2bc c80d0e61b47f456b9d8ef652d241c5aa c4f134a3b9df4f49a10b580e8a0feb65 - - default default] http://cinder-api.openstack.svc.cluster.local:8776/v3/c4f134a3b9df4f49a10b580e8a0feb65/volumes/b8f29316-df72-480a-ad3d-ed17704f3bd1 returned with HTTP 404 [pid: 8|app: 0|req: 380/760] 10.0.0.28 () {32 vars in 774 bytes} [Wed Jul 8 07:34:12 2026] GET /v3/c4f134a3b9df4f49a10b580e8a0feb65/volumes/b8f29316-df72-480a-ad3d-ed17704f3bd1 => generated 109 bytes in 14 msecs (HTTP/1.1 404) 7 headers in 292 bytes (1 switches on core 0)
2026-07-08 07:34:16.793 7 INFO cinder.api.openstack.wsgi [None req-587e015b-7cd1-4ed8-aaee-b4173116e139 c80d0e61b47f456b9d8ef652d241c5aa c4f134a3b9df4f49a10b580e8a0feb65 - - default default] GET http://10.0.0.187:8776/
2026-07-08 07:34:16.793 8 INFO cinder.api.openstack.wsgi [None req-dd1a4f9d-29f0-48a3-8625-b6035299d2bc c80d0e61b47f456b9d8ef652d241c5aa c4f134a3b9df4f49a10b580e8a0feb65 - - default default] GET http://10.0.0.187:8776/
2026-07-08 07:34:16.794 7 INFO cinder.api.openstack.wsgi [None req-587e015b-7cd1-4ed8-aaee-b4173116e139 c80d0e61b47f456b9d8ef652d241c5aa c4f134a3b9df4f49a10b580e8a0feb65 - - default default] http://10.0.0.187:8776/ returned with HTTP 300
2026-07-08 07:34:16.795 8 INFO cinder.api.openstack.wsgi [None req-dd1a4f9d-29f0-48a3-8625-b6035299d2bc c80d0e61b47f456b9d8ef652d241c5aa c4f134a3b9df4f49a10b580e8a0feb65 - - default default] http://10.0.0.187:8776/ returned with HTTP 300
2026-07-08 07:34:24.352 8 INFO cinder.api.openstack.wsgi [None req-dd1a4f9d-29f0-48a3-8625-b6035299d2bc c80d0e61b47f456b9d8ef652d241c5aa c4f134a3b9df4f49a10b580e8a0feb65 - - default default] GET http://cinder-api.openstack.svc.cluster.local:8776/
2026-07-08 07:34:24.353 8 INFO cinder.api.openstack.wsgi [None req-dd1a4f9d-29f0-48a3-8625-b6035299d2bc c80d0e61b47f456b9d8ef652d241c5aa c4f134a3b9df4f49a10b580e8a0feb65 - - default default] http://cinder-api.openstack.svc.cluster.local:8776/ returned with HTTP 300 [pid: 8|app: 0|req: 382/763] 10.0.0.233 () {28 vars in 376 bytes} [Wed Jul 8 07:34:24 2026] GET / => generated 411 bytes in 2 msecs (HTTP/1.1 300) 5 headers in 169 bytes (1 switches on core 0) /var/lib/openstack/lib/python3.12/site-packages/pycadf/identifier.py:70: UserWarning: Invalid uuid: cinderv3. To ensure interoperability, identifiers should be a valid uuid. warnings.warn(('Invalid uuid: %s. To ensure interoperability, '
2026-07-08 07:34:24.371 7 INFO cinder.api.openstack.wsgi [None req-e928f81e-386a-4ab0-b7a0-6e9e7ee8b369 a0ec934d029841e9bf9bc3345767d937 9b321d875dd440f9b88171a8fd8c3860 - - default default] GET http://cinder-api.openstack.svc.cluster.local:8776/v3/9b321d875dd440f9b88171a8fd8c3860/limits?tenant_id=9b321d875dd440f9b88171a8fd8c3860
2026-07-08 07:34:24.411 7 INFO cinder.api.openstack.wsgi [None req-e928f81e-386a-4ab0-b7a0-6e9e7ee8b369 a0ec934d029841e9bf9bc3345767d937 9b321d875dd440f9b88171a8fd8c3860 - - default default] http://cinder-api.openstack.svc.cluster.local:8776/v3/9b321d875dd440f9b88171a8fd8c3860/limits?tenant_id=9b321d875dd440f9b88171a8fd8c3860 returned with HTTP 200 [pid: 7|app: 0|req: 382/764] 10.0.0.233 () {34 vars in 879 bytes} [Wed Jul 8 07:34:24 2026] GET /v3/9b321d875dd440f9b88171a8fd8c3860/limits?tenant_id=9b321d875dd440f9b88171a8fd8c3860 => generated 302 bytes in 47 msecs (HTTP/1.1 200) 7 headers in 286 bytes (1 switches on core 0)
2026-07-08 07:34:26.792 8 INFO cinder.api.openstack.wsgi [None req-dd1a4f9d-29f0-48a3-8625-b6035299d2bc c80d0e61b47f456b9d8ef652d241c5aa c4f134a3b9df4f49a10b580e8a0feb65 - - default default] GET http://10.0.0.187:8776/
2026-07-08 07:34:26.793 7 INFO cinder.api.openstack.wsgi [None req-e928f81e-386a-4ab0-b7a0-6e9e7ee8b369 a0ec934d029841e9bf9bc3345767d937 9b321d875dd440f9b88171a8fd8c3860 - - default default] GET http://10.0.0.187:8776/
2026-07-08 07:34:26.793 8 INFO cinder.api.openstack.wsgi [None req-dd1a4f9d-29f0-48a3-8625-b6035299d2bc c80d0e61b47f456b9d8ef652d241c5aa c4f134a3b9df4f49a10b580e8a0feb65 - - default default] http://10.0.0.187:8776/ returned with HTTP 300
2026-07-08 07:34:26.794 7 INFO cinder.api.openstack.wsgi [None req-e928f81e-386a-4ab0-b7a0-6e9e7ee8b369 a0ec934d029841e9bf9bc3345767d937 9b321d875dd440f9b88171a8fd8c3860 - - default default] http://10.0.0.187:8776/ returned with HTTP 300
2026-07-08 07:34:27.483 8 INFO cinder.api.openstack.wsgi [None req-dd1a4f9d-29f0-48a3-8625-b6035299d2bc c80d0e61b47f456b9d8ef652d241c5aa c4f134a3b9df4f49a10b580e8a0feb65 - - default default] GET http://cinder-api.openstack.svc.cluster.local:8776/
2026-07-08 07:34:27.484 8 INFO cinder.api.openstack.wsgi [None req-dd1a4f9d-29f0-48a3-8625-b6035299d2bc c80d0e61b47f456b9d8ef652d241c5aa c4f134a3b9df4f49a10b580e8a0feb65 - - default default] http://cinder-api.openstack.svc.cluster.local:8776/ returned with HTTP 300 [pid: 8|app: 0|req: 384/767] 10.0.0.233 () {28 vars in 376 bytes} [Wed Jul 8 07:34:27 2026] GET / => generated 411 bytes in 2 msecs (HTTP/1.1 300) 5 headers in 169 bytes (1 switches on core 0)
2026-07-08 07:34:27.493 7 INFO cinder.api.openstack.wsgi [None req-e928f81e-386a-4ab0-b7a0-6e9e7ee8b369 a0ec934d029841e9bf9bc3345767d937 9b321d875dd440f9b88171a8fd8c3860 - - default default] GET http://cinder-api.openstack.svc.cluster.local:8776/
2026-07-08 07:34:27.495 7 INFO cinder.api.openstack.wsgi [None req-e928f81e-386a-4ab0-b7a0-6e9e7ee8b369 a0ec934d029841e9bf9bc3345767d937 9b321d875dd440f9b88171a8fd8c3860 - - default default] http://cinder-api.openstack.svc.cluster.local:8776/ returned with HTTP 300 [pid: 7|app: 0|req: 384/768] 10.0.0.233 () {28 vars in 376 bytes} [Wed Jul 8 07:34:27 2026] GET / => generated 411 bytes in 2 msecs (HTTP/1.1 300) 5 headers in 169 bytes (1 switches on core 0)
2026-07-08 07:34:28.294 8 INFO cinder.api.openstack.wsgi [None req-dd1a4f9d-29f0-48a3-8625-b6035299d2bc c80d0e61b47f456b9d8ef652d241c5aa c4f134a3b9df4f49a10b580e8a0feb65 - - default default] GET http://cinder-api.openstack.svc.cluster.local:8776/
2026-07-08 07:34:28.294 8 INFO cinder.api.openstack.wsgi [None req-dd1a4f9d-29f0-48a3-8625-b6035299d2bc c80d0e61b47f456b9d8ef652d241c5aa c4f134a3b9df4f49a10b580e8a0feb65 - - default default] http://cinder-api.openstack.svc.cluster.local:8776/ returned with HTTP 300 [pid: 8|app: 0|req: 385/769] 10.0.0.233 () {28 vars in 376 bytes} [Wed Jul 8 07:34:28 2026] GET / => generated 411 bytes in 1 msecs (HTTP/1.1 300) 5 headers in 169 bytes (1 switches on core 0)
2026-07-08 07:34:28.309 7 INFO cinder.api.openstack.wsgi [None req-257acbb0-efb6-43f9-bcab-24d0a7e6916c a0ec934d029841e9bf9bc3345767d937 9b321d875dd440f9b88171a8fd8c3860 - - default default] GET http://cinder-api.openstack.svc.cluster.local:8776/v3/9b321d875dd440f9b88171a8fd8c3860/limits?tenant_id=9b321d875dd440f9b88171a8fd8c3860
2026-07-08 07:34:28.338 7 INFO cinder.api.openstack.wsgi [None req-257acbb0-efb6-43f9-bcab-24d0a7e6916c a0ec934d029841e9bf9bc3345767d937 9b321d875dd440f9b88171a8fd8c3860 - - default default] http://cinder-api.openstack.svc.cluster.local:8776/v3/9b321d875dd440f9b88171a8fd8c3860/limits?tenant_id=9b321d875dd440f9b88171a8fd8c3860 returned with HTTP 200 [pid: 7|app: 0|req: 385/770] 10.0.0.233 () {34 vars in 879 bytes} [Wed Jul 8 07:34:28 2026] GET /v3/9b321d875dd440f9b88171a8fd8c3860/limits?tenant_id=9b321d875dd440f9b88171a8fd8c3860 => generated 302 bytes in 37 msecs (HTTP/1.1 200) 7 headers in 286 bytes (1 switches on core 0)
2026-07-08 07:34:30.862 8 INFO cinder.api.openstack.wsgi [None req-dd1a4f9d-29f0-48a3-8625-b6035299d2bc c80d0e61b47f456b9d8ef652d241c5aa c4f134a3b9df4f49a10b580e8a0feb65 - - default default] GET http://cinder-api.openstack.svc.cluster.local:8776/
2026-07-08 07:34:30.863 8 INFO cinder.api.openstack.wsgi [None req-dd1a4f9d-29f0-48a3-8625-b6035299d2bc c80d0e61b47f456b9d8ef652d241c5aa c4f134a3b9df4f49a10b580e8a0feb65 - - default default] http://cinder-api.openstack.svc.cluster.local:8776/ returned with HTTP 300 [pid: 8|app: 0|req: 386/771] 10.0.0.233 () {28 vars in 376 bytes} [Wed Jul 8 07:34:30 2026] GET / => generated 411 bytes in 2 msecs (HTTP/1.1 300) 5 headers in 169 bytes (1 switches on core 0)
2026-07-08 07:34:30.869 7 INFO cinder.api.openstack.wsgi [None req-257acbb0-efb6-43f9-bcab-24d0a7e6916c a0ec934d029841e9bf9bc3345767d937 9b321d875dd440f9b88171a8fd8c3860 - - default default] GET http://cinder-api.openstack.svc.cluster.local:8776/
2026-07-08 07:34:30.870 7 INFO cinder.api.openstack.wsgi [None req-257acbb0-efb6-43f9-bcab-24d0a7e6916c a0ec934d029841e9bf9bc3345767d937 9b321d875dd440f9b88171a8fd8c3860 - - default default] http://cinder-api.openstack.svc.cluster.local:8776/ returned with HTTP 300 [pid: 7|app: 0|req: 386/772] 10.0.0.233 () {28 vars in 376 bytes} [Wed Jul 8 07:34:30 2026] GET / => generated 411 bytes in 1 msecs (HTTP/1.1 300) 5 headers in 169 bytes (1 switches on core 0)
2026-07-08 07:34:36.795 7 INFO cinder.api.openstack.wsgi [None req-257acbb0-efb6-43f9-bcab-24d0a7e6916c a0ec934d029841e9bf9bc3345767d937 9b321d875dd440f9b88171a8fd8c3860 - - default default] GET http://10.0.0.187:8776/
2026-07-08 07:34:36.795 8 INFO cinder.api.openstack.wsgi [None req-dd1a4f9d-29f0-48a3-8625-b6035299d2bc c80d0e61b47f456b9d8ef652d241c5aa c4f134a3b9df4f49a10b580e8a0feb65 - - default default] GET http://10.0.0.187:8776/
2026-07-08 07:34:36.796 7 INFO cinder.api.openstack.wsgi [None req-257acbb0-efb6-43f9-bcab-24d0a7e6916c a0ec934d029841e9bf9bc3345767d937 9b321d875dd440f9b88171a8fd8c3860 - - default default] http://10.0.0.187:8776/ returned with HTTP 300
2026-07-08 07:34:36.796 8 INFO cinder.api.openstack.wsgi [None req-dd1a4f9d-29f0-48a3-8625-b6035299d2bc c80d0e61b47f456b9d8ef652d241c5aa c4f134a3b9df4f49a10b580e8a0feb65 - - default default] http://10.0.0.187:8776/ returned with HTTP 300
2026-07-08 07:34:44.737 7 INFO cinder.api.openstack.wsgi [None req-12efe8dd-787d-473a-8d3b-f924ffdd245a c56b17a9a28f4c22a69735ceb395b977 8d718eba4caf46129dca3f9df837b30a - - default default] GET http://cinder-api.openstack.svc.cluster.local:8776/v3/8d718eba4caf46129dca3f9df837b30a/os-services
2026-07-08 07:34:44.744 7 INFO cinder.api.openstack.wsgi [None req-12efe8dd-787d-473a-8d3b-f924ffdd245a c56b17a9a28f4c22a69735ceb395b977 8d718eba4caf46129dca3f9df837b30a - - default default] http://cinder-api.openstack.svc.cluster.local:8776/v3/8d718eba4caf46129dca3f9df837b30a/os-services returned with HTTP 200 [pid: 7|app: 0|req: 388/775] 10.0.0.8 () {28 vars in 643 bytes} [Wed Jul 8 07:34:44 2026] GET /v3/8d718eba4caf46129dca3f9df837b30a/os-services => generated 646 bytes in 190 msecs (HTTP/1.1 200) 7 headers in 285 bytes (1 switches on core 0)
2026-07-08 07:34:44.761 8 INFO cinder.api.openstack.wsgi [None req-65c8935c-88eb-4156-b127-84c9f38b93f7 c56b17a9a28f4c22a69735ceb395b977 8d718eba4caf46129dca3f9df837b30a - - default default] GET http://cinder-api.openstack.svc.cluster.local:8776/v3/8d718eba4caf46129dca3f9df837b30a/volumes/detail?all_tenants=true
2026-07-08 07:34:44.770 8 INFO cinder.volume.api [None req-65c8935c-88eb-4156-b127-84c9f38b93f7 c56b17a9a28f4c22a69735ceb395b977 8d718eba4caf46129dca3f9df837b30a - - default default] Get all volumes completed successfully.
2026-07-08 07:34:44.772 8 INFO cinder.api.openstack.wsgi [None req-65c8935c-88eb-4156-b127-84c9f38b93f7 c56b17a9a28f4c22a69735ceb395b977 8d718eba4caf46129dca3f9df837b30a - - default default] http://cinder-api.openstack.svc.cluster.local:8776/v3/8d718eba4caf46129dca3f9df837b30a/volumes/detail?all_tenants=true returned with HTTP 200 [pid: 8|app: 0|req: 388/776] 10.0.0.8 () {28 vars in 682 bytes} [Wed Jul 8 07:34:44 2026] GET /v3/8d718eba4caf46129dca3f9df837b30a/volumes/detail?all_tenants=true => generated 15 bytes in 17 msecs (HTTP/1.1 200) 7 headers in 284 bytes (1 switches on core 0)
2026-07-08 07:34:44.786 7 INFO cinder.api.openstack.wsgi [None req-d580c457-0347-4ec7-8bc9-d7ca85813ced c56b17a9a28f4c22a69735ceb395b977 8d718eba4caf46129dca3f9df837b30a - - default default] GET http://cinder-api.openstack.svc.cluster.local:8776/v3/8d718eba4caf46129dca3f9df837b30a/scheduler-stats/get_pools?detail=true
2026-07-08 07:34:45.289 7 INFO cinder.api.openstack.wsgi [None req-d580c457-0347-4ec7-8bc9-d7ca85813ced c56b17a9a28f4c22a69735ceb395b977 8d718eba4caf46129dca3f9df837b30a - - default default] http://cinder-api.openstack.svc.cluster.local:8776/v3/8d718eba4caf46129dca3f9df837b30a/scheduler-stats/get_pools?detail=true returned with HTTP 200 [pid: 7|app: 0|req: 389/777] 10.0.0.8 () {28 vars in 694 bytes} [Wed Jul 8 07:34:44 2026] GET /v3/8d718eba4caf46129dca3f9df837b30a/scheduler-stats/get_pools?detail=true => generated 670 bytes in 514 msecs (HTTP/1.1 200) 7 headers in 285 bytes (1 switches on core 0)
2026-07-08 07:34:45.305 8 INFO cinder.api.openstack.wsgi [None req-72d6b714-19c8-43f8-8ed8-92fb1465608c c56b17a9a28f4c22a69735ceb395b977 8d718eba4caf46129dca3f9df837b30a - - default default] GET http://cinder-api.openstack.svc.cluster.local:8776/v3/8d718eba4caf46129dca3f9df837b30a/snapshots?all_tenants=true
2026-07-08 07:34:45.312 8 INFO cinder.volume.api [None req-72d6b714-19c8-43f8-8ed8-92fb1465608c c56b17a9a28f4c22a69735ceb395b977 8d718eba4caf46129dca3f9df837b30a - - default default] Get all snapshots completed successfully.
2026-07-08 07:34:45.312 8 INFO cinder.api.openstack.wsgi [None req-72d6b714-19c8-43f8-8ed8-92fb1465608c c56b17a9a28f4c22a69735ceb395b977 8d718eba4caf46129dca3f9df837b30a - - default default] http://cinder-api.openstack.svc.cluster.local:8776/v3/8d718eba4caf46129dca3f9df837b30a/snapshots?all_tenants=true returned with HTTP 200 [pid: 8|app: 0|req: 389/778] 10.0.0.8 () {28 vars in 672 bytes} [Wed Jul 8 07:34:45 2026] GET /v3/8d718eba4caf46129dca3f9df837b30a/snapshots?all_tenants=true => generated 17 bytes in 17 msecs (HTTP/1.1 200) 7 headers in 284 bytes (1 switches on core 0)
2026-07-08 07:34:45.361 7 INFO cinder.api.openstack.wsgi [None req-b4222cd6-e952-49e0-9899-4b250d189bb7 c56b17a9a28f4c22a69735ceb395b977 8d718eba4caf46129dca3f9df837b30a - - default default] GET http://cinder-api.openstack.svc.cluster.local:8776/v3/8d718eba4caf46129dca3f9df837b30a/os-quota-sets/524900559b1849b385e9d677692981c8?usage=true
2026-07-08 07:34:45.386 7 INFO cinder.api.openstack.wsgi [None req-b4222cd6-e952-49e0-9899-4b250d189bb7 c56b17a9a28f4c22a69735ceb395b977 8d718eba4caf46129dca3f9df837b30a - - default default] http://cinder-api.openstack.svc.cluster.local:8776/v3/8d718eba4caf46129dca3f9df837b30a/os-quota-sets/524900559b1849b385e9d677692981c8?usage=true returned with HTTP 200 [pid: 7|app: 0|req: 390/779] 10.0.0.8 () {28 vars in 734 bytes} [Wed Jul 8 07:34:45 2026] GET /v3/8d718eba4caf46129dca3f9df837b30a/os-quota-sets/524900559b1849b385e9d677692981c8?usage=true => generated 847 bytes in 31 msecs (HTTP/1.1 200) 7 headers in 285 bytes (1 switches on core 0)
2026-07-08 07:34:45.398 8 INFO cinder.api.openstack.wsgi [None req-214f6516-3d2f-4a2b-b1e7-7038c31d9edb c56b17a9a28f4c22a69735ceb395b977 8d718eba4caf46129dca3f9df837b30a - - default default] GET http://cinder-api.openstack.svc.cluster.local:8776/v3/8d718eba4caf46129dca3f9df837b30a/os-quota-sets/882d5cc0574e4641abddc1a23d9cec3a?usage=true
2026-07-08 07:34:45.434 8 INFO cinder.api.openstack.wsgi [None req-214f6516-3d2f-4a2b-b1e7-7038c31d9edb c56b17a9a28f4c22a69735ceb395b977 8d718eba4caf46129dca3f9df837b30a - - default default] http://cinder-api.openstack.svc.cluster.local:8776/v3/8d718eba4caf46129dca3f9df837b30a/os-quota-sets/882d5cc0574e4641abddc1a23d9cec3a?usage=true returned with HTTP 200 [pid: 8|app: 0|req: 390/780] 10.0.0.8 () {28 vars in 734 bytes} [Wed Jul 8 07:34:45 2026] GET /v3/8d718eba4caf46129dca3f9df837b30a/os-quota-sets/882d5cc0574e4641abddc1a23d9cec3a?usage=true => generated 847 bytes in 44 msecs (HTTP/1.1 200) 7 headers in 285 bytes (1 switches on core 0)
2026-07-08 07:34:45.447 7 INFO cinder.api.openstack.wsgi [None req-fc3644ad-338a-4242-b5d5-d75de46adb5d c56b17a9a28f4c22a69735ceb395b977 8d718eba4caf46129dca3f9df837b30a - - default default] GET http://cinder-api.openstack.svc.cluster.local:8776/v3/8d718eba4caf46129dca3f9df837b30a/os-quota-sets/8d718eba4caf46129dca3f9df837b30a?usage=true
2026-07-08 07:34:45.474 7 INFO cinder.api.openstack.wsgi [None req-fc3644ad-338a-4242-b5d5-d75de46adb5d c56b17a9a28f4c22a69735ceb395b977 8d718eba4caf46129dca3f9df837b30a - - default default] http://cinder-api.openstack.svc.cluster.local:8776/v3/8d718eba4caf46129dca3f9df837b30a/os-quota-sets/8d718eba4caf46129dca3f9df837b30a?usage=true returned with HTTP 200 [pid: 7|app: 0|req: 391/781] 10.0.0.8 () {28 vars in 734 bytes} [Wed Jul 8 07:34:45 2026] GET /v3/8d718eba4caf46129dca3f9df837b30a/os-quota-sets/8d718eba4caf46129dca3f9df837b30a?usage=true => generated 845 bytes in 35 msecs (HTTP/1.1 200) 7 headers in 285 bytes (1 switches on core 0)
2026-07-08 07:34:45.483 8 INFO cinder.api.openstack.wsgi [None req-26b58e0c-0aa8-4193-9b13-d2da4147a81c c56b17a9a28f4c22a69735ceb395b977 8d718eba4caf46129dca3f9df837b30a - - default default] GET http://cinder-api.openstack.svc.cluster.local:8776/v3/8d718eba4caf46129dca3f9df837b30a/os-quota-sets/a15a8cba429844a68713e46788a11c68?usage=true
2026-07-08 07:34:45.502 8 INFO cinder.api.openstack.wsgi [None req-26b58e0c-0aa8-4193-9b13-d2da4147a81c c56b17a9a28f4c22a69735ceb395b977 8d718eba4caf46129dca3f9df837b30a - - default default] http://cinder-api.openstack.svc.cluster.local:8776/v3/8d718eba4caf46129dca3f9df837b30a/os-quota-sets/a15a8cba429844a68713e46788a11c68?usage=true returned with HTTP 200 [pid: 8|app: 0|req: 391/782] 10.0.0.8 () {28 vars in 734 bytes} [Wed Jul 8 07:34:45 2026] GET /v3/8d718eba4caf46129dca3f9df837b30a/os-quota-sets/a15a8cba429844a68713e46788a11c68?usage=true => generated 845 bytes in 25 msecs (HTTP/1.1 200) 7 headers in 285 bytes (1 switches on core 0)
2026-07-08 07:34:45.519 7 INFO cinder.api.openstack.wsgi [None req-f6c41134-f097-4197-9e8d-7e3447cf2d9f c56b17a9a28f4c22a69735ceb395b977 8d718eba4caf46129dca3f9df837b30a - - default default] GET http://cinder-api.openstack.svc.cluster.local:8776/v3/8d718eba4caf46129dca3f9df837b30a/os-quota-sets/a915708d45cc4dd6a707a329d9128b0a?usage=true
2026-07-08 07:34:45.542 7 INFO cinder.api.openstack.wsgi [None req-f6c41134-f097-4197-9e8d-7e3447cf2d9f c56b17a9a28f4c22a69735ceb395b977 8d718eba4caf46129dca3f9df837b30a - - default default] http://cinder-api.openstack.svc.cluster.local:8776/v3/8d718eba4caf46129dca3f9df837b30a/os-quota-sets/a915708d45cc4dd6a707a329d9128b0a?usage=true returned with HTTP 200 [pid: 7|app: 0|req: 392/783] 10.0.0.8 () {28 vars in 734 bytes} [Wed Jul 8 07:34:45 2026] GET /v3/8d718eba4caf46129dca3f9df837b30a/os-quota-sets/a915708d45cc4dd6a707a329d9128b0a?usage=true => generated 847 bytes in 37 msecs (HTTP/1.1 200) 7 headers in 285 bytes (1 switches on core 0)
2026-07-08 07:34:45.555 8 INFO cinder.api.openstack.wsgi [None req-8a9b1f56-859a-42ad-9294-b22d2a4c07cc c56b17a9a28f4c22a69735ceb395b977 8d718eba4caf46129dca3f9df837b30a - - default default] GET http://cinder-api.openstack.svc.cluster.local:8776/v3/8d718eba4caf46129dca3f9df837b30a/os-quota-sets/a9eb0b73c2bd4fe6b55585ad9debfe88?usage=true
2026-07-08 07:34:45.606 8 INFO cinder.api.openstack.wsgi [None req-8a9b1f56-859a-42ad-9294-b22d2a4c07cc c56b17a9a28f4c22a69735ceb395b977 8d718eba4caf46129dca3f9df837b30a - - default default] http://cinder-api.openstack.svc.cluster.local:8776/v3/8d718eba4caf46129dca3f9df837b30a/os-quota-sets/a9eb0b73c2bd4fe6b55585ad9debfe88?usage=true returned with HTTP 200 [pid: 8|app: 0|req: 392/784] 10.0.0.8 () {28 vars in 734 bytes} [Wed Jul 8 07:34:45 2026] GET /v3/8d718eba4caf46129dca3f9df837b30a/os-quota-sets/a9eb0b73c2bd4fe6b55585ad9debfe88?usage=true => generated 847 bytes in 58 msecs (HTTP/1.1 200) 7 headers in 285 bytes (1 switches on core 0)
2026-07-08 07:34:45.624 7 INFO cinder.api.openstack.wsgi [None req-c04c91b4-b984-4cb9-b128-5c1eae310e5d c56b17a9a28f4c22a69735ceb395b977 8d718eba4caf46129dca3f9df837b30a - - default default] GET http://cinder-api.openstack.svc.cluster.local:8776/v3/8d718eba4caf46129dca3f9df837b30a/os-quota-sets/d908cd870f514cb98cf0d96637affe57?usage=true
2026-07-08 07:34:45.652 7 INFO cinder.api.openstack.wsgi [None req-c04c91b4-b984-4cb9-b128-5c1eae310e5d c56b17a9a28f4c22a69735ceb395b977 8d718eba4caf46129dca3f9df837b30a - - default default] http://cinder-api.openstack.svc.cluster.local:8776/v3/8d718eba4caf46129dca3f9df837b30a/os-quota-sets/d908cd870f514cb98cf0d96637affe57?usage=true returned with HTTP 200 [pid: 7|app: 0|req: 393/785] 10.0.0.8 () {28 vars in 734 bytes} [Wed Jul 8 07:34:45 2026] GET /v3/8d718eba4caf46129dca3f9df837b30a/os-quota-sets/d908cd870f514cb98cf0d96637affe57?usage=true => generated 847 bytes in 35 msecs (HTTP/1.1 200) 7 headers in 285 bytes (1 switches on core 0)
2026-07-08 07:34:45.664 8 INFO cinder.api.openstack.wsgi [None req-68bd7af4-a2a2-4051-a82e-0af0b41082a8 c56b17a9a28f4c22a69735ceb395b977 8d718eba4caf46129dca3f9df837b30a - - default default] GET http://cinder-api.openstack.svc.cluster.local:8776/v3/8d718eba4caf46129dca3f9df837b30a/os-quota-sets/e0f11ae07f144ec59c298dbda9a9f7e6?usage=true
2026-07-08 07:34:45.683 8 INFO cinder.api.openstack.wsgi [None req-68bd7af4-a2a2-4051-a82e-0af0b41082a8 c56b17a9a28f4c22a69735ceb395b977 8d718eba4caf46129dca3f9df837b30a - - default default] http://cinder-api.openstack.svc.cluster.local:8776/v3/8d718eba4caf46129dca3f9df837b30a/os-quota-sets/e0f11ae07f144ec59c298dbda9a9f7e6?usage=true returned with HTTP 200 [pid: 8|app: 0|req: 393/786] 10.0.0.8 () {28 vars in 734 bytes} [Wed Jul 8 07:34:45 2026] GET /v3/8d718eba4caf46129dca3f9df837b30a/os-quota-sets/e0f11ae07f144ec59c298dbda9a9f7e6?usage=true => generated 847 bytes in 26 msecs (HTTP/1.1 200) 7 headers in 285 bytes (1 switches on core 0)
2026-07-08 07:34:45.696 7 INFO cinder.api.openstack.wsgi [None req-764e9329-c6c9-4fb1-b753-d11c636ca987 c56b17a9a28f4c22a69735ceb395b977 8d718eba4caf46129dca3f9df837b30a - - default default] GET http://cinder-api.openstack.svc.cluster.local:8776/v3/8d718eba4caf46129dca3f9df837b30a/os-quota-sets/ea5513bf1f5c499f82b2d8ccd01a1ea7?usage=true
2026-07-08 07:34:45.723 7 INFO cinder.api.openstack.wsgi [None req-764e9329-c6c9-4fb1-b753-d11c636ca987 c56b17a9a28f4c22a69735ceb395b977 8d718eba4caf46129dca3f9df837b30a - - default default] http://cinder-api.openstack.svc.cluster.local:8776/v3/8d718eba4caf46129dca3f9df837b30a/os-quota-sets/ea5513bf1f5c499f82b2d8ccd01a1ea7?usage=true returned with HTTP 200 [pid: 7|app: 0|req: 394/787] 10.0.0.8 () {28 vars in 734 bytes} [Wed Jul 8 07:34:45 2026] GET /v3/8d718eba4caf46129dca3f9df837b30a/os-quota-sets/ea5513bf1f5c499f82b2d8ccd01a1ea7?usage=true => generated 847 bytes in 36 msecs (HTTP/1.1 200) 7 headers in 285 bytes (1 switches on core 0)
2026-07-08 07:34:45.735 8 INFO cinder.api.openstack.wsgi [None req-8da05309-1312-4e60-872e-01499a200dad c56b17a9a28f4c22a69735ceb395b977 8d718eba4caf46129dca3f9df837b30a - - default default] GET http://cinder-api.openstack.svc.cluster.local:8776/v3/8d718eba4caf46129dca3f9df837b30a/os-quota-sets/eb954b9302704c5898ea197d31e20265?usage=true
2026-07-08 07:34:45.784 8 INFO cinder.api.openstack.wsgi [None req-8da05309-1312-4e60-872e-01499a200dad c56b17a9a28f4c22a69735ceb395b977 8d718eba4caf46129dca3f9df837b30a - - default default] http://cinder-api.openstack.svc.cluster.local:8776/v3/8d718eba4caf46129dca3f9df837b30a/os-quota-sets/eb954b9302704c5898ea197d31e20265?usage=true returned with HTTP 200 [pid: 8|app: 0|req: 394/788] 10.0.0.8 () {28 vars in 734 bytes} [Wed Jul 8 07:34:45 2026] GET /v3/8d718eba4caf46129dca3f9df837b30a/os-quota-sets/eb954b9302704c5898ea197d31e20265?usage=true => generated 847 bytes in 57 msecs (HTTP/1.1 200) 7 headers in 285 bytes (1 switches on core 0)
