+ exec neutron-metadata-agent --config-file /etc/neutron/neutron.conf --config-file /tmp/pod-shared/neutron-agent.ini --config-file /etc/neutron/metadata_agent.ini /var/lib/openstack/lib/python3.10/site-packages/neutron/common/utils.py:54: UserWarning: pkg_resources is deprecated as an API. See https://setuptools.pypa.io/en/latest/pkg_resources.html. The pkg_resources package is slated for removal as early as 2025-11-30. Refrain from using this package or pin to Setuptools<81. import pkg_resources
2026-07-10 00:25:20.644 39 INFO neutron.common.config [-] Logging enabled!
2026-07-10 00:25:20.645 39 INFO neutron.common.config [-] /var/lib/openstack/bin/neutron-metadata-agent version 23.5.0 /var/lib/openstack/lib/python3.10/site-packages/memcache.py:1303: SyntaxWarning: "is" with a literal. Did you mean "=="? if key is '': /var/lib/openstack/lib/python3.10/site-packages/memcache.py:1304: SyntaxWarning: "is" with a literal. Did you mean "=="? if key_extra_len is 0:
2026-07-10 00:25:20.661 39 INFO oslo_service.service [None req-bbeeb904-cd73-4669-a94d-83318d25154c - - - - - -] Starting 2 workers
2026-07-10 00:25:20.671 47 INFO eventlet.wsgi.server [-] (47) wsgi starting up on http:/var/lib/neutron/openstack-helm/metadata_proxy
2026-07-10 00:25:20.672 48 INFO eventlet.wsgi.server [-] (48) wsgi starting up on http:/var/lib/neutron/openstack-helm/metadata_proxy
2026-07-10 00:27:08.775 47 INFO eventlet.wsgi.server [-] 169.254.169.254, "GET / HTTP/1.1" status: 404 len: 176 time: 0.1770420
2026-07-10 00:28:53.246 48 INFO eventlet.wsgi.server [-] 169.254.169.254, "GET / HTTP/1.1" status: 404 len: 176 time: 0.0096221
2026-07-10 00:32:03.324 47 INFO eventlet.wsgi.server [-] 169.254.169.254, "GET / HTTP/1.1" status: 404 len: 176 time: 0.0097504
2026-07-10 00:32:33.238 47 INFO eventlet.wsgi.server [-] 169.254.169.254, "GET / HTTP/1.1" status: 404 len: 176 time: 0.0048096
2026-07-10 00:35:13.211 48 INFO eventlet.wsgi.server [-] 169.254.169.254, "GET / HTTP/1.1" status: 404 len: 176 time: 0.0124214
2026-07-10 00:38:23.375 47 INFO eventlet.wsgi.server [-] 169.254.169.254, "GET / HTTP/1.1" status: 404 len: 176 time: 0.0657504
2026-07-10 00:41:33.280 47 INFO eventlet.wsgi.server [-] 169.254.169.254, "GET / HTTP/1.1" status: 404 len: 176 time: 0.0095890
2026-07-10 00:42:33.194 47 INFO eventlet.wsgi.server [-] 169.254.169.254, "GET / HTTP/1.1" status: 404 len: 176 time: 0.0084703
2026-07-10 00:44:43.247 48 INFO eventlet.wsgi.server [-] 169.254.169.254, "GET / HTTP/1.1" status: 404 len: 176 time: 0.0057840
2026-07-10 00:47:53.262 48 INFO eventlet.wsgi.server [-] 169.254.169.254, "GET / HTTP/1.1" status: 404 len: 176 time: 0.0067587
2026-07-10 00:51:03.362 48 INFO eventlet.wsgi.server [-] 169.254.169.254, "GET / HTTP/1.1" status: 404 len: 176 time: 0.0850034
2026-07-10 00:52:33.279 48 INFO eventlet.wsgi.server [-] 169.254.169.254, "GET / HTTP/1.1" status: 404 len: 176 time: 0.0081918
2026-07-10 00:54:13.270 48 INFO eventlet.wsgi.server [-] 169.254.169.254, "GET / HTTP/1.1" status: 404 len: 176 time: 0.0050406
2026-07-10 00:57:23.196 48 INFO eventlet.wsgi.server [-] 169.254.169.254, "GET / HTTP/1.1" status: 404 len: 176 time: 0.0066304
2026-07-10 00:59:47.031 47 INFO eventlet.wsgi.server [-] 10.100.0.3, "GET /2009-04-04/meta-data/instance-id HTTP/1.1" status: 200 len: 146 time: 1.8413849
2026-07-10 00:59:47.073 47 INFO eventlet.wsgi.server [-] 10.100.0.3, "GET /2009-04-04/meta-data/public-keys HTTP/1.1" status: 200 len: 164 time: 0.0306590
2026-07-10 00:59:47.100 48 INFO eventlet.wsgi.server [-] 10.100.0.3, "GET /2009-04-04/meta-data/public-keys/0/openssh-key HTTP/1.1" status: 200 len: 341 time: 0.0215347
2026-07-10 00:59:47.138 48 INFO eventlet.wsgi.server [-] 10.100.0.3, "GET /2009-04-04/meta-data/instance-id HTTP/1.1" status: 200 len: 146 time: 0.0259991
2026-07-10 00:59:47.169 47 INFO eventlet.wsgi.server [-] 10.100.0.3, "GET /2009-04-04/meta-data/ami-launch-index HTTP/1.1" status: 200 len: 136 time: 0.0234220
2026-07-10 00:59:47.193 47 INFO eventlet.wsgi.server [-] 10.100.0.3, "GET /2009-04-04/meta-data/instance-type HTTP/1.1" status: 200 len: 142 time: 0.0177250
2026-07-10 00:59:47.216 47 INFO eventlet.wsgi.server [-] 10.100.0.3, "GET /2009-04-04/meta-data/local-ipv4 HTTP/1.1" status: 200 len: 146 time: 0.0172768
2026-07-10 00:59:47.235 48 INFO eventlet.wsgi.server [-] 10.100.0.3, "GET /2009-04-04/meta-data/public-ipv4 HTTP/1.1" status: 200 len: 149 time: 0.0131419
2026-07-10 00:59:47.247 48 INFO eventlet.wsgi.server [-] 10.100.0.3, "GET /2009-04-04/meta-data/hostname HTTP/1.1" status: 200 len: 193 time: 0.0073402
2026-07-10 00:59:47.261 48 INFO eventlet.wsgi.server [-] 10.100.0.3, "GET /2009-04-04/meta-data/local-hostname HTTP/1.1" status: 200 len: 193 time: 0.0077631
2026-07-10 00:59:47.279 48 INFO eventlet.wsgi.server [-] 10.100.0.3, "GET /2009-04-04/user-data HTTP/1.1" status: 200 len: 231 time: 0.0124032
2026-07-10 00:59:47.336 47 INFO eventlet.wsgi.server [-] 10.100.0.3, "GET /2009-04-04/meta-data/block-device-mapping HTTP/1.1" status: 200 len: 143 time: 0.0201008
2026-07-10 00:59:47.366 47 INFO eventlet.wsgi.server [-] 10.100.0.3, "GET /2009-04-04/meta-data/block-device-mapping/ami HTTP/1.1" status: 200 len: 138 time: 0.0198581
2026-07-10 00:59:47.386 47 INFO eventlet.wsgi.server [-] 10.100.0.3, "GET /2009-04-04/meta-data/block-device-mapping/root HTTP/1.1" status: 200 len: 143 time: 0.0115011
2026-07-10 00:59:47.405 47 INFO eventlet.wsgi.server [-] 10.100.0.3, "GET /2009-04-04/meta-data/public-hostname HTTP/1.1" status: 200 len: 193 time: 0.0111599
2026-07-10 00:59:47.429 47 INFO eventlet.wsgi.server [-] 10.100.0.3, "GET /2009-04-04/meta-data/placement/availability-zone HTTP/1.1" status: 200 len: 139 time: 0.0147893
2026-07-10 00:59:57.746 47 INFO eventlet.wsgi.server [-] 10.100.0.12, "GET /2009-04-04/meta-data/instance-id HTTP/1.1" status: 200 len: 146 time: 1.4075644
2026-07-10 00:59:57.769 47 INFO eventlet.wsgi.server [-] 10.100.0.12, "GET /2009-04-04/meta-data/public-keys HTTP/1.1" status: 200 len: 163 time: 0.0152764
2026-07-10 00:59:57.788 47 INFO eventlet.wsgi.server [-] 10.100.0.12, "GET /2009-04-04/meta-data/public-keys/0/openssh-key HTTP/1.1" status: 200 len: 341 time: 0.0132768
2026-07-10 00:59:57.812 47 INFO eventlet.wsgi.server [-] 10.100.0.12, "GET /2009-04-04/meta-data/instance-id HTTP/1.1" status: 200 len: 146 time: 0.0180147
2026-07-10 00:59:57.832 47 INFO eventlet.wsgi.server [-] 10.100.0.12, "GET /2009-04-04/meta-data/ami-launch-index HTTP/1.1" status: 200 len: 136 time: 0.0146189
2026-07-10 00:59:57.852 47 INFO eventlet.wsgi.server [-] 10.100.0.12, "GET /2009-04-04/meta-data/instance-type HTTP/1.1" status: 200 len: 142 time: 0.0136857
2026-07-10 00:59:57.872 47 INFO eventlet.wsgi.server [-] 10.100.0.12, "GET /2009-04-04/meta-data/local-ipv4 HTTP/1.1" status: 200 len: 147 time: 0.0153069
2026-07-10 00:59:57.893 48 INFO eventlet.wsgi.server [-] 10.100.0.12, "GET /2009-04-04/meta-data/public-ipv4 HTTP/1.1" status: 200 len: 149 time: 0.0137317
2026-07-10 00:59:57.914 48 INFO eventlet.wsgi.server [-] 10.100.0.12, "GET /2009-04-04/meta-data/hostname HTTP/1.1" status: 200 len: 201 time: 0.0129862
2026-07-10 00:59:57.937 47 INFO eventlet.wsgi.server [-] 10.100.0.12, "GET /2009-04-04/meta-data/local-hostname HTTP/1.1" status: 200 len: 201 time: 0.0141492
2026-07-10 00:59:57.958 47 INFO eventlet.wsgi.server [-] 10.100.0.12, "GET /2009-04-04/user-data HTTP/1.1" status: 200 len: 231 time: 0.0107069
2026-07-10 00:59:57.991 47 INFO eventlet.wsgi.server [-] 10.100.0.12, "GET /2009-04-04/meta-data/block-device-mapping HTTP/1.1" status: 200 len: 143 time: 0.0140474
2026-07-10 00:59:58.014 47 INFO eventlet.wsgi.server [-] 10.100.0.12, "GET /2009-04-04/meta-data/block-device-mapping/ami HTTP/1.1" status: 200 len: 138 time: 0.0163629
2026-07-10 00:59:58.028 47 INFO eventlet.wsgi.server [-] 10.100.0.12, "GET /2009-04-04/meta-data/block-device-mapping/root HTTP/1.1" status: 200 len: 143 time: 0.0099204
2026-07-10 00:59:58.052 47 INFO eventlet.wsgi.server [-] 10.100.0.12, "GET /2009-04-04/meta-data/public-hostname HTTP/1.1" status: 200 len: 201 time: 0.0165963
2026-07-10 00:59:58.074 48 INFO eventlet.wsgi.server [-] 10.100.0.12, "GET /2009-04-04/meta-data/placement/availability-zone HTTP/1.1" status: 200 len: 139 time: 0.0152564
2026-07-10 01:00:12.017 48 INFO eventlet.wsgi.server [-] 10.100.0.3, "GET /2009-04-04/meta-data/instance-id HTTP/1.1" status: 200 len: 146 time: 0.6903877
2026-07-10 01:00:12.050 48 INFO eventlet.wsgi.server [-] 10.100.0.3, "GET /2009-04-04/meta-data/public-keys HTTP/1.1" status: 200 len: 164 time: 0.0212083
2026-07-10 01:00:12.067 48 INFO eventlet.wsgi.server [-] 10.100.0.3, "GET /2009-04-04/meta-data/public-keys/0/openssh-key HTTP/1.1" status: 200 len: 341 time: 0.0141091
2026-07-10 01:00:12.085 48 INFO eventlet.wsgi.server [-] 10.100.0.3, "GET /2009-04-04/meta-data/instance-id HTTP/1.1" status: 200 len: 146 time: 0.0128226
2026-07-10 01:00:12.115 48 INFO eventlet.wsgi.server [-] 10.100.0.3, "GET /2009-04-04/meta-data/ami-launch-index HTTP/1.1" status: 200 len: 136 time: 0.0223036
2026-07-10 01:00:12.144 48 INFO eventlet.wsgi.server [-] 10.100.0.3, "GET /2009-04-04/meta-data/instance-type HTTP/1.1" status: 200 len: 142 time: 0.0223720
2026-07-10 01:00:12.162 48 INFO eventlet.wsgi.server [-] 10.100.0.3, "GET /2009-04-04/meta-data/local-ipv4 HTTP/1.1" status: 200 len: 146 time: 0.0111482
2026-07-10 01:00:12.181 48 INFO eventlet.wsgi.server [-] 10.100.0.3, "GET /2009-04-04/meta-data/public-ipv4 HTTP/1.1" status: 200 len: 149 time: 0.0117238
2026-07-10 01:00:12.208 48 INFO eventlet.wsgi.server [-] 10.100.0.3, "GET /2009-04-04/meta-data/hostname HTTP/1.1" status: 200 len: 193 time: 0.0200081
2026-07-10 01:00:12.229 48 INFO eventlet.wsgi.server [-] 10.100.0.3, "GET /2009-04-04/meta-data/local-hostname HTTP/1.1" status: 200 len: 193 time: 0.0129170
2026-07-10 01:00:12.247 48 INFO eventlet.wsgi.server [-] 10.100.0.3, "GET /2009-04-04/user-data HTTP/1.1" status: 200 len: 231 time: 0.0108902
2026-07-10 01:00:12.269 48 INFO eventlet.wsgi.server [-] 10.100.0.3, "GET /2009-04-04/meta-data/block-device-mapping HTTP/1.1" status: 200 len: 143 time: 0.0164917
2026-07-10 01:00:12.292 48 INFO eventlet.wsgi.server [-] 10.100.0.3, "GET /2009-04-04/meta-data/block-device-mapping/ami HTTP/1.1" status: 200 len: 138 time: 0.0171564
2026-07-10 01:00:12.312 48 INFO eventlet.wsgi.server [-] 10.100.0.3, "GET /2009-04-04/meta-data/block-device-mapping/root HTTP/1.1" status: 200 len: 143 time: 0.0151975
2026-07-10 01:00:12.327 48 INFO eventlet.wsgi.server [-] 10.100.0.3, "GET /2009-04-04/meta-data/public-hostname HTTP/1.1" status: 200 len: 193 time: 0.0098276
2026-07-10 01:00:12.345 48 INFO eventlet.wsgi.server [-] 10.100.0.3, "GET /2009-04-04/meta-data/placement/availability-zone HTTP/1.1" status: 200 len: 139 time: 0.0116227
2026-07-10 01:00:33.224 48 INFO eventlet.wsgi.server [-] 169.254.169.254, "GET / HTTP/1.1" status: 404 len: 176 time: 0.0081449
2026-07-10 01:02:03.954 47 INFO eventlet.wsgi.server [-] 10.100.0.14, "GET /2009-04-04/meta-data/instance-id HTTP/1.1" status: 200 len: 146 time: 0.2704363
2026-07-10 01:02:03.984 47 INFO eventlet.wsgi.server [-] 10.100.0.14, "GET /2009-04-04/meta-data/public-keys HTTP/1.1" status: 200 len: 176 time: 0.0179195
2026-07-10 01:02:03.998 47 INFO eventlet.wsgi.server [-] 10.100.0.14, "GET /2009-04-04/meta-data/public-keys/0/openssh-key HTTP/1.1" status: 200 len: 341 time: 0.0093873
2026-07-10 01:02:04.013 47 INFO eventlet.wsgi.server [-] 10.100.0.14, "GET /2009-04-04/meta-data/instance-id HTTP/1.1" status: 200 len: 146 time: 0.0103080
2026-07-10 01:02:04.028 47 INFO eventlet.wsgi.server [-] 10.100.0.14, "GET /2009-04-04/meta-data/ami-launch-index HTTP/1.1" status: 200 len: 136 time: 0.0101230
2026-07-10 01:02:04.043 47 INFO eventlet.wsgi.server [-] 10.100.0.14, "GET /2009-04-04/meta-data/instance-type HTTP/1.1" status: 200 len: 142 time: 0.0100245
2026-07-10 01:02:04.060 47 INFO eventlet.wsgi.server [-] 10.100.0.14, "GET /2009-04-04/meta-data/local-ipv4 HTTP/1.1" status: 200 len: 147 time: 0.0100060
2026-07-10 01:02:04.076 47 INFO eventlet.wsgi.server [-] 10.100.0.14, "GET /2009-04-04/meta-data/public-ipv4 HTTP/1.1" status: 200 len: 149 time: 0.0106056
2026-07-10 01:02:04.091 47 INFO eventlet.wsgi.server [-] 10.100.0.14, "GET /2009-04-04/meta-data/hostname HTTP/1.1" status: 200 len: 191 time: 0.0099542
2026-07-10 01:02:04.108 47 INFO eventlet.wsgi.server [-] 10.100.0.14, "GET /2009-04-04/meta-data/local-hostname HTTP/1.1" status: 200 len: 191 time: 0.0126593
2026-07-10 01:02:04.124 47 INFO neutron.agent.metadata.agent [-] The instance: f80c8c8f-ec27-4252-9d2f-6e034626d103 is not present anymore, skipping cache...
2026-07-10 01:02:04.179 47 INFO eventlet.wsgi.server [-] 10.100.0.14, "GET /2009-04-04/user-data HTTP/1.1" status: 404 len: 297 time: 0.0647564
2026-07-10 01:02:04.211 47 INFO eventlet.wsgi.server [-] 10.100.0.14, "GET /2009-04-04/meta-data/block-device-mapping HTTP/1.1" status: 200 len: 143 time: 0.0158503
2026-07-10 01:02:04.235 47 INFO eventlet.wsgi.server [-] 10.100.0.14, "GET /2009-04-04/meta-data/block-device-mapping/ami HTTP/1.1" status: 200 len: 138 time: 0.0176344
2026-07-10 01:02:04.259 47 INFO eventlet.wsgi.server [-] 10.100.0.14, "GET /2009-04-04/meta-data/block-device-mapping/root HTTP/1.1" status: 200 len: 143 time: 0.0146182
2026-07-10 01:02:04.277 47 INFO eventlet.wsgi.server [-] 10.100.0.14, "GET /2009-04-04/meta-data/public-hostname HTTP/1.1" status: 200 len: 191 time: 0.0115392
2026-07-10 01:02:04.297 47 INFO eventlet.wsgi.server [-] 10.100.0.14, "GET /2009-04-04/meta-data/placement/availability-zone HTTP/1.1" status: 200 len: 139 time: 0.0127845
2026-07-10 01:02:29.044 47 INFO eventlet.wsgi.server [-] 10.100.0.3, "GET /2009-04-04/meta-data/instance-id HTTP/1.1" status: 200 len: 146 time: 0.2302444
2026-07-10 01:02:29.064 48 INFO eventlet.wsgi.server [-] 10.100.0.3, "GET /2009-04-04/meta-data/public-keys HTTP/1.1" status: 200 len: 175 time: 0.0132451
2026-07-10 01:02:29.089 48 INFO eventlet.wsgi.server [-] 10.100.0.3, "GET /2009-04-04/meta-data/public-keys/0/openssh-key HTTP/1.1" status: 200 len: 341 time: 0.0223215
2026-07-10 01:02:29.115 47 INFO eventlet.wsgi.server [-] 10.100.0.3, "GET /2009-04-04/meta-data/instance-id HTTP/1.1" status: 200 len: 146 time: 0.0187511
2026-07-10 01:02:29.130 47 INFO eventlet.wsgi.server [-] 10.100.0.3, "GET /2009-04-04/meta-data/ami-launch-index HTTP/1.1" status: 200 len: 136 time: 0.0106232
2026-07-10 01:02:29.145 47 INFO eventlet.wsgi.server [-] 10.100.0.3, "GET /2009-04-04/meta-data/instance-type HTTP/1.1" status: 200 len: 142 time: 0.0113561
2026-07-10 01:02:29.159 47 INFO eventlet.wsgi.server [-] 10.100.0.3, "GET /2009-04-04/meta-data/local-ipv4 HTTP/1.1" status: 200 len: 146 time: 0.0106893
2026-07-10 01:02:29.173 47 INFO eventlet.wsgi.server [-] 10.100.0.3, "GET /2009-04-04/meta-data/public-ipv4 HTTP/1.1" status: 200 len: 149 time: 0.0106783
2026-07-10 01:02:29.188 47 INFO eventlet.wsgi.server [-] 10.100.0.3, "GET /2009-04-04/meta-data/hostname HTTP/1.1" status: 200 len: 191 time: 0.0111063
2026-07-10 01:02:29.210 47 INFO eventlet.wsgi.server [-] 10.100.0.3, "GET /2009-04-04/meta-data/local-hostname HTTP/1.1" status: 200 len: 191 time: 0.0152895
2026-07-10 01:02:29.233 48 INFO neutron.agent.metadata.agent [-] The instance: 631e7b20-970c-4bfc-a027-46ed49bb7db4 is not present anymore, skipping cache...
2026-07-10 01:02:29.288 48 INFO eventlet.wsgi.server [-] 10.100.0.3, "GET /2009-04-04/user-data HTTP/1.1" status: 404 len: 297 time: 0.0683990
2026-07-10 01:02:29.324 48 INFO eventlet.wsgi.server [-] 10.100.0.3, "GET /2009-04-04/meta-data/block-device-mapping HTTP/1.1" status: 200 len: 143 time: 0.0225017
2026-07-10 01:02:29.345 48 INFO eventlet.wsgi.server [-] 10.100.0.3, "GET /2009-04-04/meta-data/block-device-mapping/ami HTTP/1.1" status: 200 len: 138 time: 0.0176320
2026-07-10 01:02:29.368 48 INFO eventlet.wsgi.server [-] 10.100.0.3, "GET /2009-04-04/meta-data/block-device-mapping/root HTTP/1.1" status: 200 len: 143 time: 0.0181880
2026-07-10 01:02:29.392 47 INFO eventlet.wsgi.server [-] 10.100.0.3, "GET /2009-04-04/meta-data/public-hostname HTTP/1.1" status: 200 len: 191 time: 0.0193090
2026-07-10 01:02:29.417 47 INFO eventlet.wsgi.server [-] 10.100.0.3, "GET /2009-04-04/meta-data/placement/availability-zone HTTP/1.1" status: 200 len: 139 time: 0.0192163
2026-07-10 01:02:33.349 48 INFO eventlet.wsgi.server [-] 169.254.169.254, "GET / HTTP/1.1" status: 404 len: 176 time: 0.0646496
2026-07-10 01:02:52.006 48 INFO eventlet.wsgi.server [-] 10.100.0.13, "GET /latest/meta-data/public-ipv4 HTTP/1.1" status: 200 len: 149 time: 0.4230225
2026-07-10 01:02:52.300 48 INFO eventlet.wsgi.server [-] 10.100.0.13, "POST /openstack/2013-10-17/password HTTP/1.1" status: 200 len: 134 time: 0.2271726
2026-07-10 01:03:43.294 47 INFO eventlet.wsgi.server [-] 169.254.169.254, "GET / HTTP/1.1" status: 404 len: 176 time: 0.0091784
2026-07-10 01:04:07.378 48 INFO eventlet.wsgi.server [-] 10.2.1.225, "GET /2009-04-04/meta-data/instance-id HTTP/1.1" status: 200 len: 146 time: 0.2650399
2026-07-10 01:04:07.418 47 INFO eventlet.wsgi.server [-] 10.2.1.225, "GET /2009-04-04/meta-data/public-keys HTTP/1.1" status: 200 len: 174 time: 0.0268526
2026-07-10 01:04:07.437 47 INFO eventlet.wsgi.server [-] 10.2.1.225, "GET /2009-04-04/meta-data/public-keys/0/openssh-key HTTP/1.1" status: 200 len: 341 time: 0.0132761
2026-07-10 01:04:07.458 48 INFO eventlet.wsgi.server [-] 10.2.1.225, "GET /2009-04-04/meta-data/instance-id HTTP/1.1" status: 200 len: 146 time: 0.0128193
2026-07-10 01:04:07.482 47 INFO eventlet.wsgi.server [-] 10.2.1.225, "GET /2009-04-04/meta-data/ami-launch-index HTTP/1.1" status: 200 len: 136 time: 0.0149243
2026-07-10 01:04:07.501 48 INFO eventlet.wsgi.server [-] 10.2.1.225, "GET /2009-04-04/meta-data/instance-type HTTP/1.1" status: 200 len: 142 time: 0.0131941
2026-07-10 01:04:07.538 47 INFO eventlet.wsgi.server [-] 10.2.1.225, "GET /2009-04-04/meta-data/local-ipv4 HTTP/1.1" status: 200 len: 146 time: 0.0301700
2026-07-10 01:04:07.555 47 INFO eventlet.wsgi.server [-] 10.2.1.225, "GET /2009-04-04/meta-data/public-ipv4 HTTP/1.1" status: 200 len: 149 time: 0.0111756
2026-07-10 01:04:07.573 47 INFO eventlet.wsgi.server [-] 10.2.1.225, "GET /2009-04-04/meta-data/hostname HTTP/1.1" status: 200 len: 184 time: 0.0116386
2026-07-10 01:04:07.592 47 INFO eventlet.wsgi.server [-] 10.2.1.225, "GET /2009-04-04/meta-data/local-hostname HTTP/1.1" status: 200 len: 184 time: 0.0115132
2026-07-10 01:04:07.607 47 INFO neutron.agent.metadata.agent [-] The instance: 70462b83-a355-472f-97d8-ad297e2ce959 is not present anymore, skipping cache...
2026-07-10 01:04:07.658 47 INFO eventlet.wsgi.server [-] 10.2.1.225, "GET /2009-04-04/user-data HTTP/1.1" status: 404 len: 297 time: 0.0611031
2026-07-10 01:04:07.708 47 INFO eventlet.wsgi.server [-] 10.2.1.225, "GET /2009-04-04/meta-data/block-device-mapping HTTP/1.1" status: 200 len: 143 time: 0.0159233
2026-07-10 01:04:07.734 48 INFO eventlet.wsgi.server [-] 10.2.1.225, "GET /2009-04-04/meta-data/block-device-mapping/ami HTTP/1.1" status: 200 len: 138 time: 0.0181761
2026-07-10 01:04:07.754 47 INFO eventlet.wsgi.server [-] 10.2.1.225, "GET /2009-04-04/meta-data/block-device-mapping/root HTTP/1.1" status: 200 len: 143 time: 0.0127997
2026-07-10 01:04:07.776 47 INFO eventlet.wsgi.server [-] 10.2.1.225, "GET /2009-04-04/meta-data/public-hostname HTTP/1.1" status: 200 len: 184 time: 0.0146873
2026-07-10 01:04:07.798 47 INFO eventlet.wsgi.server [-] 10.2.1.225, "GET /2009-04-04/meta-data/placement/availability-zone HTTP/1.1" status: 200 len: 139 time: 0.0159721
2026-07-10 01:04:14.475 48 INFO eventlet.wsgi.server [-] 10.2.2.106, "GET /2009-04-04/meta-data/instance-id HTTP/1.1" status: 200 len: 146 time: 0.2595260
2026-07-10 01:04:14.495 48 INFO eventlet.wsgi.server [-] 10.2.2.106, "GET /2009-04-04/meta-data/public-keys HTTP/1.1" status: 200 len: 174 time: 0.0130076
2026-07-10 01:04:14.519 48 INFO eventlet.wsgi.server [-] 10.2.2.106, "GET /2009-04-04/meta-data/public-keys/0/openssh-key HTTP/1.1" status: 200 len: 341 time: 0.0151010
2026-07-10 01:04:14.541 48 INFO eventlet.wsgi.server [-] 10.2.2.106, "GET /2009-04-04/meta-data/instance-id HTTP/1.1" status: 200 len: 146 time: 0.0147805
2026-07-10 01:04:14.561 47 INFO eventlet.wsgi.server [-] 10.2.2.106, "GET /2009-04-04/meta-data/ami-launch-index HTTP/1.1" status: 200 len: 136 time: 0.0141659
2026-07-10 01:04:14.582 47 INFO eventlet.wsgi.server [-] 10.2.2.106, "GET /2009-04-04/meta-data/instance-type HTTP/1.1" status: 200 len: 142 time: 0.0147283
2026-07-10 01:04:14.600 47 INFO eventlet.wsgi.server [-] 10.2.2.106, "GET /2009-04-04/meta-data/local-ipv4 HTTP/1.1" status: 200 len: 146 time: 0.0120904
2026-07-10 01:04:14.617 47 INFO eventlet.wsgi.server [-] 10.2.2.106, "GET /2009-04-04/meta-data/public-ipv4 HTTP/1.1" status: 200 len: 135 time: 0.0113657
2026-07-10 01:04:14.632 47 INFO eventlet.wsgi.server [-] 10.2.2.106, "GET /2009-04-04/meta-data/hostname HTTP/1.1" status: 200 len: 184 time: 0.0099652
2026-07-10 01:04:14.655 47 INFO eventlet.wsgi.server [-] 10.2.2.106, "GET /2009-04-04/meta-data/local-hostname HTTP/1.1" status: 200 len: 184 time: 0.0184472
2026-07-10 01:04:14.681 48 INFO neutron.agent.metadata.agent [-] The instance: 7344cdb6-26c3-4fbb-bcad-0b5d66bd0f62 is not present anymore, skipping cache...
2026-07-10 01:04:14.738 48 INFO eventlet.wsgi.server [-] 10.2.2.106, "GET /2009-04-04/user-data HTTP/1.1" status: 404 len: 297 time: 0.0735812
2026-07-10 01:04:14.788 47 INFO eventlet.wsgi.server [-] 10.2.2.106, "GET /2009-04-04/meta-data/block-device-mapping HTTP/1.1" status: 200 len: 143 time: 0.0200105
2026-07-10 01:04:14.808 48 INFO eventlet.wsgi.server [-] 10.2.2.106, "GET /2009-04-04/meta-data/block-device-mapping/ami HTTP/1.1" status: 200 len: 138 time: 0.0129483
2026-07-10 01:04:14.823 48 INFO eventlet.wsgi.server [-] 10.2.2.106, "GET /2009-04-04/meta-data/block-device-mapping/root HTTP/1.1" status: 200 len: 143 time: 0.0112305
2026-07-10 01:04:14.844 48 INFO eventlet.wsgi.server [-] 10.2.2.106, "GET /2009-04-04/meta-data/public-hostname HTTP/1.1" status: 200 len: 184 time: 0.0140705
2026-07-10 01:04:14.862 48 INFO eventlet.wsgi.server [-] 10.2.2.106, "GET /2009-04-04/meta-data/placement/availability-zone HTTP/1.1" status: 200 len: 139 time: 0.0126991
2026-07-10 01:06:53.238 48 INFO eventlet.wsgi.server [-] 169.254.169.254, "GET / HTTP/1.1" status: 404 len: 176 time: 0.0168824
2026-07-10 01:10:03.223 48 INFO eventlet.wsgi.server [-] 169.254.169.254, "GET / HTTP/1.1" status: 404 len: 176 time: 0.0061262
2026-07-10 01:12:33.243 48 INFO eventlet.wsgi.server [-] 169.254.169.254, "GET / HTTP/1.1" status: 404 len: 176 time: 0.0080409