2026-04-16 01:28:30.885 8 INFO placement.requestlog [None req-ac593d49-0ac7-4579-a88b-ed04e3f03a9b 50bcc6ecf93640ef99a5eb71e45ea59e e9afe8412fb440c0aeaf2bc4edf111a2 - - 7d713bacb6d6429c8e6115d2a74ebe54 7d713bacb6d6429c8e6115d2a74ebe54] 10.0.0.144 "DELETE /resource_providers/96c2d005-3356-40db-9d8b-28912adaf6cc" status: 404 len: 246 microversion: 1.1 [pid: 8|app: 0|req: 255/519] 10.0.0.144 () {34 vars in 815 bytes} [Thu Apr 16 01:28:30 2026] DELETE /resource_providers/96c2d005-3356-40db-9d8b-28912adaf6cc => generated 246 bytes in 10 msecs (HTTP/1.1 404) 6 headers in 231 bytes (1 switches on core 0)
2026-04-16 01:28:30.899 7 INFO placement.requestlog [None req-7e02368c-2fb1-43e3-a110-777c6da438a7 50bcc6ecf93640ef99a5eb71e45ea59e e9afe8412fb440c0aeaf2bc4edf111a2 - - 7d713bacb6d6429c8e6115d2a74ebe54 7d713bacb6d6429c8e6115d2a74ebe54] 10.0.0.144 "DELETE /resource_providers/96c2d005-3356-40db-9d8b-28912adaf6cc" status: 404 len: 246 microversion: 1.1 [pid: 7|app: 0|req: 265/520] 10.0.0.144 () {34 vars in 815 bytes} [Thu Apr 16 01:28:30 2026] DELETE /resource_providers/96c2d005-3356-40db-9d8b-28912adaf6cc => generated 246 bytes in 20 msecs (HTTP/1.1 404) 6 headers in 231 bytes (1 switches on core 0)
2026-04-16 01:28:32.378 8 INFO placement.requestlog [None req-e082d49a-83f7-4ea0-b78c-c98e11f10132 - - - - - -] 10.0.0.150 "GET /" status: 200 len: 136 microversion: 1.0
2026-04-16 01:28:32.378 7 INFO placement.requestlog [None req-6dacaf0c-e3e6-4605-af03-cff94a0c18d8 - - - - - -] 10.0.0.150 "GET /" status: 200 len: 136 microversion: 1.0
2026-04-16 01:28:34.746 7 INFO placement.requestlog [req-9b4e518d-cd2d-4ae7-b8c0-3206aa3e0e11 req-4356e8e4-1a6e-462f-b65b-c8844f6b606d 9f17247ccbbf4a70a1be1842559be1cf e9afe8412fb440c0aeaf2bc4edf111a2 - - 7d713bacb6d6429c8e6115d2a74ebe54 7d713bacb6d6429c8e6115d2a74ebe54] 199.204.45.38 "GET /resource_providers/ab250411-0866-457c-8d89-93791d5c5e9c/allocations" status: 200 len: 252 microversion: 1.0 [pid: 7|app: 0|req: 267/523] 199.204.45.38 () {32 vars in 855 bytes} [Thu Apr 16 01:28:34 2026] GET /resource_providers/ab250411-0866-457c-8d89-93791d5c5e9c/allocations => generated 252 bytes in 20 msecs (HTTP/1.1 200) 6 headers in 224 bytes (1 switches on core 0)
2026-04-16 01:28:34.770 8 INFO placement.requestlog [req-9b4e518d-cd2d-4ae7-b8c0-3206aa3e0e11 req-90c8e2af-8ab7-4efd-83f2-c7dce11c5001 9f17247ccbbf4a70a1be1842559be1cf e9afe8412fb440c0aeaf2bc4edf111a2 - - 7d713bacb6d6429c8e6115d2a74ebe54 7d713bacb6d6429c8e6115d2a74ebe54] 199.204.45.38 "GET /resource_providers/ab250411-0866-457c-8d89-93791d5c5e9c/allocations" status: 200 len: 252 microversion: 1.0 [pid: 8|app: 0|req: 257/524] 199.204.45.38 () {32 vars in 855 bytes} [Thu Apr 16 01:28:34 2026] GET /resource_providers/ab250411-0866-457c-8d89-93791d5c5e9c/allocations => generated 252 bytes in 16 msecs (HTTP/1.1 200) 6 headers in 224 bytes (1 switches on core 0)
2026-04-16 01:28:34.787 7 INFO placement.requestlog [req-9b4e518d-cd2d-4ae7-b8c0-3206aa3e0e11 req-438cf23c-7b5b-4425-9dfa-85154681e73f 9f17247ccbbf4a70a1be1842559be1cf e9afe8412fb440c0aeaf2bc4edf111a2 - - 7d713bacb6d6429c8e6115d2a74ebe54 7d713bacb6d6429c8e6115d2a74ebe54] 199.204.45.38 "GET /allocations/d5597918-5d01-413f-a79e-f196169f5afb" status: 200 len: 257 microversion: 1.28 [pid: 7|app: 0|req: 268/525] 199.204.45.38 () {34 vars in 861 bytes} [Thu Apr 16 01:28:34 2026] GET /allocations/d5597918-5d01-413f-a79e-f196169f5afb => generated 257 bytes in 15 msecs (HTTP/1.1 200) 8 headers in 296 bytes (1 switches on core 0)
2026-04-16 01:28:34.808 8 INFO placement.requestlog [req-9b4e518d-cd2d-4ae7-b8c0-3206aa3e0e11 req-84daaa1d-9b35-4849-b775-3bfb65f30c13 9f17247ccbbf4a70a1be1842559be1cf e9afe8412fb440c0aeaf2bc4edf111a2 - - 7d713bacb6d6429c8e6115d2a74ebe54 7d713bacb6d6429c8e6115d2a74ebe54] 199.204.45.38 "GET /allocations/03984fa5-5a1b-49a6-b03d-543a9cbe29ba" status: 200 len: 257 microversion: 1.28 [pid: 8|app: 0|req: 258/526] 199.204.45.38 () {34 vars in 861 bytes} [Thu Apr 16 01:28:34 2026] GET /allocations/03984fa5-5a1b-49a6-b03d-543a9cbe29ba => generated 257 bytes in 10 msecs (HTTP/1.1 200) 8 headers in 296 bytes (1 switches on core 0)
2026-04-16 01:28:35.871 7 INFO placement.requestlog [req-586b5d20-6f12-4eb1-a300-78295ba57cbe req-093065f9-0c24-4a45-ac88-9a71a7331cbf 9f17247ccbbf4a70a1be1842559be1cf e9afe8412fb440c0aeaf2bc4edf111a2 - - 7d713bacb6d6429c8e6115d2a74ebe54 7d713bacb6d6429c8e6115d2a74ebe54] 199.204.45.38 "DELETE /allocations/03984fa5-5a1b-49a6-b03d-543a9cbe29ba" status: 204 len: 0 microversion: 1.0 [pid: 7|app: 0|req: 269/527] 199.204.45.38 () {34 vars in 839 bytes} [Thu Apr 16 01:28:35 2026] DELETE /allocations/03984fa5-5a1b-49a6-b03d-543a9cbe29ba => generated 0 bytes in 29 msecs (HTTP/1.1 204) 5 headers in 198 bytes (1 switches on core 0)
2026-04-16 01:28:39.786 8 INFO placement.requestlog [None req-c7cd6881-eddc-4ba0-8f7a-edbdbc5a38b8 50bcc6ecf93640ef99a5eb71e45ea59e e9afe8412fb440c0aeaf2bc4edf111a2 - - 7d713bacb6d6429c8e6115d2a74ebe54 7d713bacb6d6429c8e6115d2a74ebe54] 10.0.0.144 "GET /resource_providers/b4204565-4038-4057-9fea-7ba0b86c194c/aggregates" status: 404 len: 235 microversion: 1.1 [pid: 8|app: 0|req: 259/528] 10.0.0.144 () {32 vars in 815 bytes} [Thu Apr 16 01:28:39 2026] GET /resource_providers/b4204565-4038-4057-9fea-7ba0b86c194c/aggregates => generated 235 bytes in 11 msecs (HTTP/1.1 404) 5 headers in 202 bytes (1 switches on core 0)
2026-04-16 01:28:39.790 7 INFO placement.requestlog [None req-01c854e2-26d3-4463-9b7a-8fe97a2c2f9c 50bcc6ecf93640ef99a5eb71e45ea59e e9afe8412fb440c0aeaf2bc4edf111a2 - - 7d713bacb6d6429c8e6115d2a74ebe54 7d713bacb6d6429c8e6115d2a74ebe54] 10.0.0.144 "GET /resource_providers/b4204565-4038-4057-9fea-7ba0b86c194c/aggregates" status: 404 len: 235 microversion: 1.1 [pid: 7|app: 0|req: 270/529] 10.0.0.144 () {32 vars in 815 bytes} [Thu Apr 16 01:28:39 2026] GET /resource_providers/b4204565-4038-4057-9fea-7ba0b86c194c/aggregates => generated 235 bytes in 11 msecs (HTTP/1.1 404) 5 headers in 202 bytes (1 switches on core 0)
2026-04-16 01:28:39.809 8 INFO placement.requestlog [None req-d422fb09-60ea-44dc-9161-5cca1b77f01a 50bcc6ecf93640ef99a5eb71e45ea59e e9afe8412fb440c0aeaf2bc4edf111a2 - - 7d713bacb6d6429c8e6115d2a74ebe54 7d713bacb6d6429c8e6115d2a74ebe54] 10.0.0.144 "DELETE /resource_providers/b4204565-4038-4057-9fea-7ba0b86c194c" status: 404 len: 246 microversion: 1.1 [pid: 8|app: 0|req: 260/530] 10.0.0.144 () {34 vars in 815 bytes} [Thu Apr 16 01:28:39 2026] DELETE /resource_providers/b4204565-4038-4057-9fea-7ba0b86c194c => generated 246 bytes in 8 msecs (HTTP/1.1 404) 6 headers in 231 bytes (1 switches on core 0)
2026-04-16 01:28:39.813 7 INFO placement.requestlog [None req-573693b6-44ff-45bb-a4b3-487e6ea25ff3 50bcc6ecf93640ef99a5eb71e45ea59e e9afe8412fb440c0aeaf2bc4edf111a2 - - 7d713bacb6d6429c8e6115d2a74ebe54 7d713bacb6d6429c8e6115d2a74ebe54] 10.0.0.144 "DELETE /resource_providers/b4204565-4038-4057-9fea-7ba0b86c194c" status: 404 len: 246 microversion: 1.1 [pid: 7|app: 0|req: 271/531] 10.0.0.144 () {34 vars in 815 bytes} [Thu Apr 16 01:28:39 2026] DELETE /resource_providers/b4204565-4038-4057-9fea-7ba0b86c194c => generated 246 bytes in 10 msecs (HTTP/1.1 404) 6 headers in 231 bytes (1 switches on core 0)
2026-04-16 01:28:41.833 7 INFO placement.requestlog [None req-d47ad935-1c81-40a3-b679-6108b7fb0d63 50bcc6ecf93640ef99a5eb71e45ea59e e9afe8412fb440c0aeaf2bc4edf111a2 - - 7d713bacb6d6429c8e6115d2a74ebe54 7d713bacb6d6429c8e6115d2a74ebe54] 10.0.0.144 "GET /resource_providers/e807f2b5-20d0-493e-ad51-17c5c236b22e/aggregates" status: 404 len: 235 microversion: 1.1 [pid: 7|app: 0|req: 272/532] 10.0.0.144 () {32 vars in 815 bytes} [Thu Apr 16 01:28:41 2026] GET /resource_providers/e807f2b5-20d0-493e-ad51-17c5c236b22e/aggregates => generated 235 bytes in 8 msecs (HTTP/1.1 404) 5 headers in 202 bytes (1 switches on core 0)
2026-04-16 01:28:41.841 8 INFO placement.requestlog [None req-60077b2c-3f39-44d4-a9b0-90c41d8ab5c8 50bcc6ecf93640ef99a5eb71e45ea59e e9afe8412fb440c0aeaf2bc4edf111a2 - - 7d713bacb6d6429c8e6115d2a74ebe54 7d713bacb6d6429c8e6115d2a74ebe54] 10.0.0.144 "GET /resource_providers/e807f2b5-20d0-493e-ad51-17c5c236b22e/aggregates" status: 404 len: 235 microversion: 1.1 [pid: 8|app: 0|req: 261/533] 10.0.0.144 () {32 vars in 815 bytes} [Thu Apr 16 01:28:41 2026] GET /resource_providers/e807f2b5-20d0-493e-ad51-17c5c236b22e/aggregates => generated 235 bytes in 16 msecs (HTTP/1.1 404) 5 headers in 202 bytes (1 switches on core 0)
2026-04-16 01:28:41.856 7 INFO placement.requestlog [None req-e4d91e6e-b25d-459a-b42a-ee76d126a70f 50bcc6ecf93640ef99a5eb71e45ea59e e9afe8412fb440c0aeaf2bc4edf111a2 - - 7d713bacb6d6429c8e6115d2a74ebe54 7d713bacb6d6429c8e6115d2a74ebe54] 10.0.0.144 "DELETE /resource_providers/e807f2b5-20d0-493e-ad51-17c5c236b22e" status: 404 len: 246 microversion: 1.1 [pid: 7|app: 0|req: 273/534] 10.0.0.144 () {34 vars in 815 bytes} [Thu Apr 16 01:28:41 2026] DELETE /resource_providers/e807f2b5-20d0-493e-ad51-17c5c236b22e => generated 246 bytes in 13 msecs (HTTP/1.1 404) 6 headers in 231 bytes (1 switches on core 0)
2026-04-16 01:28:41.862 8 INFO placement.requestlog [None req-f3b90984-9d66-4945-ace0-a4b3a6126c78 50bcc6ecf93640ef99a5eb71e45ea59e e9afe8412fb440c0aeaf2bc4edf111a2 - - 7d713bacb6d6429c8e6115d2a74ebe54 7d713bacb6d6429c8e6115d2a74ebe54] 10.0.0.144 "DELETE /resource_providers/e807f2b5-20d0-493e-ad51-17c5c236b22e" status: 404 len: 246 microversion: 1.1 [pid: 8|app: 0|req: 262/535] 10.0.0.144 () {34 vars in 815 bytes} [Thu Apr 16 01:28:41 2026] DELETE /resource_providers/e807f2b5-20d0-493e-ad51-17c5c236b22e => generated 246 bytes in 14 msecs (HTTP/1.1 404) 6 headers in 231 bytes (1 switches on core 0)
2026-04-16 01:28:42.293 8 INFO placement.requestlog [None req-3ad19a39-59b5-4c9b-ba7c-d75e6a7432cb 50bcc6ecf93640ef99a5eb71e45ea59e e9afe8412fb440c0aeaf2bc4edf111a2 - - 7d713bacb6d6429c8e6115d2a74ebe54 7d713bacb6d6429c8e6115d2a74ebe54] 10.0.0.144 "GET /resource_providers/bbe21947-e0d6-4769-82cb-a5ed843d2c4f/aggregates" status: 404 len: 235 microversion: 1.1 [pid: 8|app: 0|req: 263/536] 10.0.0.144 () {32 vars in 815 bytes} [Thu Apr 16 01:28:42 2026] GET /resource_providers/bbe21947-e0d6-4769-82cb-a5ed843d2c4f/aggregates => generated 235 bytes in 10 msecs (HTTP/1.1 404) 5 headers in 202 bytes (1 switches on core 0)
2026-04-16 01:28:42.294 7 INFO placement.requestlog [None req-0bb21952-1c9e-4893-8c7a-cae142421822 50bcc6ecf93640ef99a5eb71e45ea59e e9afe8412fb440c0aeaf2bc4edf111a2 - - 7d713bacb6d6429c8e6115d2a74ebe54 7d713bacb6d6429c8e6115d2a74ebe54] 10.0.0.144 "GET /resource_providers/bbe21947-e0d6-4769-82cb-a5ed843d2c4f/aggregates" status: 404 len: 235 microversion: 1.1 [pid: 7|app: 0|req: 274/537] 10.0.0.144 () {32 vars in 815 bytes} [Thu Apr 16 01:28:42 2026] GET /resource_providers/bbe21947-e0d6-4769-82cb-a5ed843d2c4f/aggregates => generated 235 bytes in 12 msecs (HTTP/1.1 404) 5 headers in 202 bytes (1 switches on core 0)
2026-04-16 01:28:42.317 8 INFO placement.requestlog [None req-db87546c-4329-46ed-8e5c-00ed0b83cedb 50bcc6ecf93640ef99a5eb71e45ea59e e9afe8412fb440c0aeaf2bc4edf111a2 - - 7d713bacb6d6429c8e6115d2a74ebe54 7d713bacb6d6429c8e6115d2a74ebe54] 10.0.0.144 "DELETE /resource_providers/bbe21947-e0d6-4769-82cb-a5ed843d2c4f" status: 404 len: 246 microversion: 1.1 [pid: 8|app: 0|req: 264/538] 10.0.0.144 () {34 vars in 815 bytes} [Thu Apr 16 01:28:42 2026] DELETE /resource_providers/bbe21947-e0d6-4769-82cb-a5ed843d2c4f => generated 246 bytes in 9 msecs (HTTP/1.1 404) 6 headers in 231 bytes (1 switches on core 0)
2026-04-16 01:28:42.322 7 INFO placement.requestlog [None req-67af4824-60e0-46cd-9568-2ea073aa0776 50bcc6ecf93640ef99a5eb71e45ea59e e9afe8412fb440c0aeaf2bc4edf111a2 - - 7d713bacb6d6429c8e6115d2a74ebe54 7d713bacb6d6429c8e6115d2a74ebe54] 10.0.0.144 "DELETE /resource_providers/bbe21947-e0d6-4769-82cb-a5ed843d2c4f" status: 404 len: 246 microversion: 1.1 [pid: 7|app: 0|req: 275/539] 10.0.0.144 () {34 vars in 815 bytes} [Thu Apr 16 01:28:42 2026] DELETE /resource_providers/bbe21947-e0d6-4769-82cb-a5ed843d2c4f => generated 246 bytes in 13 msecs (HTTP/1.1 404) 6 headers in 231 bytes (1 switches on core 0)
2026-04-16 01:28:42.379 8 INFO placement.requestlog [None req-a25ffa9b-eab8-4a06-8072-858700112c38 - - - - - -] 10.0.0.150 "GET /" status: 200 len: 136 microversion: 1.0
2026-04-16 01:28:42.380 7 INFO placement.requestlog [None req-d4f5c805-73e2-42d6-9567-914fcd60d962 - - - - - -] 10.0.0.150 "GET /" status: 200 len: 136 microversion: 1.0
2026-04-16 01:28:44.337 7 INFO placement.requestlog [None req-7a7ba904-c7d3-4bf8-b6ab-4f99921b51ab 50bcc6ecf93640ef99a5eb71e45ea59e e9afe8412fb440c0aeaf2bc4edf111a2 - - 7d713bacb6d6429c8e6115d2a74ebe54 7d713bacb6d6429c8e6115d2a74ebe54] 10.0.0.144 "GET /resource_providers/39aa4e2b-d86c-4c1c-bc4f-108d83fe6442/aggregates" status: 404 len: 235 microversion: 1.1 [pid: 7|app: 0|req: 277/542] 10.0.0.144 () {32 vars in 815 bytes} [Thu Apr 16 01:28:44 2026] GET /resource_providers/39aa4e2b-d86c-4c1c-bc4f-108d83fe6442/aggregates => generated 235 bytes in 9 msecs (HTTP/1.1 404) 5 headers in 202 bytes (1 switches on core 0)
2026-04-16 01:28:44.338 8 INFO placement.requestlog [None req-c563f95a-b865-44ce-b9ae-7d48fc8db325 50bcc6ecf93640ef99a5eb71e45ea59e e9afe8412fb440c0aeaf2bc4edf111a2 - - 7d713bacb6d6429c8e6115d2a74ebe54 7d713bacb6d6429c8e6115d2a74ebe54] 10.0.0.144 "GET /resource_providers/39aa4e2b-d86c-4c1c-bc4f-108d83fe6442/aggregates" status: 404 len: 235 microversion: 1.1 [pid: 8|app: 0|req: 266/543] 10.0.0.144 () {32 vars in 815 bytes} [Thu Apr 16 01:28:44 2026] GET /resource_providers/39aa4e2b-d86c-4c1c-bc4f-108d83fe6442/aggregates => generated 235 bytes in 12 msecs (HTTP/1.1 404) 5 headers in 202 bytes (1 switches on core 0)
2026-04-16 01:28:44.358 8 INFO placement.requestlog [None req-dde484f6-c605-47e6-9fc0-73bca4efc7de 50bcc6ecf93640ef99a5eb71e45ea59e e9afe8412fb440c0aeaf2bc4edf111a2 - - 7d713bacb6d6429c8e6115d2a74ebe54 7d713bacb6d6429c8e6115d2a74ebe54] 10.0.0.144 "DELETE /resource_providers/39aa4e2b-d86c-4c1c-bc4f-108d83fe6442" status: 404 len: 246 microversion: 1.1 [pid: 8|app: 0|req: 267/544] 10.0.0.144 () {34 vars in 815 bytes} [Thu Apr 16 01:28:44 2026] DELETE /resource_providers/39aa4e2b-d86c-4c1c-bc4f-108d83fe6442 => generated 246 bytes in 10 msecs (HTTP/1.1 404) 6 headers in 231 bytes (1 switches on core 0)
2026-04-16 01:28:44.358 7 INFO placement.requestlog [None req-db1d72f2-2a76-4f99-886a-6b35da58f41b 50bcc6ecf93640ef99a5eb71e45ea59e e9afe8412fb440c0aeaf2bc4edf111a2 - - 7d713bacb6d6429c8e6115d2a74ebe54 7d713bacb6d6429c8e6115d2a74ebe54] 10.0.0.144 "DELETE /resource_providers/39aa4e2b-d86c-4c1c-bc4f-108d83fe6442" status: 404 len: 246 microversion: 1.1 [pid: 7|app: 0|req: 278/545] 10.0.0.144 () {34 vars in 815 bytes} [Thu Apr 16 01:28:44 2026] DELETE /resource_providers/39aa4e2b-d86c-4c1c-bc4f-108d83fe6442 => generated 246 bytes in 12 msecs (HTTP/1.1 404) 6 headers in 231 bytes (1 switches on core 0)
2026-04-16 01:28:49.480 8 INFO placement.requestlog [None req-6dbe0e95-591b-44fb-bcb1-6b68433e9131 50bcc6ecf93640ef99a5eb71e45ea59e e9afe8412fb440c0aeaf2bc4edf111a2 - - 7d713bacb6d6429c8e6115d2a74ebe54 7d713bacb6d6429c8e6115d2a74ebe54] 10.0.0.144 "GET /resource_providers/eca40892-3b96-49e5-9663-0eaec0f4e2b5/aggregates" status: 404 len: 235 microversion: 1.1 [pid: 8|app: 0|req: 268/546] 10.0.0.144 () {32 vars in 815 bytes} [Thu Apr 16 01:28:49 2026] GET /resource_providers/eca40892-3b96-49e5-9663-0eaec0f4e2b5/aggregates => generated 235 bytes in 10 msecs (HTTP/1.1 404) 5 headers in 202 bytes (1 switches on core 0)
2026-04-16 01:28:49.481 7 INFO placement.requestlog [None req-208dbc42-8517-4bd9-9516-de2edcb81029 50bcc6ecf93640ef99a5eb71e45ea59e e9afe8412fb440c0aeaf2bc4edf111a2 - - 7d713bacb6d6429c8e6115d2a74ebe54 7d713bacb6d6429c8e6115d2a74ebe54] 10.0.0.144 "GET /resource_providers/eca40892-3b96-49e5-9663-0eaec0f4e2b5/aggregates" status: 404 len: 235 microversion: 1.1 [pid: 7|app: 0|req: 279/547] 10.0.0.144 () {32 vars in 815 bytes} [Thu Apr 16 01:28:49 2026] GET /resource_providers/eca40892-3b96-49e5-9663-0eaec0f4e2b5/aggregates => generated 235 bytes in 11 msecs (HTTP/1.1 404) 5 headers in 202 bytes (1 switches on core 0)
2026-04-16 01:28:49.498 8 INFO placement.requestlog [None req-3c7a9660-cb72-49cd-8c47-b099c2c02745 50bcc6ecf93640ef99a5eb71e45ea59e e9afe8412fb440c0aeaf2bc4edf111a2 - - 7d713bacb6d6429c8e6115d2a74ebe54 7d713bacb6d6429c8e6115d2a74ebe54] 10.0.0.144 "DELETE /resource_providers/eca40892-3b96-49e5-9663-0eaec0f4e2b5" status: 404 len: 246 microversion: 1.1 [pid: 8|app: 0|req: 269/548] 10.0.0.144 () {34 vars in 815 bytes} [Thu Apr 16 01:28:49 2026] DELETE /resource_providers/eca40892-3b96-49e5-9663-0eaec0f4e2b5 => generated 246 bytes in 7 msecs (HTTP/1.1 404) 6 headers in 231 bytes (1 switches on core 0)
2026-04-16 01:28:49.505 7 INFO placement.requestlog [None req-16c9a4b3-f73d-430f-95c8-f23c338bcf88 50bcc6ecf93640ef99a5eb71e45ea59e e9afe8412fb440c0aeaf2bc4edf111a2 - - 7d713bacb6d6429c8e6115d2a74ebe54 7d713bacb6d6429c8e6115d2a74ebe54] 10.0.0.144 "DELETE /resource_providers/eca40892-3b96-49e5-9663-0eaec0f4e2b5" status: 404 len: 246 microversion: 1.1 [pid: 7|app: 0|req: 280/549] 10.0.0.144 () {34 vars in 815 bytes} [Thu Apr 16 01:28:49 2026] DELETE /resource_providers/eca40892-3b96-49e5-9663-0eaec0f4e2b5 => generated 246 bytes in 11 msecs (HTTP/1.1 404) 6 headers in 231 bytes (1 switches on core 0)
2026-04-16 01:28:49.886 7 INFO placement.requestlog [None req-b02ba9e5-2438-4f7f-89ac-3e95fb791044 50bcc6ecf93640ef99a5eb71e45ea59e e9afe8412fb440c0aeaf2bc4edf111a2 - - 7d713bacb6d6429c8e6115d2a74ebe54 7d713bacb6d6429c8e6115d2a74ebe54] 10.0.0.144 "GET /resource_providers/b173805d-ec7e-464f-b400-bf43950f136a/aggregates" status: 404 len: 235 microversion: 1.1 [pid: 7|app: 0|req: 281/550] 10.0.0.144 () {32 vars in 815 bytes} [Thu Apr 16 01:28:49 2026] GET /resource_providers/b173805d-ec7e-464f-b400-bf43950f136a/aggregates => generated 235 bytes in 10 msecs (HTTP/1.1 404) 5 headers in 202 bytes (1 switches on core 0)
2026-04-16 01:28:49.889 8 INFO placement.requestlog [None req-9714fc76-d940-4c2a-900e-e4a5db9fdb3f 50bcc6ecf93640ef99a5eb71e45ea59e e9afe8412fb440c0aeaf2bc4edf111a2 - - 7d713bacb6d6429c8e6115d2a74ebe54 7d713bacb6d6429c8e6115d2a74ebe54] 10.0.0.144 "GET /resource_providers/b173805d-ec7e-464f-b400-bf43950f136a/aggregates" status: 404 len: 235 microversion: 1.1 [pid: 8|app: 0|req: 270/551] 10.0.0.144 () {32 vars in 815 bytes} [Thu Apr 16 01:28:49 2026] GET /resource_providers/b173805d-ec7e-464f-b400-bf43950f136a/aggregates => generated 235 bytes in 13 msecs (HTTP/1.1 404) 5 headers in 202 bytes (1 switches on core 0)
2026-04-16 01:28:49.918 7 INFO placement.requestlog [None req-a6730287-5aa6-4b07-b5d5-80191ea9e91b 50bcc6ecf93640ef99a5eb71e45ea59e e9afe8412fb440c0aeaf2bc4edf111a2 - - 7d713bacb6d6429c8e6115d2a74ebe54 7d713bacb6d6429c8e6115d2a74ebe54] 10.0.0.144 "DELETE /resource_providers/b173805d-ec7e-464f-b400-bf43950f136a" status: 404 len: 246 microversion: 1.1 [pid: 7|app: 0|req: 282/552] 10.0.0.144 () {34 vars in 815 bytes} [Thu Apr 16 01:28:49 2026] DELETE /resource_providers/b173805d-ec7e-464f-b400-bf43950f136a => generated 246 bytes in 13 msecs (HTTP/1.1 404) 6 headers in 231 bytes (1 switches on core 0)
2026-04-16 01:28:49.922 8 INFO placement.requestlog [None req-406780aa-50d4-4aa9-b463-78f3fa280406 50bcc6ecf93640ef99a5eb71e45ea59e e9afe8412fb440c0aeaf2bc4edf111a2 - - 7d713bacb6d6429c8e6115d2a74ebe54 7d713bacb6d6429c8e6115d2a74ebe54] 10.0.0.144 "DELETE /resource_providers/b173805d-ec7e-464f-b400-bf43950f136a" status: 404 len: 246 microversion: 1.1 [pid: 8|app: 0|req: 271/553] 10.0.0.144 () {34 vars in 815 bytes} [Thu Apr 16 01:28:49 2026] DELETE /resource_providers/b173805d-ec7e-464f-b400-bf43950f136a => generated 246 bytes in 17 msecs (HTTP/1.1 404) 6 headers in 231 bytes (1 switches on core 0)
2026-04-16 01:28:51.525 7 INFO placement.requestlog [None req-538ccc68-1b29-4c0a-b139-62c19b5cd6c9 50bcc6ecf93640ef99a5eb71e45ea59e e9afe8412fb440c0aeaf2bc4edf111a2 - - 7d713bacb6d6429c8e6115d2a74ebe54 7d713bacb6d6429c8e6115d2a74ebe54] 10.0.0.144 "GET /resource_providers/aa0c6cb5-aa92-4761-8a4d-d878c1d139a7/aggregates" status: 404 len: 235 microversion: 1.1 [pid: 7|app: 0|req: 283/554] 10.0.0.144 () {32 vars in 815 bytes} [Thu Apr 16 01:28:51 2026] GET /resource_providers/aa0c6cb5-aa92-4761-8a4d-d878c1d139a7/aggregates => generated 235 bytes in 12 msecs (HTTP/1.1 404) 5 headers in 202 bytes (1 switches on core 0)
2026-04-16 01:28:51.531 8 INFO placement.requestlog [None req-0cb9d80c-d555-4636-b907-59526ad51aa7 50bcc6ecf93640ef99a5eb71e45ea59e e9afe8412fb440c0aeaf2bc4edf111a2 - - 7d713bacb6d6429c8e6115d2a74ebe54 7d713bacb6d6429c8e6115d2a74ebe54] 10.0.0.144 "GET /resource_providers/aa0c6cb5-aa92-4761-8a4d-d878c1d139a7/aggregates" status: 404 len: 235 microversion: 1.1 [pid: 8|app: 0|req: 272/555] 10.0.0.144 () {32 vars in 815 bytes} [Thu Apr 16 01:28:51 2026] GET /resource_providers/aa0c6cb5-aa92-4761-8a4d-d878c1d139a7/aggregates => generated 235 bytes in 13 msecs (HTTP/1.1 404) 5 headers in 202 bytes (1 switches on core 0)
2026-04-16 01:28:51.553 8 INFO placement.requestlog [None req-adf079af-58dc-40fa-8c29-b8e7e8cec389 50bcc6ecf93640ef99a5eb71e45ea59e e9afe8412fb440c0aeaf2bc4edf111a2 - - 7d713bacb6d6429c8e6115d2a74ebe54 7d713bacb6d6429c8e6115d2a74ebe54] 10.0.0.144 "DELETE /resource_providers/aa0c6cb5-aa92-4761-8a4d-d878c1d139a7" status: 404 len: 246 microversion: 1.1 [pid: 8|app: 0|req: 273/556] 10.0.0.144 () {34 vars in 815 bytes} [Thu Apr 16 01:28:51 2026] DELETE /resource_providers/aa0c6cb5-aa92-4761-8a4d-d878c1d139a7 => generated 246 bytes in 15 msecs (HTTP/1.1 404) 6 headers in 231 bytes (1 switches on core 0)
2026-04-16 01:28:51.563 7 INFO placement.requestlog [None req-fa711f43-d4d4-440f-a130-7c109ce388b2 50bcc6ecf93640ef99a5eb71e45ea59e e9afe8412fb440c0aeaf2bc4edf111a2 - - 7d713bacb6d6429c8e6115d2a74ebe54 7d713bacb6d6429c8e6115d2a74ebe54] 10.0.0.144 "DELETE /resource_providers/aa0c6cb5-aa92-4761-8a4d-d878c1d139a7" status: 404 len: 246 microversion: 1.1 [pid: 7|app: 0|req: 284/557] 10.0.0.144 () {34 vars in 815 bytes} [Thu Apr 16 01:28:51 2026] DELETE /resource_providers/aa0c6cb5-aa92-4761-8a4d-d878c1d139a7 => generated 246 bytes in 27 msecs (HTTP/1.1 404) 6 headers in 231 bytes (1 switches on core 0)
2026-04-16 01:28:51.573 8 INFO placement.requestlog [None req-826895d4-1e52-4e7f-8411-e06399c2f606 50bcc6ecf93640ef99a5eb71e45ea59e e9afe8412fb440c0aeaf2bc4edf111a2 - - 7d713bacb6d6429c8e6115d2a74ebe54 7d713bacb6d6429c8e6115d2a74ebe54] 10.0.0.144 "GET /resource_providers/a488db8c-8503-48d8-8668-5d0ed2d75637/aggregates" status: 404 len: 235 microversion: 1.1 [pid: 8|app: 0|req: 274/558] 10.0.0.144 () {32 vars in 815 bytes} [Thu Apr 16 01:28:51 2026] GET /resource_providers/a488db8c-8503-48d8-8668-5d0ed2d75637/aggregates => generated 235 bytes in 12 msecs (HTTP/1.1 404) 5 headers in 202 bytes (1 switches on core 0)
2026-04-16 01:28:51.586 7 INFO placement.requestlog [None req-77d6f622-cf8c-43af-bba1-6f053c41835b 50bcc6ecf93640ef99a5eb71e45ea59e e9afe8412fb440c0aeaf2bc4edf111a2 - - 7d713bacb6d6429c8e6115d2a74ebe54 7d713bacb6d6429c8e6115d2a74ebe54] 10.0.0.144 "GET /resource_providers/a488db8c-8503-48d8-8668-5d0ed2d75637/aggregates" status: 404 len: 235 microversion: 1.1 [pid: 7|app: 0|req: 285/559] 10.0.0.144 () {32 vars in 815 bytes} [Thu Apr 16 01:28:51 2026] GET /resource_providers/a488db8c-8503-48d8-8668-5d0ed2d75637/aggregates => generated 235 bytes in 9 msecs (HTTP/1.1 404) 5 headers in 202 bytes (1 switches on core 0)
2026-04-16 01:28:51.590 8 INFO placement.requestlog [None req-531c14c4-38dc-4388-b61c-c16939462bb0 50bcc6ecf93640ef99a5eb71e45ea59e e9afe8412fb440c0aeaf2bc4edf111a2 - - 7d713bacb6d6429c8e6115d2a74ebe54 7d713bacb6d6429c8e6115d2a74ebe54] 10.0.0.144 "DELETE /resource_providers/a488db8c-8503-48d8-8668-5d0ed2d75637" status: 404 len: 246 microversion: 1.1 [pid: 8|app: 0|req: 275/560] 10.0.0.144 () {34 vars in 815 bytes} [Thu Apr 16 01:28:51 2026] DELETE /resource_providers/a488db8c-8503-48d8-8668-5d0ed2d75637 => generated 246 bytes in 10 msecs (HTTP/1.1 404) 6 headers in 231 bytes (1 switches on core 0)
2026-04-16 01:28:51.604 8 INFO placement.requestlog [None req-9b81ad54-126f-4d91-9b17-bd118bf0d5fa 50bcc6ecf93640ef99a5eb71e45ea59e e9afe8412fb440c0aeaf2bc4edf111a2 - - 7d713bacb6d6429c8e6115d2a74ebe54 7d713bacb6d6429c8e6115d2a74ebe54] 10.0.0.144 "GET /resource_providers/7ccab572-bcc5-4194-93d7-71bc8ef36b87/aggregates" status: 404 len: 235 microversion: 1.1 [pid: 8|app: 0|req: 276/561] 10.0.0.144 () {32 vars in 815 bytes} [Thu Apr 16 01:28:51 2026] GET /resource_providers/7ccab572-bcc5-4194-93d7-71bc8ef36b87/aggregates => generated 235 bytes in 7 msecs (HTTP/1.1 404) 5 headers in 202 bytes (1 switches on core 0)
2026-04-16 01:28:51.607 7 INFO placement.requestlog [None req-0c80a853-fcb1-429b-9e93-4dd444c0ccc9 50bcc6ecf93640ef99a5eb71e45ea59e e9afe8412fb440c0aeaf2bc4edf111a2 - - 7d713bacb6d6429c8e6115d2a74ebe54 7d713bacb6d6429c8e6115d2a74ebe54] 10.0.0.144 "DELETE /resource_providers/a488db8c-8503-48d8-8668-5d0ed2d75637" status: 404 len: 246 microversion: 1.1 [pid: 7|app: 0|req: 286/562] 10.0.0.144 () {34 vars in 815 bytes} [Thu Apr 16 01:28:51 2026] DELETE /resource_providers/a488db8c-8503-48d8-8668-5d0ed2d75637 => generated 246 bytes in 13 msecs (HTTP/1.1 404) 6 headers in 231 bytes (1 switches on core 0)
2026-04-16 01:28:51.622 8 INFO placement.requestlog [None req-7ef602b2-5f43-453f-bb8c-409881c799b0 50bcc6ecf93640ef99a5eb71e45ea59e e9afe8412fb440c0aeaf2bc4edf111a2 - - 7d713bacb6d6429c8e6115d2a74ebe54 7d713bacb6d6429c8e6115d2a74ebe54] 10.0.0.144 "DELETE /resource_providers/7ccab572-bcc5-4194-93d7-71bc8ef36b87" status: 404 len: 246 microversion: 1.1 [pid: 8|app: 0|req: 277/563] 10.0.0.144 () {34 vars in 815 bytes} [Thu Apr 16 01:28:51 2026] DELETE /resource_providers/7ccab572-bcc5-4194-93d7-71bc8ef36b87 => generated 246 bytes in 8 msecs (HTTP/1.1 404) 6 headers in 231 bytes (1 switches on core 0)
2026-04-16 01:28:51.630 7 INFO placement.requestlog [None req-c971a7ed-6fe4-4caf-8636-1bdd7de48c75 50bcc6ecf93640ef99a5eb71e45ea59e e9afe8412fb440c0aeaf2bc4edf111a2 - - 7d713bacb6d6429c8e6115d2a74ebe54 7d713bacb6d6429c8e6115d2a74ebe54] 10.0.0.144 "GET /resource_providers/7ccab572-bcc5-4194-93d7-71bc8ef36b87/aggregates" status: 404 len: 235 microversion: 1.1 [pid: 7|app: 0|req: 287/564] 10.0.0.144 () {32 vars in 815 bytes} [Thu Apr 16 01:28:51 2026] GET /resource_providers/7ccab572-bcc5-4194-93d7-71bc8ef36b87/aggregates => generated 235 bytes in 9 msecs (HTTP/1.1 404) 5 headers in 202 bytes (1 switches on core 0)
2026-04-16 01:28:51.650 8 INFO placement.requestlog [None req-11842771-d09a-4f1f-a495-9d29351ae555 50bcc6ecf93640ef99a5eb71e45ea59e e9afe8412fb440c0aeaf2bc4edf111a2 - - 7d713bacb6d6429c8e6115d2a74ebe54 7d713bacb6d6429c8e6115d2a74ebe54] 10.0.0.144 "DELETE /resource_providers/7ccab572-bcc5-4194-93d7-71bc8ef36b87" status: 404 len: 246 microversion: 1.1 [pid: 8|app: 0|req: 278/565] 10.0.0.144 () {34 vars in 815 bytes} [Thu Apr 16 01:28:51 2026] DELETE /resource_providers/7ccab572-bcc5-4194-93d7-71bc8ef36b87 => generated 246 bytes in 11 msecs (HTTP/1.1 404) 6 headers in 231 bytes (1 switches on core 0)
2026-04-16 01:28:52.318 7 INFO placement.requestlog [None req-5daf4cb9-796d-41d2-bcb2-66c4067e83df 50bcc6ecf93640ef99a5eb71e45ea59e e9afe8412fb440c0aeaf2bc4edf111a2 - - 7d713bacb6d6429c8e6115d2a74ebe54 7d713bacb6d6429c8e6115d2a74ebe54] 10.0.0.144 "GET /resource_providers/6237871b-8739-4338-9856-8e1f3093bd38/aggregates" status: 404 len: 235 microversion: 1.1 [pid: 7|app: 0|req: 288/566] 10.0.0.144 () {32 vars in 815 bytes} [Thu Apr 16 01:28:52 2026] GET /resource_providers/6237871b-8739-4338-9856-8e1f3093bd38/aggregates => generated 235 bytes in 7 msecs (HTTP/1.1 404) 5 headers in 202 bytes (1 switches on core 0)
2026-04-16 01:28:52.331 8 INFO placement.requestlog [None req-61046a5d-45cf-4dcf-8107-f7569d6f347f 50bcc6ecf93640ef99a5eb71e45ea59e e9afe8412fb440c0aeaf2bc4edf111a2 - - 7d713bacb6d6429c8e6115d2a74ebe54 7d713bacb6d6429c8e6115d2a74ebe54] 10.0.0.144 "GET /resource_providers/6237871b-8739-4338-9856-8e1f3093bd38/aggregates" status: 404 len: 235 microversion: 1.1 [pid: 8|app: 0|req: 279/567] 10.0.0.144 () {32 vars in 815 bytes} [Thu Apr 16 01:28:52 2026] GET /resource_providers/6237871b-8739-4338-9856-8e1f3093bd38/aggregates => generated 235 bytes in 15 msecs (HTTP/1.1 404) 5 headers in 202 bytes (1 switches on core 0)
2026-04-16 01:28:52.340 7 INFO placement.requestlog [None req-0facb902-b37e-4520-a6c6-106df1609f71 50bcc6ecf93640ef99a5eb71e45ea59e e9afe8412fb440c0aeaf2bc4edf111a2 - - 7d713bacb6d6429c8e6115d2a74ebe54 7d713bacb6d6429c8e6115d2a74ebe54] 10.0.0.144 "DELETE /resource_providers/6237871b-8739-4338-9856-8e1f3093bd38" status: 404 len: 246 microversion: 1.1 [pid: 7|app: 0|req: 289/568] 10.0.0.144 () {34 vars in 815 bytes} [Thu Apr 16 01:28:52 2026] DELETE /resource_providers/6237871b-8739-4338-9856-8e1f3093bd38 => generated 246 bytes in 12 msecs (HTTP/1.1 404) 6 headers in 231 bytes (1 switches on core 0)
2026-04-16 01:28:52.347 8 INFO placement.requestlog [None req-5abae054-abc9-48d1-90b9-b3cb6de7027b 50bcc6ecf93640ef99a5eb71e45ea59e e9afe8412fb440c0aeaf2bc4edf111a2 - - 7d713bacb6d6429c8e6115d2a74ebe54 7d713bacb6d6429c8e6115d2a74ebe54] 10.0.0.144 "DELETE /resource_providers/6237871b-8739-4338-9856-8e1f3093bd38" status: 404 len: 246 microversion: 1.1 [pid: 8|app: 0|req: 280/569] 10.0.0.144 () {34 vars in 815 bytes} [Thu Apr 16 01:28:52 2026] DELETE /resource_providers/6237871b-8739-4338-9856-8e1f3093bd38 => generated 246 bytes in 9 msecs (HTTP/1.1 404) 6 headers in 231 bytes (1 switches on core 0)
2026-04-16 01:28:52.383 7 INFO placement.requestlog [None req-9fab2e57-07ac-4d70-81e7-9bb93249e59c - - - - - -] 10.0.0.150 "GET /" status: 200 len: 136 microversion: 1.0
2026-04-16 01:28:52.385 8 INFO placement.requestlog [None req-2e2777f0-f401-4952-ae7f-81364a0b9a11 - - - - - -] 10.0.0.150 "GET /" status: 200 len: 136 microversion: 1.0
2026-04-16 01:28:53.643 7 INFO placement.requestlog [None req-586b909b-646e-4fdb-86e4-3d195905f650 50bcc6ecf93640ef99a5eb71e45ea59e e9afe8412fb440c0aeaf2bc4edf111a2 - - 7d713bacb6d6429c8e6115d2a74ebe54 7d713bacb6d6429c8e6115d2a74ebe54] 10.0.0.144 "GET /resource_providers/f9f1161a-d3cc-4c19-b796-7dbf249850a6/aggregates" status: 404 len: 235 microversion: 1.1 [pid: 7|app: 0|req: 291/572] 10.0.0.144 () {32 vars in 815 bytes} [Thu Apr 16 01:28:53 2026] GET /resource_providers/f9f1161a-d3cc-4c19-b796-7dbf249850a6/aggregates => generated 235 bytes in 13 msecs (HTTP/1.1 404) 5 headers in 202 bytes (1 switches on core 0)
2026-04-16 01:28:53.660 8 INFO placement.requestlog [None req-b7b4b9b5-fd56-4636-9852-0a4ad3aa293c 50bcc6ecf93640ef99a5eb71e45ea59e e9afe8412fb440c0aeaf2bc4edf111a2 - - 7d713bacb6d6429c8e6115d2a74ebe54 7d713bacb6d6429c8e6115d2a74ebe54] 10.0.0.144 "DELETE /resource_providers/f9f1161a-d3cc-4c19-b796-7dbf249850a6" status: 404 len: 246 microversion: 1.1 [pid: 8|app: 0|req: 282/573] 10.0.0.144 () {34 vars in 815 bytes} [Thu Apr 16 01:28:53 2026] DELETE /resource_providers/f9f1161a-d3cc-4c19-b796-7dbf249850a6 => generated 246 bytes in 9 msecs (HTTP/1.1 404) 6 headers in 231 bytes (1 switches on core 0)
2026-04-16 01:28:53.668 7 INFO placement.requestlog [None req-60d92459-32ad-40ac-866e-b2e0cef4b1d3 50bcc6ecf93640ef99a5eb71e45ea59e e9afe8412fb440c0aeaf2bc4edf111a2 - - 7d713bacb6d6429c8e6115d2a74ebe54 7d713bacb6d6429c8e6115d2a74ebe54] 10.0.0.144 "GET /resource_providers/f9f1161a-d3cc-4c19-b796-7dbf249850a6/aggregates" status: 404 len: 235 microversion: 1.1 [pid: 7|app: 0|req: 292/574] 10.0.0.144 () {32 vars in 815 bytes} [Thu Apr 16 01:28:53 2026] GET /resource_providers/f9f1161a-d3cc-4c19-b796-7dbf249850a6/aggregates => generated 235 bytes in 12 msecs (HTTP/1.1 404) 5 headers in 202 bytes (1 switches on core 0)
2026-04-16 01:28:53.688 8 INFO placement.requestlog [None req-978eb6c0-9649-4649-bd5d-83f7220a97e8 50bcc6ecf93640ef99a5eb71e45ea59e e9afe8412fb440c0aeaf2bc4edf111a2 - - 7d713bacb6d6429c8e6115d2a74ebe54 7d713bacb6d6429c8e6115d2a74ebe54] 10.0.0.144 "DELETE /resource_providers/f9f1161a-d3cc-4c19-b796-7dbf249850a6" status: 404 len: 246 microversion: 1.1 [pid: 8|app: 0|req: 283/575] 10.0.0.144 () {34 vars in 815 bytes} [Thu Apr 16 01:28:53 2026] DELETE /resource_providers/f9f1161a-d3cc-4c19-b796-7dbf249850a6 => generated 246 bytes in 9 msecs (HTTP/1.1 404) 6 headers in 231 bytes (1 switches on core 0)
2026-04-16 01:28:55.847 7 INFO placement.requestlog [None req-d4d28932-4393-4751-b168-75b3decbad67 50bcc6ecf93640ef99a5eb71e45ea59e e9afe8412fb440c0aeaf2bc4edf111a2 - - 7d713bacb6d6429c8e6115d2a74ebe54 7d713bacb6d6429c8e6115d2a74ebe54] 10.0.0.144 "GET /resource_providers/83fa1dd0-cfcb-47d9-8550-ad4ea109d169/aggregates" status: 404 len: 235 microversion: 1.1 [pid: 7|app: 0|req: 293/576] 10.0.0.144 () {32 vars in 815 bytes} [Thu Apr 16 01:28:55 2026] GET /resource_providers/83fa1dd0-cfcb-47d9-8550-ad4ea109d169/aggregates => generated 235 bytes in 10 msecs (HTTP/1.1 404) 5 headers in 202 bytes (1 switches on core 0)
2026-04-16 01:28:55.848 8 INFO placement.requestlog [None req-dd4cb8e1-4137-428c-bf8b-94b3882b2e76 50bcc6ecf93640ef99a5eb71e45ea59e e9afe8412fb440c0aeaf2bc4edf111a2 - - 7d713bacb6d6429c8e6115d2a74ebe54 7d713bacb6d6429c8e6115d2a74ebe54] 10.0.0.144 "GET /resource_providers/83fa1dd0-cfcb-47d9-8550-ad4ea109d169/aggregates" status: 404 len: 235 microversion: 1.1 [pid: 8|app: 0|req: 284/577] 10.0.0.144 () {32 vars in 815 bytes} [Thu Apr 16 01:28:55 2026] GET /resource_providers/83fa1dd0-cfcb-47d9-8550-ad4ea109d169/aggregates => generated 235 bytes in 12 msecs (HTTP/1.1 404) 5 headers in 202 bytes (1 switches on core 0)
2026-04-16 01:28:55.867 7 INFO placement.requestlog [None req-f9414b15-fc5a-402e-a8e4-72e3a9ef17df 50bcc6ecf93640ef99a5eb71e45ea59e e9afe8412fb440c0aeaf2bc4edf111a2 - - 7d713bacb6d6429c8e6115d2a74ebe54 7d713bacb6d6429c8e6115d2a74ebe54] 10.0.0.144 "DELETE /resource_providers/83fa1dd0-cfcb-47d9-8550-ad4ea109d169" status: 404 len: 246 microversion: 1.1 [pid: 7|app: 0|req: 294/578] 10.0.0.144 () {34 vars in 815 bytes} [Thu Apr 16 01:28:55 2026] DELETE /resource_providers/83fa1dd0-cfcb-47d9-8550-ad4ea109d169 => generated 246 bytes in 10 msecs (HTTP/1.1 404) 6 headers in 231 bytes (1 switches on core 0)
2026-04-16 01:28:55.871 8 INFO placement.requestlog [None req-59ca9ae3-5453-4180-8b50-13e40bace439 50bcc6ecf93640ef99a5eb71e45ea59e e9afe8412fb440c0aeaf2bc4edf111a2 - - 7d713bacb6d6429c8e6115d2a74ebe54 7d713bacb6d6429c8e6115d2a74ebe54] 10.0.0.144 "DELETE /resource_providers/83fa1dd0-cfcb-47d9-8550-ad4ea109d169" status: 404 len: 246 microversion: 1.1 [pid: 8|app: 0|req: 285/579] 10.0.0.144 () {34 vars in 815 bytes} [Thu Apr 16 01:28:55 2026] DELETE /resource_providers/83fa1dd0-cfcb-47d9-8550-ad4ea109d169 => generated 246 bytes in 14 msecs (HTTP/1.1 404) 6 headers in 231 bytes (1 switches on core 0)
2026-04-16 01:28:57.612 7 INFO placement.requestlog [None req-16c84008-baf4-4ba5-91ec-6f7cd5237cb0 50bcc6ecf93640ef99a5eb71e45ea59e e9afe8412fb440c0aeaf2bc4edf111a2 - - 7d713bacb6d6429c8e6115d2a74ebe54 7d713bacb6d6429c8e6115d2a74ebe54] 10.0.0.144 "GET /resource_providers/05efca28-ac1c-4074-90d8-2e16f9a45a92/aggregates" status: 404 len: 235 microversion: 1.1 [pid: 7|app: 0|req: 295/580] 10.0.0.144 () {32 vars in 815 bytes} [Thu Apr 16 01:28:57 2026] GET /resource_providers/05efca28-ac1c-4074-90d8-2e16f9a45a92/aggregates => generated 235 bytes in 9 msecs (HTTP/1.1 404) 5 headers in 202 bytes (1 switches on core 0)
2026-04-16 01:28:57.614 8 INFO placement.requestlog [None req-615b9d4f-070f-4acb-981b-5a4988a3e71c 50bcc6ecf93640ef99a5eb71e45ea59e e9afe8412fb440c0aeaf2bc4edf111a2 - - 7d713bacb6d6429c8e6115d2a74ebe54 7d713bacb6d6429c8e6115d2a74ebe54] 10.0.0.144 "GET /resource_providers/05efca28-ac1c-4074-90d8-2e16f9a45a92/aggregates" status: 404 len: 235 microversion: 1.1 [pid: 8|app: 0|req: 286/581] 10.0.0.144 () {32 vars in 815 bytes} [Thu Apr 16 01:28:57 2026] GET /resource_providers/05efca28-ac1c-4074-90d8-2e16f9a45a92/aggregates => generated 235 bytes in 10 msecs (HTTP/1.1 404) 5 headers in 202 bytes (1 switches on core 0)
2026-04-16 01:28:57.636 8 INFO placement.requestlog [None req-a3f2a42e-d5ad-4893-a2e0-dada9638c9eb 50bcc6ecf93640ef99a5eb71e45ea59e e9afe8412fb440c0aeaf2bc4edf111a2 - - 7d713bacb6d6429c8e6115d2a74ebe54 7d713bacb6d6429c8e6115d2a74ebe54] 10.0.0.144 "DELETE /resource_providers/05efca28-ac1c-4074-90d8-2e16f9a45a92" status: 404 len: 246 microversion: 1.1 [pid: 8|app: 0|req: 287/582] 10.0.0.144 () {34 vars in 815 bytes} [Thu Apr 16 01:28:57 2026] DELETE /resource_providers/05efca28-ac1c-4074-90d8-2e16f9a45a92 => generated 246 bytes in 8 msecs (HTTP/1.1 404) 6 headers in 231 bytes (1 switches on core 0)
2026-04-16 01:28:57.638 7 INFO placement.requestlog [None req-034c942b-7920-4055-92bd-31225c919f51 50bcc6ecf93640ef99a5eb71e45ea59e e9afe8412fb440c0aeaf2bc4edf111a2 - - 7d713bacb6d6429c8e6115d2a74ebe54 7d713bacb6d6429c8e6115d2a74ebe54] 10.0.0.144 "DELETE /resource_providers/05efca28-ac1c-4074-90d8-2e16f9a45a92" status: 404 len: 246 microversion: 1.1 [pid: 7|app: 0|req: 296/583] 10.0.0.144 () {34 vars in 815 bytes} [Thu Apr 16 01:28:57 2026] DELETE /resource_providers/05efca28-ac1c-4074-90d8-2e16f9a45a92 => generated 246 bytes in 11 msecs (HTTP/1.1 404) 6 headers in 231 bytes (1 switches on core 0)
2026-04-16 01:28:57.896 8 INFO placement.requestlog [None req-000153ea-69ec-49c8-9953-588f1664396a 50bcc6ecf93640ef99a5eb71e45ea59e e9afe8412fb440c0aeaf2bc4edf111a2 - - 7d713bacb6d6429c8e6115d2a74ebe54 7d713bacb6d6429c8e6115d2a74ebe54] 10.0.0.144 "GET /resource_providers/10bc275a-8089-448c-a685-3ae2220b8b83/aggregates" status: 404 len: 235 microversion: 1.1 [pid: 8|app: 0|req: 288/584] 10.0.0.144 () {32 vars in 815 bytes} [Thu Apr 16 01:28:57 2026] GET /resource_providers/10bc275a-8089-448c-a685-3ae2220b8b83/aggregates => generated 235 bytes in 14 msecs (HTTP/1.1 404) 5 headers in 202 bytes (1 switches on core 0)
2026-04-16 01:28:57.910 7 INFO placement.requestlog [None req-8111f926-decd-442c-abba-4103f79be114 50bcc6ecf93640ef99a5eb71e45ea59e e9afe8412fb440c0aeaf2bc4edf111a2 - - 7d713bacb6d6429c8e6115d2a74ebe54 7d713bacb6d6429c8e6115d2a74ebe54] 10.0.0.144 "GET /resource_providers/10bc275a-8089-448c-a685-3ae2220b8b83/aggregates" status: 404 len: 235 microversion: 1.1 [pid: 7|app: 0|req: 297/585] 10.0.0.144 () {32 vars in 815 bytes} [Thu Apr 16 01:28:57 2026] GET /resource_providers/10bc275a-8089-448c-a685-3ae2220b8b83/aggregates => generated 235 bytes in 21 msecs (HTTP/1.1 404) 5 headers in 202 bytes (1 switches on core 0)
2026-04-16 01:28:57.929 8 INFO placement.requestlog [None req-9b878757-a7a1-4ea2-a33d-d3978414c96b 50bcc6ecf93640ef99a5eb71e45ea59e e9afe8412fb440c0aeaf2bc4edf111a2 - - 7d713bacb6d6429c8e6115d2a74ebe54 7d713bacb6d6429c8e6115d2a74ebe54] 10.0.0.144 "DELETE /resource_providers/10bc275a-8089-448c-a685-3ae2220b8b83" status: 404 len: 246 microversion: 1.1 [pid: 8|app: 0|req: 289/586] 10.0.0.144 () {34 vars in 815 bytes} [Thu Apr 16 01:28:57 2026] DELETE /resource_providers/10bc275a-8089-448c-a685-3ae2220b8b83 => generated 246 bytes in 9 msecs (HTTP/1.1 404) 6 headers in 231 bytes (1 switches on core 0)
2026-04-16 01:28:57.938 7 INFO placement.requestlog [None req-e48fed27-aff5-4f49-8204-3cd08158b07e 50bcc6ecf93640ef99a5eb71e45ea59e e9afe8412fb440c0aeaf2bc4edf111a2 - - 7d713bacb6d6429c8e6115d2a74ebe54 7d713bacb6d6429c8e6115d2a74ebe54] 10.0.0.144 "DELETE /resource_providers/10bc275a-8089-448c-a685-3ae2220b8b83" status: 404 len: 246 microversion: 1.1 [pid: 7|app: 0|req: 298/587] 10.0.0.144 () {34 vars in 815 bytes} [Thu Apr 16 01:28:57 2026] DELETE /resource_providers/10bc275a-8089-448c-a685-3ae2220b8b83 => generated 246 bytes in 12 msecs (HTTP/1.1 404) 6 headers in 231 bytes (1 switches on core 0)
2026-04-16 01:28:57.956 8 INFO placement.requestlog [None req-c6530860-0cc7-425a-a0b1-a485eb445e9a 50bcc6ecf93640ef99a5eb71e45ea59e e9afe8412fb440c0aeaf2bc4edf111a2 - - 7d713bacb6d6429c8e6115d2a74ebe54 7d713bacb6d6429c8e6115d2a74ebe54] 10.0.0.144 "GET /resource_providers/3e6c5380-d28f-41bc-8c06-68c37101d173/aggregates" status: 404 len: 235 microversion: 1.1 [pid: 8|app: 0|req: 290/588] 10.0.0.144 () {32 vars in 815 bytes} [Thu Apr 16 01:28:57 2026] GET /resource_providers/3e6c5380-d28f-41bc-8c06-68c37101d173/aggregates => generated 235 bytes in 13 msecs (HTTP/1.1 404) 5 headers in 202 bytes (1 switches on core 0)
2026-04-16 01:28:57.985 7 INFO placement.requestlog [None req-f5f57fb2-4cd8-4e2a-ae36-232120ef1326 50bcc6ecf93640ef99a5eb71e45ea59e e9afe8412fb440c0aeaf2bc4edf111a2 - - 7d713bacb6d6429c8e6115d2a74ebe54 7d713bacb6d6429c8e6115d2a74ebe54] 10.0.0.144 "GET /resource_providers/3e6c5380-d28f-41bc-8c06-68c37101d173/aggregates" status: 404 len: 235 microversion: 1.1 [pid: 7|app: 0|req: 299/589] 10.0.0.144 () {32 vars in 815 bytes} [Thu Apr 16 01:28:57 2026] GET /resource_providers/3e6c5380-d28f-41bc-8c06-68c37101d173/aggregates => generated 235 bytes in 15 msecs (HTTP/1.1 404) 5 headers in 202 bytes (1 switches on core 0)
2026-04-16 01:28:57.990 8 INFO placement.requestlog [None req-aa5506d7-aecb-48bb-9d06-42f91b5f6e6f 50bcc6ecf93640ef99a5eb71e45ea59e e9afe8412fb440c0aeaf2bc4edf111a2 - - 7d713bacb6d6429c8e6115d2a74ebe54 7d713bacb6d6429c8e6115d2a74ebe54] 10.0.0.144 "DELETE /resource_providers/3e6c5380-d28f-41bc-8c06-68c37101d173" status: 404 len: 246 microversion: 1.1 [pid: 8|app: 0|req: 291/590] 10.0.0.144 () {34 vars in 815 bytes} [Thu Apr 16 01:28:57 2026] DELETE /resource_providers/3e6c5380-d28f-41bc-8c06-68c37101d173 => generated 246 bytes in 16 msecs (HTTP/1.1 404) 6 headers in 231 bytes (1 switches on core 0)
2026-04-16 01:28:58.017 7 INFO placement.requestlog [None req-17cb5652-b4ec-4e30-8a4d-fb56785f51b4 50bcc6ecf93640ef99a5eb71e45ea59e e9afe8412fb440c0aeaf2bc4edf111a2 - - 7d713bacb6d6429c8e6115d2a74ebe54 7d713bacb6d6429c8e6115d2a74ebe54] 10.0.0.144 "DELETE /resource_providers/3e6c5380-d28f-41bc-8c06-68c37101d173" status: 404 len: 246 microversion: 1.1 [pid: 7|app: 0|req: 300/591] 10.0.0.144 () {34 vars in 815 bytes} [Thu Apr 16 01:28:58 2026] DELETE /resource_providers/3e6c5380-d28f-41bc-8c06-68c37101d173 => generated 246 bytes in 16 msecs (HTTP/1.1 404) 6 headers in 231 bytes (1 switches on core 0)
2026-04-16 01:28:59.843 8 INFO placement.requestlog [req-37d4ea7f-cfea-4333-b023-6ca3da3f3a72 req-c7481012-d78a-438d-b025-d00a58f40511 9f17247ccbbf4a70a1be1842559be1cf e9afe8412fb440c0aeaf2bc4edf111a2 - - 7d713bacb6d6429c8e6115d2a74ebe54 7d713bacb6d6429c8e6115d2a74ebe54] 199.204.45.38 "GET /resource_providers/ab250411-0866-457c-8d89-93791d5c5e9c/allocations" status: 200 len: 152 microversion: 1.0 [pid: 8|app: 0|req: 292/592] 199.204.45.38 () {32 vars in 855 bytes} [Thu Apr 16 01:28:59 2026] GET /resource_providers/ab250411-0866-457c-8d89-93791d5c5e9c/allocations => generated 152 bytes in 23 msecs (HTTP/1.1 200) 6 headers in 224 bytes (1 switches on core 0)
2026-04-16 01:28:59.876 7 INFO placement.requestlog [req-37d4ea7f-cfea-4333-b023-6ca3da3f3a72 req-0a6ebbc5-84c6-4517-9c46-4d292e91b493 9f17247ccbbf4a70a1be1842559be1cf e9afe8412fb440c0aeaf2bc4edf111a2 - - 7d713bacb6d6429c8e6115d2a74ebe54 7d713bacb6d6429c8e6115d2a74ebe54] 199.204.45.38 "GET /allocations/d5597918-5d01-413f-a79e-f196169f5afb" status: 200 len: 257 microversion: 1.28 [pid: 7|app: 0|req: 301/593] 199.204.45.38 () {34 vars in 861 bytes} [Thu Apr 16 01:28:59 2026] GET /allocations/d5597918-5d01-413f-a79e-f196169f5afb => generated 257 bytes in 27 msecs (HTTP/1.1 200) 8 headers in 296 bytes (1 switches on core 0)
2026-04-16 01:29:00.939 8 INFO placement.requestlog [req-37d4ea7f-cfea-4333-b023-6ca3da3f3a72 req-9709a71e-b465-4a95-bd1c-7a3c65dd70b4 9f17247ccbbf4a70a1be1842559be1cf e9afe8412fb440c0aeaf2bc4edf111a2 - - 7d713bacb6d6429c8e6115d2a74ebe54 7d713bacb6d6429c8e6115d2a74ebe54] 199.204.45.38 "DELETE /allocations/d5597918-5d01-413f-a79e-f196169f5afb" status: 204 len: 0 microversion: 1.0 [pid: 8|app: 0|req: 293/594] 199.204.45.38 () {34 vars in 839 bytes} [Thu Apr 16 01:29:00 2026] DELETE /allocations/d5597918-5d01-413f-a79e-f196169f5afb => generated 0 bytes in 32 msecs (HTTP/1.1 204) 5 headers in 198 bytes (1 switches on core 0)
2026-04-16 01:29:01.967 8 INFO placement.requestlog [None req-d2d86f4d-9879-4f3e-b187-f008b2842f57 50bcc6ecf93640ef99a5eb71e45ea59e e9afe8412fb440c0aeaf2bc4edf111a2 - - 7d713bacb6d6429c8e6115d2a74ebe54 7d713bacb6d6429c8e6115d2a74ebe54] 10.0.0.144 "GET /resource_providers/9061c6e1-d96c-490c-9f59-ea3bd1e599bb/aggregates" status: 404 len: 235 microversion: 1.1 [pid: 8|app: 0|req: 294/595] 10.0.0.144 () {32 vars in 815 bytes} [Thu Apr 16 01:29:01 2026] GET /resource_providers/9061c6e1-d96c-490c-9f59-ea3bd1e599bb/aggregates => generated 235 bytes in 11 msecs (HTTP/1.1 404) 5 headers in 202 bytes (1 switches on core 0)
2026-04-16 01:29:01.970 7 INFO placement.requestlog [None req-6948a66d-fffd-4636-9d38-4bf2e11036ad 50bcc6ecf93640ef99a5eb71e45ea59e e9afe8412fb440c0aeaf2bc4edf111a2 - - 7d713bacb6d6429c8e6115d2a74ebe54 7d713bacb6d6429c8e6115d2a74ebe54] 10.0.0.144 "GET /resource_providers/9061c6e1-d96c-490c-9f59-ea3bd1e599bb/aggregates" status: 404 len: 235 microversion: 1.1 [pid: 7|app: 0|req: 302/596] 10.0.0.144 () {32 vars in 815 bytes} [Thu Apr 16 01:29:01 2026] GET /resource_providers/9061c6e1-d96c-490c-9f59-ea3bd1e599bb/aggregates => generated 235 bytes in 15 msecs (HTTP/1.1 404) 5 headers in 202 bytes (1 switches on core 0)
2026-04-16 01:29:01.993 7 INFO placement.requestlog [None req-e2acaa58-7c61-4a35-8991-8b2eede0ab27 50bcc6ecf93640ef99a5eb71e45ea59e e9afe8412fb440c0aeaf2bc4edf111a2 - - 7d713bacb6d6429c8e6115d2a74ebe54 7d713bacb6d6429c8e6115d2a74ebe54] 10.0.0.144 "DELETE /resource_providers/9061c6e1-d96c-490c-9f59-ea3bd1e599bb" status: 404 len: 246 microversion: 1.1 [pid: 7|app: 0|req: 303/597] 10.0.0.144 () {34 vars in 815 bytes} [Thu Apr 16 01:29:01 2026] DELETE /resource_providers/9061c6e1-d96c-490c-9f59-ea3bd1e599bb => generated 246 bytes in 8 msecs (HTTP/1.1 404) 6 headers in 231 bytes (1 switches on core 0)
2026-04-16 01:29:01.994 8 INFO placement.requestlog [None req-5e0d8bdb-5d25-45ec-bccc-cdf0ca20d5e7 50bcc6ecf93640ef99a5eb71e45ea59e e9afe8412fb440c0aeaf2bc4edf111a2 - - 7d713bacb6d6429c8e6115d2a74ebe54 7d713bacb6d6429c8e6115d2a74ebe54] 10.0.0.144 "DELETE /resource_providers/9061c6e1-d96c-490c-9f59-ea3bd1e599bb" status: 404 len: 246 microversion: 1.1 [pid: 8|app: 0|req: 295/598] 10.0.0.144 () {34 vars in 815 bytes} [Thu Apr 16 01:29:01 2026] DELETE /resource_providers/9061c6e1-d96c-490c-9f59-ea3bd1e599bb => generated 246 bytes in 10 msecs (HTTP/1.1 404) 6 headers in 231 bytes (1 switches on core 0)
2026-04-16 01:29:02.379 7 INFO placement.requestlog [None req-fac41ded-e79e-4301-9613-c860fab48497 - - - - - -] 10.0.0.150 "GET /" status: 200 len: 136 microversion: 1.0
2026-04-16 01:29:02.379 8 INFO placement.requestlog [None req-6b94c9d4-8805-4b90-a3db-2f5201ba4b4a - - - - - -] 10.0.0.150 "GET /" status: 200 len: 136 microversion: 1.0
2026-04-16 01:29:04.320 7 INFO placement.requestlog [None req-05b04847-6a26-420f-b770-47bececafcbf 50bcc6ecf93640ef99a5eb71e45ea59e e9afe8412fb440c0aeaf2bc4edf111a2 - - 7d713bacb6d6429c8e6115d2a74ebe54 7d713bacb6d6429c8e6115d2a74ebe54] 10.0.0.144 "GET /resource_providers/529ae247-5df3-4ed8-b7de-b8026f650746/aggregates" status: 404 len: 235 microversion: 1.1
2026-04-16 01:29:04.320 8 INFO placement.requestlog [None req-567e2f4c-95b3-49f0-aaca-2c0f47481a1b 50bcc6ecf93640ef99a5eb71e45ea59e e9afe8412fb440c0aeaf2bc4edf111a2 - - 7d713bacb6d6429c8e6115d2a74ebe54 7d713bacb6d6429c8e6115d2a74ebe54] 10.0.0.144 "GET /resource_providers/529ae247-5df3-4ed8-b7de-b8026f650746/aggregates" status: 404 len: 235 microversion: 1.1 [pid: 7|app: 0|req: 305/601] 10.0.0.144 () {32 vars in 815 bytes} [Thu Apr 16 01:29:04 2026] GET /resource_providers/529ae247-5df3-4ed8-b7de-b8026f650746/aggregates => generated 235 bytes in 15 msecs (HTTP/1.1 404) 5 headers in 202 bytes (1 switches on core 0) [pid: 8|app: 0|req: 297/602] 10.0.0.144 () {32 vars in 815 bytes} [Thu Apr 16 01:29:04 2026] GET /resource_providers/529ae247-5df3-4ed8-b7de-b8026f650746/aggregates => generated 235 bytes in 7 msecs (HTTP/1.1 404) 5 headers in 202 bytes (1 switches on core 0)
2026-04-16 01:29:04.346 8 INFO placement.requestlog [None req-2f2e96e6-80dd-4875-a01a-6ea81e064de5 50bcc6ecf93640ef99a5eb71e45ea59e e9afe8412fb440c0aeaf2bc4edf111a2 - - 7d713bacb6d6429c8e6115d2a74ebe54 7d713bacb6d6429c8e6115d2a74ebe54] 10.0.0.144 "DELETE /resource_providers/529ae247-5df3-4ed8-b7de-b8026f650746" status: 404 len: 246 microversion: 1.1 [pid: 8|app: 0|req: 298/603] 10.0.0.144 () {34 vars in 815 bytes} [Thu Apr 16 01:29:04 2026] DELETE /resource_providers/529ae247-5df3-4ed8-b7de-b8026f650746 => generated 246 bytes in 10 msecs (HTTP/1.1 404) 6 headers in 231 bytes (1 switches on core 0)
2026-04-16 01:29:04.347 7 INFO placement.requestlog [None req-28621e23-8724-442b-a8a8-6297513e8094 50bcc6ecf93640ef99a5eb71e45ea59e e9afe8412fb440c0aeaf2bc4edf111a2 - - 7d713bacb6d6429c8e6115d2a74ebe54 7d713bacb6d6429c8e6115d2a74ebe54] 10.0.0.144 "DELETE /resource_providers/529ae247-5df3-4ed8-b7de-b8026f650746" status: 404 len: 246 microversion: 1.1 [pid: 7|app: 0|req: 306/604] 10.0.0.144 () {34 vars in 815 bytes} [Thu Apr 16 01:29:04 2026] DELETE /resource_providers/529ae247-5df3-4ed8-b7de-b8026f650746 => generated 246 bytes in 13 msecs (HTTP/1.1 404) 6 headers in 231 bytes (1 switches on core 0)
