Apr 09 19:40:07.878144 np0000164703 neutron-periodic-workers[104083]: DEBUG cotyledon.oslo_config_glue [-] ml2.mechanism_drivers = ['ovn'] {{(pid=104083) log_opt_values /opt/stack/data/venv/lib/python3.12/site-packages/oslo_config/cfg.py:3006}}
Apr 09 19:40:07.878144 np0000164703 neutron-periodic-workers[104083]: DEBUG cotyledon.oslo_config_glue [-] ml2.overlay_ip_version = 4 {{(pid=104083) log_opt_values /opt/stack/data/venv/lib/python3.12/site-packages/oslo_config/cfg.py:3006}}
Apr 09 19:40:07.878144 np0000164703 neutron-periodic-workers[104083]: DEBUG cotyledon.oslo_config_glue [-] ml2.path_mtu = 0 {{(pid=104083) log_opt_values /opt/stack/data/venv/lib/python3.12/site-packages/oslo_config/cfg.py:3006}}
Apr 09 19:40:07.878144 np0000164703 neutron-periodic-workers[104083]: DEBUG cotyledon.oslo_config_glue [-] ml2.physical_network_mtus = {} {{(pid=104083) log_opt_values /opt/stack/data/venv/lib/python3.12/site-packages/oslo_config/cfg.py:3006}}
Apr 09 19:40:07.878411 np0000164703 neutron-periodic-workers[104083]: DEBUG cotyledon.oslo_config_glue [-] ml2.project_network_types = ['geneve'] {{(pid=104083) log_opt_values /opt/stack/data/venv/lib/python3.12/site-packages/oslo_config/cfg.py:3006}}
Apr 09 19:40:07.878411 np0000164703 neutron-periodic-workers[104083]: DEBUG cotyledon.oslo_config_glue [-] ml2.tunnelled_network_rp_name = rp_tunnelled {{(pid=104083) log_opt_values /opt/stack/data/venv/lib/python3.12/site-packages/oslo_config/cfg.py:3006}}
Apr 09 19:40:07.878411 np0000164703 neutron-periodic-workers[104083]: DEBUG cotyledon.oslo_config_glue [-] ml2.type_drivers = ['local', 'flat', 'vlan', 'geneve'] {{(pid=104083) log_opt_values /opt/stack/data/venv/lib/python3.12/site-packages/oslo_config/cfg.py:3006}}
Apr 09 19:40:07.878411 np0000164703 neutron-periodic-workers[104083]: DEBUG cotyledon.oslo_config_glue [-] ml2_type_flat.flat_networks = ['public'] {{(pid=104083) log_opt_values /opt/stack/data/venv/lib/python3.12/site-packages/oslo_config/cfg.py:3006}}
Apr 09 19:40:07.878411 np0000164703 neutron-periodic-workers[104083]: DEBUG cotyledon.oslo_config_glue [-] ml2_type_geneve.max_header_size = 38 {{(pid=104083) log_opt_values /opt/stack/data/venv/lib/python3.12/site-packages/oslo_config/cfg.py:3006}}
Apr 09 19:40:07.878411 np0000164703 neutron-periodic-workers[104083]: DEBUG cotyledon.oslo_config_glue [-] ml2_type_geneve.vni_ranges = ['1:65536'] {{(pid=104083) log_opt_values /opt/stack/data/venv/lib/python3.12/site-packages/oslo_config/cfg.py:3006}}
Apr 09 19:40:07.878411 np0000164703 neutron-periodic-workers[104083]: DEBUG cotyledon.oslo_config_glue [-] ml2_type_vlan.network_vlan_ranges = ['public'] {{(pid=104083) log_opt_values /opt/stack/data/venv/lib/python3.12/site-packages/oslo_config/cfg.py:3006}}
Apr 09 19:40:07.878411 np0000164703 neutron-periodic-workers[104083]: DEBUG cotyledon.oslo_config_glue [-] network_log.burst_limit = 25 {{(pid=104083) log_opt_values /opt/stack/data/venv/lib/python3.12/site-packages/oslo_config/cfg.py:3006}}
Apr 09 19:40:07.878411 np0000164703 neutron-periodic-workers[104083]: DEBUG cotyledon.oslo_config_glue [-] network_log.local_output_log_base = None {{(pid=104083) log_opt_values /opt/stack/data/venv/lib/python3.12/site-packages/oslo_config/cfg.py:3006}}
Apr 09 19:40:07.878689 np0000164703 neutron-periodic-workers[104083]: DEBUG cotyledon.oslo_config_glue [-] network_log.rate_limit = 100 {{(pid=104083) log_opt_values /opt/stack/data/venv/lib/python3.12/site-packages/oslo_config/cfg.py:3006}}
Apr 09 19:40:07.878689 np0000164703 neutron-periodic-workers[104083]: DEBUG cotyledon.oslo_config_glue [-] database.asyncio_connection = **** {{(pid=104083) log_opt_values /opt/stack/data/venv/lib/python3.12/site-packages/oslo_config/cfg.py:3006}}
Apr 09 19:40:07.878689 np0000164703 neutron-periodic-workers[104083]: DEBUG cotyledon.oslo_config_glue [-] database.asyncio_slave_connection = **** {{(pid=104083) log_opt_values /opt/stack/data/venv/lib/python3.12/site-packages/oslo_config/cfg.py:3006}}
Apr 09 19:40:07.878689 np0000164703 neutron-periodic-workers[104083]: DEBUG cotyledon.oslo_config_glue [-] database.backend = sqlalchemy {{(pid=104083) log_opt_values /opt/stack/data/venv/lib/python3.12/site-packages/oslo_config/cfg.py:3006}}
Apr 09 19:40:07.878689 np0000164703 neutron-periodic-workers[104083]: DEBUG cotyledon.oslo_config_glue [-] database.connection = **** {{(pid=104083) log_opt_values /opt/stack/data/venv/lib/python3.12/site-packages/oslo_config/cfg.py:3006}}
Apr 09 19:40:07.878689 np0000164703 neutron-periodic-workers[104083]: DEBUG cotyledon.oslo_config_glue [-] database.connection_debug = 0 {{(pid=104083) log_opt_values /opt/stack/data/venv/lib/python3.12/site-packages/oslo_config/cfg.py:3006}}
Apr 09 19:40:07.878689 np0000164703 neutron-periodic-workers[104083]: DEBUG cotyledon.oslo_config_glue [-] database.connection_parameters = {{(pid=104083) log_opt_values /opt/stack/data/venv/lib/python3.12/site-packages/oslo_config/cfg.py:3006}}
Apr 09 19:40:07.878689 np0000164703 neutron-periodic-workers[104083]: DEBUG cotyledon.oslo_config_glue [-] database.connection_recycle_time = 3600 {{(pid=104083) log_opt_values /opt/stack/data/venv/lib/python3.12/site-packages/oslo_config/cfg.py:3006}}
Apr 09 19:40:07.878689 np0000164703 neutron-periodic-workers[104083]: DEBUG cotyledon.oslo_config_glue [-] database.connection_trace = False {{(pid=104083) log_opt_values /opt/stack/data/venv/lib/python3.12/site-packages/oslo_config/cfg.py:3006}}
Apr 09 19:40:07.878946 np0000164703 neutron-periodic-workers[104083]: DEBUG cotyledon.oslo_config_glue [-] database.db_inc_retry_interval = True {{(pid=104083) log_opt_values /opt/stack/data/venv/lib/python3.12/site-packages/oslo_config/cfg.py:3006}}
Apr 09 19:40:07.878946 np0000164703 neutron-periodic-workers[104083]: DEBUG cotyledon.oslo_config_glue [-] database.db_max_retries = 20 {{(pid=104083) log_opt_values /opt/stack/data/venv/lib/python3.12/site-packages/oslo_config/cfg.py:3006}}
Apr 09 19:40:07.878946 np0000164703 neutron-periodic-workers[104083]: DEBUG cotyledon.oslo_config_glue [-] database.db_max_retry_interval = 10 {{(pid=104083) log_opt_values /opt/stack/data/venv/lib/python3.12/site-packages/oslo_config/cfg.py:3006}}
Apr 09 19:40:07.878946 np0000164703 neutron-periodic-workers[104083]: DEBUG cotyledon.oslo_config_glue [-] database.db_retry_interval = 1 {{(pid=104083) log_opt_values /opt/stack/data/venv/lib/python3.12/site-packages/oslo_config/cfg.py:3006}}
Apr 09 19:40:07.878946 np0000164703 neutron-periodic-workers[104083]: DEBUG cotyledon.oslo_config_glue [-] database.max_overflow = 50 {{(pid=104083) log_opt_values /opt/stack/data/venv/lib/python3.12/site-packages/oslo_config/cfg.py:3006}}
Apr 09 19:40:07.878946 np0000164703 neutron-periodic-workers[104083]: DEBUG cotyledon.oslo_config_glue [-] database.max_pool_size = 5 {{(pid=104083) log_opt_values /opt/stack/data/venv/lib/python3.12/site-packages/oslo_config/cfg.py:3006}}
Apr 09 19:40:07.878946 np0000164703 neutron-periodic-workers[104083]: DEBUG cotyledon.oslo_config_glue [-] database.max_retries = 10 {{(pid=104083) log_opt_values /opt/stack/data/venv/lib/python3.12/site-packages/oslo_config/cfg.py:3006}}
Apr 09 19:40:07.878946 np0000164703 neutron-periodic-workers[104083]: DEBUG cotyledon.oslo_config_glue [-] database.mysql_sql_mode = TRADITIONAL {{(pid=104083) log_opt_values /opt/stack/data/venv/lib/python3.12/site-packages/oslo_config/cfg.py:3006}}
Apr 09 19:40:07.878946 np0000164703 neutron-periodic-workers[104083]: DEBUG cotyledon.oslo_config_glue [-] database.mysql_wsrep_sync_wait = None {{(pid=104083) log_opt_values /opt/stack/data/venv/lib/python3.12/site-packages/oslo_config/cfg.py:3006}}
Apr 09 19:40:07.879201 np0000164703 neutron-periodic-workers[104083]: DEBUG cotyledon.oslo_config_glue [-] database.pool_timeout = None {{(pid=104083) log_opt_values /opt/stack/data/venv/lib/python3.12/site-packages/oslo_config/cfg.py:3006}}
Apr 09 19:40:07.879201 np0000164703 neutron-periodic-workers[104083]: DEBUG cotyledon.oslo_config_glue [-] database.retry_interval = 10 {{(pid=104083) log_opt_values /opt/stack/data/venv/lib/python3.12/site-packages/oslo_config/cfg.py:3006}}
Apr 09 19:40:07.879201 np0000164703 neutron-periodic-workers[104083]: DEBUG cotyledon.oslo_config_glue [-] database.slave_connection = **** {{(pid=104083) log_opt_values /opt/stack/data/venv/lib/python3.12/site-packages/oslo_config/cfg.py:3006}}
Apr 09 19:40:07.879201 np0000164703 neutron-periodic-workers[104083]: DEBUG cotyledon.oslo_config_glue [-] database.sqlite_synchronous = True {{(pid=104083) log_opt_values /opt/stack/data/venv/lib/python3.12/site-packages/oslo_config/cfg.py:3006}}
Apr 09 19:40:07.879201 np0000164703 neutron-periodic-workers[104083]: DEBUG cotyledon.oslo_config_glue [-] database.synchronous_reader = True {{(pid=104083) log_opt_values /opt/stack/data/venv/lib/python3.12/site-packages/oslo_config/cfg.py:3006}}
Apr 09 19:40:07.879201 np0000164703 neutron-periodic-workers[104083]: DEBUG cotyledon.oslo_config_glue [-] database.use_db_reconnect = False {{(pid=104083) log_opt_values /opt/stack/data/venv/lib/python3.12/site-packages/oslo_config/cfg.py:3006}}
Apr 09 19:40:07.879201 np0000164703 neutron-periodic-workers[104083]: DEBUG cotyledon.oslo_config_glue [-] ovn.bfd_min_rx = 1000 {{(pid=104083) log_opt_values /opt/stack/data/venv/lib/python3.12/site-packages/oslo_config/cfg.py:3006}}
Apr 09 19:40:07.879201 np0000164703 neutron-periodic-workers[104083]: DEBUG cotyledon.oslo_config_glue [-] ovn.bfd_min_tx = 100 {{(pid=104083) log_opt_values /opt/stack/data/venv/lib/python3.12/site-packages/oslo_config/cfg.py:3006}}
Apr 09 19:40:07.879201 np0000164703 neutron-periodic-workers[104083]: DEBUG cotyledon.oslo_config_glue [-] ovn.bfd_mult = 3 {{(pid=104083) log_opt_values /opt/stack/data/venv/lib/python3.12/site-packages/oslo_config/cfg.py:3006}}
Apr 09 19:40:07.879496 np0000164703 neutron-periodic-workers[104083]: DEBUG cotyledon.oslo_config_glue [-] ovn.broadcast_arps_to_all_routers = True {{(pid=104083) log_opt_values /opt/stack/data/venv/lib/python3.12/site-packages/oslo_config/cfg.py:3006}}
Apr 09 19:40:07.879496 np0000164703 neutron-periodic-workers[104083]: DEBUG cotyledon.oslo_config_glue [-] ovn.dhcp_default_lease_time = 43200 {{(pid=104083) log_opt_values /opt/stack/data/venv/lib/python3.12/site-packages/oslo_config/cfg.py:3006}}
Apr 09 19:40:07.879496 np0000164703 neutron-periodic-workers[104083]: DEBUG cotyledon.oslo_config_glue [-] ovn.disable_ovn_dhcp_for_baremetal_ports = False {{(pid=104083) log_opt_values /opt/stack/data/venv/lib/python3.12/site-packages/oslo_config/cfg.py:3006}}
Apr 09 19:40:07.879496 np0000164703 neutron-periodic-workers[104083]: DEBUG cotyledon.oslo_config_glue [-] ovn.dns_records_ovn_owned = False {{(pid=104083) log_opt_values /opt/stack/data/venv/lib/python3.12/site-packages/oslo_config/cfg.py:3006}}
Apr 09 19:40:07.879496 np0000164703 neutron-periodic-workers[104083]: DEBUG cotyledon.oslo_config_glue [-] ovn.dns_servers = [] {{(pid=104083) log_opt_values /opt/stack/data/venv/lib/python3.12/site-packages/oslo_config/cfg.py:3006}}
Apr 09 19:40:07.879496 np0000164703 neutron-periodic-workers[104083]: DEBUG cotyledon.oslo_config_glue [-] ovn.enable_distributed_floating_ip = False {{(pid=104083) log_opt_values /opt/stack/data/venv/lib/python3.12/site-packages/oslo_config/cfg.py:3006}}
Apr 09 19:40:07.879496 np0000164703 neutron-periodic-workers[104083]: DEBUG cotyledon.oslo_config_glue [-] ovn.fdb_age_threshold = 300 {{(pid=104083) log_opt_values /opt/stack/data/venv/lib/python3.12/site-packages/oslo_config/cfg.py:3006}}
Apr 09 19:40:07.879496 np0000164703 neutron-periodic-workers[104083]: DEBUG cotyledon.oslo_config_glue [-] ovn.ha_failover_strategy = normal {{(pid=104083) log_opt_values /opt/stack/data/venv/lib/python3.12/site-packages/oslo_config/cfg.py:3006}}
Apr 09 19:40:07.879496 np0000164703 neutron-periodic-workers[104083]: DEBUG cotyledon.oslo_config_glue [-] ovn.live_migration_activation_strategy = rarp {{(pid=104083) log_opt_values /opt/stack/data/venv/lib/python3.12/site-packages/oslo_config/cfg.py:3006}}
Apr 09 19:40:07.879826 np0000164703 neutron-periodic-workers[104083]: DEBUG cotyledon.oslo_config_glue [-] ovn.localnet_learn_fdb = False {{(pid=104083) log_opt_values /opt/stack/data/venv/lib/python3.12/site-packages/oslo_config/cfg.py:3006}}
Apr 09 19:40:07.879826 np0000164703 neutron-periodic-workers[104083]: DEBUG cotyledon.oslo_config_glue [-] ovn.mac_binding_age_threshold = 300 {{(pid=104083) log_opt_values /opt/stack/data/venv/lib/python3.12/site-packages/oslo_config/cfg.py:3006}}
Apr 09 19:40:07.879826 np0000164703 neutron-periodic-workers[104083]: DEBUG cotyledon.oslo_config_glue [-] ovn.neutron_sync_mode = log {{(pid=104083) log_opt_values /opt/stack/data/venv/lib/python3.12/site-packages/oslo_config/cfg.py:3006}}
Apr 09 19:40:07.879826 np0000164703 neutron-periodic-workers[104083]: DEBUG cotyledon.oslo_config_glue [-] ovn.ovn_dhcp4_global_options = {} {{(pid=104083) log_opt_values /opt/stack/data/venv/lib/python3.12/site-packages/oslo_config/cfg.py:3006}}
Apr 09 19:40:07.879826 np0000164703 neutron-periodic-workers[104083]: DEBUG cotyledon.oslo_config_glue [-] ovn.ovn_dhcp6_global_options = {} {{(pid=104083) log_opt_values /opt/stack/data/venv/lib/python3.12/site-packages/oslo_config/cfg.py:3006}}
Apr 09 19:40:07.879826 np0000164703 neutron-periodic-workers[104083]: DEBUG cotyledon.oslo_config_glue [-] ovn.ovn_l3_scheduler = leastloaded {{(pid=104083) log_opt_values /opt/stack/data/venv/lib/python3.12/site-packages/oslo_config/cfg.py:3006}}
Apr 09 19:40:07.879826 np0000164703 neutron-periodic-workers[104083]: DEBUG cotyledon.oslo_config_glue [-] ovn.ovn_metadata_enabled = True {{(pid=104083) log_opt_values /opt/stack/data/venv/lib/python3.12/site-packages/oslo_config/cfg.py:3006}}
Apr 09 19:40:07.879826 np0000164703 neutron-periodic-workers[104083]: DEBUG cotyledon.oslo_config_glue [-] ovn.ovn_nb_ca_cert = /opt/stack/data/CA/int-ca/ca-chain.pem {{(pid=104083) log_opt_values /opt/stack/data/venv/lib/python3.12/site-packages/oslo_config/cfg.py:3006}}
Apr 09 19:40:07.879826 np0000164703 neutron-periodic-workers[104083]: DEBUG cotyledon.oslo_config_glue [-] ovn.ovn_nb_certificate = /opt/stack/data/CA/int-ca/devstack-cert.crt {{(pid=104083) log_opt_values /opt/stack/data/venv/lib/python3.12/site-packages/oslo_config/cfg.py:3006}}
Apr 09 19:40:07.880098 np0000164703 neutron-periodic-workers[104083]: DEBUG cotyledon.oslo_config_glue [-] ovn.ovn_nb_connection = ['ssl:199.204.45.129:6641'] {{(pid=104083) log_opt_values /opt/stack/data/venv/lib/python3.12/site-packages/oslo_config/cfg.py:3006}}
Apr 09 19:40:07.880098 np0000164703 neutron-periodic-workers[104083]: DEBUG cotyledon.oslo_config_glue [-] ovn.ovn_nb_private_key = /opt/stack/data/CA/int-ca/private/devstack-cert.key {{(pid=104083) log_opt_values /opt/stack/data/venv/lib/python3.12/site-packages/oslo_config/cfg.py:3006}}
Apr 09 19:40:07.880098 np0000164703 neutron-periodic-workers[104083]: DEBUG cotyledon.oslo_config_glue [-] ovn.ovn_router_indirect_snat = False {{(pid=104083) log_opt_values /opt/stack/data/venv/lib/python3.12/site-packages/oslo_config/cfg.py:3006}}
Apr 09 19:40:07.880098 np0000164703 neutron-periodic-workers[104083]: DEBUG cotyledon.oslo_config_glue [-] ovn.ovn_sb_ca_cert = /opt/stack/data/CA/int-ca/ca-chain.pem {{(pid=104083) log_opt_values /opt/stack/data/venv/lib/python3.12/site-packages/oslo_config/cfg.py:3006}}
Apr 09 19:40:07.880098 np0000164703 neutron-periodic-workers[104083]: DEBUG cotyledon.oslo_config_glue [-] ovn.ovn_sb_certificate = /opt/stack/data/CA/int-ca/devstack-cert.crt {{(pid=104083) log_opt_values /opt/stack/data/venv/lib/python3.12/site-packages/oslo_config/cfg.py:3006}}
Apr 09 19:40:07.880098 np0000164703 neutron-periodic-workers[104083]: DEBUG cotyledon.oslo_config_glue [-] ovn.ovn_sb_connection = ['ssl:199.204.45.129:6642'] {{(pid=104083) log_opt_values /opt/stack/data/venv/lib/python3.12/site-packages/oslo_config/cfg.py:3006}}
Apr 09 19:40:07.880098 np0000164703 neutron-periodic-workers[104083]: DEBUG cotyledon.oslo_config_glue [-] ovn.ovn_sb_private_key = /opt/stack/data/CA/int-ca/private/devstack-cert.key {{(pid=104083) log_opt_values /opt/stack/data/venv/lib/python3.12/site-packages/oslo_config/cfg.py:3006}}
Apr 09 19:40:07.880098 np0000164703 neutron-periodic-workers[104083]: DEBUG cotyledon.oslo_config_glue [-] ovn.ovs_create_tap = False {{(pid=104083) log_opt_values /opt/stack/data/venv/lib/python3.12/site-packages/oslo_config/cfg.py:3006}}
Apr 09 19:40:07.880328 np0000164703 neutron-periodic-workers[104083]: DEBUG cotyledon.oslo_config_glue [-] ovn.ovsdb_connection_timeout = 180 {{(pid=104083) log_opt_values /opt/stack/data/venv/lib/python3.12/site-packages/oslo_config/cfg.py:3006}}
Apr 09 19:40:07.880328 np0000164703 neutron-periodic-workers[104083]: DEBUG cotyledon.oslo_config_glue [-] ovn.ovsdb_log_level = INFO {{(pid=104083) log_opt_values /opt/stack/data/venv/lib/python3.12/site-packages/oslo_config/cfg.py:3006}}
Apr 09 19:40:07.880328 np0000164703 neutron-periodic-workers[104083]: DEBUG cotyledon.oslo_config_glue [-] ovn.ovsdb_probe_interval = 60000 {{(pid=104083) log_opt_values /opt/stack/data/venv/lib/python3.12/site-packages/oslo_config/cfg.py:3006}}
Apr 09 19:40:07.880328 np0000164703 neutron-periodic-workers[104083]: DEBUG cotyledon.oslo_config_glue [-] ovn.ovsdb_retry_max_interval = 180 {{(pid=104083) log_opt_values /opt/stack/data/venv/lib/python3.12/site-packages/oslo_config/cfg.py:3006}}
Apr 09 19:40:07.880328 np0000164703 neutron-periodic-workers[104083]: DEBUG cotyledon.oslo_config_glue [-] ovn.stateless_nat_enabled = False {{(pid=104083) log_opt_values /opt/stack/data/venv/lib/python3.12/site-packages/oslo_config/cfg.py:3006}}
Apr 09 19:40:07.880328 np0000164703 neutron-periodic-workers[104083]: DEBUG cotyledon.oslo_config_glue [-] ovn.vhost_sock_dir = /var/run/openvswitch {{(pid=104083) log_opt_values /opt/stack/data/venv/lib/python3.12/site-packages/oslo_config/cfg.py:3006}}
Apr 09 19:40:07.880328 np0000164703 neutron-periodic-workers[104083]: DEBUG cotyledon.oslo_config_glue [-] OVS.bridge_mac_table_size = 50000 {{(pid=104083) log_opt_values /opt/stack/data/venv/lib/python3.12/site-packages/oslo_config/cfg.py:3006}}
Apr 09 19:40:07.880328 np0000164703 neutron-periodic-workers[104083]: DEBUG cotyledon.oslo_config_glue [-] OVS.igmp_flood = False {{(pid=104083) log_opt_values /opt/stack/data/venv/lib/python3.12/site-packages/oslo_config/cfg.py:3006}}
Apr 09 19:40:07.880328 np0000164703 neutron-periodic-workers[104083]: DEBUG cotyledon.oslo_config_glue [-] OVS.igmp_flood_reports = True {{(pid=104083) log_opt_values /opt/stack/data/venv/lib/python3.12/site-packages/oslo_config/cfg.py:3006}}
Apr 09 19:40:07.880616 np0000164703 neutron-periodic-workers[104083]: DEBUG cotyledon.oslo_config_glue [-] OVS.igmp_flood_unregistered = False {{(pid=104083) log_opt_values /opt/stack/data/venv/lib/python3.12/site-packages/oslo_config/cfg.py:3006}}
Apr 09 19:40:07.880616 np0000164703 neutron-periodic-workers[104083]: DEBUG cotyledon.oslo_config_glue [-] OVS.igmp_snooping_enable = False {{(pid=104083) log_opt_values /opt/stack/data/venv/lib/python3.12/site-packages/oslo_config/cfg.py:3006}}
Apr 09 19:40:07.880616 np0000164703 neutron-periodic-workers[104083]: DEBUG cotyledon.oslo_config_glue [-] OVS.ovsdb_timeout = 10 {{(pid=104083) log_opt_values /opt/stack/data/venv/lib/python3.12/site-packages/oslo_config/cfg.py:3006}}
Apr 09 19:40:07.880616 np0000164703 neutron-periodic-workers[104083]: DEBUG cotyledon.oslo_config_glue [-] ovn_nb_global.fdb_removal_limit = 0 {{(pid=104083) log_opt_values /opt/stack/data/venv/lib/python3.12/site-packages/oslo_config/cfg.py:3006}}
Apr 09 19:40:07.880616 np0000164703 neutron-periodic-workers[104083]: DEBUG cotyledon.oslo_config_glue [-] ovn_nb_global.ignore_lsp_down = False {{(pid=104083) log_opt_values /opt/stack/data/venv/lib/python3.12/site-packages/oslo_config/cfg.py:3006}}
Apr 09 19:40:07.880616 np0000164703 neutron-periodic-workers[104083]: DEBUG cotyledon.oslo_config_glue [-] ovn_nb_global.mac_binding_removal_limit = 0 {{(pid=104083) log_opt_values /opt/stack/data/venv/lib/python3.12/site-packages/oslo_config/cfg.py:3006}}
Apr 09 19:40:07.880616 np0000164703 neutron-periodic-workers[104083]: DEBUG cotyledon.oslo_config_glue [-] ******************************************************************************** {{(pid=104083) log_opt_values /opt/stack/data/venv/lib/python3.12/site-packages/oslo_config/cfg.py:3013}}
Apr 09 19:40:07.880616 np0000164703 neutron-periodic-workers[104083]: DEBUG cotyledon._service_worker [-] Run service ServiceWrapper(0) [104083] {{(pid=104083) wait_forever /opt/stack/data/venv/lib/python3.12/site-packages/cotyledon/_service_worker.py:218}}
Apr 09 19:40:17.533166 np0000164703 neutron-periodic-workers[103341]: DEBUG dbcounter [-] [103341] Writing DB stats neutron:SELECT=4 {{(pid=103341) stat_writer /opt/stack/data/venv/lib/python3.12/site-packages/dbcounter.py:115}}
Apr 09 19:41:07.827861 np0000164703 neutron-periodic-workers[104048]: DEBUG oslo_db.sqlalchemy.engines [None req-06a348a9-8b7a-4a41-a01a-7a46e7c3fb96 None None] Parent process 103341 forked (104048) with an open database connection, which is being discarded and recreated. {{(pid=104048) checkout /opt/stack/data/venv/lib/python3.12/site-packages/oslo_db/sqlalchemy/engines.py:402}}
Apr 09 19:41:07.834485 np0000164703 neutron-periodic-workers[104048]: DEBUG dbcounter [-] [104048] Writer thread running {{(pid=104048) stat_writer /opt/stack/data/venv/lib/python3.12/site-packages/dbcounter.py:102}}
Apr 09 19:41:07.842762 np0000164703 neutron-periodic-workers[104048]: DEBUG oslo.service.backend._threading.loopingcall [None req-06a348a9-8b7a-4a41-a01a-7a46e7c3fb96 None None] Fixed interval looping call 'neutron.plugins.ml2.plugin.DhcpAgentSchedulerDbMixin.remove_networks_from_down_agents' sleeping for 36.98 seconds {{(pid=104048) _run_loop /opt/stack/data/venv/lib/python3.12/site-packages/oslo_service/backend/_threading/loopingcall.py:125}}
Apr 09 19:41:10.868346 np0000164703 neutron-periodic-workers[104061]: DEBUG dbcounter [-] [104061] Writer thread running {{(pid=104061) stat_writer /opt/stack/data/venv/lib/python3.12/site-packages/dbcounter.py:102}}
Apr 09 19:41:10.871662 np0000164703 neutron-periodic-workers[104061]: DEBUG neutron.db.agents_db [None req-dd0195e3-691c-4adb-b883-3ec10e1a38e2 None None] Agent healthcheck: found 0 active agents {{(pid=104061) agent_health_check /opt/stack/neutron/neutron/db/agents_db.py:317}}
Apr 09 19:41:10.871846 np0000164703 neutron-periodic-workers[104061]: DEBUG oslo.service.backend._threading.loopingcall [None req-dd0195e3-691c-4adb-b883-3ec10e1a38e2 None None] Fixed interval looping call 'neutron.plugins.ml2.plugin.AgentDbMixin.agent_health_check' sleeping for 36.98 seconds {{(pid=104061) _run_loop /opt/stack/data/venv/lib/python3.12/site-packages/oslo_service/backend/_threading/loopingcall.py:125}}
Apr 09 19:41:17.841985 np0000164703 neutron-periodic-workers[104048]: DEBUG dbcounter [-] [104048] Writing DB stats neutron:SELECT=3 {{(pid=104048) stat_writer /opt/stack/data/venv/lib/python3.12/site-packages/dbcounter.py:115}}
Apr 09 19:41:20.868912 np0000164703 neutron-periodic-workers[104061]: DEBUG dbcounter [-] [104061] Writing DB stats neutron:SELECT=1 {{(pid=104061) stat_writer /opt/stack/data/venv/lib/python3.12/site-packages/dbcounter.py:115}}
Apr 09 19:41:44.830998 np0000164703 neutron-periodic-workers[104048]: DEBUG oslo.service.backend._threading.loopingcall [None req-06a348a9-8b7a-4a41-a01a-7a46e7c3fb96 None None] Fixed interval looping call 'neutron.plugins.ml2.plugin.DhcpAgentSchedulerDbMixin.remove_networks_from_down_agents' sleeping for 36.99 seconds {{(pid=104048) _run_loop /opt/stack/data/venv/lib/python3.12/site-packages/oslo_service/backend/_threading/loopingcall.py:125}}
Apr 09 19:41:47.857837 np0000164703 neutron-periodic-workers[104061]: DEBUG neutron.db.agents_db [None req-dd0195e3-691c-4adb-b883-3ec10e1a38e2 None None] Agent healthcheck: found 0 active agents {{(pid=104061) agent_health_check /opt/stack/neutron/neutron/db/agents_db.py:317}}
Apr 09 19:41:47.858369 np0000164703 neutron-periodic-workers[104061]: DEBUG oslo.service.backend._threading.loopingcall [None req-dd0195e3-691c-4adb-b883-3ec10e1a38e2 None None] Fixed interval looping call 'neutron.plugins.ml2.plugin.AgentDbMixin.agent_health_check' sleeping for 36.99 seconds {{(pid=104061) _run_loop /opt/stack/data/venv/lib/python3.12/site-packages/oslo_service/backend/_threading/loopingcall.py:125}}
Apr 09 19:41:54.830295 np0000164703 neutron-periodic-workers[104048]: DEBUG dbcounter [-] [104048] Writing DB stats neutron:SELECT=3 {{(pid=104048) stat_writer /opt/stack/data/venv/lib/python3.12/site-packages/dbcounter.py:115}}
Apr 09 19:41:57.855979 np0000164703 neutron-periodic-workers[104061]: DEBUG dbcounter [-] [104061] Writing DB stats neutron:SELECT=1 {{(pid=104061) stat_writer /opt/stack/data/venv/lib/python3.12/site-packages/dbcounter.py:115}}
Apr 09 19:42:07.886964 np0000164703 neutron-periodic-workers[104071]: DEBUG dbcounter [-] [104071] Writer thread running {{(pid=104071) stat_writer /opt/stack/data/venv/lib/python3.12/site-packages/dbcounter.py:102}}
Apr 09 19:42:07.891487 np0000164703 neutron-periodic-workers[104071]: DEBUG oslo.service.backend._threading.loopingcall [None req-2c6862ac-500b-41ac-9a55-fb4007f9c319 None None] Fixed interval looping call 'neutron.db.quota.driver_nolock.DbQuotaNoLockDriver._remove_expired_reservations' sleeping for 119.98 seconds {{(pid=104071) _run_loop /opt/stack/data/venv/lib/python3.12/site-packages/oslo_service/backend/_threading/loopingcall.py:125}}
Apr 09 19:42:21.831419 np0000164703 neutron-periodic-workers[104048]: DEBUG oslo.service.backend._threading.loopingcall [None req-06a348a9-8b7a-4a41-a01a-7a46e7c3fb96 None None] Fixed interval looping call 'neutron.plugins.ml2.plugin.DhcpAgentSchedulerDbMixin.remove_networks_from_down_agents' sleeping for 36.99 seconds {{(pid=104048) _run_loop /opt/stack/data/venv/lib/python3.12/site-packages/oslo_service/backend/_threading/loopingcall.py:125}}
Apr 09 19:42:24.854299 np0000164703 neutron-periodic-workers[104061]: DEBUG neutron.db.agents_db [None req-dd0195e3-691c-4adb-b883-3ec10e1a38e2 None None] Agent healthcheck: found 0 active agents {{(pid=104061) agent_health_check /opt/stack/neutron/neutron/db/agents_db.py:317}}
Apr 09 19:42:24.854299 np0000164703 neutron-periodic-workers[104061]: DEBUG oslo.service.backend._threading.loopingcall [None req-dd0195e3-691c-4adb-b883-3ec10e1a38e2 None None] Fixed interval looping call 'neutron.plugins.ml2.plugin.AgentDbMixin.agent_health_check' sleeping for 36.99 seconds {{(pid=104061) _run_loop /opt/stack/data/venv/lib/python3.12/site-packages/oslo_service/backend/_threading/loopingcall.py:125}}
Apr 09 19:42:27.887688 np0000164703 neutron-periodic-workers[104071]: DEBUG dbcounter [-] [104071] Writing DB stats neutron:DELETE=1 {{(pid=104071) stat_writer /opt/stack/data/venv/lib/python3.12/site-packages/dbcounter.py:115}}
Apr 09 19:42:31.829814 np0000164703 neutron-periodic-workers[104048]: DEBUG dbcounter [-] [104048] Writing DB stats neutron:SELECT=3 {{(pid=104048) stat_writer /opt/stack/data/venv/lib/python3.12/site-packages/dbcounter.py:115}}
Apr 09 19:42:34.852106 np0000164703 neutron-periodic-workers[104061]: DEBUG dbcounter [-] [104061] Writing DB stats neutron:SELECT=1 {{(pid=104061) stat_writer /opt/stack/data/venv/lib/python3.12/site-packages/dbcounter.py:115}}
Apr 09 19:42:58.831423 np0000164703 neutron-periodic-workers[104048]: DEBUG oslo.service.backend._threading.loopingcall [None req-06a348a9-8b7a-4a41-a01a-7a46e7c3fb96 None None] Fixed interval looping call 'neutron.plugins.ml2.plugin.DhcpAgentSchedulerDbMixin.remove_networks_from_down_agents' sleeping for 36.99 seconds {{(pid=104048) _run_loop /opt/stack/data/venv/lib/python3.12/site-packages/oslo_service/backend/_threading/loopingcall.py:125}}
Apr 09 19:43:01.849979 np0000164703 neutron-periodic-workers[104061]: DEBUG neutron.db.agents_db [None req-dd0195e3-691c-4adb-b883-3ec10e1a38e2 None None] Agent healthcheck: found 0 active agents {{(pid=104061) agent_health_check /opt/stack/neutron/neutron/db/agents_db.py:317}}
Apr 09 19:43:01.849979 np0000164703 neutron-periodic-workers[104061]: DEBUG oslo.service.backend._threading.loopingcall [None req-dd0195e3-691c-4adb-b883-3ec10e1a38e2 None None] Fixed interval looping call 'neutron.plugins.ml2.plugin.AgentDbMixin.agent_health_check' sleeping for 36.99 seconds {{(pid=104061) _run_loop /opt/stack/data/venv/lib/python3.12/site-packages/oslo_service/backend/_threading/loopingcall.py:125}}
Apr 09 19:43:08.830268 np0000164703 neutron-periodic-workers[104048]: DEBUG dbcounter [-] [104048] Writing DB stats neutron:SELECT=3 {{(pid=104048) stat_writer /opt/stack/data/venv/lib/python3.12/site-packages/dbcounter.py:115}}
Apr 09 19:43:11.848031 np0000164703 neutron-periodic-workers[104061]: DEBUG dbcounter [-] [104061] Writing DB stats neutron:SELECT=1 {{(pid=104061) stat_writer /opt/stack/data/venv/lib/python3.12/site-packages/dbcounter.py:115}}
Apr 09 19:43:35.826583 np0000164703 neutron-periodic-workers[104048]: DEBUG oslo.service.backend._threading.loopingcall [None req-06a348a9-8b7a-4a41-a01a-7a46e7c3fb96 None None] Fixed interval looping call 'neutron.plugins.ml2.plugin.DhcpAgentSchedulerDbMixin.remove_networks_from_down_agents' sleeping for 37.00 seconds {{(pid=104048) _run_loop /opt/stack/data/venv/lib/python3.12/site-packages/oslo_service/backend/_threading/loopingcall.py:125}}
Apr 09 19:43:38.846708 np0000164703 neutron-periodic-workers[104061]: DEBUG neutron.db.agents_db [None req-dd0195e3-691c-4adb-b883-3ec10e1a38e2 None None] Agent healthcheck: found 0 active agents {{(pid=104061) agent_health_check /opt/stack/neutron/neutron/db/agents_db.py:317}}
Apr 09 19:43:38.847734 np0000164703 neutron-periodic-workers[104061]: DEBUG oslo.service.backend._threading.loopingcall [None req-dd0195e3-691c-4adb-b883-3ec10e1a38e2 None None] Fixed interval looping call 'neutron.plugins.ml2.plugin.AgentDbMixin.agent_health_check' sleeping for 36.99 seconds {{(pid=104061) _run_loop /opt/stack/data/venv/lib/python3.12/site-packages/oslo_service/backend/_threading/loopingcall.py:125}}
Apr 09 19:43:45.826324 np0000164703 neutron-periodic-workers[104048]: DEBUG dbcounter [-] [104048] Writing DB stats neutron:SELECT=3 {{(pid=104048) stat_writer /opt/stack/data/venv/lib/python3.12/site-packages/dbcounter.py:115}}
Apr 09 19:43:48.844808 np0000164703 neutron-periodic-workers[104061]: DEBUG dbcounter [-] [104061] Writing DB stats neutron:SELECT=1 {{(pid=104061) stat_writer /opt/stack/data/venv/lib/python3.12/site-packages/dbcounter.py:115}}
Apr 09 19:44:07.877405 np0000164703 neutron-periodic-workers[104071]: DEBUG oslo.service.backend._threading.loopingcall [None req-2c6862ac-500b-41ac-9a55-fb4007f9c319 None None] Fixed interval looping call 'neutron.db.quota.driver_nolock.DbQuotaNoLockDriver._remove_expired_reservations' sleeping for 119.99 seconds {{(pid=104071) _run_loop /opt/stack/data/venv/lib/python3.12/site-packages/oslo_service/backend/_threading/loopingcall.py:125}}
Apr 09 19:44:12.835850 np0000164703 neutron-periodic-workers[104048]: DEBUG oslo.service.backend._threading.loopingcall [None req-06a348a9-8b7a-4a41-a01a-7a46e7c3fb96 None None] Fixed interval looping call 'neutron.plugins.ml2.plugin.DhcpAgentSchedulerDbMixin.remove_networks_from_down_agents' sleeping for 36.99 seconds {{(pid=104048) _run_loop /opt/stack/data/venv/lib/python3.12/site-packages/oslo_service/backend/_threading/loopingcall.py:125}}
Apr 09 19:44:15.843101 np0000164703 neutron-periodic-workers[104061]: DEBUG neutron.db.agents_db [None req-dd0195e3-691c-4adb-b883-3ec10e1a38e2 None None] Agent healthcheck: found 0 active agents {{(pid=104061) agent_health_check /opt/stack/neutron/neutron/db/agents_db.py:317}}
Apr 09 19:44:15.843504 np0000164703 neutron-periodic-workers[104061]: DEBUG oslo.service.backend._threading.loopingcall [None req-dd0195e3-691c-4adb-b883-3ec10e1a38e2 None None] Fixed interval looping call 'neutron.plugins.ml2.plugin.AgentDbMixin.agent_health_check' sleeping for 36.99 seconds {{(pid=104061) _run_loop /opt/stack/data/venv/lib/python3.12/site-packages/oslo_service/backend/_threading/loopingcall.py:125}}
Apr 09 19:44:17.876365 np0000164703 neutron-periodic-workers[104071]: DEBUG dbcounter [-] [104071] Writing DB stats neutron:DELETE=1 {{(pid=104071) stat_writer /opt/stack/data/venv/lib/python3.12/site-packages/dbcounter.py:115}}
Apr 09 19:44:18.914849 np0000164703 neutron-periodic-workers[104083]: DEBUG dbcounter [-] [104083] Writer thread running {{(pid=104083) stat_writer /opt/stack/data/venv/lib/python3.12/site-packages/dbcounter.py:102}}
Apr 09 19:44:18.924040 np0000164703 neutron-periodic-workers[104083]: DEBUG oslo.service.backend._threading.loopingcall [None req-4f34dd53-26d8-4ae3-b6b5-84e9e13bd1d1 None None] Fixed interval looping call 'neutron.services.ovn_l3.plugin.L3_NAT_dbonly_mixin._clean_garbage' sleeping for 299.96 seconds {{(pid=104083) _run_loop /opt/stack/data/venv/lib/python3.12/site-packages/oslo_service/backend/_threading/loopingcall.py:125}}
Apr 09 19:44:22.834647 np0000164703 neutron-periodic-workers[104048]: DEBUG dbcounter [-] [104048] Writing DB stats neutron:SELECT=3 {{(pid=104048) stat_writer /opt/stack/data/venv/lib/python3.12/site-packages/dbcounter.py:115}}
Apr 09 19:44:25.841448 np0000164703 neutron-periodic-workers[104061]: DEBUG dbcounter [-] [104061] Writing DB stats neutron:SELECT=1 {{(pid=104061) stat_writer /opt/stack/data/venv/lib/python3.12/site-packages/dbcounter.py:115}}
Apr 09 19:44:28.915547 np0000164703 neutron-periodic-workers[104083]: DEBUG dbcounter [-] [104083] Writing DB stats neutron:SELECT=1 {{(pid=104083) stat_writer /opt/stack/data/venv/lib/python3.12/site-packages/dbcounter.py:115}}
Apr 09 19:44:49.837031 np0000164703 neutron-periodic-workers[104048]: DEBUG oslo.service.backend._threading.loopingcall [None req-06a348a9-8b7a-4a41-a01a-7a46e7c3fb96 None None] Fixed interval looping call 'neutron.plugins.ml2.plugin.DhcpAgentSchedulerDbMixin.remove_networks_from_down_agents' sleeping for 36.99 seconds {{(pid=104048) _run_loop /opt/stack/data/venv/lib/python3.12/site-packages/oslo_service/backend/_threading/loopingcall.py:125}}
Apr 09 19:44:52.839546 np0000164703 neutron-periodic-workers[104061]: DEBUG neutron.db.agents_db [None req-dd0195e3-691c-4adb-b883-3ec10e1a38e2 None None] Agent healthcheck: found 0 active agents {{(pid=104061) agent_health_check /opt/stack/neutron/neutron/db/agents_db.py:317}}
Apr 09 19:44:52.840190 np0000164703 neutron-periodic-workers[104061]: DEBUG oslo.service.backend._threading.loopingcall [None req-dd0195e3-691c-4adb-b883-3ec10e1a38e2 None None] Fixed interval looping call 'neutron.plugins.ml2.plugin.AgentDbMixin.agent_health_check' sleeping for 36.99 seconds {{(pid=104061) _run_loop /opt/stack/data/venv/lib/python3.12/site-packages/oslo_service/backend/_threading/loopingcall.py:125}}
Apr 09 19:44:59.834045 np0000164703 neutron-periodic-workers[104048]: DEBUG dbcounter [-] [104048] Writing DB stats neutron:SELECT=3 {{(pid=104048) stat_writer /opt/stack/data/venv/lib/python3.12/site-packages/dbcounter.py:115}}
Apr 09 19:45:02.837020 np0000164703 neutron-periodic-workers[104061]: DEBUG dbcounter [-] [104061] Writing DB stats neutron:SELECT=1 {{(pid=104061) stat_writer /opt/stack/data/venv/lib/python3.12/site-packages/dbcounter.py:115}}
Apr 09 19:45:26.839246 np0000164703 neutron-periodic-workers[104048]: DEBUG oslo.service.backend._threading.loopingcall [None req-06a348a9-8b7a-4a41-a01a-7a46e7c3fb96 None None] Fixed interval looping call 'neutron.plugins.ml2.plugin.DhcpAgentSchedulerDbMixin.remove_networks_from_down_agents' sleeping for 36.99 seconds {{(pid=104048) _run_loop /opt/stack/data/venv/lib/python3.12/site-packages/oslo_service/backend/_threading/loopingcall.py:125}}
Apr 09 19:45:29.833774 np0000164703 neutron-periodic-workers[104061]: DEBUG neutron.db.agents_db [None req-dd0195e3-691c-4adb-b883-3ec10e1a38e2 None None] Agent healthcheck: found 0 active agents {{(pid=104061) agent_health_check /opt/stack/neutron/neutron/db/agents_db.py:317}}
Apr 09 19:45:29.834288 np0000164703 neutron-periodic-workers[104061]: DEBUG oslo.service.backend._threading.loopingcall [None req-dd0195e3-691c-4adb-b883-3ec10e1a38e2 None None] Fixed interval looping call 'neutron.plugins.ml2.plugin.AgentDbMixin.agent_health_check' sleeping for 37.00 seconds {{(pid=104061) _run_loop /opt/stack/data/venv/lib/python3.12/site-packages/oslo_service/backend/_threading/loopingcall.py:125}}
Apr 09 19:45:36.835901 np0000164703 neutron-periodic-workers[104048]: DEBUG dbcounter [-] [104048] Writing DB stats neutron:SELECT=3 {{(pid=104048) stat_writer /opt/stack/data/venv/lib/python3.12/site-packages/dbcounter.py:115}}
Apr 09 19:45:39.832176 np0000164703 neutron-periodic-workers[104061]: DEBUG dbcounter [-] [104061] Writing DB stats neutron:SELECT=1 {{(pid=104061) stat_writer /opt/stack/data/venv/lib/python3.12/site-packages/dbcounter.py:115}}
Apr 09 19:46:03.841405 np0000164703 neutron-periodic-workers[104048]: DEBUG oslo.service.backend._threading.loopingcall [None req-06a348a9-8b7a-4a41-a01a-7a46e7c3fb96 None None] Fixed interval looping call 'neutron.plugins.ml2.plugin.DhcpAgentSchedulerDbMixin.remove_networks_from_down_agents' sleeping for 36.99 seconds {{(pid=104048) _run_loop /opt/stack/data/venv/lib/python3.12/site-packages/oslo_service/backend/_threading/loopingcall.py:125}}
Apr 09 19:46:06.840072 np0000164703 neutron-periodic-workers[104061]: DEBUG neutron.db.agents_db [None req-dd0195e3-691c-4adb-b883-3ec10e1a38e2 None None] Agent healthcheck: found 0 active agents {{(pid=104061) agent_health_check /opt/stack/neutron/neutron/db/agents_db.py:317}}
Apr 09 19:46:06.840796 np0000164703 neutron-periodic-workers[104061]: DEBUG oslo.service.backend._threading.loopingcall [None req-dd0195e3-691c-4adb-b883-3ec10e1a38e2 None None] Fixed interval looping call 'neutron.plugins.ml2.plugin.AgentDbMixin.agent_health_check' sleeping for 36.99 seconds {{(pid=104061) _run_loop /opt/stack/data/venv/lib/python3.12/site-packages/oslo_service/backend/_threading/loopingcall.py:125}}
Apr 09 19:46:07.875517 np0000164703 neutron-periodic-workers[104071]: DEBUG oslo.service.backend._threading.loopingcall [None req-2c6862ac-500b-41ac-9a55-fb4007f9c319 None None] Fixed interval looping call 'neutron.db.quota.driver_nolock.DbQuotaNoLockDriver._remove_expired_reservations' sleeping for 119.99 seconds {{(pid=104071) _run_loop /opt/stack/data/venv/lib/python3.12/site-packages/oslo_service/backend/_threading/loopingcall.py:125}}
Apr 09 19:46:13.840272 np0000164703 neutron-periodic-workers[104048]: DEBUG dbcounter [-] [104048] Writing DB stats neutron:SELECT=3 {{(pid=104048) stat_writer /opt/stack/data/venv/lib/python3.12/site-packages/dbcounter.py:115}}
Apr 09 19:46:16.838371 np0000164703 neutron-periodic-workers[104061]: DEBUG dbcounter [-] [104061] Writing DB stats neutron:SELECT=1 {{(pid=104061) stat_writer /opt/stack/data/venv/lib/python3.12/site-packages/dbcounter.py:115}}
Apr 09 19:46:17.872662 np0000164703 neutron-periodic-workers[104071]: DEBUG dbcounter [-] [104071] Writing DB stats neutron:DELETE=1 {{(pid=104071) stat_writer /opt/stack/data/venv/lib/python3.12/site-packages/dbcounter.py:115}}
Apr 09 19:46:40.843993 np0000164703 neutron-periodic-workers[104048]: DEBUG oslo.service.backend._threading.loopingcall [None req-06a348a9-8b7a-4a41-a01a-7a46e7c3fb96 None None] Fixed interval looping call 'neutron.plugins.ml2.plugin.DhcpAgentSchedulerDbMixin.remove_networks_from_down_agents' sleeping for 36.99 seconds {{(pid=104048) _run_loop /opt/stack/data/venv/lib/python3.12/site-packages/oslo_service/backend/_threading/loopingcall.py:125}}
Apr 09 19:46:43.836348 np0000164703 neutron-periodic-workers[104061]: DEBUG neutron.db.agents_db [None req-dd0195e3-691c-4adb-b883-3ec10e1a38e2 None None] Agent healthcheck: found 0 active agents {{(pid=104061) agent_health_check /opt/stack/neutron/neutron/db/agents_db.py:317}}
Apr 09 19:46:43.836974 np0000164703 neutron-periodic-workers[104061]: DEBUG oslo.service.backend._threading.loopingcall [None req-dd0195e3-691c-4adb-b883-3ec10e1a38e2 None None] Fixed interval looping call 'neutron.plugins.ml2.plugin.AgentDbMixin.agent_health_check' sleeping for 36.99 seconds {{(pid=104061) _run_loop /opt/stack/data/venv/lib/python3.12/site-packages/oslo_service/backend/_threading/loopingcall.py:125}}
Apr 09 19:46:50.841585 np0000164703 neutron-periodic-workers[104048]: DEBUG dbcounter [-] [104048] Writing DB stats neutron:SELECT=3 {{(pid=104048) stat_writer /opt/stack/data/venv/lib/python3.12/site-packages/dbcounter.py:115}}
Apr 09 19:46:53.834463 np0000164703 neutron-periodic-workers[104061]: DEBUG dbcounter [-] [104061] Writing DB stats neutron:SELECT=1 {{(pid=104061) stat_writer /opt/stack/data/venv/lib/python3.12/site-packages/dbcounter.py:115}}
Apr 09 19:47:17.843801 np0000164703 neutron-periodic-workers[104048]: DEBUG oslo.service.backend._threading.loopingcall [None req-06a348a9-8b7a-4a41-a01a-7a46e7c3fb96 None None] Fixed interval looping call 'neutron.plugins.ml2.plugin.DhcpAgentSchedulerDbMixin.remove_networks_from_down_agents' sleeping for 36.99 seconds {{(pid=104048) _run_loop /opt/stack/data/venv/lib/python3.12/site-packages/oslo_service/backend/_threading/loopingcall.py:125}}
Apr 09 19:47:20.831942 np0000164703 neutron-periodic-workers[104061]: DEBUG neutron.db.agents_db [None req-dd0195e3-691c-4adb-b883-3ec10e1a38e2 None None] Agent healthcheck: found 0 active agents {{(pid=104061) agent_health_check /opt/stack/neutron/neutron/db/agents_db.py:317}}
Apr 09 19:47:20.832532 np0000164703 neutron-periodic-workers[104061]: DEBUG oslo.service.backend._threading.loopingcall [None req-dd0195e3-691c-4adb-b883-3ec10e1a38e2 None None] Fixed interval looping call 'neutron.plugins.ml2.plugin.AgentDbMixin.agent_health_check' sleeping for 36.99 seconds {{(pid=104061) _run_loop /opt/stack/data/venv/lib/python3.12/site-packages/oslo_service/backend/_threading/loopingcall.py:125}}
Apr 09 19:47:27.842825 np0000164703 neutron-periodic-workers[104048]: DEBUG dbcounter [-] [104048] Writing DB stats neutron:SELECT=3 {{(pid=104048) stat_writer /opt/stack/data/venv/lib/python3.12/site-packages/dbcounter.py:115}}
Apr 09 19:47:30.829942 np0000164703 neutron-periodic-workers[104061]: DEBUG dbcounter [-] [104061] Writing DB stats neutron:SELECT=1 {{(pid=104061) stat_writer /opt/stack/data/venv/lib/python3.12/site-packages/dbcounter.py:115}}
Apr 09 19:47:54.843245 np0000164703 neutron-periodic-workers[104048]: DEBUG oslo.service.backend._threading.loopingcall [None req-06a348a9-8b7a-4a41-a01a-7a46e7c3fb96 None None] Fixed interval looping call 'neutron.plugins.ml2.plugin.DhcpAgentSchedulerDbMixin.remove_networks_from_down_agents' sleeping for 36.99 seconds {{(pid=104048) _run_loop /opt/stack/data/venv/lib/python3.12/site-packages/oslo_service/backend/_threading/loopingcall.py:125}}
Apr 09 19:47:57.827947 np0000164703 neutron-periodic-workers[104061]: DEBUG neutron.db.agents_db [None req-dd0195e3-691c-4adb-b883-3ec10e1a38e2 None None] Agent healthcheck: found 0 active agents {{(pid=104061) agent_health_check /opt/stack/neutron/neutron/db/agents_db.py:317}}
Apr 09 19:47:57.828570 np0000164703 neutron-periodic-workers[104061]: DEBUG oslo.service.backend._threading.loopingcall [None req-dd0195e3-691c-4adb-b883-3ec10e1a38e2 None None] Fixed interval looping call 'neutron.plugins.ml2.plugin.AgentDbMixin.agent_health_check' sleeping for 36.99 seconds {{(pid=104061) _run_loop /opt/stack/data/venv/lib/python3.12/site-packages/oslo_service/backend/_threading/loopingcall.py:125}}
Apr 09 19:48:04.842321 np0000164703 neutron-periodic-workers[104048]: DEBUG dbcounter [-] [104048] Writing DB stats neutron:SELECT=3 {{(pid=104048) stat_writer /opt/stack/data/venv/lib/python3.12/site-packages/dbcounter.py:115}}
Apr 09 19:48:07.826017 np0000164703 neutron-periodic-workers[104061]: DEBUG dbcounter [-] [104061] Writing DB stats neutron:SELECT=1 {{(pid=104061) stat_writer /opt/stack/data/venv/lib/python3.12/site-packages/dbcounter.py:115}}
Apr 09 19:48:07.870505 np0000164703 neutron-periodic-workers[104071]: DEBUG oslo.service.backend._threading.loopingcall [None req-2c6862ac-500b-41ac-9a55-fb4007f9c319 None None] Fixed interval looping call 'neutron.db.quota.driver_nolock.DbQuotaNoLockDriver._remove_expired_reservations' sleeping for 120.00 seconds {{(pid=104071) _run_loop /opt/stack/data/venv/lib/python3.12/site-packages/oslo_service/backend/_threading/loopingcall.py:125}}
Apr 09 19:48:17.868929 np0000164703 neutron-periodic-workers[104071]: DEBUG dbcounter [-] [104071] Writing DB stats neutron:DELETE=1 {{(pid=104071) stat_writer /opt/stack/data/venv/lib/python3.12/site-packages/dbcounter.py:115}}
Apr 09 19:48:31.841267 np0000164703 neutron-periodic-workers[104048]: DEBUG oslo.service.backend._threading.loopingcall [None req-06a348a9-8b7a-4a41-a01a-7a46e7c3fb96 None None] Fixed interval looping call 'neutron.plugins.ml2.plugin.DhcpAgentSchedulerDbMixin.remove_networks_from_down_agents' sleeping for 36.99 seconds {{(pid=104048) _run_loop /opt/stack/data/venv/lib/python3.12/site-packages/oslo_service/backend/_threading/loopingcall.py:125}}
Apr 09 19:48:34.824524 np0000164703 neutron-periodic-workers[104061]: DEBUG neutron.db.agents_db [None req-dd0195e3-691c-4adb-b883-3ec10e1a38e2 None None] Agent healthcheck: found 0 active agents {{(pid=104061) agent_health_check /opt/stack/neutron/neutron/db/agents_db.py:317}}
Apr 09 19:48:34.825128 np0000164703 neutron-periodic-workers[104061]: DEBUG oslo.service.backend._threading.loopingcall [None req-dd0195e3-691c-4adb-b883-3ec10e1a38e2 None None] Fixed interval looping call 'neutron.plugins.ml2.plugin.AgentDbMixin.agent_health_check' sleeping for 36.99 seconds {{(pid=104061) _run_loop /opt/stack/data/venv/lib/python3.12/site-packages/oslo_service/backend/_threading/loopingcall.py:125}}
Apr 09 19:48:41.840757 np0000164703 neutron-periodic-workers[104048]: DEBUG dbcounter [-] [104048] Writing DB stats neutron:SELECT=3 {{(pid=104048) stat_writer /opt/stack/data/venv/lib/python3.12/site-packages/dbcounter.py:115}}
Apr 09 19:48:44.822858 np0000164703 neutron-periodic-workers[104061]: DEBUG dbcounter [-] [104061] Writing DB stats neutron:SELECT=1 {{(pid=104061) stat_writer /opt/stack/data/venv/lib/python3.12/site-packages/dbcounter.py:115}}
Apr 09 19:49:08.844859 np0000164703 neutron-periodic-workers[104048]: DEBUG oslo.service.backend._threading.loopingcall [None req-06a348a9-8b7a-4a41-a01a-7a46e7c3fb96 None None] Fixed interval looping call 'neutron.plugins.ml2.plugin.DhcpAgentSchedulerDbMixin.remove_networks_from_down_agents' sleeping for 36.99 seconds {{(pid=104048) _run_loop /opt/stack/data/venv/lib/python3.12/site-packages/oslo_service/backend/_threading/loopingcall.py:125}}
Apr 09 19:49:11.819708 np0000164703 neutron-periodic-workers[104061]: DEBUG neutron.db.agents_db [None req-dd0195e3-691c-4adb-b883-3ec10e1a38e2 None None] Agent healthcheck: found 0 active agents {{(pid=104061) agent_health_check /opt/stack/neutron/neutron/db/agents_db.py:317}}
Apr 09 19:49:11.819708 np0000164703 neutron-periodic-workers[104061]: DEBUG oslo.service.backend._threading.loopingcall [None req-dd0195e3-691c-4adb-b883-3ec10e1a38e2 None None] Fixed interval looping call 'neutron.plugins.ml2.plugin.AgentDbMixin.agent_health_check' sleeping for 37.00 seconds {{(pid=104061) _run_loop /opt/stack/data/venv/lib/python3.12/site-packages/oslo_service/backend/_threading/loopingcall.py:125}}
Apr 09 19:49:18.843410 np0000164703 neutron-periodic-workers[104048]: DEBUG dbcounter [-] [104048] Writing DB stats neutron:SELECT=3 {{(pid=104048) stat_writer /opt/stack/data/venv/lib/python3.12/site-packages/dbcounter.py:115}}
Apr 09 19:49:18.896843 np0000164703 neutron-periodic-workers[104083]: DEBUG oslo.service.backend._threading.loopingcall [None req-4f34dd53-26d8-4ae3-b6b5-84e9e13bd1d1 None None] Fixed interval looping call 'neutron.services.ovn_l3.plugin.L3_NAT_dbonly_mixin._clean_garbage' sleeping for 299.99 seconds {{(pid=104083) _run_loop /opt/stack/data/venv/lib/python3.12/site-packages/oslo_service/backend/_threading/loopingcall.py:125}}
Apr 09 19:49:21.820021 np0000164703 neutron-periodic-workers[104061]: DEBUG dbcounter [-] [104061] Writing DB stats neutron:SELECT=1 {{(pid=104061) stat_writer /opt/stack/data/venv/lib/python3.12/site-packages/dbcounter.py:115}}
Apr 09 19:49:28.889909 np0000164703 neutron-periodic-workers[104083]: DEBUG dbcounter [-] [104083] Writing DB stats neutron:SELECT=1 {{(pid=104083) stat_writer /opt/stack/data/venv/lib/python3.12/site-packages/dbcounter.py:115}}
Apr 09 19:49:45.845875 np0000164703 neutron-periodic-workers[104048]: DEBUG oslo.service.backend._threading.loopingcall [None req-06a348a9-8b7a-4a41-a01a-7a46e7c3fb96 None None] Fixed interval looping call 'neutron.plugins.ml2.plugin.DhcpAgentSchedulerDbMixin.remove_networks_from_down_agents' sleeping for 36.99 seconds {{(pid=104048) _run_loop /opt/stack/data/venv/lib/python3.12/site-packages/oslo_service/backend/_threading/loopingcall.py:125}}
Apr 09 19:49:48.828120 np0000164703 neutron-periodic-workers[104061]: DEBUG neutron.db.agents_db [None req-dd0195e3-691c-4adb-b883-3ec10e1a38e2 None None] Agent healthcheck: found 0 active agents {{(pid=104061) agent_health_check /opt/stack/neutron/neutron/db/agents_db.py:317}}
Apr 09 19:49:48.828805 np0000164703 neutron-periodic-workers[104061]: DEBUG oslo.service.backend._threading.loopingcall [None req-dd0195e3-691c-4adb-b883-3ec10e1a38e2 None None] Fixed interval looping call 'neutron.plugins.ml2.plugin.AgentDbMixin.agent_health_check' sleeping for 36.99 seconds {{(pid=104061) _run_loop /opt/stack/data/venv/lib/python3.12/site-packages/oslo_service/backend/_threading/loopingcall.py:125}}
