Jun 26 09:52:19.100703 np0000183159 devstack@neutron-api.service[103467]: DEBUG oslo_concurrency.processutils [None req-94120472-31ab-4868-817c-3a0c6593e302 None None] Running cmd (subprocess): ovsdb-client transact ssl:199.204.45.238:6641 --timeout 180 -p /opt/stack/data/CA/int-ca/private/devstack-cert.key -c /opt/stack/data/CA/int-ca/devstack-cert.crt -C /opt/stack/data/CA/int-ca/ca-chain.pem ["OVN_Northbound", {"op": "wait", "timeout": 0, "table": "Port_Group", "where": [["name", "==", "pvlan_pg_drop"]], "until": "==", "rows": []}, {"op": "insert", "table": "ACL", "row": {"action": "drop", "direction": "to-lport", "match": "outport == @pvlan_pg_drop && ip", "priority": 1010}, "uuid-name": "pvlandroptoport"}, {"op": "insert", "table": "ACL", "row": {"action": "drop", "direction": "from-lport", "match": "inport == @pvlan_pg_drop && ip", "priority": 1010}, "uuid-name": "pvlandropfromport"}, {"op": "insert", "table": "Port_Group", "row": {"name": "pvlan_pg_drop", "acls": ["set", [["named-uuid", "pvlandroptoport"], ["named-uuid", "pvlandropfromport"]]]}}] {{(pid=103467) execute /opt/stack/data/venv/lib/python3.12/site-packages/oslo_concurrency/processutils.py:440}}
Jun 26 09:52:19.111209 np0000183159 devstack@neutron-api.service[103469]: DEBUG oslo_concurrency.processutils [None req-07e71512-25a6-453b-b69e-1e704761c4f8 None None] CMD "ovsdb-client transact ssl:199.204.45.238:6641 --timeout 180 -p /opt/stack/data/CA/int-ca/private/devstack-cert.key -c /opt/stack/data/CA/int-ca/devstack-cert.crt -C /opt/stack/data/CA/int-ca/ca-chain.pem ["OVN_Northbound", {"op": "wait", "timeout": 0, "table": "Port_Group", "where": [["name", "==", "pvlan_pg_drop"]], "until": "==", "rows": []}, {"op": "insert", "table": "ACL", "row": {"action": "drop", "direction": "to-lport", "match": "outport == @pvlan_pg_drop && ip", "priority": 1010}, "uuid-name": "pvlandroptoport"}, {"op": "insert", "table": "ACL", "row": {"action": "drop", "direction": "from-lport", "match": "inport == @pvlan_pg_drop && ip", "priority": 1010}, "uuid-name": "pvlandropfromport"}, {"op": "insert", "table": "Port_Group", "row": {"name": "pvlan_pg_drop", "acls": ["set", [["named-uuid", "pvlandroptoport"], ["named-uuid", "pvlandropfromport"]]]}}]" returned: 0 in 0.037s {{(pid=103469) execute /opt/stack/data/venv/lib/python3.12/site-packages/oslo_concurrency/processutils.py:468}}
Jun 26 09:52:19.114508 np0000183159 devstack@neutron-api.service[103469]: WSGI app 0 (mountpoint='') ready in 8 seconds on interpreter 0x7a86344a3668 pid: 103469 (default app)
Jun 26 09:52:19.129800 np0000183159 devstack@neutron-api.service[103470]: DEBUG oslo_concurrency.processutils [None req-f03fab44-9363-4ecd-990c-fd72359cab26 None None] CMD "ovsdb-client transact ssl:199.204.45.238:6641 --timeout 180 -p /opt/stack/data/CA/int-ca/private/devstack-cert.key -c /opt/stack/data/CA/int-ca/devstack-cert.crt -C /opt/stack/data/CA/int-ca/ca-chain.pem ["OVN_Northbound", {"op": "wait", "timeout": 0, "table": "Port_Group", "where": [["name", "==", "pvlan_pg_drop"]], "until": "==", "rows": []}, {"op": "insert", "table": "ACL", "row": {"action": "drop", "direction": "to-lport", "match": "outport == @pvlan_pg_drop && ip", "priority": 1010}, "uuid-name": "pvlandroptoport"}, {"op": "insert", "table": "ACL", "row": {"action": "drop", "direction": "from-lport", "match": "inport == @pvlan_pg_drop && ip", "priority": 1010}, "uuid-name": "pvlandropfromport"}, {"op": "insert", "table": "Port_Group", "row": {"name": "pvlan_pg_drop", "acls": ["set", [["named-uuid", "pvlandroptoport"], ["named-uuid", "pvlandropfromport"]]]}}]" returned: 0 in 0.035s {{(pid=103470) execute /opt/stack/data/venv/lib/python3.12/site-packages/oslo_concurrency/processutils.py:468}}
Jun 26 09:52:19.131906 np0000183159 devstack@neutron-api.service[103470]: WSGI app 0 (mountpoint='') ready in 8 seconds on interpreter 0x7a86344a3668 pid: 103470 (default app)
Jun 26 09:52:19.147942 np0000183159 devstack@neutron-api.service[103467]: DEBUG oslo_concurrency.processutils [None req-94120472-31ab-4868-817c-3a0c6593e302 None None] CMD "ovsdb-client transact ssl:199.204.45.238:6641 --timeout 180 -p /opt/stack/data/CA/int-ca/private/devstack-cert.key -c /opt/stack/data/CA/int-ca/devstack-cert.crt -C /opt/stack/data/CA/int-ca/ca-chain.pem ["OVN_Northbound", {"op": "wait", "timeout": 0, "table": "Port_Group", "where": [["name", "==", "pvlan_pg_drop"]], "until": "==", "rows": []}, {"op": "insert", "table": "ACL", "row": {"action": "drop", "direction": "to-lport", "match": "outport == @pvlan_pg_drop && ip", "priority": 1010}, "uuid-name": "pvlandroptoport"}, {"op": "insert", "table": "ACL", "row": {"action": "drop", "direction": "from-lport", "match": "inport == @pvlan_pg_drop && ip", "priority": 1010}, "uuid-name": "pvlandropfromport"}, {"op": "insert", "table": "Port_Group", "row": {"name": "pvlan_pg_drop", "acls": ["set", [["named-uuid", "pvlandroptoport"], ["named-uuid", "pvlandropfromport"]]]}}]" returned: 0 in 0.047s {{(pid=103467) execute /opt/stack/data/venv/lib/python3.12/site-packages/oslo_concurrency/processutils.py:468}}
Jun 26 09:52:19.154678 np0000183159 devstack@neutron-api.service[103467]: WSGI app 0 (mountpoint='') ready in 8 seconds on interpreter 0x7a86344a3668 pid: 103467 (default app)
Jun 26 09:52:21.286825 np0000183159 devstack@neutron-api.service[103470]: DEBUG neutron.plugins.ml2.drivers.ovn.mech_driver.ovsdb.ovsdb_monitor [-] Hash Ring: Node 689a2ce3a7ef54d9b73d0179b7ab1002 (host: np0000183159) handling event "update" for row 7f9363f9-f261-4bbd-aa12-0d97b3db3ab3 (table: Connection) {{(pid=103470) notify /opt/stack/neutron/neutron/plugins/ml2/drivers/ovn/mech_driver/ovsdb/ovsdb_monitor.py:1015}}
Jun 26 09:52:21.298448 np0000183159 devstack@neutron-api.service[103468]: DEBUG neutron.common.ovn.hash_ring_manager [-] Allow caching, nodes 4>=4 {{(pid=103468) _wait_startup_before_caching /opt/stack/neutron/neutron/common/ovn/hash_ring_manager.py:71}}
Jun 26 09:52:21.298669 np0000183159 devstack@neutron-api.service[103468]: DEBUG neutron.plugins.ml2.drivers.ovn.mech_driver.ovsdb.ovsdb_monitor [-] Hash Ring: Node da75246b230352d080e61cf72af9d511 (host: np0000183159) handling event "update" for row 7f9363f9-f261-4bbd-aa12-0d97b3db3ab3 (table: Connection) {{(pid=103468) notify /opt/stack/neutron/neutron/plugins/ml2/drivers/ovn/mech_driver/ovsdb/ovsdb_monitor.py:1015}}
Jun 26 09:52:23.787320 np0000183159 devstack@neutron-api.service[103468]: DEBUG neutron.plugins.ml2.drivers.ovn.mech_driver.ovsdb.ovsdb_monitor [-] Hash Ring: Node da75246b230352d080e61cf72af9d511 (host: np0000183159) handling event "update" for row 7f9363f9-f261-4bbd-aa12-0d97b3db3ab3 (table: Connection) {{(pid=103468) notify /opt/stack/neutron/neutron/plugins/ml2/drivers/ovn/mech_driver/ovsdb/ovsdb_monitor.py:1015}}
Jun 26 09:52:23.788343 np0000183159 devstack@neutron-api.service[103470]: DEBUG neutron.plugins.ml2.drivers.ovn.mech_driver.ovsdb.ovsdb_monitor [-] Hash Ring: Node 689a2ce3a7ef54d9b73d0179b7ab1002 (host: np0000183159) handling event "update" for row 7f9363f9-f261-4bbd-aa12-0d97b3db3ab3 (table: Connection) {{(pid=103470) notify /opt/stack/neutron/neutron/plugins/ml2/drivers/ovn/mech_driver/ovsdb/ovsdb_monitor.py:1015}}
Jun 26 09:52:25.177083 np0000183159 devstack@neutron-api.service[103468]: DEBUG neutron.api.wsgi [None req-54f3455f-c39b-42eb-bddd-bd44e5bb43c0 admin admin] Missing Content-Type {{(pid=103468) get_content_type /opt/stack/neutron/neutron/api/wsgi.py:80}}
Jun 26 09:52:25.177763 np0000183159 devstack@neutron-api.service[103468]: DEBUG neutron.api.wsgi [None req-54f3455f-c39b-42eb-bddd-bd44e5bb43c0 admin admin] https://199.204.45.238/networking/v2.0/extensions returned with HTTP 200 {{(pid=103468) __call__ /opt/stack/neutron/neutron/api/wsgi.py:540}}
Jun 26 09:52:25.177763 np0000183159 devstack@neutron-api.service[103468]: [pid: 103468|app: 0|req: 2/2] 199.204.45.238 () {64 vars in 1323 bytes} [Fri Jun 26 09:52:24 2026] GET /networking/v2.0/extensions => generated 16171 bytes in 412 msecs (HTTP/1.1 200) 4 headers in 159 bytes (1 switches on core 0)
Jun 26 09:52:25.590307 np0000183159 devstack@neutron-api.service[103469]: DEBUG neutron.api.v2.base [None req-ae37dcc4-dc8e-4b00-a20b-0652df8239c7 admin admin] Request body: {'subnetpool': {'is_default': True, 'shared': True, 'name': 'shared-default-subnetpool-v4', 'default_prefixlen': 26, 'prefixes': ['10.1.0.0/20']}} {{(pid=103469) prepare_request_body /opt/stack/neutron/neutron/api/v2/base.py:727}}
Jun 26 09:52:25.804256 np0000183159 devstack@neutron-api.service[103469]: DEBUG neutron.policy [None req-ae37dcc4-dc8e-4b00-a20b-0652df8239c7 admin admin] Loaded default policies from ['neutron'] under neutron.policies entry points {{(pid=103469) register_rules /opt/stack/neutron/neutron/policy.py:65}}
Jun 26 09:52:25.966552 np0000183159 devstack@neutron-api.service[103469]: DEBUG neutron_lib.callbacks.manager [None req-ae37dcc4-dc8e-4b00-a20b-0652df8239c7 admin admin] Publish callbacks ['neutron.objects.securitygroup.RbacNeutronDbObjectMixin.validate_rbac_policy_change-2265744781682', 'neutron.objects.address_group.RbacNeutronDbObjectMixin.validate_rbac_policy_change-2265744742403', 'neutron.objects.network.RbacNeutronDbObjectMixin.validate_rbac_policy_change-2265744671478', 'neutron.objects.qos.policy.RbacNeutronDbObjectMixin.validate_rbac_policy_change-2265744696566', 'neutron.objects.subnetpool.RbacNeutronDbObjectMixin.validate_rbac_policy_change-2265744908174', 'neutron.objects.address_scope.RbacNeutronDbObjectMixin.validate_rbac_policy_change-2265744696897', 'neutron.plugins.ml2.plugin.External_net_db_mixin._process_ext_policy_create-3251317', 'neutron.plugins.ml2.plugin.NeutronDbPluginV2.validate_network_rbac_policy_change-3162217'] for rbac-policy (None), before_create {{(pid=103469) _notify_loop /opt/stack/data/venv/lib/python3.12/site-packages/neutron_lib/callbacks/manager.py:184}}
Jun 26 09:52:26.015192 np0000183159 devstack@neutron-api.service[103469]: DEBUG neutron_lib.callbacks.manager [None req-ae37dcc4-dc8e-4b00-a20b-0652df8239c7 admin admin] Publish callbacks [] for subnetpool (None), before_response {{(pid=103469) _notify_loop /opt/stack/data/venv/lib/python3.12/site-packages/neutron_lib/callbacks/manager.py:184}}
Jun 26 09:52:26.015833 np0000183159 devstack@neutron-api.service[103469]: [pid: 103469|app: 0|req: 1/3] 199.204.45.238 () {68 vars in 1367 bytes} [Fri Jun 26 09:52:25 2026] POST /networking/v2.0/subnetpools => generated 533 bytes in 542 msecs (HTTP/1.1 201) 4 headers in 162 bytes (1 switches on core 0)
Jun 26 09:52:26.339738 np0000183159 devstack@neutron-api.service[103470]: DEBUG neutron.api.v2.base [None req-c8b6d4b7-23f9-4743-976d-3d848efc2884 admin admin] Request body: {'subnetpool': {'is_default': True, 'shared': True, 'name': 'shared-default-subnetpool-v6', 'default_prefixlen': 64, 'prefixes': ['fd7d:2927:01d4::/56']}} {{(pid=103470) prepare_request_body /opt/stack/neutron/neutron/api/v2/base.py:727}}
Jun 26 09:52:26.522023 np0000183159 devstack@neutron-api.service[103470]: DEBUG neutron.policy [None req-c8b6d4b7-23f9-4743-976d-3d848efc2884 admin admin] Loaded default policies from ['neutron'] under neutron.policies entry points {{(pid=103470) register_rules /opt/stack/neutron/neutron/policy.py:65}}
Jun 26 09:52:26.678061 np0000183159 devstack@neutron-api.service[103470]: DEBUG neutron_lib.callbacks.manager [None req-c8b6d4b7-23f9-4743-976d-3d848efc2884 admin admin] Publish callbacks ['neutron.objects.securitygroup.RbacNeutronDbObjectMixin.validate_rbac_policy_change-2265744714831', 'neutron.objects.address_group.RbacNeutronDbObjectMixin.validate_rbac_policy_change-2265745115233', 'neutron.objects.network.RbacNeutronDbObjectMixin.validate_rbac_policy_change-2265744680249', 'neutron.objects.qos.policy.RbacNeutronDbObjectMixin.validate_rbac_policy_change-2265744681032', 'neutron.objects.subnetpool.RbacNeutronDbObjectMixin.validate_rbac_policy_change-2265744689103', 'neutron.objects.address_scope.RbacNeutronDbObjectMixin.validate_rbac_policy_change-2265744681465', 'neutron.plugins.ml2.plugin.External_net_db_mixin._process_ext_policy_create-2342300', 'neutron.plugins.ml2.plugin.NeutronDbPluginV2.validate_network_rbac_policy_change-2310836'] for rbac-policy (None), before_create {{(pid=103470) _notify_loop /opt/stack/data/venv/lib/python3.12/site-packages/neutron_lib/callbacks/manager.py:184}}
Jun 26 09:52:26.729732 np0000183159 devstack@neutron-api.service[103470]: DEBUG neutron_lib.callbacks.manager [None req-c8b6d4b7-23f9-4743-976d-3d848efc2884 admin admin] Publish callbacks [] for subnetpool (None), before_response {{(pid=103470) _notify_loop /opt/stack/data/venv/lib/python3.12/site-packages/neutron_lib/callbacks/manager.py:184}}
Jun 26 09:52:26.730414 np0000183159 devstack@neutron-api.service[103470]: [pid: 103470|app: 0|req: 1/4] 199.204.45.238 () {68 vars in 1367 bytes} [Fri Jun 26 09:52:26 2026] POST /networking/v2.0/subnetpools => generated 542 bytes in 512 msecs (HTTP/1.1 201) 4 headers in 162 bytes (1 switches on core 0)
Jun 26 09:52:27.142298 np0000183159 devstack@neutron-api.service[103467]: DEBUG neutron.api.v2.base [None req-94a746ce-6a89-4a22-9415-75cab2ac2460 admin admin] Request body: {'network': {'admin_state_up': True, 'name': 'private'}} {{(pid=103467) prepare_request_body /opt/stack/neutron/neutron/api/v2/base.py:727}}
Jun 26 09:52:27.177423 np0000183159 devstack@neutron-api.service[103467]: DEBUG neutron.pecan_wsgi.hooks.quota_enforcement [None req-94a746ce-6a89-4a22-9415-75cab2ac2460 admin admin] Made reservation on behalf of 016bdfb58ec7420db97f115323573d9d for: {'network': 1} {{(pid=103467) before /opt/stack/neutron/neutron/pecan_wsgi/hooks/quota_enforcement.py:66}}
Jun 26 09:52:27.359316 np0000183159 devstack@neutron-api.service[103467]: DEBUG neutron.policy [None req-94a746ce-6a89-4a22-9415-75cab2ac2460 admin admin] Loaded default policies from ['neutron'] under neutron.policies entry points {{(pid=103467) register_rules /opt/stack/neutron/neutron/policy.py:65}}
Jun 26 09:52:27.466400 np0000183159 devstack@neutron-api.service[103467]: DEBUG neutron_lib.callbacks.manager [None req-94a746ce-6a89-4a22-9415-75cab2ac2460 admin admin] Publish callbacks ['neutron.plugins.ml2.plugin.SecurityGroupDbMixin._ensure_default_security_group_handler-2234144'] for network (None), before_create {{(pid=103467) _notify_loop /opt/stack/data/venv/lib/python3.12/site-packages/neutron_lib/callbacks/manager.py:184}}
Jun 26 09:52:27.491667 np0000183159 devstack@neutron-api.service[103467]: DEBUG neutron_lib.callbacks.manager [None req-94a746ce-6a89-4a22-9415-75cab2ac2460 admin admin] Publish callbacks [] for security_group (None), before_create {{(pid=103467) _notify_loop /opt/stack/data/venv/lib/python3.12/site-packages/neutron_lib/callbacks/manager.py:184}}
Jun 26 09:52:27.594211 np0000183159 devstack@neutron-api.service[103467]: DEBUG neutron_lib.callbacks.manager [None req-94a746ce-6a89-4a22-9415-75cab2ac2460 admin admin] Publish callbacks ['neutron.plugins.ml2.drivers.ovn.mech_driver.mech_driver.OVNMechanismDriver._create_security_group_precommit-211659'] for security_group (ff91c0b3-ef8e-43dd-b7f7-ecb9a236caf1), precommit_create {{(pid=103467) _notify_loop /opt/stack/data/venv/lib/python3.12/site-packages/neutron_lib/callbacks/manager.py:184}}
Jun 26 09:52:27.594468 np0000183159 devstack@neutron-api.service[103467]: DEBUG neutron.db.ovn_revision_numbers_db [None req-94a746ce-6a89-4a22-9415-75cab2ac2460 admin admin] create_initial_revision uuid=ff91c0b3-ef8e-43dd-b7f7-ecb9a236caf1, type=security_groups, rev=-1 {{(pid=103467) create_initial_revision /opt/stack/neutron/neutron/db/ovn_revision_numbers_db.py:98}}
Jun 26 09:52:27.596504 np0000183159 devstack@neutron-api.service[103467]: DEBUG neutron.db.ovn_revision_numbers_db [None req-94a746ce-6a89-4a22-9415-75cab2ac2460 admin admin] create_initial_revision uuid=1858a6f1-bbd3-4a92-a5fb-c34309dd0f76, type=security_group_rules, rev=-1 {{(pid=103467) create_initial_revision /opt/stack/neutron/neutron/db/ovn_revision_numbers_db.py:98}}
Jun 26 09:52:27.597488 np0000183159 devstack@neutron-api.service[103467]: DEBUG neutron.db.ovn_revision_numbers_db [None req-94a746ce-6a89-4a22-9415-75cab2ac2460 admin admin] create_initial_revision uuid=2d63bd98-e06e-4010-a934-39cebac88d40, type=security_group_rules, rev=-1 {{(pid=103467) create_initial_revision /opt/stack/neutron/neutron/db/ovn_revision_numbers_db.py:98}}
Jun 26 09:52:27.598359 np0000183159 devstack@neutron-api.service[103467]: DEBUG neutron.db.ovn_revision_numbers_db [None req-94a746ce-6a89-4a22-9415-75cab2ac2460 admin admin] create_initial_revision uuid=50761a6e-b841-4613-8609-f4994582ead9, type=security_group_rules, rev=-1 {{(pid=103467) create_initial_revision /opt/stack/neutron/neutron/db/ovn_revision_numbers_db.py:98}}
Jun 26 09:52:27.599194 np0000183159 devstack@neutron-api.service[103467]: DEBUG neutron.db.ovn_revision_numbers_db [None req-94a746ce-6a89-4a22-9415-75cab2ac2460 admin admin] create_initial_revision uuid=f56031d1-43be-43c9-ad53-753bf90b5511, type=security_group_rules, rev=-1 {{(pid=103467) create_initial_revision /opt/stack/neutron/neutron/db/ovn_revision_numbers_db.py:98}}
Jun 26 09:52:27.605706 np0000183159 devstack@neutron-api.service[103467]: DEBUG neutron_lib.callbacks.manager [None req-94a746ce-6a89-4a22-9415-75cab2ac2460 admin admin] Publish callbacks ['neutron.plugins.ml2.drivers.ovn.mech_driver.mech_driver.OVNMechanismDriver._create_security_group-211697', 'neutron.plugins.ml2.ovo_rpc._ObjectChangeHandler.handle_event-6990583'] for security_group (ff91c0b3-ef8e-43dd-b7f7-ecb9a236caf1), after_create {{(pid=103467) _notify_loop /opt/stack/data/venv/lib/python3.12/site-packages/neutron_lib/callbacks/manager.py:184}}
Jun 26 09:52:27.605889 np0000183159 devstack@neutron-api.service[103467]: INFO neutron.plugins.ml2.drivers.ovn.mech_driver.ovsdb.extensions.qos [None req-94a746ce-6a89-4a22-9415-75cab2ac2460 admin admin] Starting OVNClientQosExtension
Jun 26 09:52:27.606059 np0000183159 devstack@neutron-api.service[103467]: INFO neutron.plugins.ml2.drivers.ovn.mech_driver.ovsdb.extensions.placement [None req-94a746ce-6a89-4a22-9415-75cab2ac2460 admin admin] Starting OVNClientPlacementExtension
Jun 26 09:52:27.607768 np0000183159 devstack@neutron-api.service[103467]: DEBUG ovsdbapp.backend.ovs_idl.transaction [-] Running txn n=1 command(idx=0): PgAddCommand(_result=None, name=pg_ff91c0b3_ef8e_43dd_b7f7_ecb9a236caf1, may_exist=False, columns={'acls': [], 'external_ids': {'neutron:security_group_id': 'ff91c0b3-ef8e-43dd-b7f7-ecb9a236caf1'}}) {{(pid=103467) do_commit /opt/stack/data/venv/lib/python3.12/site-packages/ovsdbapp/backend/ovs_idl/transaction.py:89}}
Jun 26 09:52:27.610282 np0000183159 devstack@neutron-api.service[103467]: DEBUG ovsdbapp.backend.ovs_idl.transaction [-] Running txn n=1 command(idx=1): PgAclAddCommand(_result=None, entity=pg_ff91c0b3_ef8e_43dd_b7f7_ecb9a236caf1, direction=from-lport, priority=1002, match=inport == @pg_ff91c0b3_ef8e_43dd_b7f7_ecb9a236caf1 && ip4, action=allow-related, log=False, may_exist=True, severity=[], name=[], meter=[], external_ids={'neutron:security_group_rule_id': '1858a6f1-bbd3-4a92-a5fb-c34309dd0f76'}) {{(pid=103467) do_commit /opt/stack/data/venv/lib/python3.12/site-packages/ovsdbapp/backend/ovs_idl/transaction.py:89}}
Jun 26 09:52:27.611254 np0000183159 devstack@neutron-api.service[103467]: DEBUG ovsdbapp.backend.ovs_idl.transaction [-] Running txn n=1 command(idx=2): PgAclAddCommand(_result=None, entity=pg_ff91c0b3_ef8e_43dd_b7f7_ecb9a236caf1, direction=to-lport, priority=1002, match=outport == @pg_ff91c0b3_ef8e_43dd_b7f7_ecb9a236caf1 && ip6 && ip6.src == $pg_ff91c0b3_ef8e_43dd_b7f7_ecb9a236caf1_ip6, action=allow-related, log=False, may_exist=True, severity=[], name=[], meter=[], external_ids={'neutron:security_group_rule_id': '2d63bd98-e06e-4010-a934-39cebac88d40'}) {{(pid=103467) do_commit /opt/stack/data/venv/lib/python3.12/site-packages/ovsdbapp/backend/ovs_idl/transaction.py:89}}
Jun 26 09:52:27.611839 np0000183159 devstack@neutron-api.service[103467]: DEBUG ovsdbapp.backend.ovs_idl.transaction [-] Running txn n=1 command(idx=3): PgAclAddCommand(_result=None, entity=pg_ff91c0b3_ef8e_43dd_b7f7_ecb9a236caf1, direction=to-lport, priority=1002, match=outport == @pg_ff91c0b3_ef8e_43dd_b7f7_ecb9a236caf1 && ip4 && ip4.src == $pg_ff91c0b3_ef8e_43dd_b7f7_ecb9a236caf1_ip4, action=allow-related, log=False, may_exist=True, severity=[], name=[], meter=[], external_ids={'neutron:security_group_rule_id': '50761a6e-b841-4613-8609-f4994582ead9'}) {{(pid=103467) do_commit /opt/stack/data/venv/lib/python3.12/site-packages/ovsdbapp/backend/ovs_idl/transaction.py:89}}
Jun 26 09:52:27.612354 np0000183159 devstack@neutron-api.service[103467]: DEBUG ovsdbapp.backend.ovs_idl.transaction [-] Running txn n=1 command(idx=4): PgAclAddCommand(_result=None, entity=pg_ff91c0b3_ef8e_43dd_b7f7_ecb9a236caf1, direction=from-lport, priority=1002, match=inport == @pg_ff91c0b3_ef8e_43dd_b7f7_ecb9a236caf1 && ip6, action=allow-related, log=False, may_exist=True, severity=[], name=[], meter=[], external_ids={'neutron:security_group_rule_id': 'f56031d1-43be-43c9-ad53-753bf90b5511'}) {{(pid=103467) do_commit /opt/stack/data/venv/lib/python3.12/site-packages/ovsdbapp/backend/ovs_idl/transaction.py:89}}
Jun 26 09:52:27.621438 np0000183159 devstack@neutron-api.service[103467]: DEBUG neutron.plugins.ml2.drivers.ovn.mech_driver.ovsdb.ovsdb_monitor [-] Hash Ring: Node b9dc60e6d4165e9eb6b9859950d6b667 (host: np0000183159) handling event "create" for row a82872ac-6a13-4d01-b6e0-90592a31552e (table: ACL) {{(pid=103467) notify /opt/stack/neutron/neutron/plugins/ml2/drivers/ovn/mech_driver/ovsdb/ovsdb_monitor.py:1015}}
Jun 26 09:52:27.621438 np0000183159 devstack@neutron-api.service[103467]: DEBUG neutron.plugins.ml2.drivers.ovn.mech_driver.ovsdb.ovsdb_monitor [-] Hash Ring: Node b9dc60e6d4165e9eb6b9859950d6b667 (host: np0000183159) handling event "create" for row 4eada297-1b0d-442a-b353-5b8b3f9d4bc7 (table: Port_Group) {{(pid=103467) notify /opt/stack/neutron/neutron/plugins/ml2/drivers/ovn/mech_driver/ovsdb/ovsdb_monitor.py:1015}}
Jun 26 09:52:27.623005 np0000183159 devstack@neutron-api.service[103469]: DEBUG neutron.plugins.ml2.drivers.ovn.mech_driver.ovsdb.ovsdb_monitor [-] Hash Ring: Node 60b311510dd852aebf1a66206cb7396d (host: np0000183159) handling event "create" for row bea1686a-2469-46b4-a359-766fc00a1595 (table: ACL) {{(pid=103469) notify /opt/stack/neutron/neutron/plugins/ml2/drivers/ovn/mech_driver/ovsdb/ovsdb_monitor.py:1015}}
Jun 26 09:52:27.624176 np0000183159 devstack@neutron-api.service[103469]: DEBUG neutron.plugins.ml2.drivers.ovn.mech_driver.ovsdb.ovsdb_monitor [-] Hash Ring: Node 60b311510dd852aebf1a66206cb7396d (host: np0000183159) handling event "create" for row c9127d89-05eb-49ff-a017-4f8cf2aab4df (table: ACL) {{(pid=103469) notify /opt/stack/neutron/neutron/plugins/ml2/drivers/ovn/mech_driver/ovsdb/ovsdb_monitor.py:1015}}
Jun 26 09:52:27.625726 np0000183159 devstack@neutron-api.service[103468]: DEBUG neutron.plugins.ml2.drivers.ovn.mech_driver.ovsdb.ovsdb_monitor [-] Hash Ring: Node da75246b230352d080e61cf72af9d511 (host: np0000183159) handling event "create" for row 27a799d0-1f24-471e-8110-bda4007b1229 (table: ACL) {{(pid=103468) notify /opt/stack/neutron/neutron/plugins/ml2/drivers/ovn/mech_driver/ovsdb/ovsdb_monitor.py:1015}}
Jun 26 09:52:27.625726 np0000183159 devstack@neutron-api.service[103468]: DEBUG neutron.plugins.ml2.drivers.ovn.mech_driver.ovsdb.ovsdb_monitor [-] Hash Ring: Node da75246b230352d080e61cf72af9d511 (host: np0000183159) handling event "create" for row a82872ac-6a13-4d01-b6e0-90592a31552e (table: ACL) {{(pid=103468) notify /opt/stack/neutron/neutron/plugins/ml2/drivers/ovn/mech_driver/ovsdb/ovsdb_monitor.py:1015}}
Jun 26 09:52:27.626237 np0000183159 devstack@neutron-api.service[103468]: DEBUG neutron.plugins.ml2.drivers.ovn.mech_driver.ovsdb.ovsdb_monitor [-] Hash Ring: Node da75246b230352d080e61cf72af9d511 (host: np0000183159) handling event "create" for row bea1686a-2469-46b4-a359-766fc00a1595 (table: ACL) {{(pid=103468) notify /opt/stack/neutron/neutron/plugins/ml2/drivers/ovn/mech_driver/ovsdb/ovsdb_monitor.py:1015}}
Jun 26 09:52:27.626237 np0000183159 devstack@neutron-api.service[103468]: DEBUG neutron.plugins.ml2.drivers.ovn.mech_driver.ovsdb.ovsdb_monitor [-] Hash Ring: Node da75246b230352d080e61cf72af9d511 (host: np0000183159) handling event "create" for row c9127d89-05eb-49ff-a017-4f8cf2aab4df (table: ACL) {{(pid=103468) notify /opt/stack/neutron/neutron/plugins/ml2/drivers/ovn/mech_driver/ovsdb/ovsdb_monitor.py:1015}}
Jun 26 09:52:27.626237 np0000183159 devstack@neutron-api.service[103468]: DEBUG neutron.plugins.ml2.drivers.ovn.mech_driver.ovsdb.ovsdb_monitor [-] Hash Ring: Node da75246b230352d080e61cf72af9d511 (host: np0000183159) handling event "create" for row 4eada297-1b0d-442a-b353-5b8b3f9d4bc7 (table: Port_Group) {{(pid=103468) notify /opt/stack/neutron/neutron/plugins/ml2/drivers/ovn/mech_driver/ovsdb/ovsdb_monitor.py:1015}}
Jun 26 09:52:27.650315 np0000183159 devstack@neutron-api.service[103467]: INFO neutron.db.ovn_revision_numbers_db [None req-94a746ce-6a89-4a22-9415-75cab2ac2460 admin admin] Successfully bumped revision number for resource ff91c0b3-ef8e-43dd-b7f7-ecb9a236caf1 (type: security_groups) to 1
Jun 26 09:52:27.664646 np0000183159 devstack@neutron-api.service[103467]: INFO neutron.db.ovn_revision_numbers_db [None req-94a746ce-6a89-4a22-9415-75cab2ac2460 admin admin] Successfully bumped revision number for resource 1858a6f1-bbd3-4a92-a5fb-c34309dd0f76 (type: security_group_rules) to 0
Jun 26 09:52:27.679733 np0000183159 devstack@neutron-api.service[103467]: INFO neutron.db.ovn_revision_numbers_db [None req-94a746ce-6a89-4a22-9415-75cab2ac2460 admin admin] Successfully bumped revision number for resource 2d63bd98-e06e-4010-a934-39cebac88d40 (type: security_group_rules) to 0
Jun 26 09:52:27.696332 np0000183159 devstack@neutron-api.service[103467]: INFO neutron.db.ovn_revision_numbers_db [None req-94a746ce-6a89-4a22-9415-75cab2ac2460 admin admin] Successfully bumped revision number for resource 50761a6e-b841-4613-8609-f4994582ead9 (type: security_group_rules) to 0
Jun 26 09:52:27.710951 np0000183159 devstack@neutron-api.service[103467]: INFO neutron.db.ovn_revision_numbers_db [None req-94a746ce-6a89-4a22-9415-75cab2ac2460 admin admin] Successfully bumped revision number for resource f56031d1-43be-43c9-ad53-753bf90b5511 (type: security_group_rules) to 0
Jun 26 09:52:27.735407 np0000183159 devstack@neutron-api.service[103467]: DEBUG neutron.api.rpc.handlers.resources_rpc [None req-94a746ce-6a89-4a22-9415-75cab2ac2460 admin admin] Pushing event updated for resources: {'SecurityGroup': ['ID=ff91c0b3-ef8e-43dd-b7f7-ecb9a236caf1,revision_number=1']} {{(pid=103467) push /opt/stack/neutron/neutron/api/rpc/handlers/resources_rpc.py:237}}
Jun 26 09:52:27.742723 np0000183159 devstack@neutron-api.service[103467]: DEBUG ovsdbapp.backend.ovs_idl.transaction [-] Running txn n=1 command(idx=0): CheckLivenessCommand(_result=None) {{(pid=103467) do_commit /opt/stack/data/venv/lib/python3.12/site-packages/ovsdbapp/backend/ovs_idl/transaction.py:89}}
Jun 26 09:52:27.746588 np0000183159 devstack@neutron-api.service[103468]: DEBUG neutron.plugins.ml2.drivers.ovn.mech_driver.ovsdb.ovsdb_monitor [-] Hash Ring: Node da75246b230352d080e61cf72af9d511 (host: np0000183159) handling event "update" for row 471b9ffb-f8d5-45c2-a683-262e8cd65dd4 (table: NB_Global) {{(pid=103468) notify /opt/stack/neutron/neutron/plugins/ml2/drivers/ovn/mech_driver/ovsdb/ovsdb_monitor.py:1015}}
Jun 26 09:52:27.747368 np0000183159 devstack@neutron-api.service[103469]: DEBUG neutron.plugins.ml2.drivers.ovn.mech_driver.ovsdb.ovsdb_monitor [-] Hash Ring: Node 60b311510dd852aebf1a66206cb7396d (host: np0000183159) handling event "update" for row 471b9ffb-f8d5-45c2-a683-262e8cd65dd4 (table: NB_Global) {{(pid=103469) notify /opt/stack/neutron/neutron/plugins/ml2/drivers/ovn/mech_driver/ovsdb/ovsdb_monitor.py:1015}}
Jun 26 09:52:27.748041 np0000183159 devstack@neutron-api.service[103467]: DEBUG neutron.api.rpc.callbacks.version_manager [None req-94a746ce-6a89-4a22-9415-75cab2ac2460 admin admin] Tracked resource versions report:
Jun 26 09:52:27.748041 np0000183159 devstack@neutron-api.service[103467]: pushed versions:
Jun 26 09:52:27.748041 np0000183159 devstack@neutron-api.service[103467]: { 'AddressGroup': {'1.2'},
Jun 26 09:52:27.748041 np0000183159 devstack@neutron-api.service[103467]: 'Agent': {'1.1'},
Jun 26 09:52:27.748041 np0000183159 devstack@neutron-api.service[103467]: 'ConntrackHelper': {'1.0'},
Jun 26 09:52:27.748041 np0000183159 devstack@neutron-api.service[103467]: 'LocalIPAssociation': {'1.0'},
Jun 26 09:52:27.748041 np0000183159 devstack@neutron-api.service[103467]: 'Log': {'1.0'},
Jun 26 09:52:27.748041 np0000183159 devstack@neutron-api.service[103467]: 'NDPProxy': {'1.0'},
Jun 26 09:52:27.748041 np0000183159 devstack@neutron-api.service[103467]: 'Network': {'1.3'},
Jun 26 09:52:27.748041 np0000183159 devstack@neutron-api.service[103467]: 'Port': {'1.11'},
Jun 26 09:52:27.748041 np0000183159 devstack@neutron-api.service[103467]: 'PortForwarding': {'1.3'},
Jun 26 09:52:27.748041 np0000183159 devstack@neutron-api.service[103467]: 'QosPolicy': {'1.10'},
Jun 26 09:52:27.748041 np0000183159 devstack@neutron-api.service[103467]: 'SecurityGroup': {'1.6'},
Jun 26 09:52:27.748041 np0000183159 devstack@neutron-api.service[103467]: 'SecurityGroupRule': {'1.3'},
Jun 26 09:52:27.748041 np0000183159 devstack@neutron-api.service[103467]: 'SubPort': {'1.0'},
Jun 26 09:52:27.748041 np0000183159 devstack@neutron-api.service[103467]: 'Subnet': {'1.2'},
Jun 26 09:52:27.748041 np0000183159 devstack@neutron-api.service[103467]: 'Trunk': {'1.1'}}
Jun 26 09:52:27.748041 np0000183159 devstack@neutron-api.service[103467]: consumer versions:
Jun 26 09:52:27.748041 np0000183159 devstack@neutron-api.service[103467]: {}
Jun 26 09:52:27.748041 np0000183159 devstack@neutron-api.service[103467]: {{(pid=103467) report /opt/stack/neutron/neutron/api/rpc/callbacks/version_manager.py:183}}
Jun 26 09:52:27.749808 np0000183159 devstack@neutron-api.service[103469]: DEBUG neutron.plugins.ml2.drivers.ovn.mech_driver.ovsdb.ovsdb_monitor [-] Hash Ring: Node 60b311510dd852aebf1a66206cb7396d (host: np0000183159) handling event "update" for row 471b9ffb-f8d5-45c2-a683-262e8cd65dd4 (table: NB_Global) {{(pid=103469) notify /opt/stack/neutron/neutron/plugins/ml2/drivers/ovn/mech_driver/ovsdb/ovsdb_monitor.py:1015}}
Jun 26 09:52:27.750854 np0000183159 devstack@neutron-api.service[103468]: DEBUG neutron.plugins.ml2.drivers.ovn.mech_driver.ovsdb.ovsdb_monitor [-] Hash Ring: Node da75246b230352d080e61cf72af9d511 (host: np0000183159) handling event "update" for row 471b9ffb-f8d5-45c2-a683-262e8cd65dd4 (table: NB_Global) {{(pid=103468) notify /opt/stack/neutron/neutron/plugins/ml2/drivers/ovn/mech_driver/ovsdb/ovsdb_monitor.py:1015}}
Jun 26 09:52:27.752167 np0000183159 devstack@neutron-api.service[103469]: DEBUG neutron.plugins.ml2.drivers.ovn.mech_driver.ovsdb.ovsdb_monitor [-] Hash Ring: Node 60b311510dd852aebf1a66206cb7396d (host: np0000183159) handling event "update" for row 471b9ffb-f8d5-45c2-a683-262e8cd65dd4 (table: NB_Global) {{(pid=103469) notify /opt/stack/neutron/neutron/plugins/ml2/drivers/ovn/mech_driver/ovsdb/ovsdb_monitor.py:1015}}
Jun 26 09:52:27.753745 np0000183159 devstack@neutron-api.service[103469]: DEBUG neutron.plugins.ml2.drivers.ovn.mech_driver.ovsdb.ovsdb_monitor [-] ChassisAgentWriteEvent : Matched Chassis_Private, update, None None {{(pid=103469) matches /opt/stack/neutron/neutron/plugins/ml2/drivers/ovn/mech_driver/ovsdb/ovsdb_monitor.py:64}}
Jun 26 09:52:27.754124 np0000183159 devstack@neutron-api.service[103467]: DEBUG neutron.plugins.ml2.drivers.ovn.mech_driver.ovsdb.ovsdb_monitor [-] ChassisAgentWriteEvent : Matched Chassis_Private, update, None None {{(pid=103467) matches /opt/stack/neutron/neutron/plugins/ml2/drivers/ovn/mech_driver/ovsdb/ovsdb_monitor.py:64}}
Jun 26 09:52:27.754124 np0000183159 devstack@neutron-api.service[103467]: DEBUG neutron.plugins.ml2.drivers.ovn.mech_driver.ovsdb.ovsdb_monitor [-] Hash Ring: Node b9dc60e6d4165e9eb6b9859950d6b667 (host: np0000183159) handling event "update" for row c015420d-083a-457e-aaa0-4a68538a081a (table: Chassis_Private) {{(pid=103467) notify /opt/stack/neutron/neutron/plugins/ml2/drivers/ovn/mech_driver/ovsdb/ovsdb_monitor.py:1015}}
Jun 26 09:52:27.754505 np0000183159 devstack@neutron-api.service[103468]: DEBUG neutron.plugins.ml2.drivers.ovn.mech_driver.ovsdb.ovsdb_monitor [-] Hash Ring: Node da75246b230352d080e61cf72af9d511 (host: np0000183159) handling event "update" for row 471b9ffb-f8d5-45c2-a683-262e8cd65dd4 (table: NB_Global) {{(pid=103468) notify /opt/stack/neutron/neutron/plugins/ml2/drivers/ovn/mech_driver/ovsdb/ovsdb_monitor.py:1015}}
Jun 26 09:52:27.755152 np0000183159 devstack@neutron-api.service[103468]: DEBUG neutron.plugins.ml2.drivers.ovn.mech_driver.ovsdb.ovsdb_monitor [-] Hash Ring: Node da75246b230352d080e61cf72af9d511 (host: np0000183159) handling event "update" for row 471b9ffb-f8d5-45c2-a683-262e8cd65dd4 (table: NB_Global) {{(pid=103468) notify /opt/stack/neutron/neutron/plugins/ml2/drivers/ovn/mech_driver/ovsdb/ovsdb_monitor.py:1015}}
Jun 26 09:52:27.756453 np0000183159 devstack@neutron-api.service[103469]: DEBUG neutron.plugins.ml2.drivers.ovn.mech_driver.ovsdb.ovsdb_monitor [-] Hash Ring: Node 60b311510dd852aebf1a66206cb7396d (host: np0000183159) handling event "update" for row 471b9ffb-f8d5-45c2-a683-262e8cd65dd4 (table: NB_Global) {{(pid=103469) notify /opt/stack/neutron/neutron/plugins/ml2/drivers/ovn/mech_driver/ovsdb/ovsdb_monitor.py:1015}}
Jun 26 09:52:27.756970 np0000183159 devstack@neutron-api.service[103468]: DEBUG neutron.plugins.ml2.drivers.ovn.mech_driver.ovsdb.ovsdb_monitor [-] ChassisAgentWriteEvent : Matched Chassis_Private, update, None None {{(pid=103468) matches /opt/stack/neutron/neutron/plugins/ml2/drivers/ovn/mech_driver/ovsdb/ovsdb_monitor.py:64}}
Jun 26 09:52:27.757830 np0000183159 devstack@neutron-api.service[103470]: DEBUG neutron.plugins.ml2.drivers.ovn.mech_driver.ovsdb.ovsdb_monitor [-] ChassisAgentWriteEvent : Matched Chassis_Private, update, None None {{(pid=103470) matches /opt/stack/neutron/neutron/plugins/ml2/drivers/ovn/mech_driver/ovsdb/ovsdb_monitor.py:64}}
Jun 26 09:52:27.762608 np0000183159 devstack@neutron-api.service[103468]: DEBUG neutron.common.ovn.hash_ring_manager [-] Allow caching, nodes 4>=4 {{(pid=103468) _wait_startup_before_caching /opt/stack/neutron/neutron/common/ovn/hash_ring_manager.py:71}}
Jun 26 09:52:27.762608 np0000183159 devstack@neutron-api.service[103468]: DEBUG neutron.plugins.ml2.drivers.ovn.mech_driver.ovsdb.ovsdb_monitor [-] Hash Ring: Node da75246b230352d080e61cf72af9d511 (host: np0000183159) handling event "update" for row c015420d-083a-457e-aaa0-4a68538a081a (table: Chassis_Private) {{(pid=103468) notify /opt/stack/neutron/neutron/plugins/ml2/drivers/ovn/mech_driver/ovsdb/ovsdb_monitor.py:1015}}
Jun 26 09:52:27.767156 np0000183159 devstack@neutron-api.service[103469]: DEBUG neutron.plugins.ml2.drivers.ovn.mech_driver.ovsdb.ovsdb_monitor [-] ChassisOVNAgentWriteEvent : Matched Chassis_Private, update, None None {{(pid=103469) matches /opt/stack/neutron/neutron/plugins/ml2/drivers/ovn/mech_driver/ovsdb/ovsdb_monitor.py:64}}
Jun 26 09:52:27.767647 np0000183159 devstack@neutron-api.service[103468]: DEBUG neutron.plugins.ml2.drivers.ovn.mech_driver.ovsdb.ovsdb_monitor [-] ChassisOVNAgentWriteEvent : Matched Chassis_Private, update, None None {{(pid=103468) matches /opt/stack/neutron/neutron/plugins/ml2/drivers/ovn/mech_driver/ovsdb/ovsdb_monitor.py:64}}
Jun 26 09:52:27.768031 np0000183159 devstack@neutron-api.service[103468]: DEBUG neutron.plugins.ml2.drivers.ovn.mech_driver.ovsdb.ovsdb_monitor [-] Hash Ring: Node da75246b230352d080e61cf72af9d511 (host: np0000183159) handling event "update" for row c015420d-083a-457e-aaa0-4a68538a081a (table: Chassis_Private) {{(pid=103468) notify /opt/stack/neutron/neutron/plugins/ml2/drivers/ovn/mech_driver/ovsdb/ovsdb_monitor.py:1015}}
Jun 26 09:52:27.768423 np0000183159 devstack@neutron-api.service[103467]: DEBUG neutron.plugins.ml2.drivers.ovn.mech_driver.ovsdb.ovsdb_monitor [-] ChassisOVNAgentWriteEvent : Matched Chassis_Private, update, None None {{(pid=103467) matches /opt/stack/neutron/neutron/plugins/ml2/drivers/ovn/mech_driver/ovsdb/ovsdb_monitor.py:64}}
Jun 26 09:52:27.768873 np0000183159 devstack@neutron-api.service[103467]: DEBUG neutron.plugins.ml2.drivers.ovn.mech_driver.ovsdb.ovsdb_monitor [-] Hash Ring: Node b9dc60e6d4165e9eb6b9859950d6b667 (host: np0000183159) handling event "update" for row c015420d-083a-457e-aaa0-4a68538a081a (table: Chassis_Private) {{(pid=103467) notify /opt/stack/neutron/neutron/plugins/ml2/drivers/ovn/mech_driver/ovsdb/ovsdb_monitor.py:1015}}
Jun 26 09:52:27.769230 np0000183159 devstack@neutron-api.service[103470]: DEBUG neutron.plugins.ml2.drivers.ovn.mech_driver.ovsdb.ovsdb_monitor [-] ChassisOVNAgentWriteEvent : Matched Chassis_Private, update, None None {{(pid=103470) matches /opt/stack/neutron/neutron/plugins/ml2/drivers/ovn/mech_driver/ovsdb/ovsdb_monitor.py:64}}
Jun 26 09:52:27.815445 np0000183159 devstack@neutron-api.service[103467]: DEBUG neutron.plugins.ml2.drivers.helpers [None req-94a746ce-6a89-4a22-9415-75cab2ac2460 admin admin] geneve segment allocate from pool success with {'geneve_vni': 51138} {{(pid=103467) allocate_partially_specified_segment /opt/stack/neutron/neutron/plugins/ml2/drivers/helpers.py:142}}
Jun 26 09:52:27.828351 np0000183159 devstack@neutron-api.service[103467]: DEBUG neutron_lib.callbacks.manager [None req-94a746ce-6a89-4a22-9415-75cab2ac2460 admin admin] Publish callbacks ['neutron.services.segments.db._add_segment_host_mapping_for_segment-8419794129570', 'neutron.plugins.ml2.plugin.Ml2Plugin._handle_segment_change-2610470'] for segment (6273879f-60e7-47ca-9fcd-a7c6351e3658), precommit_create {{(pid=103467) _notify_loop /opt/stack/data/venv/lib/python3.12/site-packages/neutron_lib/callbacks/manager.py:184}}
Jun 26 09:52:27.828500 np0000183159 devstack@neutron-api.service[103467]: INFO neutron.db.segments_db [None req-94a746ce-6a89-4a22-9415-75cab2ac2460 admin admin] Added segment 6273879f-60e7-47ca-9fcd-a7c6351e3658 of type geneve for network 2f9dc49e-0adc-4568-babc-c4ad00555923
Jun 26 09:52:27.886984 np0000183159 devstack@neutron-api.service[103467]: DEBUG neutron_lib.callbacks.manager [None req-94a746ce-6a89-4a22-9415-75cab2ac2460 admin admin] Publish callbacks ['neutron.services.auto_allocate.db._ensure_external_network_default_value_callback-8419792870794'] for network (2f9dc49e-0adc-4568-babc-c4ad00555923), precommit_create {{(pid=103467) _notify_loop /opt/stack/data/venv/lib/python3.12/site-packages/neutron_lib/callbacks/manager.py:184}}
Jun 26 09:52:27.903369 np0000183159 devstack@neutron-api.service[103467]: DEBUG neutron.plugins.ml2.drivers.ovn.mech_driver.mech_driver [None req-94a746ce-6a89-4a22-9415-75cab2ac2460 admin admin] Validating network segment with type geneve, segmentation ID 51138, physical network None {{(pid=103467) _validate_network_segments /opt/stack/neutron/neutron/plugins/ml2/drivers/ovn/mech_driver/mech_driver.py:646}}
Jun 26 09:52:27.903473 np0000183159 devstack@neutron-api.service[103467]: DEBUG neutron.db.ovn_revision_numbers_db [None req-94a746ce-6a89-4a22-9415-75cab2ac2460 admin admin] create_initial_revision uuid=2f9dc49e-0adc-4568-babc-c4ad00555923, type=networks, rev=-1 {{(pid=103467) create_initial_revision /opt/stack/neutron/neutron/db/ovn_revision_numbers_db.py:98}}
Jun 26 09:52:27.922808 np0000183159 devstack@neutron-api.service[103467]: DEBUG neutron_lib.callbacks.manager [None req-94a746ce-6a89-4a22-9415-75cab2ac2460 admin admin] Publish callbacks ['neutron.plugins.ml2.ovo_rpc._ObjectChangeHandler.handle_event-6990600'] for network (2f9dc49e-0adc-4568-babc-c4ad00555923), after_create {{(pid=103467) _notify_loop /opt/stack/data/venv/lib/python3.12/site-packages/neutron_lib/callbacks/manager.py:184}}
Jun 26 09:52:27.972614 np0000183159 devstack@neutron-api.service[103467]: DEBUG neutron.api.rpc.handlers.resources_rpc [None req-94a746ce-6a89-4a22-9415-75cab2ac2460 admin admin] Pushing event updated for resources: {'Network': ['ID=2f9dc49e-0adc-4568-babc-c4ad00555923,revision_number=1']} {{(pid=103467) push /opt/stack/neutron/neutron/api/rpc/handlers/resources_rpc.py:237}}
Jun 26 09:52:27.980697 np0000183159 devstack@neutron-api.service[103467]: DEBUG ovsdbapp.backend.ovs_idl.transaction [-] Running txn n=1 command(idx=0): AddNetworkCommand(_result=None, network_uuid=2f9dc49e-0adc-4568-babc-c4ad00555923, may_exist=True, columns={'external_ids': {'neutron:network_name': 'private', 'neutron:mtu': '1372', 'neutron:revision_number': '1', 'neutron:availability_zone_hints': '', 'neutron:provnet-network-type': 'geneve'}, 'other_config': {'mcast_snoop': 'false', 'mcast_flood_unregistered': 'false', 'vlan-passthru': 'false'}}) {{(pid=103467) do_commit /opt/stack/data/venv/lib/python3.12/site-packages/ovsdbapp/backend/ovs_idl/transaction.py:89}}
Jun 26 09:52:27.981567 np0000183159 devstack@neutron-api.service[103467]: DEBUG neutron.common.ovn.utils [-] OVS persist_uuid supported=True {{(pid=103467) ovs_persist_uuid_supported /opt/stack/neutron/neutron/common/ovn/utils.py:1544}}
Jun 26 09:52:28.010033 np0000183159 devstack@neutron-api.service[103468]: DEBUG neutron.plugins.ml2.drivers.ovn.mech_driver.ovsdb.ovsdb_monitor [-] Hash Ring: Node da75246b230352d080e61cf72af9d511 (host: np0000183159) handling event "create" for row 2f9dc49e-0adc-4568-babc-c4ad00555923 (table: Logical_Switch) {{(pid=103468) notify /opt/stack/neutron/neutron/plugins/ml2/drivers/ovn/mech_driver/ovsdb/ovsdb_monitor.py:1015}}
Jun 26 09:52:28.010303 np0000183159 devstack@neutron-api.service[103467]: DEBUG neutron.plugins.ml2.drivers.ovn.mech_driver.ovsdb.ovsdb_monitor [-] Hash Ring: Node b9dc60e6d4165e9eb6b9859950d6b667 (host: np0000183159) handling event "create" for row 2f9dc49e-0adc-4568-babc-c4ad00555923 (table: Logical_Switch) {{(pid=103467) notify /opt/stack/neutron/neutron/plugins/ml2/drivers/ovn/mech_driver/ovsdb/ovsdb_monitor.py:1015}}
Jun 26 09:52:28.021481 np0000183159 devstack@neutron-api.service[103468]: DEBUG neutron.plugins.ml2.drivers.ovn.mech_driver.ovsdb.ovsdb_monitor [-] Hash Ring: Node da75246b230352d080e61cf72af9d511 (host: np0000183159) handling event "create" for row 46ec7653-d86b-41d8-86b9-49ab1be84577 (table: Datapath_Binding) {{(pid=103468) notify /opt/stack/neutron/neutron/plugins/ml2/drivers/ovn/mech_driver/ovsdb/ovsdb_monitor.py:1015}}
Jun 26 09:52:28.024237 np0000183159 devstack@neutron-api.service[103467]: DEBUG neutron.plugins.ml2.drivers.ovn.mech_driver.ovsdb.ovsdb_monitor [-] Hash Ring: Node b9dc60e6d4165e9eb6b9859950d6b667 (host: np0000183159) handling event "create" for row 46ec7653-d86b-41d8-86b9-49ab1be84577 (table: Datapath_Binding) {{(pid=103467) notify /opt/stack/neutron/neutron/plugins/ml2/drivers/ovn/mech_driver/ovsdb/ovsdb_monitor.py:1015}}
Jun 26 09:52:28.045651 np0000183159 devstack@neutron-api.service[103467]: INFO neutron.db.ovn_revision_numbers_db [None req-94a746ce-6a89-4a22-9415-75cab2ac2460 admin admin] Successfully bumped revision number for resource 2f9dc49e-0adc-4568-babc-c4ad00555923 (type: networks) to 1
Jun 26 09:52:28.113753 np0000183159 devstack@neutron-api.service[103467]: DEBUG neutron_lib.callbacks.manager [None req-94a746ce-6a89-4a22-9415-75cab2ac2460 admin admin] Publish callbacks ['neutron.plugins.ml2.plugin.SecurityGroupDbMixin._ensure_default_security_group_handler-2234144'] for port (None), before_create {{(pid=103467) _notify_loop /opt/stack/data/venv/lib/python3.12/site-packages/neutron_lib/callbacks/manager.py:184}}
Jun 26 09:52:28.380483 np0000183159 devstack@neutron-api.service[103467]: DEBUG neutron_lib.callbacks.manager [None req-94a746ce-6a89-4a22-9415-75cab2ac2460 admin admin] Publish callbacks ['neutron.plugins.ml2.drivers.ovn.mech_driver.mech_driver.OVNMechanismDriver._validate_allowed_address_pairs-211523'] for allowed_address_pair (82b57c3e-bdf2-41d6-a05d-3570db466258), before_create {{(pid=103467) _notify_loop /opt/stack/data/venv/lib/python3.12/site-packages/neutron_lib/callbacks/manager.py:184}}
Jun 26 09:52:28.381105 np0000183159 devstack@neutron-api.service[103467]: DEBUG neutron_lib.callbacks.manager [None req-94a746ce-6a89-4a22-9415-75cab2ac2460 admin admin] Publish callbacks [] for port (82b57c3e-bdf2-41d6-a05d-3570db466258), precommit_create {{(pid=103467) _notify_loop /opt/stack/data/venv/lib/python3.12/site-packages/neutron_lib/callbacks/manager.py:184}}
Jun 26 09:52:28.381105 np0000183159 devstack@neutron-api.service[103467]: DEBUG neutron.plugins.ml2.drivers.ovn.mech_driver.mech_driver [None req-94a746ce-6a89-4a22-9415-75cab2ac2460 admin admin] No provisioning block for port 82b57c3e-bdf2-41d6-a05d-3570db466258 since it does not have a host {{(pid=103467) _is_port_provisioning_required /opt/stack/neutron/neutron/plugins/ml2/drivers/ovn/mech_driver/mech_driver.py:899}}
Jun 26 09:52:28.381214 np0000183159 devstack@neutron-api.service[103467]: DEBUG neutron.db.ovn_revision_numbers_db [None req-94a746ce-6a89-4a22-9415-75cab2ac2460 admin admin] create_initial_revision uuid=82b57c3e-bdf2-41d6-a05d-3570db466258, type=ports, rev=-1 {{(pid=103467) create_initial_revision /opt/stack/neutron/neutron/db/ovn_revision_numbers_db.py:98}}
Jun 26 09:52:28.443232 np0000183159 devstack@neutron-api.service[103467]: DEBUG neutron_lib.callbacks.manager [None req-94a746ce-6a89-4a22-9415-75cab2ac2460 admin admin] Publish callbacks ['neutron.plugins.ml2.ovo_rpc._ObjectChangeHandler.handle_event-6990577'] for port (82b57c3e-bdf2-41d6-a05d-3570db466258), after_create {{(pid=103467) _notify_loop /opt/stack/data/venv/lib/python3.12/site-packages/neutron_lib/callbacks/manager.py:184}}
Jun 26 09:52:28.506199 np0000183159 devstack@neutron-api.service[103467]: DEBUG neutron.api.rpc.handlers.resources_rpc [None req-94a746ce-6a89-4a22-9415-75cab2ac2460 admin admin] Pushing event updated for resources: {'Port': ['ID=82b57c3e-bdf2-41d6-a05d-3570db466258,revision_number=1']} {{(pid=103467) push /opt/stack/neutron/neutron/api/rpc/handlers/resources_rpc.py:237}}
Jun 26 09:52:28.543319 np0000183159 devstack@neutron-api.service[103467]: DEBUG neutron.plugins.ml2.drivers.ovn.mech_driver.ovsdb.commands [None req-94a746ce-6a89-4a22-9415-75cab2ac2460 admin admin] Converting tag [] to a tag_request {{(pid=103467) _tag_column_to_tag_request /opt/stack/neutron/neutron/plugins/ml2/drivers/ovn/mech_driver/ovsdb/commands.py:205}}
Jun 26 09:52:28.544200 np0000183159 devstack@neutron-api.service[103467]: DEBUG ovsdbapp.backend.ovs_idl.transaction [-] Running txn n=1 command(idx=0): AddLSwitchPortCommand(_result=None, lport=82b57c3e-bdf2-41d6-a05d-3570db466258, lswitch=neutron-2f9dc49e-0adc-4568-babc-c4ad00555923, may_exist=True, network_uuid=2f9dc49e-0adc-4568-babc-c4ad00555923, columns={'addresses': ['fa:16:3e:e8:77:ff'], 'external_ids': {'neutron:port_name': '', 'neutron:device_id': 'ovnmeta-2f9dc49e-0adc-4568-babc-c4ad00555923', 'neutron:project_id': '016bdfb58ec7420db97f115323573d9d', 'neutron:cidrs': '', 'neutron:device_owner': 'network:distributed', 'neutron:subnet_pool_addr_scope4': '', 'neutron:subnet_pool_addr_scope6': '', 'neutron:network_name': 'neutron-2f9dc49e-0adc-4568-babc-c4ad00555923', 'neutron:security_group_ids': '', 'neutron:revision_number': '1', 'neutron:vnic_type': 'normal', 'neutron:port_capabilities': '', 'neutron:mtu': '1372'}, 'parent_name': [], 'enabled': True, 'options': {}, 'type': 'localport', 'port_security': [], 'dhcpv4_options': [], 'dhcpv6_options': [], 'tag_request': []}) {{(pid=103467) do_commit /opt/stack/data/venv/lib/python3.12/site-packages/ovsdbapp/backend/ovs_idl/transaction.py:89}}
Jun 26 09:52:28.545171 np0000183159 devstack@neutron-api.service[103467]: DEBUG ovsdbapp.backend.ovs_idl.transaction [-] Running txn n=1 command(idx=1): QoSDelCommand(_result=None, switch=neutron-2f9dc49e-0adc-4568-babc-c4ad00555923, conditions=[('direction', '=', 'to-lport'), ('priority', '=', 2002), ('match', '=', 'outport == "82b57c3e-bdf2-41d6-a05d-3570db466258"')], if_exists=True) {{(pid=103467) do_commit /opt/stack/data/venv/lib/python3.12/site-packages/ovsdbapp/backend/ovs_idl/transaction.py:89}}
Jun 26 09:52:28.545521 np0000183159 devstack@neutron-api.service[103467]: DEBUG ovsdbapp.backend.ovs_idl.transaction [-] Running txn n=1 command(idx=2): QoSDelCommand(_result=None, switch=neutron-2f9dc49e-0adc-4568-babc-c4ad00555923, conditions=[('direction', '=', 'from-lport'), ('priority', '=', 2002), ('match', '=', 'inport == "82b57c3e-bdf2-41d6-a05d-3570db466258"')], if_exists=True) {{(pid=103467) do_commit /opt/stack/data/venv/lib/python3.12/site-packages/ovsdbapp/backend/ovs_idl/transaction.py:89}}
Jun 26 09:52:28.553675 np0000183159 devstack@neutron-api.service[103468]: DEBUG neutron.plugins.ml2.drivers.ovn.mech_driver.ovsdb.ovsdb_monitor [-] Hash Ring: Node da75246b230352d080e61cf72af9d511 (host: np0000183159) handling event "update" for row 2f9dc49e-0adc-4568-babc-c4ad00555923 (table: Logical_Switch) {{(pid=103468) notify /opt/stack/neutron/neutron/plugins/ml2/drivers/ovn/mech_driver/ovsdb/ovsdb_monitor.py:1015}}
Jun 26 09:52:28.553880 np0000183159 devstack@neutron-api.service[103467]: DEBUG neutron.plugins.ml2.drivers.ovn.mech_driver.ovsdb.ovsdb_monitor [-] Hash Ring: Node b9dc60e6d4165e9eb6b9859950d6b667 (host: np0000183159) handling event "update" for row 2f9dc49e-0adc-4568-babc-c4ad00555923 (table: Logical_Switch) {{(pid=103467) notify /opt/stack/neutron/neutron/plugins/ml2/drivers/ovn/mech_driver/ovsdb/ovsdb_monitor.py:1015}}
