Jun 26 09:52:50.760037 np0000183159 systemd[1]: Starting devstack@n-api-meta.service - Devstack devstack@n-api-meta.service...
Jun 26 09:52:50.768645 np0000183159 devstack@n-api-meta.service[108608]: [uWSGI] getting INI configuration from /etc/nova/nova-metadata-uwsgi.ini
Jun 26 09:52:50.771561 np0000183159 devstack@n-api-meta.service[108608]: *** Starting uWSGI 2.0.24-debian (64bit) on [Fri Jun 26 09:52:50 2026] ***
Jun 26 09:52:50.771561 np0000183159 devstack@n-api-meta.service[108608]: compiled with version: 13.2.0 on 17 April 2024 16:23:48
Jun 26 09:52:50.771561 np0000183159 devstack@n-api-meta.service[108608]: os: Linux-6.8.0-124-generic #124-Ubuntu SMP PREEMPT_DYNAMIC Tue May 26 13:00:45 UTC 2026
Jun 26 09:52:50.771561 np0000183159 devstack@n-api-meta.service[108608]: nodename: np0000183159
Jun 26 09:52:50.771561 np0000183159 devstack@n-api-meta.service[108608]: machine: x86_64
Jun 26 09:52:50.771561 np0000183159 devstack@n-api-meta.service[108608]: clock source: unix
Jun 26 09:52:50.771561 np0000183159 devstack@n-api-meta.service[108608]: pcre jit disabled
Jun 26 09:52:50.771561 np0000183159 devstack@n-api-meta.service[108608]: detected number of CPU cores: 16
Jun 26 09:52:50.771561 np0000183159 devstack@n-api-meta.service[108608]: current working directory: /
Jun 26 09:52:50.771561 np0000183159 devstack@n-api-meta.service[108608]: detected binary path: /usr/bin/uwsgi-core
Jun 26 09:52:50.771561 np0000183159 devstack@n-api-meta.service[108608]: your processes number limit is 256917
Jun 26 09:52:50.771561 np0000183159 devstack@n-api-meta.service[108608]: your memory page size is 4096 bytes
Jun 26 09:52:50.771561 np0000183159 devstack@n-api-meta.service[108608]: detected max file descriptor number: 2048
Jun 26 09:52:50.772358 np0000183159 devstack@n-api-meta.service[108608]: lock engine: pthread robust mutexes
Jun 26 09:52:50.772358 np0000183159 devstack@n-api-meta.service[108608]: thunder lock: enabled
Jun 26 09:52:50.772358 np0000183159 devstack@n-api-meta.service[108608]: uWSGI http bound on 0.0.0.0:8775 fd 5
Jun 26 09:52:50.772358 np0000183159 devstack@n-api-meta.service[108608]: uwsgi socket 0 bound to TCP address 127.0.0.1:39435 (port auto-assigned) fd 4
Jun 26 09:52:50.772358 np0000183159 devstack@n-api-meta.service[108608]: Python version: 3.12.3 (main, Mar 23 2026, 19:04:32) [GCC 13.3.0]
Jun 26 09:52:50.772358 np0000183159 devstack@n-api-meta.service[108608]: PEP 405 virtualenv detected: /opt/stack/data/venv
Jun 26 09:52:50.772358 np0000183159 devstack@n-api-meta.service[108608]: Set PythonHome to /opt/stack/data/venv
Jun 26 09:52:50.807952 np0000183159 devstack@n-api-meta.service[108608]: Python main interpreter initialized at 0x79d8ab0a3668
Jun 26 09:52:50.807952 np0000183159 devstack@n-api-meta.service[108608]: python threads support enabled
Jun 26 09:52:50.807952 np0000183159 devstack@n-api-meta.service[108608]: your server socket listen backlog is limited to 100 connections
Jun 26 09:52:50.807952 np0000183159 devstack@n-api-meta.service[108608]: your mercy for graceful operations on workers is 80 seconds
Jun 26 09:52:50.808496 np0000183159 devstack@n-api-meta.service[108608]: mapped 671795 bytes (656 KB) for 4 cores
Jun 26 09:52:50.808632 np0000183159 devstack@n-api-meta.service[108608]: *** Operational MODE: preforking ***
Jun 26 09:52:50.808779 np0000183159 devstack@n-api-meta.service[108608]: *** uWSGI is running in multiple interpreter mode ***
Jun 26 09:52:50.808779 np0000183159 devstack@n-api-meta.service[108608]: spawned uWSGI master process (pid: 108608)
Jun 26 09:52:50.809099 np0000183159 systemd[1]: Started devstack@n-api-meta.service - Devstack devstack@n-api-meta.service.
Jun 26 09:52:50.809739 np0000183159 devstack@n-api-meta.service[108608]: spawned uWSGI worker 1 (pid: 108609, cores: 1)
Jun 26 09:52:50.810211 np0000183159 devstack@n-api-meta.service[108608]: spawned uWSGI worker 2 (pid: 108610, cores: 1)
Jun 26 09:52:50.810782 np0000183159 devstack@n-api-meta.service[108608]: spawned uWSGI worker 3 (pid: 108611, cores: 1)
Jun 26 09:52:50.811436 np0000183159 devstack@n-api-meta.service[108608]: spawned uWSGI worker 4 (pid: 108612, cores: 1)
Jun 26 09:52:50.812051 np0000183159 devstack@n-api-meta.service[108608]: spawned uWSGI http 1 (pid: 108613)
Jun 26 09:52:50.812051 np0000183159 devstack@n-api-meta.service[108608]: running "unix_signal:15 gracefully_kill_them_all" (master-start)...
Jun 26 09:52:52.478328 np0000183159 devstack@n-api-meta.service[108612]: INFO dbcounter [None req-3a952c1d-1d92-4fb8-bf76-d750181c31ba None None] Registered counter for database nova_api
Jun 26 09:52:52.521458 np0000183159 devstack@n-api-meta.service[108612]: DEBUG oslo_db.sqlalchemy.engines [None req-3a952c1d-1d92-4fb8-bf76-d750181c31ba None None] MySQL server mode set to STRICT_TRANS_TABLES,STRICT_ALL_TABLES,NO_ZERO_IN_DATE,NO_ZERO_DATE,ERROR_FOR_DIVISION_BY_ZERO,TRADITIONAL,NO_ENGINE_SUBSTITUTION {{(pid=108612) _check_effective_sql_mode /opt/stack/data/venv/lib/python3.12/site-packages/oslo_db/sqlalchemy/engines.py:325}}
Jun 26 09:52:52.523369 np0000183159 devstack@n-api-meta.service[108609]: INFO dbcounter [None req-3d3c77cd-d027-4345-82e8-a95ed82cec08 None None] Registered counter for database nova_api
Jun 26 09:52:52.530972 np0000183159 devstack@n-api-meta.service[108610]: INFO dbcounter [None req-ba8ccdcb-2900-4a9b-b509-039d03143668 None None] Registered counter for database nova_api
Jun 26 09:52:52.551848 np0000183159 devstack@n-api-meta.service[108612]: DEBUG dbcounter [-] [108612] Writer thread running {{(pid=108612) stat_writer /opt/stack/data/venv/lib/python3.12/site-packages/dbcounter.py:102}}
Jun 26 09:52:52.554052 np0000183159 devstack@n-api-meta.service[108612]: DEBUG nova.context [None req-3a952c1d-1d92-4fb8-bf76-d750181c31ba None None] Found 2 cells: 00000000-0000-0000-0000-000000000000(cell0),4380d95c-a6a3-49e6-b816-10c38f7c555b(cell1) {{(pid=108612) load_cells /opt/stack/nova/nova/context.py:509}}
Jun 26 09:52:52.554287 np0000183159 devstack@n-api-meta.service[108612]: INFO nova.utils [None req-3a952c1d-1d92-4fb8-bf76-d750181c31ba None None] The cell worker thread pool MainProcess.cell_worker is initialized
Jun 26 09:52:52.555985 np0000183159 devstack@n-api-meta.service[108612]: DEBUG oslo_concurrency.lockutils [None req-3a952c1d-1d92-4fb8-bf76-d750181c31ba None None] Acquiring lock "00000000-0000-0000-0000-000000000000" by "nova.context.set_target_cell..get_or_set_cached_cell_and_set_connections" {{(pid=108612) inner /opt/stack/data/venv/lib/python3.12/site-packages/oslo_concurrency/lockutils.py:511}}
Jun 26 09:52:52.556140 np0000183159 devstack@n-api-meta.service[108612]: DEBUG oslo_concurrency.lockutils [None req-3a952c1d-1d92-4fb8-bf76-d750181c31ba None None] Lock "00000000-0000-0000-0000-000000000000" acquired by "nova.context.set_target_cell..get_or_set_cached_cell_and_set_connections" :: waited 0.000s {{(pid=108612) inner /opt/stack/data/venv/lib/python3.12/site-packages/oslo_concurrency/lockutils.py:524}}
Jun 26 09:52:52.557885 np0000183159 devstack@n-api-meta.service[108612]: DEBUG oslo_concurrency.lockutils [None req-3a952c1d-1d92-4fb8-bf76-d750181c31ba None None] Lock "00000000-0000-0000-0000-000000000000" "released" by "nova.context.set_target_cell..get_or_set_cached_cell_and_set_connections" :: held 0.000s {{(pid=108612) inner /opt/stack/data/venv/lib/python3.12/site-packages/oslo_concurrency/lockutils.py:543}}
Jun 26 09:52:52.557885 np0000183159 devstack@n-api-meta.service[108612]: DEBUG oslo_concurrency.lockutils [None req-3a952c1d-1d92-4fb8-bf76-d750181c31ba None None] Acquiring lock "4380d95c-a6a3-49e6-b816-10c38f7c555b" by "nova.context.set_target_cell..get_or_set_cached_cell_and_set_connections" {{(pid=108612) inner /opt/stack/data/venv/lib/python3.12/site-packages/oslo_concurrency/lockutils.py:511}}
Jun 26 09:52:52.557885 np0000183159 devstack@n-api-meta.service[108612]: DEBUG oslo_concurrency.lockutils [None req-3a952c1d-1d92-4fb8-bf76-d750181c31ba None None] Lock "4380d95c-a6a3-49e6-b816-10c38f7c555b" acquired by "nova.context.set_target_cell..get_or_set_cached_cell_and_set_connections" :: waited 0.000s {{(pid=108612) inner /opt/stack/data/venv/lib/python3.12/site-packages/oslo_concurrency/lockutils.py:524}}
Jun 26 09:52:52.558414 np0000183159 devstack@n-api-meta.service[108612]: DEBUG oslo_concurrency.lockutils [None req-3a952c1d-1d92-4fb8-bf76-d750181c31ba None None] Lock "4380d95c-a6a3-49e6-b816-10c38f7c555b" "released" by "nova.context.set_target_cell..get_or_set_cached_cell_and_set_connections" :: held 0.001s {{(pid=108612) inner /opt/stack/data/venv/lib/python3.12/site-packages/oslo_concurrency/lockutils.py:543}}
Jun 26 09:52:52.560179 np0000183159 devstack@n-api-meta.service[108611]: INFO dbcounter [None req-154aa185-ed86-400a-ab6c-d4ce1ac2a009 None None] Registered counter for database nova_api
Jun 26 09:52:52.561848 np0000183159 devstack@n-api-meta.service[108612]: INFO dbcounter [None req-3a952c1d-1d92-4fb8-bf76-d750181c31ba None None] Registered counter for database nova_cell0
Jun 26 09:52:52.567082 np0000183159 devstack@n-api-meta.service[108612]: INFO dbcounter [None req-3a952c1d-1d92-4fb8-bf76-d750181c31ba None None] Registered counter for database nova_cell1
Jun 26 09:52:52.568060 np0000183159 devstack@n-api-meta.service[108609]: DEBUG oslo_db.sqlalchemy.engines [None req-3d3c77cd-d027-4345-82e8-a95ed82cec08 None None] MySQL server mode set to STRICT_TRANS_TABLES,STRICT_ALL_TABLES,NO_ZERO_IN_DATE,NO_ZERO_DATE,ERROR_FOR_DIVISION_BY_ZERO,TRADITIONAL,NO_ENGINE_SUBSTITUTION {{(pid=108609) _check_effective_sql_mode /opt/stack/data/venv/lib/python3.12/site-packages/oslo_db/sqlalchemy/engines.py:325}}
Jun 26 09:52:52.574679 np0000183159 devstack@n-api-meta.service[108610]: DEBUG oslo_db.sqlalchemy.engines [None req-ba8ccdcb-2900-4a9b-b509-039d03143668 None None] MySQL server mode set to STRICT_TRANS_TABLES,STRICT_ALL_TABLES,NO_ZERO_IN_DATE,NO_ZERO_DATE,ERROR_FOR_DIVISION_BY_ZERO,TRADITIONAL,NO_ENGINE_SUBSTITUTION {{(pid=108610) _check_effective_sql_mode /opt/stack/data/venv/lib/python3.12/site-packages/oslo_db/sqlalchemy/engines.py:325}}
Jun 26 09:52:52.601706 np0000183159 devstack@n-api-meta.service[108609]: DEBUG dbcounter [-] [108609] Writer thread running {{(pid=108609) stat_writer /opt/stack/data/venv/lib/python3.12/site-packages/dbcounter.py:102}}
Jun 26 09:52:52.604627 np0000183159 devstack@n-api-meta.service[108609]: DEBUG nova.context [None req-3d3c77cd-d027-4345-82e8-a95ed82cec08 None None] Found 2 cells: 00000000-0000-0000-0000-000000000000(cell0),4380d95c-a6a3-49e6-b816-10c38f7c555b(cell1) {{(pid=108609) load_cells /opt/stack/nova/nova/context.py:509}}
Jun 26 09:52:52.604910 np0000183159 devstack@n-api-meta.service[108609]: INFO nova.utils [None req-3d3c77cd-d027-4345-82e8-a95ed82cec08 None None] The cell worker thread pool MainProcess.cell_worker is initialized
Jun 26 09:52:52.606754 np0000183159 devstack@n-api-meta.service[108609]: DEBUG oslo_concurrency.lockutils [None req-3d3c77cd-d027-4345-82e8-a95ed82cec08 None None] Acquiring lock "00000000-0000-0000-0000-000000000000" by "nova.context.set_target_cell..get_or_set_cached_cell_and_set_connections" {{(pid=108609) inner /opt/stack/data/venv/lib/python3.12/site-packages/oslo_concurrency/lockutils.py:511}}
Jun 26 09:52:52.606927 np0000183159 devstack@n-api-meta.service[108609]: DEBUG oslo_concurrency.lockutils [None req-3d3c77cd-d027-4345-82e8-a95ed82cec08 None None] Lock "00000000-0000-0000-0000-000000000000" acquired by "nova.context.set_target_cell..get_or_set_cached_cell_and_set_connections" :: waited 0.000s {{(pid=108609) inner /opt/stack/data/venv/lib/python3.12/site-packages/oslo_concurrency/lockutils.py:524}}
Jun 26 09:52:52.607454 np0000183159 devstack@n-api-meta.service[108609]: DEBUG oslo_concurrency.lockutils [None req-3d3c77cd-d027-4345-82e8-a95ed82cec08 None None] Lock "00000000-0000-0000-0000-000000000000" "released" by "nova.context.set_target_cell..get_or_set_cached_cell_and_set_connections" :: held 0.000s {{(pid=108609) inner /opt/stack/data/venv/lib/python3.12/site-packages/oslo_concurrency/lockutils.py:543}}
Jun 26 09:52:52.608211 np0000183159 devstack@n-api-meta.service[108609]: DEBUG oslo_concurrency.lockutils [None req-3d3c77cd-d027-4345-82e8-a95ed82cec08 None None] Acquiring lock "4380d95c-a6a3-49e6-b816-10c38f7c555b" by "nova.context.set_target_cell..get_or_set_cached_cell_and_set_connections" {{(pid=108609) inner /opt/stack/data/venv/lib/python3.12/site-packages/oslo_concurrency/lockutils.py:511}}
Jun 26 09:52:52.608373 np0000183159 devstack@n-api-meta.service[108609]: DEBUG oslo_concurrency.lockutils [None req-3d3c77cd-d027-4345-82e8-a95ed82cec08 None None] Lock "4380d95c-a6a3-49e6-b816-10c38f7c555b" acquired by "nova.context.set_target_cell..get_or_set_cached_cell_and_set_connections" :: waited 0.000s {{(pid=108609) inner /opt/stack/data/venv/lib/python3.12/site-packages/oslo_concurrency/lockutils.py:524}}
Jun 26 09:52:52.609287 np0000183159 devstack@n-api-meta.service[108609]: DEBUG oslo_concurrency.lockutils [None req-3d3c77cd-d027-4345-82e8-a95ed82cec08 None None] Lock "4380d95c-a6a3-49e6-b816-10c38f7c555b" "released" by "nova.context.set_target_cell..get_or_set_cached_cell_and_set_connections" :: held 0.001s {{(pid=108609) inner /opt/stack/data/venv/lib/python3.12/site-packages/oslo_concurrency/lockutils.py:543}}
Jun 26 09:52:52.609355 np0000183159 devstack@n-api-meta.service[108610]: DEBUG dbcounter [-] [108610] Writer thread running {{(pid=108610) stat_writer /opt/stack/data/venv/lib/python3.12/site-packages/dbcounter.py:102}}
Jun 26 09:52:52.612209 np0000183159 devstack@n-api-meta.service[108609]: INFO dbcounter [None req-3d3c77cd-d027-4345-82e8-a95ed82cec08 None None] Registered counter for database nova_cell0
Jun 26 09:52:52.612332 np0000183159 devstack@n-api-meta.service[108610]: DEBUG nova.context [None req-ba8ccdcb-2900-4a9b-b509-039d03143668 None None] Found 2 cells: 00000000-0000-0000-0000-000000000000(cell0),4380d95c-a6a3-49e6-b816-10c38f7c555b(cell1) {{(pid=108610) load_cells /opt/stack/nova/nova/context.py:509}}
Jun 26 09:52:52.612332 np0000183159 devstack@n-api-meta.service[108610]: INFO nova.utils [None req-ba8ccdcb-2900-4a9b-b509-039d03143668 None None] The cell worker thread pool MainProcess.cell_worker is initialized
Jun 26 09:52:52.613635 np0000183159 devstack@n-api-meta.service[108610]: DEBUG oslo_concurrency.lockutils [None req-ba8ccdcb-2900-4a9b-b509-039d03143668 None None] Acquiring lock "00000000-0000-0000-0000-000000000000" by "nova.context.set_target_cell..get_or_set_cached_cell_and_set_connections" {{(pid=108610) inner /opt/stack/data/venv/lib/python3.12/site-packages/oslo_concurrency/lockutils.py:511}}
Jun 26 09:52:52.613797 np0000183159 devstack@n-api-meta.service[108610]: DEBUG oslo_concurrency.lockutils [None req-ba8ccdcb-2900-4a9b-b509-039d03143668 None None] Lock "00000000-0000-0000-0000-000000000000" acquired by "nova.context.set_target_cell..get_or_set_cached_cell_and_set_connections" :: waited 0.000s {{(pid=108610) inner /opt/stack/data/venv/lib/python3.12/site-packages/oslo_concurrency/lockutils.py:524}}
Jun 26 09:52:52.614155 np0000183159 devstack@n-api-meta.service[108610]: DEBUG oslo_concurrency.lockutils [None req-ba8ccdcb-2900-4a9b-b509-039d03143668 None None] Lock "00000000-0000-0000-0000-000000000000" "released" by "nova.context.set_target_cell..get_or_set_cached_cell_and_set_connections" :: held 0.000s {{(pid=108610) inner /opt/stack/data/venv/lib/python3.12/site-packages/oslo_concurrency/lockutils.py:543}}
Jun 26 09:52:52.614777 np0000183159 devstack@n-api-meta.service[108610]: DEBUG oslo_concurrency.lockutils [None req-ba8ccdcb-2900-4a9b-b509-039d03143668 None None] Acquiring lock "4380d95c-a6a3-49e6-b816-10c38f7c555b" by "nova.context.set_target_cell..get_or_set_cached_cell_and_set_connections" {{(pid=108610) inner /opt/stack/data/venv/lib/python3.12/site-packages/oslo_concurrency/lockutils.py:511}}
Jun 26 09:52:52.614929 np0000183159 devstack@n-api-meta.service[108610]: DEBUG oslo_concurrency.lockutils [None req-ba8ccdcb-2900-4a9b-b509-039d03143668 None None] Lock "4380d95c-a6a3-49e6-b816-10c38f7c555b" acquired by "nova.context.set_target_cell..get_or_set_cached_cell_and_set_connections" :: waited 0.000s {{(pid=108610) inner /opt/stack/data/venv/lib/python3.12/site-packages/oslo_concurrency/lockutils.py:524}}
Jun 26 09:52:52.615624 np0000183159 devstack@n-api-meta.service[108609]: INFO dbcounter [None req-3d3c77cd-d027-4345-82e8-a95ed82cec08 None None] Registered counter for database nova_cell1
Jun 26 09:52:52.615787 np0000183159 devstack@n-api-meta.service[108610]: DEBUG oslo_concurrency.lockutils [None req-ba8ccdcb-2900-4a9b-b509-039d03143668 None None] Lock "4380d95c-a6a3-49e6-b816-10c38f7c555b" "released" by "nova.context.set_target_cell..get_or_set_cached_cell_and_set_connections" :: held 0.001s {{(pid=108610) inner /opt/stack/data/venv/lib/python3.12/site-packages/oslo_concurrency/lockutils.py:543}}
Jun 26 09:52:52.617871 np0000183159 devstack@n-api-meta.service[108610]: INFO dbcounter [None req-ba8ccdcb-2900-4a9b-b509-039d03143668 None None] Registered counter for database nova_cell0
Jun 26 09:52:52.619335 np0000183159 devstack@n-api-meta.service[108612]: DEBUG oslo_db.sqlalchemy.engines [None req-3a952c1d-1d92-4fb8-bf76-d750181c31ba None None] MySQL server mode set to STRICT_TRANS_TABLES,STRICT_ALL_TABLES,NO_ZERO_IN_DATE,NO_ZERO_DATE,ERROR_FOR_DIVISION_BY_ZERO,TRADITIONAL,NO_ENGINE_SUBSTITUTION {{(pid=108612) _check_effective_sql_mode /opt/stack/data/venv/lib/python3.12/site-packages/oslo_db/sqlalchemy/engines.py:325}}
Jun 26 09:52:52.621848 np0000183159 devstack@n-api-meta.service[108611]: DEBUG oslo_db.sqlalchemy.engines [None req-154aa185-ed86-400a-ab6c-d4ce1ac2a009 None None] MySQL server mode set to STRICT_TRANS_TABLES,STRICT_ALL_TABLES,NO_ZERO_IN_DATE,NO_ZERO_DATE,ERROR_FOR_DIVISION_BY_ZERO,TRADITIONAL,NO_ENGINE_SUBSTITUTION {{(pid=108611) _check_effective_sql_mode /opt/stack/data/venv/lib/python3.12/site-packages/oslo_db/sqlalchemy/engines.py:325}}
Jun 26 09:52:52.622999 np0000183159 devstack@n-api-meta.service[108610]: INFO dbcounter [None req-ba8ccdcb-2900-4a9b-b509-039d03143668 None None] Registered counter for database nova_cell1
Jun 26 09:52:52.655718 np0000183159 devstack@n-api-meta.service[108611]: DEBUG dbcounter [-] [108611] Writer thread running {{(pid=108611) stat_writer /opt/stack/data/venv/lib/python3.12/site-packages/dbcounter.py:102}}
Jun 26 09:52:52.657946 np0000183159 devstack@n-api-meta.service[108611]: DEBUG nova.context [None req-154aa185-ed86-400a-ab6c-d4ce1ac2a009 None None] Found 2 cells: 00000000-0000-0000-0000-000000000000(cell0),4380d95c-a6a3-49e6-b816-10c38f7c555b(cell1) {{(pid=108611) load_cells /opt/stack/nova/nova/context.py:509}}
Jun 26 09:52:52.658169 np0000183159 devstack@n-api-meta.service[108611]: INFO nova.utils [None req-154aa185-ed86-400a-ab6c-d4ce1ac2a009 None None] The cell worker thread pool MainProcess.cell_worker is initialized
Jun 26 09:52:52.659954 np0000183159 devstack@n-api-meta.service[108611]: DEBUG oslo_concurrency.lockutils [None req-154aa185-ed86-400a-ab6c-d4ce1ac2a009 None None] Acquiring lock "00000000-0000-0000-0000-000000000000" by "nova.context.set_target_cell..get_or_set_cached_cell_and_set_connections" {{(pid=108611) inner /opt/stack/data/venv/lib/python3.12/site-packages/oslo_concurrency/lockutils.py:511}}
Jun 26 09:52:52.660122 np0000183159 devstack@n-api-meta.service[108611]: DEBUG oslo_concurrency.lockutils [None req-154aa185-ed86-400a-ab6c-d4ce1ac2a009 None None] Lock "00000000-0000-0000-0000-000000000000" acquired by "nova.context.set_target_cell..get_or_set_cached_cell_and_set_connections" :: waited 0.000s {{(pid=108611) inner /opt/stack/data/venv/lib/python3.12/site-packages/oslo_concurrency/lockutils.py:524}}
Jun 26 09:52:52.660495 np0000183159 devstack@n-api-meta.service[108611]: DEBUG oslo_concurrency.lockutils [None req-154aa185-ed86-400a-ab6c-d4ce1ac2a009 None None] Lock "00000000-0000-0000-0000-000000000000" "released" by "nova.context.set_target_cell..get_or_set_cached_cell_and_set_connections" :: held 0.000s {{(pid=108611) inner /opt/stack/data/venv/lib/python3.12/site-packages/oslo_concurrency/lockutils.py:543}}
Jun 26 09:52:52.661046 np0000183159 devstack@n-api-meta.service[108611]: DEBUG oslo_concurrency.lockutils [None req-154aa185-ed86-400a-ab6c-d4ce1ac2a009 None None] Acquiring lock "4380d95c-a6a3-49e6-b816-10c38f7c555b" by "nova.context.set_target_cell..get_or_set_cached_cell_and_set_connections" {{(pid=108611) inner /opt/stack/data/venv/lib/python3.12/site-packages/oslo_concurrency/lockutils.py:511}}
Jun 26 09:52:52.661188 np0000183159 devstack@n-api-meta.service[108611]: DEBUG oslo_concurrency.lockutils [None req-154aa185-ed86-400a-ab6c-d4ce1ac2a009 None None] Lock "4380d95c-a6a3-49e6-b816-10c38f7c555b" acquired by "nova.context.set_target_cell..get_or_set_cached_cell_and_set_connections" :: waited 0.000s {{(pid=108611) inner /opt/stack/data/venv/lib/python3.12/site-packages/oslo_concurrency/lockutils.py:524}}
Jun 26 09:52:52.662036 np0000183159 devstack@n-api-meta.service[108611]: DEBUG oslo_concurrency.lockutils [None req-154aa185-ed86-400a-ab6c-d4ce1ac2a009 None None] Lock "4380d95c-a6a3-49e6-b816-10c38f7c555b" "released" by "nova.context.set_target_cell..get_or_set_cached_cell_and_set_connections" :: held 0.001s {{(pid=108611) inner /opt/stack/data/venv/lib/python3.12/site-packages/oslo_concurrency/lockutils.py:543}}
Jun 26 09:52:52.664190 np0000183159 devstack@n-api-meta.service[108611]: INFO dbcounter [None req-154aa185-ed86-400a-ab6c-d4ce1ac2a009 None None] Registered counter for database nova_cell0
Jun 26 09:52:52.671183 np0000183159 devstack@n-api-meta.service[108611]: INFO dbcounter [None req-154aa185-ed86-400a-ab6c-d4ce1ac2a009 None None] Registered counter for database nova_cell1
Jun 26 09:52:52.679136 np0000183159 devstack@n-api-meta.service[108612]: DEBUG oslo_db.sqlalchemy.engines [None req-3a952c1d-1d92-4fb8-bf76-d750181c31ba None None] MySQL server mode set to STRICT_TRANS_TABLES,STRICT_ALL_TABLES,NO_ZERO_IN_DATE,NO_ZERO_DATE,ERROR_FOR_DIVISION_BY_ZERO,TRADITIONAL,NO_ENGINE_SUBSTITUTION {{(pid=108612) _check_effective_sql_mode /opt/stack/data/venv/lib/python3.12/site-packages/oslo_db/sqlalchemy/engines.py:325}}
Jun 26 09:52:52.688747 np0000183159 devstack@n-api-meta.service[108610]: DEBUG oslo_db.sqlalchemy.engines [None req-ba8ccdcb-2900-4a9b-b509-039d03143668 None None] MySQL server mode set to STRICT_TRANS_TABLES,STRICT_ALL_TABLES,NO_ZERO_IN_DATE,NO_ZERO_DATE,ERROR_FOR_DIVISION_BY_ZERO,TRADITIONAL,NO_ENGINE_SUBSTITUTION {{(pid=108610) _check_effective_sql_mode /opt/stack/data/venv/lib/python3.12/site-packages/oslo_db/sqlalchemy/engines.py:325}}
Jun 26 09:52:52.692821 np0000183159 devstack@n-api-meta.service[108610]: DEBUG oslo_db.sqlalchemy.engines [None req-ba8ccdcb-2900-4a9b-b509-039d03143668 None None] MySQL server mode set to STRICT_TRANS_TABLES,STRICT_ALL_TABLES,NO_ZERO_IN_DATE,NO_ZERO_DATE,ERROR_FOR_DIVISION_BY_ZERO,TRADITIONAL,NO_ENGINE_SUBSTITUTION {{(pid=108610) _check_effective_sql_mode /opt/stack/data/venv/lib/python3.12/site-packages/oslo_db/sqlalchemy/engines.py:325}}
Jun 26 09:52:52.696471 np0000183159 devstack@n-api-meta.service[108609]: DEBUG oslo_db.sqlalchemy.engines [None req-3d3c77cd-d027-4345-82e8-a95ed82cec08 None None] MySQL server mode set to STRICT_TRANS_TABLES,STRICT_ALL_TABLES,NO_ZERO_IN_DATE,NO_ZERO_DATE,ERROR_FOR_DIVISION_BY_ZERO,TRADITIONAL,NO_ENGINE_SUBSTITUTION {{(pid=108609) _check_effective_sql_mode /opt/stack/data/venv/lib/python3.12/site-packages/oslo_db/sqlalchemy/engines.py:325}}
Jun 26 09:52:52.705700 np0000183159 devstack@n-api-meta.service[108609]: DEBUG oslo_db.sqlalchemy.engines [None req-3d3c77cd-d027-4345-82e8-a95ed82cec08 None None] MySQL server mode set to STRICT_TRANS_TABLES,STRICT_ALL_TABLES,NO_ZERO_IN_DATE,NO_ZERO_DATE,ERROR_FOR_DIVISION_BY_ZERO,TRADITIONAL,NO_ENGINE_SUBSTITUTION {{(pid=108609) _check_effective_sql_mode /opt/stack/data/venv/lib/python3.12/site-packages/oslo_db/sqlalchemy/engines.py:325}}
Jun 26 09:52:52.736638 np0000183159 devstack@n-api-meta.service[108612]: DEBUG dbcounter [-] [108612] Writer thread running {{(pid=108612) stat_writer /opt/stack/data/venv/lib/python3.12/site-packages/dbcounter.py:102}}
Jun 26 09:52:52.743646 np0000183159 devstack@n-api-meta.service[108612]: DEBUG dbcounter [-] [108612] Writer thread running {{(pid=108612) stat_writer /opt/stack/data/venv/lib/python3.12/site-packages/dbcounter.py:102}}
Jun 26 09:52:52.746886 np0000183159 devstack@n-api-meta.service[108611]: DEBUG oslo_db.sqlalchemy.engines [None req-154aa185-ed86-400a-ab6c-d4ce1ac2a009 None None] MySQL server mode set to STRICT_TRANS_TABLES,STRICT_ALL_TABLES,NO_ZERO_IN_DATE,NO_ZERO_DATE,ERROR_FOR_DIVISION_BY_ZERO,TRADITIONAL,NO_ENGINE_SUBSTITUTION {{(pid=108611) _check_effective_sql_mode /opt/stack/data/venv/lib/python3.12/site-packages/oslo_db/sqlalchemy/engines.py:325}}
Jun 26 09:52:52.749720 np0000183159 devstack@n-api-meta.service[108611]: DEBUG oslo_db.sqlalchemy.engines [None req-154aa185-ed86-400a-ab6c-d4ce1ac2a009 None None] MySQL server mode set to STRICT_TRANS_TABLES,STRICT_ALL_TABLES,NO_ZERO_IN_DATE,NO_ZERO_DATE,ERROR_FOR_DIVISION_BY_ZERO,TRADITIONAL,NO_ENGINE_SUBSTITUTION {{(pid=108611) _check_effective_sql_mode /opt/stack/data/venv/lib/python3.12/site-packages/oslo_db/sqlalchemy/engines.py:325}}
Jun 26 09:52:52.750717 np0000183159 devstack@n-api-meta.service[108612]: INFO dbcounter [None req-3a952c1d-1d92-4fb8-bf76-d750181c31ba None None] Registered counter for database nova_cell0
Jun 26 09:52:52.782725 np0000183159 devstack@n-api-meta.service[108610]: DEBUG dbcounter [-] [108610] Writer thread running {{(pid=108610) stat_writer /opt/stack/data/venv/lib/python3.12/site-packages/dbcounter.py:102}}
Jun 26 09:52:52.782909 np0000183159 devstack@n-api-meta.service[108609]: DEBUG dbcounter [-] [108609] Writer thread running {{(pid=108609) stat_writer /opt/stack/data/venv/lib/python3.12/site-packages/dbcounter.py:102}}
Jun 26 09:52:52.787726 np0000183159 devstack@n-api-meta.service[108610]: DEBUG dbcounter [-] [108610] Writer thread running {{(pid=108610) stat_writer /opt/stack/data/venv/lib/python3.12/site-packages/dbcounter.py:102}}
Jun 26 09:52:52.790544 np0000183159 devstack@n-api-meta.service[108609]: DEBUG dbcounter [-] [108609] Writer thread running {{(pid=108609) stat_writer /opt/stack/data/venv/lib/python3.12/site-packages/dbcounter.py:102}}
Jun 26 09:52:52.792559 np0000183159 devstack@n-api-meta.service[108612]: DEBUG oslo_db.sqlalchemy.engines [None req-3a952c1d-1d92-4fb8-bf76-d750181c31ba None None] MySQL server mode set to STRICT_TRANS_TABLES,STRICT_ALL_TABLES,NO_ZERO_IN_DATE,NO_ZERO_DATE,ERROR_FOR_DIVISION_BY_ZERO,TRADITIONAL,NO_ENGINE_SUBSTITUTION {{(pid=108612) _check_effective_sql_mode /opt/stack/data/venv/lib/python3.12/site-packages/oslo_db/sqlalchemy/engines.py:325}}
Jun 26 09:52:52.793015 np0000183159 devstack@n-api-meta.service[108610]: INFO dbcounter [None req-ba8ccdcb-2900-4a9b-b509-039d03143668 None None] Registered counter for database nova_cell0
Jun 26 09:52:52.795603 np0000183159 devstack@n-api-meta.service[108609]: INFO dbcounter [None req-3d3c77cd-d027-4345-82e8-a95ed82cec08 None None] Registered counter for database nova_cell0
Jun 26 09:52:52.799703 np0000183159 devstack@n-api-meta.service[108612]: DEBUG dbcounter [-] [108612] Writer thread running {{(pid=108612) stat_writer /opt/stack/data/venv/lib/python3.12/site-packages/dbcounter.py:102}}
Jun 26 09:52:52.835917 np0000183159 devstack@n-api-meta.service[108610]: DEBUG oslo_db.sqlalchemy.engines [None req-ba8ccdcb-2900-4a9b-b509-039d03143668 None None] MySQL server mode set to STRICT_TRANS_TABLES,STRICT_ALL_TABLES,NO_ZERO_IN_DATE,NO_ZERO_DATE,ERROR_FOR_DIVISION_BY_ZERO,TRADITIONAL,NO_ENGINE_SUBSTITUTION {{(pid=108610) _check_effective_sql_mode /opt/stack/data/venv/lib/python3.12/site-packages/oslo_db/sqlalchemy/engines.py:325}}
Jun 26 09:52:52.842354 np0000183159 devstack@n-api-meta.service[108609]: DEBUG oslo_db.sqlalchemy.engines [None req-3d3c77cd-d027-4345-82e8-a95ed82cec08 None None] MySQL server mode set to STRICT_TRANS_TABLES,STRICT_ALL_TABLES,NO_ZERO_IN_DATE,NO_ZERO_DATE,ERROR_FOR_DIVISION_BY_ZERO,TRADITIONAL,NO_ENGINE_SUBSTITUTION {{(pid=108609) _check_effective_sql_mode /opt/stack/data/venv/lib/python3.12/site-packages/oslo_db/sqlalchemy/engines.py:325}}
Jun 26 09:52:52.844605 np0000183159 devstack@n-api-meta.service[108612]: WARNING nova.api.metadata.handler [None req-3a952c1d-1d92-4fb8-bf76-d750181c31ba None None] metadata_proxy_shared_secret is not configured, the metadata information returned by the proxy cannot be trusted
Jun 26 09:52:52.844711 np0000183159 devstack@n-api-meta.service[108610]: DEBUG dbcounter [-] [108610] Writer thread running {{(pid=108610) stat_writer /opt/stack/data/venv/lib/python3.12/site-packages/dbcounter.py:102}}
Jun 26 09:52:52.847227 np0000183159 devstack@n-api-meta.service[108612]: DEBUG nova.api.openstack.wsgi_app [None req-3a952c1d-1d92-4fb8-bf76-d750181c31ba None None] ******************************************************************************** {{(pid=108612) log_opt_values /opt/stack/data/venv/lib/python3.12/site-packages/oslo_config/cfg.py:3226}}
Jun 26 09:52:52.847365 np0000183159 devstack@n-api-meta.service[108612]: DEBUG nova.api.openstack.wsgi_app [None req-3a952c1d-1d92-4fb8-bf76-d750181c31ba None None] Configuration options gathered from: {{(pid=108612) log_opt_values /opt/stack/data/venv/lib/python3.12/site-packages/oslo_config/cfg.py:3227}}
Jun 26 09:52:52.847525 np0000183159 devstack@n-api-meta.service[108612]: DEBUG nova.api.openstack.wsgi_app [None req-3a952c1d-1d92-4fb8-bf76-d750181c31ba None None] command line args: [] {{(pid=108612) log_opt_values /opt/stack/data/venv/lib/python3.12/site-packages/oslo_config/cfg.py:3228}}
Jun 26 09:52:52.847729 np0000183159 devstack@n-api-meta.service[108612]: DEBUG nova.api.openstack.wsgi_app [None req-3a952c1d-1d92-4fb8-bf76-d750181c31ba None None] config files: ['/etc/nova/api-paste.ini', '/etc/nova/nova.conf'] {{(pid=108612) log_opt_values /opt/stack/data/venv/lib/python3.12/site-packages/oslo_config/cfg.py:3229}}
Jun 26 09:52:52.847901 np0000183159 devstack@n-api-meta.service[108612]: DEBUG nova.api.openstack.wsgi_app [None req-3a952c1d-1d92-4fb8-bf76-d750181c31ba None None] ================================================================================ {{(pid=108612) log_opt_values /opt/stack/data/venv/lib/python3.12/site-packages/oslo_config/cfg.py:3234}}
Jun 26 09:52:52.848180 np0000183159 devstack@n-api-meta.service[108612]: DEBUG nova.api.openstack.wsgi_app [None req-3a952c1d-1d92-4fb8-bf76-d750181c31ba None None] allow_resize_to_same_host = True {{(pid=108612) log_opt_values /opt/stack/data/venv/lib/python3.12/site-packages/oslo_config/cfg.py:3242}}
Jun 26 09:52:52.848393 np0000183159 devstack@n-api-meta.service[108612]: DEBUG nova.api.openstack.wsgi_app [None req-3a952c1d-1d92-4fb8-bf76-d750181c31ba None None] arq_binding_timeout = 300 {{(pid=108612) log_opt_values /opt/stack/data/venv/lib/python3.12/site-packages/oslo_config/cfg.py:3242}}
Jun 26 09:52:52.848618 np0000183159 devstack@n-api-meta.service[108612]: DEBUG nova.api.openstack.wsgi_app [None req-3a952c1d-1d92-4fb8-bf76-d750181c31ba None None] block_device_allocate_retries = 60 {{(pid=108612) log_opt_values /opt/stack/data/venv/lib/python3.12/site-packages/oslo_config/cfg.py:3242}}
Jun 26 09:52:52.848819 np0000183159 devstack@n-api-meta.service[108612]: DEBUG nova.api.openstack.wsgi_app [None req-3a952c1d-1d92-4fb8-bf76-d750181c31ba None None] block_device_allocate_retries_interval = 3 {{(pid=108612) log_opt_values /opt/stack/data/venv/lib/python3.12/site-packages/oslo_config/cfg.py:3242}}
Jun 26 09:52:52.848957 np0000183159 devstack@n-api-meta.service[108612]: DEBUG nova.api.openstack.wsgi_app [None req-3a952c1d-1d92-4fb8-bf76-d750181c31ba None None] cell_worker_thread_pool_size = 5 {{(pid=108612) log_opt_values /opt/stack/data/venv/lib/python3.12/site-packages/oslo_config/cfg.py:3242}}
Jun 26 09:52:52.849097 np0000183159 devstack@n-api-meta.service[108612]: DEBUG nova.api.openstack.wsgi_app [None req-3a952c1d-1d92-4fb8-bf76-d750181c31ba None None] cert = self.pem {{(pid=108612) log_opt_values /opt/stack/data/venv/lib/python3.12/site-packages/oslo_config/cfg.py:3242}}
Jun 26 09:52:52.849235 np0000183159 devstack@n-api-meta.service[108612]: DEBUG nova.api.openstack.wsgi_app [None req-3a952c1d-1d92-4fb8-bf76-d750181c31ba None None] compute_driver = libvirt.LibvirtDriver {{(pid=108612) log_opt_values /opt/stack/data/venv/lib/python3.12/site-packages/oslo_config/cfg.py:3242}}
Jun 26 09:52:52.849390 np0000183159 devstack@n-api-meta.service[108612]: DEBUG nova.api.openstack.wsgi_app [None req-3a952c1d-1d92-4fb8-bf76-d750181c31ba None None] compute_monitors = [] {{(pid=108612) log_opt_values /opt/stack/data/venv/lib/python3.12/site-packages/oslo_config/cfg.py:3242}}
Jun 26 09:52:52.849534 np0000183159 devstack@n-api-meta.service[108612]: DEBUG nova.api.openstack.wsgi_app [None req-3a952c1d-1d92-4fb8-bf76-d750181c31ba None None] config_dir = [] {{(pid=108612) log_opt_values /opt/stack/data/venv/lib/python3.12/site-packages/oslo_config/cfg.py:3242}}
Jun 26 09:52:52.849676 np0000183159 devstack@n-api-meta.service[108612]: DEBUG nova.api.openstack.wsgi_app [None req-3a952c1d-1d92-4fb8-bf76-d750181c31ba None None] config_drive_format = iso9660 {{(pid=108612) log_opt_values /opt/stack/data/venv/lib/python3.12/site-packages/oslo_config/cfg.py:3242}}
Jun 26 09:52:52.849785 np0000183159 devstack@n-api-meta.service[108612]: DEBUG nova.api.openstack.wsgi_app [None req-3a952c1d-1d92-4fb8-bf76-d750181c31ba None None] config_file = ['/etc/nova/api-paste.ini', '/etc/nova/nova.conf'] {{(pid=108612) log_opt_values /opt/stack/data/venv/lib/python3.12/site-packages/oslo_config/cfg.py:3242}}
Jun 26 09:52:52.849919 np0000183159 devstack@n-api-meta.service[108612]: DEBUG nova.api.openstack.wsgi_app [None req-3a952c1d-1d92-4fb8-bf76-d750181c31ba None None] config_source = [] {{(pid=108612) log_opt_values /opt/stack/data/venv/lib/python3.12/site-packages/oslo_config/cfg.py:3242}}
Jun 26 09:52:52.850067 np0000183159 devstack@n-api-meta.service[108612]: DEBUG nova.api.openstack.wsgi_app [None req-3a952c1d-1d92-4fb8-bf76-d750181c31ba None None] console_host = np0000183159 {{(pid=108612) log_opt_values /opt/stack/data/venv/lib/python3.12/site-packages/oslo_config/cfg.py:3242}}
Jun 26 09:52:52.850205 np0000183159 devstack@n-api-meta.service[108612]: DEBUG nova.api.openstack.wsgi_app [None req-3a952c1d-1d92-4fb8-bf76-d750181c31ba None None] control_exchange = nova {{(pid=108612) log_opt_values /opt/stack/data/venv/lib/python3.12/site-packages/oslo_config/cfg.py:3242}}
Jun 26 09:52:52.850351 np0000183159 devstack@n-api-meta.service[108612]: DEBUG nova.api.openstack.wsgi_app [None req-3a952c1d-1d92-4fb8-bf76-d750181c31ba None None] cpu_allocation_ratio = None {{(pid=108612) log_opt_values /opt/stack/data/venv/lib/python3.12/site-packages/oslo_config/cfg.py:3242}}
Jun 26 09:52:52.850484 np0000183159 devstack@n-api-meta.service[108612]: DEBUG nova.api.openstack.wsgi_app [None req-3a952c1d-1d92-4fb8-bf76-d750181c31ba None None] daemon = False {{(pid=108612) log_opt_values /opt/stack/data/venv/lib/python3.12/site-packages/oslo_config/cfg.py:3242}}
Jun 26 09:52:52.850652 np0000183159 devstack@n-api-meta.service[108612]: DEBUG nova.api.openstack.wsgi_app [None req-3a952c1d-1d92-4fb8-bf76-d750181c31ba None None] debug = True {{(pid=108612) log_opt_values /opt/stack/data/venv/lib/python3.12/site-packages/oslo_config/cfg.py:3242}}
Jun 26 09:52:52.850730 np0000183159 devstack@n-api-meta.service[108609]: DEBUG dbcounter [-] [108609] Writer thread running {{(pid=108609) stat_writer /opt/stack/data/venv/lib/python3.12/site-packages/dbcounter.py:102}}
Jun 26 09:52:52.850786 np0000183159 devstack@n-api-meta.service[108612]: DEBUG nova.api.openstack.wsgi_app [None req-3a952c1d-1d92-4fb8-bf76-d750181c31ba None None] default_access_ip_network_name = None {{(pid=108612) log_opt_values /opt/stack/data/venv/lib/python3.12/site-packages/oslo_config/cfg.py:3242}}
Jun 26 09:52:52.850882 np0000183159 devstack@n-api-meta.service[108612]: DEBUG nova.api.openstack.wsgi_app [None req-3a952c1d-1d92-4fb8-bf76-d750181c31ba None None] default_availability_zone = nova {{(pid=108612) log_opt_values /opt/stack/data/venv/lib/python3.12/site-packages/oslo_config/cfg.py:3242}}
Jun 26 09:52:52.851353 np0000183159 devstack@n-api-meta.service[108612]: DEBUG nova.api.openstack.wsgi_app [None req-3a952c1d-1d92-4fb8-bf76-d750181c31ba None None] default_ephemeral_format = ext4 {{(pid=108612) log_opt_values /opt/stack/data/venv/lib/python3.12/site-packages/oslo_config/cfg.py:3242}}
Jun 26 09:52:52.851353 np0000183159 devstack@n-api-meta.service[108612]: DEBUG nova.api.openstack.wsgi_app [None req-3a952c1d-1d92-4fb8-bf76-d750181c31ba None None] default_green_pool_size = 1000 {{(pid=108612) log_opt_values /opt/stack/data/venv/lib/python3.12/site-packages/oslo_config/cfg.py:3242}}
Jun 26 09:52:52.851353 np0000183159 devstack@n-api-meta.service[108612]: DEBUG nova.api.openstack.wsgi_app [None req-3a952c1d-1d92-4fb8-bf76-d750181c31ba None None] default_log_levels = ['amqp=WARN', 'boto=WARN', 'sqlalchemy=WARN', 'suds=INFO', 'oslo.messaging=INFO', 'oslo_messaging=INFO', 'iso8601=WARN', 'requests.packages.urllib3.connectionpool=WARN', 'urllib3.connectionpool=WARN', 'websocket=WARN', 'requests.packages.urllib3.util.retry=WARN', 'urllib3.util.retry=WARN', 'keystonemiddleware=WARN', 'routes.middleware=WARN', 'stevedore=WARN', 'taskflow=WARN', 'keystoneauth=WARN', 'oslo.cache=INFO', 'oslo_policy=INFO', 'dogpile.core.dogpile=INFO', 'glanceclient=WARN', 'oslo.privsep.daemon=INFO'] {{(pid=108612) log_opt_values /opt/stack/data/venv/lib/python3.12/site-packages/oslo_config/cfg.py:3242}}
Jun 26 09:52:52.851608 np0000183159 devstack@n-api-meta.service[108612]: DEBUG nova.api.openstack.wsgi_app [None req-3a952c1d-1d92-4fb8-bf76-d750181c31ba None None] default_schedule_zone = None {{(pid=108612) log_opt_values /opt/stack/data/venv/lib/python3.12/site-packages/oslo_config/cfg.py:3242}}
Jun 26 09:52:52.851651 np0000183159 devstack@n-api-meta.service[108612]: DEBUG nova.api.openstack.wsgi_app [None req-3a952c1d-1d92-4fb8-bf76-d750181c31ba None None] default_thread_pool_size = 10 {{(pid=108612) log_opt_values /opt/stack/data/venv/lib/python3.12/site-packages/oslo_config/cfg.py:3242}}
Jun 26 09:52:52.851762 np0000183159 devstack@n-api-meta.service[108612]: DEBUG nova.api.openstack.wsgi_app [None req-3a952c1d-1d92-4fb8-bf76-d750181c31ba None None] disk_allocation_ratio = None {{(pid=108612) log_opt_values /opt/stack/data/venv/lib/python3.12/site-packages/oslo_config/cfg.py:3242}}
Jun 26 09:52:52.851888 np0000183159 devstack@n-api-meta.service[108612]: DEBUG nova.api.openstack.wsgi_app [None req-3a952c1d-1d92-4fb8-bf76-d750181c31ba None None] enable_new_services = True {{(pid=108612) log_opt_values /opt/stack/data/venv/lib/python3.12/site-packages/oslo_config/cfg.py:3242}}
Jun 26 09:52:52.852017 np0000183159 devstack@n-api-meta.service[108612]: DEBUG nova.api.openstack.wsgi_app [None req-3a952c1d-1d92-4fb8-bf76-d750181c31ba None None] flat_injected = False {{(pid=108612) log_opt_values /opt/stack/data/venv/lib/python3.12/site-packages/oslo_config/cfg.py:3242}}
Jun 26 09:52:52.852146 np0000183159 devstack@n-api-meta.service[108612]: DEBUG nova.api.openstack.wsgi_app [None req-3a952c1d-1d92-4fb8-bf76-d750181c31ba None None] force_config_drive = False {{(pid=108612) log_opt_values /opt/stack/data/venv/lib/python3.12/site-packages/oslo_config/cfg.py:3242}}
Jun 26 09:52:52.852294 np0000183159 devstack@n-api-meta.service[108612]: DEBUG nova.api.openstack.wsgi_app [None req-3a952c1d-1d92-4fb8-bf76-d750181c31ba None None] force_raw_images = True {{(pid=108612) log_opt_values /opt/stack/data/venv/lib/python3.12/site-packages/oslo_config/cfg.py:3242}}
Jun 26 09:52:52.852464 np0000183159 devstack@n-api-meta.service[108612]: DEBUG nova.api.openstack.wsgi_app [None req-3a952c1d-1d92-4fb8-bf76-d750181c31ba None None] graceful_shutdown_timeout = 5 {{(pid=108612) log_opt_values /opt/stack/data/venv/lib/python3.12/site-packages/oslo_config/cfg.py:3242}}
Jun 26 09:52:52.852565 np0000183159 devstack@n-api-meta.service[108612]: DEBUG nova.api.openstack.wsgi_app [None req-3a952c1d-1d92-4fb8-bf76-d750181c31ba None None] heal_instance_info_cache_interval = -1 {{(pid=108612) log_opt_values /opt/stack/data/venv/lib/python3.12/site-packages/oslo_config/cfg.py:3242}}
Jun 26 09:52:52.852785 np0000183159 devstack@n-api-meta.service[108612]: DEBUG nova.api.openstack.wsgi_app [None req-3a952c1d-1d92-4fb8-bf76-d750181c31ba None None] host = np0000183159 {{(pid=108612) log_opt_values /opt/stack/data/venv/lib/python3.12/site-packages/oslo_config/cfg.py:3242}}
Jun 26 09:52:52.852934 np0000183159 devstack@n-api-meta.service[108612]: DEBUG nova.api.openstack.wsgi_app [None req-3a952c1d-1d92-4fb8-bf76-d750181c31ba None None] initial_cpu_allocation_ratio = 4.0 {{(pid=108612) log_opt_values /opt/stack/data/venv/lib/python3.12/site-packages/oslo_config/cfg.py:3242}}
Jun 26 09:52:52.853067 np0000183159 devstack@n-api-meta.service[108612]: DEBUG nova.api.openstack.wsgi_app [None req-3a952c1d-1d92-4fb8-bf76-d750181c31ba None None] initial_disk_allocation_ratio = 1.0 {{(pid=108612) log_opt_values /opt/stack/data/venv/lib/python3.12/site-packages/oslo_config/cfg.py:3242}}
Jun 26 09:52:52.853204 np0000183159 devstack@n-api-meta.service[108612]: DEBUG nova.api.openstack.wsgi_app [None req-3a952c1d-1d92-4fb8-bf76-d750181c31ba None None] initial_ram_allocation_ratio = 1.0 {{(pid=108612) log_opt_values /opt/stack/data/venv/lib/python3.12/site-packages/oslo_config/cfg.py:3242}}
Jun 26 09:52:52.853408 np0000183159 devstack@n-api-meta.service[108612]: DEBUG nova.api.openstack.wsgi_app [None req-3a952c1d-1d92-4fb8-bf76-d750181c31ba None None] injected_network_template = /opt/stack/nova/nova/virt/interfaces.template {{(pid=108612) log_opt_values /opt/stack/data/venv/lib/python3.12/site-packages/oslo_config/cfg.py:3242}}
Jun 26 09:52:52.853552 np0000183159 devstack@n-api-meta.service[108612]: DEBUG nova.api.openstack.wsgi_app [None req-3a952c1d-1d92-4fb8-bf76-d750181c31ba None None] instance_build_timeout = 0 {{(pid=108612) log_opt_values /opt/stack/data/venv/lib/python3.12/site-packages/oslo_config/cfg.py:3242}}
Jun 26 09:52:52.853675 np0000183159 devstack@n-api-meta.service[108612]: DEBUG nova.api.openstack.wsgi_app [None req-3a952c1d-1d92-4fb8-bf76-d750181c31ba None None] instance_delete_interval = 300 {{(pid=108612) log_opt_values /opt/stack/data/venv/lib/python3.12/site-packages/oslo_config/cfg.py:3242}}
Jun 26 09:52:52.853810 np0000183159 devstack@n-api-meta.service[108612]: DEBUG nova.api.openstack.wsgi_app [None req-3a952c1d-1d92-4fb8-bf76-d750181c31ba None None] instance_format = [instance: %(uuid)s] {{(pid=108612) log_opt_values /opt/stack/data/venv/lib/python3.12/site-packages/oslo_config/cfg.py:3242}}
Jun 26 09:52:52.853947 np0000183159 devstack@n-api-meta.service[108612]: DEBUG nova.api.openstack.wsgi_app [None req-3a952c1d-1d92-4fb8-bf76-d750181c31ba None None] instance_name_template = instance-%08x {{(pid=108612) log_opt_values /opt/stack/data/venv/lib/python3.12/site-packages/oslo_config/cfg.py:3242}}
Jun 26 09:52:52.854077 np0000183159 devstack@n-api-meta.service[108612]: DEBUG nova.api.openstack.wsgi_app [None req-3a952c1d-1d92-4fb8-bf76-d750181c31ba None None] instance_usage_audit = False {{(pid=108612) log_opt_values /opt/stack/data/venv/lib/python3.12/site-packages/oslo_config/cfg.py:3242}}
Jun 26 09:52:52.854216 np0000183159 devstack@n-api-meta.service[108612]: DEBUG nova.api.openstack.wsgi_app [None req-3a952c1d-1d92-4fb8-bf76-d750181c31ba None None] instance_usage_audit_period = month {{(pid=108612) log_opt_values /opt/stack/data/venv/lib/python3.12/site-packages/oslo_config/cfg.py:3242}}
Jun 26 09:52:52.854373 np0000183159 devstack@n-api-meta.service[108612]: DEBUG nova.api.openstack.wsgi_app [None req-3a952c1d-1d92-4fb8-bf76-d750181c31ba None None] instance_uuid_format = [instance: %(uuid)s] {{(pid=108612) log_opt_values /opt/stack/data/venv/lib/python3.12/site-packages/oslo_config/cfg.py:3242}}
Jun 26 09:52:52.854503 np0000183159 devstack@n-api-meta.service[108612]: DEBUG nova.api.openstack.wsgi_app [None req-3a952c1d-1d92-4fb8-bf76-d750181c31ba None None] instances_path = /opt/stack/data/nova/instances {{(pid=108612) log_opt_values /opt/stack/data/venv/lib/python3.12/site-packages/oslo_config/cfg.py:3242}}
Jun 26 09:52:52.854638 np0000183159 devstack@n-api-meta.service[108612]: DEBUG nova.api.openstack.wsgi_app [None req-3a952c1d-1d92-4fb8-bf76-d750181c31ba None None] internal_service_availability_zone = internal {{(pid=108612) log_opt_values /opt/stack/data/venv/lib/python3.12/site-packages/oslo_config/cfg.py:3242}}
Jun 26 09:52:52.854762 np0000183159 devstack@n-api-meta.service[108612]: DEBUG nova.api.openstack.wsgi_app [None req-3a952c1d-1d92-4fb8-bf76-d750181c31ba None None] key = None {{(pid=108612) log_opt_values /opt/stack/data/venv/lib/python3.12/site-packages/oslo_config/cfg.py:3242}}
Jun 26 09:52:52.854891 np0000183159 devstack@n-api-meta.service[108612]: DEBUG nova.api.openstack.wsgi_app [None req-3a952c1d-1d92-4fb8-bf76-d750181c31ba None None] live_migration_retry_count = 30 {{(pid=108612) log_opt_values /opt/stack/data/venv/lib/python3.12/site-packages/oslo_config/cfg.py:3242}}
Jun 26 09:52:52.855032 np0000183159 devstack@n-api-meta.service[108612]: DEBUG nova.api.openstack.wsgi_app [None req-3a952c1d-1d92-4fb8-bf76-d750181c31ba None None] log_color = False {{(pid=108612) log_opt_values /opt/stack/data/venv/lib/python3.12/site-packages/oslo_config/cfg.py:3242}}
Jun 26 09:52:52.855166 np0000183159 devstack@n-api-meta.service[108612]: DEBUG nova.api.openstack.wsgi_app [None req-3a952c1d-1d92-4fb8-bf76-d750181c31ba None None] log_config_append = None {{(pid=108612) log_opt_values /opt/stack/data/venv/lib/python3.12/site-packages/oslo_config/cfg.py:3242}}
Jun 26 09:52:52.855318 np0000183159 devstack@n-api-meta.service[108612]: DEBUG nova.api.openstack.wsgi_app [None req-3a952c1d-1d92-4fb8-bf76-d750181c31ba None None] log_date_format = %Y-%m-%d %H:%M:%S {{(pid=108612) log_opt_values /opt/stack/data/venv/lib/python3.12/site-packages/oslo_config/cfg.py:3242}}
Jun 26 09:52:52.855451 np0000183159 devstack@n-api-meta.service[108612]: DEBUG nova.api.openstack.wsgi_app [None req-3a952c1d-1d92-4fb8-bf76-d750181c31ba None None] log_dir = None {{(pid=108612) log_opt_values /opt/stack/data/venv/lib/python3.12/site-packages/oslo_config/cfg.py:3242}}
Jun 26 09:52:52.855604 np0000183159 devstack@n-api-meta.service[108612]: DEBUG nova.api.openstack.wsgi_app [None req-3a952c1d-1d92-4fb8-bf76-d750181c31ba None None] log_file = None {{(pid=108612) log_opt_values /opt/stack/data/venv/lib/python3.12/site-packages/oslo_config/cfg.py:3242}}
Jun 26 09:52:52.855710 np0000183159 devstack@n-api-meta.service[108612]: DEBUG nova.api.openstack.wsgi_app [None req-3a952c1d-1d92-4fb8-bf76-d750181c31ba None None] log_options = True {{(pid=108612) log_opt_values /opt/stack/data/venv/lib/python3.12/site-packages/oslo_config/cfg.py:3242}}
Jun 26 09:52:52.855905 np0000183159 devstack@n-api-meta.service[108612]: DEBUG nova.api.openstack.wsgi_app [None req-3a952c1d-1d92-4fb8-bf76-d750181c31ba None None] log_rotate_interval = 1 {{(pid=108612) log_opt_values /opt/stack/data/venv/lib/python3.12/site-packages/oslo_config/cfg.py:3242}}
Jun 26 09:52:52.856144 np0000183159 devstack@n-api-meta.service[108612]: DEBUG nova.api.openstack.wsgi_app [None req-3a952c1d-1d92-4fb8-bf76-d750181c31ba None None] log_rotate_interval_type = days {{(pid=108612) log_opt_values /opt/stack/data/venv/lib/python3.12/site-packages/oslo_config/cfg.py:3242}}
Jun 26 09:52:52.856392 np0000183159 devstack@n-api-meta.service[108612]: DEBUG nova.api.openstack.wsgi_app [None req-3a952c1d-1d92-4fb8-bf76-d750181c31ba None None] log_rotation_type = none {{(pid=108612) log_opt_values /opt/stack/data/venv/lib/python3.12/site-packages/oslo_config/cfg.py:3242}}
Jun 26 09:52:52.856556 np0000183159 devstack@n-api-meta.service[108612]: DEBUG nova.api.openstack.wsgi_app [None req-3a952c1d-1d92-4fb8-bf76-d750181c31ba None None] logging_context_format_string = %(color)s%(levelname)s %(name)s [%(global_request_id)s %(request_id)s %(project_name)s %(user_name)s%(color)s] %(instance)s%(color)s%(message)s {{(pid=108612) log_opt_values /opt/stack/data/venv/lib/python3.12/site-packages/oslo_config/cfg.py:3242}}
Jun 26 09:52:52.856727 np0000183159 devstack@n-api-meta.service[108612]: DEBUG nova.api.openstack.wsgi_app [None req-3a952c1d-1d92-4fb8-bf76-d750181c31ba None None] logging_debug_format_suffix = {{(pid=%(process)d) %(funcName)s %(pathname)s:%(lineno)d}} {{(pid=108612) log_opt_values /opt/stack/data/venv/lib/python3.12/site-packages/oslo_config/cfg.py:3242}}
Jun 26 09:52:52.856901 np0000183159 devstack@n-api-meta.service[108612]: DEBUG nova.api.openstack.wsgi_app [None req-3a952c1d-1d92-4fb8-bf76-d750181c31ba None None] logging_default_format_string = %(color)s%(levelname)s %(name)s [-%(color)s] %(instance)s%(color)s%(message)s {{(pid=108612) log_opt_values /opt/stack/data/venv/lib/python3.12/site-packages/oslo_config/cfg.py:3242}}
Jun 26 09:52:52.857041 np0000183159 devstack@n-api-meta.service[108612]: DEBUG nova.api.openstack.wsgi_app [None req-3a952c1d-1d92-4fb8-bf76-d750181c31ba None None] logging_exception_prefix = ERROR %(name)s %(instance)s {{(pid=108612) log_opt_values /opt/stack/data/venv/lib/python3.12/site-packages/oslo_config/cfg.py:3242}}
