Apr 12 19:32:40.247789 np0000165325 systemd[1]: Starting devstack@n-api.service - Devstack devstack@n-api.service...
Apr 12 19:32:40.261490 np0000165325 devstack@n-api.service[100883]: [uWSGI] getting INI configuration from /etc/nova/nova-api-uwsgi.ini
Apr 12 19:32:40.262513 np0000165325 devstack@n-api.service[100883]: open("./http_plugin.so"): No such file or directory [core/utils.c line 3709]
Apr 12 19:32:40.262513 np0000165325 devstack@n-api.service[100883]: !!! UNABLE to load uWSGI plugin: ./http_plugin.so: cannot open shared object file: No such file or directory !!!
Apr 12 19:32:40.262513 np0000165325 devstack@n-api.service[100883]: open("./python3_plugin.so"): No such file or directory [core/utils.c line 3709]
Apr 12 19:32:40.262513 np0000165325 devstack@n-api.service[100883]: !!! UNABLE to load uWSGI plugin: ./python3_plugin.so: cannot open shared object file: No such file or directory !!!
Apr 12 19:32:40.262513 np0000165325 devstack@n-api.service[100883]: *** Starting uWSGI 2.0.31 (64bit) on [Sun Apr 12 19:32:40 2026] ***
Apr 12 19:32:40.262513 np0000165325 devstack@n-api.service[100883]: compiled with version: 13.3.0 on 12 April 2026 19:22:49
Apr 12 19:32:40.262513 np0000165325 devstack@n-api.service[100883]: os: Linux-6.8.0-107-generic #107-Ubuntu SMP PREEMPT_DYNAMIC Fri Mar 13 19:51:50 UTC 2026
Apr 12 19:32:40.262513 np0000165325 devstack@n-api.service[100883]: nodename: np0000165325
Apr 12 19:32:40.262513 np0000165325 devstack@n-api.service[100883]: machine: x86_64
Apr 12 19:32:40.262513 np0000165325 devstack@n-api.service[100883]: clock source: unix
Apr 12 19:32:40.262513 np0000165325 devstack@n-api.service[100883]: pcre jit disabled
Apr 12 19:32:40.262513 np0000165325 devstack@n-api.service[100883]: detected number of CPU cores: 16
Apr 12 19:32:40.262513 np0000165325 devstack@n-api.service[100883]: current working directory: /
Apr 12 19:32:40.262513 np0000165325 devstack@n-api.service[100883]: detected binary path: /opt/stack/data/venv/bin/uwsgi
Apr 12 19:32:40.262513 np0000165325 devstack@n-api.service[100883]: your processes number limit is 256917
Apr 12 19:32:40.262513 np0000165325 devstack@n-api.service[100883]: your memory page size is 4096 bytes
Apr 12 19:32:40.262513 np0000165325 devstack@n-api.service[100883]: detected max file descriptor number: 2048
Apr 12 19:32:40.262513 np0000165325 devstack@n-api.service[100883]: lock engine: pthread robust mutexes
Apr 12 19:32:40.262513 np0000165325 devstack@n-api.service[100883]: thunder lock: enabled
Apr 12 19:32:40.263635 np0000165325 devstack@n-api.service[100883]: uwsgi socket 0 bound to UNIX address /var/run/uwsgi/nova-api.socket fd 4
Apr 12 19:32:40.263635 np0000165325 devstack@n-api.service[100883]: Python version: 3.12.3 (main, Mar 3 2026, 12:15:18) [GCC 13.3.0]
Apr 12 19:32:40.263635 np0000165325 devstack@n-api.service[100883]: PEP 405 virtualenv detected: /opt/stack/data/venv
Apr 12 19:32:40.263635 np0000165325 devstack@n-api.service[100883]: Set PythonHome to /opt/stack/data/venv
Apr 12 19:32:40.299997 np0000165325 devstack@n-api.service[100883]: Python main interpreter initialized at 0x710dcbea3668
Apr 12 19:32:40.299997 np0000165325 devstack@n-api.service[100883]: python threads support enabled
Apr 12 19:32:40.299997 np0000165325 devstack@n-api.service[100883]: your server socket listen backlog is limited to 100 connections
Apr 12 19:32:40.299997 np0000165325 devstack@n-api.service[100883]: your mercy for graceful operations on workers is 80 seconds
Apr 12 19:32:40.300568 np0000165325 devstack@n-api.service[100883]: mapped 671795 bytes (656 KB) for 4 cores
Apr 12 19:32:40.300704 np0000165325 devstack@n-api.service[100883]: *** Operational MODE: preforking ***
Apr 12 19:32:40.300909 np0000165325 devstack@n-api.service[100883]: *** uWSGI is running in multiple interpreter mode ***
Apr 12 19:32:40.300909 np0000165325 devstack@n-api.service[100883]: spawned uWSGI master process (pid: 100883)
Apr 12 19:32:40.301241 np0000165325 systemd[1]: Started devstack@n-api.service - Devstack devstack@n-api.service.
Apr 12 19:32:40.301654 np0000165325 devstack@n-api.service[100883]: spawned uWSGI worker 1 (pid: 100884, cores: 1)
Apr 12 19:32:40.302481 np0000165325 devstack@n-api.service[100883]: spawned uWSGI worker 2 (pid: 100885, cores: 1)
Apr 12 19:32:40.302985 np0000165325 devstack@n-api.service[100883]: spawned uWSGI worker 3 (pid: 100886, cores: 1)
Apr 12 19:32:40.303457 np0000165325 devstack@n-api.service[100883]: spawned uWSGI worker 4 (pid: 100887, cores: 1)
Apr 12 19:32:40.303555 np0000165325 devstack@n-api.service[100883]: running "unix_signal:15 gracefully_kill_them_all" (master-start)...
Apr 12 19:32:40.627395 np0000165325 devstack@n-api.service[100886]: /opt/stack/data/venv/lib/python3.12/site-packages/oslo_concurrency/lockutils.py:41: EventletDeprecationWarning:
Apr 12 19:32:40.627395 np0000165325 devstack@n-api.service[100886]: Eventlet is deprecated. It is currently being maintained in bugfix mode, and
Apr 12 19:32:40.627395 np0000165325 devstack@n-api.service[100886]: we strongly recommend against using it for new projects.
Apr 12 19:32:40.627395 np0000165325 devstack@n-api.service[100886]: If you are already using Eventlet, we recommend migrating to a different
Apr 12 19:32:40.627395 np0000165325 devstack@n-api.service[100886]: framework. For more detail see
Apr 12 19:32:40.627395 np0000165325 devstack@n-api.service[100886]: https://eventlet.readthedocs.io/en/latest/asyncio/migration.html
Apr 12 19:32:40.627395 np0000165325 devstack@n-api.service[100886]: import eventlet
Apr 12 19:32:40.632071 np0000165325 devstack@n-api.service[100885]: /opt/stack/data/venv/lib/python3.12/site-packages/oslo_concurrency/lockutils.py:41: EventletDeprecationWarning:
Apr 12 19:32:40.632071 np0000165325 devstack@n-api.service[100885]: Eventlet is deprecated. It is currently being maintained in bugfix mode, and
Apr 12 19:32:40.632071 np0000165325 devstack@n-api.service[100885]: we strongly recommend against using it for new projects.
Apr 12 19:32:40.632071 np0000165325 devstack@n-api.service[100885]: If you are already using Eventlet, we recommend migrating to a different
Apr 12 19:32:40.632071 np0000165325 devstack@n-api.service[100885]: framework. For more detail see
Apr 12 19:32:40.632071 np0000165325 devstack@n-api.service[100885]: https://eventlet.readthedocs.io/en/latest/asyncio/migration.html
Apr 12 19:32:40.632071 np0000165325 devstack@n-api.service[100885]: import eventlet
Apr 12 19:32:40.632597 np0000165325 devstack@n-api.service[100887]: /opt/stack/data/venv/lib/python3.12/site-packages/oslo_concurrency/lockutils.py:41: EventletDeprecationWarning:
Apr 12 19:32:40.632597 np0000165325 devstack@n-api.service[100887]: Eventlet is deprecated. It is currently being maintained in bugfix mode, and
Apr 12 19:32:40.632597 np0000165325 devstack@n-api.service[100887]: we strongly recommend against using it for new projects.
Apr 12 19:32:40.632597 np0000165325 devstack@n-api.service[100887]: If you are already using Eventlet, we recommend migrating to a different
Apr 12 19:32:40.632597 np0000165325 devstack@n-api.service[100887]: framework. For more detail see
Apr 12 19:32:40.632597 np0000165325 devstack@n-api.service[100887]: https://eventlet.readthedocs.io/en/latest/asyncio/migration.html
Apr 12 19:32:40.632597 np0000165325 devstack@n-api.service[100887]: import eventlet
Apr 12 19:32:40.653804 np0000165325 devstack@n-api.service[100884]: /opt/stack/data/venv/lib/python3.12/site-packages/oslo_concurrency/lockutils.py:41: EventletDeprecationWarning:
Apr 12 19:32:40.653804 np0000165325 devstack@n-api.service[100884]: Eventlet is deprecated. It is currently being maintained in bugfix mode, and
Apr 12 19:32:40.653804 np0000165325 devstack@n-api.service[100884]: we strongly recommend against using it for new projects.
Apr 12 19:32:40.653804 np0000165325 devstack@n-api.service[100884]: If you are already using Eventlet, we recommend migrating to a different
Apr 12 19:32:40.653804 np0000165325 devstack@n-api.service[100884]: framework. For more detail see
Apr 12 19:32:40.653804 np0000165325 devstack@n-api.service[100884]: https://eventlet.readthedocs.io/en/latest/asyncio/migration.html
Apr 12 19:32:40.653804 np0000165325 devstack@n-api.service[100884]: import eventlet
Apr 12 19:32:40.674066 np0000165325 devstack@n-api.service[100886]: Service is starting with native threading. This is currently experimental. Do not use it in production without first testing it in pre-production.
Apr 12 19:32:40.676921 np0000165325 devstack@n-api.service[100885]: Service is starting with native threading. This is currently experimental. Do not use it in production without first testing it in pre-production.
Apr 12 19:32:40.681228 np0000165325 devstack@n-api.service[100887]: Service is starting with native threading. This is currently experimental. Do not use it in production without first testing it in pre-production.
Apr 12 19:32:40.708968 np0000165325 devstack@n-api.service[100884]: Service is starting with native threading. This is currently experimental. Do not use it in production without first testing it in pre-production.
Apr 12 19:32:42.762621 np0000165325 devstack@n-api.service[100886]: INFO dbcounter [None req-34080fae-6522-4c6d-8b0d-05c2a04eea85 None None] Registered counter for database nova_api
Apr 12 19:32:42.775298 np0000165325 devstack@n-api.service[100886]: DEBUG oslo_db.sqlalchemy.engines [None req-34080fae-6522-4c6d-8b0d-05c2a04eea85 None None] MySQL server mode set to STRICT_TRANS_TABLES,STRICT_ALL_TABLES,NO_ZERO_IN_DATE,NO_ZERO_DATE,ERROR_FOR_DIVISION_BY_ZERO,TRADITIONAL,NO_ENGINE_SUBSTITUTION {{(pid=100886) _check_effective_sql_mode /opt/stack/data/venv/lib/python3.12/site-packages/oslo_db/sqlalchemy/engines.py:325}}
Apr 12 19:32:42.784276 np0000165325 devstack@n-api.service[100887]: INFO dbcounter [None req-d0453447-95c3-4953-bb53-df107a6fca1a None None] Registered counter for database nova_api
Apr 12 19:32:42.793776 np0000165325 devstack@n-api.service[100885]: INFO dbcounter [None req-9484b59c-e855-4cb3-9f71-1eee6a3e44ce None None] Registered counter for database nova_api
Apr 12 19:32:42.798367 np0000165325 devstack@n-api.service[100887]: DEBUG oslo_db.sqlalchemy.engines [None req-d0453447-95c3-4953-bb53-df107a6fca1a None None] MySQL server mode set to STRICT_TRANS_TABLES,STRICT_ALL_TABLES,NO_ZERO_IN_DATE,NO_ZERO_DATE,ERROR_FOR_DIVISION_BY_ZERO,TRADITIONAL,NO_ENGINE_SUBSTITUTION {{(pid=100887) _check_effective_sql_mode /opt/stack/data/venv/lib/python3.12/site-packages/oslo_db/sqlalchemy/engines.py:325}}
Apr 12 19:32:42.807826 np0000165325 devstack@n-api.service[100885]: DEBUG oslo_db.sqlalchemy.engines [None req-9484b59c-e855-4cb3-9f71-1eee6a3e44ce None None] MySQL server mode set to STRICT_TRANS_TABLES,STRICT_ALL_TABLES,NO_ZERO_IN_DATE,NO_ZERO_DATE,ERROR_FOR_DIVISION_BY_ZERO,TRADITIONAL,NO_ENGINE_SUBSTITUTION {{(pid=100885) _check_effective_sql_mode /opt/stack/data/venv/lib/python3.12/site-packages/oslo_db/sqlalchemy/engines.py:325}}
Apr 12 19:32:42.808169 np0000165325 devstack@n-api.service[100886]: DEBUG dbcounter [-] [100886] Writer thread running {{(pid=100886) stat_writer /opt/stack/data/venv/lib/python3.12/site-packages/dbcounter.py:102}}
Apr 12 19:32:42.810677 np0000165325 devstack@n-api.service[100886]: DEBUG nova.context [None req-34080fae-6522-4c6d-8b0d-05c2a04eea85 None None] Found 2 cells: 00000000-0000-0000-0000-000000000000(cell0),da1570d5-52be-4b4c-9017-4fbd5fb50ff8(cell1) {{(pid=100886) load_cells /opt/stack/nova/nova/context.py:509}}
Apr 12 19:32:42.810901 np0000165325 devstack@n-api.service[100886]: INFO nova.utils [None req-34080fae-6522-4c6d-8b0d-05c2a04eea85 None None] The cell worker thread pool MainProcess.cell_worker is initialized
Apr 12 19:32:42.812670 np0000165325 devstack@n-api.service[100886]: DEBUG oslo_concurrency.lockutils [None req-34080fae-6522-4c6d-8b0d-05c2a04eea85 None None] Acquiring lock "00000000-0000-0000-0000-000000000000" by "nova.context.set_target_cell..get_or_set_cached_cell_and_set_connections" {{(pid=100886) inner /opt/stack/data/venv/lib/python3.12/site-packages/oslo_concurrency/lockutils.py:506}}
Apr 12 19:32:42.812845 np0000165325 devstack@n-api.service[100886]: DEBUG oslo_concurrency.lockutils [None req-34080fae-6522-4c6d-8b0d-05c2a04eea85 None None] Lock "00000000-0000-0000-0000-000000000000" acquired by "nova.context.set_target_cell..get_or_set_cached_cell_and_set_connections" :: waited 0.000s {{(pid=100886) inner /opt/stack/data/venv/lib/python3.12/site-packages/oslo_concurrency/lockutils.py:519}}
Apr 12 19:32:42.813210 np0000165325 devstack@n-api.service[100886]: DEBUG oslo_concurrency.lockutils [None req-34080fae-6522-4c6d-8b0d-05c2a04eea85 None None] Lock "00000000-0000-0000-0000-000000000000" "released" by "nova.context.set_target_cell..get_or_set_cached_cell_and_set_connections" :: held 0.000s {{(pid=100886) inner /opt/stack/data/venv/lib/python3.12/site-packages/oslo_concurrency/lockutils.py:538}}
Apr 12 19:32:42.814456 np0000165325 devstack@n-api.service[100886]: DEBUG oslo_concurrency.lockutils [None req-34080fae-6522-4c6d-8b0d-05c2a04eea85 None None] Acquiring lock "da1570d5-52be-4b4c-9017-4fbd5fb50ff8" by "nova.context.set_target_cell..get_or_set_cached_cell_and_set_connections" {{(pid=100886) inner /opt/stack/data/venv/lib/python3.12/site-packages/oslo_concurrency/lockutils.py:506}}
Apr 12 19:32:42.818202 np0000165325 devstack@n-api.service[100886]: INFO dbcounter [None req-34080fae-6522-4c6d-8b0d-05c2a04eea85 None None] Registered counter for database nova_cell0
Apr 12 19:32:42.821374 np0000165325 devstack@n-api.service[100886]: DEBUG oslo_concurrency.lockutils [None req-34080fae-6522-4c6d-8b0d-05c2a04eea85 None None] Lock "da1570d5-52be-4b4c-9017-4fbd5fb50ff8" acquired by "nova.context.set_target_cell..get_or_set_cached_cell_and_set_connections" :: waited 0.003s {{(pid=100886) inner /opt/stack/data/venv/lib/python3.12/site-packages/oslo_concurrency/lockutils.py:519}}
Apr 12 19:32:42.826326 np0000165325 devstack@n-api.service[100886]: DEBUG oslo_concurrency.lockutils [None req-34080fae-6522-4c6d-8b0d-05c2a04eea85 None None] Lock "da1570d5-52be-4b4c-9017-4fbd5fb50ff8" "released" by "nova.context.set_target_cell..get_or_set_cached_cell_and_set_connections" :: held 0.008s {{(pid=100886) inner /opt/stack/data/venv/lib/python3.12/site-packages/oslo_concurrency/lockutils.py:538}}
Apr 12 19:32:42.830677 np0000165325 devstack@n-api.service[100886]: INFO dbcounter [None req-34080fae-6522-4c6d-8b0d-05c2a04eea85 None None] Registered counter for database nova_cell1
Apr 12 19:32:42.832979 np0000165325 devstack@n-api.service[100887]: DEBUG dbcounter [-] [100887] Writer thread running {{(pid=100887) stat_writer /opt/stack/data/venv/lib/python3.12/site-packages/dbcounter.py:102}}
Apr 12 19:32:42.835359 np0000165325 devstack@n-api.service[100887]: DEBUG nova.context [None req-d0453447-95c3-4953-bb53-df107a6fca1a None None] Found 2 cells: 00000000-0000-0000-0000-000000000000(cell0),da1570d5-52be-4b4c-9017-4fbd5fb50ff8(cell1) {{(pid=100887) load_cells /opt/stack/nova/nova/context.py:509}}
Apr 12 19:32:42.835587 np0000165325 devstack@n-api.service[100887]: INFO nova.utils [None req-d0453447-95c3-4953-bb53-df107a6fca1a None None] The cell worker thread pool MainProcess.cell_worker is initialized
Apr 12 19:32:42.837649 np0000165325 devstack@n-api.service[100887]: DEBUG oslo_concurrency.lockutils [None req-d0453447-95c3-4953-bb53-df107a6fca1a None None] Acquiring lock "00000000-0000-0000-0000-000000000000" by "nova.context.set_target_cell..get_or_set_cached_cell_and_set_connections" {{(pid=100887) inner /opt/stack/data/venv/lib/python3.12/site-packages/oslo_concurrency/lockutils.py:506}}
Apr 12 19:32:42.837828 np0000165325 devstack@n-api.service[100887]: DEBUG oslo_concurrency.lockutils [None req-d0453447-95c3-4953-bb53-df107a6fca1a None None] Lock "00000000-0000-0000-0000-000000000000" acquired by "nova.context.set_target_cell..get_or_set_cached_cell_and_set_connections" :: waited 0.000s {{(pid=100887) inner /opt/stack/data/venv/lib/python3.12/site-packages/oslo_concurrency/lockutils.py:519}}
Apr 12 19:32:42.838264 np0000165325 devstack@n-api.service[100887]: DEBUG oslo_concurrency.lockutils [None req-d0453447-95c3-4953-bb53-df107a6fca1a None None] Lock "00000000-0000-0000-0000-000000000000" "released" by "nova.context.set_target_cell..get_or_set_cached_cell_and_set_connections" :: held 0.000s {{(pid=100887) inner /opt/stack/data/venv/lib/python3.12/site-packages/oslo_concurrency/lockutils.py:538}}
Apr 12 19:32:42.838949 np0000165325 devstack@n-api.service[100887]: DEBUG oslo_concurrency.lockutils [None req-d0453447-95c3-4953-bb53-df107a6fca1a None None] Acquiring lock "da1570d5-52be-4b4c-9017-4fbd5fb50ff8" by "nova.context.set_target_cell..get_or_set_cached_cell_and_set_connections" {{(pid=100887) inner /opt/stack/data/venv/lib/python3.12/site-packages/oslo_concurrency/lockutils.py:506}}
Apr 12 19:32:42.839121 np0000165325 devstack@n-api.service[100887]: DEBUG oslo_concurrency.lockutils [None req-d0453447-95c3-4953-bb53-df107a6fca1a None None] Lock "da1570d5-52be-4b4c-9017-4fbd5fb50ff8" acquired by "nova.context.set_target_cell..get_or_set_cached_cell_and_set_connections" :: waited 0.000s {{(pid=100887) inner /opt/stack/data/venv/lib/python3.12/site-packages/oslo_concurrency/lockutils.py:519}}
Apr 12 19:32:42.839974 np0000165325 devstack@n-api.service[100887]: DEBUG oslo_concurrency.lockutils [None req-d0453447-95c3-4953-bb53-df107a6fca1a None None] Lock "da1570d5-52be-4b4c-9017-4fbd5fb50ff8" "released" by "nova.context.set_target_cell..get_or_set_cached_cell_and_set_connections" :: held 0.001s {{(pid=100887) inner /opt/stack/data/venv/lib/python3.12/site-packages/oslo_concurrency/lockutils.py:538}}
Apr 12 19:32:42.840152 np0000165325 devstack@n-api.service[100885]: DEBUG dbcounter [-] [100885] Writer thread running {{(pid=100885) stat_writer /opt/stack/data/venv/lib/python3.12/site-packages/dbcounter.py:102}}
Apr 12 19:32:42.843118 np0000165325 devstack@n-api.service[100886]: DEBUG oslo_db.sqlalchemy.engines [None req-34080fae-6522-4c6d-8b0d-05c2a04eea85 None None] MySQL server mode set to STRICT_TRANS_TABLES,STRICT_ALL_TABLES,NO_ZERO_IN_DATE,NO_ZERO_DATE,ERROR_FOR_DIVISION_BY_ZERO,TRADITIONAL,NO_ENGINE_SUBSTITUTION {{(pid=100886) _check_effective_sql_mode /opt/stack/data/venv/lib/python3.12/site-packages/oslo_db/sqlalchemy/engines.py:325}}
Apr 12 19:32:42.843188 np0000165325 devstack@n-api.service[100887]: INFO dbcounter [None req-d0453447-95c3-4953-bb53-df107a6fca1a None None] Registered counter for database nova_cell0
Apr 12 19:32:42.843798 np0000165325 devstack@n-api.service[100885]: DEBUG nova.context [None req-9484b59c-e855-4cb3-9f71-1eee6a3e44ce None None] Found 2 cells: 00000000-0000-0000-0000-000000000000(cell0),da1570d5-52be-4b4c-9017-4fbd5fb50ff8(cell1) {{(pid=100885) load_cells /opt/stack/nova/nova/context.py:509}}
Apr 12 19:32:42.844064 np0000165325 devstack@n-api.service[100885]: INFO nova.utils [None req-9484b59c-e855-4cb3-9f71-1eee6a3e44ce None None] The cell worker thread pool MainProcess.cell_worker is initialized
Apr 12 19:32:42.846318 np0000165325 devstack@n-api.service[100885]: DEBUG oslo_concurrency.lockutils [None req-9484b59c-e855-4cb3-9f71-1eee6a3e44ce None None] Acquiring lock "00000000-0000-0000-0000-000000000000" by "nova.context.set_target_cell..get_or_set_cached_cell_and_set_connections" {{(pid=100885) inner /opt/stack/data/venv/lib/python3.12/site-packages/oslo_concurrency/lockutils.py:506}}
Apr 12 19:32:42.848187 np0000165325 devstack@n-api.service[100885]: DEBUG oslo_concurrency.lockutils [None req-9484b59c-e855-4cb3-9f71-1eee6a3e44ce None None] Lock "00000000-0000-0000-0000-000000000000" acquired by "nova.context.set_target_cell..get_or_set_cached_cell_and_set_connections" :: waited 0.000s {{(pid=100885) inner /opt/stack/data/venv/lib/python3.12/site-packages/oslo_concurrency/lockutils.py:519}}
Apr 12 19:32:42.848187 np0000165325 devstack@n-api.service[100885]: DEBUG oslo_concurrency.lockutils [None req-9484b59c-e855-4cb3-9f71-1eee6a3e44ce None None] Lock "00000000-0000-0000-0000-000000000000" "released" by "nova.context.set_target_cell..get_or_set_cached_cell_and_set_connections" :: held 0.000s {{(pid=100885) inner /opt/stack/data/venv/lib/python3.12/site-packages/oslo_concurrency/lockutils.py:538}}
Apr 12 19:32:42.848372 np0000165325 devstack@n-api.service[100886]: DEBUG oslo_db.sqlalchemy.engines [None req-34080fae-6522-4c6d-8b0d-05c2a04eea85 None None] MySQL server mode set to STRICT_TRANS_TABLES,STRICT_ALL_TABLES,NO_ZERO_IN_DATE,NO_ZERO_DATE,ERROR_FOR_DIVISION_BY_ZERO,TRADITIONAL,NO_ENGINE_SUBSTITUTION {{(pid=100886) _check_effective_sql_mode /opt/stack/data/venv/lib/python3.12/site-packages/oslo_db/sqlalchemy/engines.py:325}}
Apr 12 19:32:42.848416 np0000165325 devstack@n-api.service[100885]: DEBUG oslo_concurrency.lockutils [None req-9484b59c-e855-4cb3-9f71-1eee6a3e44ce None None] Acquiring lock "da1570d5-52be-4b4c-9017-4fbd5fb50ff8" by "nova.context.set_target_cell..get_or_set_cached_cell_and_set_connections" {{(pid=100885) inner /opt/stack/data/venv/lib/python3.12/site-packages/oslo_concurrency/lockutils.py:506}}
Apr 12 19:32:42.848460 np0000165325 devstack@n-api.service[100887]: INFO dbcounter [None req-d0453447-95c3-4953-bb53-df107a6fca1a None None] Registered counter for database nova_cell1
Apr 12 19:32:42.848501 np0000165325 devstack@n-api.service[100885]: DEBUG oslo_concurrency.lockutils [None req-9484b59c-e855-4cb3-9f71-1eee6a3e44ce None None] Lock "da1570d5-52be-4b4c-9017-4fbd5fb50ff8" acquired by "nova.context.set_target_cell..get_or_set_cached_cell_and_set_connections" :: waited 0.000s {{(pid=100885) inner /opt/stack/data/venv/lib/python3.12/site-packages/oslo_concurrency/lockutils.py:519}}
Apr 12 19:32:42.848968 np0000165325 devstack@n-api.service[100885]: DEBUG oslo_concurrency.lockutils [None req-9484b59c-e855-4cb3-9f71-1eee6a3e44ce None None] Lock "da1570d5-52be-4b4c-9017-4fbd5fb50ff8" "released" by "nova.context.set_target_cell..get_or_set_cached_cell_and_set_connections" :: held 0.001s {{(pid=100885) inner /opt/stack/data/venv/lib/python3.12/site-packages/oslo_concurrency/lockutils.py:538}}
Apr 12 19:32:42.851700 np0000165325 devstack@n-api.service[100885]: INFO dbcounter [None req-9484b59c-e855-4cb3-9f71-1eee6a3e44ce None None] Registered counter for database nova_cell0
Apr 12 19:32:42.856250 np0000165325 devstack@n-api.service[100887]: DEBUG oslo_db.sqlalchemy.engines [None req-d0453447-95c3-4953-bb53-df107a6fca1a None None] MySQL server mode set to STRICT_TRANS_TABLES,STRICT_ALL_TABLES,NO_ZERO_IN_DATE,NO_ZERO_DATE,ERROR_FOR_DIVISION_BY_ZERO,TRADITIONAL,NO_ENGINE_SUBSTITUTION {{(pid=100887) _check_effective_sql_mode /opt/stack/data/venv/lib/python3.12/site-packages/oslo_db/sqlalchemy/engines.py:325}}
Apr 12 19:32:42.857672 np0000165325 devstack@n-api.service[100885]: INFO dbcounter [None req-9484b59c-e855-4cb3-9f71-1eee6a3e44ce None None] Registered counter for database nova_cell1
Apr 12 19:32:42.860434 np0000165325 devstack@n-api.service[100887]: DEBUG oslo_db.sqlalchemy.engines [None req-d0453447-95c3-4953-bb53-df107a6fca1a None None] MySQL server mode set to STRICT_TRANS_TABLES,STRICT_ALL_TABLES,NO_ZERO_IN_DATE,NO_ZERO_DATE,ERROR_FOR_DIVISION_BY_ZERO,TRADITIONAL,NO_ENGINE_SUBSTITUTION {{(pid=100887) _check_effective_sql_mode /opt/stack/data/venv/lib/python3.12/site-packages/oslo_db/sqlalchemy/engines.py:325}}
Apr 12 19:32:42.868220 np0000165325 devstack@n-api.service[100885]: DEBUG oslo_db.sqlalchemy.engines [None req-9484b59c-e855-4cb3-9f71-1eee6a3e44ce None None] MySQL server mode set to STRICT_TRANS_TABLES,STRICT_ALL_TABLES,NO_ZERO_IN_DATE,NO_ZERO_DATE,ERROR_FOR_DIVISION_BY_ZERO,TRADITIONAL,NO_ENGINE_SUBSTITUTION {{(pid=100885) _check_effective_sql_mode /opt/stack/data/venv/lib/python3.12/site-packages/oslo_db/sqlalchemy/engines.py:325}}
Apr 12 19:32:42.877832 np0000165325 devstack@n-api.service[100885]: DEBUG oslo_db.sqlalchemy.engines [None req-9484b59c-e855-4cb3-9f71-1eee6a3e44ce None None] MySQL server mode set to STRICT_TRANS_TABLES,STRICT_ALL_TABLES,NO_ZERO_IN_DATE,NO_ZERO_DATE,ERROR_FOR_DIVISION_BY_ZERO,TRADITIONAL,NO_ENGINE_SUBSTITUTION {{(pid=100885) _check_effective_sql_mode /opt/stack/data/venv/lib/python3.12/site-packages/oslo_db/sqlalchemy/engines.py:325}}
Apr 12 19:32:42.938967 np0000165325 devstack@n-api.service[100886]: DEBUG dbcounter [-] [100886] Writer thread running {{(pid=100886) stat_writer /opt/stack/data/venv/lib/python3.12/site-packages/dbcounter.py:102}}
Apr 12 19:32:42.944244 np0000165325 devstack@n-api.service[100886]: DEBUG dbcounter [-] [100886] Writer thread running {{(pid=100886) stat_writer /opt/stack/data/venv/lib/python3.12/site-packages/dbcounter.py:102}}
Apr 12 19:32:42.947680 np0000165325 devstack@n-api.service[100887]: DEBUG dbcounter [-] [100887] Writer thread running {{(pid=100887) stat_writer /opt/stack/data/venv/lib/python3.12/site-packages/dbcounter.py:102}}
Apr 12 19:32:42.951011 np0000165325 devstack@n-api.service[100887]: DEBUG dbcounter [-] [100887] Writer thread running {{(pid=100887) stat_writer /opt/stack/data/venv/lib/python3.12/site-packages/dbcounter.py:102}}
Apr 12 19:32:42.951764 np0000165325 devstack@n-api.service[100886]: INFO dbcounter [None req-34080fae-6522-4c6d-8b0d-05c2a04eea85 None None] Registered counter for database nova_cell0
Apr 12 19:32:42.956135 np0000165325 devstack@n-api.service[100887]: INFO dbcounter [None req-d0453447-95c3-4953-bb53-df107a6fca1a None None] Registered counter for database nova_cell0
Apr 12 19:32:42.963955 np0000165325 devstack@n-api.service[100886]: DEBUG oslo_db.sqlalchemy.engines [None req-34080fae-6522-4c6d-8b0d-05c2a04eea85 None None] MySQL server mode set to STRICT_TRANS_TABLES,STRICT_ALL_TABLES,NO_ZERO_IN_DATE,NO_ZERO_DATE,ERROR_FOR_DIVISION_BY_ZERO,TRADITIONAL,NO_ENGINE_SUBSTITUTION {{(pid=100886) _check_effective_sql_mode /opt/stack/data/venv/lib/python3.12/site-packages/oslo_db/sqlalchemy/engines.py:325}}
Apr 12 19:32:42.967188 np0000165325 devstack@n-api.service[100887]: DEBUG oslo_db.sqlalchemy.engines [None req-d0453447-95c3-4953-bb53-df107a6fca1a None None] MySQL server mode set to STRICT_TRANS_TABLES,STRICT_ALL_TABLES,NO_ZERO_IN_DATE,NO_ZERO_DATE,ERROR_FOR_DIVISION_BY_ZERO,TRADITIONAL,NO_ENGINE_SUBSTITUTION {{(pid=100887) _check_effective_sql_mode /opt/stack/data/venv/lib/python3.12/site-packages/oslo_db/sqlalchemy/engines.py:325}}
Apr 12 19:32:42.975689 np0000165325 devstack@n-api.service[100886]: DEBUG dbcounter [-] [100886] Writer thread running {{(pid=100886) stat_writer /opt/stack/data/venv/lib/python3.12/site-packages/dbcounter.py:102}}
Apr 12 19:32:42.978871 np0000165325 devstack@n-api.service[100887]: DEBUG dbcounter [-] [100887] Writer thread running {{(pid=100887) stat_writer /opt/stack/data/venv/lib/python3.12/site-packages/dbcounter.py:102}}
Apr 12 19:32:42.984910 np0000165325 devstack@n-api.service[100885]: DEBUG dbcounter [-] [100885] Writer thread running {{(pid=100885) stat_writer /opt/stack/data/venv/lib/python3.12/site-packages/dbcounter.py:102}}
Apr 12 19:32:42.986177 np0000165325 devstack@n-api.service[100884]: INFO dbcounter [None req-73b82e6d-b18b-4060-b737-acd94011042b None None] Registered counter for database nova_api
Apr 12 19:32:42.989047 np0000165325 devstack@n-api.service[100885]: DEBUG dbcounter [-] [100885] Writer thread running {{(pid=100885) stat_writer /opt/stack/data/venv/lib/python3.12/site-packages/dbcounter.py:102}}
Apr 12 19:32:43.002753 np0000165325 devstack@n-api.service[100884]: DEBUG oslo_db.sqlalchemy.engines [None req-73b82e6d-b18b-4060-b737-acd94011042b None None] MySQL server mode set to STRICT_TRANS_TABLES,STRICT_ALL_TABLES,NO_ZERO_IN_DATE,NO_ZERO_DATE,ERROR_FOR_DIVISION_BY_ZERO,TRADITIONAL,NO_ENGINE_SUBSTITUTION {{(pid=100884) _check_effective_sql_mode /opt/stack/data/venv/lib/python3.12/site-packages/oslo_db/sqlalchemy/engines.py:325}}
Apr 12 19:32:43.037646 np0000165325 devstack@n-api.service[100884]: DEBUG dbcounter [-] [100884] Writer thread running {{(pid=100884) stat_writer /opt/stack/data/venv/lib/python3.12/site-packages/dbcounter.py:102}}
Apr 12 19:32:43.038543 np0000165325 devstack@n-api.service[100885]: INFO dbcounter [None req-9484b59c-e855-4cb3-9f71-1eee6a3e44ce None None] Registered counter for database nova_cell0
Apr 12 19:32:43.040939 np0000165325 devstack@n-api.service[100884]: DEBUG nova.context [None req-73b82e6d-b18b-4060-b737-acd94011042b None None] Found 2 cells: 00000000-0000-0000-0000-000000000000(cell0),da1570d5-52be-4b4c-9017-4fbd5fb50ff8(cell1) {{(pid=100884) load_cells /opt/stack/nova/nova/context.py:509}}
Apr 12 19:32:43.041226 np0000165325 devstack@n-api.service[100884]: INFO nova.utils [None req-73b82e6d-b18b-4060-b737-acd94011042b None None] The cell worker thread pool MainProcess.cell_worker is initialized
Apr 12 19:32:43.043681 np0000165325 devstack@n-api.service[100884]: DEBUG oslo_concurrency.lockutils [None req-73b82e6d-b18b-4060-b737-acd94011042b None None] Acquiring lock "00000000-0000-0000-0000-000000000000" by "nova.context.set_target_cell..get_or_set_cached_cell_and_set_connections" {{(pid=100884) inner /opt/stack/data/venv/lib/python3.12/site-packages/oslo_concurrency/lockutils.py:506}}
Apr 12 19:32:43.043843 np0000165325 devstack@n-api.service[100884]: DEBUG oslo_concurrency.lockutils [None req-73b82e6d-b18b-4060-b737-acd94011042b None None] Lock "00000000-0000-0000-0000-000000000000" acquired by "nova.context.set_target_cell..get_or_set_cached_cell_and_set_connections" :: waited 0.000s {{(pid=100884) inner /opt/stack/data/venv/lib/python3.12/site-packages/oslo_concurrency/lockutils.py:519}}
Apr 12 19:32:43.044305 np0000165325 devstack@n-api.service[100884]: DEBUG oslo_concurrency.lockutils [None req-73b82e6d-b18b-4060-b737-acd94011042b None None] Lock "00000000-0000-0000-0000-000000000000" "released" by "nova.context.set_target_cell..get_or_set_cached_cell_and_set_connections" :: held 0.000s {{(pid=100884) inner /opt/stack/data/venv/lib/python3.12/site-packages/oslo_concurrency/lockutils.py:538}}
Apr 12 19:32:43.045236 np0000165325 devstack@n-api.service[100884]: DEBUG oslo_concurrency.lockutils [None req-73b82e6d-b18b-4060-b737-acd94011042b None None] Acquiring lock "da1570d5-52be-4b4c-9017-4fbd5fb50ff8" by "nova.context.set_target_cell..get_or_set_cached_cell_and_set_connections" {{(pid=100884) inner /opt/stack/data/venv/lib/python3.12/site-packages/oslo_concurrency/lockutils.py:506}}
Apr 12 19:32:43.045363 np0000165325 devstack@n-api.service[100884]: DEBUG oslo_concurrency.lockutils [None req-73b82e6d-b18b-4060-b737-acd94011042b None None] Lock "da1570d5-52be-4b4c-9017-4fbd5fb50ff8" acquired by "nova.context.set_target_cell..get_or_set_cached_cell_and_set_connections" :: waited 0.000s {{(pid=100884) inner /opt/stack/data/venv/lib/python3.12/site-packages/oslo_concurrency/lockutils.py:519}}
Apr 12 19:32:43.046409 np0000165325 devstack@n-api.service[100884]: DEBUG oslo_concurrency.lockutils [None req-73b82e6d-b18b-4060-b737-acd94011042b None None] Lock "da1570d5-52be-4b4c-9017-4fbd5fb50ff8" "released" by "nova.context.set_target_cell..get_or_set_cached_cell_and_set_connections" :: held 0.001s {{(pid=100884) inner /opt/stack/data/venv/lib/python3.12/site-packages/oslo_concurrency/lockutils.py:538}}
Apr 12 19:32:43.049114 np0000165325 devstack@n-api.service[100884]: INFO dbcounter [None req-73b82e6d-b18b-4060-b737-acd94011042b None None] Registered counter for database nova_cell0
Apr 12 19:32:43.050782 np0000165325 devstack@n-api.service[100885]: DEBUG oslo_db.sqlalchemy.engines [None req-9484b59c-e855-4cb3-9f71-1eee6a3e44ce None None] MySQL server mode set to STRICT_TRANS_TABLES,STRICT_ALL_TABLES,NO_ZERO_IN_DATE,NO_ZERO_DATE,ERROR_FOR_DIVISION_BY_ZERO,TRADITIONAL,NO_ENGINE_SUBSTITUTION {{(pid=100885) _check_effective_sql_mode /opt/stack/data/venv/lib/python3.12/site-packages/oslo_db/sqlalchemy/engines.py:325}}
Apr 12 19:32:43.057172 np0000165325 devstack@n-api.service[100884]: INFO dbcounter [None req-73b82e6d-b18b-4060-b737-acd94011042b None None] Registered counter for database nova_cell1
Apr 12 19:32:43.058873 np0000165325 devstack@n-api.service[100885]: DEBUG dbcounter [-] [100885] Writer thread running {{(pid=100885) stat_writer /opt/stack/data/venv/lib/python3.12/site-packages/dbcounter.py:102}}
Apr 12 19:32:43.070780 np0000165325 devstack@n-api.service[100884]: DEBUG oslo_db.sqlalchemy.engines [None req-73b82e6d-b18b-4060-b737-acd94011042b None None] MySQL server mode set to STRICT_TRANS_TABLES,STRICT_ALL_TABLES,NO_ZERO_IN_DATE,NO_ZERO_DATE,ERROR_FOR_DIVISION_BY_ZERO,TRADITIONAL,NO_ENGINE_SUBSTITUTION {{(pid=100884) _check_effective_sql_mode /opt/stack/data/venv/lib/python3.12/site-packages/oslo_db/sqlalchemy/engines.py:325}}
Apr 12 19:32:43.073181 np0000165325 devstack@n-api.service[100884]: DEBUG oslo_db.sqlalchemy.engines [None req-73b82e6d-b18b-4060-b737-acd94011042b None None] MySQL server mode set to STRICT_TRANS_TABLES,STRICT_ALL_TABLES,NO_ZERO_IN_DATE,NO_ZERO_DATE,ERROR_FOR_DIVISION_BY_ZERO,TRADITIONAL,NO_ENGINE_SUBSTITUTION {{(pid=100884) _check_effective_sql_mode /opt/stack/data/venv/lib/python3.12/site-packages/oslo_db/sqlalchemy/engines.py:325}}
Apr 12 19:32:43.177768 np0000165325 devstack@n-api.service[100884]: DEBUG dbcounter [-] [100884] Writer thread running {{(pid=100884) stat_writer /opt/stack/data/venv/lib/python3.12/site-packages/dbcounter.py:102}}
Apr 12 19:32:43.178631 np0000165325 devstack@n-api.service[100884]: DEBUG dbcounter [-] [100884] Writer thread running {{(pid=100884) stat_writer /opt/stack/data/venv/lib/python3.12/site-packages/dbcounter.py:102}}
Apr 12 19:32:43.185237 np0000165325 devstack@n-api.service[100884]: INFO dbcounter [None req-73b82e6d-b18b-4060-b737-acd94011042b None None] Registered counter for database nova_cell0
Apr 12 19:32:43.198351 np0000165325 devstack@n-api.service[100884]: DEBUG oslo_db.sqlalchemy.engines [None req-73b82e6d-b18b-4060-b737-acd94011042b None None] MySQL server mode set to STRICT_TRANS_TABLES,STRICT_ALL_TABLES,NO_ZERO_IN_DATE,NO_ZERO_DATE,ERROR_FOR_DIVISION_BY_ZERO,TRADITIONAL,NO_ENGINE_SUBSTITUTION {{(pid=100884) _check_effective_sql_mode /opt/stack/data/venv/lib/python3.12/site-packages/oslo_db/sqlalchemy/engines.py:325}}
Apr 12 19:32:43.207960 np0000165325 devstack@n-api.service[100884]: DEBUG dbcounter [-] [100884] Writer thread running {{(pid=100884) stat_writer /opt/stack/data/venv/lib/python3.12/site-packages/dbcounter.py:102}}
Apr 12 19:32:43.460575 np0000165325 devstack@n-api.service[100886]: DEBUG oslo_concurrency.processutils [None req-34080fae-6522-4c6d-8b0d-05c2a04eea85 None None] Running cmd (subprocess): grep -F node.session.scan /sbin/iscsiadm {{(pid=100886) execute /opt/stack/data/venv/lib/python3.12/site-packages/oslo_concurrency/processutils.py:440}}
Apr 12 19:32:43.475145 np0000165325 devstack@n-api.service[100887]: DEBUG oslo_concurrency.processutils [None req-d0453447-95c3-4953-bb53-df107a6fca1a None None] Running cmd (subprocess): grep -F node.session.scan /sbin/iscsiadm {{(pid=100887) execute /opt/stack/data/venv/lib/python3.12/site-packages/oslo_concurrency/processutils.py:440}}
Apr 12 19:32:43.482065 np0000165325 devstack@n-api.service[100886]: DEBUG oslo_concurrency.processutils [None req-34080fae-6522-4c6d-8b0d-05c2a04eea85 None None] CMD "grep -F node.session.scan /sbin/iscsiadm" returned: 0 in 0.021s {{(pid=100886) execute /opt/stack/data/venv/lib/python3.12/site-packages/oslo_concurrency/processutils.py:468}}
Apr 12 19:32:43.496707 np0000165325 devstack@n-api.service[100887]: DEBUG oslo_concurrency.processutils [None req-d0453447-95c3-4953-bb53-df107a6fca1a None None] CMD "grep -F node.session.scan /sbin/iscsiadm" returned: 0 in 0.021s {{(pid=100887) execute /opt/stack/data/venv/lib/python3.12/site-packages/oslo_concurrency/processutils.py:468}}
Apr 12 19:32:43.512335 np0000165325 devstack@n-api.service[100885]: DEBUG oslo_concurrency.processutils [None req-9484b59c-e855-4cb3-9f71-1eee6a3e44ce None None] Running cmd (subprocess): grep -F node.session.scan /sbin/iscsiadm {{(pid=100885) execute /opt/stack/data/venv/lib/python3.12/site-packages/oslo_concurrency/processutils.py:440}}
Apr 12 19:32:43.535546 np0000165325 devstack@n-api.service[100885]: DEBUG oslo_concurrency.processutils [None req-9484b59c-e855-4cb3-9f71-1eee6a3e44ce None None] CMD "grep -F node.session.scan /sbin/iscsiadm" returned: 0 in 0.023s {{(pid=100885) execute /opt/stack/data/venv/lib/python3.12/site-packages/oslo_concurrency/processutils.py:468}}
Apr 12 19:32:43.770448 np0000165325 devstack@n-api.service[100884]: DEBUG oslo_concurrency.processutils [None req-73b82e6d-b18b-4060-b737-acd94011042b None None] Running cmd (subprocess): grep -F node.session.scan /sbin/iscsiadm {{(pid=100884) execute /opt/stack/data/venv/lib/python3.12/site-packages/oslo_concurrency/processutils.py:440}}
Apr 12 19:32:43.795523 np0000165325 devstack@n-api.service[100884]: DEBUG oslo_concurrency.processutils [None req-73b82e6d-b18b-4060-b737-acd94011042b None None] CMD "grep -F node.session.scan /sbin/iscsiadm" returned: 0 in 0.025s {{(pid=100884) execute /opt/stack/data/venv/lib/python3.12/site-packages/oslo_concurrency/processutils.py:468}}
Apr 12 19:32:43.896674 np0000165325 devstack@n-api.service[100886]: WARNING keystonemiddleware.auth_token [None req-34080fae-6522-4c6d-8b0d-05c2a04eea85 None None] AuthToken middleware is set with keystone_authtoken.service_token_roles_required set to False. This is backwards compatible but deprecated behaviour. Please set this to True.
Apr 12 19:32:43.898151 np0000165325 devstack@n-api.service[100885]: WARNING keystonemiddleware.auth_token [None req-9484b59c-e855-4cb3-9f71-1eee6a3e44ce None None] AuthToken middleware is set with keystone_authtoken.service_token_roles_required set to False. This is backwards compatible but deprecated behaviour. Please set this to True.
Apr 12 19:32:43.901893 np0000165325 devstack@n-api.service[100887]: WARNING keystonemiddleware.auth_token [None req-d0453447-95c3-4953-bb53-df107a6fca1a None None] AuthToken middleware is set with keystone_authtoken.service_token_roles_required set to False. This is backwards compatible but deprecated behaviour. Please set this to True.
Apr 12 19:32:44.047533 np0000165325 devstack@n-api.service[100884]: WARNING keystonemiddleware.auth_token [None req-73b82e6d-b18b-4060-b737-acd94011042b None None] AuthToken middleware is set with keystone_authtoken.service_token_roles_required set to False. This is backwards compatible but deprecated behaviour. Please set this to True.
Apr 12 19:32:44.085080 np0000165325 devstack@n-api.service[100886]: WARNING keystonemiddleware.auth_token [None req-34080fae-6522-4c6d-8b0d-05c2a04eea85 None None] AuthToken middleware is set with keystone_authtoken.service_token_roles_required set to False. This is backwards compatible but deprecated behaviour. Please set this to True.
Apr 12 19:32:44.090480 np0000165325 devstack@n-api.service[100886]: DEBUG nova.api.openstack.wsgi_app [None req-34080fae-6522-4c6d-8b0d-05c2a04eea85 None None] ******************************************************************************** {{(pid=100886) log_opt_values /opt/stack/data/venv/lib/python3.12/site-packages/oslo_config/cfg.py:2979}}
Apr 12 19:32:44.090622 np0000165325 devstack@n-api.service[100886]: DEBUG nova.api.openstack.wsgi_app [None req-34080fae-6522-4c6d-8b0d-05c2a04eea85 None None] Configuration options gathered from: {{(pid=100886) log_opt_values /opt/stack/data/venv/lib/python3.12/site-packages/oslo_config/cfg.py:2980}}
Apr 12 19:32:44.090904 np0000165325 devstack@n-api.service[100886]: DEBUG nova.api.openstack.wsgi_app [None req-34080fae-6522-4c6d-8b0d-05c2a04eea85 None None] command line args: [] {{(pid=100886) log_opt_values /opt/stack/data/venv/lib/python3.12/site-packages/oslo_config/cfg.py:2981}}
Apr 12 19:32:44.091016 np0000165325 devstack@n-api.service[100886]: DEBUG nova.api.openstack.wsgi_app [None req-34080fae-6522-4c6d-8b0d-05c2a04eea85 None None] config files: ['/etc/nova/api-paste.ini', '/etc/nova/nova.conf'] {{(pid=100886) log_opt_values /opt/stack/data/venv/lib/python3.12/site-packages/oslo_config/cfg.py:2982}}
Apr 12 19:32:44.091211 np0000165325 devstack@n-api.service[100886]: DEBUG nova.api.openstack.wsgi_app [None req-34080fae-6522-4c6d-8b0d-05c2a04eea85 None None] ================================================================================ {{(pid=100886) log_opt_values /opt/stack/data/venv/lib/python3.12/site-packages/oslo_config/cfg.py:2987}}
Apr 12 19:32:44.091371 np0000165325 devstack@n-api.service[100885]: WARNING keystonemiddleware.auth_token [None req-9484b59c-e855-4cb3-9f71-1eee6a3e44ce None None] AuthToken middleware is set with keystone_authtoken.service_token_roles_required set to False. This is backwards compatible but deprecated behaviour. Please set this to True.
Apr 12 19:32:44.091503 np0000165325 devstack@n-api.service[100886]: DEBUG nova.api.openstack.wsgi_app [None req-34080fae-6522-4c6d-8b0d-05c2a04eea85 None None] allow_resize_to_same_host = True {{(pid=100886) log_opt_values /opt/stack/data/venv/lib/python3.12/site-packages/oslo_config/cfg.py:2995}}
Apr 12 19:32:44.091503 np0000165325 devstack@n-api.service[100886]: DEBUG nova.api.openstack.wsgi_app [None req-34080fae-6522-4c6d-8b0d-05c2a04eea85 None None] arq_binding_timeout = 300 {{(pid=100886) log_opt_values /opt/stack/data/venv/lib/python3.12/site-packages/oslo_config/cfg.py:2995}}
Apr 12 19:32:44.091792 np0000165325 devstack@n-api.service[100886]: DEBUG nova.api.openstack.wsgi_app [None req-34080fae-6522-4c6d-8b0d-05c2a04eea85 None None] block_device_allocate_retries = 60 {{(pid=100886) log_opt_values /opt/stack/data/venv/lib/python3.12/site-packages/oslo_config/cfg.py:2995}}
Apr 12 19:32:44.091792 np0000165325 devstack@n-api.service[100886]: DEBUG nova.api.openstack.wsgi_app [None req-34080fae-6522-4c6d-8b0d-05c2a04eea85 None None] block_device_allocate_retries_interval = 3 {{(pid=100886) log_opt_values /opt/stack/data/venv/lib/python3.12/site-packages/oslo_config/cfg.py:2995}}
Apr 12 19:32:44.091941 np0000165325 devstack@n-api.service[100886]: DEBUG nova.api.openstack.wsgi_app [None req-34080fae-6522-4c6d-8b0d-05c2a04eea85 None None] cell_worker_thread_pool_size = 5 {{(pid=100886) log_opt_values /opt/stack/data/venv/lib/python3.12/site-packages/oslo_config/cfg.py:2995}}
Apr 12 19:32:44.091941 np0000165325 devstack@n-api.service[100886]: DEBUG nova.api.openstack.wsgi_app [None req-34080fae-6522-4c6d-8b0d-05c2a04eea85 None None] cert = self.pem {{(pid=100886) log_opt_values /opt/stack/data/venv/lib/python3.12/site-packages/oslo_config/cfg.py:2995}}
Apr 12 19:32:44.092186 np0000165325 devstack@n-api.service[100886]: DEBUG nova.api.openstack.wsgi_app [None req-34080fae-6522-4c6d-8b0d-05c2a04eea85 None None] compute_driver = libvirt.LibvirtDriver {{(pid=100886) log_opt_values /opt/stack/data/venv/lib/python3.12/site-packages/oslo_config/cfg.py:2995}}
Apr 12 19:32:44.092321 np0000165325 devstack@n-api.service[100886]: DEBUG nova.api.openstack.wsgi_app [None req-34080fae-6522-4c6d-8b0d-05c2a04eea85 None None] compute_monitors = [] {{(pid=100886) log_opt_values /opt/stack/data/venv/lib/python3.12/site-packages/oslo_config/cfg.py:2995}}
Apr 12 19:32:44.092469 np0000165325 devstack@n-api.service[100886]: DEBUG nova.api.openstack.wsgi_app [None req-34080fae-6522-4c6d-8b0d-05c2a04eea85 None None] config_dir = [] {{(pid=100886) log_opt_values /opt/stack/data/venv/lib/python3.12/site-packages/oslo_config/cfg.py:2995}}
Apr 12 19:32:44.092469 np0000165325 devstack@n-api.service[100886]: DEBUG nova.api.openstack.wsgi_app [None req-34080fae-6522-4c6d-8b0d-05c2a04eea85 None None] config_drive_format = iso9660 {{(pid=100886) log_opt_values /opt/stack/data/venv/lib/python3.12/site-packages/oslo_config/cfg.py:2995}}
Apr 12 19:32:44.092707 np0000165325 devstack@n-api.service[100886]: DEBUG nova.api.openstack.wsgi_app [None req-34080fae-6522-4c6d-8b0d-05c2a04eea85 None None] config_file = ['/etc/nova/api-paste.ini', '/etc/nova/nova.conf'] {{(pid=100886) log_opt_values /opt/stack/data/venv/lib/python3.12/site-packages/oslo_config/cfg.py:2995}}
Apr 12 19:32:44.092707 np0000165325 devstack@n-api.service[100886]: DEBUG nova.api.openstack.wsgi_app [None req-34080fae-6522-4c6d-8b0d-05c2a04eea85 None None] config_source = [] {{(pid=100886) log_opt_values /opt/stack/data/venv/lib/python3.12/site-packages/oslo_config/cfg.py:2995}}
Apr 12 19:32:44.092862 np0000165325 devstack@n-api.service[100886]: DEBUG nova.api.openstack.wsgi_app [None req-34080fae-6522-4c6d-8b0d-05c2a04eea85 None None] console_host = np0000165325 {{(pid=100886) log_opt_values /opt/stack/data/venv/lib/python3.12/site-packages/oslo_config/cfg.py:2995}}
Apr 12 19:32:44.092976 np0000165325 devstack@n-api.service[100886]: DEBUG nova.api.openstack.wsgi_app [None req-34080fae-6522-4c6d-8b0d-05c2a04eea85 None None] control_exchange = nova {{(pid=100886) log_opt_values /opt/stack/data/venv/lib/python3.12/site-packages/oslo_config/cfg.py:2995}}
Apr 12 19:32:44.093212 np0000165325 devstack@n-api.service[100886]: DEBUG nova.api.openstack.wsgi_app [None req-34080fae-6522-4c6d-8b0d-05c2a04eea85 None None] cpu_allocation_ratio = None {{(pid=100886) log_opt_values /opt/stack/data/venv/lib/python3.12/site-packages/oslo_config/cfg.py:2995}}
Apr 12 19:32:44.093332 np0000165325 devstack@n-api.service[100886]: DEBUG nova.api.openstack.wsgi_app [None req-34080fae-6522-4c6d-8b0d-05c2a04eea85 None None] daemon = False {{(pid=100886) log_opt_values /opt/stack/data/venv/lib/python3.12/site-packages/oslo_config/cfg.py:2995}}
Apr 12 19:32:44.093426 np0000165325 devstack@n-api.service[100886]: DEBUG nova.api.openstack.wsgi_app [None req-34080fae-6522-4c6d-8b0d-05c2a04eea85 None None] debug = True {{(pid=100886) log_opt_values /opt/stack/data/venv/lib/python3.12/site-packages/oslo_config/cfg.py:2995}}
Apr 12 19:32:44.093520 np0000165325 devstack@n-api.service[100886]: DEBUG nova.api.openstack.wsgi_app [None req-34080fae-6522-4c6d-8b0d-05c2a04eea85 None None] default_access_ip_network_name = None {{(pid=100886) log_opt_values /opt/stack/data/venv/lib/python3.12/site-packages/oslo_config/cfg.py:2995}}
Apr 12 19:32:44.093646 np0000165325 devstack@n-api.service[100886]: DEBUG nova.api.openstack.wsgi_app [None req-34080fae-6522-4c6d-8b0d-05c2a04eea85 None None] default_availability_zone = nova {{(pid=100886) log_opt_values /opt/stack/data/venv/lib/python3.12/site-packages/oslo_config/cfg.py:2995}}
Apr 12 19:32:44.093771 np0000165325 devstack@n-api.service[100886]: DEBUG nova.api.openstack.wsgi_app [None req-34080fae-6522-4c6d-8b0d-05c2a04eea85 None None] default_ephemeral_format = ext4 {{(pid=100886) log_opt_values /opt/stack/data/venv/lib/python3.12/site-packages/oslo_config/cfg.py:2995}}
Apr 12 19:32:44.093913 np0000165325 devstack@n-api.service[100886]: DEBUG nova.api.openstack.wsgi_app [None req-34080fae-6522-4c6d-8b0d-05c2a04eea85 None None] default_green_pool_size = 1000 {{(pid=100886) log_opt_values /opt/stack/data/venv/lib/python3.12/site-packages/oslo_config/cfg.py:2995}}
Apr 12 19:32:44.094116 np0000165325 devstack@n-api.service[100886]: DEBUG nova.api.openstack.wsgi_app [None req-34080fae-6522-4c6d-8b0d-05c2a04eea85 None None] default_log_levels = ['amqp=WARN', 'boto=WARN', 'sqlalchemy=WARN', 'suds=INFO', 'oslo.messaging=INFO', 'oslo_messaging=INFO', 'iso8601=WARN', 'requests.packages.urllib3.connectionpool=WARN', 'urllib3.connectionpool=WARN', 'websocket=WARN', 'requests.packages.urllib3.util.retry=WARN', 'urllib3.util.retry=WARN', 'keystonemiddleware=WARN', 'routes.middleware=WARN', 'stevedore=WARN', 'taskflow=WARN', 'keystoneauth=WARN', 'oslo.cache=INFO', 'oslo_policy=INFO', 'dogpile.core.dogpile=INFO', 'glanceclient=WARN', 'oslo.privsep.daemon=INFO'] {{(pid=100886) log_opt_values /opt/stack/data/venv/lib/python3.12/site-packages/oslo_config/cfg.py:2995}}
Apr 12 19:32:44.094284 np0000165325 devstack@n-api.service[100886]: DEBUG nova.api.openstack.wsgi_app [None req-34080fae-6522-4c6d-8b0d-05c2a04eea85 None None] default_schedule_zone = None {{(pid=100886) log_opt_values /opt/stack/data/venv/lib/python3.12/site-packages/oslo_config/cfg.py:2995}}
Apr 12 19:32:44.094384 np0000165325 devstack@n-api.service[100886]: DEBUG nova.api.openstack.wsgi_app [None req-34080fae-6522-4c6d-8b0d-05c2a04eea85 None None] default_thread_pool_size = 10 {{(pid=100886) log_opt_values /opt/stack/data/venv/lib/python3.12/site-packages/oslo_config/cfg.py:2995}}
Apr 12 19:32:44.094513 np0000165325 devstack@n-api.service[100886]: DEBUG nova.api.openstack.wsgi_app [None req-34080fae-6522-4c6d-8b0d-05c2a04eea85 None None] disk_allocation_ratio = None {{(pid=100886) log_opt_values /opt/stack/data/venv/lib/python3.12/site-packages/oslo_config/cfg.py:2995}}
Apr 12 19:32:44.094623 np0000165325 devstack@n-api.service[100886]: DEBUG nova.api.openstack.wsgi_app [None req-34080fae-6522-4c6d-8b0d-05c2a04eea85 None None] enable_new_services = True {{(pid=100886) log_opt_values /opt/stack/data/venv/lib/python3.12/site-packages/oslo_config/cfg.py:2995}}
Apr 12 19:32:44.094745 np0000165325 devstack@n-api.service[100886]: DEBUG nova.api.openstack.wsgi_app [None req-34080fae-6522-4c6d-8b0d-05c2a04eea85 None None] flat_injected = False {{(pid=100886) log_opt_values /opt/stack/data/venv/lib/python3.12/site-packages/oslo_config/cfg.py:2995}}
Apr 12 19:32:44.094873 np0000165325 devstack@n-api.service[100886]: DEBUG nova.api.openstack.wsgi_app [None req-34080fae-6522-4c6d-8b0d-05c2a04eea85 None None] force_config_drive = False {{(pid=100886) log_opt_values /opt/stack/data/venv/lib/python3.12/site-packages/oslo_config/cfg.py:2995}}
Apr 12 19:32:44.094998 np0000165325 devstack@n-api.service[100886]: DEBUG nova.api.openstack.wsgi_app [None req-34080fae-6522-4c6d-8b0d-05c2a04eea85 None None] force_raw_images = True {{(pid=100886) log_opt_values /opt/stack/data/venv/lib/python3.12/site-packages/oslo_config/cfg.py:2995}}
