Jun 18 07:18:26.133104 np0000181901 devstack@o-api.service[123655]: [pid: 123655|app: 0|req: 3/10] 172.18.0.2 () {54 vars in 1266 bytes} [Thu Jun 18 07:18:26 2026] GET /load-balancer/v2.0/lbaas/loadbalancers/34aa3a43-3e1e-446f-9371-743547d1f163 => generated 942 bytes in 22 msecs (HTTP/1.1 200) 4 headers in 157 bytes (1 switches on core 0)
Jun 18 07:18:27.239635 np0000181901 devstack@o-api.service[123653]: DEBUG oslo_db.sqlalchemy.engines [None req-e3373513-9172-4973-8943-9b16d6529e4c demo demo] MySQL server mode set to STRICT_TRANS_TABLES,STRICT_ALL_TABLES,NO_ZERO_IN_DATE,NO_ZERO_DATE,ERROR_FOR_DIVISION_BY_ZERO,TRADITIONAL,NO_ENGINE_SUBSTITUTION {{(pid=123653) _check_effective_sql_mode /opt/stack/data/venv/lib/python3.12/site-packages/oslo_db/sqlalchemy/engines.py:325}}
Jun 18 07:18:27.342239 np0000181901 devstack@o-api.service[123653]: [pid: 123653|app: 0|req: 3/11] 172.18.0.2 () {54 vars in 1266 bytes} [Thu Jun 18 07:18:27 2026] GET /load-balancer/v2.0/lbaas/loadbalancers/34aa3a43-3e1e-446f-9371-743547d1f163 => generated 934 bytes in 150 msecs (HTTP/1.1 200) 4 headers in 157 bytes (1 switches on core 0)
Jun 18 07:18:27.376070 np0000181901 devstack@o-api.service[123656]: [pid: 123656|app: 0|req: 3/12] 172.18.0.2 () {54 vars in 1254 bytes} [Thu Jun 18 07:18:27 2026] GET /load-balancer/v2.0/lbaas/listeners/1ac9d856-bc22-4586-9894-03513218f415 => generated 1073 bytes in 31 msecs (HTTP/1.1 200) 4 headers in 158 bytes (1 switches on core 0)
Jun 18 07:18:27.512680 np0000181901 devstack@o-api.service[123654]: [pid: 123654|app: 0|req: 4/13] 172.18.0.2 () {54 vars in 1262 bytes} [Thu Jun 18 07:18:27 2026] GET /load-balancer/v2.0/lbaas/pools?name=k8s-clusterapi-cluster-magnum-system-kube-2ts3p-kubeapi-6443 => generated 32 bytes in 135 msecs (HTTP/1.1 200) 4 headers in 156 bytes (1 switches on core 0)
Jun 18 07:18:27.566552 np0000181901 devstack@o-api.service[123655]: DEBUG ovsdbapp.backend.ovs_idl [None req-ee61d280-09bb-4a0a-a080-0547004d99a7 demo demo] Connection already started, not creating indices {{(pid=123655) __init__ /opt/stack/data/venv/lib/python3.12/site-packages/ovsdbapp/backend/ovs_idl/__init__.py:36}}
Jun 18 07:18:27.567154 np0000181901 devstack@o-api.service[123655]: DEBUG octavia.db.repositories [None req-ee61d280-09bb-4a0a-a080-0547004d99a7 demo demo] Checking quota for project: bad6bc3596164ab481690dda2431dda9 object: {{(pid=123655) check_quota_met /opt/stack/octavia/octavia/db/repositories.py:451}}
Jun 18 07:18:27.665330 np0000181901 devstack@o-api.service[123655]: /opt/stack/octavia/octavia/db/repositories.py:1089: SAWarning: Coercing Subquery object into a select() for use in IN(); please pass a select() construct explicitly
Jun 18 07:18:27.665330 np0000181901 devstack@o-api.service[123655]: filter(models.LoadBalancer.id.in_(lb_subquery)).first())
Jun 18 07:18:27.668077 np0000181901 devstack@o-api.service[123655]: /opt/stack/octavia/octavia/db/repositories.py:1089: SAWarning: SELECT statement has a cartesian product between FROM element(s) "pool" and FROM element "load_balancer". Apply join condition(s) between each element to resolve.
Jun 18 07:18:27.668077 np0000181901 devstack@o-api.service[123655]: filter(models.LoadBalancer.id.in_(lb_subquery)).first())
Jun 18 07:18:27.825607 np0000181901 devstack@o-api.service[123655]: INFO octavia.api.v2.controllers.pool [None req-ee61d280-09bb-4a0a-a080-0547004d99a7 demo demo] Sending create Pool 78f5c2f7-aefd-40ae-bc23-cc9c83cfb320 to provider ovn
Jun 18 07:18:27.826445 np0000181901 devstack@o-api.service[123655]: DEBUG ovn_octavia_provider.helper [-] Handling request pool_create with info {'id': '78f5c2f7-aefd-40ae-bc23-cc9c83cfb320', 'loadbalancer_id': '34aa3a43-3e1e-446f-9371-743547d1f163', 'protocol': 'TCP', 'lb_algorithm': 'SOURCE_IP_PORT', 'listener_id': '1ac9d856-bc22-4586-9894-03513218f415', 'admin_state_up': True, 'session_persistence': None} {{(pid=123655) request_handler /opt/stack/ovn-octavia-provider/ovn_octavia_provider/helper.py:423}}
Jun 18 07:18:27.828196 np0000181901 devstack@o-api.service[123655]: DEBUG ovsdbapp.backend.ovs_idl.transaction [-] Running txn n=1 command(idx=0): DbSetCommand(_result=None, table=Load_Balancer, record=f0702b91-669f-42bb-a712-6297f4e3cf03, col_values=(('external_ids', {'enabled': 'True', 'neutron:vip': '192.168.24.52', 'neutron:vip_port_id': '0c470a89-d2e6-4427-b7b1-c5c5387d388c', 'lr_ref': 'neutron-49d616c4-4c23-498b-89ff-1c5a367a633a', 'ls_refs': '{"neutron-202ee8d1-0216-4577-ab3e-92297e0a01ba": 1}', 'neutron:vip_fip': '172.24.5.109', 'listener_1ac9d856-bc22-4586-9894-03513218f415': '6443:pool_78f5c2f7-aefd-40ae-bc23-cc9c83cfb320', 'pool_78f5c2f7-aefd-40ae-bc23-cc9c83cfb320': ''}),), if_exists=True) {{(pid=123655) do_commit /opt/stack/data/venv/lib/python3.12/site-packages/ovsdbapp/backend/ovs_idl/transaction.py:89}}
Jun 18 07:18:27.834556 np0000181901 devstack@o-api.service[123655]: DEBUG ovn_octavia_provider.helper [-] Updating status to octavia: {'pools': [{'id': '78f5c2f7-aefd-40ae-bc23-cc9c83cfb320', 'provisioning_status': 'ACTIVE', 'operating_status': 'ONLINE'}], 'loadbalancers': [{'id': '34aa3a43-3e1e-446f-9371-743547d1f163', 'provisioning_status': 'ACTIVE'}], 'listeners': [{'id': '1ac9d856-bc22-4586-9894-03513218f415', 'provisioning_status': 'ACTIVE'}]} {{(pid=123655) _update_status_to_octavia /opt/stack/ovn-octavia-provider/ovn_octavia_provider/helper.py:450}}
Jun 18 07:18:27.862760 np0000181901 devstack@o-api.service[123655]: [pid: 123655|app: 0|req: 4/14] 172.18.0.2 () {58 vars in 1185 bytes} [Thu Jun 18 07:18:27 2026] POST /load-balancer/v2.0/lbaas/pools => generated 811 bytes in 347 msecs (HTTP/1.1 201) 4 headers in 162 bytes (1 switches on core 0)
Jun 18 07:18:27.891323 np0000181901 devstack@o-api.service[123653]: [pid: 123653|app: 0|req: 4/15] 172.18.0.2 () {54 vars in 1266 bytes} [Thu Jun 18 07:18:27 2026] GET /load-balancer/v2.0/lbaas/loadbalancers/34aa3a43-3e1e-446f-9371-743547d1f163 => generated 988 bytes in 25 msecs (HTTP/1.1 200) 4 headers in 157 bytes (1 switches on core 0)
Jun 18 07:18:28.980665 np0000181901 devstack@o-api.service[123656]: [pid: 123656|app: 0|req: 4/16] 172.18.0.2 () {54 vars in 1266 bytes} [Thu Jun 18 07:18:28 2026] GET /load-balancer/v2.0/lbaas/loadbalancers/34aa3a43-3e1e-446f-9371-743547d1f163 => generated 980 bytes in 27 msecs (HTTP/1.1 200) 4 headers in 157 bytes (1 switches on core 0)
Jun 18 07:18:29.005259 np0000181901 devstack@o-api.service[123654]: [pid: 123654|app: 0|req: 5/17] 172.18.0.2 () {54 vars in 1289 bytes} [Thu Jun 18 07:18:28 2026] GET /load-balancer/v2.0/lbaas/healthmonitors?name=k8s-clusterapi-cluster-magnum-system-kube-2ts3p-kubeapi-6443 => generated 50 bytes in 20 msecs (HTTP/1.1 200) 4 headers in 156 bytes (1 switches on core 0)
Jun 18 07:18:29.057060 np0000181901 devstack@o-api.service[123655]: DEBUG ovsdbapp.backend.ovs_idl [None req-49395d0d-7161-447b-9ac6-5c221eedef2f demo demo] Connection already started, not creating indices {{(pid=123655) __init__ /opt/stack/data/venv/lib/python3.12/site-packages/ovsdbapp/backend/ovs_idl/__init__.py:36}}
Jun 18 07:18:29.057692 np0000181901 devstack@o-api.service[123655]: DEBUG octavia.db.repositories [None req-49395d0d-7161-447b-9ac6-5c221eedef2f demo demo] Checking quota for project: bad6bc3596164ab481690dda2431dda9 object: {{(pid=123655) check_quota_met /opt/stack/octavia/octavia/db/repositories.py:451}}
Jun 18 07:18:29.092109 np0000181901 devstack@o-api.service[123655]: INFO octavia.api.v2.controllers.health_monitor [None req-49395d0d-7161-447b-9ac6-5c221eedef2f demo demo] Sending create Health Monitor 52ea1cb4-8a1f-4bb1-98f9-cea849eae8be to provider ovn
Jun 18 07:18:29.092956 np0000181901 devstack@o-api.service[123655]: DEBUG ovn_octavia_provider.helper [-] Handling request hm_create with info {'id': '52ea1cb4-8a1f-4bb1-98f9-cea849eae8be', 'pool_id': '78f5c2f7-aefd-40ae-bc23-cc9c83cfb320', 'type': 'TCP', 'interval': 10, 'timeout': 5, 'failure_count': 3, 'success_count': 5, 'admin_state_up': True} {{(pid=123655) request_handler /opt/stack/ovn-octavia-provider/ovn_octavia_provider/helper.py:423}}
Jun 18 07:18:29.097084 np0000181901 devstack@o-api.service[123655]: DEBUG ovsdbapp.backend.ovs_idl.transaction [-] Running txn n=1 command(idx=0): DbCreateCommand(_result=None, table=Load_Balancer_Health_Check, columns={'vip': '192.168.24.52:6443', 'options': {'interval': '10', 'timeout': '5', 'success_count': '5', 'failure_count': '3'}, 'external_ids': {'octavia:healthmonitor': '52ea1cb4-8a1f-4bb1-98f9-cea849eae8be', 'octavia:pool_id': '78f5c2f7-aefd-40ae-bc23-cc9c83cfb320', 'octavia:vip': '192.168.24.52'}}, row=False) {{(pid=123655) do_commit /opt/stack/data/venv/lib/python3.12/site-packages/ovsdbapp/backend/ovs_idl/transaction.py:89}}
Jun 18 07:18:29.097084 np0000181901 devstack@o-api.service[123655]: DEBUG ovsdbapp.backend.ovs_idl.transaction [-] Running txn n=1 command(idx=1): DbAddCommand(_result=None, table=Load_Balancer, record=f0702b91-669f-42bb-a712-6297f4e3cf03, column=health_check, values=(DbCreateCommand(_result=Load_Balancer_Health_Check(uuid=7f17d9b8-085b-4cc0-848b-fd59eae59357, external_ids={'octavia:healthmonitor': '52ea1cb4-8a1f-4bb1-98f9-cea849eae8be', 'octavia:pool_id': '78f5c2f7-aefd-40ae-bc23-cc9c83cfb320', 'octavia:vip': '192.168.24.52'}, options={'interval': '10', 'timeout': '5', 'success_count': '5', 'failure_count': '3'}, vip=192.168.24.52:6443), table=Load_Balancer_Health_Check, columns={'vip': '192.168.24.52:6443', 'options': {'interval': '10', 'timeout': '5', 'success_count': '5', 'failure_count': '3'}, 'external_ids': {'octavia:healthmonitor': '52ea1cb4-8a1f-4bb1-98f9-cea849eae8be', 'octavia:pool_id': '78f5c2f7-aefd-40ae-bc23-cc9c83cfb320', 'octavia:vip': '192.168.24.52'}}, row=False),)) {{(pid=123655) do_commit /opt/stack/data/venv/lib/python3.12/site-packages/ovsdbapp/backend/ovs_idl/transaction.py:89}}
Jun 18 07:18:29.098390 np0000181901 devstack@o-api.service[123655]: DEBUG ovsdbapp.backend.ovs_idl.transaction [-] Running txn n=1 command(idx=2): DbSetCommand(_result=None, table=Load_Balancer, record=f0702b91-669f-42bb-a712-6297f4e3cf03, col_values=(('external_ids', {'octavia:healthmonitors': '["52ea1cb4-8a1f-4bb1-98f9-cea849eae8be"]'}),), if_exists=True) {{(pid=123655) do_commit /opt/stack/data/venv/lib/python3.12/site-packages/ovsdbapp/backend/ovs_idl/transaction.py:89}}
Jun 18 07:18:29.098390 np0000181901 devstack@o-api.service[123655]: DEBUG ovsdbapp.backend.ovs_idl.transaction [-] Running txn n=1 command(idx=3): DbCreateCommand(_result=None, table=Load_Balancer_Health_Check, columns={'vip': '172.24.5.109:6443', 'options': {'interval': '10', 'timeout': '5', 'success_count': '5', 'failure_count': '3'}, 'external_ids': {'octavia:healthmonitor': '52ea1cb4-8a1f-4bb1-98f9-cea849eae8be', 'octavia:pool_id': '78f5c2f7-aefd-40ae-bc23-cc9c83cfb320', 'octavia:vip': '172.24.5.109'}}, row=False) {{(pid=123655) do_commit /opt/stack/data/venv/lib/python3.12/site-packages/ovsdbapp/backend/ovs_idl/transaction.py:89}}
Jun 18 07:18:29.099328 np0000181901 devstack@o-api.service[123655]: DEBUG ovsdbapp.backend.ovs_idl.transaction [-] Running txn n=1 command(idx=4): DbAddCommand(_result=None, table=Load_Balancer, record=f0702b91-669f-42bb-a712-6297f4e3cf03, column=health_check, values=(DbCreateCommand(_result=Load_Balancer_Health_Check(uuid=8c710ed7-0aa3-4b8a-9efc-abddb00b2de2, external_ids={'octavia:healthmonitor': '52ea1cb4-8a1f-4bb1-98f9-cea849eae8be', 'octavia:pool_id': '78f5c2f7-aefd-40ae-bc23-cc9c83cfb320', 'octavia:vip': '172.24.5.109'}, options={'interval': '10', 'timeout': '5', 'success_count': '5', 'failure_count': '3'}, vip=172.24.5.109:6443), table=Load_Balancer_Health_Check, columns={'vip': '172.24.5.109:6443', 'options': {'interval': '10', 'timeout': '5', 'success_count': '5', 'failure_count': '3'}, 'external_ids': {'octavia:healthmonitor': '52ea1cb4-8a1f-4bb1-98f9-cea849eae8be', 'octavia:pool_id': '78f5c2f7-aefd-40ae-bc23-cc9c83cfb320', 'octavia:vip': '172.24.5.109'}}, row=False),)) {{(pid=123655) do_commit /opt/stack/data/venv/lib/python3.12/site-packages/ovsdbapp/backend/ovs_idl/transaction.py:89}}
Jun 18 07:18:29.113493 np0000181901 devstack@o-api.service[123655]: DEBUG ovn_octavia_provider.helper [-] no member status on external_ids: None {{(pid=123655) _get_current_operating_statuses /opt/stack/ovn-octavia-provider/ovn_octavia_provider/helper.py:4234}}
Jun 18 07:18:29.119515 np0000181901 devstack@o-api.service[123655]: [pid: 123655|app: 0|req: 5/18] 172.18.0.2 () {58 vars in 1212 bytes} [Thu Jun 18 07:18:29 2026] POST /load-balancer/v2.0/lbaas/healthmonitors => generated 649 bytes in 113 msecs (HTTP/1.1 201) 4 headers in 162 bytes (1 switches on core 0)
Jun 18 07:18:29.138572 np0000181901 devstack@o-api.service[123653]: [pid: 123653|app: 0|req: 5/19] 172.18.0.2 () {54 vars in 1266 bytes} [Thu Jun 18 07:18:29 2026] GET /load-balancer/v2.0/lbaas/loadbalancers/34aa3a43-3e1e-446f-9371-743547d1f163 => generated 988 bytes in 17 msecs (HTTP/1.1 200) 4 headers in 157 bytes (1 switches on core 0)
Jun 18 07:18:29.366031 np0000181901 devstack@o-api.service[123655]: DEBUG ovn_octavia_provider.helper [-] Updating status to octavia: {'loadbalancers': [{'id': '34aa3a43-3e1e-446f-9371-743547d1f163', 'provisioning_status': 'ACTIVE', 'operating_status': 'ONLINE'}], 'listeners': [{'id': '1ac9d856-bc22-4586-9894-03513218f415', 'provisioning_status': 'ACTIVE', 'operating_status': 'ONLINE'}], 'pools': [{'id': '78f5c2f7-aefd-40ae-bc23-cc9c83cfb320', 'provisioning_status': 'ACTIVE', 'operating_status': 'OFFLINE'}], 'members': [], 'healthmonitors': [{'id': '52ea1cb4-8a1f-4bb1-98f9-cea849eae8be', 'provisioning_status': 'ACTIVE', 'operating_status': 'ONLINE'}]} {{(pid=123655) _update_status_to_octavia /opt/stack/ovn-octavia-provider/ovn_octavia_provider/helper.py:450}}
Jun 18 07:18:30.238908 np0000181901 devstack@o-api.service[123656]: [pid: 123656|app: 0|req: 5/20] 172.18.0.2 () {54 vars in 1266 bytes} [Thu Jun 18 07:18:30 2026] GET /load-balancer/v2.0/lbaas/loadbalancers/34aa3a43-3e1e-446f-9371-743547d1f163 => generated 980 bytes in 26 msecs (HTTP/1.1 200) 4 headers in 157 bytes (1 switches on core 0)
Jun 18 07:18:30.858249 np0000181901 devstack@o-api.service[123654]: [pid: 123654|app: 0|req: 6/21] 172.18.0.2 () {54 vars in 1084 bytes} [Thu Jun 18 07:18:30 2026] GET /load-balancer/ => generated 4745 bytes in 3 msecs (HTTP/1.1 200) 4 headers in 158 bytes (1 switches on core 0)
Jun 18 07:18:30.912109 np0000181901 devstack@o-api.service[123655]: [pid: 123655|app: 0|req: 6/22] 172.18.0.2 () {54 vars in 1276 bytes} [Thu Jun 18 07:18:30 2026] GET /load-balancer/v2.0/lbaas/loadbalancers?name=k8s-clusterapi-cluster-magnum-system-kube-2ts3p-kubeapi => generated 1010 bytes in 41 msecs (HTTP/1.1 200) 4 headers in 158 bytes (1 switches on core 0)
Jun 18 07:18:30.991808 np0000181901 devstack@o-api.service[123653]: [pid: 123653|app: 0|req: 6/23] 172.18.0.2 () {54 vars in 1084 bytes} [Thu Jun 18 07:18:30 2026] GET /load-balancer/ => generated 4745 bytes in 4 msecs (HTTP/1.1 200) 4 headers in 158 bytes (1 switches on core 0)
Jun 18 07:18:31.023850 np0000181901 devstack@o-api.service[123656]: [pid: 123656|app: 0|req: 6/24] 172.18.0.2 () {54 vars in 1274 bytes} [Thu Jun 18 07:18:30 2026] GET /load-balancer/v2.0/lbaas/listeners?name=k8s-clusterapi-cluster-magnum-system-kube-2ts3p-kubeapi-6443 => generated 1133 bytes in 30 msecs (HTTP/1.1 200) 4 headers in 158 bytes (1 switches on core 0)
Jun 18 07:18:31.086765 np0000181901 devstack@o-api.service[123654]: [pid: 123654|app: 0|req: 7/25] 172.18.0.2 () {54 vars in 1262 bytes} [Thu Jun 18 07:18:31 2026] GET /load-balancer/v2.0/lbaas/pools?name=k8s-clusterapi-cluster-magnum-system-kube-2ts3p-kubeapi-6443 => generated 902 bytes in 60 msecs (HTTP/1.1 200) 4 headers in 157 bytes (1 switches on core 0)
Jun 18 07:18:31.115742 np0000181901 devstack@o-api.service[123655]: [pid: 123655|app: 0|req: 7/26] 172.18.0.2 () {54 vars in 1289 bytes} [Thu Jun 18 07:18:31 2026] GET /load-balancer/v2.0/lbaas/healthmonitors?name=k8s-clusterapi-cluster-magnum-system-kube-2ts3p-kubeapi-6443 => generated 688 bytes in 27 msecs (HTTP/1.1 200) 4 headers in 157 bytes (1 switches on core 0)
Jun 18 07:18:31.934548 np0000181901 devstack@o-api.service[123653]: [pid: 123653|app: 0|req: 7/27] 172.18.0.2 () {54 vars in 1084 bytes} [Thu Jun 18 07:18:31 2026] GET /load-balancer/ => generated 4745 bytes in 5 msecs (HTTP/1.1 200) 4 headers in 158 bytes (1 switches on core 0)
Jun 18 07:18:32.002424 np0000181901 devstack@o-api.service[123656]: [pid: 123656|app: 0|req: 7/28] 172.18.0.2 () {54 vars in 1276 bytes} [Thu Jun 18 07:18:31 2026] GET /load-balancer/v2.0/lbaas/loadbalancers?name=k8s-clusterapi-cluster-magnum-system-kube-2ts3p-kubeapi => generated 1010 bytes in 56 msecs (HTTP/1.1 200) 4 headers in 158 bytes (1 switches on core 0)
Jun 18 07:18:32.048917 np0000181901 devstack@o-api.service[123654]: [pid: 123654|app: 0|req: 8/29] 172.18.0.2 () {54 vars in 1084 bytes} [Thu Jun 18 07:18:32 2026] GET /load-balancer/ => generated 4745 bytes in 3 msecs (HTTP/1.1 200) 4 headers in 158 bytes (1 switches on core 0)
Jun 18 07:18:32.087096 np0000181901 devstack@o-api.service[123655]: [pid: 123655|app: 0|req: 8/30] 172.18.0.2 () {54 vars in 1274 bytes} [Thu Jun 18 07:18:32 2026] GET /load-balancer/v2.0/lbaas/listeners?name=k8s-clusterapi-cluster-magnum-system-kube-2ts3p-kubeapi-6443 => generated 1133 bytes in 36 msecs (HTTP/1.1 200) 4 headers in 158 bytes (1 switches on core 0)
Jun 18 07:18:32.153304 np0000181901 devstack@o-api.service[123653]: [pid: 123653|app: 0|req: 8/31] 172.18.0.2 () {54 vars in 1262 bytes} [Thu Jun 18 07:18:32 2026] GET /load-balancer/v2.0/lbaas/pools?name=k8s-clusterapi-cluster-magnum-system-kube-2ts3p-kubeapi-6443 => generated 902 bytes in 63 msecs (HTTP/1.1 200) 4 headers in 157 bytes (1 switches on core 0)
Jun 18 07:18:32.182628 np0000181901 devstack@o-api.service[123656]: [pid: 123656|app: 0|req: 8/32] 172.18.0.2 () {54 vars in 1289 bytes} [Thu Jun 18 07:18:32 2026] GET /load-balancer/v2.0/lbaas/healthmonitors?name=k8s-clusterapi-cluster-magnum-system-kube-2ts3p-kubeapi-6443 => generated 688 bytes in 27 msecs (HTTP/1.1 200) 4 headers in 157 bytes (1 switches on core 0)
Jun 18 07:19:21.555321 np0000181901 devstack@o-api.service[123654]: [pid: 123654|app: 0|req: 9/33] 172.18.0.2 () {54 vars in 1084 bytes} [Thu Jun 18 07:19:21 2026] GET /load-balancer/ => generated 4745 bytes in 3 msecs (HTTP/1.1 200) 4 headers in 158 bytes (1 switches on core 0)
Jun 18 07:19:21.622975 np0000181901 devstack@o-api.service[123655]: [pid: 123655|app: 0|req: 9/34] 172.18.0.2 () {54 vars in 1262 bytes} [Thu Jun 18 07:19:21 2026] GET /load-balancer/v2.0/lbaas/pools?name=k8s-clusterapi-cluster-magnum-system-kube-2ts3p-kubeapi-6443 => generated 902 bytes in 40 msecs (HTTP/1.1 200) 4 headers in 157 bytes (1 switches on core 0)
Jun 18 07:19:21.653131 np0000181901 devstack@o-api.service[123653]: [pid: 123653|app: 0|req: 9/35] 172.18.0.2 () {54 vars in 1443 bytes} [Thu Jun 18 07:19:21 2026] GET /load-balancer/v2.0/lbaas/pools/78f5c2f7-aefd-40ae-bc23-cc9c83cfb320/members?name=k8s-clusterapi-cluster-magnum-system-kube-2ts3p-kubeapi-6443-kube-2ts3p-xkdnn-bhjvf => generated 36 bytes in 28 msecs (HTTP/1.1 200) 4 headers in 156 bytes (1 switches on core 0)
Jun 18 07:19:21.678854 np0000181901 devstack@o-api.service[123656]: [pid: 123656|app: 0|req: 9/36] 172.18.0.2 () {54 vars in 1266 bytes} [Thu Jun 18 07:19:21 2026] GET /load-balancer/v2.0/lbaas/loadbalancers/34aa3a43-3e1e-446f-9371-743547d1f163 => generated 980 bytes in 24 msecs (HTTP/1.1 200) 4 headers in 157 bytes (1 switches on core 0)
Jun 18 07:19:21.743158 np0000181901 devstack@o-api.service[123654]: DEBUG ovsdbapp.backend.ovs_idl [None req-b9b44f99-7213-45e4-a611-24a40b62eda1 demo demo] Connection already started, not creating indices {{(pid=123654) __init__ /opt/stack/data/venv/lib/python3.12/site-packages/ovsdbapp/backend/ovs_idl/__init__.py:36}}
Jun 18 07:19:21.743936 np0000181901 devstack@o-api.service[123654]: DEBUG octavia.db.repositories [None req-b9b44f99-7213-45e4-a611-24a40b62eda1 demo demo] Checking quota for project: bad6bc3596164ab481690dda2431dda9 object: {{(pid=123654) check_quota_met /opt/stack/octavia/octavia/db/repositories.py:451}}
Jun 18 07:19:21.788004 np0000181901 devstack@o-api.service[123654]: INFO octavia.api.v2.controllers.member [None req-b9b44f99-7213-45e4-a611-24a40b62eda1 demo demo] Sending create Member e6d28984-4825-4224-ad20-a6922c24a23c to provider ovn
Jun 18 07:19:22.413084 np0000181901 devstack@o-api.service[123654]: DEBUG ovn_octavia_provider.helper [-] Handling request member_create with info [{'id': 'e6d28984-4825-4224-ad20-a6922c24a23c', 'address': '192.168.24.3', 'protocol_port': 6443, 'pool_id': '78f5c2f7-aefd-40ae-bc23-cc9c83cfb320', 'subnet_id': 'dbf41f14-3cca-4c3b-8c79-ab1491d4416a', 'admin_state_up': True}] {{(pid=123654) request_handler /opt/stack/ovn-octavia-provider/ovn_octavia_provider/helper.py:423}}
Jun 18 07:19:22.414149 np0000181901 devstack@o-api.service[123654]: DEBUG ovn_octavia_provider.helper [-] no member status on external_ids: None {{(pid=123654) _find_member_status /opt/stack/ovn-octavia-provider/ovn_octavia_provider/helper.py:2552}}
Jun 18 07:19:22.415031 np0000181901 devstack@o-api.service[123654]: DEBUG ovsdbapp.backend.ovs_idl.transaction [-] Running txn n=1 command(idx=0): DbSetCommand(_result=None, table=Load_Balancer, record=f0702b91-669f-42bb-a712-6297f4e3cf03, col_values=(('external_ids', {'pool_78f5c2f7-aefd-40ae-bc23-cc9c83cfb320': 'member_e6d28984-4825-4224-ad20-a6922c24a23c_192.168.24.3:6443_dbf41f14-3cca-4c3b-8c79-ab1491d4416a'}),), if_exists=True) {{(pid=123654) do_commit /opt/stack/data/venv/lib/python3.12/site-packages/ovsdbapp/backend/ovs_idl/transaction.py:89}}
Jun 18 07:19:22.415772 np0000181901 devstack@o-api.service[123654]: DEBUG ovsdbapp.backend.ovs_idl.transaction [-] Running txn n=1 command(idx=1): DbClearCommand(_result=None, table=Load_Balancer, record=f0702b91-669f-42bb-a712-6297f4e3cf03, column=vips) {{(pid=123654) do_commit /opt/stack/data/venv/lib/python3.12/site-packages/ovsdbapp/backend/ovs_idl/transaction.py:89}}
Jun 18 07:19:22.416089 np0000181901 devstack@o-api.service[123654]: DEBUG ovsdbapp.backend.ovs_idl.transaction [-] Running txn n=1 command(idx=2): DbSetCommand(_result=None, table=Load_Balancer, record=f0702b91-669f-42bb-a712-6297f4e3cf03, col_values=(('vips', {'192.168.24.52:6443': '192.168.24.3:6443', '172.24.5.109:6443': '192.168.24.3:6443'}),), if_exists=True) {{(pid=123654) do_commit /opt/stack/data/venv/lib/python3.12/site-packages/ovsdbapp/backend/ovs_idl/transaction.py:89}}
Jun 18 07:19:22.442203 np0000181901 devstack@o-api.service[123654]: [pid: 123654|app: 0|req: 10/37] 172.18.0.2 () {58 vars in 1320 bytes} [Thu Jun 18 07:19:21 2026] POST /load-balancer/v2.0/lbaas/pools/78f5c2f7-aefd-40ae-bc23-cc9c83cfb320/members => generated 586 bytes in 761 msecs (HTTP/1.1 201) 4 headers in 162 bytes (1 switches on core 0)
Jun 18 07:19:22.460947 np0000181901 devstack@o-api.service[123654]: DEBUG ovsdbapp.backend.ovs_idl.transaction [-] Running txn n=1 command(idx=0): DbSetCommand(_result=None, table=Load_Balancer, record=f0702b91-669f-42bb-a712-6297f4e3cf03, col_values=(('external_ids', {'ls_refs': '{"neutron-202ee8d1-0216-4577-ab3e-92297e0a01ba": 2}'}),), if_exists=True) {{(pid=123654) do_commit /opt/stack/data/venv/lib/python3.12/site-packages/ovsdbapp/backend/ovs_idl/transaction.py:89}}
Jun 18 07:19:22.467326 np0000181901 devstack@o-api.service[123655]: [pid: 123655|app: 0|req: 10/38] 172.18.0.2 () {54 vars in 1377 bytes} [Thu Jun 18 07:19:22 2026] GET /load-balancer/v2.0/lbaas/pools/78f5c2f7-aefd-40ae-bc23-cc9c83cfb320/members/e6d28984-4825-4224-ad20-a6922c24a23c => generated 586 bytes in 22 msecs (HTTP/1.1 200) 4 headers in 157 bytes (1 switches on core 0)
Jun 18 07:19:22.499780 np0000181901 devstack@o-api.service[123654]: DEBUG ovsdbapp.backend.ovs_idl.transaction [-] Running txn n=1 command(idx=0): LrLbAddCommand(_result=None, router=1a5aa5fe-fcbd-4518-a08b-a83433a50355, lb=f0702b91-669f-42bb-a712-6297f4e3cf03, may_exist=True) {{(pid=123654) do_commit /opt/stack/data/venv/lib/python3.12/site-packages/ovsdbapp/backend/ovs_idl/transaction.py:89}}
Jun 18 07:19:22.499973 np0000181901 devstack@o-api.service[123654]: DEBUG ovsdbapp.backend.ovs_idl.transaction [-] Running txn n=1 command(idx=1): LsLbAddCommand(_result=None, switch=neutron-202ee8d1-0216-4577-ab3e-92297e0a01ba, lb=f0702b91-669f-42bb-a712-6297f4e3cf03, may_exist=True) {{(pid=123654) do_commit /opt/stack/data/venv/lib/python3.12/site-packages/ovsdbapp/backend/ovs_idl/transaction.py:89}}
Jun 18 07:19:22.500150 np0000181901 devstack@o-api.service[123654]: DEBUG ovsdbapp.backend.ovs_idl.transaction [-] Transaction caused no change {{(pid=123654) do_commit /opt/stack/data/venv/lib/python3.12/site-packages/ovsdbapp/backend/ovs_idl/transaction.py:129}}
Jun 18 07:19:23.027230 np0000181901 devstack@o-api.service[123654]: DEBUG ovsdbapp.backend.ovs_idl.transaction [-] Running txn n=1 command(idx=0): AddBackendToIPPortMapping(_result=None, lb=f0702b91-669f-42bb-a712-6297f4e3cf03, backend_ip=192.168.24.3, port_name=fe740b2b-052b-4290-8298-95a700ca3a33, src_ip=192.168.24.63) {{(pid=123654) do_commit /opt/stack/data/venv/lib/python3.12/site-packages/ovsdbapp/backend/ovs_idl/transaction.py:89}}
Jun 18 07:19:23.029401 np0000181901 devstack@o-api.service[123654]: DEBUG ovn_octavia_provider.helper [-] no member status on external_ids: None {{(pid=123654) _update_external_ids_member_status /opt/stack/ovn-octavia-provider/ovn_octavia_provider/helper.py:2584}}
Jun 18 07:19:23.029656 np0000181901 devstack@o-api.service[123654]: DEBUG ovsdbapp.backend.ovs_idl.transaction [-] Running txn n=1 command(idx=0): DbSetCommand(_result=None, table=Load_Balancer, record=f0702b91-669f-42bb-a712-6297f4e3cf03, col_values=(('external_ids', {'neutron:member_status': '{"e6d28984-4825-4224-ad20-a6922c24a23c": "ONLINE"}'}),), if_exists=True) {{(pid=123654) do_commit /opt/stack/data/venv/lib/python3.12/site-packages/ovsdbapp/backend/ovs_idl/transaction.py:89}}
Jun 18 07:19:23.303555 np0000181901 devstack@o-api.service[123654]: DEBUG ovn_octavia_provider.helper [-] Updating status to octavia: {'loadbalancers': [{'id': '34aa3a43-3e1e-446f-9371-743547d1f163', 'provisioning_status': 'ACTIVE', 'operating_status': 'ONLINE'}], 'listeners': [{'id': '1ac9d856-bc22-4586-9894-03513218f415', 'provisioning_status': 'ACTIVE', 'operating_status': 'ONLINE'}], 'pools': [{'id': '78f5c2f7-aefd-40ae-bc23-cc9c83cfb320', 'provisioning_status': 'ACTIVE', 'operating_status': 'ONLINE'}], 'members': [{'id': 'e6d28984-4825-4224-ad20-a6922c24a23c', 'provisioning_status': 'ACTIVE', 'operating_status': 'ONLINE'}]} {{(pid=123654) _update_status_to_octavia /opt/stack/ovn-octavia-provider/ovn_octavia_provider/helper.py:450}}
Jun 18 07:19:23.512790 np0000181901 devstack@o-api.service[123653]: [pid: 123653|app: 0|req: 10/39] 172.18.0.2 () {54 vars in 1377 bytes} [Thu Jun 18 07:19:23 2026] GET /load-balancer/v2.0/lbaas/pools/78f5c2f7-aefd-40ae-bc23-cc9c83cfb320/members/e6d28984-4825-4224-ad20-a6922c24a23c => generated 594 bytes in 24 msecs (HTTP/1.1 200) 4 headers in 157 bytes (1 switches on core 0)
Jun 18 07:19:23.515021 np0000181901 devstack@o-api.service[123654]: DEBUG ovn_octavia_provider.helper [-] Handling request handle_member_dvr with info [{'id': 'e6d28984-4825-4224-ad20-a6922c24a23c', 'address': '192.168.24.3', 'pool_id': '78f5c2f7-aefd-40ae-bc23-cc9c83cfb320', 'subnet_id': 'dbf41f14-3cca-4c3b-8c79-ab1491d4416a', 'action': 'member_added'}] {{(pid=123654) request_handler /opt/stack/ovn-octavia-provider/ovn_octavia_provider/helper.py:423}}
Jun 18 07:19:23.540344 np0000181901 devstack@o-api.service[123656]: [pid: 123656|app: 0|req: 10/40] 172.18.0.2 () {54 vars in 1266 bytes} [Thu Jun 18 07:19:23 2026] GET /load-balancer/v2.0/lbaas/loadbalancers/34aa3a43-3e1e-446f-9371-743547d1f163 => generated 980 bytes in 23 msecs (HTTP/1.1 200) 4 headers in 157 bytes (1 switches on core 0)
Jun 18 07:19:23.568894 np0000181901 devstack@o-api.service[123654]: DEBUG ovn_octavia_provider.helper [-] Member e6d28984-4825-4224-ad20-a6922c24a23c has no FIP assigned. There is no need to modify its NAT. {{(pid=123654) handle_member_dvr /opt/stack/ovn-octavia-provider/ovn_octavia_provider/helper.py:3299}}
Jun 18 07:19:23.841214 np0000181901 devstack@o-api.service[123654]: [pid: 123654|app: 0|req: 11/41] 172.18.0.2 () {54 vars in 1084 bytes} [Thu Jun 18 07:19:23 2026] GET /load-balancer/ => generated 4745 bytes in 3 msecs (HTTP/1.1 200) 4 headers in 158 bytes (1 switches on core 0)
Jun 18 07:19:23.892039 np0000181901 devstack@o-api.service[123655]: [pid: 123655|app: 0|req: 11/42] 172.18.0.2 () {54 vars in 1262 bytes} [Thu Jun 18 07:19:23 2026] GET /load-balancer/v2.0/lbaas/pools?name=k8s-clusterapi-cluster-magnum-system-kube-2ts3p-kubeapi-6443 => generated 947 bytes in 38 msecs (HTTP/1.1 200) 4 headers in 157 bytes (1 switches on core 0)
Jun 18 07:19:23.925966 np0000181901 devstack@o-api.service[123653]: [pid: 123653|app: 0|req: 11/43] 172.18.0.2 () {54 vars in 1443 bytes} [Thu Jun 18 07:19:23 2026] GET /load-balancer/v2.0/lbaas/pools/78f5c2f7-aefd-40ae-bc23-cc9c83cfb320/members?name=k8s-clusterapi-cluster-magnum-system-kube-2ts3p-kubeapi-6443-kube-2ts3p-xkdnn-bhjvf => generated 618 bytes in 32 msecs (HTTP/1.1 200) 4 headers in 157 bytes (1 switches on core 0)
Jun 18 07:19:24.858888 np0000181901 devstack@o-api.service[123656]: [pid: 123656|app: 0|req: 11/44] 172.18.0.2 () {54 vars in 1084 bytes} [Thu Jun 18 07:19:24 2026] GET /load-balancer/ => generated 4745 bytes in 4 msecs (HTTP/1.1 200) 4 headers in 158 bytes (1 switches on core 0)
Jun 18 07:19:24.907583 np0000181901 devstack@o-api.service[123654]: [pid: 123654|app: 0|req: 12/45] 172.18.0.2 () {54 vars in 1262 bytes} [Thu Jun 18 07:19:24 2026] GET /load-balancer/v2.0/lbaas/pools?name=k8s-clusterapi-cluster-magnum-system-kube-2ts3p-kubeapi-6443 => generated 947 bytes in 41 msecs (HTTP/1.1 200) 4 headers in 157 bytes (1 switches on core 0)
Jun 18 07:19:24.951364 np0000181901 devstack@o-api.service[123655]: [pid: 123655|app: 0|req: 12/46] 172.18.0.2 () {54 vars in 1443 bytes} [Thu Jun 18 07:19:24 2026] GET /load-balancer/v2.0/lbaas/pools/78f5c2f7-aefd-40ae-bc23-cc9c83cfb320/members?name=k8s-clusterapi-cluster-magnum-system-kube-2ts3p-kubeapi-6443-kube-2ts3p-xkdnn-bhjvf => generated 618 bytes in 42 msecs (HTTP/1.1 200) 4 headers in 157 bytes (1 switches on core 0)
Jun 18 07:19:25.198733 np0000181901 devstack@o-api.service[123653]: [pid: 123653|app: 0|req: 12/47] 172.18.0.2 () {54 vars in 1084 bytes} [Thu Jun 18 07:19:25 2026] GET /load-balancer/ => generated 4745 bytes in 4 msecs (HTTP/1.1 200) 4 headers in 158 bytes (1 switches on core 0)
Jun 18 07:19:25.265272 np0000181901 devstack@o-api.service[123656]: [pid: 123656|app: 0|req: 12/48] 172.18.0.2 () {54 vars in 1262 bytes} [Thu Jun 18 07:19:25 2026] GET /load-balancer/v2.0/lbaas/pools?name=k8s-clusterapi-cluster-magnum-system-kube-2ts3p-kubeapi-6443 => generated 947 bytes in 55 msecs (HTTP/1.1 200) 4 headers in 157 bytes (1 switches on core 0)
Jun 18 07:19:25.302901 np0000181901 devstack@o-api.service[123654]: [pid: 123654|app: 0|req: 13/49] 172.18.0.2 () {54 vars in 1443 bytes} [Thu Jun 18 07:19:25 2026] GET /load-balancer/v2.0/lbaas/pools/78f5c2f7-aefd-40ae-bc23-cc9c83cfb320/members?name=k8s-clusterapi-cluster-magnum-system-kube-2ts3p-kubeapi-6443-kube-2ts3p-xkdnn-bhjvf => generated 618 bytes in 35 msecs (HTTP/1.1 200) 4 headers in 157 bytes (1 switches on core 0)
Jun 18 07:19:25.881808 np0000181901 devstack@o-api.service[123655]: [pid: 123655|app: 0|req: 13/50] 172.18.0.2 () {54 vars in 1084 bytes} [Thu Jun 18 07:19:25 2026] GET /load-balancer/ => generated 4745 bytes in 2 msecs (HTTP/1.1 200) 4 headers in 158 bytes (1 switches on core 0)
Jun 18 07:19:25.929522 np0000181901 devstack@o-api.service[123653]: [pid: 123653|app: 0|req: 13/51] 172.18.0.2 () {54 vars in 1262 bytes} [Thu Jun 18 07:19:25 2026] GET /load-balancer/v2.0/lbaas/pools?name=k8s-clusterapi-cluster-magnum-system-kube-2ts3p-kubeapi-6443 => generated 947 bytes in 38 msecs (HTTP/1.1 200) 4 headers in 157 bytes (1 switches on core 0)
Jun 18 07:19:25.971042 np0000181901 devstack@o-api.service[123656]: [pid: 123656|app: 0|req: 13/52] 172.18.0.2 () {54 vars in 1443 bytes} [Thu Jun 18 07:19:25 2026] GET /load-balancer/v2.0/lbaas/pools/78f5c2f7-aefd-40ae-bc23-cc9c83cfb320/members?name=k8s-clusterapi-cluster-magnum-system-kube-2ts3p-kubeapi-6443-kube-2ts3p-xkdnn-bhjvf => generated 618 bytes in 39 msecs (HTTP/1.1 200) 4 headers in 157 bytes (1 switches on core 0)
Jun 18 07:19:56.771019 np0000181901 devstack@o-api.service[123654]: [pid: 123654|app: 0|req: 14/53] 172.18.0.2 () {54 vars in 1084 bytes} [Thu Jun 18 07:19:56 2026] GET /load-balancer/ => generated 4745 bytes in 30 msecs (HTTP/1.1 200) 4 headers in 158 bytes (1 switches on core 0)
Jun 18 07:19:56.840475 np0000181901 devstack@o-api.service[123655]: [pid: 123655|app: 0|req: 14/54] 172.18.0.2 () {54 vars in 1262 bytes} [Thu Jun 18 07:19:56 2026] GET /load-balancer/v2.0/lbaas/pools?name=k8s-clusterapi-cluster-magnum-system-kube-2ts3p-kubeapi-6443 => generated 947 bytes in 34 msecs (HTTP/1.1 200) 4 headers in 157 bytes (1 switches on core 0)
Jun 18 07:19:57.000598 np0000181901 devstack@o-api.service[123653]: [pid: 123653|app: 0|req: 14/55] 172.18.0.2 () {54 vars in 1443 bytes} [Thu Jun 18 07:19:56 2026] GET /load-balancer/v2.0/lbaas/pools/78f5c2f7-aefd-40ae-bc23-cc9c83cfb320/members?name=k8s-clusterapi-cluster-magnum-system-kube-2ts3p-kubeapi-6443-kube-2ts3p-xkdnn-bhjvf => generated 618 bytes in 158 msecs (HTTP/1.1 200) 4 headers in 157 bytes (1 switches on core 0)
Jun 18 07:21:24.060118 np0000181901 devstack@o-api.service[123656]: [pid: 123656|app: 0|req: 14/56] 172.18.0.2 () {54 vars in 1084 bytes} [Thu Jun 18 07:21:24 2026] GET /load-balancer/ => generated 4745 bytes in 3 msecs (HTTP/1.1 200) 4 headers in 158 bytes (1 switches on core 0)
Jun 18 07:21:24.114023 np0000181901 devstack@o-api.service[123654]: [pid: 123654|app: 0|req: 15/57] 172.18.0.2 () {54 vars in 1262 bytes} [Thu Jun 18 07:21:24 2026] GET /load-balancer/v2.0/lbaas/pools?name=k8s-clusterapi-cluster-magnum-system-kube-2ts3p-kubeapi-6443 => generated 947 bytes in 41 msecs (HTTP/1.1 200) 4 headers in 157 bytes (1 switches on core 0)
Jun 18 07:21:24.142818 np0000181901 devstack@o-api.service[123655]: [pid: 123655|app: 0|req: 15/58] 172.18.0.2 () {54 vars in 1443 bytes} [Thu Jun 18 07:21:24 2026] GET /load-balancer/v2.0/lbaas/pools/78f5c2f7-aefd-40ae-bc23-cc9c83cfb320/members?name=k8s-clusterapi-cluster-magnum-system-kube-2ts3p-kubeapi-6443-kube-2ts3p-xkdnn-bhjvf => generated 618 bytes in 27 msecs (HTTP/1.1 200) 4 headers in 157 bytes (1 switches on core 0)
Jun 18 07:21:24.382422 np0000181901 devstack@o-api.service[123653]: [pid: 123653|app: 0|req: 15/59] 172.18.0.2 () {54 vars in 1084 bytes} [Thu Jun 18 07:21:24 2026] GET /load-balancer/ => generated 4745 bytes in 5 msecs (HTTP/1.1 200) 4 headers in 158 bytes (1 switches on core 0)
Jun 18 07:21:24.429971 np0000181901 devstack@o-api.service[123656]: [pid: 123656|app: 0|req: 15/60] 172.18.0.2 () {54 vars in 1262 bytes} [Thu Jun 18 07:21:24 2026] GET /load-balancer/v2.0/lbaas/pools?name=k8s-clusterapi-cluster-magnum-system-kube-2ts3p-kubeapi-6443 => generated 947 bytes in 36 msecs (HTTP/1.1 200) 4 headers in 157 bytes (1 switches on core 0)
Jun 18 07:21:24.462825 np0000181901 devstack@o-api.service[123654]: [pid: 123654|app: 0|req: 16/61] 172.18.0.2 () {54 vars in 1443 bytes} [Thu Jun 18 07:21:24 2026] GET /load-balancer/v2.0/lbaas/pools/78f5c2f7-aefd-40ae-bc23-cc9c83cfb320/members?name=k8s-clusterapi-cluster-magnum-system-kube-2ts3p-kubeapi-6443-kube-2ts3p-xkdnn-bhjvf => generated 618 bytes in 31 msecs (HTTP/1.1 200) 4 headers in 157 bytes (1 switches on core 0)
Jun 18 07:21:24.973341 np0000181901 devstack@o-api.service[123655]: [pid: 123655|app: 0|req: 16/62] 172.18.0.2 () {54 vars in 1084 bytes} [Thu Jun 18 07:21:24 2026] GET /load-balancer/ => generated 4745 bytes in 5 msecs (HTTP/1.1 200) 4 headers in 158 bytes (1 switches on core 0)
Jun 18 07:21:25.027315 np0000181901 devstack@o-api.service[123653]: [pid: 123653|app: 0|req: 16/63] 172.18.0.2 () {54 vars in 1262 bytes} [Thu Jun 18 07:21:24 2026] GET /load-balancer/v2.0/lbaas/pools?name=k8s-clusterapi-cluster-magnum-system-kube-2ts3p-kubeapi-6443 => generated 947 bytes in 43 msecs (HTTP/1.1 200) 4 headers in 157 bytes (1 switches on core 0)
Jun 18 07:21:25.062087 np0000181901 devstack@o-api.service[123656]: [pid: 123656|app: 0|req: 16/64] 172.18.0.2 () {54 vars in 1443 bytes} [Thu Jun 18 07:21:25 2026] GET /load-balancer/v2.0/lbaas/pools/78f5c2f7-aefd-40ae-bc23-cc9c83cfb320/members?name=k8s-clusterapi-cluster-magnum-system-kube-2ts3p-kubeapi-6443-kube-2ts3p-xkdnn-bhjvf => generated 618 bytes in 32 msecs (HTTP/1.1 200) 4 headers in 157 bytes (1 switches on core 0)
Jun 18 07:21:25.333926 np0000181901 devstack@o-api.service[123654]: [pid: 123654|app: 0|req: 17/65] 172.18.0.2 () {54 vars in 1084 bytes} [Thu Jun 18 07:21:25 2026] GET /load-balancer/ => generated 4745 bytes in 4 msecs (HTTP/1.1 200) 4 headers in 158 bytes (1 switches on core 0)
Jun 18 07:21:25.381779 np0000181901 devstack@o-api.service[123655]: [pid: 123655|app: 0|req: 17/66] 172.18.0.2 () {54 vars in 1262 bytes} [Thu Jun 18 07:21:25 2026] GET /load-balancer/v2.0/lbaas/pools?name=k8s-clusterapi-cluster-magnum-system-kube-2ts3p-kubeapi-6443 => generated 947 bytes in 37 msecs (HTTP/1.1 200) 4 headers in 157 bytes (1 switches on core 0)
Jun 18 07:21:25.411879 np0000181901 devstack@o-api.service[123653]: [pid: 123653|app: 0|req: 17/67] 172.18.0.2 () {54 vars in 1443 bytes} [Thu Jun 18 07:21:25 2026] GET /load-balancer/v2.0/lbaas/pools/78f5c2f7-aefd-40ae-bc23-cc9c83cfb320/members?name=k8s-clusterapi-cluster-magnum-system-kube-2ts3p-kubeapi-6443-kube-2ts3p-xkdnn-bhjvf => generated 618 bytes in 27 msecs (HTTP/1.1 200) 4 headers in 157 bytes (1 switches on core 0)
Jun 18 07:21:26.011555 np0000181901 devstack@o-api.service[123656]: [pid: 123656|app: 0|req: 17/68] 172.18.0.2 () {54 vars in 1084 bytes} [Thu Jun 18 07:21:26 2026] GET /load-balancer/ => generated 4745 bytes in 3 msecs (HTTP/1.1 200) 4 headers in 158 bytes (1 switches on core 0)
Jun 18 07:21:26.086827 np0000181901 devstack@o-api.service[123654]: [pid: 123654|app: 0|req: 18/69] 172.18.0.2 () {54 vars in 1262 bytes} [Thu Jun 18 07:21:26 2026] GET /load-balancer/v2.0/lbaas/pools?name=k8s-clusterapi-cluster-magnum-system-kube-2ts3p-kubeapi-6443 => generated 947 bytes in 63 msecs (HTTP/1.1 200) 4 headers in 157 bytes (1 switches on core 0)
Jun 18 07:21:26.125488 np0000181901 devstack@o-api.service[123655]: [pid: 123655|app: 0|req: 18/70] 172.18.0.2 () {54 vars in 1443 bytes} [Thu Jun 18 07:21:26 2026] GET /load-balancer/v2.0/lbaas/pools/78f5c2f7-aefd-40ae-bc23-cc9c83cfb320/members?name=k8s-clusterapi-cluster-magnum-system-kube-2ts3p-kubeapi-6443-kube-2ts3p-xkdnn-bhjvf => generated 618 bytes in 37 msecs (HTTP/1.1 200) 4 headers in 157 bytes (1 switches on core 0)
Jun 18 07:21:40.295899 np0000181901 devstack@o-api.service[123653]: [pid: 123653|app: 0|req: 18/71] 172.18.0.2 () {54 vars in 1084 bytes} [Thu Jun 18 07:21:40 2026] GET /load-balancer/ => generated 4745 bytes in 3 msecs (HTTP/1.1 200) 4 headers in 158 bytes (1 switches on core 0)
Jun 18 07:21:40.357564 np0000181901 devstack@o-api.service[123656]: [pid: 123656|app: 0|req: 18/72] 172.18.0.2 () {54 vars in 1262 bytes} [Thu Jun 18 07:21:40 2026] GET /load-balancer/v2.0/lbaas/pools?name=k8s-clusterapi-cluster-magnum-system-kube-2ts3p-kubeapi-6443 => generated 947 bytes in 48 msecs (HTTP/1.1 200) 4 headers in 157 bytes (1 switches on core 0)
Jun 18 07:21:40.391308 np0000181901 devstack@o-api.service[123654]: [pid: 123654|app: 0|req: 19/73] 172.18.0.2 () {54 vars in 1443 bytes} [Thu Jun 18 07:21:40 2026] GET /load-balancer/v2.0/lbaas/pools/78f5c2f7-aefd-40ae-bc23-cc9c83cfb320/members?name=k8s-clusterapi-cluster-magnum-system-kube-2ts3p-kubeapi-6443-kube-2ts3p-xkdnn-bhjvf => generated 618 bytes in 32 msecs (HTTP/1.1 200) 4 headers in 157 bytes (1 switches on core 0)
Jun 18 07:22:18.034408 np0000181901 devstack@o-api.service[123655]: [pid: 123655|app: 0|req: 19/74] 172.18.0.2 () {54 vars in 1084 bytes} [Thu Jun 18 07:22:18 2026] GET /load-balancer/ => generated 4745 bytes in 4 msecs (HTTP/1.1 200) 4 headers in 158 bytes (1 switches on core 0)
Jun 18 07:22:18.089656 np0000181901 devstack@o-api.service[123653]: [pid: 123653|app: 0|req: 19/75] 172.18.0.2 () {54 vars in 1262 bytes} [Thu Jun 18 07:22:18 2026] GET /load-balancer/v2.0/lbaas/pools?name=k8s-clusterapi-cluster-magnum-system-kube-2ts3p-kubeapi-6443 => generated 947 bytes in 41 msecs (HTTP/1.1 200) 4 headers in 157 bytes (1 switches on core 0)
Jun 18 07:22:18.117289 np0000181901 devstack@o-api.service[123656]: [pid: 123656|app: 0|req: 19/76] 172.18.0.2 () {54 vars in 1443 bytes} [Thu Jun 18 07:22:18 2026] GET /load-balancer/v2.0/lbaas/pools/78f5c2f7-aefd-40ae-bc23-cc9c83cfb320/members?name=k8s-clusterapi-cluster-magnum-system-kube-2ts3p-kubeapi-6443-kube-2ts3p-xkdnn-bhjvf => generated 618 bytes in 25 msecs (HTTP/1.1 200) 4 headers in 157 bytes (1 switches on core 0)
Jun 18 07:22:18.380413 np0000181901 devstack@o-api.service[123654]: [pid: 123654|app: 0|req: 20/77] 172.18.0.2 () {54 vars in 1084 bytes} [Thu Jun 18 07:22:18 2026] GET /load-balancer/ => generated 4745 bytes in 3 msecs (HTTP/1.1 200) 4 headers in 158 bytes (1 switches on core 0)
Jun 18 07:22:18.427206 np0000181901 devstack@o-api.service[123655]: [pid: 123655|app: 0|req: 20/78] 172.18.0.2 () {54 vars in 1262 bytes} [Thu Jun 18 07:22:18 2026] GET /load-balancer/v2.0/lbaas/pools?name=k8s-clusterapi-cluster-magnum-system-kube-2ts3p-kubeapi-6443 => generated 947 bytes in 36 msecs (HTTP/1.1 200) 4 headers in 157 bytes (1 switches on core 0)
Jun 18 07:22:18.462537 np0000181901 devstack@o-api.service[123653]: [pid: 123653|app: 0|req: 20/79] 172.18.0.2 () {54 vars in 1443 bytes} [Thu Jun 18 07:22:18 2026] GET /load-balancer/v2.0/lbaas/pools/78f5c2f7-aefd-40ae-bc23-cc9c83cfb320/members?name=k8s-clusterapi-cluster-magnum-system-kube-2ts3p-kubeapi-6443-kube-2ts3p-xkdnn-bhjvf => generated 618 bytes in 34 msecs (HTTP/1.1 200) 4 headers in 157 bytes (1 switches on core 0)
Jun 18 07:22:19.081975 np0000181901 devstack@o-api.service[123656]: [pid: 123656|app: 0|req: 20/80] 172.18.0.2 () {54 vars in 1084 bytes} [Thu Jun 18 07:22:19 2026] GET /load-balancer/ => generated 4745 bytes in 5 msecs (HTTP/1.1 200) 4 headers in 158 bytes (1 switches on core 0)
Jun 18 07:22:19.138688 np0000181901 devstack@o-api.service[123654]: [pid: 123654|app: 0|req: 21/81] 172.18.0.2 () {54 vars in 1262 bytes} [Thu Jun 18 07:22:19 2026] GET /load-balancer/v2.0/lbaas/pools?name=k8s-clusterapi-cluster-magnum-system-kube-2ts3p-kubeapi-6443 => generated 947 bytes in 47 msecs (HTTP/1.1 200) 4 headers in 157 bytes (1 switches on core 0)
Jun 18 07:22:19.169115 np0000181901 devstack@o-api.service[123655]: [pid: 123655|app: 0|req: 21/82] 172.18.0.2 () {54 vars in 1443 bytes} [Thu Jun 18 07:22:19 2026] GET /load-balancer/v2.0/lbaas/pools/78f5c2f7-aefd-40ae-bc23-cc9c83cfb320/members?name=k8s-clusterapi-cluster-magnum-system-kube-2ts3p-kubeapi-6443-kube-2ts3p-xkdnn-bhjvf => generated 618 bytes in 28 msecs (HTTP/1.1 200) 4 headers in 157 bytes (1 switches on core 0)
Jun 18 07:22:19.411026 np0000181901 devstack@o-api.service[123653]: [pid: 123653|app: 0|req: 21/83] 172.18.0.2 () {54 vars in 1084 bytes} [Thu Jun 18 07:22:19 2026] GET /load-balancer/ => generated 4745 bytes in 7 msecs (HTTP/1.1 200) 4 headers in 158 bytes (1 switches on core 0)
Jun 18 07:22:19.458942 np0000181901 devstack@o-api.service[123656]: [pid: 123656|app: 0|req: 21/84] 172.18.0.2 () {54 vars in 1262 bytes} [Thu Jun 18 07:22:19 2026] GET /load-balancer/v2.0/lbaas/pools?name=k8s-clusterapi-cluster-magnum-system-kube-2ts3p-kubeapi-6443 => generated 947 bytes in 37 msecs (HTTP/1.1 200) 4 headers in 157 bytes (1 switches on core 0)
Jun 18 07:22:19.499083 np0000181901 devstack@o-api.service[123654]: [pid: 123654|app: 0|req: 22/85] 172.18.0.2 () {54 vars in 1443 bytes} [Thu Jun 18 07:22:19 2026] GET /load-balancer/v2.0/lbaas/pools/78f5c2f7-aefd-40ae-bc23-cc9c83cfb320/members?name=k8s-clusterapi-cluster-magnum-system-kube-2ts3p-kubeapi-6443-kube-2ts3p-xkdnn-bhjvf => generated 618 bytes in 37 msecs (HTTP/1.1 200) 4 headers in 157 bytes (1 switches on core 0)
Jun 18 07:22:28.930087 np0000181901 devstack@o-api.service[123655]: [pid: 123655|app: 0|req: 22/86] 172.18.0.2 () {54 vars in 1084 bytes} [Thu Jun 18 07:22:28 2026] GET /load-balancer/ => generated 4745 bytes in 5 msecs (HTTP/1.1 200) 4 headers in 158 bytes (1 switches on core 0)
Jun 18 07:22:28.988128 np0000181901 devstack@o-api.service[123653]: [pid: 123653|app: 0|req: 22/87] 172.18.0.2 () {54 vars in 1276 bytes} [Thu Jun 18 07:22:28 2026] GET /load-balancer/v2.0/lbaas/loadbalancers?name=k8s-clusterapi-cluster-magnum-system-kube-2ts3p-kubeapi => generated 1010 bytes in 44 msecs (HTTP/1.1 200) 4 headers in 158 bytes (1 switches on core 0)
Jun 18 07:22:29.109931 np0000181901 devstack@o-api.service[123656]: [pid: 123656|app: 0|req: 22/88] 172.18.0.2 () {54 vars in 1084 bytes} [Thu Jun 18 07:22:29 2026] GET /load-balancer/ => generated 4745 bytes in 5 msecs (HTTP/1.1 200) 4 headers in 158 bytes (1 switches on core 0)
Jun 18 07:22:29.147443 np0000181901 devstack@o-api.service[123654]: [pid: 123654|app: 0|req: 23/89] 172.18.0.2 () {54 vars in 1274 bytes} [Thu Jun 18 07:22:29 2026] GET /load-balancer/v2.0/lbaas/listeners?name=k8s-clusterapi-cluster-magnum-system-kube-2ts3p-kubeapi-6443 => generated 1133 bytes in 35 msecs (HTTP/1.1 200) 4 headers in 158 bytes (1 switches on core 0)
Jun 18 07:22:29.185735 np0000181901 devstack@o-api.service[123655]: [pid: 123655|app: 0|req: 23/90] 172.18.0.2 () {54 vars in 1262 bytes} [Thu Jun 18 07:22:29 2026] GET /load-balancer/v2.0/lbaas/pools?name=k8s-clusterapi-cluster-magnum-system-kube-2ts3p-kubeapi-6443 => generated 947 bytes in 36 msecs (HTTP/1.1 200) 4 headers in 157 bytes (1 switches on core 0)
Jun 18 07:22:29.211352 np0000181901 devstack@o-api.service[123653]: [pid: 123653|app: 0|req: 23/91] 172.18.0.2 () {54 vars in 1289 bytes} [Thu Jun 18 07:22:29 2026] GET /load-balancer/v2.0/lbaas/healthmonitors?name=k8s-clusterapi-cluster-magnum-system-kube-2ts3p-kubeapi-6443 => generated 688 bytes in 23 msecs (HTTP/1.1 200) 4 headers in 157 bytes (1 switches on core 0)
Jun 18 07:22:33.129736 np0000181901 devstack@o-api.service[123656]: [pid: 123656|app: 0|req: 23/92] 172.18.0.2 () {54 vars in 1084 bytes} [Thu Jun 18 07:22:33 2026] GET /load-balancer/ => generated 4745 bytes in 3 msecs (HTTP/1.1 200) 4 headers in 158 bytes (1 switches on core 0)
Jun 18 07:22:33.185215 np0000181901 devstack@o-api.service[123654]: [pid: 123654|app: 0|req: 24/93] 172.18.0.2 () {54 vars in 1262 bytes} [Thu Jun 18 07:22:33 2026] GET /load-balancer/v2.0/lbaas/pools?name=k8s-clusterapi-cluster-magnum-system-kube-2ts3p-kubeapi-6443 => generated 947 bytes in 43 msecs (HTTP/1.1 200) 4 headers in 157 bytes (1 switches on core 0)
Jun 18 07:22:33.219809 np0000181901 devstack@o-api.service[123655]: [pid: 123655|app: 0|req: 24/94] 172.18.0.2 () {54 vars in 1443 bytes} [Thu Jun 18 07:22:33 2026] GET /load-balancer/v2.0/lbaas/pools/78f5c2f7-aefd-40ae-bc23-cc9c83cfb320/members?name=k8s-clusterapi-cluster-magnum-system-kube-2ts3p-kubeapi-6443-kube-2ts3p-xkdnn-bhjvf => generated 618 bytes in 32 msecs (HTTP/1.1 200) 4 headers in 157 bytes (1 switches on core 0)
Jun 18 07:29:40.386520 np0000181901 devstack@o-api.service[123653]: [pid: 123653|app: 0|req: 24/95] 172.18.0.2 () {54 vars in 1084 bytes} [Thu Jun 18 07:29:40 2026] GET /load-balancer/ => generated 4745 bytes in 11 msecs (HTTP/1.1 200) 4 headers in 158 bytes (1 switches on core 0)
Jun 18 07:29:40.425429 np0000181901 devstack@o-api.service[123656]: [pid: 123656|app: 0|req: 24/96] 172.18.0.2 () {54 vars in 1262 bytes} [Thu Jun 18 07:29:40 2026] GET /load-balancer/v2.0/lbaas/pools?name=k8s-clusterapi-cluster-magnum-system-kube-2ts3p-kubeapi-6443 => generated 947 bytes in 31 msecs (HTTP/1.1 200) 4 headers in 157 bytes (1 switches on core 0)
Jun 18 07:29:40.459736 np0000181901 devstack@o-api.service[123654]: [pid: 123654|app: 0|req: 25/97] 172.18.0.2 () {54 vars in 1443 bytes} [Thu Jun 18 07:29:40 2026] GET /load-balancer/v2.0/lbaas/pools/78f5c2f7-aefd-40ae-bc23-cc9c83cfb320/members?name=k8s-clusterapi-cluster-magnum-system-kube-2ts3p-kubeapi-6443-kube-2ts3p-xkdnn-bhjvf => generated 618 bytes in 32 msecs (HTTP/1.1 200) 4 headers in 157 bytes (2 switches on core 0)
Jun 18 07:32:15.666280 np0000181901 devstack@o-api.service[123655]: [pid: 123655|app: 0|req: 25/98] 172.18.0.2 () {54 vars in 1084 bytes} [Thu Jun 18 07:32:15 2026] GET /load-balancer/ => generated 4745 bytes in 4 msecs (HTTP/1.1 200) 4 headers in 158 bytes (1 switches on core 0)
Jun 18 07:32:15.708952 np0000181901 devstack@o-api.service[123653]: [pid: 123653|app: 0|req: 25/99] 172.18.0.2 () {54 vars in 1262 bytes} [Thu Jun 18 07:32:15 2026] GET /load-balancer/v2.0/lbaas/pools?name=k8s-clusterapi-cluster-magnum-system-kube-2ts3p-kubeapi-6443 => generated 947 bytes in 31 msecs (HTTP/1.1 200) 4 headers in 157 bytes (1 switches on core 0)
Jun 18 07:32:15.739752 np0000181901 devstack@o-api.service[123656]: [pid: 123656|app: 0|req: 25/100] 172.18.0.2 () {54 vars in 1443 bytes} [Thu Jun 18 07:32:15 2026] GET /load-balancer/v2.0/lbaas/pools/78f5c2f7-aefd-40ae-bc23-cc9c83cfb320/members?name=k8s-clusterapi-cluster-magnum-system-kube-2ts3p-kubeapi-6443-kube-2ts3p-xkdnn-bhjvf => generated 618 bytes in 29 msecs (HTTP/1.1 200) 4 headers in 157 bytes (1 switches on core 0)
Jun 18 07:33:28.451575 np0000181901 devstack@o-api.service[123654]: [pid: 123654|app: 0|req: 26/101] 172.18.0.2 () {54 vars in 1084 bytes} [Thu Jun 18 07:33:28 2026] GET /load-balancer/ => generated 4745 bytes in 4 msecs (HTTP/1.1 200) 4 headers in 158 bytes (2 switches on core 0)
