Apr 21 13:28:25.066055 np0000168700 neutron-periodic-workers[106209]: DEBUG cotyledon.oslo_config_glue [-] ml2.overlay_ip_version = 4 {{(pid=106209) log_opt_values /opt/stack/data/venv/lib/python3.12/site-packages/oslo_config/cfg.py:3006}}
Apr 21 13:28:25.066055 np0000168700 neutron-periodic-workers[106209]: DEBUG cotyledon.oslo_config_glue [-] ml2.path_mtu = 0 {{(pid=106209) log_opt_values /opt/stack/data/venv/lib/python3.12/site-packages/oslo_config/cfg.py:3006}}
Apr 21 13:28:25.066055 np0000168700 neutron-periodic-workers[106209]: DEBUG cotyledon.oslo_config_glue [-] ml2.physical_network_mtus = {} {{(pid=106209) log_opt_values /opt/stack/data/venv/lib/python3.12/site-packages/oslo_config/cfg.py:3006}}
Apr 21 13:28:25.066055 np0000168700 neutron-periodic-workers[106209]: DEBUG cotyledon.oslo_config_glue [-] ml2.project_network_types = ['geneve'] {{(pid=106209) log_opt_values /opt/stack/data/venv/lib/python3.12/site-packages/oslo_config/cfg.py:3006}}
Apr 21 13:28:25.066055 np0000168700 neutron-periodic-workers[106209]: DEBUG cotyledon.oslo_config_glue [-] ml2.tunnelled_network_rp_name = rp_tunnelled {{(pid=106209) log_opt_values /opt/stack/data/venv/lib/python3.12/site-packages/oslo_config/cfg.py:3006}}
Apr 21 13:28:25.066055 np0000168700 neutron-periodic-workers[106209]: DEBUG cotyledon.oslo_config_glue [-] ml2.type_drivers = ['local', 'flat', 'vlan', 'geneve'] {{(pid=106209) log_opt_values /opt/stack/data/venv/lib/python3.12/site-packages/oslo_config/cfg.py:3006}}
Apr 21 13:28:25.066055 np0000168700 neutron-periodic-workers[106209]: DEBUG cotyledon.oslo_config_glue [-] ml2_type_flat.flat_networks = ['public'] {{(pid=106209) log_opt_values /opt/stack/data/venv/lib/python3.12/site-packages/oslo_config/cfg.py:3006}}
Apr 21 13:28:25.066055 np0000168700 neutron-periodic-workers[106209]: DEBUG cotyledon.oslo_config_glue [-] ml2_type_geneve.max_header_size = 38 {{(pid=106209) log_opt_values /opt/stack/data/venv/lib/python3.12/site-packages/oslo_config/cfg.py:3006}}
Apr 21 13:28:25.066335 np0000168700 neutron-periodic-workers[106209]: DEBUG cotyledon.oslo_config_glue [-] ml2_type_geneve.vni_ranges = ['1:65536'] {{(pid=106209) log_opt_values /opt/stack/data/venv/lib/python3.12/site-packages/oslo_config/cfg.py:3006}}
Apr 21 13:28:25.066335 np0000168700 neutron-periodic-workers[106209]: DEBUG cotyledon.oslo_config_glue [-] ml2_type_vlan.network_vlan_ranges = ['public'] {{(pid=106209) log_opt_values /opt/stack/data/venv/lib/python3.12/site-packages/oslo_config/cfg.py:3006}}
Apr 21 13:28:25.066335 np0000168700 neutron-periodic-workers[106209]: DEBUG cotyledon.oslo_config_glue [-] network_log.burst_limit = 25 {{(pid=106209) log_opt_values /opt/stack/data/venv/lib/python3.12/site-packages/oslo_config/cfg.py:3006}}
Apr 21 13:28:25.066335 np0000168700 neutron-periodic-workers[106209]: DEBUG cotyledon.oslo_config_glue [-] network_log.local_output_log_base = None {{(pid=106209) log_opt_values /opt/stack/data/venv/lib/python3.12/site-packages/oslo_config/cfg.py:3006}}
Apr 21 13:28:25.066335 np0000168700 neutron-periodic-workers[106209]: DEBUG cotyledon.oslo_config_glue [-] network_log.rate_limit = 100 {{(pid=106209) log_opt_values /opt/stack/data/venv/lib/python3.12/site-packages/oslo_config/cfg.py:3006}}
Apr 21 13:28:25.066335 np0000168700 neutron-periodic-workers[106209]: DEBUG cotyledon.oslo_config_glue [-] database.asyncio_connection = **** {{(pid=106209) log_opt_values /opt/stack/data/venv/lib/python3.12/site-packages/oslo_config/cfg.py:3006}}
Apr 21 13:28:25.066335 np0000168700 neutron-periodic-workers[106209]: DEBUG cotyledon.oslo_config_glue [-] database.asyncio_slave_connection = **** {{(pid=106209) log_opt_values /opt/stack/data/venv/lib/python3.12/site-packages/oslo_config/cfg.py:3006}}
Apr 21 13:28:25.066335 np0000168700 neutron-periodic-workers[106209]: DEBUG cotyledon.oslo_config_glue [-] database.backend = sqlalchemy {{(pid=106209) log_opt_values /opt/stack/data/venv/lib/python3.12/site-packages/oslo_config/cfg.py:3006}}
Apr 21 13:28:25.066593 np0000168700 neutron-periodic-workers[106209]: DEBUG cotyledon.oslo_config_glue [-] database.connection = **** {{(pid=106209) log_opt_values /opt/stack/data/venv/lib/python3.12/site-packages/oslo_config/cfg.py:3006}}
Apr 21 13:28:25.066593 np0000168700 neutron-periodic-workers[106209]: DEBUG cotyledon.oslo_config_glue [-] database.connection_debug = 0 {{(pid=106209) log_opt_values /opt/stack/data/venv/lib/python3.12/site-packages/oslo_config/cfg.py:3006}}
Apr 21 13:28:25.066593 np0000168700 neutron-periodic-workers[106209]: DEBUG cotyledon.oslo_config_glue [-] database.connection_parameters = {{(pid=106209) log_opt_values /opt/stack/data/venv/lib/python3.12/site-packages/oslo_config/cfg.py:3006}}
Apr 21 13:28:25.066593 np0000168700 neutron-periodic-workers[106209]: DEBUG cotyledon.oslo_config_glue [-] database.connection_recycle_time = 3600 {{(pid=106209) log_opt_values /opt/stack/data/venv/lib/python3.12/site-packages/oslo_config/cfg.py:3006}}
Apr 21 13:28:25.066593 np0000168700 neutron-periodic-workers[106209]: DEBUG cotyledon.oslo_config_glue [-] database.connection_trace = False {{(pid=106209) log_opt_values /opt/stack/data/venv/lib/python3.12/site-packages/oslo_config/cfg.py:3006}}
Apr 21 13:28:25.066593 np0000168700 neutron-periodic-workers[106209]: DEBUG cotyledon.oslo_config_glue [-] database.db_inc_retry_interval = True {{(pid=106209) log_opt_values /opt/stack/data/venv/lib/python3.12/site-packages/oslo_config/cfg.py:3006}}
Apr 21 13:28:25.066830 np0000168700 neutron-periodic-workers[106209]: DEBUG cotyledon.oslo_config_glue [-] database.db_max_retries = 20 {{(pid=106209) log_opt_values /opt/stack/data/venv/lib/python3.12/site-packages/oslo_config/cfg.py:3006}}
Apr 21 13:28:25.066830 np0000168700 neutron-periodic-workers[106209]: DEBUG cotyledon.oslo_config_glue [-] database.db_max_retry_interval = 10 {{(pid=106209) log_opt_values /opt/stack/data/venv/lib/python3.12/site-packages/oslo_config/cfg.py:3006}}
Apr 21 13:28:25.066830 np0000168700 neutron-periodic-workers[106209]: DEBUG cotyledon.oslo_config_glue [-] database.db_retry_interval = 1 {{(pid=106209) log_opt_values /opt/stack/data/venv/lib/python3.12/site-packages/oslo_config/cfg.py:3006}}
Apr 21 13:28:25.066830 np0000168700 neutron-periodic-workers[106209]: DEBUG cotyledon.oslo_config_glue [-] database.max_overflow = 50 {{(pid=106209) log_opt_values /opt/stack/data/venv/lib/python3.12/site-packages/oslo_config/cfg.py:3006}}
Apr 21 13:28:25.066830 np0000168700 neutron-periodic-workers[106209]: DEBUG cotyledon.oslo_config_glue [-] database.max_pool_size = 5 {{(pid=106209) log_opt_values /opt/stack/data/venv/lib/python3.12/site-packages/oslo_config/cfg.py:3006}}
Apr 21 13:28:25.066830 np0000168700 neutron-periodic-workers[106209]: DEBUG cotyledon.oslo_config_glue [-] database.max_retries = 10 {{(pid=106209) log_opt_values /opt/stack/data/venv/lib/python3.12/site-packages/oslo_config/cfg.py:3006}}
Apr 21 13:28:25.067033 np0000168700 neutron-periodic-workers[106209]: DEBUG cotyledon.oslo_config_glue [-] database.mysql_sql_mode = TRADITIONAL {{(pid=106209) log_opt_values /opt/stack/data/venv/lib/python3.12/site-packages/oslo_config/cfg.py:3006}}
Apr 21 13:28:25.067033 np0000168700 neutron-periodic-workers[106209]: DEBUG cotyledon.oslo_config_glue [-] database.mysql_wsrep_sync_wait = None {{(pid=106209) log_opt_values /opt/stack/data/venv/lib/python3.12/site-packages/oslo_config/cfg.py:3006}}
Apr 21 13:28:25.067033 np0000168700 neutron-periodic-workers[106209]: DEBUG cotyledon.oslo_config_glue [-] database.pool_timeout = None {{(pid=106209) log_opt_values /opt/stack/data/venv/lib/python3.12/site-packages/oslo_config/cfg.py:3006}}
Apr 21 13:28:25.067033 np0000168700 neutron-periodic-workers[106209]: DEBUG cotyledon.oslo_config_glue [-] database.retry_interval = 10 {{(pid=106209) log_opt_values /opt/stack/data/venv/lib/python3.12/site-packages/oslo_config/cfg.py:3006}}
Apr 21 13:28:25.067033 np0000168700 neutron-periodic-workers[106209]: DEBUG cotyledon.oslo_config_glue [-] database.slave_connection = **** {{(pid=106209) log_opt_values /opt/stack/data/venv/lib/python3.12/site-packages/oslo_config/cfg.py:3006}}
Apr 21 13:28:25.067216 np0000168700 neutron-periodic-workers[106209]: DEBUG cotyledon.oslo_config_glue [-] database.sqlite_synchronous = True {{(pid=106209) log_opt_values /opt/stack/data/venv/lib/python3.12/site-packages/oslo_config/cfg.py:3006}}
Apr 21 13:28:25.067216 np0000168700 neutron-periodic-workers[106209]: DEBUG cotyledon.oslo_config_glue [-] database.synchronous_reader = True {{(pid=106209) log_opt_values /opt/stack/data/venv/lib/python3.12/site-packages/oslo_config/cfg.py:3006}}
Apr 21 13:28:25.067216 np0000168700 neutron-periodic-workers[106209]: DEBUG cotyledon.oslo_config_glue [-] database.use_db_reconnect = False {{(pid=106209) log_opt_values /opt/stack/data/venv/lib/python3.12/site-packages/oslo_config/cfg.py:3006}}
Apr 21 13:28:25.067216 np0000168700 neutron-periodic-workers[106209]: DEBUG cotyledon.oslo_config_glue [-] ovn.bfd_min_rx = 1000 {{(pid=106209) log_opt_values /opt/stack/data/venv/lib/python3.12/site-packages/oslo_config/cfg.py:3006}}
Apr 21 13:28:25.067410 np0000168700 neutron-periodic-workers[106209]: DEBUG cotyledon.oslo_config_glue [-] ovn.bfd_min_tx = 100 {{(pid=106209) log_opt_values /opt/stack/data/venv/lib/python3.12/site-packages/oslo_config/cfg.py:3006}}
Apr 21 13:28:25.067410 np0000168700 neutron-periodic-workers[106209]: DEBUG cotyledon.oslo_config_glue [-] ovn.bfd_mult = 3 {{(pid=106209) log_opt_values /opt/stack/data/venv/lib/python3.12/site-packages/oslo_config/cfg.py:3006}}
Apr 21 13:28:25.067410 np0000168700 neutron-periodic-workers[106209]: DEBUG cotyledon.oslo_config_glue [-] ovn.broadcast_arps_to_all_routers = True {{(pid=106209) log_opt_values /opt/stack/data/venv/lib/python3.12/site-packages/oslo_config/cfg.py:3006}}
Apr 21 13:28:25.067410 np0000168700 neutron-periodic-workers[106209]: DEBUG cotyledon.oslo_config_glue [-] ovn.dhcp_default_lease_time = 43200 {{(pid=106209) log_opt_values /opt/stack/data/venv/lib/python3.12/site-packages/oslo_config/cfg.py:3006}}
Apr 21 13:28:25.067577 np0000168700 neutron-periodic-workers[106209]: DEBUG cotyledon.oslo_config_glue [-] ovn.disable_ovn_dhcp_for_baremetal_ports = False {{(pid=106209) log_opt_values /opt/stack/data/venv/lib/python3.12/site-packages/oslo_config/cfg.py:3006}}
Apr 21 13:28:25.067577 np0000168700 neutron-periodic-workers[106209]: DEBUG cotyledon.oslo_config_glue [-] ovn.dns_records_ovn_owned = False {{(pid=106209) log_opt_values /opt/stack/data/venv/lib/python3.12/site-packages/oslo_config/cfg.py:3006}}
Apr 21 13:28:25.067577 np0000168700 neutron-periodic-workers[106209]: DEBUG cotyledon.oslo_config_glue [-] ovn.dns_servers = [] {{(pid=106209) log_opt_values /opt/stack/data/venv/lib/python3.12/site-packages/oslo_config/cfg.py:3006}}
Apr 21 13:28:25.067687 np0000168700 neutron-periodic-workers[106209]: DEBUG cotyledon.oslo_config_glue [-] ovn.enable_distributed_floating_ip = False {{(pid=106209) log_opt_values /opt/stack/data/venv/lib/python3.12/site-packages/oslo_config/cfg.py:3006}}
Apr 21 13:28:25.067687 np0000168700 neutron-periodic-workers[106209]: DEBUG cotyledon.oslo_config_glue [-] ovn.fdb_age_threshold = 300 {{(pid=106209) log_opt_values /opt/stack/data/venv/lib/python3.12/site-packages/oslo_config/cfg.py:3006}}
Apr 21 13:28:25.067772 np0000168700 neutron-periodic-workers[106209]: DEBUG cotyledon.oslo_config_glue [-] ovn.ha_failover_strategy = normal {{(pid=106209) log_opt_values /opt/stack/data/venv/lib/python3.12/site-packages/oslo_config/cfg.py:3006}}
Apr 21 13:28:25.067772 np0000168700 neutron-periodic-workers[106209]: DEBUG cotyledon.oslo_config_glue [-] ovn.live_migration_activation_strategy = rarp {{(pid=106209) log_opt_values /opt/stack/data/venv/lib/python3.12/site-packages/oslo_config/cfg.py:3006}}
Apr 21 13:28:25.067851 np0000168700 neutron-periodic-workers[106209]: DEBUG cotyledon.oslo_config_glue [-] ovn.localnet_learn_fdb = False {{(pid=106209) log_opt_values /opt/stack/data/venv/lib/python3.12/site-packages/oslo_config/cfg.py:3006}}
Apr 21 13:28:25.067851 np0000168700 neutron-periodic-workers[106209]: DEBUG cotyledon.oslo_config_glue [-] ovn.mac_binding_age_threshold = 300 {{(pid=106209) log_opt_values /opt/stack/data/venv/lib/python3.12/site-packages/oslo_config/cfg.py:3006}}
Apr 21 13:28:25.067927 np0000168700 neutron-periodic-workers[106209]: DEBUG cotyledon.oslo_config_glue [-] ovn.neutron_sync_mode = log {{(pid=106209) log_opt_values /opt/stack/data/venv/lib/python3.12/site-packages/oslo_config/cfg.py:3006}}
Apr 21 13:28:25.067969 np0000168700 neutron-periodic-workers[106209]: DEBUG cotyledon.oslo_config_glue [-] ovn.ovn_dhcp4_global_options = {} {{(pid=106209) log_opt_values /opt/stack/data/venv/lib/python3.12/site-packages/oslo_config/cfg.py:3006}}
Apr 21 13:28:25.068016 np0000168700 neutron-periodic-workers[106209]: DEBUG cotyledon.oslo_config_glue [-] ovn.ovn_dhcp6_global_options = {} {{(pid=106209) log_opt_values /opt/stack/data/venv/lib/python3.12/site-packages/oslo_config/cfg.py:3006}}
Apr 21 13:28:25.068059 np0000168700 neutron-periodic-workers[106209]: DEBUG cotyledon.oslo_config_glue [-] ovn.ovn_l3_scheduler = leastloaded {{(pid=106209) log_opt_values /opt/stack/data/venv/lib/python3.12/site-packages/oslo_config/cfg.py:3006}}
Apr 21 13:28:25.068104 np0000168700 neutron-periodic-workers[106209]: DEBUG cotyledon.oslo_config_glue [-] ovn.ovn_metadata_enabled = True {{(pid=106209) log_opt_values /opt/stack/data/venv/lib/python3.12/site-packages/oslo_config/cfg.py:3006}}
Apr 21 13:28:25.068150 np0000168700 neutron-periodic-workers[106209]: DEBUG cotyledon.oslo_config_glue [-] ovn.ovn_nb_ca_cert = /opt/stack/data/CA/int-ca/ca-chain.pem {{(pid=106209) log_opt_values /opt/stack/data/venv/lib/python3.12/site-packages/oslo_config/cfg.py:3006}}
Apr 21 13:28:25.068194 np0000168700 neutron-periodic-workers[106209]: DEBUG cotyledon.oslo_config_glue [-] ovn.ovn_nb_certificate = /opt/stack/data/CA/int-ca/devstack-cert.crt {{(pid=106209) log_opt_values /opt/stack/data/venv/lib/python3.12/site-packages/oslo_config/cfg.py:3006}}
Apr 21 13:28:25.068230 np0000168700 neutron-periodic-workers[106209]: DEBUG cotyledon.oslo_config_glue [-] ovn.ovn_nb_connection = ['ssl:199.19.213.24:6641'] {{(pid=106209) log_opt_values /opt/stack/data/venv/lib/python3.12/site-packages/oslo_config/cfg.py:3006}}
Apr 21 13:28:25.068272 np0000168700 neutron-periodic-workers[106209]: DEBUG cotyledon.oslo_config_glue [-] ovn.ovn_nb_private_key = /opt/stack/data/CA/int-ca/private/devstack-cert.key {{(pid=106209) log_opt_values /opt/stack/data/venv/lib/python3.12/site-packages/oslo_config/cfg.py:3006}}
Apr 21 13:28:25.068272 np0000168700 neutron-periodic-workers[106209]: DEBUG cotyledon.oslo_config_glue [-] ovn.ovn_router_indirect_snat = False {{(pid=106209) log_opt_values /opt/stack/data/venv/lib/python3.12/site-packages/oslo_config/cfg.py:3006}}
Apr 21 13:28:25.068347 np0000168700 neutron-periodic-workers[106209]: DEBUG cotyledon.oslo_config_glue [-] ovn.ovn_sb_ca_cert = /opt/stack/data/CA/int-ca/ca-chain.pem {{(pid=106209) log_opt_values /opt/stack/data/venv/lib/python3.12/site-packages/oslo_config/cfg.py:3006}}
Apr 21 13:28:25.068347 np0000168700 neutron-periodic-workers[106209]: DEBUG cotyledon.oslo_config_glue [-] ovn.ovn_sb_certificate = /opt/stack/data/CA/int-ca/devstack-cert.crt {{(pid=106209) log_opt_values /opt/stack/data/venv/lib/python3.12/site-packages/oslo_config/cfg.py:3006}}
Apr 21 13:28:25.068422 np0000168700 neutron-periodic-workers[106209]: DEBUG cotyledon.oslo_config_glue [-] ovn.ovn_sb_connection = ['ssl:199.19.213.24:6642'] {{(pid=106209) log_opt_values /opt/stack/data/venv/lib/python3.12/site-packages/oslo_config/cfg.py:3006}}
Apr 21 13:28:25.068509 np0000168700 neutron-periodic-workers[106209]: DEBUG cotyledon.oslo_config_glue [-] ovn.ovn_sb_private_key = /opt/stack/data/CA/int-ca/private/devstack-cert.key {{(pid=106209) log_opt_values /opt/stack/data/venv/lib/python3.12/site-packages/oslo_config/cfg.py:3006}}
Apr 21 13:28:25.068509 np0000168700 neutron-periodic-workers[106209]: DEBUG cotyledon.oslo_config_glue [-] ovn.ovs_create_tap = False {{(pid=106209) log_opt_values /opt/stack/data/venv/lib/python3.12/site-packages/oslo_config/cfg.py:3006}}
Apr 21 13:28:25.068594 np0000168700 neutron-periodic-workers[106209]: DEBUG cotyledon.oslo_config_glue [-] ovn.ovsdb_connection_timeout = 180 {{(pid=106209) log_opt_values /opt/stack/data/venv/lib/python3.12/site-packages/oslo_config/cfg.py:3006}}
Apr 21 13:28:25.068594 np0000168700 neutron-periodic-workers[106209]: DEBUG cotyledon.oslo_config_glue [-] ovn.ovsdb_log_level = INFO {{(pid=106209) log_opt_values /opt/stack/data/venv/lib/python3.12/site-packages/oslo_config/cfg.py:3006}}
Apr 21 13:28:25.068665 np0000168700 neutron-periodic-workers[106209]: DEBUG cotyledon.oslo_config_glue [-] ovn.ovsdb_probe_interval = 60000 {{(pid=106209) log_opt_values /opt/stack/data/venv/lib/python3.12/site-packages/oslo_config/cfg.py:3006}}
Apr 21 13:28:25.068665 np0000168700 neutron-periodic-workers[106209]: DEBUG cotyledon.oslo_config_glue [-] ovn.ovsdb_retry_max_interval = 180 {{(pid=106209) log_opt_values /opt/stack/data/venv/lib/python3.12/site-packages/oslo_config/cfg.py:3006}}
Apr 21 13:28:25.068739 np0000168700 neutron-periodic-workers[106209]: DEBUG cotyledon.oslo_config_glue [-] ovn.stateless_nat_enabled = False {{(pid=106209) log_opt_values /opt/stack/data/venv/lib/python3.12/site-packages/oslo_config/cfg.py:3006}}
Apr 21 13:28:25.068781 np0000168700 neutron-periodic-workers[106209]: DEBUG cotyledon.oslo_config_glue [-] ovn.vhost_sock_dir = /var/run/openvswitch {{(pid=106209) log_opt_values /opt/stack/data/venv/lib/python3.12/site-packages/oslo_config/cfg.py:3006}}
Apr 21 13:28:25.068818 np0000168700 neutron-periodic-workers[106209]: DEBUG cotyledon.oslo_config_glue [-] OVS.bridge_mac_table_size = 50000 {{(pid=106209) log_opt_values /opt/stack/data/venv/lib/python3.12/site-packages/oslo_config/cfg.py:3006}}
Apr 21 13:28:25.068866 np0000168700 neutron-periodic-workers[106209]: DEBUG cotyledon.oslo_config_glue [-] OVS.igmp_flood = False {{(pid=106209) log_opt_values /opt/stack/data/venv/lib/python3.12/site-packages/oslo_config/cfg.py:3006}}
Apr 21 13:28:25.068919 np0000168700 neutron-periodic-workers[106209]: DEBUG cotyledon.oslo_config_glue [-] OVS.igmp_flood_reports = True {{(pid=106209) log_opt_values /opt/stack/data/venv/lib/python3.12/site-packages/oslo_config/cfg.py:3006}}
Apr 21 13:28:25.069245 np0000168700 neutron-periodic-workers[106209]: DEBUG cotyledon.oslo_config_glue [-] OVS.igmp_flood_unregistered = False {{(pid=106209) log_opt_values /opt/stack/data/venv/lib/python3.12/site-packages/oslo_config/cfg.py:3006}}
Apr 21 13:28:25.069245 np0000168700 neutron-periodic-workers[106209]: DEBUG cotyledon.oslo_config_glue [-] OVS.igmp_snooping_enable = False {{(pid=106209) log_opt_values /opt/stack/data/venv/lib/python3.12/site-packages/oslo_config/cfg.py:3006}}
Apr 21 13:28:25.069245 np0000168700 neutron-periodic-workers[106209]: DEBUG cotyledon.oslo_config_glue [-] OVS.ovsdb_timeout = 10 {{(pid=106209) log_opt_values /opt/stack/data/venv/lib/python3.12/site-packages/oslo_config/cfg.py:3006}}
Apr 21 13:28:25.069245 np0000168700 neutron-periodic-workers[106209]: DEBUG cotyledon.oslo_config_glue [-] ovn_nb_global.fdb_removal_limit = 0 {{(pid=106209) log_opt_values /opt/stack/data/venv/lib/python3.12/site-packages/oslo_config/cfg.py:3006}}
Apr 21 13:28:25.069245 np0000168700 neutron-periodic-workers[106209]: DEBUG cotyledon.oslo_config_glue [-] ovn_nb_global.ignore_lsp_down = False {{(pid=106209) log_opt_values /opt/stack/data/venv/lib/python3.12/site-packages/oslo_config/cfg.py:3006}}
Apr 21 13:28:25.069245 np0000168700 neutron-periodic-workers[106209]: DEBUG cotyledon.oslo_config_glue [-] ovn_nb_global.mac_binding_removal_limit = 0 {{(pid=106209) log_opt_values /opt/stack/data/venv/lib/python3.12/site-packages/oslo_config/cfg.py:3006}}
Apr 21 13:28:25.069245 np0000168700 neutron-periodic-workers[106209]: DEBUG cotyledon.oslo_config_glue [-] ******************************************************************************** {{(pid=106209) log_opt_values /opt/stack/data/venv/lib/python3.12/site-packages/oslo_config/cfg.py:3013}}
Apr 21 13:28:25.069524 np0000168700 neutron-periodic-workers[106209]: DEBUG cotyledon._service_worker [-] Run service ServiceWrapper(0) [106209] {{(pid=106209) wait_forever /opt/stack/data/venv/lib/python3.12/site-packages/cotyledon/_service_worker.py:218}}
Apr 21 13:28:34.667021 np0000168700 neutron-periodic-workers[105404]: DEBUG dbcounter [-] [105404] Writing DB stats neutron:SELECT=4 {{(pid=105404) stat_writer /opt/stack/data/venv/lib/python3.12/site-packages/dbcounter.py:115}}
Apr 21 13:29:24.041506 np0000168700 neutron-periodic-workers[106187]: DEBUG oslo_db.sqlalchemy.engines [None req-eab600dd-4bdb-40a5-a7b1-2f07dca89947 None None] Parent process 105404 forked (106187) with an open database connection, which is being discarded and recreated. {{(pid=106187) checkout /opt/stack/data/venv/lib/python3.12/site-packages/oslo_db/sqlalchemy/engines.py:402}}
Apr 21 13:29:24.049375 np0000168700 neutron-periodic-workers[106187]: DEBUG dbcounter [-] [106187] Writer thread running {{(pid=106187) stat_writer /opt/stack/data/venv/lib/python3.12/site-packages/dbcounter.py:102}}
Apr 21 13:29:24.053422 np0000168700 neutron-periodic-workers[106187]: DEBUG neutron.db.agents_db [None req-eab600dd-4bdb-40a5-a7b1-2f07dca89947 None None] Agent healthcheck: found 0 active agents {{(pid=106187) agent_health_check /opt/stack/neutron/neutron/db/agents_db.py:317}}
Apr 21 13:29:24.053617 np0000168700 neutron-periodic-workers[106187]: DEBUG oslo.service.backend._threading.loopingcall [None req-eab600dd-4bdb-40a5-a7b1-2f07dca89947 None None] Fixed interval looping call 'neutron.plugins.ml2.plugin.AgentDbMixin.agent_health_check' sleeping for 36.98 seconds {{(pid=106187) _run_loop /opt/stack/data/venv/lib/python3.12/site-packages/oslo_service/backend/_threading/loopingcall.py:125}}
Apr 21 13:29:34.050095 np0000168700 neutron-periodic-workers[106187]: DEBUG dbcounter [-] [106187] Writing DB stats neutron:SELECT=1 {{(pid=106187) stat_writer /opt/stack/data/venv/lib/python3.12/site-packages/dbcounter.py:115}}
Apr 21 13:29:36.025983 np0000168700 neutron-periodic-workers[106181]: DEBUG dbcounter [-] [106181] Writer thread running {{(pid=106181) stat_writer /opt/stack/data/venv/lib/python3.12/site-packages/dbcounter.py:102}}
Apr 21 13:29:36.033857 np0000168700 neutron-periodic-workers[106181]: DEBUG oslo.service.backend._threading.loopingcall [None req-c53c1ebf-ef18-4ef3-96a1-2db60c35a430 None None] Fixed interval looping call 'neutron.plugins.ml2.plugin.DhcpAgentSchedulerDbMixin.remove_networks_from_down_agents' sleeping for 36.98 seconds {{(pid=106181) _run_loop /opt/stack/data/venv/lib/python3.12/site-packages/oslo_service/backend/_threading/loopingcall.py:125}}
Apr 21 13:29:46.035082 np0000168700 neutron-periodic-workers[106181]: DEBUG dbcounter [-] [106181] Writing DB stats neutron:SELECT=3 {{(pid=106181) stat_writer /opt/stack/data/venv/lib/python3.12/site-packages/dbcounter.py:115}}
Apr 21 13:30:01.038693 np0000168700 neutron-periodic-workers[106187]: DEBUG neutron.db.agents_db [None req-eab600dd-4bdb-40a5-a7b1-2f07dca89947 None None] Agent healthcheck: found 0 active agents {{(pid=106187) agent_health_check /opt/stack/neutron/neutron/db/agents_db.py:317}}
Apr 21 13:30:01.039651 np0000168700 neutron-periodic-workers[106187]: DEBUG oslo.service.backend._threading.loopingcall [None req-eab600dd-4bdb-40a5-a7b1-2f07dca89947 None None] Fixed interval looping call 'neutron.plugins.ml2.plugin.AgentDbMixin.agent_health_check' sleeping for 37.00 seconds {{(pid=106187) _run_loop /opt/stack/data/venv/lib/python3.12/site-packages/oslo_service/backend/_threading/loopingcall.py:125}}
Apr 21 13:30:11.038580 np0000168700 neutron-periodic-workers[106187]: DEBUG dbcounter [-] [106187] Writing DB stats neutron:SELECT=1 {{(pid=106187) stat_writer /opt/stack/data/venv/lib/python3.12/site-packages/dbcounter.py:115}}
Apr 21 13:30:13.022520 np0000168700 neutron-periodic-workers[106181]: DEBUG oslo.service.backend._threading.loopingcall [None req-c53c1ebf-ef18-4ef3-96a1-2db60c35a430 None None] Fixed interval looping call 'neutron.plugins.ml2.plugin.DhcpAgentSchedulerDbMixin.remove_networks_from_down_agents' sleeping for 36.99 seconds {{(pid=106181) _run_loop /opt/stack/data/venv/lib/python3.12/site-packages/oslo_service/backend/_threading/loopingcall.py:125}}
Apr 21 13:30:23.020707 np0000168700 neutron-periodic-workers[106181]: DEBUG dbcounter [-] [106181] Writing DB stats neutron:SELECT=3 {{(pid=106181) stat_writer /opt/stack/data/venv/lib/python3.12/site-packages/dbcounter.py:115}}
Apr 21 13:30:25.069074 np0000168700 neutron-periodic-workers[106197]: DEBUG dbcounter [-] [106197] Writer thread running {{(pid=106197) stat_writer /opt/stack/data/venv/lib/python3.12/site-packages/dbcounter.py:102}}
Apr 21 13:30:25.071908 np0000168700 neutron-periodic-workers[106197]: DEBUG oslo.service.backend._threading.loopingcall [None req-2f6bc4c9-8041-4324-9403-7e51b2340311 None None] Fixed interval looping call 'neutron.db.quota.driver_nolock.DbQuotaNoLockDriver._remove_expired_reservations' sleeping for 119.98 seconds {{(pid=106197) _run_loop /opt/stack/data/venv/lib/python3.12/site-packages/oslo_service/backend/_threading/loopingcall.py:125}}
Apr 21 13:30:35.070065 np0000168700 neutron-periodic-workers[106197]: DEBUG dbcounter [-] [106197] Writing DB stats neutron:DELETE=1 {{(pid=106197) stat_writer /opt/stack/data/venv/lib/python3.12/site-packages/dbcounter.py:115}}
Apr 21 13:30:38.043567 np0000168700 neutron-periodic-workers[106187]: DEBUG neutron.db.agents_db [None req-eab600dd-4bdb-40a5-a7b1-2f07dca89947 None None] Agent healthcheck: found 0 active agents {{(pid=106187) agent_health_check /opt/stack/neutron/neutron/db/agents_db.py:317}}
Apr 21 13:30:38.044098 np0000168700 neutron-periodic-workers[106187]: DEBUG oslo.service.backend._threading.loopingcall [None req-eab600dd-4bdb-40a5-a7b1-2f07dca89947 None None] Fixed interval looping call 'neutron.plugins.ml2.plugin.AgentDbMixin.agent_health_check' sleeping for 37.00 seconds {{(pid=106187) _run_loop /opt/stack/data/venv/lib/python3.12/site-packages/oslo_service/backend/_threading/loopingcall.py:125}}
Apr 21 13:30:48.042616 np0000168700 neutron-periodic-workers[106187]: DEBUG dbcounter [-] [106187] Writing DB stats neutron:SELECT=1 {{(pid=106187) stat_writer /opt/stack/data/venv/lib/python3.12/site-packages/dbcounter.py:115}}
Apr 21 13:30:50.023245 np0000168700 neutron-periodic-workers[106181]: DEBUG oslo.service.backend._threading.loopingcall [None req-c53c1ebf-ef18-4ef3-96a1-2db60c35a430 None None] Fixed interval looping call 'neutron.plugins.ml2.plugin.DhcpAgentSchedulerDbMixin.remove_networks_from_down_agents' sleeping for 36.99 seconds {{(pid=106181) _run_loop /opt/stack/data/venv/lib/python3.12/site-packages/oslo_service/backend/_threading/loopingcall.py:125}}
Apr 21 13:31:00.022449 np0000168700 neutron-periodic-workers[106181]: DEBUG dbcounter [-] [106181] Writing DB stats neutron:SELECT=3 {{(pid=106181) stat_writer /opt/stack/data/venv/lib/python3.12/site-packages/dbcounter.py:115}}
Apr 21 13:31:15.048780 np0000168700 neutron-periodic-workers[106187]: DEBUG neutron.db.agents_db [None req-eab600dd-4bdb-40a5-a7b1-2f07dca89947 None None] Agent healthcheck: found 0 active agents {{(pid=106187) agent_health_check /opt/stack/neutron/neutron/db/agents_db.py:317}}
Apr 21 13:31:15.049307 np0000168700 neutron-periodic-workers[106187]: DEBUG oslo.service.backend._threading.loopingcall [None req-eab600dd-4bdb-40a5-a7b1-2f07dca89947 None None] Fixed interval looping call 'neutron.plugins.ml2.plugin.AgentDbMixin.agent_health_check' sleeping for 37.00 seconds {{(pid=106187) _run_loop /opt/stack/data/venv/lib/python3.12/site-packages/oslo_service/backend/_threading/loopingcall.py:125}}
Apr 21 13:31:25.047391 np0000168700 neutron-periodic-workers[106187]: DEBUG dbcounter [-] [106187] Writing DB stats neutron:SELECT=1 {{(pid=106187) stat_writer /opt/stack/data/venv/lib/python3.12/site-packages/dbcounter.py:115}}
Apr 21 13:31:27.023040 np0000168700 neutron-periodic-workers[106181]: DEBUG oslo.service.backend._threading.loopingcall [None req-c53c1ebf-ef18-4ef3-96a1-2db60c35a430 None None] Fixed interval looping call 'neutron.plugins.ml2.plugin.DhcpAgentSchedulerDbMixin.remove_networks_from_down_agents' sleeping for 36.99 seconds {{(pid=106181) _run_loop /opt/stack/data/venv/lib/python3.12/site-packages/oslo_service/backend/_threading/loopingcall.py:125}}
Apr 21 13:31:35.106115 np0000168700 neutron-periodic-workers[106209]: DEBUG dbcounter [-] [106209] Writer thread running {{(pid=106209) stat_writer /opt/stack/data/venv/lib/python3.12/site-packages/dbcounter.py:102}}
Apr 21 13:31:35.116740 np0000168700 neutron-periodic-workers[106209]: DEBUG oslo.service.backend._threading.loopingcall [None req-8e775adb-2a0b-4df1-9114-8ad200b291b4 None None] Fixed interval looping call 'neutron.services.ovn_l3.plugin.L3_NAT_dbonly_mixin._clean_garbage' sleeping for 299.96 seconds {{(pid=106209) _run_loop /opt/stack/data/venv/lib/python3.12/site-packages/oslo_service/backend/_threading/loopingcall.py:125}}
Apr 21 13:31:37.021886 np0000168700 neutron-periodic-workers[106181]: DEBUG dbcounter [-] [106181] Writing DB stats neutron:SELECT=3 {{(pid=106181) stat_writer /opt/stack/data/venv/lib/python3.12/site-packages/dbcounter.py:115}}
Apr 21 13:31:45.106622 np0000168700 neutron-periodic-workers[106209]: DEBUG dbcounter [-] [106209] Writing DB stats neutron:SELECT=1 {{(pid=106209) stat_writer /opt/stack/data/venv/lib/python3.12/site-packages/dbcounter.py:115}}
Apr 21 13:31:52.054272 np0000168700 neutron-periodic-workers[106187]: DEBUG neutron.db.agents_db [None req-eab600dd-4bdb-40a5-a7b1-2f07dca89947 None None] Agent healthcheck: found 0 active agents {{(pid=106187) agent_health_check /opt/stack/neutron/neutron/db/agents_db.py:317}}
Apr 21 13:31:52.055123 np0000168700 neutron-periodic-workers[106187]: DEBUG oslo.service.backend._threading.loopingcall [None req-eab600dd-4bdb-40a5-a7b1-2f07dca89947 None None] Fixed interval looping call 'neutron.plugins.ml2.plugin.AgentDbMixin.agent_health_check' sleeping for 36.99 seconds {{(pid=106187) _run_loop /opt/stack/data/venv/lib/python3.12/site-packages/oslo_service/backend/_threading/loopingcall.py:125}}
Apr 21 13:32:02.052237 np0000168700 neutron-periodic-workers[106187]: DEBUG dbcounter [-] [106187] Writing DB stats neutron:SELECT=1 {{(pid=106187) stat_writer /opt/stack/data/venv/lib/python3.12/site-packages/dbcounter.py:115}}
Apr 21 13:32:04.019559 np0000168700 neutron-periodic-workers[106181]: DEBUG oslo.service.backend._threading.loopingcall [None req-c53c1ebf-ef18-4ef3-96a1-2db60c35a430 None None] Fixed interval looping call 'neutron.plugins.ml2.plugin.DhcpAgentSchedulerDbMixin.remove_networks_from_down_agents' sleeping for 36.99 seconds {{(pid=106181) _run_loop /opt/stack/data/venv/lib/python3.12/site-packages/oslo_service/backend/_threading/loopingcall.py:125}}
Apr 21 13:32:14.018303 np0000168700 neutron-periodic-workers[106181]: DEBUG dbcounter [-] [106181] Writing DB stats neutron:SELECT=3 {{(pid=106181) stat_writer /opt/stack/data/venv/lib/python3.12/site-packages/dbcounter.py:115}}
Apr 21 13:32:25.058089 np0000168700 neutron-periodic-workers[106197]: DEBUG oslo.service.backend._threading.loopingcall [None req-2f6bc4c9-8041-4324-9403-7e51b2340311 None None] Fixed interval looping call 'neutron.db.quota.driver_nolock.DbQuotaNoLockDriver._remove_expired_reservations' sleeping for 119.99 seconds {{(pid=106197) _run_loop /opt/stack/data/venv/lib/python3.12/site-packages/oslo_service/backend/_threading/loopingcall.py:125}}
Apr 21 13:32:29.049722 np0000168700 neutron-periodic-workers[106187]: DEBUG neutron.db.agents_db [None req-eab600dd-4bdb-40a5-a7b1-2f07dca89947 None None] Agent healthcheck: found 0 active agents {{(pid=106187) agent_health_check /opt/stack/neutron/neutron/db/agents_db.py:317}}
Apr 21 13:32:29.050328 np0000168700 neutron-periodic-workers[106187]: DEBUG oslo.service.backend._threading.loopingcall [None req-eab600dd-4bdb-40a5-a7b1-2f07dca89947 None None] Fixed interval looping call 'neutron.plugins.ml2.plugin.AgentDbMixin.agent_health_check' sleeping for 36.99 seconds {{(pid=106187) _run_loop /opt/stack/data/venv/lib/python3.12/site-packages/oslo_service/backend/_threading/loopingcall.py:125}}
Apr 21 13:32:35.056501 np0000168700 neutron-periodic-workers[106197]: DEBUG dbcounter [-] [106197] Writing DB stats neutron:DELETE=1 {{(pid=106197) stat_writer /opt/stack/data/venv/lib/python3.12/site-packages/dbcounter.py:115}}
Apr 21 13:32:39.048297 np0000168700 neutron-periodic-workers[106187]: DEBUG dbcounter [-] [106187] Writing DB stats neutron:SELECT=1 {{(pid=106187) stat_writer /opt/stack/data/venv/lib/python3.12/site-packages/dbcounter.py:115}}
Apr 21 13:32:41.019624 np0000168700 neutron-periodic-workers[106181]: DEBUG oslo.service.backend._threading.loopingcall [None req-c53c1ebf-ef18-4ef3-96a1-2db60c35a430 None None] Fixed interval looping call 'neutron.plugins.ml2.plugin.DhcpAgentSchedulerDbMixin.remove_networks_from_down_agents' sleeping for 36.99 seconds {{(pid=106181) _run_loop /opt/stack/data/venv/lib/python3.12/site-packages/oslo_service/backend/_threading/loopingcall.py:125}}
Apr 21 13:32:51.018128 np0000168700 neutron-periodic-workers[106181]: DEBUG dbcounter [-] [106181] Writing DB stats neutron:SELECT=3 {{(pid=106181) stat_writer /opt/stack/data/venv/lib/python3.12/site-packages/dbcounter.py:115}}
Apr 21 13:33:06.045535 np0000168700 neutron-periodic-workers[106187]: DEBUG neutron.db.agents_db [None req-eab600dd-4bdb-40a5-a7b1-2f07dca89947 None None] Agent healthcheck: found 0 active agents {{(pid=106187) agent_health_check /opt/stack/neutron/neutron/db/agents_db.py:317}}
Apr 21 13:33:06.046455 np0000168700 neutron-periodic-workers[106187]: DEBUG oslo.service.backend._threading.loopingcall [None req-eab600dd-4bdb-40a5-a7b1-2f07dca89947 None None] Fixed interval looping call 'neutron.plugins.ml2.plugin.AgentDbMixin.agent_health_check' sleeping for 36.99 seconds {{(pid=106187) _run_loop /opt/stack/data/venv/lib/python3.12/site-packages/oslo_service/backend/_threading/loopingcall.py:125}}
Apr 21 13:33:16.043681 np0000168700 neutron-periodic-workers[106187]: DEBUG dbcounter [-] [106187] Writing DB stats neutron:SELECT=1 {{(pid=106187) stat_writer /opt/stack/data/venv/lib/python3.12/site-packages/dbcounter.py:115}}
Apr 21 13:33:18.019792 np0000168700 neutron-periodic-workers[106181]: DEBUG oslo.service.backend._threading.loopingcall [None req-c53c1ebf-ef18-4ef3-96a1-2db60c35a430 None None] Fixed interval looping call 'neutron.plugins.ml2.plugin.DhcpAgentSchedulerDbMixin.remove_networks_from_down_agents' sleeping for 36.99 seconds {{(pid=106181) _run_loop /opt/stack/data/venv/lib/python3.12/site-packages/oslo_service/backend/_threading/loopingcall.py:125}}
Apr 21 13:33:28.018104 np0000168700 neutron-periodic-workers[106181]: DEBUG dbcounter [-] [106181] Writing DB stats neutron:SELECT=3 {{(pid=106181) stat_writer /opt/stack/data/venv/lib/python3.12/site-packages/dbcounter.py:115}}
Apr 21 13:33:43.041513 np0000168700 neutron-periodic-workers[106187]: DEBUG neutron.db.agents_db [None req-eab600dd-4bdb-40a5-a7b1-2f07dca89947 None None] Agent healthcheck: found 0 active agents {{(pid=106187) agent_health_check /opt/stack/neutron/neutron/db/agents_db.py:317}}
Apr 21 13:33:43.041513 np0000168700 neutron-periodic-workers[106187]: DEBUG oslo.service.backend._threading.loopingcall [None req-eab600dd-4bdb-40a5-a7b1-2f07dca89947 None None] Fixed interval looping call 'neutron.plugins.ml2.plugin.AgentDbMixin.agent_health_check' sleeping for 36.99 seconds {{(pid=106187) _run_loop /opt/stack/data/venv/lib/python3.12/site-packages/oslo_service/backend/_threading/loopingcall.py:125}}
Apr 21 13:33:53.039852 np0000168700 neutron-periodic-workers[106187]: DEBUG dbcounter [-] [106187] Writing DB stats neutron:SELECT=1 {{(pid=106187) stat_writer /opt/stack/data/venv/lib/python3.12/site-packages/dbcounter.py:115}}
Apr 21 13:33:55.021107 np0000168700 neutron-periodic-workers[106181]: DEBUG oslo.service.backend._threading.loopingcall [None req-c53c1ebf-ef18-4ef3-96a1-2db60c35a430 None None] Fixed interval looping call 'neutron.plugins.ml2.plugin.DhcpAgentSchedulerDbMixin.remove_networks_from_down_agents' sleeping for 36.99 seconds {{(pid=106181) _run_loop /opt/stack/data/venv/lib/python3.12/site-packages/oslo_service/backend/_threading/loopingcall.py:125}}
Apr 21 13:34:05.019839 np0000168700 neutron-periodic-workers[106181]: DEBUG dbcounter [-] [106181] Writing DB stats neutron:SELECT=3 {{(pid=106181) stat_writer /opt/stack/data/venv/lib/python3.12/site-packages/dbcounter.py:115}}
Apr 21 13:34:20.036972 np0000168700 neutron-periodic-workers[106187]: DEBUG neutron.db.agents_db [None req-eab600dd-4bdb-40a5-a7b1-2f07dca89947 None None] Agent healthcheck: found 0 active agents {{(pid=106187) agent_health_check /opt/stack/neutron/neutron/db/agents_db.py:317}}
Apr 21 13:34:20.037726 np0000168700 neutron-periodic-workers[106187]: DEBUG oslo.service.backend._threading.loopingcall [None req-eab600dd-4bdb-40a5-a7b1-2f07dca89947 None None] Fixed interval looping call 'neutron.plugins.ml2.plugin.AgentDbMixin.agent_health_check' sleeping for 36.99 seconds {{(pid=106187) _run_loop /opt/stack/data/venv/lib/python3.12/site-packages/oslo_service/backend/_threading/loopingcall.py:125}}
Apr 21 13:34:25.055330 np0000168700 neutron-periodic-workers[106197]: DEBUG oslo.service.backend._threading.loopingcall [None req-2f6bc4c9-8041-4324-9403-7e51b2340311 None None] Fixed interval looping call 'neutron.db.quota.driver_nolock.DbQuotaNoLockDriver._remove_expired_reservations' sleeping for 119.99 seconds {{(pid=106197) _run_loop /opt/stack/data/venv/lib/python3.12/site-packages/oslo_service/backend/_threading/loopingcall.py:125}}
Apr 21 13:34:30.035106 np0000168700 neutron-periodic-workers[106187]: DEBUG dbcounter [-] [106187] Writing DB stats neutron:SELECT=1 {{(pid=106187) stat_writer /opt/stack/data/venv/lib/python3.12/site-packages/dbcounter.py:115}}
Apr 21 13:34:32.019573 np0000168700 neutron-periodic-workers[106181]: DEBUG oslo.service.backend._threading.loopingcall [None req-c53c1ebf-ef18-4ef3-96a1-2db60c35a430 None None] Fixed interval looping call 'neutron.plugins.ml2.plugin.DhcpAgentSchedulerDbMixin.remove_networks_from_down_agents' sleeping for 36.99 seconds {{(pid=106181) _run_loop /opt/stack/data/venv/lib/python3.12/site-packages/oslo_service/backend/_threading/loopingcall.py:125}}
Apr 21 13:34:35.052496 np0000168700 neutron-periodic-workers[106197]: DEBUG dbcounter [-] [106197] Writing DB stats neutron:DELETE=1 {{(pid=106197) stat_writer /opt/stack/data/venv/lib/python3.12/site-packages/dbcounter.py:115}}
Apr 21 13:34:42.018826 np0000168700 neutron-periodic-workers[106181]: DEBUG dbcounter [-] [106181] Writing DB stats neutron:SELECT=3 {{(pid=106181) stat_writer /opt/stack/data/venv/lib/python3.12/site-packages/dbcounter.py:115}}
Apr 21 13:34:57.033027 np0000168700 neutron-periodic-workers[106187]: DEBUG neutron.db.agents_db [None req-eab600dd-4bdb-40a5-a7b1-2f07dca89947 None None] Agent healthcheck: found 0 active agents {{(pid=106187) agent_health_check /opt/stack/neutron/neutron/db/agents_db.py:317}}
Apr 21 13:34:57.033027 np0000168700 neutron-periodic-workers[106187]: DEBUG oslo.service.backend._threading.loopingcall [None req-eab600dd-4bdb-40a5-a7b1-2f07dca89947 None None] Fixed interval looping call 'neutron.plugins.ml2.plugin.AgentDbMixin.agent_health_check' sleeping for 36.99 seconds {{(pid=106187) _run_loop /opt/stack/data/venv/lib/python3.12/site-packages/oslo_service/backend/_threading/loopingcall.py:125}}
Apr 21 13:35:07.030816 np0000168700 neutron-periodic-workers[106187]: DEBUG dbcounter [-] [106187] Writing DB stats neutron:SELECT=1 {{(pid=106187) stat_writer /opt/stack/data/venv/lib/python3.12/site-packages/dbcounter.py:115}}
Apr 21 13:35:09.020051 np0000168700 neutron-periodic-workers[106181]: DEBUG oslo.service.backend._threading.loopingcall [None req-c53c1ebf-ef18-4ef3-96a1-2db60c35a430 None None] Fixed interval looping call 'neutron.plugins.ml2.plugin.DhcpAgentSchedulerDbMixin.remove_networks_from_down_agents' sleeping for 36.99 seconds {{(pid=106181) _run_loop /opt/stack/data/venv/lib/python3.12/site-packages/oslo_service/backend/_threading/loopingcall.py:125}}
Apr 21 13:35:19.018200 np0000168700 neutron-periodic-workers[106181]: DEBUG dbcounter [-] [106181] Writing DB stats neutron:SELECT=3 {{(pid=106181) stat_writer /opt/stack/data/venv/lib/python3.12/site-packages/dbcounter.py:115}}
Apr 21 13:35:34.029007 np0000168700 neutron-periodic-workers[106187]: DEBUG neutron.db.agents_db [None req-eab600dd-4bdb-40a5-a7b1-2f07dca89947 None None] Agent healthcheck: found 0 active agents {{(pid=106187) agent_health_check /opt/stack/neutron/neutron/db/agents_db.py:317}}
Apr 21 13:35:34.029007 np0000168700 neutron-periodic-workers[106187]: DEBUG oslo.service.backend._threading.loopingcall [None req-eab600dd-4bdb-40a5-a7b1-2f07dca89947 None None] Fixed interval looping call 'neutron.plugins.ml2.plugin.AgentDbMixin.agent_health_check' sleeping for 36.99 seconds {{(pid=106187) _run_loop /opt/stack/data/venv/lib/python3.12/site-packages/oslo_service/backend/_threading/loopingcall.py:125}}
Apr 21 13:35:44.026924 np0000168700 neutron-periodic-workers[106187]: DEBUG dbcounter [-] [106187] Writing DB stats neutron:SELECT=1 {{(pid=106187) stat_writer /opt/stack/data/venv/lib/python3.12/site-packages/dbcounter.py:115}}
Apr 21 13:35:46.019435 np0000168700 neutron-periodic-workers[106181]: DEBUG oslo.service.backend._threading.loopingcall [None req-c53c1ebf-ef18-4ef3-96a1-2db60c35a430 None None] Fixed interval looping call 'neutron.plugins.ml2.plugin.DhcpAgentSchedulerDbMixin.remove_networks_from_down_agents' sleeping for 36.99 seconds {{(pid=106181) _run_loop /opt/stack/data/venv/lib/python3.12/site-packages/oslo_service/backend/_threading/loopingcall.py:125}}
Apr 21 13:35:56.020914 np0000168700 neutron-periodic-workers[106181]: DEBUG dbcounter [-] [106181] Writing DB stats neutron:SELECT=3 {{(pid=106181) stat_writer /opt/stack/data/venv/lib/python3.12/site-packages/dbcounter.py:115}}
Apr 21 13:36:11.025058 np0000168700 neutron-periodic-workers[106187]: DEBUG neutron.db.agents_db [None req-eab600dd-4bdb-40a5-a7b1-2f07dca89947 None None] Agent healthcheck: found 0 active agents {{(pid=106187) agent_health_check /opt/stack/neutron/neutron/db/agents_db.py:317}}
Apr 21 13:36:11.025652 np0000168700 neutron-periodic-workers[106187]: DEBUG oslo.service.backend._threading.loopingcall [None req-eab600dd-4bdb-40a5-a7b1-2f07dca89947 None None] Fixed interval looping call 'neutron.plugins.ml2.plugin.AgentDbMixin.agent_health_check' sleeping for 36.99 seconds {{(pid=106187) _run_loop /opt/stack/data/venv/lib/python3.12/site-packages/oslo_service/backend/_threading/loopingcall.py:125}}
Apr 21 13:36:21.023048 np0000168700 neutron-periodic-workers[106187]: DEBUG dbcounter [-] [106187] Writing DB stats neutron:SELECT=1 {{(pid=106187) stat_writer /opt/stack/data/venv/lib/python3.12/site-packages/dbcounter.py:115}}
Apr 21 13:36:23.019008 np0000168700 neutron-periodic-workers[106181]: DEBUG oslo.service.backend._threading.loopingcall [None req-c53c1ebf-ef18-4ef3-96a1-2db60c35a430 None None] Fixed interval looping call 'neutron.plugins.ml2.plugin.DhcpAgentSchedulerDbMixin.remove_networks_from_down_agents' sleeping for 36.99 seconds {{(pid=106181) _run_loop /opt/stack/data/venv/lib/python3.12/site-packages/oslo_service/backend/_threading/loopingcall.py:125}}
Apr 21 13:36:25.050093 np0000168700 neutron-periodic-workers[106197]: DEBUG oslo.service.backend._threading.loopingcall [None req-2f6bc4c9-8041-4324-9403-7e51b2340311 None None] Fixed interval looping call 'neutron.db.quota.driver_nolock.DbQuotaNoLockDriver._remove_expired_reservations' sleeping for 120.00 seconds {{(pid=106197) _run_loop /opt/stack/data/venv/lib/python3.12/site-packages/oslo_service/backend/_threading/loopingcall.py:125}}
Apr 21 13:36:33.018945 np0000168700 neutron-periodic-workers[106181]: DEBUG dbcounter [-] [106181] Writing DB stats neutron:SELECT=3 {{(pid=106181) stat_writer /opt/stack/data/venv/lib/python3.12/site-packages/dbcounter.py:115}}
Apr 21 13:36:35.049063 np0000168700 neutron-periodic-workers[106197]: DEBUG dbcounter [-] [106197] Writing DB stats neutron:DELETE=1 {{(pid=106197) stat_writer /opt/stack/data/venv/lib/python3.12/site-packages/dbcounter.py:115}}
Apr 21 13:36:35.085512 np0000168700 neutron-periodic-workers[106209]: DEBUG oslo.service.backend._threading.loopingcall [None req-8e775adb-2a0b-4df1-9114-8ad200b291b4 None None] Fixed interval looping call 'neutron.services.ovn_l3.plugin.L3_NAT_dbonly_mixin._clean_garbage' sleeping for 299.99 seconds {{(pid=106209) _run_loop /opt/stack/data/venv/lib/python3.12/site-packages/oslo_service/backend/_threading/loopingcall.py:125}}
Apr 21 13:36:45.079178 np0000168700 neutron-periodic-workers[106209]: DEBUG dbcounter [-] [106209] Writing DB stats neutron:SELECT=1 {{(pid=106209) stat_writer /opt/stack/data/venv/lib/python3.12/site-packages/dbcounter.py:115}}
Apr 21 13:36:48.022724 np0000168700 neutron-periodic-workers[106187]: DEBUG neutron.db.agents_db [None req-eab600dd-4bdb-40a5-a7b1-2f07dca89947 None None] Agent healthcheck: found 0 active agents {{(pid=106187) agent_health_check /opt/stack/neutron/neutron/db/agents_db.py:317}}
Apr 21 13:36:48.023342 np0000168700 neutron-periodic-workers[106187]: DEBUG oslo.service.backend._threading.loopingcall [None req-eab600dd-4bdb-40a5-a7b1-2f07dca89947 None None] Fixed interval looping call 'neutron.plugins.ml2.plugin.AgentDbMixin.agent_health_check' sleeping for 36.99 seconds {{(pid=106187) _run_loop /opt/stack/data/venv/lib/python3.12/site-packages/oslo_service/backend/_threading/loopingcall.py:125}}
Apr 21 13:36:58.019493 np0000168700 neutron-periodic-workers[106187]: DEBUG dbcounter [-] [106187] Writing DB stats neutron:SELECT=1 {{(pid=106187) stat_writer /opt/stack/data/venv/lib/python3.12/site-packages/dbcounter.py:115}}
Apr 21 13:37:00.020901 np0000168700 neutron-periodic-workers[106181]: DEBUG oslo.service.backend._threading.loopingcall [None req-c53c1ebf-ef18-4ef3-96a1-2db60c35a430 None None] Fixed interval looping call 'neutron.plugins.ml2.plugin.DhcpAgentSchedulerDbMixin.remove_networks_from_down_agents' sleeping for 36.99 seconds {{(pid=106181) _run_loop /opt/stack/data/venv/lib/python3.12/site-packages/oslo_service/backend/_threading/loopingcall.py:125}}
Apr 21 13:37:10.018930 np0000168700 neutron-periodic-workers[106181]: DEBUG dbcounter [-] [106181] Writing DB stats neutron:SELECT=3 {{(pid=106181) stat_writer /opt/stack/data/venv/lib/python3.12/site-packages/dbcounter.py:115}}
Apr 21 13:37:25.019001 np0000168700 neutron-periodic-workers[106187]: DEBUG neutron.db.agents_db [None req-eab600dd-4bdb-40a5-a7b1-2f07dca89947 None None] Agent healthcheck: found 0 active agents {{(pid=106187) agent_health_check /opt/stack/neutron/neutron/db/agents_db.py:317}}
Apr 21 13:37:25.019845 np0000168700 neutron-periodic-workers[106187]: DEBUG oslo.service.backend._threading.loopingcall [None req-eab600dd-4bdb-40a5-a7b1-2f07dca89947 None None] Fixed interval looping call 'neutron.plugins.ml2.plugin.AgentDbMixin.agent_health_check' sleeping for 36.99 seconds {{(pid=106187) _run_loop /opt/stack/data/venv/lib/python3.12/site-packages/oslo_service/backend/_threading/loopingcall.py:125}}
Apr 21 13:37:35.017018 np0000168700 neutron-periodic-workers[106187]: DEBUG dbcounter [-] [106187] Writing DB stats neutron:SELECT=1 {{(pid=106187) stat_writer /opt/stack/data/venv/lib/python3.12/site-packages/dbcounter.py:115}}
Apr 21 13:37:37.020193 np0000168700 neutron-periodic-workers[106181]: DEBUG oslo.service.backend._threading.loopingcall [None req-c53c1ebf-ef18-4ef3-96a1-2db60c35a430 None None] Fixed interval looping call 'neutron.plugins.ml2.plugin.DhcpAgentSchedulerDbMixin.remove_networks_from_down_agents' sleeping for 36.99 seconds {{(pid=106181) _run_loop /opt/stack/data/venv/lib/python3.12/site-packages/oslo_service/backend/_threading/loopingcall.py:125}}
Apr 21 13:37:47.019386 np0000168700 neutron-periodic-workers[106181]: DEBUG dbcounter [-] [106181] Writing DB stats neutron:SELECT=3 {{(pid=106181) stat_writer /opt/stack/data/venv/lib/python3.12/site-packages/dbcounter.py:115}}
Apr 21 13:38:02.016308 np0000168700 neutron-periodic-workers[106187]: DEBUG neutron.db.agents_db [None req-eab600dd-4bdb-40a5-a7b1-2f07dca89947 None None] Agent healthcheck: found 0 active agents {{(pid=106187) agent_health_check /opt/stack/neutron/neutron/db/agents_db.py:317}}
Apr 21 13:38:02.017288 np0000168700 neutron-periodic-workers[106187]: DEBUG oslo.service.backend._threading.loopingcall [None req-eab600dd-4bdb-40a5-a7b1-2f07dca89947 None None] Fixed interval looping call 'neutron.plugins.ml2.plugin.AgentDbMixin.agent_health_check' sleeping for 36.99 seconds {{(pid=106187) _run_loop /opt/stack/data/venv/lib/python3.12/site-packages/oslo_service/backend/_threading/loopingcall.py:125}}
Apr 21 13:38:12.014270 np0000168700 neutron-periodic-workers[106187]: DEBUG dbcounter [-] [106187] Writing DB stats neutron:SELECT=1 {{(pid=106187) stat_writer /opt/stack/data/venv/lib/python3.12/site-packages/dbcounter.py:115}}
Apr 21 13:38:14.018428 np0000168700 neutron-periodic-workers[106181]: DEBUG oslo.service.backend._threading.loopingcall [None req-c53c1ebf-ef18-4ef3-96a1-2db60c35a430 None None] Fixed interval looping call 'neutron.plugins.ml2.plugin.DhcpAgentSchedulerDbMixin.remove_networks_from_down_agents' sleeping for 36.99 seconds {{(pid=106181) _run_loop /opt/stack/data/venv/lib/python3.12/site-packages/oslo_service/backend/_threading/loopingcall.py:125}}
